--
-- Host: 10googol.org    Database: googol_indexu
-- ------------------------------------------------------


--
-- Table structure for table `directory_save_data`
--

CREATE TABLE `directory_save_data` (
  `id` bigint(100) NOT NULL AUTO_INCREMENT,
  `schedule_id` bigint(100) NOT NULL,
  `project_id` bigint(100) NOT NULL,
  `link_id` bigint(100) NOT NULL,
  `confirm_link` text NOT NULL,
  `category_id` int(10) NOT NULL,
  `category_name` varchar(150) NOT NULL,
  PRIMARY KEY (`id`)
) ENGINE=InnoDB DEFAULT CHARSET=latin1;

--
-- Dumping data for table `directory_save_data`
--


--
-- Table structure for table `idx_admin_menu`
--

CREATE TABLE `idx_admin_menu` (
  `menu_id` int(11) NOT NULL AUTO_INCREMENT,
  `parent_id` int(11) DEFAULT NULL,
  `menu_title` varchar(255) DEFAULT NULL,
  `menu_url` varchar(255) DEFAULT NULL,
  `order_number` int(11) DEFAULT NULL,
  PRIMARY KEY (`menu_id`)
) ENGINE=MyISAM AUTO_INCREMENT=85 DEFAULT CHARSET=latin1;

--
-- Dumping data for table `idx_admin_menu`
--



--
-- Table structure for table `idx_bad_link`
--

CREATE TABLE `idx_bad_link` (
  `bad_link_id` mediumint(9) unsigned NOT NULL AUTO_INCREMENT,
  `link_id` mediumint(9) unsigned NOT NULL DEFAULT '0',
  `name` varchar(50) NOT NULL DEFAULT '',
  `email` varchar(50) NOT NULL DEFAULT '',
  `type` tinyint(3) unsigned NOT NULL DEFAULT '0',
  `date` date NOT NULL DEFAULT '0000-00-00',
  PRIMARY KEY (`bad_link_id`)
) ENGINE=MyISAM DEFAULT CHARSET=latin1;

--
-- Dumping data for table `idx_bad_link`
--


--
-- Table structure for table `idx_badwords`
--

CREATE TABLE `idx_badwords` (
  `word` varchar(100) NOT NULL DEFAULT ''
) ENGINE=MyISAM DEFAULT CHARSET=latin1;

--
-- Dumping data for table `idx_badwords`
--


--
-- Table structure for table `idx_blocked_domain`
--

CREATE TABLE `idx_blocked_domain` (
  `blocked_id` int(11) NOT NULL AUTO_INCREMENT,
  `blocked` varchar(255) DEFAULT NULL,
  `type` enum('domain','ip') DEFAULT NULL,
  PRIMARY KEY (`blocked_id`)
) ENGINE=MyISAM AUTO_INCREMENT=6 DEFAULT CHARSET=latin1;

--
-- Dumping data for table `idx_blocked_domain`
--

INSERT INTO `idx_blocked_domain` VALUES (1,'buydomains.com','domain'),(2,'this-domain-for-sale.com ','domain'),(3,'oversee.net','domain'),(4,'eNom','domain'),(5,'sedoparking.com','domain');

--
-- Table structure for table `idx_category`
--

CREATE TABLE `idx_category` (
  `category_id` mediumint(9) unsigned NOT NULL AUTO_INCREMENT,
  `parent_id` mediumint(9) unsigned NOT NULL DEFAULT '0',
  `name` varchar(100) NOT NULL DEFAULT '',
  `description` text NOT NULL,
  `image` varchar(100) DEFAULT NULL,
  `content` text,
  `visible` char(1) DEFAULT NULL,
  `links` mediumint(9) DEFAULT NULL,
  `meta_keyword` text,
  `meta_description` text,
  `permission` char(2) DEFAULT NULL,
  `registered_only` char(1) DEFAULT NULL,
  `header` text NOT NULL,
  `footer` text NOT NULL,
  `related` mediumint(6) NOT NULL DEFAULT '0',
  `page_title` varchar(200) NOT NULL DEFAULT '',
  `hits` int(11) NOT NULL DEFAULT '0',
  `order_num` smallint(6) NOT NULL DEFAULT '0',
  `basic_price` double unsigned NOT NULL DEFAULT '0',
  `premium_price` double unsigned NOT NULL DEFAULT '0',
  `sponsored_price` double unsigned NOT NULL DEFAULT '0',
  PRIMARY KEY (`category_id`)
) ENGINE=MyISAM AUTO_INCREMENT=36 DEFAULT CHARSET=latin1;

--
-- Dumping data for table `idx_category`
--

INSERT INTO `idx_category` VALUES (1,0,'Arts & Entertainment','','folder.gif','','1',24,'','','0','0','','',0,'',1,0,0,0,0),(2,0,'Automotive','','folder.gif','','1',50,'','','0','0','','',0,'',0,0,0,0,0),(3,0,'Business','','folder.gif','','1',184,'','','0','0','','',0,'',0,0,0,0,0),(4,0,'Careers & Jobs','','folder.gif','','1',2,'','','0','0','','',0,'',0,0,0,0,0),(5,0,'Clothing','','folder.gif','','1',15,'','','0','0','','',0,'',0,0,0,0,0),(6,0,'Communications','','folder.gif','','1',19,'','','0','0','','',0,'',0,0,0,0,0),(7,0,'Computer & Internet','','folder.gif','','1',33,'','','0','0','','',0,'',0,0,0,0,0),(8,0,'Construction and Maintenance','','folder.gif','','1',91,'','','0','0','','',0,'',0,0,0,0,0),(9,0,'Dental','','folder.gif','','1',71,'','','0','0','','',0,'',0,0,0,0,0),(10,0,'Education','','folder.gif','','1',32,'','','0','0','','',0,'',0,0,0,0,0),(11,0,'Employment','','folder.gif','','1',0,'','','0','0','','',0,'',0,0,0,0,0),(12,0,'Gifts','','folder.gif','','1',22,'','','0','0','','',0,'',0,0,0,0,0),(13,0,'Hardware & Software','','folder.gif','','1',13,'','','0','0','','',0,'',0,0,0,0,0),(14,0,'Health & fitness','','folder.gif','','1',62,'','','0','0','','',0,'',0,0,0,0,0),(15,0,'Healthcare','','folder.gif','','1',159,'','','0','0','','',0,'',0,0,0,0,0),(16,0,'Heating and Air Conditioning','','folder.gif','','1',86,'','','0','0','','',0,'',0,0,0,0,0),(17,0,'Home & Garden','','folder.gif','','1',247,'','','0','0','','',0,'',0,0,0,0,0),(18,0,'Home Improvement Services','','folder.gif','','1',92,'','','0','0','','',0,'',0,0,0,0,0),(19,0,'Hotels & Resorts','','folder.gif','','1',70,'','','0','0','','',0,'',0,0,0,0,0),(20,0,'Insurance Services','','folder.gif','','1',33,'','','0','0','','',0,'',0,0,0,0,0),(21,0,'Law Services','','folder.gif','','1',3,'','','0','0','','',0,'',0,0,0,0,0),(22,0,'Lawyers and Law Firms','','folder.gif','','1',219,'','','0','0','','',0,'',0,0,0,0,0),(23,0,'Lifestyle & People','','folder.gif','','1',7,'','','0','0','','',0,'',0,0,0,0,0),(24,0,'Medicine  Facilities','','folder.gif','','1',14,'','','0','0','','',0,'',0,0,0,0,0),(25,0,'Financial Services','','folder.gif','','1',25,'','','0','0','','',0,'',0,0,0,0,0),(26,0,'News','','folder.gif','','1',2,'','','0','0','','',0,'',0,0,0,0,0),(27,0,'Plumbing & Plumbers','','folder.gif','','1',44,'','','0','0','','',0,'',0,0,0,0,0),(28,0,'Real Estate Services','','folder.gif','','1',43,'','','0','0','','',0,'',0,0,0,0,0),(29,0,'Technology & Science','','folder.gif','','1',16,'','','0','0','','',0,'',0,0,0,0,0),(30,0,'SEO Services','','folder.gif','','1',26,'','','0','0','','',0,'',0,0,0,0,0),(31,0,'Shopping and Fashion','','folder.gif','','1',80,'','','0','0','','',0,'',0,0,0,0,0),(32,0,'Games & Sports','','folder.gif','','1',10,'','','0','0','','',0,'',0,0,0,0,0),(33,0,'Transport & Freight Forwarding','','folder.gif','','1',60,'','','0','0','','',0,'',0,0,0,0,0),(34,0,'Travel & Vacations','','folder.gif','','1',27,'','','0','0','','',0,'',0,0,0,0,0),(35,0,'Wedding Accessories','','folder.gif','','1',12,'','','0','0','','',0,'',0,0,0,0,0);

--
-- Table structure for table `idx_category_path`
--

CREATE TABLE `idx_category_path` (
  `category_id` mediumint(9) NOT NULL DEFAULT '0',
  `path` text,
  `path_with_url` text,
  `parents` text,
  PRIMARY KEY (`category_id`)
) ENGINE=MyISAM DEFAULT CHARSET=latin1;

--
-- Dumping data for table `idx_category_path`
--

INSERT INTO `idx_category_path` VALUES (1,'Arts & Entertainment','<a href=\"http://10googol.org/arts-entertainment/\" name=\"cat_1\" style=\"\">Arts & Entertainment</a>',';0;'),(2,'Automotive','<a href=\"http://10googol.org/automotive/\" name=\"cat_2\" style=\"\">Automotive</a>',';0;'),(3,'Business','<a href=\"http://10googol.org/business/\" name=\"cat_3\" style=\"\">Business</a>',';0;'),(4,'Careers & Jobs','<a href=\"http://10googol.org/careers-jobs/\" name=\"cat_4\" style=\"\">Careers & Jobs</a>',';0;'),(5,'Clothing','<a href=\"http://10googol.org/clothing/\" name=\"cat_5\" style=\"\">Clothing</a>',';0;'),(6,'Communications','<a href=\"http://10googol.org/communications/\" name=\"cat_6\" style=\"\">Communications</a>',';0;'),(7,'Computer & Internet','<a href=\"http://10googol.org/computer-internet/\" name=\"cat_7\" style=\"\">Computer & Internet</a>',';0;'),(8,'Construction and Maintenance','<a href=\"http://10googol.org/construction-and-maintenance/\" name=\"cat_8\" style=\"\">Construction and Maintenance</a>',';0;'),(9,'Dental','<a href=\"http://10googol.org/dental/\" name=\"cat_9\" style=\"\">Dental</a>',';0;'),(10,'Education','<a href=\"http://10googol.org/education/\" name=\"cat_10\" style=\"\">Education</a>',';0;'),(11,'Employment','<a href=\"http://10googol.org/employment/\" name=\"cat_11\" style=\"\">Employment</a>',';0;'),(12,'Gifts','<a href=\"http://10googol.org/gifts/\" name=\"cat_12\" style=\"\">Gifts</a>',';0;'),(13,'Hardware & Software','<a href=\"http://10googol.org/hardware-software/\" name=\"cat_13\" style=\"\">Hardware & Software</a>',';0;'),(14,'Health & fitness','<a href=\"http://10googol.org/health-fitness/\" name=\"cat_14\" style=\"\">Health & fitness</a>',';0;'),(15,'Healthcare','<a href=\"http://10googol.org/healthcare/\" name=\"cat_15\" style=\"\">Healthcare</a>',';0;'),(16,'Heating and Air Conditioning','<a href=\"http://10googol.org/heating-and-air-conditioning/\" name=\"cat_16\" style=\"\">Heating and Air Conditioning</a>',';0;'),(17,'Home & Garden','<a href=\"http://10googol.org/home-garden/\" name=\"cat_17\" style=\"\">Home & Garden</a>',';0;'),(18,'Home Improvement Services','<a href=\"http://10googol.org/home-improvement-services/\" name=\"cat_18\" style=\"\">Home Improvement Services</a>',';0;'),(19,'Hotels & Resorts','<a href=\"http://10googol.org/hotels-resorts/\" name=\"cat_19\" style=\"\">Hotels & Resorts</a>',';0;'),(20,'Insurance Services','<a href=\"http://10googol.org/insurance-services/\" name=\"cat_20\" style=\"\">Insurance Services</a>',';0;'),(21,'Law Services','<a href=\"http://10googol.org/law-services/\" name=\"cat_21\" style=\"\">Law Services</a>',';0;'),(22,'Lawyers and Law Firms','<a href=\"http://10googol.org/lawyers-and-law-firms/\" name=\"cat_22\" style=\"\">Lawyers and Law Firms</a>',';0;'),(23,'Lifestyle & People','<a href=\"http://10googol.org/lifestyle-people/\" name=\"cat_23\" style=\"\">Lifestyle & People</a>',';0;'),(24,'Medicine  Facilities','<a href=\"http://10googol.org/medicine-facilities/\" name=\"cat_24\" style=\"\">Medicine  Facilities</a>',';0;'),(25,'Financial Services','<a href=\"http://10googol.org/financial-services/\" name=\"cat_25\" style=\"\">Financial Services</a>',';0;'),(26,'News','<a href=\"http://10googol.org/news/\" name=\"cat_26\" style=\"\">News</a>',';0;'),(27,'Plumbing & Plumbers','<a href=\"http://10googol.org/plumbing-plumbers/\" name=\"cat_27\" style=\"\">Plumbing & Plumbers</a>',';0;'),(28,'Real Estate Services','<a href=\"http://10googol.org/real-estate-services/\" name=\"cat_28\" style=\"\">Real Estate Services</a>',';0;'),(29,'Technology & Science','<a href=\"http://10googol.org/technology-science/\" name=\"cat_29\" style=\"\">Technology & Science</a>',';0;'),(30,'SEO Services','<a href=\"http://10googol.org/seo-services/\" name=\"cat_30\" style=\"\">SEO Services</a>',';0;'),(31,'Shopping and Fashion','<a href=\"http://10googol.org/shopping-and-fashion/\" name=\"cat_31\" style=\"\">Shopping and Fashion</a>',';0;'),(32,'Games & Sports','<a href=\"http://10googol.org/games-sports/\" name=\"cat_32\" style=\"\">Games & Sports</a>',';0;'),(33,'Transport & Freight Forwarding','<a href=\"http://10googol.org/transport-freight-forwarding/\" name=\"cat_33\" style=\"\">Transport & Freight Forwarding</a>',';0;'),(34,'Travel & Vacations','<a href=\"http://10googol.org/travel-vacations/\" name=\"cat_34\" style=\"\">Travel & Vacations</a>',';0;'),(35,'Wedding Accessories','<a href=\"http://10googol.org/wedding-accessories/\" name=\"cat_35\" style=\"\">Wedding Accessories</a>',';0;');

--
-- Table structure for table `idx_category_suggession`
--

CREATE TABLE `idx_category_suggession` (
  `id_cat_suggession` int(11) NOT NULL AUTO_INCREMENT,
  `parent_id` int(11) DEFAULT NULL,
  `name` varchar(255) DEFAULT NULL,
  `category_description` text,
  `date` datetime DEFAULT NULL,
  PRIMARY KEY (`id_cat_suggession`)
) ENGINE=MyISAM AUTO_INCREMENT=5 DEFAULT CHARSET=latin1;

--
-- Dumping data for table `idx_category_suggession`
--

INSERT INTO `idx_category_suggession` VALUES (1,28,'Residential','Residential Real Estate Services','2012-01-09 17:57:17'),(2,33,'Taxi LA On Time  taxi services','East la on time is a Taxi la service which we offer for all citizens of East Los Angeles. This Taxi la company has been around for many years and always trying to please all members.\r\n\r\nhttp://taxilaontime.com/','2012-02-01 14:10:14'),(3,12,'Cool Gadgets, Latest Gadgets','HitPlay Devices Pvt. Ltd - Get the latest cool gadgets and technology avaliable at one click. To buy Innovative latest gadgets online at afforable price,visit www.hitplay.in.\r\n','2012-03-07 00:52:35'),(4,12,'Cool Gadgets, Latest Gadgets','HitPlay Devices Pvt. Ltd - Get the latest cool gadgets and technology avaliable at one click. To buy Innovative latest gadgets online at afforable price,visit www.hitplay.in.\r\n','2012-03-07 01:37:31');

--
-- Table structure for table `idx_checkurl`
--

CREATE TABLE `idx_checkurl` (
  `link_id` mediumint(9) NOT NULL DEFAULT '0',
  `date` date NOT NULL DEFAULT '0000-00-00',
  `live` char(1) NOT NULL DEFAULT '',
  `reciprocal_found` char(1) NOT NULL DEFAULT '',
  PRIMARY KEY (`link_id`)
) ENGINE=MyISAM DEFAULT CHARSET=latin1;

--
-- Dumping data for table `idx_checkurl`
--


--
-- Table structure for table `idx_cronjobs`
--

CREATE TABLE `idx_cronjobs` (
  `cronjobs_id` int(11) NOT NULL AUTO_INCREMENT,
  `cronjobs_name` varchar(255) DEFAULT NULL,
  `filename` varchar(255) NOT NULL,
  `schedule` varchar(255) NOT NULL,
  `time` datetime NOT NULL,
  `execution` varchar(1) NOT NULL,
  PRIMARY KEY (`cronjobs_id`)
) ENGINE=MyISAM AUTO_INCREMENT=4 DEFAULT CHARSET=latin1;

--
-- Dumping data for table `idx_cronjobs`
--

INSERT INTO `idx_cronjobs` VALUES (1,NULL,'clear_templates_c.php','1,*,*,*,*','0000-00-00 00:00:00',''),(2,NULL,'update_tag_cloud.php','*,24,*,*,*','0000-00-00 00:00:00',''),(3,NULL,'clear_rss_cache.php','*,24,*,*,*','0000-00-00 00:00:00','');

--
-- Table structure for table `idx_custom_field`
--

CREATE TABLE `idx_custom_field` (
  `field_name` varchar(32) NOT NULL DEFAULT '',
  `field_text` varchar(64) NOT NULL DEFAULT '',
  `field_type` enum('TEXT','TEXTAREA','SELECT','MULTISELECT','CHECKBOX','RADIO','FILE','IMAGE','DATE','DATETIME','RICHEDITOR') NOT NULL DEFAULT 'TEXT',
  `field_option` text NOT NULL,
  `field_img_width` int(10) unsigned NOT NULL DEFAULT '0',
  `field_img_height` int(10) unsigned NOT NULL DEFAULT '0',
  `field_file_size` int(10) unsigned NOT NULL DEFAULT '0',
  `field_file_extension` varchar(64) NOT NULL DEFAULT '',
  `required` char(1) NOT NULL DEFAULT '0',
  `searchable` char(1) NOT NULL DEFAULT '1',
  `permission` char(1) NOT NULL DEFAULT '0'
) ENGINE=MyISAM DEFAULT CHARSET=latin1;

--
-- Dumping data for table `idx_custom_field`
--

INSERT INTO `idx_custom_field` VALUES ('image','Image','IMAGE','',0,0,0,'','0','0','2'),('address','Address','TEXT','',0,0,0,'','0','0','0'),('city','City','TEXT','',0,0,0,'','0','0','0'),('state','State','TEXT','',0,0,0,'','0','0','0'),('country','Country','TEXT','',0,0,0,'','0','0','0'),('zip','Zip','TEXT','',0,0,0,'','0','0','0'),('phone','Phone','TEXT','',0,0,0,'','0','0','0'),('fax','Fax','TEXT','',0,0,0,'','0','0','0');

--
-- Table structure for table `idx_default_field`
--

CREATE TABLE `idx_default_field` (
  `field_name` varchar(64) NOT NULL,
  `required` char(1) NOT NULL,
  `visible` char(1) NOT NULL DEFAULT '1',
  `searchable` char(1) NOT NULL DEFAULT '1'
) ENGINE=MyISAM DEFAULT CHARSET=latin1;

--
-- Dumping data for table `idx_default_field`
--

INSERT INTO `idx_default_field` VALUES ('title','1','1','1'),('url','1','1','1'),('description','1','1','1'),('keywords','1','1','0'),('contact_name','1','1','1'),('email','1','1','1'),('reciprocal_url','0','0','1');

--
-- Table structure for table `idx_discount_coupon`
--

CREATE TABLE `idx_discount_coupon` (
  `coupon_id` int(11) NOT NULL AUTO_INCREMENT,
  `coupon_code` varchar(255) DEFAULT NULL,
  `coupon_value` varchar(50) DEFAULT NULL,
  `link_type` varchar(255) DEFAULT NULL,
  `start_date` date DEFAULT NULL,
  `expired_date` date DEFAULT NULL,
  `expired_usage` int(11) DEFAULT NULL,
  `usage_count` int(11) DEFAULT NULL,
  PRIMARY KEY (`coupon_id`)
) ENGINE=MyISAM DEFAULT CHARSET=latin1;

--
-- Dumping data for table `idx_discount_coupon`
--


--
-- Table structure for table `idx_editor`
--

CREATE TABLE `idx_editor` (
  `username` varchar(20) DEFAULT NULL,
  `category_id` mediumint(9) DEFAULT NULL,
  `category` char(1) DEFAULT NULL,
  `link` char(1) DEFAULT NULL,
  `review` char(1) DEFAULT NULL,
  `pick` char(1) DEFAULT NULL,
  `status` char(1) DEFAULT NULL,
  `date` date DEFAULT NULL
) ENGINE=MyISAM DEFAULT CHARSET=latin1;

--
-- Dumping data for table `idx_editor`
--


--
-- Table structure for table `idx_email_template`
--

CREATE TABLE `idx_email_template` (
  `email_template_id` int(10) unsigned NOT NULL AUTO_INCREMENT,
  `name` varchar(255) DEFAULT NULL,
  `subject` varchar(255) DEFAULT NULL,
  `body` text,
  `altbody` text,
  PRIMARY KEY (`email_template_id`)
) ENGINE=MyISAM AUTO_INCREMENT=37 DEFAULT CHARSET=latin1;

--
-- Dumping data for table `idx_email_template`
--



--
-- Table structure for table `idx_favorites`
--

CREATE TABLE `idx_favorites` (
  `favorite_id` int(11) NOT NULL AUTO_INCREMENT,
  `username` varchar(20) DEFAULT NULL,
  `date` date DEFAULT NULL,
  `title` varchar(100) DEFAULT NULL,
  `description` text,
  PRIMARY KEY (`favorite_id`)
) ENGINE=MyISAM AUTO_INCREMENT=7 DEFAULT CHARSET=latin1;

--
-- Dumping data for table `idx_favorites`
--

INSERT INTO `idx_favorites` VALUES (1,'francevisa','2011-10-04','My Favorites',NULL),(2,'noelgiuseppew82t54','2011-10-18','My Favorites',NULL),(3,'alvakerryj81u29','2011-10-19','My Favorites',NULL),(4,'heathkaseym28j95','2011-10-31','My Favorites',NULL),(5,'warnerjarods27a36','2011-11-02','My Favorites',NULL),(6,'slouannterryi','2011-12-07','My Favorites',NULL);

--
-- Table structure for table `idx_favorites_detail`
--

CREATE TABLE `idx_favorites_detail` (
  `favorite_id` int(11) DEFAULT NULL,
  `link_id` mediumint(9) DEFAULT NULL
) ENGINE=MyISAM DEFAULT CHARSET=latin1;

--
-- Dumping data for table `idx_favorites_detail`
--


--
-- Table structure for table `idx_hook_place`
--

CREATE TABLE `idx_hook_place` (
  `hook_place_id` int(11) NOT NULL AUTO_INCREMENT,
  `filename` varchar(255) DEFAULT NULL,
  `hookname` varchar(255) DEFAULT NULL,
  PRIMARY KEY (`hook_place_id`)
) ENGINE=MyISAM DEFAULT CHARSET=latin1;

--
-- Dumping data for table `idx_hook_place`
--


--
-- Table structure for table `idx_invoice`
--

CREATE TABLE `idx_invoice` (
  `invoice_id` varchar(10) NOT NULL DEFAULT '',
  `invoice_date` date DEFAULT NULL,
  `due_date` date DEFAULT NULL,
  `invoiced_to` text,
  `service` varchar(255) DEFAULT NULL,
  `description` text,
  `total` double(8,2) DEFAULT NULL,
  `comment` text,
  `paid` char(1) DEFAULT NULL,
  `paid_date` date DEFAULT NULL,
  `email` varchar(255) DEFAULT NULL,
  PRIMARY KEY (`invoice_id`)
) ENGINE=MyISAM DEFAULT CHARSET=latin1;

--
-- Dumping data for table `idx_invoice`
--


--
-- Table structure for table `idx_invoice_config`
--

CREATE TABLE `idx_invoice_config` (
  `company` varchar(255) DEFAULT NULL,
  `contact` varchar(255) DEFAULT NULL,
  `address` text,
  `phone` varchar(255) DEFAULT NULL,
  `email` varchar(255) DEFAULT NULL,
  `currency_symbol` varchar(255) DEFAULT '$',
  `currency_code` varchar(255) DEFAULT 'USD'
) ENGINE=MyISAM DEFAULT CHARSET=latin1;

--
-- Dumping data for table `idx_invoice_config`
--

INSERT INTO `idx_invoice_config` VALUES ('Your website / Company','Billing Department','Your address','Your phone #','Billing<name@yourdomain.com>','$','USD');

--
-- Table structure for table `idx_link_temp`
--

CREATE TABLE `idx_link_temp` (
  `vid` mediumint(9) unsigned NOT NULL AUTO_INCREMENT,
  `spam` char(1) NOT NULL DEFAULT '0',
  `link_id` mediumint(9) DEFAULT NULL,
  `category_id` mediumint(9) unsigned NOT NULL DEFAULT '0',
  `title` varchar(100) NOT NULL DEFAULT '',
  `url` text NOT NULL,
  `description` text NOT NULL,
  `contact_name` varchar(100) NOT NULL DEFAULT '',
  `email` varchar(100) NOT NULL DEFAULT '',
  `hits` mediumint(9) DEFAULT NULL,
  `votes` smallint(6) DEFAULT NULL,
  `rating` float(4,2) DEFAULT NULL,
  `date` datetime NOT NULL DEFAULT '0000-00-00 00:00:00',
  `bid` smallint(6) NOT NULL DEFAULT '0',
  `new` char(1) DEFAULT NULL,
  `hot` char(1) DEFAULT NULL,
  `top_rated` char(1) DEFAULT NULL,
  `pick` char(1) DEFAULT NULL,
  `password` varchar(20) DEFAULT NULL,
  `updated` char(1) DEFAULT NULL,
  `reviews` smallint(6) DEFAULT NULL,
  `avg_review` float(4,2) DEFAULT NULL,
  `last_updated` datetime DEFAULT NULL,
  `official_review` text,
  `keywords` varchar(255) DEFAULT NULL,
  `cat1` mediumint(6) NOT NULL DEFAULT '0',
  `cat2` mediumint(6) NOT NULL DEFAULT '0',
  `suspended` char(1) NOT NULL DEFAULT '0',
  `reciprocal_url` varchar(255) DEFAULT NULL,
  `address` varchar(255) DEFAULT NULL,
  `city` varchar(255) DEFAULT NULL,
  `state` varchar(255) DEFAULT NULL,
  `country` varchar(255) DEFAULT NULL,
  `zip` varchar(255) DEFAULT NULL,
  `image` varchar(255) DEFAULT NULL,
  `phone` varchar(255) DEFAULT NULL,
  `fax` varchar(255) DEFAULT NULL,
  PRIMARY KEY (`vid`)
) ENGINE=MyISAM DEFAULT CHARSET=latin1;

--
-- Dumping data for table `idx_link_temp`
--


--
-- Table structure for table `idx_link_temp_user`
--

CREATE TABLE `idx_link_temp_user` (
  `vid` mediumint(9) unsigned NOT NULL DEFAULT '0',
  `username` varchar(20) NOT NULL DEFAULT '',
  PRIMARY KEY (`vid`)
) ENGINE=MyISAM DEFAULT CHARSET=latin1;

--
-- Dumping data for table `idx_link_temp_user`
--


--
-- Table structure for table `idx_link_user`
--

CREATE TABLE `idx_link_user` (
  `link_id` mediumint(9) unsigned NOT NULL DEFAULT '0',
  `username` varchar(20) NOT NULL DEFAULT '',
  PRIMARY KEY (`link_id`)
) ENGINE=MyISAM DEFAULT CHARSET=latin1;

--
-- Dumping data for table `idx_link_user`
--

INSERT INTO `idx_link_user` VALUES (4433,'francevisa');

--
-- Table structure for table `idx_mailing_list`
--

CREATE TABLE `idx_mailing_list` (
  `email` varchar(50) NOT NULL DEFAULT '',
  `code` varchar(4) DEFAULT NULL,
  `status` char(1) DEFAULT NULL,
  PRIMARY KEY (`email`)
) ENGINE=MyISAM DEFAULT CHARSET=latin1;

--
-- Dumping data for table `idx_mailing_list`
--


--
-- Table structure for table `idx_message`
--

CREATE TABLE `idx_message` (
  `message_id` smallint(6) NOT NULL AUTO_INCREMENT,
  `date` date DEFAULT NULL,
  `body` text,
  `subject` varchar(100) DEFAULT NULL,
  PRIMARY KEY (`message_id`)
) ENGINE=MyISAM DEFAULT CHARSET=latin1;

--
-- Dumping data for table `idx_message`
--


--
-- Table structure for table `idx_notification`
--

CREATE TABLE `idx_notification` (
  `username` varchar(20) NOT NULL DEFAULT '',
  `category_id` mediumint(9) NOT NULL DEFAULT '0'
) ENGINE=MyISAM DEFAULT CHARSET=latin1;

--
-- Dumping data for table `idx_notification`
--

INSERT INTO `idx_notification` VALUES ('admin',1);

--
-- Table structure for table `idx_pagerank`
--

CREATE TABLE `idx_pagerank` (
  `link_id` mediumint(8) unsigned NOT NULL DEFAULT '0',
  `engine` char(1) NOT NULL DEFAULT '',
  `rank` tinyint(4) NOT NULL DEFAULT '0',
  `last_update` date NOT NULL DEFAULT '0000-00-00',
  PRIMARY KEY (`link_id`,`engine`)
) ENGINE=MyISAM DEFAULT CHARSET=latin1;

--
-- Dumping data for table `idx_pagerank`
--

INSERT INTO `idx_pagerank` VALUES (65,'g',0,'2011-10-08'),(29,'g',0,'2012-01-29'),(34,'g',0,'2011-10-08'),(15,'g',0,'2011-10-15'),(61,'g',0,'2011-10-17'),(48,'g',0,'2011-10-08'),(52,'g',0,'2011-10-14'),(44,'g',0,'2011-10-08'),(57,'g',0,'2011-10-12'),(19,'g',0,'2012-01-29'),(895,'g',0,'2011-12-26'),(36,'g',0,'2012-02-23'),(31,'g',0,'2012-02-14'),(372,'g',0,'2011-12-26'),(714,'g',0,'2012-03-04'),(1851,'g',1,'2011-09-13'),(1860,'g',2,'2011-09-13'),(4,'g',1,'2011-09-14'),(91,'g',2,'2011-09-14'),(81,'g',2,'2011-09-14'),(76,'g',2,'2011-09-14'),(111,'g',2,'2011-09-14'),(116,'g',2,'2011-09-14'),(106,'g',2,'2011-09-14'),(101,'g',2,'2011-09-14'),(5,'g',1,'2011-09-14'),(894,'g',0,'2012-02-04'),(245,'g',0,'2012-02-03'),(373,'g',0,'2012-02-03'),(1835,'g',0,'2011-10-17'),(1522,'g',0,'2011-10-17'),(2,'g',0,'2012-01-22'),(66,'g',2,'2011-09-17'),(2064,'g',0,'2011-10-18'),(2084,'g',0,'2011-12-29'),(27,'g',0,'2011-10-18'),(35,'g',2,'2011-09-17'),(242,'g',0,'2011-12-31'),(49,'g',0,'2011-09-17'),(1708,'g',0,'2011-09-17'),(25,'g',0,'2011-09-17'),(39,'g',0,'2011-09-17'),(13,'g',4,'2011-09-17'),(53,'g',2,'2011-09-17'),(17,'g',3,'2011-09-17'),(45,'g',2,'2011-09-17'),(1882,'g',0,'2011-10-18'),(12,'g',2,'2011-09-17'),(33,'g',0,'2011-09-17'),(2060,'g',0,'2011-10-18'),(20,'g',0,'2012-03-06'),(1707,'g',3,'2011-09-18'),(41,'g',0,'2012-01-22'),(2062,'g',0,'2011-10-18'),(1333,'g',0,'2011-10-18'),(2061,'g',0,'2011-10-18'),(62,'g',2,'2011-09-18'),(18,'g',0,'2011-09-18'),(368,'g',0,'2012-02-03'),(32,'g',0,'2012-01-22'),(1684,'g',3,'2011-09-18'),(28,'g',0,'2012-02-03'),(40,'g',0,'2012-02-22'),(21,'g',0,'2012-03-06'),(58,'g',2,'2011-09-18'),(3,'g',0,'2012-01-22'),(14,'g',0,'2011-09-18'),(2085,'g',0,'2012-03-06'),(370,'g',0,'2012-02-03'),(2063,'g',0,'2011-10-18'),(2066,'g',0,'2011-10-18'),(1,'g',0,'2011-09-18'),(2065,'g',0,'2011-10-18'),(16,'g',0,'2012-03-06'),(37,'g',0,'2012-01-22'),(38,'g',0,'2012-01-22'),(1020,'g',0,'2012-02-14'),(7,'g',0,'2011-09-18'),(30,'g',0,'2012-01-09'),(1018,'g',0,'2012-01-09'),(379,'g',0,'2011-12-29'),(1014,'g',0,'2012-02-14'),(1360,'g',0,'2012-02-08'),(1017,'g',0,'2012-02-14'),(1342,'g',0,'2012-01-28'),(1019,'g',0,'2012-02-14'),(11,'g',2,'2011-09-18'),(1021,'g',0,'2012-01-09'),(23,'g',2,'2011-09-18'),(55,'g',0,'2011-12-29'),(896,'g',5,'2011-09-18'),(967,'g',4,'2011-09-18'),(8,'g',0,'2011-09-18'),(10,'g',0,'2011-09-18'),(1010,'g',0,'2011-09-18'),(22,'g',0,'2012-01-29'),(1358,'g',0,'2012-02-29'),(24,'g',0,'2011-12-20'),(6,'g',0,'2011-09-18'),(253,'g',0,'2012-02-29'),(1332,'g',0,'2012-01-12'),(2089,'g',0,'2011-09-18'),(2090,'g',0,'2011-09-18'),(2121,'g',2,'2011-09-18'),(2130,'g',2,'2011-09-18'),(457,'g',1,'2011-09-20'),(450,'g',2,'2011-09-20'),(452,'g',0,'2011-09-20'),(447,'g',0,'2011-09-20'),(460,'g',2,'2011-09-20'),(442,'g',1,'2011-09-20'),(440,'g',0,'2011-09-20'),(445,'g',2,'2011-09-20'),(462,'g',1,'2011-09-20'),(455,'g',2,'2011-09-20'),(1427,'g',2,'2011-09-21'),(1448,'g',2,'2011-09-21'),(1462,'g',2,'2011-09-21'),(1455,'g',2,'2011-09-21'),(1434,'g',2,'2011-09-21'),(1469,'g',0,'2011-09-21'),(1476,'g',2,'2011-09-21'),(1483,'g',0,'2011-09-21'),(1441,'g',2,'2011-09-21'),(1420,'g',2,'2011-09-21'),(609,'g',2,'2011-09-26'),(629,'g',0,'2011-09-26'),(624,'g',2,'2011-09-26'),(594,'g',2,'2011-09-26'),(589,'g',2,'2011-09-26'),(619,'g',2,'2011-09-26'),(614,'g',2,'2011-09-26'),(634,'g',2,'2011-09-26'),(599,'g',2,'2011-09-26'),(604,'g',2,'2011-09-26'),(42,'g',0,'2012-01-02'),(283,'g',0,'2011-10-03'),(262,'g',0,'2011-10-03'),(265,'g',2,'2011-10-03'),(271,'g',0,'2011-10-03'),(276,'g',2,'2011-10-03'),(273,'g',1,'2011-10-03'),(281,'g',2,'2011-10-03'),(278,'g',1,'2011-10-03'),(268,'g',1,'2011-10-03'),(260,'g',0,'2012-02-08'),(644,'g',2,'2011-10-03'),(355,'g',3,'2011-10-03'),(684,'g',2,'2011-10-03'),(669,'g',2,'2011-10-03'),(675,'g',2,'2011-10-03'),(376,'g',3,'2011-10-03'),(350,'g',0,'2011-10-03'),(325,'g',3,'2011-10-03'),(659,'g',2,'2011-10-03'),(639,'g',2,'2011-10-03'),(365,'g',0,'2011-10-03'),(654,'g',2,'2011-10-03'),(664,'g',0,'2011-10-03'),(340,'g',0,'2011-10-03'),(649,'g',0,'2011-10-03'),(360,'g',3,'2011-10-03'),(691,'g',2,'2011-10-03'),(330,'g',3,'2011-10-03'),(345,'g',0,'2011-10-03'),(335,'g',3,'2011-10-03'),(9,'g',2,'2011-10-04'),(2812,'g',3,'2011-10-04'),(2862,'g',3,'2011-10-04'),(2882,'g',3,'2011-10-04'),(2901,'g',3,'2011-10-04'),(2902,'g',3,'2011-10-04'),(2788,'g',0,'2011-10-04'),(4365,'g',0,'2012-01-01'),(4433,'g',0,'2011-10-04'),(2798,'g',0,'2011-10-04'),(2811,'g',0,'2011-10-04'),(2871,'g',0,'2011-10-04'),(4377,'g',0,'2012-01-01'),(681,'g',2,'2011-10-04'),(2656,'g',0,'2012-02-06'),(677,'g',0,'2012-02-01'),(2728,'g',0,'2012-03-06'),(716,'g',0,'2012-02-01'),(1357,'g',0,'2011-12-26'),(2688,'g',0,'2011-12-26'),(2651,'g',0,'2011-12-29'),(2094,'g',0,'2011-12-14'),(244,'g',0,'2012-01-30'),(672,'g',2,'2011-10-04'),(241,'g',0,'2012-01-01'),(2695,'g',0,'2011-12-29'),(2709,'g',0,'2012-02-23'),(695,'g',2,'2011-10-04'),(2700,'g',1,'2011-10-04'),(1862,'g',0,'2011-10-04'),(2647,'g',0,'2011-12-29'),(2703,'g',3,'2011-10-04'),(2726,'g',0,'2011-12-19'),(2096,'g',0,'2012-02-27'),(2719,'g',0,'2012-01-20'),(2092,'g',0,'2012-01-01'),(2685,'g',0,'2011-12-29'),(1873,'g',0,'2011-10-05'),(266,'g',0,'2012-01-01'),(2699,'g',0,'2011-12-16'),(2734,'g',2,'2011-10-05'),(2687,'g',0,'2011-12-14'),(702,'g',0,'2011-10-05'),(2732,'g',0,'2011-12-26'),(2644,'g',0,'2011-12-14'),(2654,'g',0,'2012-02-22'),(2642,'g',0,'2011-10-05'),(2692,'g',3,'2011-10-05'),(2707,'g',0,'2011-12-29'),(2648,'g',0,'2011-12-29'),(2095,'g',0,'2011-10-05'),(678,'g',0,'2012-02-01'),(369,'g',0,'2011-12-14'),(2757,'g',0,'2011-12-31'),(1864,'g',0,'2011-10-05'),(2725,'g',1,'2011-10-05'),(2682,'g',0,'2011-10-05'),(2710,'g',0,'2011-10-05'),(26,'g',0,'2012-01-01'),(2715,'g',0,'2011-12-29'),(2705,'g',2,'2011-10-05'),(719,'g',2,'2011-10-05'),(709,'g',2,'2011-10-05'),(2746,'g',0,'2012-02-06'),(2743,'g',0,'2012-02-27'),(2645,'g',0,'2011-12-14'),(2718,'g',0,'2012-02-27'),(2680,'g',0,'2011-12-14'),(688,'g',2,'2011-10-05'),(2640,'g',0,'2012-02-27'),(2733,'g',0,'2012-02-06'),(2698,'g',2,'2011-10-05'),(2681,'g',0,'2011-12-29'),(2531,'g',0,'2012-01-31'),(3373,'g',0,'2011-10-07'),(2988,'g',0,'2011-10-07'),(3379,'g',0,'2011-10-07'),(3082,'g',0,'2011-10-07'),(3173,'g',0,'2011-10-07'),(3502,'g',0,'2011-10-07'),(3467,'g',0,'2011-10-07'),(3413,'g',0,'2011-10-07'),(3339,'g',0,'2011-10-07'),(3452,'g',0,'2011-10-07'),(3037,'g',0,'2011-10-08'),(2900,'g',0,'2011-10-08'),(3536,'g',0,'2011-10-08'),(3604,'g',0,'2011-10-08'),(3182,'g',0,'2011-10-08'),(3615,'g',0,'2011-10-08'),(3094,'g',0,'2011-10-08'),(3459,'g',0,'2011-10-08'),(2826,'g',0,'2011-10-08'),(2823,'g',0,'2011-10-08'),(3072,'g',0,'2011-10-08'),(2801,'g',0,'2011-10-08'),(2953,'g',0,'2011-10-08'),(3139,'g',0,'2011-10-08'),(3111,'g',0,'2011-10-08'),(3212,'g',0,'2011-10-08'),(3522,'g',0,'2011-10-08'),(2814,'g',0,'2011-10-08'),(3103,'g',0,'2011-10-09'),(3297,'g',0,'2011-10-14'),(3148,'g',0,'2011-10-14'),(877,'g',0,'2011-10-14'),(901,'g',0,'2011-10-14'),(908,'g',0,'2011-10-14'),(884,'g',0,'2011-10-14'),(874,'g',0,'2011-10-14'),(898,'g',0,'2011-10-14'),(888,'g',0,'2011-10-14'),(881,'g',0,'2011-10-14'),(905,'g',0,'2011-10-14'),(891,'g',0,'2011-10-14'),(3539,'g',0,'2011-10-14'),(4561,'g',0,'2012-03-07'),(4529,'g',0,'2011-12-26'),(4572,'g',0,'2011-12-17'),(4581,'g',0,'2011-12-17'),(4629,'g',0,'2011-10-15'),(4570,'g',0,'2012-02-22'),(4610,'g',0,'2011-12-29'),(4620,'g',0,'2011-10-15'),(4625,'g',0,'2011-10-15'),(4615,'g',0,'2011-12-12'),(4508,'g',0,'2011-12-29'),(4559,'g',0,'2011-12-17'),(4515,'g',0,'2011-12-17'),(4503,'g',0,'2011-12-29'),(4591,'g',0,'2011-12-31'),(4764,'g',0,'2011-12-31'),(4760,'g',0,'2011-12-31'),(4585,'g',0,'2011-10-15'),(4537,'g',0,'2011-12-31'),(4532,'g',0,'2012-01-12'),(4709,'g',0,'2011-10-16'),(4605,'g',0,'2011-10-16'),(4514,'g',0,'2011-12-31'),(4548,'g',0,'2012-03-07'),(4684,'g',0,'2011-12-17'),(4522,'g',0,'2011-12-17'),(4589,'g',0,'2011-12-31'),(4544,'g',0,'2011-12-31'),(4538,'g',0,'2012-03-07'),(4531,'g',0,'2012-02-06'),(4765,'g',0,'2011-12-31'),(4831,'g',0,'2011-12-31'),(4769,'g',0,'2011-12-31'),(4685,'g',0,'2011-10-17'),(4540,'g',0,'2011-12-17'),(4568,'g',0,'2011-10-17'),(4653,'g',0,'2011-10-17'),(4545,'g',0,'2011-12-17'),(4669,'g',0,'2011-10-17'),(4753,'g',0,'2011-12-19'),(4770,'g',0,'2011-10-17'),(4779,'g',0,'2011-10-17'),(4607,'g',0,'2011-12-19'),(4750,'g',0,'2011-12-19'),(4853,'g',0,'2011-12-31'),(4854,'g',0,'2011-12-31'),(4600,'g',0,'2012-01-22'),(4776,'g',0,'2011-12-16'),(4546,'g',0,'2012-01-23'),(4595,'g',0,'2011-12-16'),(2635,'g',0,'2011-11-27'),(4803,'g',0,'2011-12-24'),(4554,'g',0,'2011-12-24'),(2634,'g',0,'2012-03-07'),(4778,'g',0,'2011-12-26'),(4782,'g',0,'2012-01-03'),(4774,'g',0,'2011-12-26'),(4543,'g',0,'2012-01-29'),(4612,'g',0,'2011-12-24'),(4563,'g',0,'2011-12-24'),(4859,'g',0,'2011-12-24'),(2693,'g',0,'2011-10-20'),(2637,'g',0,'2011-10-20'),(2697,'g',0,'2011-12-30'),(2696,'g',0,'2011-10-20'),(4827,'g',0,'2012-03-07'),(4604,'g',0,'2012-01-14'),(4602,'g',0,'2012-01-14'),(4394,'g',0,'2012-01-14'),(4565,'g',0,'2012-01-14'),(4058,'g',0,'2012-01-14'),(4598,'g',0,'2012-01-14'),(4683,'g',0,'2012-01-14'),(4606,'g',0,'2012-01-14'),(4603,'g',0,'2012-01-14'),(4701,'g',0,'2011-10-20'),(4501,'g',0,'2011-10-20'),(4863,'g',0,'2011-12-17'),(2082,'g',0,'2011-10-20'),(2646,'g',0,'2011-10-20'),(4842,'g',0,'2011-12-17'),(4796,'g',0,'2011-12-17'),(2081,'g',0,'2012-02-04'),(2087,'g',0,'2011-10-20'),(4797,'g',0,'2011-12-17'),(4569,'g',0,'2011-10-21'),(4527,'g',0,'2011-12-26'),(4553,'g',0,'2011-12-30'),(4551,'g',0,'2011-12-30'),(4550,'g',0,'2011-12-30'),(2729,'g',0,'2011-12-19'),(251,'g',0,'2011-12-29'),(252,'g',0,'2011-12-30'),(259,'g',0,'2011-12-30'),(243,'g',0,'2011-12-30'),(4766,'g',0,'2012-03-02'),(4807,'g',0,'2012-03-02'),(4578,'g',0,'2011-12-16'),(4679,'g',0,'2012-03-04'),(4552,'g',0,'2012-03-07'),(4657,'g',0,'2012-03-04'),(4077,'g',0,'2012-01-13'),(4777,'g',0,'2012-03-02'),(4171,'g',0,'2011-12-24'),(4524,'g',0,'2012-03-02'),(4512,'g',0,'2012-03-02'),(4520,'g',0,'2012-03-04'),(4525,'g',0,'2012-03-04'),(4153,'g',0,'2012-01-01'),(4536,'g',0,'2011-10-23'),(4740,'g',0,'2011-10-23'),(4505,'g',0,'2011-10-23'),(4367,'g',0,'2011-12-31'),(4587,'g',0,'2011-10-23'),(4442,'g',0,'2012-03-07'),(4507,'g',0,'2011-10-23'),(4641,'g',0,'2011-10-23'),(4104,'g',0,'2012-01-01'),(4521,'g',0,'2012-01-01'),(4528,'g',0,'2011-10-23'),(4094,'g',0,'2012-01-01'),(4571,'g',0,'2011-10-23'),(4575,'g',0,'2011-10-23'),(4593,'g',0,'2011-10-23'),(2632,'g',0,'2012-02-22'),(4744,'g',0,'2011-10-23'),(4167,'g',0,'2012-02-22'),(2653,'g',0,'2011-10-23'),(4111,'g',0,'2012-02-22'),(4558,'g',0,'2011-10-23'),(4509,'g',0,'2011-10-23'),(2744,'g',0,'2011-10-24'),(2629,'g',0,'2012-01-10'),(2714,'g',0,'2012-01-10'),(2643,'g',0,'2012-01-10'),(4366,'g',0,'2012-01-10'),(4668,'g',0,'2012-01-10'),(1359,'g',0,'2012-01-10'),(4833,'g',0,'2011-12-31'),(2762,'g',0,'2012-01-10'),(4848,'g',0,'2012-02-16'),(4810,'g',0,'2012-02-16'),(4721,'g',0,'2011-12-13'),(4826,'g',0,'2012-02-16'),(4694,'g',0,'2012-02-16'),(4847,'g',0,'2012-02-16'),(4858,'g',0,'2012-02-16'),(4850,'g',0,'2012-01-24'),(2631,'g',0,'2011-10-25'),(2683,'g',0,'2011-10-25'),(2655,'g',0,'2011-10-25'),(312,'g',0,'2012-03-05'),(2652,'g',0,'2011-10-26'),(7645,'g',0,'2011-10-28'),(7573,'g',0,'2011-10-28'),(7522,'g',0,'2011-10-28'),(7638,'g',0,'2011-10-28'),(7853,'g',0,'2011-10-28'),(7484,'g',0,'2011-10-28'),(7441,'g',0,'2011-10-28'),(7681,'g',0,'2011-10-28'),(7563,'g',0,'2011-10-28'),(8988,'g',0,'2011-12-08'),(8484,'g',0,'2011-12-08'),(8939,'g',0,'2011-12-08'),(8652,'g',0,'2011-12-08'),(8978,'g',0,'2012-01-08'),(8470,'g',0,'2011-12-08'),(8424,'g',0,'2011-12-08'),(9042,'g',0,'2011-12-08'),(8836,'g',0,'2011-12-08'),(8888,'g',0,'2011-12-08'),(9036,'g',0,'2011-12-11'),(9033,'g',0,'2011-12-11'),(9021,'g',0,'2011-12-11'),(9014,'g',0,'2011-12-11'),(8639,'g',0,'2011-11-28'),(8505,'g',0,'2011-11-28'),(8449,'g',0,'2011-11-28'),(8833,'g',0,'2011-11-28'),(8554,'g',0,'2011-11-28'),(8536,'g',0,'2011-11-28'),(8408,'g',0,'2011-11-28'),(8407,'g',0,'2011-11-28'),(8623,'g',0,'2011-11-28'),(8621,'g',0,'2011-11-28'),(8796,'g',0,'2011-10-29'),(8808,'g',0,'2011-10-29'),(8984,'g',0,'2011-10-29'),(8981,'g',0,'2011-10-29'),(8895,'g',0,'2011-10-29'),(8864,'g',0,'2011-10-29'),(8800,'g',0,'2012-01-28'),(8915,'g',0,'2011-10-29'),(9006,'g',0,'2011-10-29'),(8957,'g',0,'2011-10-29'),(425,'g',0,'2012-01-20'),(371,'g',0,'2012-02-19'),(8050,'g',0,'2011-12-05'),(7469,'g',0,'2011-12-05'),(7574,'g',0,'2011-12-05'),(7533,'g',0,'2011-12-05'),(7750,'g',0,'2011-12-05'),(7531,'g',0,'2011-12-05'),(7127,'g',0,'2011-10-31'),(6797,'g',0,'2011-10-31'),(6668,'g',0,'2011-10-31'),(6790,'g',0,'2011-10-31'),(7444,'g',0,'2011-10-31'),(8485,'g',0,'2011-10-31'),(6923,'g',0,'2011-10-31'),(6776,'g',0,'2011-10-31'),(6520,'g',0,'2011-10-31'),(8662,'g',0,'2011-10-31'),(8717,'g',0,'2012-01-29'),(8692,'g',0,'2011-10-31'),(8608,'g',0,'2011-10-31'),(8625,'g',0,'2011-10-31'),(8607,'g',0,'2011-10-31'),(8648,'g',0,'2011-10-31'),(8738,'g',0,'2011-10-31'),(8753,'g',0,'2011-10-31'),(8722,'g',0,'2011-10-31'),(6439,'g',0,'2011-10-31'),(6432,'g',0,'2011-10-31'),(6435,'g',0,'2011-10-31'),(6480,'g',0,'2011-10-31'),(6442,'g',0,'2011-10-31'),(6524,'g',0,'2011-10-31'),(6540,'g',0,'2011-10-31'),(6462,'g',0,'2011-10-31'),(8216,'g',0,'2011-12-04'),(8070,'g',0,'2011-12-04'),(8012,'g',0,'2011-12-04'),(8041,'g',0,'2011-12-04'),(8874,'g',0,'2011-12-04'),(8028,'g',0,'2011-12-04'),(8026,'g',0,'2011-12-04'),(8246,'g',0,'2011-12-04'),(8055,'g',0,'2011-12-04'),(8232,'g',0,'2011-12-04'),(8699,'g',0,'2011-10-31'),(8504,'g',0,'2011-10-31'),(8598,'g',0,'2011-10-31'),(8979,'g',0,'2011-10-31'),(8677,'g',0,'2011-10-31'),(8883,'g',0,'2011-10-31'),(9044,'g',0,'2011-10-31'),(8928,'g',0,'2011-10-31'),(9032,'g',0,'2011-10-31'),(9046,'g',0,'2011-10-31'),(8865,'g',0,'2011-11-04'),(8770,'g',0,'2011-12-29'),(8735,'g',0,'2011-11-04'),(8683,'g',0,'2011-11-04'),(8976,'g',0,'2011-11-04'),(8886,'g',0,'2011-11-04'),(8951,'g',0,'2011-11-04'),(8954,'g',0,'2011-11-04'),(8834,'g',0,'2011-11-04'),(8777,'g',0,'2011-11-04'),(7881,'g',0,'2011-11-05'),(6165,'g',0,'2011-11-05'),(5604,'g',0,'2011-11-05'),(5142,'g',0,'2011-11-05'),(6657,'g',0,'2011-11-05'),(8889,'g',0,'2011-11-05'),(8920,'g',0,'2011-11-05'),(8903,'g',0,'2012-03-07'),(8911,'g',0,'2011-11-05'),(9019,'g',0,'2011-11-05'),(6828,'g',0,'2012-01-13'),(5210,'g',0,'2011-12-05'),(5189,'g',0,'2011-12-05'),(5331,'g',0,'2011-12-05'),(5851,'g',0,'2012-01-13'),(5325,'g',0,'2011-12-05'),(5361,'g',0,'2011-12-05'),(8878,'g',0,'2011-11-06'),(8894,'g',0,'2011-11-06'),(8927,'g',0,'2011-11-06'),(8839,'g',0,'2011-11-06'),(8921,'g',0,'2011-11-06'),(8914,'g',0,'2011-11-06'),(8872,'g',0,'2011-11-06'),(8907,'g',0,'2011-11-06'),(8916,'g',0,'2011-11-06'),(8908,'g',0,'2011-11-06'),(8941,'g',0,'2011-11-07'),(9048,'g',0,'2011-11-07'),(8997,'g',0,'2011-11-07'),(8913,'g',0,'2011-11-07'),(8847,'g',0,'2011-11-07'),(8899,'g',0,'2011-11-07'),(8893,'g',0,'2011-11-07'),(9037,'g',0,'2011-11-07'),(8933,'g',0,'2011-12-26'),(8892,'g',0,'2011-11-07'),(8994,'g',0,'2011-11-07'),(8937,'g',0,'2011-11-07'),(8936,'g',0,'2011-11-07'),(8869,'g',0,'2011-11-07'),(8820,'g',0,'2011-11-07'),(8961,'g',0,'2011-11-07'),(8964,'g',0,'2011-11-07'),(8850,'g',0,'2011-11-07'),(8764,'g',0,'2011-11-07'),(7478,'g',0,'2011-11-07'),(6653,'g',0,'2011-11-07'),(6337,'g',0,'2011-11-07'),(5495,'g',0,'2011-11-07'),(6573,'g',0,'2011-11-07'),(7114,'g',0,'2011-11-07'),(6783,'g',0,'2011-11-07'),(5837,'g',0,'2011-11-07'),(6057,'g',0,'2011-11-07'),(8010,'g',0,'2011-11-07'),(8047,'g',0,'2011-11-07'),(8031,'g',0,'2011-11-07'),(8006,'g',0,'2011-11-07'),(8029,'g',0,'2011-11-07'),(8036,'g',0,'2011-11-07'),(8060,'g',0,'2011-11-07'),(8035,'g',0,'2011-11-07'),(8053,'g',0,'2011-11-07'),(8014,'g',0,'2011-11-07'),(6251,'g',0,'2011-11-08'),(6159,'g',0,'2011-11-08'),(5943,'g',0,'2011-11-08'),(5239,'g',0,'2011-11-08'),(5830,'g',0,'2011-11-08'),(5858,'g',0,'2011-11-08'),(5262,'g',0,'2011-11-08'),(5305,'g',0,'2011-11-08'),(6167,'g',0,'2011-11-08'),(5888,'g',0,'2011-11-08'),(5327,'g',0,'2011-11-08'),(5400,'g',0,'2011-11-08'),(5337,'g',0,'2011-11-08'),(5610,'g',0,'2011-11-08'),(5784,'g',0,'2011-11-08'),(5047,'g',0,'2011-11-08'),(4997,'g',0,'2011-11-08'),(5422,'g',0,'2011-11-08'),(5151,'g',0,'2011-11-08'),(5007,'g',0,'2011-11-08'),(5665,'g',0,'2011-11-08'),(4943,'g',0,'2011-11-08'),(4891,'g',0,'2011-11-08'),(5641,'g',0,'2011-11-08'),(4746,'g',0,'2012-01-11'),(4780,'g',0,'2012-01-11'),(4781,'g',0,'2012-01-11'),(9067,'g',0,'2011-11-08'),(9077,'g',0,'2011-11-08'),(9080,'g',0,'2011-11-08'),(9172,'g',0,'2011-11-08'),(9274,'g',0,'2011-11-08'),(10181,'g',0,'2011-11-08'),(10337,'g',0,'2011-11-08'),(10520,'g',0,'2011-11-08'),(10579,'g',0,'2011-11-08'),(10523,'g',0,'2011-11-08'),(9146,'g',0,'2011-11-08'),(9149,'g',0,'2011-11-08'),(9363,'g',0,'2011-11-08'),(10648,'g',0,'2011-11-08'),(10697,'g',0,'2011-11-08'),(10701,'g',0,'2011-11-08'),(10757,'g',0,'2011-11-08'),(10765,'g',0,'2011-11-08'),(10854,'g',0,'2011-11-08'),(10804,'g',0,'2011-11-08'),(10864,'g',0,'2011-11-08'),(10663,'g',0,'2012-01-11'),(10866,'g',0,'2011-11-08'),(10868,'g',0,'2011-11-08'),(10987,'g',0,'2011-11-08'),(11044,'g',0,'2011-11-08'),(11069,'g',0,'2011-11-08'),(11102,'g',0,'2011-11-08'),(11199,'g',0,'2011-11-08'),(10914,'g',0,'2011-11-08'),(11013,'g',0,'2012-01-11'),(11112,'g',0,'2011-11-08'),(11144,'g',0,'2011-11-08'),(11211,'g',0,'2011-11-08'),(11213,'g',0,'2011-11-08'),(11403,'g',0,'2011-11-08'),(13486,'g',0,'2012-01-11'),(13485,'g',0,'2012-01-11'),(6717,'g',0,'2011-12-09'),(6515,'g',0,'2011-12-09'),(6636,'g',0,'2011-12-09'),(7009,'g',0,'2011-12-09'),(6583,'g',0,'2011-12-09'),(6556,'g',0,'2011-12-09'),(6924,'g',0,'2011-12-09'),(8187,'g',0,'2011-12-09'),(6955,'g',0,'2011-12-09'),(6971,'g',0,'2011-12-09'),(4903,'g',0,'2011-11-08'),(9016,'g',0,'2011-11-10'),(8969,'g',0,'2011-11-10'),(8991,'g',0,'2011-11-10'),(9035,'g',0,'2011-11-10'),(8955,'g',0,'2011-11-10'),(8990,'g',0,'2011-11-10'),(9060,'g',0,'2011-11-10'),(9040,'g',0,'2011-11-10'),(8966,'g',0,'2011-11-10'),(8629,'g',0,'2011-11-15'),(8695,'g',0,'2011-11-15'),(8773,'g',0,'2011-11-15'),(8728,'g',0,'2011-11-15'),(8712,'g',0,'2011-11-15'),(8788,'g',0,'2011-11-15'),(8906,'g',0,'2011-11-15'),(8803,'g',0,'2011-11-15'),(8757,'g',0,'2011-11-15'),(8694,'g',0,'2011-11-15'),(7223,'g',0,'2011-11-15'),(7212,'g',0,'2011-11-15'),(7228,'g',0,'2011-11-15'),(7226,'g',0,'2011-11-15'),(7239,'g',0,'2011-11-15'),(7249,'g',0,'2011-11-15'),(7220,'g',0,'2011-11-15'),(7234,'g',0,'2011-11-15'),(7242,'g',0,'2011-11-15'),(7230,'g',0,'2011-11-15'),(11326,'g',0,'2011-11-15'),(11512,'g',0,'2011-11-15'),(11446,'g',0,'2011-11-15'),(11516,'g',0,'2011-11-15'),(11332,'g',0,'2011-11-15'),(11387,'g',0,'2011-11-15'),(11456,'g',0,'2011-11-15'),(11434,'g',0,'2011-11-15'),(11364,'g',0,'2011-11-15'),(11481,'g',0,'2011-11-15'),(7288,'g',0,'2011-11-15'),(7313,'g',0,'2011-11-15'),(7300,'g',0,'2011-11-15'),(7293,'g',0,'2011-11-15'),(7308,'g',0,'2011-11-15'),(7310,'g',0,'2011-11-15'),(7287,'g',0,'2011-11-15'),(7314,'g',0,'2011-11-15'),(7312,'g',0,'2011-11-15'),(7299,'g',0,'2011-11-15'),(11682,'g',0,'2011-11-15'),(11518,'g',0,'2011-11-15'),(11678,'g',0,'2011-11-15'),(11714,'g',0,'2011-11-15'),(11635,'g',0,'2011-11-15'),(11746,'g',0,'2011-11-15'),(11660,'g',0,'2011-11-15'),(11708,'g',0,'2011-11-15'),(11565,'g',0,'2011-11-15'),(6415,'g',0,'2011-11-15'),(6342,'g',0,'2011-11-15'),(8840,'g',0,'2011-11-15'),(8829,'g',0,'2011-11-15'),(8746,'g',0,'2011-11-15'),(8729,'g',0,'2011-11-15'),(8940,'g',0,'2011-11-15'),(8727,'g',0,'2011-11-15'),(8660,'g',0,'2011-11-15'),(9000,'g',0,'2011-11-15'),(6310,'g',0,'2011-11-15'),(6419,'g',0,'2011-11-15'),(6427,'g',0,'2011-11-15'),(6424,'g',0,'2011-11-15'),(6330,'g',0,'2011-11-15'),(6148,'g',0,'2011-11-15'),(8973,'g',0,'2011-11-15'),(9017,'g',0,'2011-11-15'),(9002,'g',0,'2011-11-15'),(9025,'g',0,'2011-11-15'),(9001,'g',0,'2011-11-15'),(9061,'g',0,'2011-11-15'),(8987,'g',0,'2011-11-15'),(9050,'g',0,'2011-11-16'),(5344,'g',0,'2011-11-16'),(5332,'g',0,'2011-11-16'),(5381,'g',0,'2011-11-16'),(5335,'g',0,'2011-11-16'),(5377,'g',0,'2011-11-16'),(5268,'g',0,'2011-11-16'),(5280,'g',0,'2011-11-16'),(5319,'g',0,'2011-11-16'),(5283,'g',0,'2011-11-16'),(5304,'g',0,'2011-11-16'),(5294,'g',0,'2011-11-16'),(5378,'g',0,'2011-11-16'),(5363,'g',0,'2011-11-16'),(5386,'g',0,'2011-11-16'),(6376,'g',0,'2011-11-16'),(8975,'g',0,'2011-11-16'),(6306,'g',0,'2011-11-16'),(5266,'g',0,'2011-11-16'),(5290,'g',0,'2011-11-16'),(5277,'g',0,'2011-11-16'),(5293,'g',0,'2011-11-16'),(5273,'g',0,'2011-11-16'),(5271,'g',0,'2011-11-16'),(11591,'g',0,'2011-11-16'),(6487,'g',0,'2011-11-16'),(6464,'g',0,'2011-11-16'),(2633,'g',0,'2011-11-16'),(2638,'g',0,'2011-11-16'),(6350,'g',0,'2011-11-16'),(2731,'g',0,'2011-11-16'),(6385,'g',0,'2011-11-16'),(2686,'g',0,'2011-11-16'),(2756,'g',0,'2011-11-16'),(2723,'g',0,'2011-11-16'),(2748,'g',0,'2011-11-16'),(2749,'g',0,'2011-11-16'),(2753,'g',0,'2011-11-16'),(2739,'g',0,'2011-11-16'),(2702,'g',0,'2011-11-16'),(6368,'g',0,'2011-11-16'),(6354,'g',0,'2011-11-16'),(6367,'g',0,'2011-11-16'),(6351,'g',0,'2011-11-16'),(6372,'g',0,'2011-11-16'),(6363,'g',0,'2011-11-16'),(6371,'g',0,'2011-11-17'),(5964,'g',0,'2011-11-17'),(5937,'g',0,'2011-11-17'),(5970,'g',0,'2011-11-17'),(5926,'g',0,'2011-11-17'),(6005,'g',0,'2011-11-17'),(5989,'g',0,'2011-11-17'),(6355,'g',0,'2011-11-17'),(5935,'g',0,'2011-11-17'),(9674,'g',0,'2011-11-17'),(9684,'g',0,'2011-11-17'),(9764,'g',0,'2011-11-17'),(9628,'g',0,'2011-11-17'),(9742,'g',0,'2011-11-17'),(9745,'g',0,'2011-11-17'),(9708,'g',0,'2011-11-17'),(9663,'g',0,'2011-11-17'),(9690,'g',0,'2011-11-17'),(9653,'g',0,'2011-11-17'),(6127,'g',0,'2011-11-17'),(6081,'g',0,'2011-11-17'),(6031,'g',0,'2011-11-17'),(6076,'g',0,'2011-11-17'),(6123,'g',0,'2011-11-17'),(6044,'g',0,'2011-11-17'),(6007,'g',0,'2011-11-17'),(6105,'g',0,'2011-11-17'),(6060,'g',0,'2011-11-17'),(6011,'g',0,'2011-11-17'),(5814,'g',0,'2011-11-17'),(5922,'g',0,'2011-11-17'),(5865,'g',0,'2011-11-17'),(5872,'g',0,'2011-11-17'),(5916,'g',0,'2011-11-17'),(5921,'g',0,'2011-11-17'),(5912,'g',0,'2011-11-17'),(5917,'g',0,'2011-11-17'),(5861,'g',0,'2011-11-17'),(5894,'g',0,'2011-11-17'),(5198,'g',0,'2011-11-17'),(5809,'g',0,'2011-11-17'),(5192,'g',0,'2011-11-17'),(5802,'g',0,'2011-11-17'),(5193,'g',0,'2011-11-17'),(5163,'g',0,'2011-11-17'),(5805,'g',0,'2011-11-17'),(5811,'g',0,'2011-11-17'),(5174,'g',0,'2011-11-17'),(5813,'g',0,'2011-11-17'),(6481,'g',0,'2011-11-17'),(6471,'g',0,'2011-11-17'),(2636,'g',0,'2011-11-17'),(2639,'g',0,'2011-11-17'),(2630,'g',0,'2011-11-17'),(6483,'g',0,'2011-11-17'),(5977,'g',0,'2011-11-17'),(5958,'g',0,'2011-11-17'),(6312,'g',0,'2011-11-18'),(6327,'g',0,'2011-11-18'),(6305,'g',0,'2011-11-18'),(6321,'g',0,'2011-11-18'),(6292,'g',0,'2011-11-18'),(6279,'g',0,'2011-11-18'),(6270,'g',0,'2011-11-18'),(6237,'g',0,'2011-11-18'),(6214,'g',0,'2011-11-18'),(6344,'g',0,'2011-11-18'),(6208,'g',0,'2011-11-18'),(6253,'g',0,'2011-11-18'),(6261,'g',0,'2011-11-18'),(8891,'g',0,'2011-11-18'),(8880,'g',0,'2011-11-18'),(8923,'g',0,'2011-11-18'),(8900,'g',0,'2011-11-18'),(8901,'g',0,'2011-11-18'),(9034,'g',0,'2011-11-18'),(8949,'g',0,'2011-11-18'),(8861,'g',0,'2011-11-18'),(9055,'g',0,'2011-11-18'),(9015,'g',0,'2011-11-18'),(9043,'g',0,'2011-11-18'),(8945,'g',0,'2011-11-18'),(9022,'g',0,'2011-11-18'),(9005,'g',0,'2011-11-18'),(9020,'g',0,'2011-11-18'),(5698,'g',0,'2011-11-18'),(9041,'g',0,'2011-11-18'),(4965,'g',0,'2011-11-18'),(5724,'g',0,'2011-11-18'),(4951,'g',0,'2011-11-18'),(5702,'g',0,'2011-11-18'),(4966,'g',0,'2011-11-18'),(4961,'g',0,'2011-11-18'),(5730,'g',0,'2011-11-18'),(4964,'g',0,'2011-11-18'),(4963,'g',0,'2011-11-18'),(10539,'g',0,'2011-11-18'),(10524,'g',0,'2011-11-18'),(10553,'g',0,'2011-11-18'),(6257,'g',0,'2011-11-18'),(6289,'g',0,'2011-11-18'),(8942,'g',0,'2011-11-18'),(6284,'g',0,'2011-11-18'),(10568,'g',0,'2011-11-18'),(10440,'g',0,'2011-11-18'),(10426,'g',0,'2011-11-18'),(10581,'g',0,'2011-11-18'),(10457,'g',0,'2011-11-18'),(10518,'g',0,'2011-11-18'),(10461,'g',0,'2011-11-18'),(8867,'g',0,'2011-11-20'),(8844,'g',0,'2011-11-20'),(8778,'g',0,'2011-11-20'),(8759,'g',0,'2011-11-20'),(8731,'g',0,'2011-11-20'),(8848,'g',0,'2011-11-20'),(8634,'g',0,'2011-12-26'),(8632,'g',0,'2011-11-20'),(8627,'g',0,'2011-11-20'),(8673,'g',0,'2011-11-20'),(9024,'g',0,'2011-11-20'),(9039,'g',0,'2011-11-20'),(7973,'g',0,'2011-11-20'),(8000,'g',0,'2011-11-20'),(8409,'g',0,'2011-11-20'),(8620,'g',0,'2011-11-20'),(8363,'g',0,'2011-11-20'),(8034,'g',0,'2011-11-20'),(8093,'g',0,'2011-11-20'),(9038,'g',0,'2012-02-22'),(9047,'g',0,'2011-11-21'),(9054,'g',0,'2012-02-22'),(9031,'g',0,'2011-11-21'),(9029,'g',0,'2011-11-21'),(9028,'g',0,'2011-11-21'),(9051,'g',0,'2011-11-21'),(9062,'g',0,'2011-11-21'),(9045,'g',0,'2011-11-21'),(9057,'g',0,'2011-11-21'),(6102,'g',0,'2011-11-21'),(6101,'g',0,'2011-11-21'),(5889,'g',0,'2011-11-21'),(6122,'g',0,'2011-11-21'),(6073,'g',0,'2011-11-21'),(5991,'g',0,'2011-11-21'),(5890,'g',0,'2011-11-21'),(5996,'g',0,'2011-11-21'),(5895,'g',0,'2011-11-21'),(5945,'g',0,'2011-11-21'),(8947,'g',0,'2011-11-21'),(8787,'g',0,'2011-11-21'),(8782,'g',0,'2011-11-21'),(8809,'g',0,'2011-11-21'),(8958,'g',0,'2011-11-21'),(8887,'g',0,'2011-11-21'),(8720,'g',0,'2011-11-21'),(8783,'g',0,'2011-11-21'),(8786,'g',0,'2011-11-21'),(8857,'g',0,'2011-11-21'),(8890,'g',0,'2011-12-26'),(8799,'g',0,'2011-11-23'),(8898,'g',0,'2011-11-23'),(8856,'g',0,'2011-11-23'),(9004,'g',0,'2011-11-23'),(8992,'g',0,'2011-11-23'),(8952,'g',0,'2011-11-23'),(7693,'g',0,'2011-11-23'),(8065,'g',0,'2011-11-23'),(8157,'g',0,'2011-11-23'),(7648,'g',0,'2011-11-23'),(7855,'g',0,'2011-11-23'),(7846,'g',0,'2011-11-23'),(7781,'g',0,'2011-11-23'),(7731,'g',0,'2011-11-23'),(7892,'g',0,'2011-11-23'),(7776,'g',0,'2011-11-23'),(9063,'g',0,'2011-11-24'),(9052,'g',0,'2011-11-24'),(9030,'g',0,'2011-11-24'),(9012,'g',0,'2011-11-24'),(8956,'g',0,'2011-11-24'),(8858,'g',0,'2011-11-24'),(8910,'g',0,'2011-11-24'),(8948,'g',0,'2011-12-29'),(8868,'g',0,'2011-11-24'),(8471,'g',0,'2011-11-24'),(8472,'g',0,'2011-11-24'),(8397,'g',0,'2011-11-24'),(8489,'g',0,'2011-11-24'),(8405,'g',0,'2011-11-24'),(8684,'g',0,'2011-11-24'),(13882,'g',0,'2012-01-23'),(5968,'g',0,'2011-11-27'),(13869,'g',0,'2011-12-31'),(13868,'g',0,'2011-12-31'),(13867,'g',0,'2011-12-31'),(13898,'g',0,'2011-12-31'),(13815,'g',0,'2011-12-31'),(13688,'g',0,'2011-11-30'),(13623,'g',0,'2011-11-30'),(13640,'g',0,'2011-11-30'),(13667,'g',0,'2011-11-30'),(13536,'g',0,'2011-11-30'),(13510,'g',0,'2011-11-30'),(13584,'g',0,'2011-11-30'),(13549,'g',0,'2011-11-30'),(13723,'g',0,'2011-11-30'),(13587,'g',0,'2011-11-30'),(5893,'g',0,'2011-12-05'),(5856,'g',0,'2012-01-13'),(5186,'g',0,'2011-12-05'),(4445,'g',0,'2011-12-05'),(4443,'g',0,'2011-12-05'),(4441,'g',0,'2011-12-05'),(4432,'g',0,'2011-12-05'),(4444,'g',0,'2011-12-05'),(4430,'g',0,'2011-12-05'),(4428,'g',0,'2011-12-05'),(4429,'g',0,'2011-12-05'),(4446,'g',0,'2011-12-05'),(4431,'g',0,'2011-12-05'),(9624,'g',0,'2011-12-06'),(9645,'g',0,'2011-12-06'),(9685,'g',0,'2011-12-06'),(9634,'g',0,'2011-12-06'),(9564,'g',0,'2011-12-06'),(9669,'g',0,'2011-12-06'),(9510,'g',0,'2011-12-06'),(9660,'g',0,'2011-12-06'),(9613,'g',0,'2011-12-06'),(9608,'g',0,'2011-12-06'),(9049,'g',0,'2011-12-07'),(8876,'g',0,'2011-12-07'),(8986,'g',0,'2011-12-07'),(8985,'g',0,'2011-12-07'),(8875,'g',0,'2011-12-07'),(8917,'g',0,'2011-12-07'),(8897,'g',0,'2011-12-07'),(8879,'g',0,'2011-12-07'),(9053,'g',0,'2011-12-07'),(4640,'g',0,'2011-12-08'),(4628,'g',0,'2011-12-08'),(4645,'g',0,'2011-12-08'),(4634,'g',0,'2011-12-08'),(4635,'g',0,'2011-12-08'),(4638,'g',0,'2011-12-08'),(4626,'g',0,'2011-12-08'),(4632,'g',0,'2011-12-08'),(4631,'g',0,'2011-12-08'),(4643,'g',0,'2011-12-08'),(8709,'g',0,'2011-12-11'),(8705,'g',0,'2011-12-11'),(8690,'g',0,'2011-12-11'),(8701,'g',0,'2011-12-11'),(8689,'g',0,'2011-12-11'),(8687,'g',0,'2011-12-11'),(8672,'g',0,'2011-12-11'),(8671,'g',0,'2011-12-11'),(8663,'g',0,'2011-12-11'),(4252,'g',0,'2012-03-07'),(4467,'g',0,'2012-03-07'),(4395,'g',0,'2012-03-07'),(7327,'g',0,'2012-01-20'),(8237,'g',0,'2012-01-10'),(8222,'g',0,'2012-01-10'),(8059,'g',0,'2012-01-10'),(8375,'g',0,'2012-01-10'),(8193,'g',0,'2012-01-10'),(8252,'g',0,'2012-01-10'),(8267,'g',0,'2012-01-10'),(8963,'g',0,'2011-12-12'),(7937,'g',0,'2011-12-12'),(8877,'g',0,'2011-12-12'),(7269,'g',0,'2011-12-12'),(10450,'g',0,'2012-03-07'),(7244,'g',0,'2011-12-12'),(10526,'g',0,'2011-12-12'),(10302,'g',0,'2012-03-07'),(7417,'g',0,'2012-01-11'),(7362,'g',0,'2011-12-12'),(7643,'g',0,'2011-12-12'),(13708,'g',0,'2011-12-12'),(13701,'g',0,'2011-12-12'),(13710,'g',0,'2011-12-12'),(13668,'g',0,'2011-12-12'),(10436,'g',0,'2011-12-12'),(13709,'g',0,'2011-12-12'),(13493,'g',0,'2011-12-12'),(13706,'g',0,'2011-12-12'),(13712,'g',0,'2011-12-12'),(13714,'g',0,'2011-12-12'),(8755,'g',0,'2012-01-12'),(7763,'g',0,'2012-02-22'),(7955,'g',0,'2012-02-22'),(7748,'g',0,'2012-02-22'),(6819,'g',0,'2011-12-13'),(5818,'g',0,'2012-03-07'),(5846,'g',0,'2012-03-07'),(7705,'g',0,'2011-12-13'),(7690,'g',0,'2012-02-06'),(8297,'g',0,'2012-02-16'),(9023,'g',0,'2012-02-22'),(9008,'g',0,'2012-02-22'),(8993,'g',0,'2012-02-22'),(8702,'g',0,'2012-02-22'),(5823,'g',0,'2012-02-22'),(8514,'g',0,'2012-01-12'),(7959,'g',0,'2012-01-12'),(7914,'g',0,'2012-01-12'),(7720,'g',0,'2012-01-12'),(7593,'g',0,'2012-01-12'),(7579,'g',0,'2012-01-12'),(9450,'g',0,'2012-01-22'),(13797,'g',0,'2011-12-14'),(12493,'g',0,'2011-12-14'),(7869,'g',0,'2011-12-14'),(8149,'g',0,'2011-12-14'),(8681,'g',0,'2011-12-14'),(7627,'g',0,'2012-01-14'),(5828,'g',0,'2011-12-15'),(9229,'g',0,'2011-12-15'),(13811,'g',0,'2011-12-15'),(13786,'g',0,'2011-12-15'),(13953,'g',0,'2011-12-15'),(13812,'g',0,'2011-12-15'),(13726,'g',0,'2011-12-15'),(13958,'g',0,'2011-12-15'),(12563,'g',0,'2012-03-07'),(10586,'g',0,'2012-03-04'),(7793,'g',0,'2012-02-27'),(7778,'g',0,'2012-02-27'),(7808,'g',0,'2012-02-27'),(7474,'g',0,'2012-02-27'),(7733,'g',0,'2011-12-17'),(7899,'g',0,'2011-12-17'),(7095,'g',0,'2011-12-17'),(7840,'g',0,'2011-12-17'),(8785,'g',0,'2012-02-03'),(8358,'g',0,'2012-02-03'),(8589,'g',0,'2012-02-03'),(8740,'g',0,'2012-02-03'),(8529,'g',0,'2012-02-03'),(9155,'g',0,'2011-12-17'),(8343,'g',0,'2011-12-18'),(8697,'g',0,'2011-12-18'),(8135,'g',0,'2011-12-18'),(8559,'g',0,'2011-12-18'),(8619,'g',0,'2011-12-18'),(8208,'g',0,'2011-12-19'),(8116,'g',0,'2011-12-19'),(8327,'g',0,'2011-12-19'),(13855,'g',0,'2011-12-19'),(13959,'g',0,'2011-12-19'),(8103,'g',0,'2011-12-19'),(7518,'g',0,'2011-12-19'),(4639,'g',0,'2011-12-19'),(4648,'g',0,'2011-12-19'),(4728,'g',0,'2011-12-19'),(4688,'g',0,'2011-12-19'),(4670,'g',0,'2011-12-19'),(4663,'g',0,'2011-12-19'),(4654,'g',0,'2011-12-19'),(4647,'g',0,'2011-12-19'),(4710,'g',0,'2011-12-19'),(4719,'g',0,'2011-12-19'),(2752,'g',0,'2011-12-19'),(3921,'g',0,'2011-12-19'),(2760,'g',0,'2011-12-19'),(3943,'g',0,'2011-12-19'),(4557,'g',0,'2011-12-19'),(4556,'g',0,'2011-12-19'),(3967,'g',0,'2011-12-19'),(13884,'g',0,'2011-12-20'),(13876,'g',0,'2011-12-20'),(13848,'g',0,'2011-12-20'),(13821,'g',0,'2011-12-20'),(13752,'g',0,'2011-12-20'),(13748,'g',0,'2011-12-20'),(13671,'g',0,'2011-12-20'),(13727,'g',0,'2011-12-20'),(13686,'g',0,'2011-12-20'),(13634,'g',0,'2011-12-20'),(13866,'g',0,'2011-12-20'),(13753,'g',0,'2011-12-20'),(7863,'g',0,'2011-12-21'),(8044,'g',0,'2012-01-30'),(7489,'g',0,'2011-12-21'),(8918,'g',0,'2012-01-29'),(8280,'g',0,'2012-01-30'),(13945,'g',0,'2011-12-21'),(14002,'g',0,'2011-12-21'),(8713,'g',0,'2011-12-21'),(8310,'g',0,'2011-12-21'),(10953,'g',0,'2011-12-21'),(7984,'g',0,'2011-12-22'),(7929,'g',0,'2012-02-14'),(8574,'g',0,'2012-02-14'),(14035,'g',0,'2011-12-24'),(14007,'g',0,'2012-01-30'),(9989,'g',0,'2011-12-24'),(14039,'g',0,'2011-12-24'),(13984,'g',0,'2012-02-11'),(14087,'g',0,'2011-12-26'),(14047,'g',0,'2011-12-26'),(14067,'g',0,'2012-02-11'),(14013,'g',0,'2011-12-26'),(14012,'g',0,'2011-12-26'),(14051,'g',0,'2011-12-26'),(8164,'g',0,'2012-02-22'),(6830,'g',0,'2012-02-22'),(8074,'g',0,'2011-12-29'),(2764,'g',0,'2011-12-29'),(2759,'g',0,'2011-12-29'),(2773,'g',0,'2011-12-29'),(2747,'g',0,'2011-12-29'),(2711,'g',0,'2011-12-29'),(2738,'g',0,'2011-12-30'),(2694,'g',0,'2011-12-30'),(2704,'g',0,'2011-12-30'),(2727,'g',0,'2011-12-30'),(2706,'g',0,'2011-12-30'),(2713,'g',0,'2011-12-30'),(2717,'g',0,'2011-12-30'),(2742,'g',0,'2011-12-30'),(2751,'g',0,'2011-12-30'),(2754,'g',0,'2011-12-30'),(2766,'g',0,'2011-12-30'),(2708,'g',0,'2011-12-30'),(2716,'g',0,'2011-12-30'),(2730,'g',0,'2011-12-30'),(2769,'g',0,'2011-12-30'),(2761,'g',0,'2011-12-30'),(2772,'g',0,'2011-12-30'),(2679,'g',0,'2011-12-30'),(2741,'g',0,'2011-12-30'),(2771,'g',0,'2011-12-30'),(2701,'g',0,'2011-12-30'),(2735,'g',0,'2011-12-30'),(2689,'g',0,'2011-12-30'),(2763,'g',0,'2011-12-30'),(2765,'g',0,'2011-12-30'),(2774,'g',0,'2011-12-30'),(2767,'g',0,'2011-12-30'),(2768,'g',0,'2011-12-30'),(2775,'g',0,'2011-12-30'),(2745,'g',0,'2011-12-30'),(2736,'g',0,'2011-12-30'),(2712,'g',0,'2011-12-30'),(2740,'g',0,'2011-12-30'),(2770,'g',0,'2011-12-30'),(2724,'g',0,'2011-12-30'),(2650,'g',0,'2011-12-30'),(2690,'g',0,'2011-12-30'),(14091,'g',0,'2012-02-21'),(14118,'g',0,'2011-12-31'),(14102,'g',0,'2011-12-31'),(14064,'g',0,'2011-12-31'),(8121,'g',0,'2012-02-04'),(7998,'g',0,'2012-02-04'),(7661,'g',0,'2012-02-04'),(7561,'g',0,'2012-02-04'),(7459,'g',0,'2012-02-04'),(7351,'g',0,'2012-02-04'),(7894,'g',0,'2012-02-04'),(7338,'g',0,'2012-02-04'),(14010,'g',0,'2012-03-04'),(9376,'g',0,'2012-01-02'),(2662,'g',0,'2012-01-02'),(2660,'g',0,'2012-01-02'),(2661,'g',0,'2012-01-02'),(9421,'g',0,'2012-01-02'),(2665,'g',0,'2012-01-02'),(2666,'g',0,'2012-01-02'),(2664,'g',0,'2012-01-02'),(2669,'g',0,'2012-01-02'),(2668,'g',0,'2012-01-02'),(2667,'g',0,'2012-01-02'),(2663,'g',0,'2012-01-02'),(11628,'g',0,'2012-01-02'),(13148,'g',0,'2012-01-02'),(10636,'g',0,'2012-01-02'),(10893,'g',0,'2012-01-02'),(10817,'g',0,'2012-01-02'),(12977,'g',0,'2012-01-02'),(13451,'g',0,'2012-01-02'),(12086,'g',0,'2012-01-02'),(14092,'g',0,'2012-01-02'),(14119,'g',0,'2012-01-03'),(10287,'g',0,'2012-01-03'),(11302,'g',0,'2012-01-03'),(11445,'g',0,'2012-01-03'),(11558,'g',0,'2012-01-03'),(14149,'g',0,'2012-01-03'),(4383,'g',0,'2012-01-03'),(14123,'g',0,'2012-02-11'),(13982,'g',0,'2012-02-11'),(13981,'g',0,'2012-02-11'),(13980,'g',0,'2012-02-11'),(13978,'g',0,'2012-02-11'),(13977,'g',0,'2012-01-03'),(13979,'g',0,'2012-02-11'),(13983,'g',0,'2012-02-11'),(13829,'g',0,'2012-01-04'),(13864,'g',0,'2012-01-04'),(13834,'g',0,'2012-01-04'),(13854,'g',0,'2012-01-04'),(13862,'g',0,'2012-01-04'),(13861,'g',0,'2012-01-04'),(13849,'g',0,'2012-01-04'),(13850,'g',0,'2012-01-04'),(13858,'g',0,'2012-01-04'),(13857,'g',0,'2012-01-04'),(4703,'g',0,'2012-01-04'),(4708,'g',0,'2012-01-04'),(4705,'g',0,'2012-01-04'),(4644,'g',0,'2012-01-05'),(4726,'g',0,'2012-01-05'),(4658,'g',0,'2012-01-05'),(4655,'g',0,'2012-01-05'),(4637,'g',0,'2012-01-05'),(4642,'g',0,'2012-01-05'),(4659,'g',0,'2012-01-05'),(4727,'g',0,'2012-01-05'),(14136,'g',0,'2012-01-05'),(14167,'g',0,'2012-01-05'),(14148,'g',0,'2012-01-05'),(14138,'g',0,'2012-01-05'),(14162,'g',0,'2012-01-05'),(14143,'g',0,'2012-01-05'),(4209,'g',0,'2012-01-05'),(4213,'g',0,'2012-01-05'),(4178,'g',0,'2012-01-05'),(4216,'g',0,'2012-01-05'),(4201,'g',0,'2012-01-05'),(4196,'g',0,'2012-01-05'),(4205,'g',0,'2012-01-05'),(4219,'g',0,'2012-01-05'),(4183,'g',0,'2012-01-06'),(4191,'g',0,'2012-01-06'),(14164,'g',0,'2012-01-06'),(14139,'g',0,'2012-01-06'),(13895,'g',0,'2012-01-06'),(13463,'g',0,'2012-01-06'),(9159,'g',0,'2012-01-06'),(9144,'g',0,'2012-01-06'),(4816,'g',0,'2012-01-06'),(4822,'g',0,'2012-01-06'),(4820,'g',0,'2012-01-06'),(7402,'g',0,'2012-01-06'),(7252,'g',0,'2012-01-06'),(4832,'g',0,'2012-01-06'),(4860,'g',0,'2012-01-06'),(4818,'g',0,'2012-01-06'),(9214,'g',0,'2012-01-06'),(4819,'g',0,'2012-01-06'),(4622,'g',0,'2012-01-06'),(4577,'g',0,'2012-01-06'),(4582,'g',0,'2012-01-06'),(4601,'g',0,'2012-01-06'),(4566,'g',0,'2012-01-06'),(4651,'g',0,'2012-01-06'),(4608,'g',0,'2012-01-06'),(4594,'g',0,'2012-01-06'),(2684,'g',0,'2012-01-06'),(4630,'g',0,'2012-01-06'),(4650,'g',0,'2012-01-06'),(2737,'g',0,'2012-01-06'),(4787,'g',0,'2012-01-06'),(4762,'g',0,'2012-01-06'),(4789,'g',0,'2012-01-06'),(4775,'g',0,'2012-01-06'),(4809,'g',0,'2012-01-06'),(4799,'g',0,'2012-01-06'),(4759,'g',0,'2012-01-06'),(4800,'g',0,'2012-01-06'),(4795,'g',0,'2012-01-06'),(4794,'g',0,'2012-01-06'),(4682,'g',0,'2012-01-06'),(4597,'g',0,'2012-01-06'),(4678,'g',0,'2012-01-06'),(4699,'g',0,'2012-01-06'),(4574,'g',0,'2012-01-06'),(4646,'g',0,'2012-01-06'),(4696,'g',0,'2012-01-06'),(4592,'g',0,'2012-01-07'),(4067,'g',0,'2012-01-07'),(4627,'g',0,'2012-01-07'),(3887,'g',0,'2012-01-07'),(4677,'g',0,'2012-01-07'),(4706,'g',0,'2012-01-07'),(14008,'g',0,'2012-01-07'),(14009,'g',0,'2012-01-07'),(14168,'g',0,'2012-01-07'),(14037,'g',0,'2012-01-07'),(10047,'g',0,'2012-01-07'),(10171,'g',0,'2012-01-07'),(14114,'g',0,'2012-01-07'),(14116,'g',0,'2012-01-07'),(14113,'g',0,'2012-01-07'),(14106,'g',0,'2012-01-07'),(10187,'g',0,'2012-01-07'),(10122,'g',0,'2012-01-07'),(10390,'g',0,'2012-01-07'),(10245,'g',0,'2012-01-07'),(3998,'g',0,'2012-01-08'),(4817,'g',0,'2012-01-09'),(4849,'g',0,'2012-01-09'),(4786,'g',0,'2012-01-09'),(9185,'g',0,'2012-01-09'),(4736,'g',0,'2012-01-09'),(4852,'g',0,'2012-01-09'),(4755,'g',0,'2012-01-09'),(4748,'g',0,'2012-01-09'),(9249,'g',0,'2012-01-10'),(11418,'g',0,'2012-01-10'),(10878,'g',0,'2012-01-10'),(14111,'g',0,'2012-01-10'),(14129,'g',0,'2012-01-10'),(10651,'g',0,'2012-01-10'),(14121,'g',0,'2012-01-10'),(10479,'g',0,'2012-01-10'),(11158,'g',0,'2012-01-10'),(4783,'g',0,'2012-01-10'),(4711,'g',0,'2012-01-10'),(10404,'g',0,'2012-01-10'),(4636,'g',0,'2012-01-10'),(4533,'g',0,'2012-01-10'),(4590,'g',0,'2012-01-10'),(4526,'g',0,'2012-01-10'),(4562,'g',0,'2012-01-10'),(4588,'g',0,'2012-01-10'),(14188,'g',0,'2012-01-10'),(4237,'g',0,'2012-01-10'),(4232,'g',0,'2012-01-10'),(4223,'g',0,'2012-01-10'),(4235,'g',0,'2012-01-10'),(4225,'g',0,'2012-01-10'),(4221,'g',0,'2012-01-10'),(4230,'g',0,'2012-01-10'),(4229,'g',0,'2012-01-10'),(4220,'g',0,'2012-01-10'),(4227,'g',0,'2012-01-10'),(4027,'g',0,'2012-01-10'),(4160,'g',0,'2012-01-10'),(3986,'g',0,'2012-01-10'),(3951,'g',0,'2012-01-10'),(4129,'g',0,'2012-01-10'),(3876,'g',0,'2012-01-10'),(4084,'g',0,'2012-01-10'),(3855,'g',0,'2012-01-10'),(3932,'g',0,'2012-01-10'),(3909,'g',0,'2012-01-10'),(3843,'g',0,'2012-01-10'),(3865,'g',0,'2012-01-10'),(3898,'g',0,'2012-01-10'),(4073,'g',0,'2012-01-10'),(3400,'g',0,'2012-01-10'),(4120,'g',0,'2012-01-10'),(4145,'g',0,'2012-01-10'),(4037,'g',0,'2012-01-10'),(4773,'g',0,'2012-01-11'),(9554,'g',0,'2012-01-11'),(4733,'g',0,'2012-01-11'),(4804,'g',0,'2012-01-11'),(4720,'g',0,'2012-01-11'),(4656,'g',0,'2012-01-11'),(9099,'g',0,'2012-01-11'),(4758,'g',0,'2012-01-11'),(4722,'g',0,'2012-01-11'),(4716,'g',0,'2012-01-11'),(4715,'g',0,'2012-01-11'),(13733,'g',0,'2012-01-11'),(10261,'g',0,'2012-01-11'),(13762,'g',0,'2012-01-11'),(14134,'g',0,'2012-01-11'),(14144,'g',0,'2012-01-11'),(12633,'g',0,'2012-01-11'),(14052,'g',0,'2012-01-11'),(14015,'g',0,'2012-01-11'),(13764,'g',0,'2012-01-11'),(14030,'g',0,'2012-01-11'),(11852,'g',0,'2012-01-11'),(14014,'g',0,'2012-01-11'),(14016,'g',0,'2012-01-11'),(14017,'g',0,'2012-01-11'),(14042,'g',0,'2012-01-11'),(13943,'g',0,'2012-01-11'),(13772,'g',0,'2012-01-11'),(13885,'g',0,'2012-01-11'),(13853,'g',0,'2012-01-11'),(4264,'g',0,'2012-01-11'),(4243,'g',0,'2012-01-11'),(4260,'g',0,'2012-01-11'),(4262,'g',0,'2012-01-11'),(4256,'g',0,'2012-01-11'),(4258,'g',0,'2012-01-11'),(4254,'g',0,'2012-01-11'),(4239,'g',0,'2012-01-11'),(4245,'g',0,'2012-01-11'),(13874,'g',0,'2012-01-11'),(13769,'g',0,'2012-01-11'),(13851,'g',0,'2012-01-11'),(13818,'g',0,'2012-01-11'),(13816,'g',0,'2012-01-11'),(13793,'g',0,'2012-01-11'),(13817,'g',0,'2012-01-11'),(13650,'g',0,'2012-01-11'),(14038,'g',0,'2012-01-11'),(13722,'g',0,'2012-01-11'),(13903,'g',0,'2012-01-11'),(14200,'g',0,'2012-01-12'),(4599,'g',0,'2012-01-12'),(4613,'g',0,'2012-01-12'),(4611,'g',0,'2012-01-12'),(4549,'g',0,'2012-01-12'),(4555,'g',0,'2012-01-12'),(4564,'g',0,'2012-01-12'),(14036,'g',0,'2012-01-12'),(14201,'g',0,'2012-01-12'),(14208,'g',0,'2012-01-13'),(14202,'g',0,'2012-02-27'),(12731,'g',0,'2012-01-15'),(14032,'g',0,'2012-01-15'),(13101,'g',0,'2012-01-15'),(12763,'g',0,'2012-01-15'),(14033,'g',0,'2012-01-15'),(13041,'g',0,'2012-01-15'),(12717,'g',0,'2012-01-15'),(14021,'g',0,'2012-01-15'),(14029,'g',0,'2012-01-15'),(14063,'g',0,'2012-01-15'),(13776,'g',0,'2012-01-15'),(13724,'g',0,'2012-01-15'),(13719,'g',0,'2012-01-15'),(13831,'g',0,'2012-01-15'),(13718,'g',0,'2012-01-15'),(13841,'g',0,'2012-01-15'),(13720,'g',0,'2012-01-15'),(13721,'g',0,'2012-01-15'),(13737,'g',0,'2012-01-15'),(13717,'g',0,'2012-01-15'),(14050,'g',0,'2012-02-22'),(14199,'g',0,'2012-02-21'),(14233,'g',0,'2012-01-20'),(14184,'g',0,'2012-02-21'),(14241,'g',0,'2012-01-20'),(14183,'g',0,'2012-01-20'),(14216,'g',0,'2012-01-20'),(14246,'g',0,'2012-01-20'),(14254,'g',0,'2012-01-20'),(13716,'g',0,'2012-01-20'),(13794,'g',0,'2012-01-20'),(13916,'g',0,'2012-01-20'),(13715,'g',0,'2012-01-20'),(13810,'g',0,'2012-01-20'),(14187,'g',0,'2012-01-22'),(13879,'g',0,'2012-01-23'),(4409,'g',0,'2012-01-24'),(4411,'g',0,'2012-01-24'),(4404,'g',0,'2012-01-24'),(4403,'g',0,'2012-01-24'),(4402,'g',0,'2012-01-24'),(4407,'g',0,'2012-01-24'),(4405,'g',0,'2012-01-24'),(4406,'g',0,'2012-01-24'),(4408,'g',0,'2012-01-24'),(4410,'g',0,'2012-01-24'),(4381,'g',0,'2012-01-25'),(4388,'g',0,'2012-01-25'),(4386,'g',0,'2012-01-25'),(4389,'g',0,'2012-01-25'),(4387,'g',0,'2012-01-25'),(4390,'g',0,'2012-01-25'),(4380,'g',0,'2012-01-25'),(4385,'g',0,'2012-01-25'),(4384,'g',0,'2012-01-25'),(4376,'g',0,'2012-01-25'),(4401,'g',0,'2012-01-25'),(4393,'g',0,'2012-01-25'),(4400,'g',0,'2012-01-25'),(4397,'g',0,'2012-01-25'),(4399,'g',0,'2012-01-25'),(4398,'g',0,'2012-01-25'),(4396,'g',0,'2012-01-25'),(4392,'g',0,'2012-01-25'),(4391,'g',0,'2012-01-25'),(14191,'g',0,'2012-01-25'),(14189,'g',0,'2012-01-25'),(14190,'g',0,'2012-01-25'),(4617,'g',0,'2012-01-25'),(4573,'g',0,'2012-01-25'),(4576,'g',0,'2012-01-25'),(4579,'g',0,'2012-01-25'),(4661,'g',0,'2012-01-25'),(4506,'g',0,'2012-01-25'),(4671,'g',0,'2012-01-25'),(4542,'g',0,'2012-01-25'),(4680,'g',0,'2012-01-25'),(4567,'g',0,'2012-01-25'),(12925,'g',0,'2012-01-26'),(12913,'g',0,'2012-01-26'),(12938,'g',0,'2012-01-26'),(12964,'g',0,'2012-01-26'),(12900,'g',0,'2012-01-26'),(7446,'g',0,'2012-01-28'),(7215,'g',0,'2012-01-28'),(2659,'g',0,'2012-01-28'),(7289,'g',0,'2012-01-28'),(7824,'g',0,'2012-01-28'),(2658,'g',0,'2012-01-28'),(2091,'g',0,'2012-01-28'),(6815,'g',0,'2012-01-28'),(14306,'g',0,'2012-01-29'),(14213,'g',0,'2012-03-04'),(9583,'g',0,'2012-02-01'),(14286,'g',0,'2012-02-01'),(11486,'g',0,'2012-02-01'),(14238,'g',0,'2012-02-01'),(12478,'g',0,'2012-02-01'),(14242,'g',0,'2012-02-01'),(14128,'g',0,'2012-02-01'),(14217,'g',0,'2012-02-01'),(14274,'g',0,'2012-02-01'),(11529,'g',0,'2012-02-01'),(13997,'g',0,'2012-02-01'),(11404,'g',0,'2012-02-01'),(14174,'g',0,'2012-02-01'),(11501,'g',0,'2012-02-01'),(14350,'g',0,'2012-02-01'),(12591,'g',0,'2012-02-01'),(12436,'g',0,'2012-02-01'),(4791,'g',0,'2012-03-07'),(4751,'g',0,'2012-02-01'),(4676,'g',0,'2012-02-01'),(4763,'g',0,'2012-02-01'),(4584,'g',0,'2012-02-01'),(9747,'g',0,'2012-02-01'),(4633,'g',0,'2012-02-01'),(4698,'g',0,'2012-02-01'),(4749,'g',0,'2012-02-01'),(4672,'g',0,'2012-02-01'),(4609,'g',0,'2012-02-01'),(14250,'g',0,'2012-02-01'),(14255,'g',0,'2012-02-01'),(14265,'g',0,'2012-02-01'),(11280,'g',0,'2012-02-01'),(14333,'g',0,'2012-02-01'),(4808,'g',0,'2012-02-01'),(4754,'g',0,'2012-02-01'),(4785,'g',0,'2012-02-01'),(4784,'g',0,'2012-02-01'),(4771,'g',0,'2012-02-01'),(10275,'g',0,'2012-02-01'),(10214,'g',0,'2012-02-01'),(14323,'g',0,'2012-02-01'),(14326,'g',0,'2012-02-01'),(9244,'g',0,'2012-02-03'),(4761,'g',0,'2012-02-03'),(4801,'g',0,'2012-02-03'),(4805,'g',0,'2012-02-03'),(4768,'g',0,'2012-02-03'),(4790,'g',0,'2012-02-03'),(4802,'g',0,'2012-02-03'),(4793,'g',0,'2012-02-03'),(4792,'g',0,'2012-02-03'),(4840,'g',0,'2012-02-03'),(10331,'g',0,'2012-02-03'),(14271,'g',0,'2012-02-03'),(14243,'g',0,'2012-02-03'),(10344,'g',0,'2012-02-03'),(14207,'g',0,'2012-02-03'),(14331,'g',0,'2012-02-03'),(14248,'g',0,'2012-02-03'),(14347,'g',0,'2012-02-03'),(10998,'g',0,'2012-02-03'),(10375,'g',0,'2012-02-03'),(14126,'g',0,'2012-02-03'),(11028,'g',0,'2012-02-03'),(14192,'g',0,'2012-02-06'),(14185,'g',0,'2012-02-06'),(14186,'g',0,'2012-02-06'),(14122,'g',0,'2012-02-06'),(14317,'g',0,'2012-02-06'),(14332,'g',0,'2012-02-06'),(14325,'g',0,'2012-02-06'),(14334,'g',0,'2012-02-06'),(14154,'g',0,'2012-02-07'),(14176,'g',0,'2012-02-07'),(14206,'g',0,'2012-02-07'),(14171,'g',0,'2012-02-07'),(14175,'g',0,'2012-02-07'),(14232,'g',0,'2012-02-07'),(14181,'g',0,'2012-02-07'),(14158,'g',0,'2012-02-07'),(14151,'g',0,'2012-02-07'),(11768,'g',0,'2012-02-07'),(9598,'g',0,'2012-02-07'),(13990,'g',0,'2012-02-07'),(14084,'g',0,'2012-02-07'),(14125,'g',0,'2012-02-07'),(10849,'g',0,'2012-02-07'),(14353,'g',0,'2012-02-07'),(14342,'g',0,'2012-02-07'),(11042,'g',0,'2012-02-07'),(10863,'g',0,'2012-02-07'),(11586,'g',0,'2012-02-07'),(10833,'g',0,'2012-02-07'),(10801,'g',0,'2012-02-07'),(14389,'g',0,'2012-02-07'),(14394,'g',0,'2012-02-07'),(14349,'g',0,'2012-02-07'),(14281,'g',0,'2012-02-07'),(10923,'g',0,'2012-02-07'),(10230,'g',0,'2012-02-07'),(11614,'g',0,'2012-02-07'),(14178,'g',0,'2012-02-07'),(13948,'g',0,'2012-02-07'),(13939,'g',0,'2012-02-07'),(13908,'g',0,'2012-02-07'),(13912,'g',0,'2012-02-07'),(13938,'g',0,'2012-02-07'),(13909,'g',0,'2012-02-07'),(13929,'g',0,'2012-02-07'),(13911,'g',0,'2012-02-07'),(13910,'g',0,'2012-02-07'),(14263,'g',0,'2012-02-08'),(13949,'g',0,'2012-02-08'),(13935,'g',0,'2012-02-08'),(13931,'g',0,'2012-02-08'),(13942,'g',0,'2012-02-08'),(13932,'g',0,'2012-02-08'),(14282,'g',0,'2012-02-08'),(14383,'g',0,'2012-02-08'),(14385,'g',0,'2012-02-08'),(14293,'g',0,'2012-02-08'),(14382,'g',0,'2012-02-08'),(14384,'g',0,'2012-02-08'),(14366,'g',0,'2012-02-08'),(14291,'g',0,'2012-02-08'),(14386,'g',0,'2012-02-08'),(14371,'g',0,'2012-02-08'),(13766,'g',0,'2012-02-11'),(13771,'g',0,'2012-02-11'),(13765,'g',0,'2012-02-11'),(13768,'g',0,'2012-02-11'),(13770,'g',0,'2012-02-11'),(13747,'g',0,'2012-02-11'),(13749,'g',0,'2012-02-11'),(13805,'g',0,'2012-02-11'),(13820,'g',0,'2012-02-11'),(13833,'g',0,'2012-02-11'),(4473,'g',0,'2012-02-11'),(4468,'g',0,'2012-02-11'),(13930,'g',0,'2012-02-11'),(10570,'g',0,'2012-02-11'),(13889,'g',0,'2012-02-11'),(13863,'g',0,'2012-02-11'),(13897,'g',0,'2012-02-11'),(13926,'g',0,'2012-02-12'),(13838,'g',0,'2012-02-12'),(12327,'g',0,'2012-02-13'),(12175,'g',0,'2012-02-13'),(12203,'g',0,'2012-02-13'),(14058,'g',0,'2012-02-13'),(14056,'g',0,'2012-02-13'),(14057,'g',0,'2012-02-13'),(12314,'g',0,'2012-02-13'),(14060,'g',0,'2012-02-13'),(12339,'g',0,'2012-02-13'),(14059,'g',0,'2012-02-13'),(4547,'g',0,'2012-02-13'),(4541,'g',0,'2012-02-13'),(4560,'g',0,'2012-02-13'),(4136,'g',0,'2012-02-13'),(4247,'g',0,'2012-02-13'),(2758,'g',0,'2012-02-13'),(2755,'g',0,'2012-02-13'),(5835,'g',0,'2012-02-13'),(2750,'g',0,'2012-02-13'),(14262,'g',0,'2012-02-13'),(14290,'g',0,'2012-02-13'),(14259,'g',0,'2012-02-13'),(4691,'g',0,'2012-02-13'),(4689,'g',0,'2012-02-13'),(4702,'g',0,'2012-02-13'),(4695,'g',0,'2012-02-13'),(4741,'g',0,'2012-02-13'),(4743,'g',0,'2012-02-13'),(4662,'g',0,'2012-02-13'),(14399,'g',0,'2012-02-14'),(14049,'g',0,'2012-02-16'),(14407,'g',0,'2012-02-19'),(14408,'g',0,'2012-02-19'),(14266,'g',0,'2012-02-19'),(14322,'g',0,'2012-02-19'),(14402,'g',0,'2012-02-19'),(14269,'g',0,'2012-02-19'),(14397,'g',0,'2012-02-19'),(4449,'g',0,'2012-02-19'),(4451,'g',0,'2012-02-19'),(4452,'g',0,'2012-02-19'),(4447,'g',0,'2012-02-19'),(4450,'g',0,'2012-02-19'),(4448,'g',0,'2012-02-19'),(4453,'g',0,'2012-02-19'),(4455,'g',0,'2012-02-19'),(4457,'g',0,'2012-02-19'),(4460,'g',0,'2012-02-19'),(4458,'g',0,'2012-02-19'),(4456,'g',0,'2012-02-19'),(4461,'g',0,'2012-02-19'),(4459,'g',0,'2012-02-19'),(4462,'g',0,'2012-02-19'),(4454,'g',0,'2012-02-19'),(14140,'g',0,'2012-02-19'),(14209,'g',0,'2012-02-19'),(11824,'g',0,'2012-02-19'),(14041,'g',0,'2012-02-19'),(14409,'g',0,'2012-02-19'),(13803,'g',0,'2012-02-24'),(13773,'g',0,'2012-02-24'),(13745,'g',0,'2012-02-24'),(13828,'g',0,'2012-02-24'),(13877,'g',0,'2012-02-24'),(14359,'g',0,'2012-02-25'),(13774,'g',0,'2012-02-25'),(14074,'g',0,'2012-02-25'),(12031,'g',0,'2012-02-25'),(9539,'g',0,'2012-02-25'),(13946,'g',0,'2012-02-25'),(14109,'g',0,'2012-02-25'),(14061,'g',0,'2012-02-25'),(10600,'g',0,'2012-02-25'),(14324,'g',0,'2012-02-25'),(14434,'g',0,'2012-02-25'),(14435,'g',0,'2012-02-25'),(14439,'g',0,'2012-02-25'),(14410,'g',0,'2012-02-27'),(8008,'g',0,'2012-02-29'),(7532,'g',0,'2012-02-29'),(14406,'g',0,'2012-02-29'),(13675,'g',0,'2012-03-02'),(13673,'g',0,'2012-03-02'),(13678,'g',0,'2012-03-02'),(13738,'g',0,'2012-03-02'),(13669,'g',0,'2012-03-02'),(13672,'g',0,'2012-03-02'),(13670,'g',0,'2012-03-02'),(13677,'g',0,'2012-03-02'),(13676,'g',0,'2012-03-02'),(13674,'g',0,'2012-03-02'),(13639,'g',0,'2012-03-02'),(13637,'g',0,'2012-03-02'),(13662,'g',0,'2012-03-02'),(13630,'g',0,'2012-03-02'),(13957,'g',0,'2012-03-02'),(13636,'g',0,'2012-03-02'),(13956,'g',0,'2012-03-02'),(13494,'g',0,'2012-03-02'),(13635,'g',0,'2012-03-02'),(13638,'g',0,'2012-03-02'),(4707,'g',0,'2012-03-02'),(4835,'g',0,'2012-03-02'),(4813,'g',0,'2012-03-02'),(4836,'g',0,'2012-03-02'),(4838,'g',0,'2012-03-02'),(4745,'g',0,'2012-03-02'),(4837,'g',0,'2012-03-02'),(4724,'g',0,'2012-03-02'),(4830,'g',0,'2012-03-02'),(14352,'g',0,'2012-03-02'),(14211,'g',0,'2012-03-02'),(14062,'g',0,'2012-03-02'),(14079,'g',0,'2012-03-02'),(12300,'g',0,'2012-03-02'),(13089,'g',0,'2012-03-02'),(13483,'g',0,'2012-03-02'),(12887,'g',0,'2012-03-02'),(14235,'g',0,'2012-03-02'),(14169,'g',0,'2012-03-02'),(14240,'g',0,'2012-03-02'),(14396,'g',0,'2012-03-02'),(14395,'g',0,'2012-03-02'),(14373,'g',0,'2012-03-02'),(14358,'g',0,'2012-03-02'),(14330,'g',0,'2012-03-02'),(14292,'g',0,'2012-03-05'),(13065,'g',0,'2012-03-05'),(14451,'g',0,'2012-03-05'),(14447,'g',0,'2012-03-05'),(14055,'g',0,'2012-03-05'),(14219,'g',0,'2012-03-05'),(14247,'g',0,'2012-03-05'),(14295,'g',0,'2012-03-05'),(12072,'g',0,'2012-03-05'),(14130,'g',0,'2012-03-05'),(11203,'g',0,'2012-03-05'),(14374,'g',0,'2012-03-05'),(12147,'g',0,'2012-03-05'),(14218,'g',0,'2012-03-05'),(11290,'g',0,'2012-03-05'),(14461,'g',0,'2012-03-06'),(14460,'g',0,'2012-03-06'),(14456,'g',0,'2012-03-06'),(14429,'g',0,'2012-03-06'),(14261,'g',0,'2012-03-06'),(13775,'g',0,'2012-03-07'),(13777,'g',0,'2012-03-07'),(13780,'g',0,'2012-03-07'),(13778,'g',0,'2012-03-07'),(13779,'g',0,'2012-03-07'),(13781,'g',0,'2012-03-07'),(13782,'g',0,'2012-03-07'),(13783,'g',0,'2012-03-07'),(13784,'g',0,'2012-03-07'),(13787,'g',0,'2012-03-07'),(13789,'g',0,'2012-03-07'),(13790,'g',0,'2012-03-07'),(13758,'g',0,'2012-03-07'),(10156,'g',0,'2012-03-07'),(14020,'g',0,'2012-03-07'),(13113,'g',0,'2012-03-07');

--
-- Table structure for table `idx_paid_listing`
--

CREATE TABLE `idx_paid_listing` (
  `link_id` mediumint(9) unsigned NOT NULL DEFAULT '0',
  `premium` char(1) DEFAULT NULL,
  `sponsored` char(1) DEFAULT NULL,
  `expire` datetime DEFAULT NULL,
  `paid` char(1) DEFAULT NULL,
  PRIMARY KEY (`link_id`)
) ENGINE=MyISAM DEFAULT CHARSET=latin1;

--
-- Dumping data for table `idx_paid_listing`
--


--
-- Table structure for table `idx_payment_gateway`
--

CREATE TABLE `idx_payment_gateway` (
  `payment_gateway_id` int(11) NOT NULL AUTO_INCREMENT,
  `name` varchar(100) DEFAULT NULL,
  `enable` char(1) DEFAULT NULL,
  `setting` text,
  `invoice_html` text,
  PRIMARY KEY (`payment_gateway_id`)
) ENGINE=MyISAM AUTO_INCREMENT=9 DEFAULT CHARSET=latin1;

--
-- Dumping data for table `idx_payment_gateway`
--

INSERT INTO `idx_payment_gateway` VALUES (1,'paypal','1','a:2:{s:13:\"payment_email\";s:0:\"\";s:21:\"enable_paypal_sandbox\";s:1:\"0\";}','<p> \r\n	<a href=\'paynow.php?id={$invoice_id}&m=paypal\'><img src=\'http://www.paypal.com/images/x-click-but02.gif\' border=\'0\' alt=\'Make payments with PayPal - it is fast, free and secure!\' /></a> \r\n</p>\r\n'),(2,'2co','0','a:6:{s:6:\"co_sid\";s:5:\"84932\";s:9:\"co_secret\";s:5:\"tango\";s:12:\"co_recurring\";s:1:\"0\";s:9:\"co_prod_1\";s:6:\"100.00\";s:9:\"co_prod_2\";s:6:\"250.00\";s:9:\"co_prod_3\";s:6:\"400.00\";}','<p>\r\n<a href=\'paynow.php?id={$invoice_id}&m=2co\'><img src=\'http://www.2checkout.com/images/overview/btns/25.jpg\' alt=\'Pay Now with 2checkout...\' border=\'0\' /></a> \r\n</p>'),(3,'authorizenet','0','a:2:{s:21:\"authorizenet_login_id\";s:0:\"\";s:21:\"authorizenet_tran_key\";s:0:\"\";}','<p> \r\n<a href=\'paynow.php?id={$invoice_id}&m=authorizenet\'><img src=\'http://www.authorize.net/upload/images/Images/Header/authorizenet_logo.gif\' alt=\'Pay Now with Authorize.Net...\' width=\'99\' height=\'39\' style=\'{border : 1px solid #c0c0c0;}\' /></a>\r\n</p>'),(4,'egold','0','a:2:{s:19:\"egold_payee_account\";s:0:\"\";s:16:\"egold_payee_name\";s:0:\"\";}','<p> \r\n<a href=\'paynow.php?id={$invoice_id}&m=egold\'>\r\n<img src=\'http://www.e-gold.com/gif/paywith.gif\' border=\'0\' alt=\'Pay Now with e-gold...\' />\r\n</a>\r\n</p>'),(5,'moneybookers','0','a:1:{s:18:\"moneybookers_email\";s:0:\"\";}','<p> \r\n<a href=\'paynow.php?id={$invoice_id}&m=paypal\'><img src=\'http://www.moneybookers.com/images/banners/88_en_mb.gif\' border=\'0\' alt=\'Make payments with Moneybookers - it is fast, free and secure!\' /></a> \r\n</p>'),(6,'paypal-subscriptions','0','a:2:{s:13:\"payment_email\";s:0:\"\";s:21:\"enable_paypal_sandbox\";s:1:\"0\";}','<p> \r\n<a href=\'paynow.php?id={$invoice_id}&m=paypal\'><img src=\'https://www.paypal.com/en_US/i/btn/x-click-but20.gif\' border=\'0\' alt=\'Make payments with PayPal - it is fast, free and secure!\' /></a> \r\n</p>'),(7,'alertpay','0','a:2:{s:14:\"alertpay_email\";s:0:\"\";s:23:\"enable_alertpay_sandbox\";s:1:\"0\";}','<p> \r\n<a href=\'paynow.php?id={$invoice_id}&m=alertpay\'>\r\n<img src=\'https://www.alertpay.com/Images/BuyNow/pay_now_3.gif\' border=\'0\' alt=\'Make payments with PayPal - it is fast, free and secure!\' /></a> \r\n</p>'),(8,'alertpay-subcriptions','0','a:2:{s:14:\"alertpay_email\";s:0:\"\";s:23:\"enable_alertpay_sandbox\";s:1:\"0\";}','<p>\r\n<a href=\'paynow.php?id={$invoice_id}&m=alertpay-subcriptions\'>\r\n<img src=\'https://www.alertpay.com/Images/BuyNow/subscribe_now_15.gif\' border=\'0\' alt=\'Make payments with Alert Pay - it is fast, free and secure!\' /></a> \r\n</p>');

--
-- Table structure for table `idx_payment_history`
--

CREATE TABLE `idx_payment_history` (
  `payment_id` int(10) unsigned NOT NULL AUTO_INCREMENT,
  `contact_name` varchar(255) DEFAULT NULL,
  `email` varchar(255) DEFAULT NULL,
  `type` varchar(255) DEFAULT NULL,
  `detail` text,
  `amount` double DEFAULT NULL,
  `time` datetime DEFAULT NULL,
  `invoice_id` varchar(10) DEFAULT NULL,
  PRIMARY KEY (`payment_id`)
) ENGINE=MyISAM DEFAULT CHARSET=latin1;

--
-- Dumping data for table `idx_payment_history`
--


--
-- Table structure for table `idx_pl_sociable`
--

CREATE TABLE `idx_pl_sociable` (
  `sb_id` int(11) NOT NULL AUTO_INCREMENT,
  `sb_name` varchar(255) CHARACTER SET utf8 DEFAULT NULL,
  `sb_url` varchar(255) CHARACTER SET utf8 DEFAULT NULL,
  `sb_icon` varchar(255) CHARACTER SET utf8 DEFAULT NULL,
  `sb_enable` char(1) CHARACTER SET utf8 DEFAULT '0',
  PRIMARY KEY (`sb_id`)
) ENGINE=MyISAM AUTO_INCREMENT=90 DEFAULT CHARSET=latin1;

--
-- Dumping data for table `idx_pl_sociable`
--

INSERT INTO `idx_pl_sociable` VALUES (1,'BarraPunto','http://barrapunto.com/submit.pl?subj=TITLE&amp;story=PERMALINK','barrapunto.png','0'),(2,'Bitacoras.com','http://bitacoras.com/anotaciones/PERMALINK','bitacoras.png','0'),(3,'BlinkList','http://www.blinklist.com/index.php?Action=Blink/addblink.php&amp;Url=PERMALINK&amp;Title=TITLE','blinklist.png','0'),(4,'blogmarks','http://blogmarks.net/my/new.php?mini=1&amp;simple=1&amp;url=PERMALINK&amp;title=TITLE','blogmarks.png','0'),(5,'Blogosphere News','http://www.blogospherenews.com/submit.php?url=PERMALINK&amp;title=TITLE','blogospherenews.png','0'),(6,'blogtercimlap','http://cimlap.blogter.hu/index.php?action=suggest_link&amp;title=TITLE&amp;url=PERMALINK','blogter.png','0'),(7,'Faves','http://faves.com/Authoring.aspx?u=PERMALINK&amp;title=TITLE','bluedot.png','0'),(8,'connotea','http://www.connotea.org/addpopup?continue=confirm&amp;uri=PERMALINK&amp;title=TITLE&amp;description=EXCERPT','connotea.png','0'),(9,'Current','http://current.com/clipper.htm?url=PERMALINK&amp;title=TITLE','current.png','0'),(10,'del.icio.us','http://delicious.com/post?url=PERMALINK&amp;title=TITLE&amp;notes=EXCERPT','delicious.png','0'),(11,'Digg','http://digg.com/submit?phase=2&amp;url=PERMALINK&amp;title=TITLE&amp;bodytext=EXCERPT','digg.png','1'),(12,'Diigo','http://www.diigo.com/post?url=PERMALINK&amp;title=TITLE','diigo.png','0'),(13,'DotNetKicks','http://www.dotnetkicks.com/kick/?url=PERMALINK&amp;title=TITLE','dotnetkicks.png','0'),(14,'DZone','http://www.dzone.com/links/add.html?url=PERMALINK&amp;title=TITLE','dzone.png','0'),(15,'eKudos','http://www.ekudos.nl/artikel/nieuw?url=PERMALINK&amp;title=TITLE&amp;desc=EXCERPT','ekudos.png','0'),(16,'email','mailto:?subject=TITLE&amp;body=PERMALINK','email_link.png','0'),(17,'Facebook','http://www.facebook.com/share.php?u=PERMALINK&amp;t=TITLE','facebook.png','1'),(18,'Fark','http://cgi.fark.com/cgi/fark/farkit.pl?h=TITLE&amp;u=PERMALINK','fark.png','0'),(19,'Fleck','http://beta3.fleck.com/bookmarklet.php?url=PERMALINK&amp;title=TITLE','fleck.png','0'),(20,'FriendFeed','http://www.friendfeed.com/share?title=TITLE&amp;link=PERMALINK','friendfeed.png','0'),(21,'FSDaily','http://www.fsdaily.com/submit?url=PERMALINK&amp;title=TITLE','fsdaily.png','0'),(22,'Global Grind','http://globalgrind.com/submission/submit.aspx?url=PERMALINK&amp;type=Article&amp;title=TITLE','globalgrind.png','0'),(23,'Google','http://www.google.com/bookmarks/mark?op=edit&amp;bkmk=PERMALINK&amp;title=TITLE&amp;annotation=EXCERPT','googlebookmark.png','0'),(24,'Gwar','http://www.gwar.pl/DodajGwar.html?u=PERMALINK','gwar.png','0'),(25,'HackerNews','http://news.ycombinator.com/submitlink?u=PERMALINK&amp;t=TITLE','hackernews.png','0'),(26,'Haohao','http://www.haohaoreport.com/submit.php?url=PERMALINK&amp;title=TITLE','haohao.png','0'),(27,'HealthRanker','http://healthranker.com/submit.php?url=PERMALINK&amp;title=TITLE','healthranker.png','0'),(28,'HelloTxt','http://hellotxt.com/?status=TITLE+PERMALINK','hellotxt.png','0'),(29,'Hemidemi','http://www.hemidemi.com/user_bookmark/new?title=TITLE&amp;url=PERMALINK','hemidemi.png','0'),(30,'Hyves','http://www.hyves.nl/profilemanage/add/tips/?name=TITLE&amp;text=EXCERPT+PERMALINK&amp;rating=5','hyves.png','0'),(31,'Identi.ca','http://identi.ca/notice/new?status_textarea=PERMALINK','identica.png','0'),(32,'IndianPad','http://www.indianpad.com/submit.php?url=PERMALINK','indianpad.png','0'),(33,'Internetmedia','http://internetmedia.hu/submit.php?url=PERMALINK','im.png','0'),(34,'Kirtsy','http://www.kirtsy.com/submit.php?url=PERMALINK&amp;title=TITLE','kirtsy.png','0'),(35,'laaik.it','http://laaik.it/NewStoryCompact.aspx?uri=PERMALINK&amp;headline=TITLE&amp;cat=5e082fcc-8a3b-47e2-acec-fdf64ff19d12','laaikit.png','0'),(36,'LinkArena','http://linkarena.com/bookmarks/addlink/?url=PERMALINK&amp;title=TITLE','linkarena.png','0'),(37,'LinkaGoGo','http://www.linkagogo.com/go/AddNoPopup?url=PERMALINK&amp;title=TITLE','linkagogo.png','0'),(38,'LinkedIn','http://www.linkedin.com/shareArticle?mini=true&amp;url=PERMALINK&amp;title=TITLE&amp;source=BLOGNAME&amp;summary=EXCERPT','linkedin.png','0'),(39,'Linkter','http://www.linkter.hu/index.php?action=suggest_link&amp;url=PERMALINK&amp;title=TITLE','linkter.png','0'),(40,'Live','https://favorites.live.com/quickadd.aspx?marklet=1&amp;url=PERMALINK&amp;title=TITLE','live.png','0'),(41,'Meneame','http://meneame.net/submit.php?url=PERMALINK','meneame.png','0'),(42,'MisterWong','http://www.mister-wong.com/addurl/?bm_url=PERMALINK&amp;bm_description=TITLE&amp;plugin=soc','misterwong.png','0'),(43,'MisterWong.DE','http://www.mister-wong.de/addurl/?bm_url=PERMALINK&amp;bm_description=TITLE&amp;plugin=soc','misterwong.png','0'),(44,'Mixx','http://www.mixx.com/submit?page_url=PERMALINK&amp;title=TITLE','mixx.png','0'),(45,'muti','http://www.muti.co.za/submit?url=PERMALINK&amp;title=TITLE','muti.png','0'),(46,'MyShare','http://myshare.url.com.tw/index.php?func=newurl&amp;url=PERMALINK&amp;desc=TITLE','myshare.png','0'),(47,'MySpace','http://www.myspace.com/Modules/PostTo/Pages/?u=PERMALINK&amp;t=TITLE','myspace.png','0'),(48,'MSNReporter','http://reporter.nl.msn.com/?fn=contribute&amp;Title=TITLE&amp;URL=PERMALINK&amp;cat_id=6&amp;tag_id=31&amp;Remark=EXCERPT','msnreporter.png','0'),(49,'N4G','http://www.n4g.com/tips.aspx?url=PERMALINK&amp;title=TITLE','n4g.png','0'),(50,'Netvibes','http://www.netvibes.com/share?title=TITLE&amp;url=PERMALINK','netvibes.png','0'),(51,'NewsVine','http://www.newsvine.com/_tools/seed&amp;save?u=PERMALINK&amp;h=TITLE','newsvine.png','0'),(52,'Netvouz','http://www.netvouz.com/action/submitBookmark?url=PERMALINK&amp;title=TITLE&amp;popup=no','netvouz.png','0'),(53,'NuJIJ','http://nujij.nl/jij.lynkx?t=TITLE&amp;u=PERMALINK&amp;b=EXCERPT','nujij.png','0'),(54,'Ping.fm','http://ping.fm/ref/?link=PERMALINK&amp;title=TITLE&amp;body=EXCERPT','ping.png','0'),(55,'Posterous','http://posterous.com/share?linkto=PERMALINK&amp;title=TITLE&amp;selection=EXCERPT','posterous.png','0'),(56,'PDF','http://www.printfriendly.com/print?url=PERMALINK&amp;partner=sociable','pdf.png','0'),(57,'Print','http://www.printfriendly.com/print?url=PERMALINK&amp;partner=sociable','printfriendly.png','0'),(58,'Propeller','http://www.propeller.com/submit/?url=PERMALINK','propeller.png','0'),(59,'Ratimarks','http://ratimarks.org/bookmarks.php/?action=add&address=PERMALINK&amp;title=TITLE','ratimarks.png','0'),(60,'Rec6','http://rec6.via6.com/link.php?url=PERMALINK&amp;=TITLE','rec6.png','0'),(61,'Reddit','http://reddit.com/submit?url=PERMALINK&amp;title=TITLE','reddit.png','0'),(62,'RSS','FEEDLINK','rss.png','0'),(63,'Scoopeo','http://www.scoopeo.com/scoop/new?newurl=PERMALINK&amp;title=TITLE','scoopeo.png','0'),(64,'Segnalo','http://segnalo.alice.it/post.html.php?url=PERMALINK&amp;title=TITLE','segnalo.png','0'),(65,'Simpy','http://www.simpy.com/simpy/LinkAdd.do?href=PERMALINK&amp;title=TITLE','simpy.png','0'),(66,'Slashdot','http://slashdot.org/bookmark.pl?title=TITLE&amp;url=PERMALINK','slashdot.png','0'),(67,'Socialogs','http://socialogs.com/add_story.php?story_url=PERMALINK&amp;story_title=TITLE','socialogs.png','0'),(68,'SphereIt','http://www.sphere.com/search?q=sphereit:PERMALINK&amp;title=TITLE','sphere.png','0'),(69,'Sphinn','http://sphinn.com/index.php?c=post&amp;m=submit&amp;link=PERMALINK','sphinn.png','0'),(70,'StumbleUpon','http://www.stumbleupon.com/submit?url=PERMALINK&amp;title=TITLE','stumbleupon.png','0'),(71,'Techmeme','http://twitter.com/home/?status=tip%20@Techmeme%20PERMALINK%20TITLE','techmeme.png','0'),(72,'Technorati','http://technorati.com/faves?add=PERMALINK','technorati.png','1'),(73,'ThisNext','http://www.thisnext.com/pick/new/submit/sociable/?url=PERMALINK&amp;name=TITLE','thisnext.png','0'),(74,'Tipd','http://tipd.com/submit.php?url=PERMALINK','tipd.png','0'),(75,'Tumblr','http://www.tumblr.com/share?v=3&amp;u=PERMALINK&amp;t=TITLE&amp;s=EXCERPT','tumblr.png','0'),(76,'Twitter','http://twitter.com/home?status=TITLE%20-%20PERMALINK','twitter.png','1'),(77,'Upnews','http://www.upnews.it/submit?url=PERMALINK&amp;title=TITLE','upnews.png','0'),(78,'Webnews.de','http://www.webnews.de/einstellen?url=PERMALINK&amp;title=TITLE','webnews.png','0'),(79,'Webride','http://webride.org/discuss/split.php?uri=PERMALINK&amp;title=TITLE','webride.png','0'),(80,'Wikio','http://www.wikio.com/vote?url=PERMALINK','wikio.png','0'),(81,'Wikio FR','http://www.wikio.fr/vote?url=PERMALINK','wikio.png','0'),(82,'Wikio IT','http://www.wikio.it/vote?url=PERMALINK','wikio.png','0'),(83,'Wists','http://wists.com/s.php?c=&amp;r=PERMALINK&amp;title=TITLE','wists.png','0'),(84,'Wykop','http://www.wykop.pl/dodaj?url=PERMALINK','wykop.png','0'),(85,'Xerpi','http://www.xerpi.com/block/add_link_from_extension?url=PERMALINK&amp;title=TITLE','xerpi.png','0'),(86,'YahooBuzz','http://buzz.yahoo.com/submit/?submitUrl=PERMALINK&amp;submitHeadline=TITLE&amp;submitSummary=EXCERPT&amp;submitCategory=science&amp;submitAssetType=text','yahoobuzz.png','0'),(87,'Yahoo! Bookmarks','http://bookmarks.yahoo.com/toolbar/savebm?u=PERMALINK&amp;t=TITLE&opener=bm&amp;ei=UTF-8&amp;d=EXCERPT','yahoomyweb.png','0'),(88,'Yigg','http://yigg.de/neu?exturl=PERMALINK&amp;exttitle=TITLE','yiggit.png','0'),(89,'Blogplay','http://blogplay.com','blogplay.png','0');

--
-- Table structure for table `idx_pl_twitter_account`
--

CREATE TABLE `idx_pl_twitter_account` (
  `ck` varchar(255) CHARACTER SET utf8 DEFAULT NULL,
  `cs` varchar(255) CHARACTER SET utf8 DEFAULT NULL,
  `at` varchar(255) CHARACTER SET utf8 DEFAULT NULL,
  `ats` varchar(255) CHARACTER SET utf8 DEFAULT NULL
) ENGINE=MyISAM DEFAULT CHARSET=latin1;

--
-- Dumping data for table `idx_pl_twitter_account`
--

INSERT INTO `idx_pl_twitter_account` VALUES ('MmXWMZjF18Um9Z7ZmpaREA','r3m9olvdi7My1KWs9ArT6NDl1e5zhxAPxHC3tsab64','https://api.twitter.com/oauth/authorize','https://api.twitter.com/oauth/access_token');

--
-- Table structure for table `idx_plugin`
--

CREATE TABLE `idx_plugin` (
  `plugin_id` int(11) NOT NULL AUTO_INCREMENT,
  `name` varchar(255) DEFAULT NULL,
  `plugin_file` varchar(255) DEFAULT NULL,
  `status` enum('0','1') DEFAULT NULL,
  `option_plugin` text,
  PRIMARY KEY (`plugin_id`)
) ENGINE=MyISAM AUTO_INCREMENT=3 DEFAULT CHARSET=latin1;

--
-- Dumping data for table `idx_plugin`
--

INSERT INTO `idx_plugin` VALUES (1,'AutoTweet','twitter_auto_tweet/twitter_auto_tweet.php','1',NULL),(2,'Sociable','sociable/sociable.php','1',NULL);

--
-- Table structure for table `idx_review`
--

CREATE TABLE `idx_review` (
  `review_id` mediumint(9) unsigned NOT NULL AUTO_INCREMENT,
  `link_id` mediumint(9) unsigned NOT NULL DEFAULT '0',
  `review` text NOT NULL,
  `rating` tinyint(3) unsigned NOT NULL DEFAULT '0',
  `date` date NOT NULL DEFAULT '0000-00-00',
  `subject` varchar(100) DEFAULT NULL,
  `status` char(1) DEFAULT NULL,
  `username` varchar(20) DEFAULT NULL,
  `name` varchar(20) DEFAULT NULL,
  `email` varchar(100) DEFAULT NULL,
  PRIMARY KEY (`review_id`)
) ENGINE=MyISAM DEFAULT CHARSET=latin1;

--
-- Dumping data for table `idx_review`
--


--
-- Table structure for table `idx_searchlog`
--

CREATE TABLE `idx_searchlog` (
  `keyword` varchar(100) NOT NULL DEFAULT '',
  `time` datetime NOT NULL DEFAULT '0000-00-00 00:00:00',
  `result` mediumint(9) unsigned DEFAULT NULL,
  `ip` varchar(100) DEFAULT NULL
) ENGINE=MyISAM DEFAULT CHARSET=latin1;

--
-- Dumping data for table `idx_searchlog`
--


--
-- Table structure for table `idx_set_hook_place`
--

CREATE TABLE `idx_set_hook_place` (
  `set_hook_place_id` int(11) NOT NULL AUTO_INCREMENT,
  `plugin` varchar(255) DEFAULT NULL,
  `set_hook_place` text,
  PRIMARY KEY (`set_hook_place_id`)
) ENGINE=MyISAM DEFAULT CHARSET=latin1;

--
-- Dumping data for table `idx_set_hook_place`
--


--
-- Table structure for table `idx_setting`
--

CREATE TABLE `idx_setting` (
  `setting_id` int(11) NOT NULL AUTO_INCREMENT,
  `setting_name` varchar(255) DEFAULT NULL,
  `setting_value` text,
  PRIMARY KEY (`setting_id`)
) ENGINE=MyISAM AUTO_INCREMENT=55 DEFAULT CHARSET=latin1;

--
-- Dumping data for table `idx_setting`
--

INSERT INTO `idx_setting` VALUES (4,'site_name','10googol.org'),(5,'site_url','http://10googol.org'),(6,'email_address','amelia.ludtke@gmail.com'),(7,'language_code','en_US'),(8,'theme_path','/home/googol/public_html/themes/'),(9,'admin_template_path','/home/googol/public_html/admin_tpl/'),(10,'plugin_path','/home/googol/public_html/plugin/'),(12,'active_theme','_10googol'),(14,'spam_proof','1'),(15,'enable_user_validation','1'),(16,'allowed_file_extension','gif,jpg,png,pdf,zip,doc'),(17,'yahoo_appid',''),(18,'whosonline','600'),(19,'reciprocal_check','0'),(20,'urlcheck_limit','1'),(21,'pagerank_cache','30'),(22,'max_image_width','1024'),(23,'max_image_height','756'),(24,'max_file_size','500'),(25,'only_registered_can_add_link','0'),(26,'only_registered_can_add_review','0'),(27,'db_use_persistent','0'),(28,'paid_link_day_period','30,60,90,180'),(29,'paid_link_price_factor','1,1.5,2,3'),(30,'enable_html_tag','1'),(31,'allowed_html_tag','<b>,<strong>,<i>,<em>,<u>,<pre>,<blockquote>,<ol>,<ul>,<li>,<p>,<span>,<div>,<table>,<tr>,<td>'),(32,'enable_page_compression','0'),(33,'enable_category_ajax','1'),(34,'require_visit_category','0'),(35,'additional_category_price','0.5'),(36,'enable_rating_ajax','1'),(37,'service_nicecoder_avail','1'),(38,'enable_recaptcha','0'),(39,'recaptcha_publickey',''),(40,'recaptcha_privatekey',''),(41,'enable_bidding','0'),(42,'minimum_bid','5'),(43,'bid_increament','1'),(44,'charset','utf-8'),(45,'mailer','mail'),(46,'smtp_auth','0'),(47,'smtp_host',''),(48,'smtp_username',''),(49,'smtp_password',''),(50,'smtp_port','25'),(51,'emailbody_as_html','0'),(52,'indexu_version','2.4'),(53,'tos',''),(54,'submission_guidelines','');

--
-- Table structure for table `idx_tags`
--

CREATE TABLE `idx_tags` (
  `tag` varchar(64) NOT NULL DEFAULT '',
  `category_id` mediumint(8) unsigned NOT NULL DEFAULT '0',
  `total` int(11) NOT NULL DEFAULT '0',
  `tag_path` varchar(64) NOT NULL,
  PRIMARY KEY (`tag`,`category_id`)
) ENGINE=MyISAM DEFAULT CHARSET=latin1;

--
-- Dumping data for table `idx_tags`
--


--
-- Table structure for table `idx_unavailable`
--

CREATE TABLE `idx_unavailable` (
  `idx_unavailable` int(11) NOT NULL AUTO_INCREMENT,
  `link_id` int(11) DEFAULT NULL,
  `url` varchar(255) DEFAULT NULL,
  `who_is` varchar(255) DEFAULT NULL,
  `note` text,
  `date` datetime DEFAULT NULL,
  PRIMARY KEY (`idx_unavailable`)
) ENGINE=MyISAM DEFAULT CHARSET=latin1;

--
-- Dumping data for table `idx_unavailable`
--


--
-- Table structure for table `idx_unavailable_latest`
--

CREATE TABLE `idx_unavailable_latest` (
  `idx_link` int(11) DEFAULT NULL,
  `record_execution` int(11) DEFAULT NULL
) ENGINE=MyISAM DEFAULT CHARSET=latin1;

--
-- Dumping data for table `idx_unavailable_latest`
--


--
-- Table structure for table `idx_votes`
--

CREATE TABLE `idx_votes` (
  `link_id` mediumint(9) NOT NULL DEFAULT '0',
  `ip` varchar(100) DEFAULT NULL,
  `value` tinyint(4) DEFAULT NULL
) ENGINE=MyISAM DEFAULT CHARSET=latin1;

--
-- Dumping data for table `idx_votes`
--



