--
-- Host: a2zweblinks.org    Database: a2zweb_indexu
-- ------------------------------------------------------


--
-- Not dumping tablespaces as no INFORMATION_SCHEMA.FILES table on this server
--

--
-- Table structure for table `directory_save_data`
--

CREATE TABLE `directory_save_data` (
  `id` bigint(100) NOT NULL auto_increment,
  `schedule_id` bigint(100) NOT NULL,
  `project_id` bigint(100) NOT NULL,
  `link_id` bigint(100) NOT NULL,
  `confirm_link` text NOT NULL,
  `category_id` int(10) NOT NULL,
  `category_name` varchar(150) NOT NULL,
  PRIMARY KEY  (`id`)
) ENGINE=InnoDB DEFAULT CHARSET=latin1;

--
-- Dumping data for table `directory_save_data`
--


--
-- Table structure for table `idx_admin_menu`
--

CREATE TABLE `idx_admin_menu` (
  `menu_id` int(11) NOT NULL auto_increment,
  `parent_id` int(11) default NULL,
  `menu_title` varchar(255) default NULL,
  `menu_url` varchar(255) default NULL,
  `order_number` int(11) default NULL,
  PRIMARY KEY  (`menu_id`)
) ENGINE=MyISAM AUTO_INCREMENT=85 DEFAULT CHARSET=latin1;

--
-- Dumping data for table `idx_admin_menu`
--



--
-- Table structure for table `idx_bad_link`
--

CREATE TABLE `idx_bad_link` (
  `bad_link_id` mediumint(9) unsigned NOT NULL auto_increment,
  `link_id` mediumint(9) unsigned NOT NULL default '0',
  `name` varchar(50) NOT NULL default '',
  `email` varchar(50) NOT NULL default '',
  `type` tinyint(3) unsigned NOT NULL default '0',
  `date` date NOT NULL default '0000-00-00',
  PRIMARY KEY  (`bad_link_id`)
) ENGINE=MyISAM DEFAULT CHARSET=latin1;

--
-- Dumping data for table `idx_bad_link`
--


--
-- Table structure for table `idx_badwords`
--

CREATE TABLE `idx_badwords` (
  `word` varchar(100) NOT NULL default ''
) ENGINE=MyISAM DEFAULT CHARSET=latin1;

--
-- Dumping data for table `idx_badwords`
--


--
-- Table structure for table `idx_blocked_domain`
--

CREATE TABLE `idx_blocked_domain` (
  `blocked_id` int(11) NOT NULL auto_increment,
  `blocked` varchar(255) default NULL,
  `type` enum('domain','ip') default NULL,
  PRIMARY KEY  (`blocked_id`)
) ENGINE=MyISAM AUTO_INCREMENT=6 DEFAULT CHARSET=latin1;

--
-- Dumping data for table `idx_blocked_domain`
--

INSERT INTO `idx_blocked_domain` VALUES (1,'buydomains.com','domain'),(2,'this-domain-for-sale.com ','domain'),(3,'oversee.net','domain'),(4,'eNom','domain'),(5,'sedoparking.com','domain');

--
-- Table structure for table `idx_category`
--

CREATE TABLE `idx_category` (
  `category_id` mediumint(9) unsigned NOT NULL auto_increment,
  `parent_id` mediumint(9) unsigned NOT NULL default '0',
  `name` varchar(100) NOT NULL default '',
  `description` text NOT NULL,
  `image` varchar(100) default NULL,
  `content` text,
  `visible` char(1) default NULL,
  `links` mediumint(9) default NULL,
  `meta_keyword` text,
  `meta_description` text,
  `permission` char(2) default NULL,
  `registered_only` char(1) default NULL,
  `header` text NOT NULL,
  `footer` text NOT NULL,
  `related` mediumint(6) NOT NULL default '0',
  `page_title` varchar(200) NOT NULL default '',
  `hits` int(11) NOT NULL default '0',
  `order_num` smallint(6) NOT NULL default '0',
  `basic_price` double unsigned NOT NULL default '0',
  `premium_price` double unsigned NOT NULL default '0',
  `sponsored_price` double unsigned NOT NULL default '0',
  PRIMARY KEY  (`category_id`)
) ENGINE=MyISAM AUTO_INCREMENT=36 DEFAULT CHARSET=latin1;

--
-- Dumping data for table `idx_category`
--

INSERT INTO `idx_category` VALUES (1,0,'Arts & Humanities','','folder.gif','','1',7,'','','1','0','','',0,'',0,0,0,0,0),(2,0,'Automobile industry','','folder.gif','','1',21,'','','1','0','','',0,'',0,0,0,0,0),(3,0,'Business & Economy','','folder.gif','','1',53,'','','1','0','','',0,'',0,0,0,0,0),(4,0,'Careers','','folder.gif','','1',1,'','','1','0','','',0,'',0,0,0,0,0),(5,0,'Clothing & Fashion','','folder.gif','','1',5,'','','1','0','','',0,'',0,0,0,0,0),(6,0,'Mass Communications','','folder.gif','','1',11,'','','1','0','','',0,'',0,0,0,0,0),(7,0,'Computers & IT','','folder.gif','','1',10,'','','1','0','','',0,'',0,0,0,0,0),(8,0,'Construction Services','','folder.gif','','1',48,'','','1','0','','',0,'',0,0,0,0,0),(9,0,'Dental Health','','folder.gif','','1',16,'','','1','0','','',0,'',0,0,0,0,0),(10,0,'Education & Training','','folder.gif','','1',10,'','','1','0','','',0,'',0,0,0,0,0),(11,0,'Employment & Recruitment','','folder.gif','','1',1,'','','1','0','','',0,'',0,0,0,0,0),(12,0,'Gifts & Novelties','','folder.gif','','1',7,'','','1','0','','',0,'',0,0,0,0,0),(13,0,'Weddings','','folder.gif','','1',5,'','','1','0','','',0,'',0,0,0,0,0),(14,0,'Travel & Tour','','folder.gif','','1',8,'','','1','0','','',0,'',0,0,0,0,0),(15,0,'Transportation Services','','folder.gif','','1',20,'','','1','0','','',0,'',0,0,0,0,0),(16,0,'Sports & Recreation','','folder.gif','','1',6,'','','1','0','','',0,'',0,0,0,0,0),(17,0,'Shopping and Sales','','folder.gif','','1',28,'','','1','0','','',0,'',0,0,0,0,0),(18,0,'SEO ,SMO & PPC','','folder.gif','','1',15,'','','1','0','','',0,'',0,0,0,0,0),(19,0,'Energy & Science ','','folder.gif','','1',8,'','','1','0','','',0,'',0,0,0,0,0),(20,0,'Real Estate Development','','folder.gif','','1',15,'','','1','0','','',0,'',0,0,0,0,0),(21,0,'Plumbing Services','','folder.gif','','1',23,'','','1','0','','',0,'',0,0,0,0,0),(22,0,'News & Magazines','','folder.gif','','1',1,'','','1','0','','',0,'',0,0,0,0,0),(23,0,'Finance & Investment','','folder.gif','','1',8,'','','1','0','','',0,'',0,0,0,0,0),(24,0,'Medicine & Surgery','','folder.gif','','1',4,'','','1','0','','',0,'',0,0,0,0,0),(25,0,'Lifestyle & Society','','folder.gif','','1',1,'','','1','0','','',0,'',0,0,0,0,0),(26,0,'Lawyers & Attorneys','','folder.gif','','1',93,'','','1','0','','',0,'',0,0,0,0,0),(27,0,'Law & Legal','','folder.gif','','1',4,'','','1','0','','',0,'',0,0,0,0,0),(28,0,'Insurance Providers','','folder.gif','','1',21,'','','1','0','','',0,'',0,0,0,0,0),(29,0,'Hotels ','','folder.gif','','1',6,'','','1','0','','',0,'',0,0,0,0,0),(30,0,'Home Improvement & Appliances ','','folder.gif','','1',0,'','','1','0','','',0,'',0,0,0,0,0),(31,0,'Home & Garden Making','','folder.gif','','1',252,'','','1','0','','',0,'',0,0,0,0,0),(32,0,'Heating, Ventilating and Air Conditioning','','folder.gif','','1',22,'','','1','0','','',0,'',0,0,0,0,0),(33,0,'Healthcare Industry','','folder.gif','','1',27,'','','1','0','','',0,'',0,0,0,0,0),(34,0,'Health Services','','folder.gif','','1',53,'','','1','0','','',0,'',0,0,0,0,0),(35,0,'Software & Hardware','','folder.gif','','1',2,'','','1','0','','',0,'',0,0,0,0,0);

--
-- Table structure for table `idx_category_path`
--

CREATE TABLE `idx_category_path` (
  `category_id` mediumint(9) NOT NULL default '0',
  `path` text,
  `path_with_url` text,
  `parents` text,
  PRIMARY KEY  (`category_id`)
) ENGINE=MyISAM DEFAULT CHARSET=latin1;

--
-- Dumping data for table `idx_category_path`
--

INSERT INTO `idx_category_path` VALUES (1,'Arts & Humanities','<a href=\"http://a2zweblinks.org/arts-humanities/\" name=\"cat_1\" style=\"\">Arts & Humanities</a>',';0;'),(2,'Automobile industry','<a href=\"http://a2zweblinks.org/automobile-industry/\" name=\"cat_2\" style=\"\">Automobile industry</a>',';0;'),(3,'Business & Economy','<a href=\"http://a2zweblinks.org/business-economy/\" name=\"cat_3\" style=\"\">Business & Economy</a>',';0;'),(4,'Careers','<a href=\"http://a2zweblinks.org/careers/\" name=\"cat_4\" style=\"\">Careers</a>',';0;'),(5,'Clothing & Fashion','<a href=\"http://a2zweblinks.org/clothing-fashion/\" name=\"cat_5\" style=\"\">Clothing & Fashion</a>',';0;'),(6,'Mass Communications','<a href=\"http://a2zweblinks.org/mass-communications/\" name=\"cat_6\" style=\"\">Mass Communications</a>',';0;'),(7,'Computers & IT','<a href=\"http://a2zweblinks.org/computers-it/\" name=\"cat_7\" style=\"\">Computers & IT</a>',';0;'),(8,'Construction Services','<a href=\"http://a2zweblinks.org/construction-services/\" name=\"cat_8\" style=\"\">Construction Services</a>',';0;'),(9,'Dental Health','<a href=\"http://a2zweblinks.org/dental-health/\" name=\"cat_9\" style=\"\">Dental Health</a>',';0;'),(10,'Education & Training','<a href=\"http://a2zweblinks.org/education-training/\" name=\"cat_10\" style=\"\">Education & Training</a>',';0;'),(11,'Employment & Recruitment','<a href=\"http://a2zweblinks.org/employment-recruitment/\" name=\"cat_11\" style=\"\">Employment & Recruitment</a>',';0;'),(12,'Gifts & Novelties','<a href=\"http://a2zweblinks.org/gifts-novelties/\" name=\"cat_12\" style=\"\">Gifts & Novelties</a>',';0;'),(13,'Weddings','<a href=\"http://a2zweblinks.org/weddings/\" name=\"cat_13\" style=\"\">Weddings</a>',';0;'),(14,'Travel & Tour','<a href=\"http://a2zweblinks.org/travel-tour/\" name=\"cat_14\" style=\"\">Travel & Tour</a>',';0;'),(15,'Transportation Services','<a href=\"http://a2zweblinks.org/transportation-services/\" name=\"cat_15\" style=\"\">Transportation Services</a>',';0;'),(16,'Sports & Recreation','<a href=\"http://a2zweblinks.org/sports-recreation/\" name=\"cat_16\" style=\"\">Sports & Recreation</a>',';0;'),(17,'Shopping and Sales','<a href=\"http://a2zweblinks.org/shopping-and-sales/\" name=\"cat_17\" style=\"\">Shopping and Sales</a>',';0;'),(18,'SEO ,SMO & PPC','<a href=\"http://a2zweblinks.org/seo-smo-ppc/\" name=\"cat_18\" style=\"\">SEO ,SMO & PPC</a>',';0;'),(19,'Energy & Science ','<a href=\"http://a2zweblinks.org/energy-science/\" name=\"cat_19\" style=\"\">Energy & Science </a>',';0;'),(20,'Real Estate Development','<a href=\"http://a2zweblinks.org/real-estate-development/\" name=\"cat_20\" style=\"\">Real Estate Development</a>',';0;'),(21,'Plumbing Services','<a href=\"http://a2zweblinks.org/plumbing-services/\" name=\"cat_21\" style=\"\">Plumbing Services</a>',';0;'),(22,'News & Magazines','<a href=\"http://a2zweblinks.org/news-magazines/\" name=\"cat_22\" style=\"\">News & Magazines</a>',';0;'),(23,'Finance & Investment','<a href=\"http://a2zweblinks.org/finance-investment/\" name=\"cat_23\" style=\"\">Finance & Investment</a>',';0;'),(24,'Medicine & Surgery','<a href=\"http://a2zweblinks.org/medicine-surgery/\" name=\"cat_24\" style=\"\">Medicine & Surgery</a>',';0;'),(25,'Lifestyle & Society','<a href=\"http://a2zweblinks.org/lifestyle-society/\" name=\"cat_25\" style=\"\">Lifestyle & Society</a>',';0;'),(26,'Lawyers & Attorneys','<a href=\"http://a2zweblinks.org/lawyers-attorneys/\" name=\"cat_26\" style=\"\">Lawyers & Attorneys</a>',';0;'),(27,'Law & Legal','<a href=\"http://a2zweblinks.org/law-legal/\" name=\"cat_27\" style=\"\">Law & Legal</a>',';0;'),(28,'Insurance Providers','<a href=\"http://a2zweblinks.org/insurance-providers/\" name=\"cat_28\" style=\"\">Insurance Providers</a>',';0;'),(29,'Hotels ','<a href=\"http://a2zweblinks.org/hotels/\" name=\"cat_29\" style=\"\">Hotels </a>',';0;'),(30,'Home Improvement & Appliances ','<a href=\"http://a2zweblinks.org/home-improvement-appliances/\" name=\"cat_30\" style=\"\">Home Improvement & Appliances </a>',';0;'),(31,'Home & Garden Making','<a href=\"http://a2zweblinks.org/home-garden-making/\" name=\"cat_31\" style=\"\">Home & Garden Making</a>',';0;'),(32,'Heating, Ventilating and Air Conditioning','<a href=\"http://a2zweblinks.org/heating-ventilating-and-air-conditioning/\" name=\"cat_32\" style=\"\">Heating, Ventilating and Air Conditioning</a>',';0;'),(33,'Healthcare Industry','<a href=\"http://a2zweblinks.org/healthcare-industry/\" name=\"cat_33\" style=\"\">Healthcare Industry</a>',';0;'),(34,'Health Services','<a href=\"http://a2zweblinks.org/health-services/\" name=\"cat_34\" style=\"\">Health Services</a>',';0;'),(35,'Software & Hardware','<a href=\"http://a2zweblinks.org/software-hardware/\" name=\"cat_35\" style=\"\">Software & Hardware</a>',';0;');

--
-- Table structure for table `idx_category_suggession`
--

CREATE TABLE `idx_category_suggession` (
  `id_cat_suggession` int(11) NOT NULL auto_increment,
  `parent_id` int(11) default NULL,
  `name` varchar(255) default NULL,
  `category_description` text,
  `date` datetime default NULL,
  PRIMARY KEY  (`id_cat_suggession`)
) ENGINE=MyISAM AUTO_INCREMENT=3 DEFAULT CHARSET=latin1;

--
-- Dumping data for table `idx_category_suggession`
--

INSERT INTO `idx_category_suggession` VALUES (1,33,'Dentist Leesburg VA','LCI Dentistry provides comprehensive dental care in Leesburg VA and the surrounding Loudoun County. LCI has a focus on cosmetic dentistry as well as general dentistry. Call 703-729-1818','2012-01-24 14:27:44'),(2,12,'Cool Gadgets, Latest Gadgets','HitPlay Devices Pvt. Ltd - Get the latest cool gadgets and technology avaliable at one click. To buy Innovative latest gadgets online at afforable price,visit www.hitplay.in.\r\n','2012-03-07 00:57:12');

--
-- Table structure for table `idx_checkurl`
--

CREATE TABLE `idx_checkurl` (
  `link_id` mediumint(9) NOT NULL default '0',
  `date` date NOT NULL default '0000-00-00',
  `live` char(1) NOT NULL default '',
  `reciprocal_found` char(1) NOT NULL default '',
  PRIMARY KEY  (`link_id`)
) ENGINE=MyISAM DEFAULT CHARSET=latin1;

--
-- Dumping data for table `idx_checkurl`
--


--
-- Table structure for table `idx_cronjobs`
--

CREATE TABLE `idx_cronjobs` (
  `cronjobs_id` int(11) NOT NULL auto_increment,
  `cronjobs_name` varchar(255) default NULL,
  `filename` varchar(255) NOT NULL,
  `schedule` varchar(255) NOT NULL,
  `time` datetime NOT NULL,
  `execution` varchar(1) NOT NULL,
  PRIMARY KEY  (`cronjobs_id`)
) ENGINE=MyISAM AUTO_INCREMENT=4 DEFAULT CHARSET=latin1;

--
-- Dumping data for table `idx_cronjobs`
--

INSERT INTO `idx_cronjobs` VALUES (1,NULL,'clear_templates_c.php','1,*,*,*,*','0000-00-00 00:00:00',''),(2,NULL,'update_tag_cloud.php','*,24,*,*,*','0000-00-00 00:00:00',''),(3,NULL,'clear_rss_cache.php','*,24,*,*,*','0000-00-00 00:00:00','');

--
-- Table structure for table `idx_custom_field`
--

CREATE TABLE `idx_custom_field` (
  `field_name` varchar(32) NOT NULL default '',
  `field_text` varchar(64) NOT NULL default '',
  `field_type` enum('TEXT','TEXTAREA','SELECT','MULTISELECT','CHECKBOX','RADIO','FILE','IMAGE','DATE','DATETIME','RICHEDITOR') NOT NULL default 'TEXT',
  `field_option` text NOT NULL,
  `field_img_width` int(10) unsigned NOT NULL default '0',
  `field_img_height` int(10) unsigned NOT NULL default '0',
  `field_file_size` int(10) unsigned NOT NULL default '0',
  `field_file_extension` varchar(64) NOT NULL default '',
  `required` char(1) NOT NULL default '0',
  `searchable` char(1) NOT NULL default '1',
  `permission` char(1) NOT NULL default '0'
) ENGINE=MyISAM DEFAULT CHARSET=latin1;

--
-- Dumping data for table `idx_custom_field`
--

INSERT INTO `idx_custom_field` VALUES ('image','Image','IMAGE','',0,0,0,'','0','0','2'),('address','Address','TEXT','',0,0,0,'','0','0','0'),('city','City','TEXT','',0,0,0,'','0','0','0'),('state','State','TEXT','',0,0,0,'','0','0','0'),('country','Country','TEXT','',0,0,0,'','0','0','0'),('zip','Zip','TEXT','',0,0,0,'','0','0','0'),('phone','Phone','TEXT','',0,0,0,'','0','0','0'),('fax','Fax','TEXT','',0,0,0,'','0','0','0');

--
-- Table structure for table `idx_default_field`
--

CREATE TABLE `idx_default_field` (
  `field_name` varchar(64) NOT NULL,
  `required` char(1) NOT NULL,
  `visible` char(1) NOT NULL default '1',
  `searchable` char(1) NOT NULL default '1'
) ENGINE=MyISAM DEFAULT CHARSET=latin1;

--
-- Dumping data for table `idx_default_field`
--

INSERT INTO `idx_default_field` VALUES ('title','1','1','1'),('url','1','1','1'),('description','1','1','1'),('keywords','1','1','0'),('contact_name','1','1','1'),('email','1','1','1'),('reciprocal_url','0','0','1');

--
-- Table structure for table `idx_discount_coupon`
--

CREATE TABLE `idx_discount_coupon` (
  `coupon_id` int(11) NOT NULL auto_increment,
  `coupon_code` varchar(255) default NULL,
  `coupon_value` varchar(50) default NULL,
  `link_type` varchar(255) default NULL,
  `start_date` date default NULL,
  `expired_date` date default NULL,
  `expired_usage` int(11) default NULL,
  `usage_count` int(11) default NULL,
  PRIMARY KEY  (`coupon_id`)
) ENGINE=MyISAM DEFAULT CHARSET=latin1;

--
-- Dumping data for table `idx_discount_coupon`
--


--
-- Table structure for table `idx_editor`
--

CREATE TABLE `idx_editor` (
  `username` varchar(20) default NULL,
  `category_id` mediumint(9) default NULL,
  `category` char(1) default NULL,
  `link` char(1) default NULL,
  `review` char(1) default NULL,
  `pick` char(1) default NULL,
  `status` char(1) default NULL,
  `date` date default NULL
) ENGINE=MyISAM DEFAULT CHARSET=latin1;

--
-- Dumping data for table `idx_editor`
--


--
-- Table structure for table `idx_email_template`
--

CREATE TABLE `idx_email_template` (
  `email_template_id` int(10) unsigned NOT NULL auto_increment,
  `name` varchar(255) default NULL,
  `subject` varchar(255) default NULL,
  `body` text,
  `altbody` text,
  PRIMARY KEY  (`email_template_id`)
) ENGINE=MyISAM AUTO_INCREMENT=37 DEFAULT CHARSET=latin1;

--
-- Dumping data for table `idx_email_template`
--



--
-- Table structure for table `idx_favorites`
--

CREATE TABLE `idx_favorites` (
  `favorite_id` int(11) NOT NULL auto_increment,
  `username` varchar(20) default NULL,
  `date` date default NULL,
  `title` varchar(100) default NULL,
  `description` text,
  PRIMARY KEY  (`favorite_id`)
) ENGINE=MyISAM DEFAULT CHARSET=latin1;

--
-- Dumping data for table `idx_favorites`
--


--
-- Table structure for table `idx_favorites_detail`
--

CREATE TABLE `idx_favorites_detail` (
  `favorite_id` int(11) default NULL,
  `link_id` mediumint(9) default NULL
) ENGINE=MyISAM DEFAULT CHARSET=latin1;

--
-- Dumping data for table `idx_favorites_detail`
--


--
-- Table structure for table `idx_hook_place`
--

CREATE TABLE `idx_hook_place` (
  `hook_place_id` int(11) NOT NULL auto_increment,
  `filename` varchar(255) default NULL,
  `hookname` varchar(255) default NULL,
  PRIMARY KEY  (`hook_place_id`)
) ENGINE=MyISAM DEFAULT CHARSET=latin1;

--
-- Dumping data for table `idx_hook_place`
--


--
-- Table structure for table `idx_invoice`
--

CREATE TABLE `idx_invoice` (
  `invoice_id` varchar(10) NOT NULL default '',
  `invoice_date` date default NULL,
  `due_date` date default NULL,
  `invoiced_to` text,
  `service` varchar(255) default NULL,
  `description` text,
  `total` double(8,2) default NULL,
  `comment` text,
  `paid` char(1) default NULL,
  `paid_date` date default NULL,
  `email` varchar(255) default NULL,
  PRIMARY KEY  (`invoice_id`)
) ENGINE=MyISAM DEFAULT CHARSET=latin1;

--
-- Dumping data for table `idx_invoice`
--


--
-- Table structure for table `idx_invoice_config`
--

CREATE TABLE `idx_invoice_config` (
  `company` varchar(255) default NULL,
  `contact` varchar(255) default NULL,
  `address` text,
  `phone` varchar(255) default NULL,
  `email` varchar(255) default NULL,
  `currency_symbol` varchar(255) default '$',
  `currency_code` varchar(255) default 'USD'
) ENGINE=MyISAM DEFAULT CHARSET=latin1;

--
-- Dumping data for table `idx_invoice_config`
--

INSERT INTO `idx_invoice_config` VALUES ('Your website / Company','Billing Department','Your address','Your phone #','Billing<name@yourdomain.com>','$','USD');

--
-- Table structure for table `idx_link_temp`
--

CREATE TABLE `idx_link_temp` (
  `vid` mediumint(9) unsigned NOT NULL auto_increment,
  `spam` char(1) NOT NULL default '0',
  `link_id` mediumint(9) default NULL,
  `category_id` mediumint(9) unsigned NOT NULL default '0',
  `title` varchar(100) NOT NULL default '',
  `url` text NOT NULL,
  `description` text NOT NULL,
  `contact_name` varchar(100) NOT NULL default '',
  `email` varchar(100) NOT NULL default '',
  `hits` mediumint(9) default NULL,
  `votes` smallint(6) default NULL,
  `rating` float(4,2) default NULL,
  `date` datetime NOT NULL default '0000-00-00 00:00:00',
  `bid` smallint(6) NOT NULL default '0',
  `new` char(1) default NULL,
  `hot` char(1) default NULL,
  `top_rated` char(1) default NULL,
  `pick` char(1) default NULL,
  `password` varchar(20) default NULL,
  `updated` char(1) default NULL,
  `reviews` smallint(6) default NULL,
  `avg_review` float(4,2) default NULL,
  `last_updated` datetime default NULL,
  `official_review` text,
  `keywords` varchar(255) default NULL,
  `cat1` mediumint(6) NOT NULL default '0',
  `cat2` mediumint(6) NOT NULL default '0',
  `suspended` char(1) NOT NULL default '0',
  `reciprocal_url` varchar(255) default NULL,
  `address` varchar(255) default NULL,
  `city` varchar(255) default NULL,
  `state` varchar(255) default NULL,
  `country` varchar(255) default NULL,
  `zip` varchar(255) default NULL,
  `image` varchar(255) default NULL,
  `phone` varchar(255) default NULL,
  `fax` varchar(255) default NULL,
  PRIMARY KEY  (`vid`)
) ENGINE=MyISAM DEFAULT CHARSET=latin1;

--
-- Dumping data for table `idx_link_temp`
--


--
-- Table structure for table `idx_link_temp_user`
--

CREATE TABLE `idx_link_temp_user` (
  `vid` mediumint(9) unsigned NOT NULL default '0',
  `username` varchar(20) NOT NULL default '',
  PRIMARY KEY  (`vid`)
) ENGINE=MyISAM DEFAULT CHARSET=latin1;

--
-- Dumping data for table `idx_link_temp_user`
--


--
-- Table structure for table `idx_link_user`
--

CREATE TABLE `idx_link_user` (
  `link_id` mediumint(9) unsigned NOT NULL default '0',
  `username` varchar(20) NOT NULL default '',
  PRIMARY KEY  (`link_id`)
) ENGINE=MyISAM DEFAULT CHARSET=latin1;

--
-- Dumping data for table `idx_link_user`
--


--
-- Table structure for table `idx_mailing_list`
--

CREATE TABLE `idx_mailing_list` (
  `email` varchar(50) NOT NULL default '',
  `code` varchar(4) default NULL,
  `status` char(1) default NULL,
  PRIMARY KEY  (`email`)
) ENGINE=MyISAM DEFAULT CHARSET=latin1;

--
-- Dumping data for table `idx_mailing_list`
--


--
-- Table structure for table `idx_message`
--

CREATE TABLE `idx_message` (
  `message_id` smallint(6) NOT NULL auto_increment,
  `date` date default NULL,
  `body` text,
  `subject` varchar(100) default NULL,
  PRIMARY KEY  (`message_id`)
) ENGINE=MyISAM DEFAULT CHARSET=latin1;

--
-- Dumping data for table `idx_message`
--


--
-- Table structure for table `idx_notification`
--

CREATE TABLE `idx_notification` (
  `username` varchar(20) NOT NULL default '',
  `category_id` mediumint(9) NOT NULL default '0'
) ENGINE=MyISAM DEFAULT CHARSET=latin1;

--
-- Dumping data for table `idx_notification`
--


--
-- Table structure for table `idx_pagerank`
--

CREATE TABLE `idx_pagerank` (
  `link_id` mediumint(8) unsigned NOT NULL default '0',
  `engine` char(1) NOT NULL default '',
  `rank` tinyint(4) NOT NULL default '0',
  `last_update` date NOT NULL default '0000-00-00',
  PRIMARY KEY  (`link_id`,`engine`)
) ENGINE=MyISAM DEFAULT CHARSET=latin1;

--
-- Dumping data for table `idx_pagerank`
--

INSERT INTO `idx_pagerank` VALUES (21,'g',0,'2011-11-27'),(68,'g',0,'2011-11-27'),(16,'g',0,'2011-11-27'),(42,'g',0,'2011-11-27'),(181,'g',0,'2011-12-01'),(251,'g',0,'2011-12-01'),(156,'g',0,'2011-12-01'),(309,'g',0,'2011-12-01'),(226,'g',0,'2011-12-01'),(89,'g',0,'2011-12-02'),(61,'g',0,'2011-12-02'),(70,'g',0,'2011-12-02'),(26,'g',0,'2011-12-02'),(190,'g',0,'2011-12-02'),(247,'g',0,'2011-12-02'),(108,'g',0,'2011-12-02'),(177,'g',0,'2011-12-02'),(161,'g',0,'2011-12-02'),(231,'g',0,'2011-12-02'),(186,'g',0,'2011-12-02'),(286,'g',0,'2011-12-02'),(183,'g',0,'2011-12-02'),(235,'g',0,'2011-12-02'),(293,'g',0,'2011-12-02'),(202,'g',0,'2011-12-02'),(165,'g',0,'2011-12-02'),(154,'g',0,'2011-12-02'),(185,'g',0,'2011-12-02'),(187,'g',0,'2011-12-02'),(308,'g',0,'2011-12-02'),(106,'g',0,'2011-12-02'),(240,'g',0,'2011-12-02'),(333,'g',0,'2011-12-02'),(288,'g',0,'2011-12-02'),(189,'g',0,'2011-12-02'),(284,'g',0,'2011-12-02'),(152,'g',0,'2011-12-02'),(280,'g',0,'2011-12-02'),(52,'g',0,'2011-12-02'),(20,'g',0,'2012-01-03'),(38,'g',0,'2011-12-02'),(263,'g',0,'2011-12-02'),(252,'g',0,'2011-12-02'),(51,'g',0,'2011-12-02'),(257,'g',0,'2011-12-02'),(291,'g',0,'2011-12-02'),(268,'g',0,'2011-12-02'),(206,'g',0,'2011-12-02'),(208,'g',0,'2011-12-02'),(155,'g',0,'2011-12-02'),(179,'g',0,'2011-12-02'),(109,'g',0,'2011-12-02'),(255,'g',0,'2011-12-02'),(242,'g',0,'2011-12-02'),(303,'g',0,'2011-12-02'),(312,'g',0,'2011-12-02'),(200,'g',0,'2011-12-02'),(182,'g',0,'2011-12-02'),(164,'g',0,'2011-12-02'),(234,'g',0,'2011-12-02'),(310,'g',0,'2011-12-02'),(306,'g',0,'2011-12-02'),(172,'g',0,'2011-12-02'),(313,'g',0,'2011-12-02'),(170,'g',0,'2011-12-02'),(204,'g',0,'2011-12-02'),(222,'g',0,'2011-12-02'),(180,'g',0,'2011-12-02'),(299,'g',0,'2011-12-02'),(316,'g',0,'2011-12-02'),(282,'g',0,'2011-12-02'),(2,'g',0,'2011-12-03'),(87,'g',0,'2011-12-03'),(301,'g',0,'2011-12-03'),(294,'g',0,'2011-12-03'),(9,'g',0,'2012-01-06'),(86,'g',0,'2012-01-06'),(19,'g',0,'2012-01-06'),(98,'g',0,'2012-01-06'),(101,'g',0,'2012-01-06'),(45,'g',0,'2012-01-06'),(79,'g',0,'2012-01-06'),(3,'g',0,'2011-12-03'),(47,'g',0,'2011-12-03'),(85,'g',0,'2011-12-03'),(112,'g',0,'2011-12-03'),(102,'g',0,'2011-12-03'),(28,'g',0,'2011-12-03'),(438,'g',0,'2011-12-04'),(427,'g',0,'2011-12-04'),(29,'g',0,'2011-12-04'),(449,'g',0,'2011-12-04'),(445,'g',0,'2011-12-04'),(447,'g',0,'2012-03-04'),(414,'g',0,'2012-03-04'),(439,'g',0,'2012-03-04'),(411,'g',0,'2011-12-04'),(458,'g',0,'2011-12-04'),(8,'g',0,'2011-12-05'),(66,'g',0,'2011-12-05'),(53,'g',0,'2011-12-05'),(55,'g',0,'2011-12-05'),(50,'g',0,'2011-12-05'),(74,'g',0,'2011-12-05'),(14,'g',0,'2011-12-05'),(72,'g',0,'2011-12-05'),(35,'g',0,'2011-12-05'),(436,'g',0,'2012-03-06'),(425,'g',0,'2011-12-05'),(406,'g',0,'2012-03-06'),(459,'g',0,'2012-03-06'),(54,'g',0,'2011-12-06'),(30,'g',0,'2011-12-06'),(11,'g',0,'2011-12-06'),(23,'g',0,'2011-12-06'),(347,'g',0,'2011-12-06'),(40,'g',0,'2011-12-06'),(63,'g',0,'2012-02-26'),(43,'g',0,'2012-02-26'),(18,'g',0,'2012-02-26'),(77,'g',0,'2012-02-26'),(41,'g',0,'2012-02-26'),(39,'g',0,'2011-12-06'),(56,'g',0,'2012-02-26'),(73,'g',0,'2012-02-26'),(22,'g',0,'2012-02-26'),(58,'g',0,'2012-02-26'),(113,'g',0,'2011-12-07'),(32,'g',0,'2012-03-06'),(110,'g',0,'2011-12-07'),(31,'g',0,'2011-12-07'),(83,'g',0,'2012-03-05'),(36,'g',0,'2011-12-07'),(95,'g',0,'2011-12-07'),(65,'g',0,'2011-12-07'),(25,'g',0,'2011-12-07'),(60,'g',0,'2012-03-04'),(10,'g',0,'2011-12-07'),(71,'g',0,'2012-01-07'),(37,'g',0,'2012-02-24'),(27,'g',0,'2011-12-07'),(57,'g',0,'2012-01-07'),(356,'g',0,'2012-03-07'),(97,'g',0,'2011-12-07'),(627,'g',0,'2011-12-07'),(33,'g',0,'2012-02-24'),(48,'g',0,'2011-12-07'),(424,'g',0,'2011-12-07'),(357,'g',0,'2012-03-07'),(394,'g',0,'2012-03-07'),(618,'g',0,'2011-12-07'),(614,'g',0,'2011-12-07'),(641,'g',0,'2011-12-07'),(369,'g',0,'2012-02-16'),(385,'g',0,'2011-12-07'),(395,'g',0,'2011-12-07'),(619,'g',0,'2011-12-07'),(454,'g',0,'2011-12-07'),(455,'g',0,'2012-02-16'),(622,'g',0,'2011-12-07'),(527,'g',0,'2011-12-07'),(4,'g',0,'2012-02-24'),(6,'g',0,'2012-02-24'),(13,'g',0,'2011-12-07'),(115,'g',0,'2012-01-12'),(114,'g',0,'2011-12-07'),(44,'g',0,'2011-12-07'),(34,'g',0,'2012-01-12'),(76,'g',0,'2011-12-07'),(64,'g',0,'2012-03-05'),(130,'g',0,'2011-12-07'),(67,'g',0,'2012-03-05'),(1,'g',0,'2012-01-12'),(17,'g',0,'2011-12-07'),(103,'g',0,'2011-12-07'),(12,'g',0,'2011-12-07'),(49,'g',0,'2011-12-07'),(122,'g',0,'2011-12-07'),(5,'g',0,'2011-12-07'),(46,'g',0,'2011-12-07'),(116,'g',0,'2011-12-07'),(7,'g',0,'2012-02-24'),(24,'g',0,'2011-12-07'),(80,'g',0,'2012-02-24'),(99,'g',0,'2011-12-07'),(15,'g',0,'2011-12-07'),(62,'g',0,'2012-02-24'),(69,'g',0,'2012-03-05'),(59,'g',0,'2012-02-24'),(388,'g',0,'2011-12-08'),(175,'g',0,'2011-12-08'),(245,'g',0,'2011-12-08'),(623,'g',0,'2011-12-08'),(712,'g',0,'2012-02-25'),(749,'g',0,'2011-12-10'),(661,'g',0,'2011-12-10'),(601,'g',0,'2011-12-10'),(737,'g',0,'2011-12-10'),(708,'g',0,'2011-12-11'),(728,'g',0,'2011-12-11'),(715,'g',0,'2012-03-03'),(649,'g',0,'2011-12-12'),(681,'g',0,'2011-12-12'),(691,'g',0,'2011-12-12'),(693,'g',0,'2011-12-12'),(676,'g',0,'2011-12-12'),(705,'g',0,'2011-12-12'),(734,'g',0,'2011-12-13'),(707,'g',0,'2011-12-13'),(645,'g',0,'2011-12-14'),(476,'g',0,'2011-12-14'),(400,'g',0,'2011-12-14'),(431,'g',0,'2011-12-14'),(429,'g',0,'2011-12-14'),(482,'g',0,'2011-12-14'),(457,'g',0,'2011-12-14'),(460,'g',0,'2011-12-14'),(456,'g',0,'2011-12-14'),(535,'g',0,'2011-12-14'),(590,'g',0,'2011-12-14'),(555,'g',0,'2011-12-14'),(586,'g',0,'2011-12-14'),(407,'g',0,'2011-12-14'),(351,'g',0,'2011-12-14'),(508,'g',0,'2011-12-14'),(490,'g',0,'2011-12-14'),(493,'g',0,'2011-12-14'),(513,'g',0,'2011-12-14'),(501,'g',0,'2011-12-14'),(519,'g',0,'2011-12-14'),(491,'g',0,'2011-12-14'),(500,'g',0,'2011-12-14'),(516,'g',0,'2011-12-14'),(538,'g',0,'2011-12-14'),(548,'g',0,'2011-12-14'),(558,'g',0,'2011-12-14'),(567,'g',0,'2011-12-14'),(570,'g',0,'2011-12-14'),(580,'g',0,'2011-12-14'),(575,'g',0,'2011-12-14'),(591,'g',0,'2011-12-14'),(588,'g',0,'2011-12-14'),(82,'g',0,'2011-12-14'),(90,'g',0,'2011-12-14'),(141,'g',0,'2011-12-14'),(129,'g',0,'2011-12-14'),(94,'g',0,'2011-12-14'),(469,'g',0,'2011-12-15'),(96,'g',0,'2011-12-15'),(118,'g',0,'2011-12-15'),(147,'g',0,'2011-12-15'),(135,'g',0,'2011-12-15'),(461,'g',0,'2011-12-15'),(348,'g',0,'2011-12-15'),(479,'g',0,'2011-12-15'),(546,'g',0,'2011-12-15'),(462,'g',0,'2011-12-15'),(433,'g',0,'2011-12-15'),(452,'g',0,'2011-12-15'),(467,'g',0,'2011-12-15'),(472,'g',0,'2011-12-15'),(512,'g',0,'2011-12-15'),(511,'g',0,'2011-12-15'),(412,'g',0,'2011-12-15'),(652,'g',0,'2011-12-15'),(374,'g',0,'2011-12-15'),(390,'g',0,'2011-12-15'),(443,'g',0,'2011-12-15'),(499,'g',0,'2011-12-15'),(480,'g',0,'2011-12-15'),(557,'g',0,'2011-12-15'),(566,'g',0,'2011-12-15'),(551,'g',0,'2011-12-15'),(674,'g',0,'2011-12-15'),(704,'g',0,'2011-12-15'),(690,'g',0,'2011-12-15'),(544,'g',0,'2011-12-15'),(761,'g',0,'2011-12-15'),(730,'g',0,'2011-12-15'),(725,'g',0,'2011-12-15'),(659,'g',0,'2011-12-15'),(562,'g',0,'2011-12-15'),(569,'g',0,'2011-12-15'),(540,'g',0,'2011-12-15'),(565,'g',0,'2011-12-15'),(542,'g',0,'2011-12-15'),(577,'g',0,'2011-12-15'),(578,'g',0,'2011-12-15'),(473,'g',0,'2011-12-15'),(81,'g',0,'2011-12-15'),(107,'g',0,'2011-12-15'),(143,'g',0,'2011-12-15'),(126,'g',0,'2011-12-15'),(84,'g',0,'2011-12-15'),(138,'g',0,'2011-12-15'),(477,'g',0,'2011-12-15'),(487,'g',0,'2011-12-15'),(524,'g',0,'2011-12-15'),(561,'g',0,'2011-12-15'),(505,'g',0,'2011-12-15'),(571,'g',0,'2011-12-15'),(549,'g',0,'2011-12-15'),(587,'g',0,'2011-12-15'),(521,'g',0,'2011-12-15'),(574,'g',0,'2011-12-15'),(576,'g',0,'2011-12-15'),(581,'g',0,'2011-12-15'),(100,'g',0,'2011-12-15'),(75,'g',0,'2011-12-15'),(121,'g',0,'2011-12-15'),(345,'g',0,'2011-12-15'),(111,'g',0,'2011-12-15'),(384,'g',0,'2011-12-15'),(144,'g',0,'2011-12-15'),(93,'g',0,'2011-12-15'),(145,'g',0,'2011-12-15'),(120,'g',0,'2011-12-15'),(139,'g',0,'2011-12-15'),(343,'g',0,'2011-12-15'),(378,'g',0,'2011-12-15'),(367,'g',0,'2011-12-15'),(360,'g',0,'2011-12-15'),(361,'g',0,'2011-12-15'),(434,'g',0,'2011-12-15'),(470,'g',0,'2011-12-15'),(421,'g',0,'2011-12-15'),(492,'g',0,'2011-12-15'),(503,'g',0,'2011-12-15'),(478,'g',0,'2011-12-15'),(496,'g',0,'2011-12-15'),(534,'g',0,'2011-12-15'),(543,'g',0,'2011-12-15'),(554,'g',0,'2011-12-15'),(563,'g',0,'2011-12-15'),(564,'g',0,'2011-12-15'),(559,'g',0,'2011-12-15'),(537,'g',0,'2011-12-15'),(552,'g',0,'2011-12-15'),(589,'g',0,'2011-12-15'),(583,'g',0,'2011-12-15'),(127,'g',0,'2011-12-15'),(137,'g',0,'2011-12-15'),(125,'g',0,'2011-12-15'),(123,'g',0,'2011-12-15'),(146,'g',0,'2011-12-15'),(471,'g',0,'2011-12-15'),(88,'g',0,'2011-12-15'),(409,'g',0,'2011-12-15'),(128,'g',0,'2011-12-15'),(78,'g',0,'2011-12-15'),(422,'g',0,'2011-12-15'),(466,'g',0,'2011-12-15'),(398,'g',0,'2011-12-15'),(349,'g',0,'2011-12-15'),(510,'g',0,'2011-12-15'),(504,'g',0,'2011-12-15'),(495,'g',0,'2011-12-15'),(498,'g',0,'2011-12-15'),(507,'g',0,'2011-12-15'),(494,'g',0,'2011-12-15'),(536,'g',0,'2011-12-15'),(573,'g',0,'2011-12-15'),(140,'g',0,'2011-12-15'),(468,'g',0,'2011-12-15'),(133,'g',0,'2011-12-15'),(132,'g',0,'2011-12-15'),(91,'g',0,'2011-12-15'),(528,'g',0,'2011-12-15'),(149,'g',0,'2011-12-15'),(502,'g',0,'2011-12-16'),(368,'g',0,'2011-12-16'),(475,'g',0,'2011-12-16'),(506,'g',0,'2011-12-16'),(518,'g',0,'2011-12-16'),(497,'g',0,'2011-12-16'),(711,'g',0,'2011-12-16'),(727,'g',0,'2011-12-16'),(697,'g',0,'2011-12-16'),(522,'g',0,'2011-12-16'),(486,'g',0,'2011-12-16'),(568,'g',0,'2011-12-16'),(539,'g',0,'2011-12-16'),(531,'g',0,'2011-12-16'),(547,'g',0,'2011-12-16'),(545,'g',0,'2011-12-16'),(585,'g',0,'2011-12-16'),(463,'g',0,'2011-12-16'),(104,'g',0,'2011-12-16'),(465,'g',0,'2011-12-16'),(131,'g',0,'2011-12-16'),(92,'g',0,'2011-12-16'),(119,'g',0,'2011-12-16'),(117,'g',0,'2011-12-16'),(489,'g',0,'2011-12-16'),(515,'g',0,'2011-12-16'),(464,'g',0,'2011-12-16'),(530,'g',0,'2011-12-16'),(488,'g',0,'2011-12-16'),(514,'g',0,'2011-12-16'),(481,'g',0,'2011-12-16'),(533,'g',0,'2011-12-16'),(553,'g',0,'2011-12-16'),(556,'g',0,'2011-12-16'),(532,'g',0,'2011-12-16'),(541,'g',0,'2011-12-16'),(550,'g',0,'2011-12-16'),(560,'g',0,'2011-12-16'),(584,'g',0,'2011-12-16'),(582,'g',0,'2011-12-16'),(579,'g',0,'2011-12-16'),(105,'g',0,'2011-12-16'),(134,'g',0,'2011-12-16'),(136,'g',0,'2011-12-16'),(124,'g',0,'2011-12-16'),(485,'g',0,'2011-12-16'),(432,'g',0,'2011-12-16'),(148,'g',0,'2011-12-16'),(686,'g',0,'2011-12-16'),(682,'g',0,'2011-12-16'),(365,'g',0,'2011-12-16'),(366,'g',0,'2011-12-16'),(363,'g',0,'2011-12-16'),(358,'g',0,'2011-12-16'),(517,'g',0,'2011-12-16'),(572,'g',0,'2011-12-16'),(142,'g',0,'2011-12-16'),(687,'g',0,'2011-12-17'),(377,'g',0,'2011-12-17'),(786,'g',0,'2011-12-17'),(362,'g',0,'2011-12-17'),(350,'g',0,'2012-01-30'),(386,'g',0,'2011-12-17'),(435,'g',0,'2011-12-17'),(375,'g',0,'2011-12-17'),(387,'g',0,'2011-12-17'),(782,'g',0,'2011-12-18'),(370,'g',0,'2011-12-18'),(413,'g',0,'2011-12-19'),(529,'g',0,'2011-12-19'),(713,'g',0,'2011-12-20'),(795,'g',0,'2011-12-20'),(451,'g',0,'2011-12-20'),(802,'g',0,'2011-12-21'),(804,'g',0,'2011-12-21'),(672,'g',0,'2011-12-22'),(774,'g',0,'2011-12-22'),(404,'g',0,'2011-12-22'),(402,'g',0,'2011-12-22'),(401,'g',0,'2011-12-23'),(338,'g',0,'2011-12-23'),(677,'g',0,'2011-12-23'),(337,'g',0,'2011-12-23'),(339,'g',0,'2011-12-23'),(442,'g',0,'2011-12-23'),(341,'g',0,'2011-12-23'),(340,'g',0,'2011-12-23'),(763,'g',0,'2011-12-23'),(814,'g',0,'2011-12-23'),(446,'g',0,'2011-12-27'),(820,'g',0,'2011-12-27'),(827,'g',0,'2011-12-28'),(823,'g',0,'2011-12-28'),(781,'g',0,'2011-12-28'),(809,'g',0,'2011-12-28'),(824,'g',0,'2012-03-04'),(777,'g',0,'2011-12-28'),(796,'g',0,'2011-12-29'),(785,'g',0,'2011-12-29'),(850,'g',0,'2011-12-29'),(855,'g',0,'2011-12-29'),(354,'g',0,'2011-12-30'),(843,'g',0,'2011-12-30'),(805,'g',0,'2012-03-07'),(849,'g',0,'2012-03-07'),(847,'g',0,'2011-12-31'),(848,'g',0,'2011-12-31'),(842,'g',0,'2011-12-31'),(846,'g',0,'2011-12-31'),(845,'g',0,'2011-12-31'),(844,'g',0,'2011-12-31'),(852,'g',0,'2011-12-31'),(830,'g',0,'2011-12-31'),(853,'g',0,'2011-12-31'),(818,'g',0,'2012-01-01'),(819,'g',0,'2012-02-25'),(834,'g',0,'2012-02-25'),(840,'g',0,'2012-02-25'),(829,'g',0,'2012-01-01'),(787,'g',0,'2012-01-02'),(822,'g',0,'2012-01-02'),(718,'g',0,'2012-01-02'),(716,'g',0,'2012-01-02'),(701,'g',0,'2012-01-02'),(721,'g',0,'2012-01-02'),(717,'g',0,'2012-01-02'),(719,'g',0,'2012-01-02'),(723,'g',0,'2012-01-02'),(722,'g',0,'2012-01-02'),(720,'g',0,'2012-01-02'),(675,'g',0,'2012-01-02'),(714,'g',0,'2012-01-02'),(671,'g',0,'2012-01-02'),(660,'g',0,'2012-01-02'),(673,'g',0,'2012-01-02'),(669,'g',0,'2012-01-02'),(700,'g',0,'2012-01-02'),(689,'g',0,'2012-01-02'),(678,'g',0,'2012-01-02'),(695,'g',0,'2012-01-02'),(683,'g',0,'2012-01-02'),(651,'g',0,'2012-01-02'),(650,'g',0,'2012-01-02'),(779,'g',0,'2012-01-02'),(658,'g',0,'2012-01-02'),(784,'g',0,'2012-01-02'),(648,'g',0,'2012-01-02'),(865,'g',0,'2012-02-25'),(856,'g',0,'2012-01-03'),(418,'g',0,'2012-01-03'),(419,'g',0,'2012-01-03'),(417,'g',0,'2012-01-03'),(420,'g',0,'2012-01-03'),(663,'g',0,'2012-01-03'),(664,'g',0,'2012-01-03'),(670,'g',0,'2012-01-03'),(364,'g',0,'2012-01-04'),(415,'g',0,'2012-01-04'),(405,'g',0,'2012-01-04'),(416,'g',0,'2012-01-04'),(403,'g',0,'2012-01-04'),(839,'g',0,'2012-01-04'),(854,'g',0,'2012-01-04'),(798,'g',0,'2012-01-04'),(410,'g',0,'2012-01-04'),(380,'g',0,'2012-01-04'),(773,'g',0,'2012-01-04'),(371,'g',0,'2012-01-04'),(769,'g',0,'2012-01-04'),(353,'g',0,'2012-01-04'),(381,'g',0,'2012-01-04'),(376,'g',0,'2012-01-04'),(355,'g',0,'2012-01-04'),(359,'g',0,'2012-01-04'),(391,'g',0,'2012-01-04'),(389,'g',0,'2012-01-04'),(789,'g',0,'2012-01-04'),(797,'g',0,'2012-01-04'),(780,'g',0,'2012-01-04'),(685,'g',0,'2012-01-04'),(665,'g',0,'2012-01-04'),(441,'g',0,'2012-01-04'),(448,'g',0,'2012-01-04'),(646,'g',0,'2012-01-04'),(426,'g',0,'2012-01-04'),(680,'g',0,'2012-01-04'),(767,'g',0,'2012-01-04'),(643,'g',0,'2012-01-04'),(768,'g',0,'2012-01-04'),(428,'g',0,'2012-01-04'),(653,'g',0,'2012-01-04'),(766,'g',0,'2012-01-04'),(430,'g',0,'2012-01-04'),(684,'g',0,'2012-01-04'),(444,'g',0,'2012-01-04'),(800,'g',0,'2012-01-04'),(872,'g',0,'2012-01-04'),(342,'g',0,'2012-01-04'),(873,'g',0,'2012-01-04'),(874,'g',0,'2012-01-04'),(344,'g',0,'2012-01-04'),(863,'g',0,'2012-01-04'),(346,'g',0,'2012-01-04'),(858,'g',0,'2012-01-04'),(857,'g',0,'2012-01-04'),(352,'g',0,'2012-01-04'),(758,'g',0,'2012-01-04'),(702,'g',0,'2012-01-04'),(696,'g',0,'2012-01-04'),(694,'g',0,'2012-01-04'),(710,'g',0,'2012-01-04'),(692,'g',0,'2012-01-04'),(735,'g',0,'2012-01-04'),(698,'g',0,'2012-01-04'),(726,'g',0,'2012-01-04'),(760,'g',0,'2012-01-04'),(799,'g',0,'2012-01-04'),(724,'g',0,'2012-01-04'),(729,'g',0,'2012-01-04'),(860,'g',0,'2012-01-05'),(876,'g',0,'2012-02-04'),(884,'g',0,'2012-02-04'),(882,'g',0,'2012-01-07'),(875,'g',0,'2012-01-08'),(869,'g',0,'2012-02-16'),(887,'g',0,'2012-02-16'),(905,'g',0,'2012-02-16'),(917,'g',0,'2012-01-11'),(930,'g',0,'2012-01-11'),(914,'g',0,'2012-01-11'),(933,'g',0,'2012-02-12'),(894,'g',0,'2012-02-12'),(772,'g',0,'2012-01-12'),(945,'g',0,'2012-01-19'),(883,'g',0,'2012-01-20'),(928,'g',0,'2012-01-20'),(942,'g',0,'2012-01-20'),(831,'g',0,'2012-01-22'),(816,'g',0,'2012-01-22'),(1008,'g',0,'2012-03-03'),(969,'g',0,'2012-02-25'),(906,'g',0,'2012-01-25'),(940,'g',0,'2012-01-25'),(990,'g',0,'2012-01-26'),(992,'g',0,'2012-01-26'),(907,'g',0,'2012-01-27'),(911,'g',0,'2012-01-27'),(912,'g',0,'2012-01-27'),(908,'g',0,'2012-01-27'),(909,'g',0,'2012-01-27'),(913,'g',0,'2012-01-27'),(910,'g',0,'2012-01-27'),(888,'g',0,'2012-01-27'),(943,'g',0,'2012-03-05'),(776,'g',0,'2012-01-31'),(1029,'g',0,'2012-03-06'),(794,'g',0,'2012-02-02'),(453,'g',0,'2012-02-02'),(764,'g',0,'2012-02-02'),(484,'g',0,'2012-02-02'),(765,'g',0,'2012-02-02'),(483,'g',0,'2012-02-02'),(509,'g',0,'2012-02-02'),(807,'g',0,'2012-02-02'),(474,'g',0,'2012-02-02'),(771,'g',0,'2012-02-02'),(644,'g',0,'2012-02-02'),(655,'g',0,'2012-02-02'),(733,'g',0,'2012-02-02'),(668,'g',0,'2012-02-02'),(806,'g',0,'2012-02-02'),(526,'g',0,'2012-02-02'),(688,'g',0,'2012-02-02'),(399,'g',0,'2012-02-02'),(699,'g',0,'2012-02-02'),(801,'g',0,'2012-02-02'),(709,'g',0,'2012-02-02'),(647,'g',0,'2012-02-02'),(803,'g',0,'2012-02-02'),(679,'g',0,'2012-02-02'),(706,'g',0,'2012-02-02'),(396,'g',0,'2012-02-02'),(667,'g',0,'2012-02-02'),(523,'g',0,'2012-02-02'),(392,'g',0,'2012-02-02'),(520,'g',0,'2012-02-02'),(408,'g',0,'2012-02-02'),(383,'g',0,'2012-02-02'),(991,'g',0,'2012-02-03'),(983,'g',0,'2012-02-03'),(1002,'g',0,'2012-02-03'),(1005,'g',0,'2012-02-03'),(1061,'g',0,'2012-02-03'),(1003,'g',0,'2012-02-03'),(1006,'g',0,'2012-02-03'),(1026,'g',0,'2012-02-03'),(1031,'g',0,'2012-02-03'),(893,'g',0,'2012-02-04'),(916,'g',0,'2012-02-04'),(886,'g',0,'2012-02-04'),(867,'g',0,'2012-02-04'),(868,'g',0,'2012-02-04'),(871,'g',0,'2012-02-04'),(897,'g',0,'2012-02-04'),(859,'g',0,'2012-02-04'),(974,'g',0,'2012-02-04'),(953,'g',0,'2012-02-04'),(924,'g',0,'2012-02-04'),(949,'g',0,'2012-02-04'),(973,'g',0,'2012-02-04'),(895,'g',0,'2012-02-04'),(932,'g',0,'2012-02-04'),(925,'g',0,'2012-02-04'),(934,'g',0,'2012-02-04'),(947,'g',0,'2012-02-04'),(950,'g',0,'2012-02-04'),(921,'g',0,'2012-02-04'),(903,'g',0,'2012-02-06'),(900,'g',0,'2012-02-06'),(901,'g',0,'2012-02-06'),(951,'g',0,'2012-03-07'),(988,'g',0,'2012-03-07'),(989,'g',0,'2012-02-07'),(939,'g',0,'2012-02-07'),(1017,'g',0,'2012-02-07'),(938,'g',0,'2012-02-07'),(963,'g',0,'2012-02-07'),(1034,'g',0,'2012-02-07'),(1035,'g',0,'2012-02-07'),(926,'g',0,'2012-02-08'),(775,'g',0,'2012-02-08'),(929,'g',0,'2012-02-08'),(946,'g',0,'2012-02-08'),(952,'g',0,'2012-02-08'),(967,'g',0,'2012-02-08'),(891,'g',0,'2012-02-08'),(918,'g',0,'2012-02-08'),(1076,'g',0,'2012-02-08'),(1014,'g',0,'2012-02-08'),(1028,'g',0,'2012-02-08'),(944,'g',0,'2012-02-10'),(964,'g',0,'2012-02-10'),(948,'g',0,'2012-02-10'),(941,'g',0,'2012-02-10'),(936,'g',0,'2012-02-10'),(935,'g',0,'2012-02-10'),(994,'g',0,'2012-02-10'),(962,'g',0,'2012-02-11'),(1104,'g',0,'2012-02-11'),(920,'g',0,'2012-02-11'),(1105,'g',0,'2012-02-12'),(1085,'g',0,'2012-02-12'),(1108,'g',0,'2012-02-14'),(1074,'g',0,'2012-02-16'),(1106,'g',0,'2012-02-18'),(1107,'g',0,'2012-02-19'),(1111,'g',0,'2012-02-22'),(1115,'g',0,'2012-02-22'),(1094,'g',0,'2012-02-26'),(1088,'g',0,'2012-03-03'),(1091,'g',0,'2012-03-03'),(1087,'g',0,'2012-03-03'),(1090,'g',0,'2012-03-03'),(1125,'g',0,'2012-03-03');

--
-- Table structure for table `idx_paid_listing`
--

CREATE TABLE `idx_paid_listing` (
  `link_id` mediumint(9) unsigned NOT NULL default '0',
  `premium` char(1) default NULL,
  `sponsored` char(1) default NULL,
  `expire` datetime default NULL,
  `paid` char(1) default NULL,
  PRIMARY KEY  (`link_id`)
) ENGINE=MyISAM DEFAULT CHARSET=latin1;

--
-- Dumping data for table `idx_paid_listing`
--


--
-- Table structure for table `idx_payment_gateway`
--

CREATE TABLE `idx_payment_gateway` (
  `payment_gateway_id` int(11) NOT NULL auto_increment,
  `name` varchar(100) default NULL,
  `enable` char(1) default NULL,
  `setting` text,
  `invoice_html` text,
  PRIMARY KEY  (`payment_gateway_id`)
) ENGINE=MyISAM AUTO_INCREMENT=9 DEFAULT CHARSET=latin1;

--
-- Dumping data for table `idx_payment_gateway`
--

INSERT INTO `idx_payment_gateway` VALUES (1,'paypal','1','a:2:{s:13:\"payment_email\";s:0:\"\";s:21:\"enable_paypal_sandbox\";s:1:\"0\";}','<p> \r\n	<a href=\'paynow.php?id={$invoice_id}&m=paypal\'><img src=\'http://www.paypal.com/images/x-click-but02.gif\' border=\'0\' alt=\'Make payments with PayPal - it is fast, free and secure!\' /></a> \r\n</p>\r\n'),(2,'2co','0','a:6:{s:6:\"co_sid\";s:5:\"84932\";s:9:\"co_secret\";s:5:\"tango\";s:12:\"co_recurring\";s:1:\"0\";s:9:\"co_prod_1\";s:6:\"100.00\";s:9:\"co_prod_2\";s:6:\"250.00\";s:9:\"co_prod_3\";s:6:\"400.00\";}','<p>\r\n<a href=\'paynow.php?id={$invoice_id}&m=2co\'><img src=\'http://www.2checkout.com/images/overview/btns/25.jpg\' alt=\'Pay Now with 2checkout...\' border=\'0\' /></a> \r\n</p>'),(3,'authorizenet','0','a:2:{s:21:\"authorizenet_login_id\";s:0:\"\";s:21:\"authorizenet_tran_key\";s:0:\"\";}','<p> \r\n<a href=\'paynow.php?id={$invoice_id}&m=authorizenet\'><img src=\'http://www.authorize.net/upload/images/Images/Header/authorizenet_logo.gif\' alt=\'Pay Now with Authorize.Net...\' width=\'99\' height=\'39\' style=\'{border : 1px solid #c0c0c0;}\' /></a>\r\n</p>'),(4,'egold','0','a:2:{s:19:\"egold_payee_account\";s:0:\"\";s:16:\"egold_payee_name\";s:0:\"\";}','<p> \r\n<a href=\'paynow.php?id={$invoice_id}&m=egold\'>\r\n<img src=\'http://www.e-gold.com/gif/paywith.gif\' border=\'0\' alt=\'Pay Now with e-gold...\' />\r\n</a>\r\n</p>'),(5,'moneybookers','0','a:1:{s:18:\"moneybookers_email\";s:0:\"\";}','<p> \r\n<a href=\'paynow.php?id={$invoice_id}&m=paypal\'><img src=\'http://www.moneybookers.com/images/banners/88_en_mb.gif\' border=\'0\' alt=\'Make payments with Moneybookers - it is fast, free and secure!\' /></a> \r\n</p>'),(6,'paypal-subscriptions','0','a:2:{s:13:\"payment_email\";s:0:\"\";s:21:\"enable_paypal_sandbox\";s:1:\"0\";}','<p> \r\n<a href=\'paynow.php?id={$invoice_id}&m=paypal\'><img src=\'https://www.paypal.com/en_US/i/btn/x-click-but20.gif\' border=\'0\' alt=\'Make payments with PayPal - it is fast, free and secure!\' /></a> \r\n</p>'),(7,'alertpay','0','a:2:{s:14:\"alertpay_email\";s:0:\"\";s:23:\"enable_alertpay_sandbox\";s:1:\"0\";}','<p> \r\n<a href=\'paynow.php?id={$invoice_id}&m=alertpay\'>\r\n<img src=\'https://www.alertpay.com/Images/BuyNow/pay_now_3.gif\' border=\'0\' alt=\'Make payments with PayPal - it is fast, free and secure!\' /></a> \r\n</p>'),(8,'alertpay-subcriptions','0','a:2:{s:14:\"alertpay_email\";s:0:\"\";s:23:\"enable_alertpay_sandbox\";s:1:\"0\";}','<p>\r\n<a href=\'paynow.php?id={$invoice_id}&m=alertpay-subcriptions\'>\r\n<img src=\'https://www.alertpay.com/Images/BuyNow/subscribe_now_15.gif\' border=\'0\' alt=\'Make payments with Alert Pay - it is fast, free and secure!\' /></a> \r\n</p>');

--
-- Table structure for table `idx_payment_history`
--

CREATE TABLE `idx_payment_history` (
  `payment_id` int(10) unsigned NOT NULL auto_increment,
  `contact_name` varchar(255) default NULL,
  `email` varchar(255) default NULL,
  `type` varchar(255) default NULL,
  `detail` text,
  `amount` double default NULL,
  `time` datetime default NULL,
  `invoice_id` varchar(10) default NULL,
  PRIMARY KEY  (`payment_id`)
) ENGINE=MyISAM DEFAULT CHARSET=latin1;

--
-- Dumping data for table `idx_payment_history`
--


--
-- Table structure for table `idx_pl_sociable`
--

CREATE TABLE `idx_pl_sociable` (
  `sb_id` int(11) NOT NULL auto_increment,
  `sb_name` varchar(255) character set utf8 default NULL,
  `sb_url` varchar(255) character set utf8 default NULL,
  `sb_icon` varchar(255) character set utf8 default NULL,
  `sb_enable` char(1) character set utf8 default '0',
  PRIMARY KEY  (`sb_id`)
) ENGINE=MyISAM AUTO_INCREMENT=90 DEFAULT CHARSET=latin1;

--
-- Dumping data for table `idx_pl_sociable`
--

INSERT INTO `idx_pl_sociable` VALUES (1,'BarraPunto','http://barrapunto.com/submit.pl?subj=TITLE&amp;story=PERMALINK','barrapunto.png','0'),(2,'Bitacoras.com','http://bitacoras.com/anotaciones/PERMALINK','bitacoras.png','0'),(3,'BlinkList','http://www.blinklist.com/index.php?Action=Blink/addblink.php&amp;Url=PERMALINK&amp;Title=TITLE','blinklist.png','0'),(4,'blogmarks','http://blogmarks.net/my/new.php?mini=1&amp;simple=1&amp;url=PERMALINK&amp;title=TITLE','blogmarks.png','0'),(5,'Blogosphere News','http://www.blogospherenews.com/submit.php?url=PERMALINK&amp;title=TITLE','blogospherenews.png','0'),(6,'blogtercimlap','http://cimlap.blogter.hu/index.php?action=suggest_link&amp;title=TITLE&amp;url=PERMALINK','blogter.png','0'),(7,'Faves','http://faves.com/Authoring.aspx?u=PERMALINK&amp;title=TITLE','bluedot.png','0'),(8,'connotea','http://www.connotea.org/addpopup?continue=confirm&amp;uri=PERMALINK&amp;title=TITLE&amp;description=EXCERPT','connotea.png','0'),(9,'Current','http://current.com/clipper.htm?url=PERMALINK&amp;title=TITLE','current.png','0'),(10,'del.icio.us','http://delicious.com/post?url=PERMALINK&amp;title=TITLE&amp;notes=EXCERPT','delicious.png','0'),(11,'Digg','http://digg.com/submit?phase=2&amp;url=PERMALINK&amp;title=TITLE&amp;bodytext=EXCERPT','digg.png','1'),(12,'Diigo','http://www.diigo.com/post?url=PERMALINK&amp;title=TITLE','diigo.png','0'),(13,'DotNetKicks','http://www.dotnetkicks.com/kick/?url=PERMALINK&amp;title=TITLE','dotnetkicks.png','0'),(14,'DZone','http://www.dzone.com/links/add.html?url=PERMALINK&amp;title=TITLE','dzone.png','0'),(15,'eKudos','http://www.ekudos.nl/artikel/nieuw?url=PERMALINK&amp;title=TITLE&amp;desc=EXCERPT','ekudos.png','0'),(16,'email','mailto:?subject=TITLE&amp;body=PERMALINK','email_link.png','0'),(17,'Facebook','http://www.facebook.com/share.php?u=PERMALINK&amp;t=TITLE','facebook.png','1'),(18,'Fark','http://cgi.fark.com/cgi/fark/farkit.pl?h=TITLE&amp;u=PERMALINK','fark.png','0'),(19,'Fleck','http://beta3.fleck.com/bookmarklet.php?url=PERMALINK&amp;title=TITLE','fleck.png','0'),(20,'FriendFeed','http://www.friendfeed.com/share?title=TITLE&amp;link=PERMALINK','friendfeed.png','0'),(21,'FSDaily','http://www.fsdaily.com/submit?url=PERMALINK&amp;title=TITLE','fsdaily.png','0'),(22,'Global Grind','http://globalgrind.com/submission/submit.aspx?url=PERMALINK&amp;type=Article&amp;title=TITLE','globalgrind.png','0'),(23,'Google','http://www.google.com/bookmarks/mark?op=edit&amp;bkmk=PERMALINK&amp;title=TITLE&amp;annotation=EXCERPT','googlebookmark.png','0'),(24,'Gwar','http://www.gwar.pl/DodajGwar.html?u=PERMALINK','gwar.png','0'),(25,'HackerNews','http://news.ycombinator.com/submitlink?u=PERMALINK&amp;t=TITLE','hackernews.png','0'),(26,'Haohao','http://www.haohaoreport.com/submit.php?url=PERMALINK&amp;title=TITLE','haohao.png','0'),(27,'HealthRanker','http://healthranker.com/submit.php?url=PERMALINK&amp;title=TITLE','healthranker.png','0'),(28,'HelloTxt','http://hellotxt.com/?status=TITLE+PERMALINK','hellotxt.png','0'),(29,'Hemidemi','http://www.hemidemi.com/user_bookmark/new?title=TITLE&amp;url=PERMALINK','hemidemi.png','0'),(30,'Hyves','http://www.hyves.nl/profilemanage/add/tips/?name=TITLE&amp;text=EXCERPT+PERMALINK&amp;rating=5','hyves.png','0'),(31,'Identi.ca','http://identi.ca/notice/new?status_textarea=PERMALINK','identica.png','0'),(32,'IndianPad','http://www.indianpad.com/submit.php?url=PERMALINK','indianpad.png','0'),(33,'Internetmedia','http://internetmedia.hu/submit.php?url=PERMALINK','im.png','0'),(34,'Kirtsy','http://www.kirtsy.com/submit.php?url=PERMALINK&amp;title=TITLE','kirtsy.png','0'),(35,'laaik.it','http://laaik.it/NewStoryCompact.aspx?uri=PERMALINK&amp;headline=TITLE&amp;cat=5e082fcc-8a3b-47e2-acec-fdf64ff19d12','laaikit.png','0'),(36,'LinkArena','http://linkarena.com/bookmarks/addlink/?url=PERMALINK&amp;title=TITLE','linkarena.png','0'),(37,'LinkaGoGo','http://www.linkagogo.com/go/AddNoPopup?url=PERMALINK&amp;title=TITLE','linkagogo.png','0'),(38,'LinkedIn','http://www.linkedin.com/shareArticle?mini=true&amp;url=PERMALINK&amp;title=TITLE&amp;source=BLOGNAME&amp;summary=EXCERPT','linkedin.png','0'),(39,'Linkter','http://www.linkter.hu/index.php?action=suggest_link&amp;url=PERMALINK&amp;title=TITLE','linkter.png','0'),(40,'Live','https://favorites.live.com/quickadd.aspx?marklet=1&amp;url=PERMALINK&amp;title=TITLE','live.png','0'),(41,'Meneame','http://meneame.net/submit.php?url=PERMALINK','meneame.png','0'),(42,'MisterWong','http://www.mister-wong.com/addurl/?bm_url=PERMALINK&amp;bm_description=TITLE&amp;plugin=soc','misterwong.png','0'),(43,'MisterWong.DE','http://www.mister-wong.de/addurl/?bm_url=PERMALINK&amp;bm_description=TITLE&amp;plugin=soc','misterwong.png','0'),(44,'Mixx','http://www.mixx.com/submit?page_url=PERMALINK&amp;title=TITLE','mixx.png','0'),(45,'muti','http://www.muti.co.za/submit?url=PERMALINK&amp;title=TITLE','muti.png','0'),(46,'MyShare','http://myshare.url.com.tw/index.php?func=newurl&amp;url=PERMALINK&amp;desc=TITLE','myshare.png','0'),(47,'MySpace','http://www.myspace.com/Modules/PostTo/Pages/?u=PERMALINK&amp;t=TITLE','myspace.png','0'),(48,'MSNReporter','http://reporter.nl.msn.com/?fn=contribute&amp;Title=TITLE&amp;URL=PERMALINK&amp;cat_id=6&amp;tag_id=31&amp;Remark=EXCERPT','msnreporter.png','0'),(49,'N4G','http://www.n4g.com/tips.aspx?url=PERMALINK&amp;title=TITLE','n4g.png','0'),(50,'Netvibes','http://www.netvibes.com/share?title=TITLE&amp;url=PERMALINK','netvibes.png','0'),(51,'NewsVine','http://www.newsvine.com/_tools/seed&amp;save?u=PERMALINK&amp;h=TITLE','newsvine.png','0'),(52,'Netvouz','http://www.netvouz.com/action/submitBookmark?url=PERMALINK&amp;title=TITLE&amp;popup=no','netvouz.png','0'),(53,'NuJIJ','http://nujij.nl/jij.lynkx?t=TITLE&amp;u=PERMALINK&amp;b=EXCERPT','nujij.png','0'),(54,'Ping.fm','http://ping.fm/ref/?link=PERMALINK&amp;title=TITLE&amp;body=EXCERPT','ping.png','0'),(55,'Posterous','http://posterous.com/share?linkto=PERMALINK&amp;title=TITLE&amp;selection=EXCERPT','posterous.png','0'),(56,'PDF','http://www.printfriendly.com/print?url=PERMALINK&amp;partner=sociable','pdf.png','0'),(57,'Print','http://www.printfriendly.com/print?url=PERMALINK&amp;partner=sociable','printfriendly.png','0'),(58,'Propeller','http://www.propeller.com/submit/?url=PERMALINK','propeller.png','0'),(59,'Ratimarks','http://ratimarks.org/bookmarks.php/?action=add&address=PERMALINK&amp;title=TITLE','ratimarks.png','0'),(60,'Rec6','http://rec6.via6.com/link.php?url=PERMALINK&amp;=TITLE','rec6.png','0'),(61,'Reddit','http://reddit.com/submit?url=PERMALINK&amp;title=TITLE','reddit.png','0'),(62,'RSS','FEEDLINK','rss.png','0'),(63,'Scoopeo','http://www.scoopeo.com/scoop/new?newurl=PERMALINK&amp;title=TITLE','scoopeo.png','0'),(64,'Segnalo','http://segnalo.alice.it/post.html.php?url=PERMALINK&amp;title=TITLE','segnalo.png','0'),(65,'Simpy','http://www.simpy.com/simpy/LinkAdd.do?href=PERMALINK&amp;title=TITLE','simpy.png','0'),(66,'Slashdot','http://slashdot.org/bookmark.pl?title=TITLE&amp;url=PERMALINK','slashdot.png','0'),(67,'Socialogs','http://socialogs.com/add_story.php?story_url=PERMALINK&amp;story_title=TITLE','socialogs.png','0'),(68,'SphereIt','http://www.sphere.com/search?q=sphereit:PERMALINK&amp;title=TITLE','sphere.png','0'),(69,'Sphinn','http://sphinn.com/index.php?c=post&amp;m=submit&amp;link=PERMALINK','sphinn.png','0'),(70,'StumbleUpon','http://www.stumbleupon.com/submit?url=PERMALINK&amp;title=TITLE','stumbleupon.png','0'),(71,'Techmeme','http://twitter.com/home/?status=tip%20@Techmeme%20PERMALINK%20TITLE','techmeme.png','0'),(72,'Technorati','http://technorati.com/faves?add=PERMALINK','technorati.png','1'),(73,'ThisNext','http://www.thisnext.com/pick/new/submit/sociable/?url=PERMALINK&amp;name=TITLE','thisnext.png','0'),(74,'Tipd','http://tipd.com/submit.php?url=PERMALINK','tipd.png','0'),(75,'Tumblr','http://www.tumblr.com/share?v=3&amp;u=PERMALINK&amp;t=TITLE&amp;s=EXCERPT','tumblr.png','0'),(76,'Twitter','http://twitter.com/home?status=TITLE%20-%20PERMALINK','twitter.png','1'),(77,'Upnews','http://www.upnews.it/submit?url=PERMALINK&amp;title=TITLE','upnews.png','0'),(78,'Webnews.de','http://www.webnews.de/einstellen?url=PERMALINK&amp;title=TITLE','webnews.png','0'),(79,'Webride','http://webride.org/discuss/split.php?uri=PERMALINK&amp;title=TITLE','webride.png','0'),(80,'Wikio','http://www.wikio.com/vote?url=PERMALINK','wikio.png','0'),(81,'Wikio FR','http://www.wikio.fr/vote?url=PERMALINK','wikio.png','0'),(82,'Wikio IT','http://www.wikio.it/vote?url=PERMALINK','wikio.png','0'),(83,'Wists','http://wists.com/s.php?c=&amp;r=PERMALINK&amp;title=TITLE','wists.png','0'),(84,'Wykop','http://www.wykop.pl/dodaj?url=PERMALINK','wykop.png','0'),(85,'Xerpi','http://www.xerpi.com/block/add_link_from_extension?url=PERMALINK&amp;title=TITLE','xerpi.png','0'),(86,'YahooBuzz','http://buzz.yahoo.com/submit/?submitUrl=PERMALINK&amp;submitHeadline=TITLE&amp;submitSummary=EXCERPT&amp;submitCategory=science&amp;submitAssetType=text','yahoobuzz.png','0'),(87,'Yahoo! Bookmarks','http://bookmarks.yahoo.com/toolbar/savebm?u=PERMALINK&amp;t=TITLE&opener=bm&amp;ei=UTF-8&amp;d=EXCERPT','yahoomyweb.png','0'),(88,'Yigg','http://yigg.de/neu?exturl=PERMALINK&amp;exttitle=TITLE','yiggit.png','0'),(89,'Blogplay','http://blogplay.com','blogplay.png','0');

--
-- Table structure for table `idx_plugin`
--

CREATE TABLE `idx_plugin` (
  `plugin_id` int(11) NOT NULL auto_increment,
  `name` varchar(255) default NULL,
  `plugin_file` varchar(255) default NULL,
  `status` enum('0','1') default NULL,
  `option_plugin` text,
  PRIMARY KEY  (`plugin_id`)
) ENGINE=MyISAM AUTO_INCREMENT=2 DEFAULT CHARSET=latin1;

--
-- Dumping data for table `idx_plugin`
--

INSERT INTO `idx_plugin` VALUES (1,'Sociable','sociable/sociable.php','1',NULL);

--
-- Table structure for table `idx_review`
--

CREATE TABLE `idx_review` (
  `review_id` mediumint(9) unsigned NOT NULL auto_increment,
  `link_id` mediumint(9) unsigned NOT NULL default '0',
  `review` text NOT NULL,
  `rating` tinyint(3) unsigned NOT NULL default '0',
  `date` date NOT NULL default '0000-00-00',
  `subject` varchar(100) default NULL,
  `status` char(1) default NULL,
  `username` varchar(20) default NULL,
  `name` varchar(20) default NULL,
  `email` varchar(100) default NULL,
  PRIMARY KEY  (`review_id`)
) ENGINE=MyISAM DEFAULT CHARSET=latin1;

--
-- Dumping data for table `idx_review`
--


--
-- Table structure for table `idx_searchlog`
--

CREATE TABLE `idx_searchlog` (
  `keyword` varchar(100) NOT NULL default '',
  `time` datetime NOT NULL default '0000-00-00 00:00:00',
  `result` mediumint(9) unsigned default NULL,
  `ip` varchar(100) default NULL
) ENGINE=MyISAM DEFAULT CHARSET=latin1;

--
-- Dumping data for table `idx_searchlog`
--


--
-- Table structure for table `idx_set_hook_place`
--

CREATE TABLE `idx_set_hook_place` (
  `set_hook_place_id` int(11) NOT NULL auto_increment,
  `plugin` varchar(255) default NULL,
  `set_hook_place` text,
  PRIMARY KEY  (`set_hook_place_id`)
) ENGINE=MyISAM DEFAULT CHARSET=latin1;

--
-- Dumping data for table `idx_set_hook_place`
--


--
-- Table structure for table `idx_setting`
--

CREATE TABLE `idx_setting` (
  `setting_id` int(11) NOT NULL auto_increment,
  `setting_name` varchar(255) default NULL,
  `setting_value` text,
  PRIMARY KEY  (`setting_id`)
) ENGINE=MyISAM AUTO_INCREMENT=55 DEFAULT CHARSET=latin1;

--
-- Dumping data for table `idx_setting`
--

INSERT INTO `idx_setting` VALUES (4,'site_name','a2zweblinks.org'),(5,'site_url','http://a2zweblinks.org'),(6,'email_address','armani.vanengen@gmail.com'),(7,'language_code','en_US'),(8,'theme_path','/home/a2zweb/public_html/themes/'),(9,'admin_template_path','/home/a2zweb/public_html/admin_tpl/'),(10,'plugin_path','/home/a2zweb/public_html/plugin/'),(12,'active_theme','_a2zweblinks'),(14,'spam_proof','1'),(15,'enable_user_validation','1'),(16,'allowed_file_extension','gif,jpg,png,pdf,zip,doc'),(17,'yahoo_appid',''),(18,'whosonline','600'),(19,'reciprocal_check','0'),(20,'urlcheck_limit','1'),(21,'pagerank_cache','30'),(22,'max_image_width','1024'),(23,'max_image_height','756'),(24,'max_file_size','500'),(25,'only_registered_can_add_link','0'),(26,'only_registered_can_add_review','0'),(27,'db_use_persistent','0'),(28,'paid_link_day_period','30,60,90,180'),(29,'paid_link_price_factor','1,1.5,2,3'),(30,'enable_html_tag','1'),(31,'allowed_html_tag','<b>,<strong>,<i>,<em>,<u>,<pre>,<blockquote>,<ol>,<ul>,<li>,<p>,<span>,<div>,<table>,<tr>,<td>'),(32,'enable_page_compression','0'),(33,'enable_category_ajax','1'),(34,'require_visit_category','0'),(35,'additional_category_price','0.5'),(36,'enable_rating_ajax','1'),(37,'service_nicecoder_avail','1'),(38,'enable_recaptcha','0'),(39,'recaptcha_publickey',''),(40,'recaptcha_privatekey',''),(41,'enable_bidding','0'),(42,'minimum_bid','5'),(43,'bid_increament','1'),(44,'charset','utf-8'),(45,'mailer','mail'),(46,'smtp_auth','0'),(47,'smtp_host',''),(48,'smtp_username',''),(49,'smtp_password',''),(50,'smtp_port','25'),(51,'emailbody_as_html','0'),(52,'indexu_version','2.4'),(53,'tos',''),(54,'submission_guidelines','');

--
-- Table structure for table `idx_tags`
--

CREATE TABLE `idx_tags` (
  `tag` varchar(64) NOT NULL default '',
  `category_id` mediumint(8) unsigned NOT NULL default '0',
  `total` int(11) NOT NULL default '0',
  `tag_path` varchar(64) NOT NULL,
  PRIMARY KEY  (`tag`,`category_id`)
) ENGINE=MyISAM DEFAULT CHARSET=latin1;

--
-- Dumping data for table `idx_tags`
--


--
-- Table structure for table `idx_unavailable`
--

CREATE TABLE `idx_unavailable` (
  `idx_unavailable` int(11) NOT NULL auto_increment,
  `link_id` int(11) default NULL,
  `url` varchar(255) default NULL,
  `who_is` varchar(255) default NULL,
  `note` text,
  `date` datetime default NULL,
  PRIMARY KEY  (`idx_unavailable`)
) ENGINE=MyISAM DEFAULT CHARSET=latin1;

--
-- Dumping data for table `idx_unavailable`
--


--
-- Table structure for table `idx_unavailable_latest`
--

CREATE TABLE `idx_unavailable_latest` (
  `idx_link` int(11) default NULL,
  `record_execution` int(11) default NULL
) ENGINE=MyISAM DEFAULT CHARSET=latin1;

--
-- Dumping data for table `idx_unavailable_latest`
--


--
-- Table structure for table `idx_votes`
--

CREATE TABLE `idx_votes` (
  `link_id` mediumint(9) NOT NULL default '0',
  `ip` varchar(100) default NULL,
  `value` tinyint(4) default NULL
) ENGINE=MyISAM DEFAULT CHARSET=latin1;

--
-- Dumping data for table `idx_votes`
--



