--
-- Host: alistweb.org    Database: alistw_indexu
-- ------------------------------------------------------


--
-- Table structure for table `directory_save_data`
--

CREATE TABLE `directory_save_data` (
  `id` bigint(100) NOT NULL AUTO_INCREMENT,
  `schedule_id` bigint(100) NOT NULL,
  `project_id` bigint(100) NOT NULL,
  `link_id` bigint(100) NOT NULL,
  `confirm_link` text NOT NULL,
  `category_id` int(10) NOT NULL,
  `category_name` varchar(150) NOT NULL,
  PRIMARY KEY (`id`)
) ENGINE=InnoDB DEFAULT CHARSET=latin1;

--
-- Dumping data for table `directory_save_data`
--


--
-- Table structure for table `idx_admin_menu`
--

CREATE TABLE `idx_admin_menu` (
  `menu_id` int(11) NOT NULL AUTO_INCREMENT,
  `parent_id` int(11) DEFAULT NULL,
  `menu_title` varchar(255) DEFAULT NULL,
  `menu_url` varchar(255) DEFAULT NULL,
  `order_number` int(11) DEFAULT NULL,
  PRIMARY KEY (`menu_id`)
) ENGINE=MyISAM AUTO_INCREMENT=85 DEFAULT CHARSET=latin1;

--
-- Dumping data for table `idx_admin_menu`
--



--
-- Table structure for table `idx_bad_link`
--

CREATE TABLE `idx_bad_link` (
  `bad_link_id` mediumint(9) unsigned NOT NULL AUTO_INCREMENT,
  `link_id` mediumint(9) unsigned NOT NULL DEFAULT '0',
  `name` varchar(50) NOT NULL DEFAULT '',
  `email` varchar(50) NOT NULL DEFAULT '',
  `type` tinyint(3) unsigned NOT NULL DEFAULT '0',
  `date` date NOT NULL DEFAULT '0000-00-00',
  PRIMARY KEY (`bad_link_id`)
) ENGINE=MyISAM DEFAULT CHARSET=latin1;

--
-- Dumping data for table `idx_bad_link`
--


--
-- Table structure for table `idx_badwords`
--

CREATE TABLE `idx_badwords` (
  `word` varchar(100) NOT NULL DEFAULT ''
) ENGINE=MyISAM DEFAULT CHARSET=latin1;

--
-- Dumping data for table `idx_badwords`
--


--
-- Table structure for table `idx_blocked_domain`
--

CREATE TABLE `idx_blocked_domain` (
  `blocked_id` int(11) NOT NULL AUTO_INCREMENT,
  `blocked` varchar(255) DEFAULT NULL,
  `type` enum('domain','ip') DEFAULT NULL,
  PRIMARY KEY (`blocked_id`)
) ENGINE=MyISAM AUTO_INCREMENT=6 DEFAULT CHARSET=latin1;

--
-- Dumping data for table `idx_blocked_domain`
--

INSERT INTO `idx_blocked_domain` VALUES (1,'buydomains.com','domain'),(2,'this-domain-for-sale.com ','domain'),(3,'oversee.net','domain'),(4,'eNom','domain'),(5,'sedoparking.com','domain');

--
-- Table structure for table `idx_category`
--

CREATE TABLE `idx_category` (
  `category_id` mediumint(9) unsigned NOT NULL AUTO_INCREMENT,
  `parent_id` mediumint(9) unsigned NOT NULL DEFAULT '0',
  `name` varchar(100) NOT NULL DEFAULT '',
  `description` text NOT NULL,
  `image` varchar(100) DEFAULT NULL,
  `content` text,
  `visible` char(1) DEFAULT NULL,
  `links` mediumint(9) DEFAULT NULL,
  `meta_keyword` text,
  `meta_description` text,
  `permission` char(2) DEFAULT NULL,
  `registered_only` char(1) DEFAULT NULL,
  `header` text NOT NULL,
  `footer` text NOT NULL,
  `related` mediumint(6) NOT NULL DEFAULT '0',
  `page_title` varchar(200) NOT NULL DEFAULT '',
  `hits` int(11) NOT NULL DEFAULT '0',
  `order_num` smallint(6) NOT NULL DEFAULT '0',
  `basic_price` double unsigned NOT NULL DEFAULT '0',
  `premium_price` double unsigned NOT NULL DEFAULT '0',
  `sponsored_price` double unsigned NOT NULL DEFAULT '0',
  PRIMARY KEY (`category_id`)
) ENGINE=MyISAM AUTO_INCREMENT=36 DEFAULT CHARSET=latin1;

--
-- Dumping data for table `idx_category`
--

INSERT INTO `idx_category` VALUES (1,0,'Arts & Humanities','','folder.gif','','1',8,'','','1','0','','',0,'',2,0,0,0,0),(2,0,'Automobile industry','','folder.gif','','1',21,'','','1','0','','',0,'',1,0,0,0,0),(3,0,'Business & Economy','','folder.gif','','1',56,'','','1','0','','',0,'',0,0,0,0,0),(4,0,'Careers','','folder.gif','','1',1,'','','1','0','','',0,'',0,0,0,0,0),(5,0,'Clothing & Fashion','','folder.gif','','1',6,'','','1','0','','',0,'',0,0,0,0,0),(6,0,'Mass Communications','','folder.gif','','1',11,'','','1','0','','',0,'',0,0,0,0,0),(7,0,'Computers & IT','','folder.gif','','1',9,'','','1','0','','',0,'',0,0,0,0,0),(8,0,'Construction Services','','folder.gif','','1',48,'','','1','0','','',0,'',0,0,0,0,0),(9,0,'Dental Health','','folder.gif','','1',20,'','','1','0','','',0,'',0,0,0,0,0),(10,0,'Education & Training','','folder.gif','','1',11,'','','1','0','','',0,'',0,0,0,0,0),(11,0,'Employment & Recruitment','','folder.gif','','1',0,'','','1','0','','',0,'',0,0,0,0,0),(12,0,'Gifts & Novelties','','folder.gif','','1',7,'','','1','0','','',0,'',0,0,0,0,0),(13,0,'Software & Hardware','','folder.gif','','1',2,'','','1','0','','',0,'',0,0,0,0,0),(14,0,'Health Services','','folder.gif','','1',0,'','','1','0','','',0,'',0,0,0,0,0),(15,0,'Healthcare Industry','','folder.gif','','1',81,'','','1','0','','',0,'',0,0,0,0,0),(16,0,'Heating, Ventilating and Air Conditioning','','folder.gif','','1',30,'','','1','0','','',0,'',0,0,0,0,0),(17,0,'Home & Garden Making','','folder.gif','','1',0,'','','1','0','','',0,'',1,0,0,0,0),(18,0,'Home Improvement & Appliances ','','folder.gif','','1',259,'','','1','0','','',0,'',0,0,0,0,0),(19,0,'Hotels ','','folder.gif','','1',12,'','','1','0','','',0,'',0,0,0,0,0),(20,0,'Insurance Providers','','folder.gif','','1',23,'','','1','0','','',0,'',0,0,0,0,0),(21,0,'Law Services','','folder.gif','','1',0,'','','1','0','','',0,'',0,0,0,0,0),(22,0,'Lawyers and Law Firms','','folder.gif','','1',103,'','','1','0','','',0,'',0,0,0,0,0),(23,0,'Lifestyle & People','','folder.gif','','1',2,'','','1','0','','',0,'',0,0,0,0,0),(24,0,'Medicine  Facilities','','folder.gif','','1',6,'','','1','0','','',0,'',1,0,0,0,0),(25,0,'Financial Services','','folder.gif','','1',7,'','','1','0','','',0,'',0,0,0,0,0),(26,0,'News','','folder.gif','','1',1,'','','1','0','','',0,'',1,0,0,0,0),(27,0,'Plumbing & Plumbers','','folder.gif','','1',33,'','','1','0','','',0,'',0,0,0,0,0),(28,0,'Real Estate Services','','folder.gif','','1',17,'','','1','0','','',0,'',0,0,0,0,0),(29,0,'Technology & Science','','folder.gif','','1',8,'','','1','0','','',0,'',0,0,0,0,0),(30,0,'SEO Services','','folder.gif','','1',15,'','','1','0','','',0,'',0,0,0,0,0),(31,0,'Shopping and Sales','','folder.gif','','1',25,'','','1','0','','',0,'',1,0,0,0,0),(32,0,'Sports & Recreation','','folder.gif','','1',0,'','','1','0','','',0,'',0,0,0,0,0),(33,0,'Transportation Services','','folder.gif','','1',28,'','','1','0','','',0,'',0,0,0,0,0),(34,0,'Travel & Tour','','folder.gif','','1',8,'','','1','0','','',0,'',0,0,0,0,0),(35,0,'Weddings','','folder.gif','','1',6,'','','1','0','','',0,'',0,0,0,0,0);

--
-- Table structure for table `idx_category_path`
--

CREATE TABLE `idx_category_path` (
  `category_id` mediumint(9) NOT NULL DEFAULT '0',
  `path` text,
  `path_with_url` text,
  `parents` text,
  PRIMARY KEY (`category_id`)
) ENGINE=MyISAM DEFAULT CHARSET=latin1;

--
-- Dumping data for table `idx_category_path`
--

INSERT INTO `idx_category_path` VALUES (1,'Arts & Humanities','<a href=\"http://alistweb.org/arts-humanities/\" name=\"cat_1\" style=\"\">Arts & Humanities</a>',';0;'),(2,'Automobile industry','<a href=\"http://alistweb.org/automobile-industry/\" name=\"cat_2\" style=\"\">Automobile industry</a>',';0;'),(3,'Business & Economy','<a href=\"http://alistweb.org/business-economy/\" name=\"cat_3\" style=\"\">Business & Economy</a>',';0;'),(4,'Careers','<a href=\"http://alistweb.org/careers/\" name=\"cat_4\" style=\"\">Careers</a>',';0;'),(5,'Clothing & Fashion','<a href=\"http://alistweb.org/clothing-fashion/\" name=\"cat_5\" style=\"\">Clothing & Fashion</a>',';0;'),(6,'Mass Communications','<a href=\"http://alistweb.org/mass-communications/\" name=\"cat_6\" style=\"\">Mass Communications</a>',';0;'),(7,'Computers & IT','<a href=\"http://alistweb.org/computers-it/\" name=\"cat_7\" style=\"\">Computers & IT</a>',';0;'),(8,'Construction Services','<a href=\"http://alistweb.org/construction-services/\" name=\"cat_8\" style=\"\">Construction Services</a>',';0;'),(9,'Dental Health','<a href=\"http://alistweb.org/dental-health/\" name=\"cat_9\" style=\"\">Dental Health</a>',';0;'),(10,'Education & Training','<a href=\"http://alistweb.org/education-training/\" name=\"cat_10\" style=\"\">Education & Training</a>',';0;'),(11,'Employment & Recruitment','<a href=\"http://alistweb.org/employment-recruitment/\" name=\"cat_11\" style=\"\">Employment & Recruitment</a>',';0;'),(12,'Gifts & Novelties','<a href=\"http://alistweb.org/gifts-novelties/\" name=\"cat_12\" style=\"\">Gifts & Novelties</a>',';0;'),(13,'Software & Hardware','<a href=\"http://alistweb.org/software-hardware/\" name=\"cat_13\" style=\"\">Software & Hardware</a>',';0;'),(14,'Health Services','<a href=\"http://alistweb.org/health-services/\" name=\"cat_14\" style=\"\">Health Services</a>',';0;'),(15,'Healthcare Industry','<a href=\"http://alistweb.org/healthcare-industry/\" name=\"cat_15\" style=\"\">Healthcare Industry</a>',';0;'),(16,'Heating, Ventilating and Air Conditioning','<a href=\"http://alistweb.org/heating-ventilating-and-air-conditioning/\" name=\"cat_16\" style=\"\">Heating, Ventilating and Air Conditioning</a>',';0;'),(17,'Home & Garden Making','<a href=\"http://alistweb.org/home-garden-making/\" name=\"cat_17\" style=\"\">Home & Garden Making</a>',';0;'),(18,'Home Improvement & Appliances ','<a href=\"http://alistweb.org/home-improvement-appliances/\" name=\"cat_18\" style=\"\">Home Improvement & Appliances </a>',';0;'),(19,'Hotels ','<a href=\"http://alistweb.org/hotels/\" name=\"cat_19\" style=\"\">Hotels </a>',';0;'),(20,'Insurance Providers','<a href=\"http://alistweb.org/insurance-providers/\" name=\"cat_20\" style=\"\">Insurance Providers</a>',';0;'),(21,'Law Services','<a href=\"http://alistweb.org/law-services/\" name=\"cat_21\" style=\"\">Law Services</a>',';0;'),(22,'Lawyers and Law Firms','<a href=\"http://alistweb.org/lawyers-and-law-firms/\" name=\"cat_22\" style=\"\">Lawyers and Law Firms</a>',';0;'),(23,'Lifestyle & People','<a href=\"http://alistweb.org/lifestyle-people/\" name=\"cat_23\" style=\"\">Lifestyle & People</a>',';0;'),(24,'Medicine  Facilities','<a href=\"http://alistweb.org/medicine-facilities/\" name=\"cat_24\" style=\"\">Medicine  Facilities</a>',';0;'),(25,'Financial Services','<a href=\"http://alistweb.org/financial-services/\" name=\"cat_25\" style=\"\">Financial Services</a>',';0;'),(26,'News','<a href=\"http://alistweb.org/news/\" name=\"cat_26\" style=\"\">News</a>',';0;'),(27,'Plumbing & Plumbers','<a href=\"http://alistweb.org/plumbing-plumbers/\" name=\"cat_27\" style=\"\">Plumbing & Plumbers</a>',';0;'),(28,'Real Estate Services','<a href=\"http://alistweb.org/real-estate-services/\" name=\"cat_28\" style=\"\">Real Estate Services</a>',';0;'),(29,'Technology & Science','<a href=\"http://alistweb.org/technology-science/\" name=\"cat_29\" style=\"\">Technology & Science</a>',';0;'),(30,'SEO Services','<a href=\"http://alistweb.org/seo-services/\" name=\"cat_30\" style=\"\">SEO Services</a>',';0;'),(31,'Shopping and Sales','<a href=\"http://alistweb.org/shopping-and-sales/\" name=\"cat_31\" style=\"\">Shopping and Sales</a>',';0;'),(32,'Sports & Recreation','<a href=\"http://alistweb.org/sports-recreation/\" name=\"cat_32\" style=\"\">Sports & Recreation</a>',';0;'),(33,'Transportation Services','<a href=\"http://alistweb.org/transportation-services/\" name=\"cat_33\" style=\"\">Transportation Services</a>',';0;'),(34,'Travel & Tour','<a href=\"http://alistweb.org/travel-tour/\" name=\"cat_34\" style=\"\">Travel & Tour</a>',';0;'),(35,'Weddings','<a href=\"http://alistweb.org/weddings/\" name=\"cat_35\" style=\"\">Weddings</a>',';0;');

--
-- Table structure for table `idx_category_suggession`
--

CREATE TABLE `idx_category_suggession` (
  `id_cat_suggession` int(11) NOT NULL AUTO_INCREMENT,
  `parent_id` int(11) DEFAULT NULL,
  `name` varchar(255) DEFAULT NULL,
  `category_description` text,
  `date` datetime DEFAULT NULL,
  PRIMARY KEY (`id_cat_suggession`)
) ENGINE=MyISAM AUTO_INCREMENT=5 DEFAULT CHARSET=latin1;

--
-- Dumping data for table `idx_category_suggession`
--

INSERT INTO `idx_category_suggession` VALUES (1,0,'Links','If you are looking for links I can help - me@seedcollector.com','2012-01-13 20:31:09'),(2,9,'Dentist Leesburg VA','LCI Dentistry provides comprehensive dental care in the Leesburg VA area as well as the surrounding communities in Loudoun County. Focusing on cosmetic and general dentistry as well as providing an on-site oral surgeon. Call 703-729-1818','2012-01-24 12:43:12'),(3,3,'Storm shutters','South Florida based company offers Hurricane Shutters, Accordion Shutters, Storm Shutters and Hurricane Proof Windows. Our Hurricane Shutters are approved by the Florida Building Code.','2012-01-27 01:38:38'),(4,12,'Cool Gadgets, Latest Gadgets','HitPlay Devices Pvt. Ltd - Get the latest cool gadgets and technology avaliable at one click. To buy Innovative latest gadgets online at afforable price,visit www.hitplay.in.\r\n','2012-03-06 23:06:45');

--
-- Table structure for table `idx_checkurl`
--

CREATE TABLE `idx_checkurl` (
  `link_id` mediumint(9) NOT NULL DEFAULT '0',
  `date` date NOT NULL DEFAULT '0000-00-00',
  `live` char(1) NOT NULL DEFAULT '',
  `reciprocal_found` char(1) NOT NULL DEFAULT '',
  PRIMARY KEY (`link_id`)
) ENGINE=MyISAM DEFAULT CHARSET=latin1;

--
-- Dumping data for table `idx_checkurl`
--


--
-- Table structure for table `idx_cronjobs`
--

CREATE TABLE `idx_cronjobs` (
  `cronjobs_id` int(11) NOT NULL AUTO_INCREMENT,
  `cronjobs_name` varchar(255) DEFAULT NULL,
  `filename` varchar(255) NOT NULL,
  `schedule` varchar(255) NOT NULL,
  `time` datetime NOT NULL,
  `execution` varchar(1) NOT NULL,
  PRIMARY KEY (`cronjobs_id`)
) ENGINE=MyISAM AUTO_INCREMENT=4 DEFAULT CHARSET=latin1;

--
-- Dumping data for table `idx_cronjobs`
--

INSERT INTO `idx_cronjobs` VALUES (1,NULL,'clear_templates_c.php','1,*,*,*,*','0000-00-00 00:00:00',''),(2,NULL,'update_tag_cloud.php','*,24,*,*,*','0000-00-00 00:00:00',''),(3,NULL,'clear_rss_cache.php','*,24,*,*,*','0000-00-00 00:00:00','');

--
-- Table structure for table `idx_custom_field`
--

CREATE TABLE `idx_custom_field` (
  `field_name` varchar(32) NOT NULL DEFAULT '',
  `field_text` varchar(64) NOT NULL DEFAULT '',
  `field_type` enum('TEXT','TEXTAREA','SELECT','MULTISELECT','CHECKBOX','RADIO','FILE','IMAGE','DATE','DATETIME','RICHEDITOR') NOT NULL DEFAULT 'TEXT',
  `field_option` text NOT NULL,
  `field_img_width` int(10) unsigned NOT NULL DEFAULT '0',
  `field_img_height` int(10) unsigned NOT NULL DEFAULT '0',
  `field_file_size` int(10) unsigned NOT NULL DEFAULT '0',
  `field_file_extension` varchar(64) NOT NULL DEFAULT '',
  `required` char(1) NOT NULL DEFAULT '0',
  `searchable` char(1) NOT NULL DEFAULT '1',
  `permission` char(1) NOT NULL DEFAULT '0'
) ENGINE=MyISAM DEFAULT CHARSET=latin1;

--
-- Dumping data for table `idx_custom_field`
--

INSERT INTO `idx_custom_field` VALUES ('image','Image','IMAGE','',0,0,0,'','0','0','2'),('address','Address','TEXT','',0,0,0,'','0','0','0'),('city','City','TEXT','',0,0,0,'','0','0','0'),('state','State','TEXT','',0,0,0,'','0','0','0'),('country','Country','TEXT','',0,0,0,'','0','0','0'),('zip','Zip','TEXT','',0,0,0,'','0','0','0'),('phone','Phone','TEXT','',0,0,0,'','0','0','0'),('fax','Fax','TEXT','',0,0,0,'','0','0','0');

--
-- Table structure for table `idx_default_field`
--

CREATE TABLE `idx_default_field` (
  `field_name` varchar(64) NOT NULL,
  `required` char(1) NOT NULL,
  `visible` char(1) NOT NULL DEFAULT '1',
  `searchable` char(1) NOT NULL DEFAULT '1'
) ENGINE=MyISAM DEFAULT CHARSET=latin1;

--
-- Dumping data for table `idx_default_field`
--

INSERT INTO `idx_default_field` VALUES ('title','1','1','1'),('url','1','1','1'),('description','1','1','1'),('keywords','1','1','0'),('contact_name','1','1','1'),('email','1','1','1'),('reciprocal_url','0','0','1');

--
-- Table structure for table `idx_discount_coupon`
--

CREATE TABLE `idx_discount_coupon` (
  `coupon_id` int(11) NOT NULL AUTO_INCREMENT,
  `coupon_code` varchar(255) DEFAULT NULL,
  `coupon_value` varchar(50) DEFAULT NULL,
  `link_type` varchar(255) DEFAULT NULL,
  `start_date` date DEFAULT NULL,
  `expired_date` date DEFAULT NULL,
  `expired_usage` int(11) DEFAULT NULL,
  `usage_count` int(11) DEFAULT NULL,
  PRIMARY KEY (`coupon_id`)
) ENGINE=MyISAM DEFAULT CHARSET=latin1;

--
-- Dumping data for table `idx_discount_coupon`
--


--
-- Table structure for table `idx_editor`
--

CREATE TABLE `idx_editor` (
  `username` varchar(20) DEFAULT NULL,
  `category_id` mediumint(9) DEFAULT NULL,
  `category` char(1) DEFAULT NULL,
  `link` char(1) DEFAULT NULL,
  `review` char(1) DEFAULT NULL,
  `pick` char(1) DEFAULT NULL,
  `status` char(1) DEFAULT NULL,
  `date` date DEFAULT NULL
) ENGINE=MyISAM DEFAULT CHARSET=latin1;

--
-- Dumping data for table `idx_editor`
--


--
-- Table structure for table `idx_email_template`
--

CREATE TABLE `idx_email_template` (
  `email_template_id` int(10) unsigned NOT NULL AUTO_INCREMENT,
  `name` varchar(255) DEFAULT NULL,
  `subject` varchar(255) DEFAULT NULL,
  `body` text,
  `altbody` text,
  PRIMARY KEY (`email_template_id`)
) ENGINE=MyISAM AUTO_INCREMENT=37 DEFAULT CHARSET=latin1;

--
-- Dumping data for table `idx_email_template`
--



--
-- Table structure for table `idx_favorites`
--

CREATE TABLE `idx_favorites` (
  `favorite_id` int(11) NOT NULL AUTO_INCREMENT,
  `username` varchar(20) DEFAULT NULL,
  `date` date DEFAULT NULL,
  `title` varchar(100) DEFAULT NULL,
  `description` text,
  PRIMARY KEY (`favorite_id`)
) ENGINE=MyISAM DEFAULT CHARSET=latin1;

--
-- Dumping data for table `idx_favorites`
--


--
-- Table structure for table `idx_favorites_detail`
--

CREATE TABLE `idx_favorites_detail` (
  `favorite_id` int(11) DEFAULT NULL,
  `link_id` mediumint(9) DEFAULT NULL
) ENGINE=MyISAM DEFAULT CHARSET=latin1;

--
-- Dumping data for table `idx_favorites_detail`
--


--
-- Table structure for table `idx_hook_place`
--

CREATE TABLE `idx_hook_place` (
  `hook_place_id` int(11) NOT NULL AUTO_INCREMENT,
  `filename` varchar(255) DEFAULT NULL,
  `hookname` varchar(255) DEFAULT NULL,
  PRIMARY KEY (`hook_place_id`)
) ENGINE=MyISAM DEFAULT CHARSET=latin1;

--
-- Dumping data for table `idx_hook_place`
--


--
-- Table structure for table `idx_invoice`
--

CREATE TABLE `idx_invoice` (
  `invoice_id` varchar(10) NOT NULL DEFAULT '',
  `invoice_date` date DEFAULT NULL,
  `due_date` date DEFAULT NULL,
  `invoiced_to` text,
  `service` varchar(255) DEFAULT NULL,
  `description` text,
  `total` double(8,2) DEFAULT NULL,
  `comment` text,
  `paid` char(1) DEFAULT NULL,
  `paid_date` date DEFAULT NULL,
  `email` varchar(255) DEFAULT NULL,
  PRIMARY KEY (`invoice_id`)
) ENGINE=MyISAM DEFAULT CHARSET=latin1;

--
-- Dumping data for table `idx_invoice`
--


--
-- Table structure for table `idx_invoice_config`
--

CREATE TABLE `idx_invoice_config` (
  `company` varchar(255) DEFAULT NULL,
  `contact` varchar(255) DEFAULT NULL,
  `address` text,
  `phone` varchar(255) DEFAULT NULL,
  `email` varchar(255) DEFAULT NULL,
  `currency_symbol` varchar(255) DEFAULT '$',
  `currency_code` varchar(255) DEFAULT 'USD'
) ENGINE=MyISAM DEFAULT CHARSET=latin1;

--
-- Dumping data for table `idx_invoice_config`
--

INSERT INTO `idx_invoice_config` VALUES ('Your website / Company','Billing Department','Your address','Your phone #','Billing<name@yourdomain.com>','$','USD');

--
-- Table structure for table `idx_link_temp_user`
--

CREATE TABLE `idx_link_temp_user` (
  `vid` mediumint(9) unsigned NOT NULL DEFAULT '0',
  `username` varchar(20) NOT NULL DEFAULT '',
  PRIMARY KEY (`vid`)
) ENGINE=MyISAM DEFAULT CHARSET=latin1;

--
-- Dumping data for table `idx_link_temp_user`
--


--
-- Table structure for table `idx_link_user`
--

CREATE TABLE `idx_link_user` (
  `link_id` mediumint(9) unsigned NOT NULL DEFAULT '0',
  `username` varchar(20) NOT NULL DEFAULT '',
  PRIMARY KEY (`link_id`)
) ENGINE=MyISAM DEFAULT CHARSET=latin1;

--
-- Dumping data for table `idx_link_user`
--


--
-- Table structure for table `idx_mailing_list`
--

CREATE TABLE `idx_mailing_list` (
  `email` varchar(50) NOT NULL DEFAULT '',
  `code` varchar(4) DEFAULT NULL,
  `status` char(1) DEFAULT NULL,
  PRIMARY KEY (`email`)
) ENGINE=MyISAM DEFAULT CHARSET=latin1;

--
-- Dumping data for table `idx_mailing_list`
--


--
-- Table structure for table `idx_message`
--

CREATE TABLE `idx_message` (
  `message_id` smallint(6) NOT NULL AUTO_INCREMENT,
  `date` date DEFAULT NULL,
  `body` text,
  `subject` varchar(100) DEFAULT NULL,
  PRIMARY KEY (`message_id`)
) ENGINE=MyISAM DEFAULT CHARSET=latin1;

--
-- Dumping data for table `idx_message`
--


--
-- Table structure for table `idx_notification`
--

CREATE TABLE `idx_notification` (
  `username` varchar(20) NOT NULL DEFAULT '',
  `category_id` mediumint(9) NOT NULL DEFAULT '0'
) ENGINE=MyISAM DEFAULT CHARSET=latin1;

--
-- Dumping data for table `idx_notification`
--


--
-- Table structure for table `idx_pagerank`
--

CREATE TABLE `idx_pagerank` (
  `link_id` mediumint(8) unsigned NOT NULL DEFAULT '0',
  `engine` char(1) NOT NULL DEFAULT '',
  `rank` tinyint(4) NOT NULL DEFAULT '0',
  `last_update` date NOT NULL DEFAULT '0000-00-00',
  PRIMARY KEY (`link_id`,`engine`)
) ENGINE=MyISAM DEFAULT CHARSET=latin1;

--
-- Dumping data for table `idx_pagerank`
--

INSERT INTO `idx_pagerank` VALUES (63,'g',0,'2012-01-03'),(55,'g',0,'2012-01-03'),(56,'g',0,'2012-01-03'),(58,'g',0,'2012-01-03'),(81,'g',0,'2012-01-05'),(12,'g',0,'2012-01-03'),(68,'g',0,'2012-01-11'),(15,'g',0,'2012-01-11'),(220,'g',0,'2011-12-01'),(26,'g',0,'2012-01-11'),(116,'g',0,'2011-12-01'),(54,'g',0,'2012-01-03'),(18,'g',0,'2012-01-03'),(34,'g',0,'2012-01-05'),(31,'g',0,'2012-01-03'),(49,'g',0,'2011-12-01'),(25,'g',0,'2011-12-01'),(46,'g',0,'2011-12-01'),(37,'g',0,'2011-12-01'),(52,'g',0,'2011-12-01'),(80,'g',0,'2011-12-01'),(48,'g',0,'2011-12-01'),(38,'g',0,'2011-12-01'),(27,'g',0,'2011-12-01'),(189,'g',0,'2011-12-01'),(266,'g',0,'2011-12-01'),(76,'g',0,'2011-12-01'),(5,'g',0,'2012-01-03'),(11,'g',0,'2011-12-01'),(85,'g',0,'2011-12-01'),(147,'g',0,'2011-12-01'),(24,'g',0,'2012-01-03'),(17,'g',0,'2012-01-11'),(32,'g',0,'2012-03-03'),(172,'g',0,'2011-12-01'),(131,'g',0,'2011-12-01'),(178,'g',0,'2011-12-01'),(140,'g',0,'2011-12-01'),(3,'g',0,'2011-12-01'),(53,'g',0,'2012-01-11'),(114,'g',0,'2011-12-01'),(13,'g',0,'2012-01-03'),(146,'g',0,'2011-12-01'),(78,'g',0,'2012-01-03'),(142,'g',0,'2011-12-01'),(179,'g',0,'2011-12-01'),(240,'g',0,'2011-12-01'),(237,'g',0,'2011-12-01'),(79,'g',0,'2011-12-01'),(156,'g',0,'2011-12-01'),(148,'g',0,'2011-12-01'),(232,'g',0,'2011-12-01'),(276,'g',0,'2011-12-01'),(71,'g',0,'2011-12-01'),(39,'g',0,'2012-01-03'),(41,'g',0,'2011-12-01'),(145,'g',0,'2011-12-01'),(144,'g',0,'2011-12-01'),(283,'g',0,'2011-12-01'),(45,'g',0,'2011-12-02'),(177,'g',0,'2011-12-02'),(143,'g',0,'2011-12-02'),(61,'g',0,'2011-12-02'),(77,'g',0,'2012-01-03'),(164,'g',0,'2011-12-02'),(123,'g',0,'2011-12-02'),(154,'g',0,'2011-12-02'),(8,'g',0,'2012-01-05'),(165,'g',0,'2011-12-02'),(84,'g',0,'2012-01-03'),(120,'g',0,'2011-12-02'),(231,'g',0,'2011-12-02'),(112,'g',0,'2011-12-02'),(43,'g',0,'2012-01-03'),(127,'g',0,'2011-12-02'),(192,'g',0,'2011-12-02'),(35,'g',0,'2011-12-02'),(9,'g',0,'2012-01-11'),(2,'g',0,'2011-12-02'),(180,'g',0,'2011-12-02'),(244,'g',0,'2011-12-02'),(203,'g',0,'2011-12-02'),(14,'g',0,'2011-12-02'),(264,'g',0,'2011-12-02'),(184,'g',0,'2011-12-02'),(275,'g',0,'2011-12-02'),(118,'g',0,'2011-12-02'),(289,'g',0,'2011-12-02'),(166,'g',0,'2011-12-02'),(23,'g',0,'2012-01-03'),(295,'g',0,'2011-12-02'),(28,'g',0,'2011-12-02'),(136,'g',0,'2011-12-02'),(4,'g',0,'2012-01-11'),(304,'g',0,'2011-12-02'),(221,'g',0,'2011-12-02'),(257,'g',0,'2011-12-02'),(162,'g',0,'2011-12-02'),(19,'g',0,'2011-12-02'),(258,'g',0,'2011-12-02'),(66,'g',0,'2011-12-02'),(316,'g',0,'2011-12-02'),(6,'g',0,'2012-02-16'),(157,'g',0,'2011-12-02'),(173,'g',0,'2011-12-02'),(7,'g',0,'2011-12-02'),(290,'g',0,'2011-12-02'),(117,'g',0,'2011-12-02'),(182,'g',0,'2011-12-02'),(30,'g',0,'2011-12-02'),(67,'g',0,'2011-12-02'),(247,'g',0,'2011-12-02'),(1,'g',0,'2012-02-10'),(92,'g',0,'2011-12-02'),(249,'g',0,'2011-12-02'),(176,'g',0,'2011-12-02'),(22,'g',0,'2012-01-11'),(64,'g',0,'2011-12-02'),(294,'g',0,'2011-12-02'),(274,'g',0,'2011-12-02'),(16,'g',0,'2012-01-03'),(42,'g',0,'2011-12-02'),(299,'g',0,'2011-12-02'),(29,'g',0,'2012-01-03'),(125,'g',0,'2011-12-02'),(44,'g',0,'2012-01-03'),(59,'g',0,'2011-12-02'),(229,'g',0,'2011-12-02'),(218,'g',0,'2011-12-02'),(133,'g',0,'2011-12-02'),(51,'g',0,'2011-12-02'),(138,'g',0,'2011-12-02'),(57,'g',0,'2011-12-02'),(292,'g',0,'2011-12-02'),(72,'g',0,'2012-02-10'),(235,'g',0,'2011-12-02'),(50,'g',0,'2011-12-02'),(75,'g',0,'2011-12-02'),(21,'g',0,'2011-12-02'),(153,'g',0,'2011-12-02'),(224,'g',0,'2011-12-02'),(128,'g',0,'2011-12-02'),(36,'g',0,'2012-01-03'),(62,'g',0,'2011-12-02'),(185,'g',0,'2011-12-02'),(222,'g',0,'2011-12-02'),(47,'g',0,'2011-12-02'),(10,'g',0,'2012-02-16'),(60,'g',0,'2011-12-02'),(169,'g',0,'2011-12-02'),(227,'g',0,'2011-12-02'),(33,'g',0,'2011-12-02'),(303,'g',0,'2011-12-02'),(73,'g',0,'2011-12-02'),(20,'g',0,'2011-12-02'),(40,'g',0,'2011-12-02'),(174,'g',0,'2011-12-02'),(341,'g',0,'2011-12-04'),(418,'g',0,'2011-12-04'),(452,'g',0,'2011-12-04'),(392,'g',0,'2012-01-03'),(351,'g',0,'2011-12-05'),(359,'g',0,'2011-12-05'),(393,'g',0,'2012-01-11'),(409,'g',0,'2012-01-05'),(455,'g',0,'2011-12-05'),(438,'g',0,'2011-12-05'),(430,'g',0,'2011-12-05'),(389,'g',0,'2011-12-05'),(454,'g',0,'2011-12-05'),(391,'g',0,'2011-12-05'),(383,'g',0,'2011-12-06'),(354,'g',0,'2011-12-06'),(434,'g',0,'2011-12-06'),(333,'g',0,'2011-12-06'),(343,'g',0,'2012-01-05'),(411,'g',0,'2011-12-06'),(439,'g',0,'2012-03-04'),(345,'g',0,'2011-12-06'),(399,'g',0,'2011-12-06'),(576,'g',0,'2011-12-06'),(410,'g',0,'2011-12-06'),(373,'g',0,'2011-12-07'),(353,'g',0,'2011-12-07'),(607,'g',0,'2011-12-07'),(429,'g',0,'2012-01-11'),(585,'g',0,'2011-12-07'),(424,'g',0,'2011-12-07'),(603,'g',0,'2012-02-16'),(672,'g',0,'2012-01-10'),(641,'g',0,'2012-02-16'),(704,'g',0,'2011-12-08'),(657,'g',0,'2012-03-04'),(664,'g',0,'2011-12-09'),(590,'g',0,'2011-12-09'),(596,'g',0,'2011-12-09'),(629,'g',0,'2011-12-10'),(630,'g',0,'2011-12-10'),(631,'g',0,'2011-12-10'),(633,'g',0,'2011-12-10'),(632,'g',0,'2011-12-10'),(671,'g',0,'2011-12-10'),(676,'g',0,'2012-01-11'),(653,'g',0,'2011-12-10'),(654,'g',0,'2012-01-11'),(695,'g',0,'2011-12-10'),(716,'g',0,'2011-12-10'),(710,'g',0,'2011-12-10'),(622,'g',0,'2011-12-10'),(675,'g',0,'2011-12-11'),(517,'g',0,'2011-12-12'),(514,'g',0,'2011-12-12'),(513,'g',0,'2011-12-12'),(506,'g',0,'2011-12-12'),(508,'g',0,'2011-12-12'),(515,'g',0,'2011-12-12'),(516,'g',0,'2011-12-12'),(507,'g',0,'2011-12-12'),(512,'g',0,'2011-12-12'),(510,'g',0,'2011-12-12'),(524,'g',0,'2011-12-12'),(527,'g',0,'2011-12-12'),(520,'g',0,'2011-12-12'),(521,'g',0,'2011-12-12'),(519,'g',0,'2011-12-12'),(522,'g',0,'2011-12-12'),(526,'g',0,'2011-12-12'),(525,'g',0,'2011-12-12'),(518,'g',0,'2011-12-12'),(523,'g',0,'2011-12-12'),(532,'g',0,'2011-12-12'),(529,'g',0,'2011-12-12'),(537,'g',0,'2011-12-12'),(530,'g',0,'2011-12-12'),(534,'g',0,'2011-12-12'),(536,'g',0,'2011-12-12'),(535,'g',0,'2011-12-12'),(533,'g',0,'2011-12-12'),(531,'g',0,'2011-12-12'),(538,'g',0,'2011-12-12'),(708,'g',0,'2011-12-12'),(550,'g',0,'2011-12-12'),(555,'g',0,'2011-12-12'),(558,'g',0,'2011-12-12'),(556,'g',0,'2011-12-12'),(551,'g',0,'2011-12-12'),(552,'g',0,'2011-12-12'),(557,'g',0,'2011-12-12'),(553,'g',0,'2011-12-12'),(559,'g',0,'2011-12-12'),(554,'g',0,'2011-12-12'),(544,'g',0,'2011-12-12'),(539,'g',0,'2011-12-12'),(547,'g',0,'2011-12-12'),(540,'g',0,'2011-12-12'),(549,'g',0,'2011-12-12'),(543,'g',0,'2011-12-12'),(542,'g',0,'2011-12-12'),(548,'g',0,'2011-12-12'),(541,'g',0,'2011-12-12'),(546,'g',0,'2011-12-12'),(667,'g',0,'2011-12-12'),(670,'g',0,'2011-12-12'),(707,'g',0,'2011-12-12'),(658,'g',0,'2011-12-12'),(702,'g',0,'2011-12-12'),(398,'g',0,'2011-12-12'),(687,'g',0,'2011-12-12'),(528,'g',0,'2011-12-12'),(651,'g',0,'2011-12-12'),(669,'g',0,'2011-12-12'),(368,'g',0,'2011-12-12'),(679,'g',0,'2011-12-12'),(582,'g',0,'2011-12-13'),(372,'g',0,'2011-12-13'),(364,'g',0,'2011-12-13'),(509,'g',0,'2011-12-13'),(339,'g',0,'2011-12-13'),(348,'g',0,'2011-12-13'),(421,'g',0,'2011-12-13'),(759,'g',0,'2011-12-13'),(747,'g',0,'2011-12-13'),(754,'g',0,'2011-12-13'),(752,'g',0,'2011-12-13'),(743,'g',0,'2011-12-13'),(666,'g',0,'2011-12-13'),(662,'g',0,'2011-12-13'),(656,'g',0,'2011-12-13'),(645,'g',0,'2011-12-13'),(381,'g',0,'2011-12-13'),(402,'g',0,'2011-12-13'),(407,'g',0,'2011-12-13'),(380,'g',0,'2011-12-13'),(390,'g',0,'2011-12-13'),(458,'g',0,'2011-12-13'),(375,'g',0,'2011-12-13'),(423,'g',0,'2011-12-13'),(342,'g',0,'2011-12-14'),(804,'g',0,'2011-12-14'),(809,'g',0,'2012-02-16'),(811,'g',0,'2012-02-16'),(800,'g',0,'2011-12-14'),(816,'g',0,'2012-02-16'),(766,'g',0,'2011-12-14'),(750,'g',0,'2011-12-14'),(819,'g',0,'2011-12-14'),(779,'g',0,'2011-12-14'),(785,'g',0,'2011-12-14'),(791,'g',0,'2011-12-14'),(807,'g',0,'2011-12-14'),(334,'g',0,'2011-12-14'),(762,'g',0,'2011-12-14'),(414,'g',0,'2011-12-14'),(96,'g',0,'2011-12-14'),(382,'g',0,'2011-12-14'),(388,'g',0,'2011-12-14'),(377,'g',0,'2011-12-14'),(614,'g',0,'2011-12-14'),(432,'g',0,'2011-12-14'),(453,'g',0,'2011-12-14'),(420,'g',0,'2011-12-14'),(450,'g',0,'2011-12-14'),(827,'g',0,'2012-02-16'),(74,'g',0,'2011-12-14'),(89,'g',0,'2011-12-14'),(95,'g',0,'2011-12-14'),(111,'g',0,'2011-12-14'),(821,'g',0,'2011-12-14'),(764,'g',0,'2011-12-14'),(94,'g',0,'2011-12-14'),(110,'g',0,'2011-12-14'),(577,'g',0,'2011-12-15'),(104,'g',0,'2011-12-15'),(107,'g',0,'2011-12-15'),(109,'g',0,'2011-12-15'),(87,'g',0,'2011-12-15'),(355,'g',0,'2011-12-15'),(369,'g',0,'2011-12-15'),(387,'g',0,'2011-12-15'),(376,'g',0,'2011-12-15'),(340,'g',0,'2011-12-15'),(356,'g',0,'2011-12-15'),(347,'g',0,'2011-12-15'),(567,'g',0,'2011-12-15'),(545,'g',0,'2011-12-15'),(90,'g',0,'2011-12-15'),(86,'g',0,'2011-12-15'),(357,'g',0,'2011-12-15'),(93,'g',0,'2011-12-15'),(346,'g',0,'2011-12-15'),(374,'g',0,'2011-12-15'),(444,'g',0,'2011-12-15'),(475,'g',0,'2011-12-15'),(774,'g',0,'2011-12-15'),(497,'g',0,'2011-12-15'),(744,'g',0,'2011-12-15'),(502,'g',0,'2011-12-15'),(801,'g',0,'2011-12-15'),(415,'g',0,'2011-12-15'),(610,'g',0,'2011-12-15'),(511,'g',0,'2011-12-15'),(568,'g',0,'2011-12-15'),(483,'g',0,'2011-12-15'),(564,'g',0,'2011-12-15'),(571,'g',0,'2011-12-15'),(500,'g',0,'2011-12-15'),(449,'g',0,'2011-12-15'),(428,'g',0,'2011-12-15'),(422,'g',0,'2011-12-15'),(367,'g',0,'2011-12-15'),(472,'g',0,'2011-12-15'),(561,'g',0,'2011-12-15'),(562,'g',0,'2011-12-15'),(365,'g',0,'2011-12-15'),(560,'g',0,'2011-12-15'),(563,'g',0,'2011-12-15'),(406,'g',0,'2011-12-15'),(609,'g',0,'2011-12-15'),(403,'g',0,'2011-12-15'),(570,'g',0,'2011-12-15'),(566,'g',0,'2011-12-15'),(108,'g',0,'2011-12-15'),(102,'g',0,'2011-12-15'),(583,'g',0,'2011-12-15'),(378,'g',0,'2011-12-15'),(362,'g',0,'2011-12-15'),(363,'g',0,'2011-12-15'),(569,'g',0,'2011-12-15'),(481,'g',0,'2011-12-15'),(565,'g',0,'2011-12-15'),(479,'g',0,'2011-12-15'),(480,'g',0,'2011-12-15'),(419,'g',0,'2011-12-15'),(572,'g',0,'2011-12-15'),(471,'g',0,'2011-12-15'),(470,'g',0,'2011-12-15'),(404,'g',0,'2011-12-15'),(446,'g',0,'2011-12-15'),(606,'g',0,'2011-12-15'),(405,'g',0,'2011-12-15'),(65,'g',0,'2011-12-15'),(437,'g',0,'2011-12-15'),(580,'g',0,'2011-12-15'),(588,'g',0,'2011-12-15'),(612,'g',0,'2011-12-15'),(599,'g',0,'2011-12-15'),(740,'g',0,'2011-12-15'),(738,'g',0,'2011-12-15'),(574,'g',0,'2011-12-15'),(573,'g',0,'2011-12-15'),(69,'g',0,'2011-12-15'),(579,'g',0,'2011-12-15'),(101,'g',0,'2011-12-15'),(842,'g',0,'2011-12-15'),(106,'g',0,'2011-12-15'),(495,'g',0,'2011-12-15'),(394,'g',0,'2011-12-15'),(384,'g',0,'2011-12-15'),(400,'g',0,'2011-12-15'),(496,'g',0,'2011-12-15'),(604,'g',0,'2011-12-15'),(386,'g',0,'2011-12-15'),(441,'g',0,'2011-12-15'),(482,'g',0,'2011-12-15'),(412,'g',0,'2011-12-15'),(451,'g',0,'2011-12-15'),(459,'g',0,'2011-12-15'),(103,'g',0,'2011-12-15'),(436,'g',0,'2011-12-15'),(408,'g',0,'2011-12-15'),(385,'g',0,'2011-12-15'),(433,'g',0,'2011-12-15'),(499,'g',0,'2011-12-15'),(498,'g',0,'2011-12-15'),(503,'g',0,'2011-12-15'),(473,'g',0,'2011-12-16'),(82,'g',0,'2011-12-16'),(836,'g',0,'2011-12-16'),(97,'g',0,'2011-12-16'),(100,'g',0,'2011-12-16'),(366,'g',0,'2011-12-16'),(417,'g',0,'2011-12-16'),(336,'g',0,'2011-12-16'),(350,'g',0,'2011-12-16'),(445,'g',0,'2011-12-16'),(504,'g',0,'2011-12-16'),(713,'g',0,'2011-12-16'),(443,'g',0,'2011-12-16'),(575,'g',0,'2011-12-16'),(456,'g',0,'2011-12-16'),(457,'g',0,'2011-12-16'),(501,'g',0,'2011-12-16'),(442,'g',0,'2011-12-16'),(426,'g',0,'2011-12-16'),(396,'g',0,'2011-12-16'),(467,'g',0,'2011-12-16'),(397,'g',0,'2011-12-16'),(70,'g',0,'2011-12-16'),(88,'g',0,'2011-12-16'),(83,'g',0,'2011-12-16'),(98,'g',0,'2011-12-16'),(99,'g',0,'2011-12-16'),(344,'g',0,'2011-12-16'),(379,'g',0,'2011-12-16'),(338,'g',0,'2011-12-16'),(371,'g',0,'2011-12-16'),(337,'g',0,'2011-12-16'),(335,'g',0,'2011-12-16'),(395,'g',0,'2011-12-16'),(352,'g',0,'2011-12-16'),(476,'g',0,'2011-12-16'),(360,'g',0,'2011-12-16'),(478,'g',0,'2011-12-16'),(440,'g',0,'2011-12-16'),(494,'g',0,'2011-12-16'),(611,'g',0,'2011-12-16'),(505,'g',0,'2011-12-16'),(474,'g',0,'2011-12-16'),(578,'g',0,'2011-12-16'),(758,'g',0,'2011-12-16'),(413,'g',0,'2011-12-16'),(435,'g',0,'2011-12-16'),(105,'g',0,'2011-12-16'),(91,'g',0,'2011-12-16'),(598,'g',0,'2011-12-16'),(358,'g',0,'2011-12-16'),(462,'g',0,'2011-12-16'),(741,'g',0,'2011-12-16'),(715,'g',0,'2011-12-17'),(798,'g',0,'2011-12-17'),(850,'g',0,'2011-12-17'),(838,'g',0,'2011-12-17'),(794,'g',0,'2011-12-17'),(815,'g',0,'2011-12-17'),(847,'g',0,'2011-12-17'),(851,'g',0,'2011-12-18'),(786,'g',0,'2011-12-18'),(783,'g',0,'2012-02-10'),(729,'g',0,'2011-12-18'),(769,'g',0,'2012-01-31'),(756,'g',0,'2011-12-18'),(823,'g',0,'2012-01-31'),(844,'g',0,'2012-01-31'),(813,'g',0,'2012-01-31'),(584,'g',0,'2011-12-19'),(790,'g',0,'2011-12-19'),(860,'g',0,'2011-12-19'),(488,'g',0,'2011-12-19'),(489,'g',0,'2011-12-19'),(486,'g',0,'2011-12-19'),(485,'g',0,'2011-12-19'),(484,'g',0,'2011-12-19'),(487,'g',0,'2011-12-19'),(712,'g',0,'2011-12-19'),(601,'g',0,'2011-12-19'),(646,'g',0,'2011-12-19'),(636,'g',0,'2011-12-19'),(634,'g',0,'2011-12-19'),(635,'g',0,'2011-12-19'),(644,'g',0,'2011-12-19'),(613,'g',0,'2011-12-19'),(581,'g',0,'2011-12-19'),(592,'g',0,'2011-12-19'),(591,'g',0,'2011-12-19'),(617,'g',0,'2011-12-19'),(767,'g',0,'2012-03-06'),(867,'g',0,'2012-03-06'),(768,'g',0,'2012-03-06'),(711,'g',0,'2011-12-20'),(685,'g',0,'2011-12-20'),(608,'g',0,'2011-12-20'),(705,'g',0,'2011-12-20'),(602,'g',0,'2011-12-20'),(605,'g',0,'2011-12-20'),(660,'g',0,'2011-12-20'),(594,'g',0,'2011-12-20'),(595,'g',0,'2011-12-20'),(587,'g',0,'2011-12-20'),(647,'g',0,'2011-12-20'),(649,'g',0,'2011-12-20'),(490,'g',0,'2011-12-20'),(491,'g',0,'2011-12-20'),(493,'g',0,'2011-12-20'),(492,'g',0,'2011-12-20'),(714,'g',0,'2011-12-20'),(638,'g',0,'2011-12-20'),(650,'g',0,'2011-12-20'),(655,'g',0,'2011-12-20'),(586,'g',0,'2011-12-20'),(589,'g',0,'2011-12-20'),(615,'g',0,'2011-12-20'),(680,'g',0,'2011-12-20'),(661,'g',0,'2011-12-20'),(682,'g',0,'2011-12-20'),(678,'g',0,'2011-12-20'),(681,'g',0,'2011-12-20'),(659,'g',0,'2011-12-20'),(648,'g',0,'2011-12-20'),(684,'g',0,'2011-12-20'),(665,'g',0,'2011-12-20'),(683,'g',0,'2011-12-20'),(401,'g',0,'2011-12-20'),(370,'g',0,'2011-12-20'),(637,'g',0,'2011-12-20'),(703,'g',0,'2011-12-20'),(796,'g',0,'2011-12-21'),(349,'g',0,'2011-12-21'),(773,'g',0,'2011-12-21'),(425,'g',0,'2011-12-21'),(597,'g',0,'2011-12-21'),(818,'g',0,'2011-12-21'),(427,'g',0,'2011-12-21'),(361,'g',0,'2011-12-21'),(873,'g',0,'2011-12-22'),(833,'g',0,'2011-12-22'),(866,'g',0,'2011-12-22'),(864,'g',0,'2011-12-22'),(806,'g',0,'2011-12-24'),(668,'g',0,'2011-12-24'),(788,'g',0,'2011-12-24'),(826,'g',0,'2011-12-25'),(805,'g',0,'2011-12-25'),(825,'g',0,'2011-12-25'),(859,'g',0,'2011-12-25'),(789,'g',0,'2011-12-26'),(854,'g',0,'2011-12-27'),(663,'g',0,'2011-12-27'),(855,'g',0,'2012-01-31'),(856,'g',0,'2011-12-27'),(830,'g',0,'2011-12-27'),(845,'g',0,'2011-12-27'),(843,'g',0,'2011-12-27'),(875,'g',0,'2011-12-27'),(876,'g',0,'2011-12-27'),(900,'g',0,'2011-12-29'),(913,'g',0,'2011-12-30'),(868,'g',0,'2011-12-30'),(883,'g',0,'2011-12-30'),(884,'g',0,'2011-12-30'),(894,'g',0,'2011-12-30'),(933,'g',0,'2011-12-30'),(905,'g',0,'2011-12-30'),(890,'g',0,'2011-12-30'),(886,'g',0,'2011-12-30'),(903,'g',0,'2011-12-30'),(908,'g',0,'2011-12-30'),(857,'g',0,'2011-12-31'),(858,'g',0,'2011-12-31'),(861,'g',0,'2011-12-31'),(901,'g',0,'2012-03-04'),(907,'g',0,'2012-01-01'),(932,'g',0,'2012-01-01'),(817,'g',0,'2012-01-01'),(925,'g',0,'2012-01-01'),(931,'g',0,'2012-01-01'),(918,'g',0,'2012-01-01'),(640,'g',0,'2012-01-01'),(922,'g',0,'2012-01-01'),(642,'g',0,'2012-01-01'),(692,'g',0,'2012-01-01'),(652,'g',0,'2012-01-01'),(690,'g',0,'2012-01-01'),(693,'g',0,'2012-01-01'),(694,'g',0,'2012-01-01'),(691,'g',0,'2012-01-01'),(689,'g',0,'2012-01-01'),(696,'g',0,'2012-01-01'),(706,'g',0,'2012-01-01'),(862,'g',0,'2012-01-02'),(865,'g',0,'2012-01-02'),(792,'g',0,'2012-01-02'),(896,'g',0,'2012-01-02'),(919,'g',0,'2012-01-02'),(895,'g',0,'2012-01-02'),(939,'g',0,'2012-02-10'),(948,'g',0,'2012-01-03'),(934,'g',0,'2012-01-03'),(943,'g',0,'2012-01-03'),(952,'g',0,'2012-02-16'),(964,'g',0,'2012-01-04'),(955,'g',0,'2012-02-16'),(954,'g',0,'2012-01-05'),(946,'g',0,'2012-01-05'),(947,'g',0,'2012-01-05'),(970,'g',0,'2012-01-07'),(917,'g',0,'2012-01-08'),(944,'g',0,'2012-01-09'),(920,'g',0,'2012-01-09'),(958,'g',0,'2012-01-09'),(949,'g',0,'2012-01-09'),(1001,'g',0,'2012-02-16'),(996,'g',0,'2012-01-11'),(643,'g',0,'2012-01-11'),(709,'g',0,'2012-01-11'),(700,'g',0,'2012-01-11'),(616,'g',0,'2012-01-11'),(981,'g',0,'2012-01-11'),(963,'g',0,'2012-01-11'),(994,'g',0,'2012-01-11'),(953,'g',0,'2012-01-11'),(1004,'g',0,'2012-01-11'),(972,'g',0,'2012-01-11'),(935,'g',0,'2012-03-06'),(1016,'g',0,'2012-01-13'),(1028,'g',0,'2012-01-13'),(959,'g',0,'2012-01-13'),(973,'g',0,'2012-01-13'),(971,'g',0,'2012-01-13'),(969,'g',0,'2012-01-13'),(993,'g',0,'2012-01-16'),(639,'g',0,'2012-01-17'),(1017,'g',0,'2012-01-17'),(466,'g',0,'2012-01-17'),(461,'g',0,'2012-01-17'),(465,'g',0,'2012-01-17'),(448,'g',0,'2012-01-17'),(464,'g',0,'2012-01-17'),(447,'g',0,'2012-01-17'),(460,'g',0,'2012-01-17'),(463,'g',0,'2012-01-17'),(770,'g',0,'2012-01-17'),(940,'g',0,'2012-01-17'),(982,'g',0,'2012-01-17'),(978,'g',0,'2012-01-17'),(1025,'g',0,'2012-01-17'),(979,'g',0,'2012-01-17'),(416,'g',0,'2012-01-19'),(431,'g',0,'2012-01-19'),(593,'g',0,'2012-01-19'),(600,'g',0,'2012-01-19'),(477,'g',0,'2012-01-19'),(469,'g',0,'2012-01-19'),(977,'g',0,'2012-01-19'),(468,'g',0,'2012-01-19'),(1039,'g',0,'2012-01-19'),(1030,'g',0,'2012-01-19'),(1038,'g',0,'2012-01-19'),(988,'g',0,'2012-01-19'),(1003,'g',0,'2012-01-19'),(869,'g',0,'2012-01-22'),(992,'g',0,'2012-01-23'),(1080,'g',0,'2012-01-25'),(1063,'g',0,'2012-01-25'),(1037,'g',0,'2012-01-25'),(1068,'g',0,'2012-01-27'),(1085,'g',0,'2012-01-28'),(1065,'g',0,'2012-01-28'),(1090,'g',0,'2012-01-28'),(1099,'g',0,'2012-02-03'),(701,'g',0,'2012-02-03'),(1109,'g',0,'2012-02-03'),(1110,'g',0,'2012-02-05'),(1100,'g',0,'2012-02-05'),(984,'g',0,'2012-02-06'),(986,'g',0,'2012-02-06'),(983,'g',0,'2012-02-06'),(1033,'g',0,'2012-02-06'),(1032,'g',0,'2012-02-06'),(1020,'g',0,'2012-02-06'),(990,'g',0,'2012-02-06'),(1040,'g',0,'2012-02-06'),(1019,'g',0,'2012-02-06'),(991,'g',0,'2012-02-09'),(699,'g',0,'2012-02-09'),(987,'g',0,'2012-02-09'),(698,'g',0,'2012-02-09'),(697,'g',0,'2012-02-09'),(1154,'g',0,'2012-02-10'),(1168,'g',0,'2012-02-12'),(1112,'g',0,'2012-02-12'),(1113,'g',0,'2012-02-12'),(1070,'g',0,'2012-02-15'),(1111,'g',0,'2012-02-18'),(1184,'g',0,'2012-02-22'),(906,'g',0,'2012-02-25'),(914,'g',0,'2012-02-25'),(938,'g',0,'2012-02-25'),(904,'g',0,'2012-02-25'),(909,'g',0,'2012-02-25'),(974,'g',0,'2012-02-25'),(849,'g',0,'2012-02-25'),(848,'g',0,'2012-02-25'),(975,'g',0,'2012-02-25'),(956,'g',0,'2012-02-25'),(960,'g',0,'2012-02-25'),(957,'g',0,'2012-02-25'),(961,'g',0,'2012-02-25'),(841,'g',0,'2012-02-25'),(839,'g',0,'2012-02-25'),(840,'g',0,'2012-02-25'),(846,'g',0,'2012-02-25'),(828,'g',0,'2012-02-25'),(927,'g',0,'2012-02-25'),(837,'g',0,'2012-02-25'),(926,'g',0,'2012-02-25'),(835,'g',0,'2012-02-25'),(928,'g',0,'2012-02-25'),(832,'g',0,'2012-02-25'),(929,'g',0,'2012-02-25'),(930,'g',0,'2012-02-25'),(831,'g',0,'2012-02-25'),(834,'g',0,'2012-02-25'),(1170,'g',0,'2012-02-25'),(829,'g',0,'2012-02-25'),(966,'g',0,'2012-02-25'),(968,'g',0,'2012-02-26'),(965,'g',0,'2012-02-26'),(962,'g',0,'2012-02-26'),(936,'g',0,'2012-02-26'),(967,'g',0,'2012-02-26'),(945,'g',0,'2012-02-26'),(950,'g',0,'2012-02-26'),(942,'g',0,'2012-02-26'),(951,'g',0,'2012-02-26'),(921,'g',0,'2012-02-26'),(916,'g',0,'2012-02-26'),(923,'g',0,'2012-02-26'),(915,'g',0,'2012-02-26'),(1174,'g',0,'2012-02-26'),(937,'g',0,'2012-02-26'),(824,'g',0,'2012-02-26'),(820,'g',0,'2012-02-26'),(1178,'g',0,'2012-02-26'),(1183,'g',0,'2012-02-26'),(1172,'g',0,'2012-02-26'),(1173,'g',0,'2012-02-26'),(1179,'g',0,'2012-02-26'),(1163,'g',0,'2012-02-26'),(1103,'g',0,'2012-02-28'),(1096,'g',0,'2012-02-29'),(1006,'g',0,'2012-02-29'),(1005,'g',0,'2012-02-29'),(1008,'g',0,'2012-02-29'),(1007,'g',0,'2012-02-29'),(814,'g',0,'2012-02-29'),(976,'g',0,'2012-02-29'),(880,'g',0,'2012-02-29'),(874,'g',0,'2012-02-29'),(1169,'g',0,'2012-02-29'),(1167,'g',0,'2012-02-29'),(872,'g',0,'2012-02-29'),(1166,'g',0,'2012-02-29'),(1191,'g',0,'2012-02-29'),(885,'g',0,'2012-02-29'),(881,'g',0,'2012-02-29'),(780,'g',0,'2012-02-29'),(889,'g',0,'2012-02-29'),(882,'g',0,'2012-02-29'),(887,'g',0,'2012-02-29'),(888,'g',0,'2012-02-29'),(810,'g',0,'2012-02-29'),(784,'g',0,'2012-02-29'),(782,'g',0,'2012-02-29'),(980,'g',0,'2012-02-29'),(808,'g',0,'2012-02-29'),(1187,'g',0,'2012-02-29'),(803,'g',0,'2012-02-29'),(1181,'g',0,'2012-03-01'),(787,'g',0,'2012-03-01'),(1190,'g',0,'2012-03-01'),(1193,'g',0,'2012-03-01'),(1189,'g',0,'2012-03-01'),(802,'g',0,'2012-03-01'),(1182,'g',0,'2012-03-01'),(1188,'g',0,'2012-03-01'),(781,'g',0,'2012-03-01'),(812,'g',0,'2012-03-01'),(1175,'g',0,'2012-03-01'),(1176,'g',0,'2012-03-01'),(1165,'g',0,'2012-03-01'),(686,'g',0,'2012-03-01'),(688,'g',0,'2012-03-01'),(1062,'g',0,'2012-03-01'),(677,'g',0,'2012-03-01'),(674,'g',0,'2012-03-01'),(673,'g',0,'2012-03-01'),(1157,'g',0,'2012-03-01'),(797,'g',0,'2012-03-01'),(1158,'g',0,'2012-03-01'),(795,'g',0,'2012-03-01'),(1156,'g',0,'2012-03-01'),(778,'g',0,'2012-03-01'),(822,'g',0,'2012-03-01'),(771,'g',0,'2012-03-01'),(799,'g',0,'2012-03-01'),(776,'g',0,'2012-03-01'),(772,'g',0,'2012-03-01'),(777,'g',0,'2012-03-02'),(863,'g',0,'2012-03-02'),(989,'g',0,'2012-03-02'),(985,'g',0,'2012-03-02'),(765,'g',0,'2012-03-02');

--
-- Table structure for table `idx_paid_listing`
--

CREATE TABLE `idx_paid_listing` (
  `link_id` mediumint(9) unsigned NOT NULL DEFAULT '0',
  `premium` char(1) DEFAULT NULL,
  `sponsored` char(1) DEFAULT NULL,
  `expire` datetime DEFAULT NULL,
  `paid` char(1) DEFAULT NULL,
  PRIMARY KEY (`link_id`)
) ENGINE=MyISAM DEFAULT CHARSET=latin1;

--
-- Dumping data for table `idx_paid_listing`
--


--
-- Table structure for table `idx_payment_gateway`
--

CREATE TABLE `idx_payment_gateway` (
  `payment_gateway_id` int(11) NOT NULL AUTO_INCREMENT,
  `name` varchar(100) DEFAULT NULL,
  `enable` char(1) DEFAULT NULL,
  `setting` text,
  `invoice_html` text,
  PRIMARY KEY (`payment_gateway_id`)
) ENGINE=MyISAM AUTO_INCREMENT=9 DEFAULT CHARSET=latin1;

--
-- Dumping data for table `idx_payment_gateway`
--

INSERT INTO `idx_payment_gateway` VALUES (1,'paypal','1','a:2:{s:13:\"payment_email\";s:0:\"\";s:21:\"enable_paypal_sandbox\";s:1:\"0\";}','<p> \r\n	<a href=\'paynow.php?id={$invoice_id}&m=paypal\'><img src=\'http://www.paypal.com/images/x-click-but02.gif\' border=\'0\' alt=\'Make payments with PayPal - it is fast, free and secure!\' /></a> \r\n</p>\r\n'),(2,'2co','0','a:6:{s:6:\"co_sid\";s:5:\"84932\";s:9:\"co_secret\";s:5:\"tango\";s:12:\"co_recurring\";s:1:\"0\";s:9:\"co_prod_1\";s:6:\"100.00\";s:9:\"co_prod_2\";s:6:\"250.00\";s:9:\"co_prod_3\";s:6:\"400.00\";}','<p>\r\n<a href=\'paynow.php?id={$invoice_id}&m=2co\'><img src=\'http://www.2checkout.com/images/overview/btns/25.jpg\' alt=\'Pay Now with 2checkout...\' border=\'0\' /></a> \r\n</p>'),(3,'authorizenet','0','a:2:{s:21:\"authorizenet_login_id\";s:0:\"\";s:21:\"authorizenet_tran_key\";s:0:\"\";}','<p> \r\n<a href=\'paynow.php?id={$invoice_id}&m=authorizenet\'><img src=\'http://www.authorize.net/upload/images/Images/Header/authorizenet_logo.gif\' alt=\'Pay Now with Authorize.Net...\' width=\'99\' height=\'39\' style=\'{border : 1px solid #c0c0c0;}\' /></a>\r\n</p>'),(4,'egold','0','a:2:{s:19:\"egold_payee_account\";s:0:\"\";s:16:\"egold_payee_name\";s:0:\"\";}','<p> \r\n<a href=\'paynow.php?id={$invoice_id}&m=egold\'>\r\n<img src=\'http://www.e-gold.com/gif/paywith.gif\' border=\'0\' alt=\'Pay Now with e-gold...\' />\r\n</a>\r\n</p>'),(5,'moneybookers','0','a:1:{s:18:\"moneybookers_email\";s:0:\"\";}','<p> \r\n<a href=\'paynow.php?id={$invoice_id}&m=paypal\'><img src=\'http://www.moneybookers.com/images/banners/88_en_mb.gif\' border=\'0\' alt=\'Make payments with Moneybookers - it is fast, free and secure!\' /></a> \r\n</p>'),(6,'paypal-subscriptions','0','a:2:{s:13:\"payment_email\";s:0:\"\";s:21:\"enable_paypal_sandbox\";s:1:\"0\";}','<p> \r\n<a href=\'paynow.php?id={$invoice_id}&m=paypal\'><img src=\'https://www.paypal.com/en_US/i/btn/x-click-but20.gif\' border=\'0\' alt=\'Make payments with PayPal - it is fast, free and secure!\' /></a> \r\n</p>'),(7,'alertpay','0','a:2:{s:14:\"alertpay_email\";s:0:\"\";s:23:\"enable_alertpay_sandbox\";s:1:\"0\";}','<p> \r\n<a href=\'paynow.php?id={$invoice_id}&m=alertpay\'>\r\n<img src=\'https://www.alertpay.com/Images/BuyNow/pay_now_3.gif\' border=\'0\' alt=\'Make payments with PayPal - it is fast, free and secure!\' /></a> \r\n</p>'),(8,'alertpay-subcriptions','0','a:2:{s:14:\"alertpay_email\";s:0:\"\";s:23:\"enable_alertpay_sandbox\";s:1:\"0\";}','<p>\r\n<a href=\'paynow.php?id={$invoice_id}&m=alertpay-subcriptions\'>\r\n<img src=\'https://www.alertpay.com/Images/BuyNow/subscribe_now_15.gif\' border=\'0\' alt=\'Make payments with Alert Pay - it is fast, free and secure!\' /></a> \r\n</p>');

--
-- Table structure for table `idx_payment_history`
--

CREATE TABLE `idx_payment_history` (
  `payment_id` int(10) unsigned NOT NULL AUTO_INCREMENT,
  `contact_name` varchar(255) DEFAULT NULL,
  `email` varchar(255) DEFAULT NULL,
  `type` varchar(255) DEFAULT NULL,
  `detail` text,
  `amount` double DEFAULT NULL,
  `time` datetime DEFAULT NULL,
  `invoice_id` varchar(10) DEFAULT NULL,
  PRIMARY KEY (`payment_id`)
) ENGINE=MyISAM DEFAULT CHARSET=latin1;

--
-- Dumping data for table `idx_payment_history`
--


--
-- Table structure for table `idx_pl_sociable`
--

CREATE TABLE `idx_pl_sociable` (
  `sb_id` int(11) NOT NULL AUTO_INCREMENT,
  `sb_name` varchar(255) CHARACTER SET utf8 DEFAULT NULL,
  `sb_url` varchar(255) CHARACTER SET utf8 DEFAULT NULL,
  `sb_icon` varchar(255) CHARACTER SET utf8 DEFAULT NULL,
  `sb_enable` char(1) CHARACTER SET utf8 DEFAULT '0',
  PRIMARY KEY (`sb_id`)
) ENGINE=MyISAM AUTO_INCREMENT=90 DEFAULT CHARSET=latin1;

--
-- Dumping data for table `idx_pl_sociable`
--

INSERT INTO `idx_pl_sociable` VALUES (1,'BarraPunto','http://barrapunto.com/submit.pl?subj=TITLE&amp;story=PERMALINK','barrapunto.png','0'),(2,'Bitacoras.com','http://bitacoras.com/anotaciones/PERMALINK','bitacoras.png','0'),(3,'BlinkList','http://www.blinklist.com/index.php?Action=Blink/addblink.php&amp;Url=PERMALINK&amp;Title=TITLE','blinklist.png','0'),(4,'blogmarks','http://blogmarks.net/my/new.php?mini=1&amp;simple=1&amp;url=PERMALINK&amp;title=TITLE','blogmarks.png','0'),(5,'Blogosphere News','http://www.blogospherenews.com/submit.php?url=PERMALINK&amp;title=TITLE','blogospherenews.png','0'),(6,'blogtercimlap','http://cimlap.blogter.hu/index.php?action=suggest_link&amp;title=TITLE&amp;url=PERMALINK','blogter.png','0'),(7,'Faves','http://faves.com/Authoring.aspx?u=PERMALINK&amp;title=TITLE','bluedot.png','0'),(8,'connotea','http://www.connotea.org/addpopup?continue=confirm&amp;uri=PERMALINK&amp;title=TITLE&amp;description=EXCERPT','connotea.png','0'),(9,'Current','http://current.com/clipper.htm?url=PERMALINK&amp;title=TITLE','current.png','0'),(10,'del.icio.us','http://delicious.com/post?url=PERMALINK&amp;title=TITLE&amp;notes=EXCERPT','delicious.png','0'),(11,'Digg','http://digg.com/submit?phase=2&amp;url=PERMALINK&amp;title=TITLE&amp;bodytext=EXCERPT','digg.png','1'),(12,'Diigo','http://www.diigo.com/post?url=PERMALINK&amp;title=TITLE','diigo.png','0'),(13,'DotNetKicks','http://www.dotnetkicks.com/kick/?url=PERMALINK&amp;title=TITLE','dotnetkicks.png','0'),(14,'DZone','http://www.dzone.com/links/add.html?url=PERMALINK&amp;title=TITLE','dzone.png','0'),(15,'eKudos','http://www.ekudos.nl/artikel/nieuw?url=PERMALINK&amp;title=TITLE&amp;desc=EXCERPT','ekudos.png','0'),(16,'email','mailto:?subject=TITLE&amp;body=PERMALINK','email_link.png','0'),(17,'Facebook','http://www.facebook.com/share.php?u=PERMALINK&amp;t=TITLE','facebook.png','1'),(18,'Fark','http://cgi.fark.com/cgi/fark/farkit.pl?h=TITLE&amp;u=PERMALINK','fark.png','0'),(19,'Fleck','http://beta3.fleck.com/bookmarklet.php?url=PERMALINK&amp;title=TITLE','fleck.png','0'),(20,'FriendFeed','http://www.friendfeed.com/share?title=TITLE&amp;link=PERMALINK','friendfeed.png','0'),(21,'FSDaily','http://www.fsdaily.com/submit?url=PERMALINK&amp;title=TITLE','fsdaily.png','0'),(22,'Global Grind','http://globalgrind.com/submission/submit.aspx?url=PERMALINK&amp;type=Article&amp;title=TITLE','globalgrind.png','0'),(23,'Google','http://www.google.com/bookmarks/mark?op=edit&amp;bkmk=PERMALINK&amp;title=TITLE&amp;annotation=EXCERPT','googlebookmark.png','0'),(24,'Gwar','http://www.gwar.pl/DodajGwar.html?u=PERMALINK','gwar.png','0'),(25,'HackerNews','http://news.ycombinator.com/submitlink?u=PERMALINK&amp;t=TITLE','hackernews.png','0'),(26,'Haohao','http://www.haohaoreport.com/submit.php?url=PERMALINK&amp;title=TITLE','haohao.png','0'),(27,'HealthRanker','http://healthranker.com/submit.php?url=PERMALINK&amp;title=TITLE','healthranker.png','0'),(28,'HelloTxt','http://hellotxt.com/?status=TITLE+PERMALINK','hellotxt.png','0'),(29,'Hemidemi','http://www.hemidemi.com/user_bookmark/new?title=TITLE&amp;url=PERMALINK','hemidemi.png','0'),(30,'Hyves','http://www.hyves.nl/profilemanage/add/tips/?name=TITLE&amp;text=EXCERPT+PERMALINK&amp;rating=5','hyves.png','0'),(31,'Identi.ca','http://identi.ca/notice/new?status_textarea=PERMALINK','identica.png','0'),(32,'IndianPad','http://www.indianpad.com/submit.php?url=PERMALINK','indianpad.png','0'),(33,'Internetmedia','http://internetmedia.hu/submit.php?url=PERMALINK','im.png','0'),(34,'Kirtsy','http://www.kirtsy.com/submit.php?url=PERMALINK&amp;title=TITLE','kirtsy.png','0'),(35,'laaik.it','http://laaik.it/NewStoryCompact.aspx?uri=PERMALINK&amp;headline=TITLE&amp;cat=5e082fcc-8a3b-47e2-acec-fdf64ff19d12','laaikit.png','0'),(36,'LinkArena','http://linkarena.com/bookmarks/addlink/?url=PERMALINK&amp;title=TITLE','linkarena.png','0'),(37,'LinkaGoGo','http://www.linkagogo.com/go/AddNoPopup?url=PERMALINK&amp;title=TITLE','linkagogo.png','0'),(38,'LinkedIn','http://www.linkedin.com/shareArticle?mini=true&amp;url=PERMALINK&amp;title=TITLE&amp;source=BLOGNAME&amp;summary=EXCERPT','linkedin.png','0'),(39,'Linkter','http://www.linkter.hu/index.php?action=suggest_link&amp;url=PERMALINK&amp;title=TITLE','linkter.png','0'),(40,'Live','https://favorites.live.com/quickadd.aspx?marklet=1&amp;url=PERMALINK&amp;title=TITLE','live.png','0'),(41,'Meneame','http://meneame.net/submit.php?url=PERMALINK','meneame.png','0'),(42,'MisterWong','http://www.mister-wong.com/addurl/?bm_url=PERMALINK&amp;bm_description=TITLE&amp;plugin=soc','misterwong.png','0'),(43,'MisterWong.DE','http://www.mister-wong.de/addurl/?bm_url=PERMALINK&amp;bm_description=TITLE&amp;plugin=soc','misterwong.png','0'),(44,'Mixx','http://www.mixx.com/submit?page_url=PERMALINK&amp;title=TITLE','mixx.png','0'),(45,'muti','http://www.muti.co.za/submit?url=PERMALINK&amp;title=TITLE','muti.png','0'),(46,'MyShare','http://myshare.url.com.tw/index.php?func=newurl&amp;url=PERMALINK&amp;desc=TITLE','myshare.png','0'),(47,'MySpace','http://www.myspace.com/Modules/PostTo/Pages/?u=PERMALINK&amp;t=TITLE','myspace.png','0'),(48,'MSNReporter','http://reporter.nl.msn.com/?fn=contribute&amp;Title=TITLE&amp;URL=PERMALINK&amp;cat_id=6&amp;tag_id=31&amp;Remark=EXCERPT','msnreporter.png','0'),(49,'N4G','http://www.n4g.com/tips.aspx?url=PERMALINK&amp;title=TITLE','n4g.png','0'),(50,'Netvibes','http://www.netvibes.com/share?title=TITLE&amp;url=PERMALINK','netvibes.png','0'),(51,'NewsVine','http://www.newsvine.com/_tools/seed&amp;save?u=PERMALINK&amp;h=TITLE','newsvine.png','0'),(52,'Netvouz','http://www.netvouz.com/action/submitBookmark?url=PERMALINK&amp;title=TITLE&amp;popup=no','netvouz.png','0'),(53,'NuJIJ','http://nujij.nl/jij.lynkx?t=TITLE&amp;u=PERMALINK&amp;b=EXCERPT','nujij.png','0'),(54,'Ping.fm','http://ping.fm/ref/?link=PERMALINK&amp;title=TITLE&amp;body=EXCERPT','ping.png','0'),(55,'Posterous','http://posterous.com/share?linkto=PERMALINK&amp;title=TITLE&amp;selection=EXCERPT','posterous.png','0'),(56,'PDF','http://www.printfriendly.com/print?url=PERMALINK&amp;partner=sociable','pdf.png','0'),(57,'Print','http://www.printfriendly.com/print?url=PERMALINK&amp;partner=sociable','printfriendly.png','0'),(58,'Propeller','http://www.propeller.com/submit/?url=PERMALINK','propeller.png','0'),(59,'Ratimarks','http://ratimarks.org/bookmarks.php/?action=add&address=PERMALINK&amp;title=TITLE','ratimarks.png','0'),(60,'Rec6','http://rec6.via6.com/link.php?url=PERMALINK&amp;=TITLE','rec6.png','0'),(61,'Reddit','http://reddit.com/submit?url=PERMALINK&amp;title=TITLE','reddit.png','0'),(62,'RSS','FEEDLINK','rss.png','0'),(63,'Scoopeo','http://www.scoopeo.com/scoop/new?newurl=PERMALINK&amp;title=TITLE','scoopeo.png','0'),(64,'Segnalo','http://segnalo.alice.it/post.html.php?url=PERMALINK&amp;title=TITLE','segnalo.png','0'),(65,'Simpy','http://www.simpy.com/simpy/LinkAdd.do?href=PERMALINK&amp;title=TITLE','simpy.png','0'),(66,'Slashdot','http://slashdot.org/bookmark.pl?title=TITLE&amp;url=PERMALINK','slashdot.png','0'),(67,'Socialogs','http://socialogs.com/add_story.php?story_url=PERMALINK&amp;story_title=TITLE','socialogs.png','0'),(68,'SphereIt','http://www.sphere.com/search?q=sphereit:PERMALINK&amp;title=TITLE','sphere.png','0'),(69,'Sphinn','http://sphinn.com/index.php?c=post&amp;m=submit&amp;link=PERMALINK','sphinn.png','0'),(70,'StumbleUpon','http://www.stumbleupon.com/submit?url=PERMALINK&amp;title=TITLE','stumbleupon.png','0'),(71,'Techmeme','http://twitter.com/home/?status=tip%20@Techmeme%20PERMALINK%20TITLE','techmeme.png','0'),(72,'Technorati','http://technorati.com/faves?add=PERMALINK','technorati.png','1'),(73,'ThisNext','http://www.thisnext.com/pick/new/submit/sociable/?url=PERMALINK&amp;name=TITLE','thisnext.png','0'),(74,'Tipd','http://tipd.com/submit.php?url=PERMALINK','tipd.png','0'),(75,'Tumblr','http://www.tumblr.com/share?v=3&amp;u=PERMALINK&amp;t=TITLE&amp;s=EXCERPT','tumblr.png','0'),(76,'Twitter','http://twitter.com/home?status=TITLE%20-%20PERMALINK','twitter.png','1'),(77,'Upnews','http://www.upnews.it/submit?url=PERMALINK&amp;title=TITLE','upnews.png','0'),(78,'Webnews.de','http://www.webnews.de/einstellen?url=PERMALINK&amp;title=TITLE','webnews.png','0'),(79,'Webride','http://webride.org/discuss/split.php?uri=PERMALINK&amp;title=TITLE','webride.png','0'),(80,'Wikio','http://www.wikio.com/vote?url=PERMALINK','wikio.png','0'),(81,'Wikio FR','http://www.wikio.fr/vote?url=PERMALINK','wikio.png','0'),(82,'Wikio IT','http://www.wikio.it/vote?url=PERMALINK','wikio.png','0'),(83,'Wists','http://wists.com/s.php?c=&amp;r=PERMALINK&amp;title=TITLE','wists.png','0'),(84,'Wykop','http://www.wykop.pl/dodaj?url=PERMALINK','wykop.png','0'),(85,'Xerpi','http://www.xerpi.com/block/add_link_from_extension?url=PERMALINK&amp;title=TITLE','xerpi.png','0'),(86,'YahooBuzz','http://buzz.yahoo.com/submit/?submitUrl=PERMALINK&amp;submitHeadline=TITLE&amp;submitSummary=EXCERPT&amp;submitCategory=science&amp;submitAssetType=text','yahoobuzz.png','0'),(87,'Yahoo! Bookmarks','http://bookmarks.yahoo.com/toolbar/savebm?u=PERMALINK&amp;t=TITLE&opener=bm&amp;ei=UTF-8&amp;d=EXCERPT','yahoomyweb.png','0'),(88,'Yigg','http://yigg.de/neu?exturl=PERMALINK&amp;exttitle=TITLE','yiggit.png','0'),(89,'Blogplay','http://blogplay.com','blogplay.png','0');

--
-- Table structure for table `idx_plugin`
--

CREATE TABLE `idx_plugin` (
  `plugin_id` int(11) NOT NULL AUTO_INCREMENT,
  `name` varchar(255) DEFAULT NULL,
  `plugin_file` varchar(255) DEFAULT NULL,
  `status` enum('0','1') DEFAULT NULL,
  `option_plugin` text,
  PRIMARY KEY (`plugin_id`)
) ENGINE=MyISAM AUTO_INCREMENT=2 DEFAULT CHARSET=latin1;

--
-- Dumping data for table `idx_plugin`
--

INSERT INTO `idx_plugin` VALUES (1,'Sociable','sociable/sociable.php','1',NULL);

--
-- Table structure for table `idx_review`
--

CREATE TABLE `idx_review` (
  `review_id` mediumint(9) unsigned NOT NULL AUTO_INCREMENT,
  `link_id` mediumint(9) unsigned NOT NULL DEFAULT '0',
  `review` text NOT NULL,
  `rating` tinyint(3) unsigned NOT NULL DEFAULT '0',
  `date` date NOT NULL DEFAULT '0000-00-00',
  `subject` varchar(100) DEFAULT NULL,
  `status` char(1) DEFAULT NULL,
  `username` varchar(20) DEFAULT NULL,
  `name` varchar(20) DEFAULT NULL,
  `email` varchar(100) DEFAULT NULL,
  PRIMARY KEY (`review_id`)
) ENGINE=MyISAM AUTO_INCREMENT=2 DEFAULT CHARSET=latin1;

--
-- Dumping data for table `idx_review`
--

INSERT INTO `idx_review` VALUES (1,939,'test',5,'2012-01-03','test','0','','test','test@test.com');

--
-- Table structure for table `idx_searchlog`
--

CREATE TABLE `idx_searchlog` (
  `keyword` varchar(100) NOT NULL DEFAULT '',
  `time` datetime NOT NULL DEFAULT '0000-00-00 00:00:00',
  `result` mediumint(9) unsigned DEFAULT NULL,
  `ip` varchar(100) DEFAULT NULL
) ENGINE=MyISAM DEFAULT CHARSET=latin1;

--
-- Dumping data for table `idx_searchlog`
--


--
-- Table structure for table `idx_set_hook_place`
--

CREATE TABLE `idx_set_hook_place` (
  `set_hook_place_id` int(11) NOT NULL AUTO_INCREMENT,
  `plugin` varchar(255) DEFAULT NULL,
  `set_hook_place` text,
  PRIMARY KEY (`set_hook_place_id`)
) ENGINE=MyISAM DEFAULT CHARSET=latin1;

--
-- Dumping data for table `idx_set_hook_place`
--


--
-- Table structure for table `idx_setting`
--

CREATE TABLE `idx_setting` (
  `setting_id` int(11) NOT NULL AUTO_INCREMENT,
  `setting_name` varchar(255) DEFAULT NULL,
  `setting_value` text,
  PRIMARY KEY (`setting_id`)
) ENGINE=MyISAM AUTO_INCREMENT=55 DEFAULT CHARSET=latin1;

--
-- Dumping data for table `idx_setting`
--

INSERT INTO `idx_setting` VALUES (4,'site_name','alistweb.org'),(5,'site_url','http://alistweb.org'),(6,'email_address','anita.hatala@gmail.com'),(7,'language_code','en_US'),(8,'theme_path','/home/alistw/public_html/themes/'),(9,'admin_template_path','/home/alistw/public_html/admin_tpl/'),(10,'plugin_path','/home/alistw/public_html/plugin/'),(12,'active_theme','_alistweb'),(14,'spam_proof','1'),(15,'enable_user_validation','1'),(16,'allowed_file_extension','gif,jpg,png,pdf,zip,doc'),(17,'yahoo_appid',''),(18,'whosonline','600'),(19,'reciprocal_check','0'),(20,'urlcheck_limit','1'),(21,'pagerank_cache','30'),(22,'max_image_width','1024'),(23,'max_image_height','756'),(24,'max_file_size','500'),(25,'only_registered_can_add_link','0'),(26,'only_registered_can_add_review','0'),(27,'db_use_persistent','0'),(28,'paid_link_day_period','30,60,90,180'),(29,'paid_link_price_factor','1,1.5,2,3'),(30,'enable_html_tag','1'),(31,'allowed_html_tag','<b>,<strong>,<i>,<em>,<u>,<pre>,<blockquote>,<ol>,<ul>,<li>,<p>,<span>,<div>,<table>,<tr>,<td>'),(32,'enable_page_compression','0'),(33,'enable_category_ajax','1'),(34,'require_visit_category','0'),(35,'additional_category_price','0.5'),(36,'enable_rating_ajax','1'),(37,'service_nicecoder_avail','1'),(38,'enable_recaptcha','0'),(39,'recaptcha_publickey',''),(40,'recaptcha_privatekey',''),(41,'enable_bidding','0'),(42,'minimum_bid','5'),(43,'bid_increament','1'),(44,'charset','utf-8'),(45,'mailer','mail'),(46,'smtp_auth','0'),(47,'smtp_host',''),(48,'smtp_username',''),(49,'smtp_password',''),(50,'smtp_port','25'),(51,'emailbody_as_html','0'),(52,'indexu_version','2.4'),(53,'tos',''),(54,'submission_guidelines','');

--
-- Table structure for table `idx_tags`
--

CREATE TABLE `idx_tags` (
  `tag` varchar(64) NOT NULL DEFAULT '',
  `category_id` mediumint(8) unsigned NOT NULL DEFAULT '0',
  `total` int(11) NOT NULL DEFAULT '0',
  `tag_path` varchar(64) NOT NULL,
  PRIMARY KEY (`tag`,`category_id`)
) ENGINE=MyISAM DEFAULT CHARSET=latin1;

--
-- Dumping data for table `idx_tags`
--


--
-- Table structure for table `idx_unavailable`
--

CREATE TABLE `idx_unavailable` (
  `idx_unavailable` int(11) NOT NULL AUTO_INCREMENT,
  `link_id` int(11) DEFAULT NULL,
  `url` varchar(255) DEFAULT NULL,
  `who_is` varchar(255) DEFAULT NULL,
  `note` text,
  `date` datetime DEFAULT NULL,
  PRIMARY KEY (`idx_unavailable`)
) ENGINE=MyISAM DEFAULT CHARSET=latin1;

--
-- Dumping data for table `idx_unavailable`
--


--
-- Table structure for table `idx_unavailable_latest`
--

CREATE TABLE `idx_unavailable_latest` (
  `idx_link` int(11) DEFAULT NULL,
  `record_execution` int(11) DEFAULT NULL
) ENGINE=MyISAM DEFAULT CHARSET=latin1;

--
-- Dumping data for table `idx_unavailable_latest`
--


--
-- Table structure for table `idx_votes`
--

CREATE TABLE `idx_votes` (
  `link_id` mediumint(9) NOT NULL DEFAULT '0',
  `ip` varchar(100) DEFAULT NULL,
  `value` tinyint(4) DEFAULT NULL
) ENGINE=MyISAM DEFAULT CHARSET=latin1;

--
-- Dumping data for table `idx_votes`
--

INSERT INTO `idx_votes` VALUES (939,'203.92.47.195',3);


