--
-- Host: alphabiz.info    Database: alphabiz_indexu
-- ------------------------------------------------------


--
-- Table structure for table `directory_save_data`
--

CREATE TABLE `directory_save_data` (
  `id` bigint(100) NOT NULL AUTO_INCREMENT,
  `schedule_id` bigint(100) NOT NULL,
  `project_id` bigint(100) NOT NULL,
  `link_id` bigint(100) NOT NULL,
  `confirm_link` text NOT NULL,
  `category_id` int(10) NOT NULL,
  `category_name` varchar(150) NOT NULL,
  PRIMARY KEY (`id`)
) ENGINE=InnoDB DEFAULT CHARSET=latin1;

--
-- Dumping data for table `directory_save_data`
--


--
-- Table structure for table `idx_admin_menu`
--

CREATE TABLE `idx_admin_menu` (
  `menu_id` int(11) NOT NULL AUTO_INCREMENT,
  `parent_id` int(11) DEFAULT NULL,
  `menu_title` varchar(255) DEFAULT NULL,
  `menu_url` varchar(255) DEFAULT NULL,
  `order_number` int(11) DEFAULT NULL,
  PRIMARY KEY (`menu_id`)
) ENGINE=MyISAM AUTO_INCREMENT=85 DEFAULT CHARSET=latin1;

--
-- Dumping data for table `idx_admin_menu`
--

INSERT INTO `idx_admin_menu` VALUES (1,0,'Dashboard','summary.php',0),(3,0,'Categories','cat_view.php',0),(4,3,'View/ Edit/ Delete','cat_view.php',1),(5,3,'Add New Category','cat_add.php',2),(2,1,'Summary','summary.php',1),(7,3,'Check Category Structure','cat_struc.php',4),(8,3,'Update Category Path','cat_path_update.php',5),(6,3,'Pending Category','cat_pending_suggestion.php',3),(9,3,'Set Default Price','cat_set_default_price.php',6),(10,3,'Hidden Category','cat_view_hidden.php',7),(11,3,'Registered Users Only','cat_view_registered_only.php',8),(12,3,'Search Category','cat_search.php',9),(13,0,'Links','link_search.php',0),(14,13,'Search/ Edit/ Delete','link_search.php',1),(15,13,'Add New Link','link_add.php',2),(16,13,'Validate Link','link_validate.php',3),(17,13,'Premium Listing','link_premium_listing.php',4),(18,13,'Sponsored Listing','link_sponsored_listing.php',5),(19,13,'Suspended Listing','link_suspended_listing.php',6),(20,13,'Spam Links','link_validate.php?spam=1',7),(22,13,'Update Number of Links','app_update_nol.php',9),(23,13,'Update Tag Clouds','tag_cloud_update.php',10),(21,13,'Editor Pick Links','link_editor_pick.php',8),(25,13,'Validate Reviews','review_validate.php',11),(26,13,'Discount Coupon','coupon.php',12),(27,13,'Default Field','link_default_field.php',13),(28,13,'Custom Field','link_custom_field.php',14),(29,0,'Users','user_active.php',0),(30,29,'View All','user_active.php',1),(31,29,'Add New User','user_add.php',2),(32,29,'View Suspend','user_suspend.php',3),(33,29,'View Unactive','user_active.php?pflag=Unactive',4),(34,29,'Search User','user_search.php',5),(35,0,'Editors','editor_add.php',0),(36,35,'Add New Editor','editor_add.php',1),(37,35,'Validate Editors','editor_validate.php',2),(38,0,'Invoices','inv_config.php',0),(39,38,'Configure','inv_config.php',1),(40,38,'Create An Invoice','inv_create.php',2),(41,38,'Paid Invoice','inv_paid.php',3),(42,38,'Unpaid Invoice','inv_unpaid.php',4),(43,38,'Overdue Invoice','inv_overdue.php',5),(44,38,'Payment History','pay_history.php',6),(45,0,'Mailling Systems','message_view.php',0),(46,45,'Send/ Edit/ Delete','message_view.php',1),(47,45,'Create Template','message_create.php',2),(48,45,'Mailing List Subscribers','message_subscriber.php',3),(49,0,'Templates','template_manager.php',0),(50,49,'Site Templates Manager','template_manager.php',1),(51,49,'Import Site Template','template_import.php',2),(52,49,'Export Site Template','template_export.php',3),(53,49,'Email Templates','email_template.php',4),(54,49,'Export Email Template','email_template_export.php',5),(55,49,'Import Email Template','email_template_import.php',6),(56,0,'Tools','link_duplicate.php',0),(57,56,'Find Duplicate Link','link_duplicate.php',1),(58,56,'Broken Link Report','link_bad.php',2),(59,56,'Spider Link CheckUrl','checkurl_web.php',3),(60,56,'Block Name server Domain','blocked_domain_list.php',4),(61,56,'Add Block Name server Domain','add_blocked_domain.php',5),(62,56,'Unavailable domain listing','unavailable_link_list.php',6),(63,56,'Clear Template Cache','clear_templates_c.php',7),(64,56,'PHP Configuration','phpinfo.php',8),(65,56,'Sitemap Generator','sitemap.php',9),(66,56,'Cronjobs','cronjobs.php',10),(67,56,'Fetch Meta','fetch_meta.php',11),(68,56,'Hook Place','hook_place.php',12),(69,56,'CheckUrl Result','link_checkurl.php',13),(70,56,'View Search Log','log_search.php',14),(71,56,'Bad Words Filter','badword_filter.php',15),(72,0,'Options','app_setup.php',0),(73,72,'Setup','app_setup.php',1),(74,72,'Page Caching','app_page_caching.php',2),(75,72,'Mod-rewrite','app_mod_rewrite.php',3),(76,72,'Change Password','app_change_pwd.php',4),(77,0,'Database','db_import.php',0),(78,77,'Import','db_import.php',1),(79,77,'Export','db_export.php',2),(80,77,'Backup','db_backup.php',3),(81,77,'Query','db_query.php',4),(82,77,'Find Replace','db_find_replace.php',5),(83,0,'Plugins','plugin_listing.php',0),(84,83,'View All','plugin_listing.php',1);

--
-- Table structure for table `idx_bad_link`
--

CREATE TABLE `idx_bad_link` (
  `bad_link_id` mediumint(9) unsigned NOT NULL AUTO_INCREMENT,
  `link_id` mediumint(9) unsigned NOT NULL DEFAULT '0',
  `name` varchar(50) NOT NULL DEFAULT '',
  `email` varchar(50) NOT NULL DEFAULT '',
  `type` tinyint(3) unsigned NOT NULL DEFAULT '0',
  `date` date NOT NULL DEFAULT '0000-00-00',
  PRIMARY KEY (`bad_link_id`)
) ENGINE=MyISAM DEFAULT CHARSET=latin1;

--
-- Dumping data for table `idx_bad_link`
--


--
-- Table structure for table `idx_badwords`
--

CREATE TABLE `idx_badwords` (
  `word` varchar(100) NOT NULL DEFAULT ''
) ENGINE=MyISAM DEFAULT CHARSET=latin1;

--
-- Dumping data for table `idx_badwords`
--


--
-- Table structure for table `idx_blocked_domain`
--

CREATE TABLE `idx_blocked_domain` (
  `blocked_id` int(11) NOT NULL AUTO_INCREMENT,
  `blocked` varchar(255) DEFAULT NULL,
  `type` enum('domain','ip') DEFAULT NULL,
  PRIMARY KEY (`blocked_id`)
) ENGINE=MyISAM AUTO_INCREMENT=6 DEFAULT CHARSET=latin1;

--
-- Dumping data for table `idx_blocked_domain`
--

INSERT INTO `idx_blocked_domain` VALUES (1,'buydomains.com','domain'),(2,'this-domain-for-sale.com ','domain'),(3,'oversee.net','domain'),(4,'eNom','domain'),(5,'sedoparking.com','domain');

--
-- Table structure for table `idx_category`
--

CREATE TABLE `idx_category` (
  `category_id` mediumint(9) unsigned NOT NULL AUTO_INCREMENT,
  `parent_id` mediumint(9) unsigned NOT NULL DEFAULT '0',
  `name` varchar(100) NOT NULL DEFAULT '',
  `description` text NOT NULL,
  `image` varchar(100) DEFAULT NULL,
  `content` text,
  `visible` char(1) DEFAULT NULL,
  `links` mediumint(9) DEFAULT NULL,
  `meta_keyword` text,
  `meta_description` text,
  `permission` char(2) DEFAULT NULL,
  `registered_only` char(1) DEFAULT NULL,
  `header` text NOT NULL,
  `footer` text NOT NULL,
  `related` mediumint(6) NOT NULL DEFAULT '0',
  `page_title` varchar(200) NOT NULL DEFAULT '',
  `hits` int(11) NOT NULL DEFAULT '0',
  `order_num` smallint(6) NOT NULL DEFAULT '0',
  `basic_price` double unsigned NOT NULL DEFAULT '0',
  `premium_price` double unsigned NOT NULL DEFAULT '0',
  `sponsored_price` double unsigned NOT NULL DEFAULT '0',
  PRIMARY KEY (`category_id`)
) ENGINE=MyISAM AUTO_INCREMENT=36 DEFAULT CHARSET=latin1;

--
-- Dumping data for table `idx_category`
--

INSERT INTO `idx_category` VALUES (1,0,'Arts & Entertainment','','folder.gif','','1',0,'','','1','0','','',0,'',1,0,0,0,0),(2,0,'Automotive','','folder.gif','','1',0,'','','1','0','','',0,'',1,0,0,0,0),(3,0,'Business','','folder.gif','','1',4,'','','1','0','','',0,'',0,0,0,0,0),(4,0,'Careers & Jobs','','folder.gif','','1',0,'','','1','0','','',0,'',0,0,0,0,0),(5,0,'Clothing','','folder.gif','','1',0,'','','1','0','','',0,'',0,0,0,0,0),(6,0,'Communications','','folder.gif','','1',0,'','','1','0','','',0,'',0,0,0,0,0),(7,0,'Computer & Internet','','folder.gif','','1',1,'','','1','0','','',0,'',0,0,0,0,0),(8,0,'Construction and Maintenance','','folder.gif','','1',0,'','','1','0','','',0,'',0,0,0,0,0),(9,0,'Dental Services','','folder.gif','','1',0,'','','1','0','','',0,'',0,0,0,0,0),(10,0,'Education','','folder.gif','','1',0,'','','1','0','','',0,'',0,0,0,0,0),(11,0,'Employment  ','','folder.gif','','1',0,'','','1','0','','',0,'',0,0,0,0,0),(12,0,'Gifts','','folder.gif','','1',0,'','','1','0','','',0,'',0,0,0,0,0),(13,0,'Hardware & Software','','folder.gif','','1',0,'','','1','0','','',0,'',0,0,0,0,0),(14,0,'Health & fitness','','folder.gif','','1',0,'','','1','0','','',0,'',0,0,0,0,0),(15,0,'Healthcare ','','folder.gif','','1',2,'','','1','0','','',0,'',0,0,0,0,0),(16,0,'Heating, Ventilating and Air Conditioning','','folder.gif','','1',2,'','','1','0','','',0,'',0,0,0,0,0),(17,0,'Home & Garden Making','','folder.gif','','1',0,'','','1','0','','',0,'',0,0,0,0,0),(18,0,'Home Improvement & Appliances ','','folder.gif','','1',1,'','','1','0','','',0,'',0,0,0,0,0),(19,0,'Hotels ','','folder.gif','','1',0,'','','1','0','','',0,'',0,0,0,0,0),(20,0,'Insurance Providers','','folder.gif','','1',1,'','','1','0','','',0,'',0,0,0,0,0),(21,0,'Law & Legal','','folder.gif','','1',0,'','','1','0','','',0,'',0,0,0,0,0),(22,0,'Lawyers & Attorneys','','folder.gif','','1',7,'','','1','0','','',0,'',0,0,0,0,0),(23,0,'Lifestyle & Society','','folder.gif','','1',0,'','','1','0','','',0,'',0,0,0,0,0),(24,0,'Medicine & Surgery','','folder.gif','','1',0,'','','1','0','','',0,'',0,0,0,0,0),(25,0,'Finance & Investment','','folder.gif','','1',0,'','','1','0','','',0,'',0,0,0,0,0),(26,0,'News & Media','','folder.gif','','1',0,'','','1','0','','',0,'',0,0,0,0,0),(27,0,'Plumbing Contractors','','folder.gif','','1',0,'','','1','0','','',0,'',0,0,0,0,0),(28,0,'Real Estate & Property','','folder.gif','','1',1,'','','1','0','','',0,'',0,0,0,0,0),(29,0,'Science ','','folder.gif','','1',0,'','','1','0','','',0,'',0,0,0,0,0),(30,0,'SEO & SMO Services','','folder.gif','','1',0,'','','1','0','','',0,'',0,0,0,0,0),(31,0,'Shopping and Sales','','folder.gif','','1',2,'','','1','0','','',0,'',0,0,0,0,0),(32,0,'Sports & Recreation','','folder.gif','','1',0,'','','1','0','','',0,'',0,0,0,0,0),(33,0,'Transportation Services','','folder.gif','','1',0,'','','1','0','','',0,'',0,0,0,0,0),(34,0,'Travel & Tour','','folder.gif','','1',0,'','','1','0','','',0,'',0,0,0,0,0),(35,0,'Weddings','','folder.gif','','1',1,'','','1','0','','',0,'',0,0,0,0,0);

--
-- Table structure for table `idx_category_path`
--

CREATE TABLE `idx_category_path` (
  `category_id` mediumint(9) NOT NULL DEFAULT '0',
  `path` text,
  `path_with_url` text,
  `parents` text,
  PRIMARY KEY (`category_id`)
) ENGINE=MyISAM DEFAULT CHARSET=latin1;

--
-- Dumping data for table `idx_category_path`
--

INSERT INTO `idx_category_path` VALUES (1,'Arts & Entertainment','<a href=\"http://alphabiz.info/arts-entertainment/\" name=\"cat_1\" style=\"\">Arts & Entertainment</a>',';0;'),(2,'Automotive','<a href=\"http://alphabiz.info/automotive/\" name=\"cat_2\" style=\"\">Automotive</a>',';0;'),(3,'Business','<a href=\"http://alphabiz.info/business/\" name=\"cat_3\" style=\"\">Business</a>',';0;'),(4,'Careers & Jobs','<a href=\"http://alphabiz.info/careers-jobs/\" name=\"cat_4\" style=\"\">Careers & Jobs</a>',';0;'),(5,'Clothing','<a href=\"http://alphabiz.info/clothing/\" name=\"cat_5\" style=\"\">Clothing</a>',';0;'),(6,'Communications','<a href=\"http://alphabiz.info/communications/\" name=\"cat_6\" style=\"\">Communications</a>',';0;'),(7,'Computer & Internet','<a href=\"http://alphabiz.info/computer-internet/\" name=\"cat_7\" style=\"\">Computer & Internet</a>',';0;'),(8,'Construction and Maintenance','<a href=\"http://alphabiz.info/construction-and-maintenance/\" name=\"cat_8\" style=\"\">Construction and Maintenance</a>',';0;'),(9,'Dental Services','<a href=\"http://alphabiz.info/dental-services/\" name=\"cat_9\" style=\"\">Dental Services</a>',';0;'),(10,'Education','<a href=\"http://alphabiz.info/education/\" name=\"cat_10\" style=\"\">Education</a>',';0;'),(11,'Employment  ','<a href=\"http://alphabiz.info/employment/\" name=\"cat_11\" style=\"\">Employment  </a>',';0;'),(12,'Gifts','<a href=\"http://alphabiz.info/gifts/\" name=\"cat_12\" style=\"\">Gifts</a>',';0;'),(13,'Hardware & Software','<a href=\"http://alphabiz.info/hardware-software/\" name=\"cat_13\" style=\"\">Hardware & Software</a>',';0;'),(14,'Health & fitness','<a href=\"http://alphabiz.info/health-fitness/\" name=\"cat_14\" style=\"\">Health & fitness</a>',';0;'),(15,'Healthcare ','<a href=\"http://alphabiz.info/healthcare/\" name=\"cat_15\" style=\"\">Healthcare </a>',';0;'),(16,'Heating, Ventilating and Air Conditioning','<a href=\"http://alphabiz.info/heating-ventilating-and-air-conditioning/\" name=\"cat_16\" style=\"\">Heating, Ventilating and Air Conditioning</a>',';0;'),(17,'Home & Garden Making','<a href=\"http://alphabiz.info/home-garden-making/\" name=\"cat_17\" style=\"\">Home & Garden Making</a>',';0;'),(18,'Home Improvement & Appliances ','<a href=\"http://alphabiz.info/home-improvement-appliances/\" name=\"cat_18\" style=\"\">Home Improvement & Appliances </a>',';0;'),(19,'Hotels ','<a href=\"http://alphabiz.info/hotels/\" name=\"cat_19\" style=\"\">Hotels </a>',';0;'),(20,'Insurance Providers','<a href=\"http://alphabiz.info/insurance-providers/\" name=\"cat_20\" style=\"\">Insurance Providers</a>',';0;'),(21,'Law & Legal','<a href=\"http://alphabiz.info/law-legal/\" name=\"cat_21\" style=\"\">Law & Legal</a>',';0;'),(22,'Lawyers & Attorneys','<a href=\"http://alphabiz.info/lawyers-attorneys/\" name=\"cat_22\" style=\"\">Lawyers & Attorneys</a>',';0;'),(23,'Lifestyle & Society','<a href=\"http://alphabiz.info/lifestyle-society/\" name=\"cat_23\" style=\"\">Lifestyle & Society</a>',';0;'),(24,'Medicine & Surgery','<a href=\"http://alphabiz.info/medicine-surgery/\" name=\"cat_24\" style=\"\">Medicine & Surgery</a>',';0;'),(25,'Finance & Investment','<a href=\"http://alphabiz.info/finance-investment/\" name=\"cat_25\" style=\"\">Finance & Investment</a>',';0;'),(26,'News & Media','<a href=\"http://alphabiz.info/news-media/\" name=\"cat_26\" style=\"\">News & Media</a>',';0;'),(27,'Plumbing Contractors','<a href=\"http://alphabiz.info/plumbing-contractors/\" name=\"cat_27\" style=\"\">Plumbing Contractors</a>',';0;'),(28,'Real Estate & Property','<a href=\"http://alphabiz.info/real-estate-property/\" name=\"cat_28\" style=\"\">Real Estate & Property</a>',';0;'),(29,'Science ','<a href=\"http://alphabiz.info/science/\" name=\"cat_29\" style=\"\">Science </a>',';0;'),(30,'SEO & SMO Services','<a href=\"http://alphabiz.info/seo-smo-services/\" name=\"cat_30\" style=\"\">SEO & SMO Services</a>',';0;'),(31,'Shopping and Sales','<a href=\"http://alphabiz.info/shopping-and-sales/\" name=\"cat_31\" style=\"\">Shopping and Sales</a>',';0;'),(32,'Sports & Recreation','<a href=\"http://alphabiz.info/sports-recreation/\" name=\"cat_32\" style=\"\">Sports & Recreation</a>',';0;'),(33,'Transportation Services','<a href=\"http://alphabiz.info/transportation-services/\" name=\"cat_33\" style=\"\">Transportation Services</a>',';0;'),(34,'Travel & Tour','<a href=\"http://alphabiz.info/travel-tour/\" name=\"cat_34\" style=\"\">Travel & Tour</a>',';0;'),(35,'Weddings','<a href=\"http://alphabiz.info/weddings/\" name=\"cat_35\" style=\"\">Weddings</a>',';0;');

--
-- Table structure for table `idx_category_suggession`
--

CREATE TABLE `idx_category_suggession` (
  `id_cat_suggession` int(11) NOT NULL AUTO_INCREMENT,
  `parent_id` int(11) DEFAULT NULL,
  `name` varchar(255) DEFAULT NULL,
  `category_description` text,
  `date` datetime DEFAULT NULL,
  PRIMARY KEY (`id_cat_suggession`)
) ENGINE=MyISAM DEFAULT CHARSET=latin1;

--
-- Dumping data for table `idx_category_suggession`
--


--
-- Table structure for table `idx_checkurl`
--

CREATE TABLE `idx_checkurl` (
  `link_id` mediumint(9) NOT NULL DEFAULT '0',
  `date` date NOT NULL DEFAULT '0000-00-00',
  `live` char(1) NOT NULL DEFAULT '',
  `reciprocal_found` char(1) NOT NULL DEFAULT '',
  PRIMARY KEY (`link_id`)
) ENGINE=MyISAM DEFAULT CHARSET=latin1;

--
-- Dumping data for table `idx_checkurl`
--


--
-- Table structure for table `idx_cronjobs`
--

CREATE TABLE `idx_cronjobs` (
  `cronjobs_id` int(11) NOT NULL AUTO_INCREMENT,
  `cronjobs_name` varchar(255) DEFAULT NULL,
  `filename` varchar(255) NOT NULL,
  `schedule` varchar(255) NOT NULL,
  `time` datetime NOT NULL,
  `execution` varchar(1) NOT NULL,
  PRIMARY KEY (`cronjobs_id`)
) ENGINE=MyISAM AUTO_INCREMENT=4 DEFAULT CHARSET=latin1;

--
-- Dumping data for table `idx_cronjobs`
--

INSERT INTO `idx_cronjobs` VALUES (1,NULL,'clear_templates_c.php','1,*,*,*,*','0000-00-00 00:00:00',''),(2,NULL,'update_tag_cloud.php','*,24,*,*,*','0000-00-00 00:00:00',''),(3,NULL,'clear_rss_cache.php','*,24,*,*,*','0000-00-00 00:00:00','');

--
-- Table structure for table `idx_custom_field`
--

CREATE TABLE `idx_custom_field` (
  `field_name` varchar(32) NOT NULL DEFAULT '',
  `field_text` varchar(64) NOT NULL DEFAULT '',
  `field_type` enum('TEXT','TEXTAREA','SELECT','MULTISELECT','CHECKBOX','RADIO','FILE','IMAGE','DATE','DATETIME','RICHEDITOR') NOT NULL DEFAULT 'TEXT',
  `field_option` text NOT NULL,
  `field_img_width` int(10) unsigned NOT NULL DEFAULT '0',
  `field_img_height` int(10) unsigned NOT NULL DEFAULT '0',
  `field_file_size` int(10) unsigned NOT NULL DEFAULT '0',
  `field_file_extension` varchar(64) NOT NULL DEFAULT '',
  `required` char(1) NOT NULL DEFAULT '0',
  `searchable` char(1) NOT NULL DEFAULT '1',
  `permission` char(1) NOT NULL DEFAULT '0'
) ENGINE=MyISAM DEFAULT CHARSET=latin1;

--
-- Dumping data for table `idx_custom_field`
--

INSERT INTO `idx_custom_field` VALUES ('image','Image','IMAGE','',0,0,0,'','0','0','2'),('address','Address','TEXT','',0,0,0,'','0','0','0'),('city','City','TEXT','',0,0,0,'','0','0','0'),('state','State','TEXT','',0,0,0,'','0','0','0'),('country','Country','TEXT','',0,0,0,'','0','0','0'),('zip','Zip','TEXT','',0,0,0,'','0','0','0'),('phone','Phone','TEXT','',0,0,0,'','0','0','0'),('fax','Fax','TEXT','',0,0,0,'','0','0','0');

--
-- Table structure for table `idx_default_field`
--

CREATE TABLE `idx_default_field` (
  `field_name` varchar(64) NOT NULL,
  `required` char(1) NOT NULL,
  `visible` char(1) NOT NULL DEFAULT '1',
  `searchable` char(1) NOT NULL DEFAULT '1'
) ENGINE=MyISAM DEFAULT CHARSET=latin1;

--
-- Dumping data for table `idx_default_field`
--

INSERT INTO `idx_default_field` VALUES ('title','1','1','1'),('url','1','1','1'),('description','1','1','1'),('keywords','1','1','0'),('contact_name','1','1','1'),('email','1','1','1'),('reciprocal_url','0','0','1');

--
-- Table structure for table `idx_discount_coupon`
--

CREATE TABLE `idx_discount_coupon` (
  `coupon_id` int(11) NOT NULL AUTO_INCREMENT,
  `coupon_code` varchar(255) DEFAULT NULL,
  `coupon_value` varchar(50) DEFAULT NULL,
  `link_type` varchar(255) DEFAULT NULL,
  `start_date` date DEFAULT NULL,
  `expired_date` date DEFAULT NULL,
  `expired_usage` int(11) DEFAULT NULL,
  `usage_count` int(11) DEFAULT NULL,
  PRIMARY KEY (`coupon_id`)
) ENGINE=MyISAM DEFAULT CHARSET=latin1;

--
-- Dumping data for table `idx_discount_coupon`
--


--
-- Table structure for table `idx_editor`
--

CREATE TABLE `idx_editor` (
  `username` varchar(20) DEFAULT NULL,
  `category_id` mediumint(9) DEFAULT NULL,
  `category` char(1) DEFAULT NULL,
  `link` char(1) DEFAULT NULL,
  `review` char(1) DEFAULT NULL,
  `pick` char(1) DEFAULT NULL,
  `status` char(1) DEFAULT NULL,
  `date` date DEFAULT NULL
) ENGINE=MyISAM DEFAULT CHARSET=latin1;

--
-- Dumping data for table `idx_editor`
--


--
-- Table structure for table `idx_email_template`
--

CREATE TABLE `idx_email_template` (
  `email_template_id` int(10) unsigned NOT NULL AUTO_INCREMENT,
  `name` varchar(255) DEFAULT NULL,
  `subject` varchar(255) DEFAULT NULL,
  `body` text,
  `altbody` text,
  PRIMARY KEY (`email_template_id`)
) ENGINE=MyISAM AUTO_INCREMENT=37 DEFAULT CHARSET=latin1;

--
-- Dumping data for table `idx_email_template`
--

INSERT INTO `idx_email_template` VALUES (1,'add_ok','Resource Added','<div style=\"font-weight:bold;\">Thank you for your submission to <%$site_name%></div>\r\n<p>\r\n<div style=\"float:left;width:200px;\">Resource ID</div>\r\n<div style=\"float:left;width:10px;\"> : </div>\r\n<div style=\"float:left;width:200px;\"><%$link_id%></div>\r\n<div style=\"float:left;width:200px;\">Title</div>\r\n<div style=\"float:left;width:10px;\"> : </div>\r\n<div style=\"float:left;width:200px;\"><%$title%></div>\r\n<div style=\"float:left;width:200px;\">Url</div>\r\n<div style=\"float:left;width:10px;\">  : </div>\r\n<div style=\"float:left;width:200px;\"><%$url%></div>\r\n<div style=\"float:left;width:200px;\">Description </div>\r\n<div style=\"float:left;width:10px;\"> : </div>\r\n<div style=\"float:left;width:200px;\"><%$description%></div>\r\n<div style=\"float:left;width:200px;\">Category </div>\r\n<div style=\"float:left;width:10px;\"> : </div>\r\n<div style=\"float:left;width:200px;\"><%$category%></div>\r\n<div style=\"float:left;width:200px;\">Contact name</div>\r\n<div style=\"float:left;width:10px;\"> : </div>\r\n<div style=\"float:left;width:200px;\"><%$contact_name%></div>\r\n<div style=\"float:left;width:200px;\">Email</div>\r\n<div style=\"float:left;width:10px;\">  : </div>\r\n<div style=\"float:left;width:200px;\"><%$email%></div>\r\n<div style=\"float:left;width:200px;\">Password </div>\r\n<div style=\"float:left;width:10px;\"> : </div>\r\n<div style=\"float:left;width:200px;\"><%$password%></div>\r\n<p>\r\nYour link has been added.\r\n<p>\r\n<p>\r\nRegards,\r\n<p>\r\n<%$site_name%> Team\r\n','Thank you for your submission to <%$site_name%>\r\nResource ID  : <%$link_id%>\r\nTitle        : <%$title%>\r\nUrl          : <%$url%>\r\nDescription  : <%$description%>\r\nCategory     : <%$category%>\r\nContact name : <%$contact_name%>\r\nEmail        : <%$email%>\r\nPassword     : <%$password%>\r\nYour link has been added.\r\nRegards,\r\n<%$site_name%> Team'),(2,'add_ok_editor','Resource Added','<div style=\"font-family:arial;font-size:12px;\">\r\nThere\'s a new submission to <b><%$site_name%></b>.\r\n<p>\r\n<p>\r\n<table cellspacing=0 cellpadding=0>\r\n<tr><td style=\"width:100px;\">Resource ID</td><td style=\"width:10px;\">:</td><td ><%$link_id%></td></tr>\r\n<tr><td style=\"width:100px;\">Title</td><td style=\"width:10px;\">:</td><td ><%$title%></td></tr>\r\n<tr><td style=\"width:100px;\">Url</td><td style=\"width:10px;\">:</td><td ><%$url%></td></tr>\r\n<tr><td style=\"width:100px;\">Description</td><td style=\"width:10px;\">:</td><td ><%$description%></td></tr>\r\n<tr><td style=\"width:100px;\">Category</td><td style=\"width:10px;\">:</td><td ><%$category%></td></tr>\r\n<tr><td style=\"width:100px;\">Contact name</td><td style=\"width:10px;\">:</td><td ><%$contact_name%></td></tr>\r\n<tr><td style=\"width:100px;\">Email/td><td style=\"width:10px;\">:</td><td ><%$email%></td></tr>\r\n</table>\r\n<p>\r\nThe category permissions allow webmasters to add/modify links without needing approval.\r\nThe link has been added.\r\n<p>\r\n<p>\r\nRegards,\r\n<p>\r\n<%$site_name%> Team\r\n</div>','There\'s a new submission to <%$site_name%>.\r\nResource ID  : <%$link_id%>\r\nTitle        : <%$title%>\r\nUrl          : <%$url%>\r\nDescription  : <%$description%>\r\nCategory     : <%$category%>\r\nContact name : <%$contact_name%>\r\nEmail        : <%$email%>\r\nThe category permissions allow webmasters to add/modify links without needing approval.\r\nThe link has beed added.\r\nRegards,\r\n<%$site_name%> Team\r\n'),(3,'add_ok_subscriber','Resource Added','<div style=\"font-family:arial;font-size:12px;\">\r\nYou are receiving this email because you have a subscription for update notifications in <b><%$category%></b> category.\r\n<p>\r\nThere\'s a new submission to <b><%$site_name%><b>.\r\n<p>\r\n<table cellspacing=0 cellpadding=0>\r\n<tr><td style=\"width:100px;\">Resource ID</td><td style=\"width:10px;\">:</td><td ><%$link_id%></td></tr>\r\n<tr><td style=\"width:100px;\">Title</td><td style=\"width:10px;\">:</td><td ><%$title%></td></tr>\r\n<tr><td style=\"width:100px;\">Url</td><td style=\"width:10px;\">:</td><td ><%$url%></td></tr>\r\n<tr><td style=\"width:100px;\">Description</td><td style=\"width:10px;\">:</td><td ><%$description%></td></tr>\r\n<tr><td style=\"width:100px;\">Category</td><td style=\"width:10px;\">:</td><td ><%$category%></td></tr>\r\n<tr><td style=\"width:100px;\">Contact name</td><td style=\"width:10px;\">:</td><td ><%$contact_name%></td></tr>\r\n</table>\r\n<p>\r\n<p>\r\nRegards,\r\n<p>\r\n<b><%$site_name%></b> Team\r\n</div>','You are receiving this email because you have a subscription for update notifications in <%$category%> category.\r\nThere\'s a new submission to <%$site_name%>.\r\nResource ID  : <%$link_id%>\r\nTitle        : <%$title%>\r\nUrl          : <%$url%>\r\nDescription  : <%$description%>\r\nCategory     : <%$category%>\r\nContact name : <%$contact_name%>\r\nRegards,\r\n<%$site_name%> Team\r\n'),(4,'add_pending','Pending Resource','<div style=\"font-family:arial;font-size:12px;\">\r\nThank you for your submission to <b><%$site_name%></b>.\r\n<p>\r\n<table cellspacing=0 cellpadding=0>\r\n<tr><td style=\"width:100px;\">Title</td><td style=\"width:10px;\">:</td><td ><%$title%></td></tr>\r\n<tr><td style=\"width:100px;\">Url</td><td style=\"width:10px;\">:</td><td ><%$url%></td></tr>\r\n<tr><td style=\"width:100px;\">Description</td><td style=\"width:10px;\">:</td><td ><%$description%></td></tr>\r\n<tr><td style=\"width:100px;\">Category</td><td style=\"width:10px;\">:</td><td ><%$category%></td></tr>\r\n<tr><td style=\"width:100px;\">Contact name</td><td style=\"width:10px;\">:</td><td ><%$contact_name%></td></tr>\r\n<tr><td style=\"width:100px;\">Email</td><td style=\"width:10px;\">:</td><td ><%$email%></td></tr>\r\n</table>\r\n<p>\r\n<p>\r\nYour link will be reviewed by our team. We will contact you as soon <br>\r\nas we have reviewed your link.\r\n<p>\r\n<p>\r\nRegards,\r\n<p>\r\n<b><%$site_name%></b> Team\r\n</div>','Thank you for your submission to <%$site_name%>.\r\nTitle        : <%$title%>\r\nUrl          : <%$url%>\r\nDescription  : <%$description%>\r\nCategory     : <%$category%>\r\nContact name : <%$contact_name%>\r\nEmail        : <%$email%>\r\nYour link will be reviewed by our team. We will contact you as soon \r\nas we have reviewed your link.\r\nRegards,\r\n<%$site_name%> Team\r\n'),(5,'add_pending_editor','Pending Resource','<div style=\"font-family:arial;font-size:12px;\">\r\nThere\'s a new submission to <b><%$site_name%></b>.\r\n<p>\r\n<table cellspacing=0 cellpadding=0>\r\n<tr><td style=\"width:100px;\">Title</td><td style=\"width:10px;\">:</td><td ><%$title%></td></tr>\r\n<tr><td style=\"width:100px;\">Url</td><td style=\"width:10px;\">:</td><td ><%$url%></td></tr>\r\n<tr><td style=\"width:100px;\">Description</td><td style=\"width:10px;\">:</td><td ><%$description%></td></tr>\r\n<tr><td style=\"width:100px;\">Category</td><td style=\"width:10px;\">:</td><td ><%$category%></td></tr>\r\n<tr><td style=\"width:100px;\">Contact name</td><td style=\"width:10px;\">:</td><td ><%$contact_name%></td></tr>\r\n<tr><td style=\"width:100px;\">Email</td><td style=\"width:10px;\">:</td><td ><%$email%></td></tr>\r\n</table>\r\n<p>\r\n<p>\r\nYou need to review this link here:<br>\r\n<label style=\"margin-left:10px;\"><a href=\"<%$site_url%>/cp/editor_link_validate.php\"><%$site_url%>/cp/editor_link_validate.php</a></label><br>\r\nYou can approve this submission by clicking here:<br>\r\n<label style=\"margin-left:10px;\"><a href=\"<%$approve_notice%>\"><%$approve_notice%></a></label><br>\r\nYou can reject this submission by clicking here:<br>\r\n<label style=\"margin-left:10px;\"><a href=\"<%$reject_notice%>\"><%$reject_notice%></a></label><br>\r\nSilent reject here:<br>\r\n<label style=\"margin-left:10px;\"><a href=\"<%$reject_silent%>\"><%$reject_silent%></a></label><br>\r\n\r\n<p>\r\n<p>\r\nRegards,\r\n<p>\r\n<b><%$site_name%></b> Team\r\n</div>\r\n','There\'s a new submission to <%$site_name%>.\r\nTitle        : <%$title%>\r\nUrl          : <%$url%>\r\nDescription  : <%$description%>\r\nCategory     : <%$category%>\r\nContact name : <%$contact_name%>\r\nEmail        : <%$email%>\r\nYou need to review this link here:\r\n<%$site_url%>/cp/editor_link_validate.php\r\nYou can approve this submission by clicking here:\r\n<%$approve_notice%>\r\nYou can reject this submission by clicking here:\r\n<%$reject_notice%>\r\nSilent reject here:\r\n<%$reject_silent%>\r\n\r\nRegards,\r\n<%$site_name%> Team\r\n'),(6,'approved','Editor Approved.','<div style=\"font-family:arial;font-size:12px;\">\r\nYour submission at <b><%$site_name%></b> has been approved.\r\n<p>\r\n<table cellspacing=0 cellpadding=0>\r\n<tr><td style=\"width:100px;\">Resource ID</td><td style=\"width:10px;\">:</td><td ><%$link_id%></td></tr>\r\n<tr><td style=\"width:100px;\">Title</td><td style=\"width:10px;\">:</td><td ><%$title%></td></tr>\r\n<tr><td style=\"width:100px;\">Url</td><td style=\"width:10px;\">:</td><td ><%$url%></td></tr>\r\n<tr><td style=\"width:100px;\">Description</td><td style=\"width:10px;\">:</td><td ><%$description%></td></tr>\r\n<tr><td style=\"width:100px;\">Category</td><td style=\"width:10px;\">:</td><td ><%$category%></td></tr>\r\n<tr><td style=\"width:100px;\">Contact name</td><td style=\"width:10px;\">:</td><td ><%$contact_name%></td></tr>\r\n<tr><td style=\"width:100px;\">Email</td><td style=\"width:10px;\">:</td><td ><%$email%></td></tr>\r\n<tr><td style=\"width:100px;\">Password </td><td style=\"width:10px;\">:</td><td ><%$password%></td></tr>\r\n</table>\r\n<p>\r\n<p>\r\nRegards,\r\n<p>\r\n<b><%$site_name%></b> Team\r\n</div>','Your submission at <%$site_name%> has been approved.\r\nResource ID  : <%$link_id%>\r\nTitle        : <%$title%>\r\nUrl          : <%$url%>\r\nDescription  : <%$description%>\r\nCategory     : <%$category%>\r\nContact name : <%$contact_name%>\r\nEmail        : <%$email%>\r\nPassword     : <%$password%>\r\nRegards,\r\n<%$site_name%> Team\r\n'),(7,'approved_editor','Link approved','<div style=\"font-family:arial;font-size:12px;\">\r\nThe following submission has been approved.\r\n<p>\r\n<table cellspacing=0 cellpadding=0>\r\n<tr><td style=\"width:100px;\">Resource ID</td><td style=\"width:10px;\">:</td><td ><%$link_id%></td></tr>\r\n<tr><td style=\"width:100px;\">Title</td><td style=\"width:10px;\">:</td><td ><%$title%></td></tr>\r\n<tr><td style=\"width:100px;\">Url</td><td style=\"width:10px;\">:</td><td ><%$url%></td></tr>\r\n<tr><td style=\"width:100px;\">Description</td><td style=\"width:10px;\">:</td><td ><%$description%></td></tr>\r\n<tr><td style=\"width:100px;\">Category</td><td style=\"width:10px;\">:</td><td ><%$category%></td></tr>\r\n<tr><td style=\"width:100px;\">Contact name</td><td style=\"width:10px;\">:</td><td ><%$contact_name%></td></tr>\r\n<tr><td style=\"width:100px;\">Email</td><td style=\"width:10px;\">:</td><td ><%$email%></td></tr>\r\n</table>\r\n<p>\r\n<p>\r\nRegards,\r\n<p>\r\n<b><%$site_name%></b> Team\r\n</div>','The following submission has been approved.\r\nResource ID  : <%$link_id%>\r\nTitle        : <%$title%>\r\nUrl          : <%$url%>\r\nDescription  : <%$description%>\r\nCategory     : <%$category%>\r\nContact name : <%$contact_name%>\r\nEmail        : <%$email%>\r\nRegards,\r\n<%$site_name%> Team\r\n'),(8,'approved_subscriber','link_approved','<div style=\"font-family:arial;font-size:12px;\">\r\nYou are receiving this email because you have a subscription for update notifications in <b><%$category%></b> category.\r\n<p>\r\nThe following submission has been approved.\r\n<p>\r\n<table cellspacing=0 cellpadding=0>\r\n<tr><td style=\"width:100px;\">Resource ID</td><td style=\"width:10px;\">:</td><td ><%$link_id%></td></tr>\r\n<tr><td style=\"width:100px;\">Title</td><td style=\"width:10px;\">:</td><td ><%$title%></td></tr>\r\n<tr><td style=\"width:100px;\">Url</td><td style=\"width:10px;\">:</td><td ><%$url%></td></tr>\r\n<tr><td style=\"width:100px;\">Description</td><td style=\"width:10px;\">:</td><td ><%$description%></td></tr>\r\n<tr><td style=\"width:100px;\">Category</td><td style=\"width:10px;\">:</td><td ><%$category%></td></tr>\r\n<tr><td style=\"width:100px;\">Contact name</td><td style=\"width:10px;\">:</td><td ><%$contact_name%></td></tr>\r\n</table>\r\n<p>\r\n<p>\r\nRegards,\r\n<p>\r\n<b><%$site_name%></b> Team\r\n</div>','You are receiving this email because you have a subscription for update notifications in <%$category%> category.\r\nThe following submission has been approved.\r\nResource ID  : <%$link_id%>\r\nTitle        : <%$title%>\r\nUrl          : <%$url%>\r\nDescription  : <%$description%>\r\nCategory     : <%$category%>\r\nContact name : <%$contact_name%>\r\nRegards,\r\n<%$site_name%> Team\r\n'),(9,'bad_link_editor','Broken link report','<div style=\"font-family:arial;font-size:12px;\">\r\nThere\'s a new bad link report submission to <b><%$site_name%></b>.\r\n<p>\r\n<table cellspacing=0 cellpadding=0>\r\n<tr><td style=\"width:100px;\">Title</td><td style=\"width:10px;\">:</td><td ><%$title%></td></tr>\r\n<tr><td style=\"width:100px;\">Url</td><td style=\"width:10px;\">:</td><td ><%$url%></td></tr>\r\n<tr><td style=\"width:100px;\">Description</td><td style=\"width:10px;\">:</td><td ><%$description%></td></tr>\r\n<tr><td style=\"width:100px;\">Category</td><td style=\"width:10px;\">:</td><td ><%$category%></td></tr>\r\n<tr><td style=\"width:100px;\">Name</td><td style=\"width:10px;\">:</td><td ><%$r_name%></td></tr>\r\n<tr><td style=\"width:100px;\">Email</td><td style=\"width:10px;\">:</td><td ><%$email%></td></tr>\r\n<tr><td style=\"width:100px;\">Error type</td><td style=\"width:10px;\">:</td><td ><%$type_val%></td></tr>\r\n</table>\r\n<p>\r\nThis report has been added in your administrator area.<br>\r\nPlease review this report here:<br>\r\n<a href=\"<%$site_url%>/admin/link_bad.php\"><%$site_url%>/admin/link_bad.php</a>\r\n<p>\r\n<p>\r\nRegards,\r\n<p>\r\n<b><%$site_name%></b> Team\r\n</div>','There\'s a new bad link report submission to <%$site_name%>.\r\nTitle       : <%$title%>\r\nUrl         : <%$url%>\r\nDescription : <%$description%>\r\nCategory    : <%$category%>\r\nName        : <%$r_name%>\r\nEmail       : <%$r_email%>\r\nError type  : <%$type_val%>\r\nThis report has been added in your administrator area.\r\nPlease review this report here:\r\n<%$site_url%>/admin/link_bad.php\r\nRegards,\r\n<%$site_name%> Team\r\n'),(10,'become_editor_approved','Editor Approved.','<div style=\"font-family:arial;font-size:12px;\">\r\nYour request to become an editor at <b><%$site_name%></b> has been approved.\r\n<p>\r\n<table cellspacing=0 cellpadding=0>\r\n<tr><td style=\"width:100px;\">Username</td><td style=\"width:10px;\">:</td><td ><%$username%></td></tr>\r\n<tr><td style=\"width:100px;\">Name </td><td style=\"width:10px;\">:</td><td ><%$name%></td></tr>\r\n<tr><td style=\"width:100px;\">Email</td><td style=\"width:10px;\">:</td><td ><%$email%></td></tr>\r\n<tr><td style=\"width:100px;\">Category </td><td style=\"width:10px;\">:</td><td ><%$category%></td></tr>\r\n</table>\r\n<p>\r\n<p>\r\nRegards,\r\n<p>\r\n<b><%$site_name%></b> Team\r\n</div>','Your request to become an editor at <%$site_name%> has been approved.\r\nUsername  : <%$username%>\r\nName      : <%$name%>\r\nEmail     : <%$email%>\r\nCategory  : <%$category%>\r\nRegards,\r\n<%$site_name%> Team\r\n'),(11,'become_editor_pending','Request to become an editor','<div style=\"font-family:arial;font-size:12px;\">\r\nThank you for your request to become an editor at <b><%$site_name%></b>.\r\n<p>\r\n<table cellspacing=0 cellpadding=0>\r\n<tr><td style=\"width:100px;\">Username</td><td style=\"width:10px;\">:</td><td ><%$username%></td></tr>\r\n<tr><td style=\"width:100px;\">Name </td><td style=\"width:10px;\">:</td><td ><%$name%></td></tr>\r\n<tr><td style=\"width:100px;\">Email</td><td style=\"width:10px;\">:</td><td ><%$email%></td></tr>\r\n<tr><td style=\"width:100px;\">Category </td><td style=\"width:10px;\">:</td><td ><%$category%></td></tr>\r\n</table>\r\n<p>\r\nYour request will be processed soon.\r\n<p>\r\n<p>\r\nRegards,\r\n<p>\r\n<b><%$site_name%></b> Team\r\n</div>','Thank you for your request to become an editor at <%$site_name%>.\r\nUsername  : <%$username%>\r\nName      : <%$name%>\r\nEmail     : <%$email%>\r\nCategory  : <%$category%>\r\nYour request will be processed soon.\r\nRegards,\r\n<%$site_name%> Team\r\n'),(12,'become_editor_pending_admin','Request to become an editor','<div style=\"font-family:arial;font-size:12px;\">\r\nThere\'s a new request to become an editor at <b><%$site_name%></b>.\r\n<p>\r\n<table cellspacing=0 cellpadding=0>\r\n<tr><td style=\"width:100px;\">Username</td><td style=\"width:10px;\">:</td><td ><%$username%></td></tr>\r\n<tr><td style=\"width:100px;\">Name </td><td style=\"width:10px;\">:</td><td ><%$name%></td></tr>\r\n<tr><td style=\"width:100px;\">Email</td><td style=\"width:10px;\">:</td><td ><%$email%></td></tr>\r\n<tr><td style=\"width:100px;\">Category </td><td style=\"width:10px;\">:</td><td ><%$category%></td></tr>\r\n</table>\r\n<p>\r\nPlease review editor request here:\r\n  <label style=\"margin-left:10px;\"><a href=\"<%$site_url%>/admin/index.php\"><%$site_url%>/admin/index.php</a></label>\r\n<p>\r\n<p>\r\nRegards,\r\n<p>\r\n<b><%$site_name%></b> Team\r\n</div>','There\'s a new request to become an editor at <%$site_name%>.\r\nUsername  : <%$username%>\r\nName      : <%$name%>\r\nEmail     : <%$email%>\r\nCategory  : <%$category%>\r\nPlease review editor requests here:\r\n<%$site_url%>/admin/index.php\r\nRegards,\r\n<%$site_name%> Team\r\n'),(13,'become_editor_rejected','Editor Rejected.','<div style=\"font-family:arial;font-size:12px;\">\r\nYour request to become an editor at <b><%$site_name%></b> has been rejected.\r\n<p>\r\n<table cellspacing=0 cellpadding=0>\r\n<tr><td style=\"width:100px;\">Username</td><td style=\"width:10px;\">:</td><td ><%$username%></td></tr>\r\n<tr><td style=\"width:100px;\">Name </td><td style=\"width:10px;\">:</td><td ><%$name%></td></tr>\r\n<tr><td style=\"width:100px;\">Email</td><td style=\"width:10px;\">:</td><td ><%$email%></td></tr>\r\n<tr><td style=\"width:100px;\">Category </td><td style=\"width:10px;\">:</td><td ><%$category%></td></tr>\r\n</table>\r\n<p>\r\n<p>\r\nRegards,\r\n<p>\r\n<b><%$site_name%></b> Team\r\n</div>','Your request to become an editor at <%$site_name%> has been rejected.\r\nUsername  : <%$username%>\r\nName      : <%$name%>\r\nEmail     : <%$email%>\r\nCategory  : <%$category%>\r\nRegards,\r\n<%$site_name%> Team\r\n'),(14,'inv_ask_payment','<%$company%>, Invoice #<%$invoice_id%>','<div style=\"font-family:arial;font-size:12px;\">\r\nAn invoice has been created, and is available for viewing at the following URL:<br>\r\n<label><a href=\"<%$site_url%>/invoice.php?id=<%$invoice_id%>\"><%$site_url%>/invoice.php?id=<%$invoice_id%></a></label>\r\n<p>\r\nIf you should have any questions, please do not hesitate to contact us.<br>\r\nThank you for your business.\r\n<p>\r\n<p>\r\nRegards,\r\n<p>\r\n<b><%$site_name%></b> Team\r\n</div>','An invoice has been created, and is available for viewing at the following URL:\r\n<%$site_url%>/invoice.php?id=<%$invoice_id%>\r\nIf you should have any questions, please do not hesitate to contact us.\r\nThank you for your business.\r\nRegards,\r\n<%$site_name%> Team\r\n'),(15,'mailing_list_sub','Mailing list subscription','<div style=\"font-family:arial;font-size:12px;\">\r\nThank you. Your email address, <b><%$email%></b> has been added to our mailing list.\r\n<p>\r\n<p>\r\nRegards,\r\n<p>\r\n<%$site_name%> Team\r\n</div>','Thank you. Your email address, <%$email%> has been added to our mailing list.\r\nRegards,\r\n<%$site_name%> Team\r\n'),(16,'mailing_list_sub_confirm','Mailing list validation code','<div style=\"font-family:arial;font-size:12px;\">\r\nWe received your subscription request onto our mailing list.<br>\r\nPlease confirm your subscription here:<br>\r\n<label style=\"margin-left:50px;\"><a href=\"<%$confirm_url%>\"><%$confirm_url%></a></label>\r\n<p>\r\n<p>\r\nRegards,\r\n<p>\r\n<b><%$site_name%></b> Team\r\n</div>','We received your subscription request onto our mailing list.\r\nPlease confirm your subscription here:\r\n<%$confirm_url%>\r\nRegards,\r\n<%$site_name%> Team\r\n'),(17,'modify_ok','Resource Modified','<div style=\"font-family:arial;font-size:12px;\">\r\nThank you for your submission to <b><%$site_name%></b>.\r\n<table cellspacing=0 cellpadding=0>\r\n<tr><td style=\"width:100px;\">Title</td><td style=\"width:10px;\">:</td><td ><%$title%></td></tr>\r\n<tr><td style=\"width:100px;\">Url</td><td style=\"width:10px;\">:</td><td ><%$url%></td></tr>\r\n<tr><td style=\"width:100px;\">Description</td><td style=\"width:10px;\">:</td><td ><%$description%></td></tr>\r\n<tr><td style=\"width:100px;\">Category</td><td style=\"width:10px;\">:</td><td ><%$category%></td></tr>\r\n<tr><td style=\"width:100px;\">Contact name</td><td style=\"width:10px;\">:</td><td ><%$contact_name%></td></tr>\r\n<tr><td style=\"width:100px;\">Email/td><td style=\"width:10px;\">:</td><td ><%$email%></td></tr>\r\n</table>\r\n<p>\r\nYour link has been changed.\r\n<p>\r\n<p>\r\nRegards,\r\n<p>\r\n<b><%$site_name%></b> Team\r\n</div>','Thank you for your submission to <%$site_name%>.\r\nTitle        : <%$title%>\r\nUrl          : <%$url%>\r\nDescription  : <%$description%>\r\nCategory     : <%$category%>\r\nContact name : <%$contact_name%>\r\nEmail        : <%$email%>\r\nYour link has been changed.\r\nRegards,\r\n<%$site_name%> Team\r\n'),(18,'modify_ok_editor','Resource Modified','<div style=\"font-family:arial;font-size:12px;\">\r\nThere\'s a new submission to <%$site_name%>.\r\nTitle        : <%$title%>\r\nUrl          : <%$url%>\r\nDescription  : <%$description%>\r\nCategory     : <%$category%>\r\nContact name : <%$contact_name%>\r\nEmail        : <%$email%>\r\nThe category permissions allow webmasters to add/modify links without approval.\r\nThe link has been modified.\r\n<p>\r\n<p>\r\nRegards,\r\n<p>\r\n<b><%$site_name%></b> Team\r\n</div>','There\'s a new submission to <%$site_name%>.\r\nTitle        : <%$title%>\r\nUrl          : <%$url%>\r\nDescription  : <%$description%>\r\nCategory     : <%$category%>\r\nContact name : <%$contact_name%>\r\nEmail        : <%$email%>\r\nThe category permissions allow webmasters to add/modify links without approval.\r\nThe link has been modified.\r\nRegards,\r\n<%$site_name%> Team\r\n'),(19,'modify_ok_subscriber','Resource Modified','<div style=\"font-family:arial;font-size:12px;\">\r\nYou are receiving this email because you have a subscription for update notifications in <b><%$category%></b> category.\r\n<p>\r\nThere\'s a new submission to <b><%$site_name%></b>.\r\n<p>\r\n<table cellspacing=0 cellpadding=0>\r\n<tr><td style=\"width:100px;\">Title</td><td style=\"width:10px;\">:</td><td ><%$title%></td></tr>\r\n<tr><td style=\"width:100px;\">Url</td><td style=\"width:10px;\">:</td><td ><%$url%></td></tr>\r\n<tr><td style=\"width:100px;\">Description</td><td style=\"width:10px;\">:</td><td ><%$description%></td></tr>\r\n<tr><td style=\"width:100px;\">Category</td><td style=\"width:10px;\">:</td><td ><%$category%></td></tr>\r\n<tr><td style=\"width:100px;\">Contact name</td><td style=\"width:10px;\">:</td><td ><%$contact_name%></td></tr>\r\n</table>\r\n<p>\r\n<p>\r\nRegards,\r\n<p>\r\n<b><%$site_name%></b> Team\r\n</div>','You are receiving this email because you have a subscription for update notifications in <%$category%> category.\r\nThere\'s a new submission to <%$site_name%>.\r\nTitle        : <%$title%>\r\nUrl          : <%$url%>\r\nDescription  : <%$description%>\r\nCategory     : <%$category%>\r\nContact name : <%$contact_name%>\r\nRegards,\r\n<%$site_name%> Team\r\n'),(20,'modify_pending','Resource Modified','<div style=\"font-family:arial;font-size:12px;\">\r\nThank you for your submission to <b><%$site_name%><b>.\r\n<p>\r\n<table cellspacing=0 cellpadding=0>\r\n<tr><td style=\"width:100px;\">Title</td><td style=\"width:10px;\">:</td><td ><%$title%></td></tr>\r\n<tr><td style=\"width:100px;\">Url</td><td style=\"width:10px;\">:</td><td ><%$url%></td></tr>\r\n<tr><td style=\"width:100px;\">Description</td><td style=\"width:10px;\">:</td><td ><%$description%></td></tr>\r\n<tr><td style=\"width:100px;\">Category</td><td style=\"width:10px;\">:</td><td ><%$category%></td></tr>\r\n<tr><td style=\"width:100px;\">Contact name</td><td style=\"width:10px;\">:</td><td ><%$contact_name%></td></tr>\r\n<tr><td style=\"width:100px;\">Email</td><td style=\"width:10px;\">:</td><td ><%$email%></td></tr>\r\n</table>\r\n<p>\r\nYour link will be reviewed by our team. We will contact you as soon <br>\r\nas we have reviewed your link.\r\n<p>\r\n<p>\r\nRegards,\r\n<p>\r\n<b><%$site_name%></b> Team\r\n</div>','Thank you for your submission to <%$site_name%>.\r\nTitle        : <%$title%>\r\nUrl          : <%$url%>\r\nDescription  : <%$description%>\r\nCategory     : <%$category%>\r\nContact name : <%$contact_name%>\r\nEmail        : <%$email%>\r\nYour link will be reviewed by our team. We will contact you as soon \r\nas we have reviewed your link.\r\nRegards,\r\n<%$site_name%> Team\r\n'),(21,'modify_pending_editor','Resource Modified','<div style=\"font-family:arial;font-size:12px;\">\r\nThere\'s a new submission to <b><%$site_name%></b>.\r\n<p>\r\n<table cellspacing=0 cellpadding=0>\r\n<tr><td style=\"width:100px;\">Title</td><td style=\"width:10px;\">:</td><td ><%$title%></td></tr>\r\n<tr><td style=\"width:100px;\">Url</td><td style=\"width:10px;\">:</td><td ><%$url%></td></tr>\r\n<tr><td style=\"width:100px;\">Description</td><td style=\"width:10px;\">:</td><td ><%$description%></td></tr>\r\n<tr><td style=\"width:100px;\">Category</td><td style=\"width:10px;\">:</td><td ><%$category%></td></tr>\r\n<tr><td style=\"width:100px;\">Contact name</td><td style=\"width:10px;\">:</td><td ><%$contact_name%></td></tr>\r\n<tr><td style=\"width:100px;\">Email</td><td style=\"width:10px;\">:</td><td ><%$email%></td></tr>\r\n</table>\r\n<p>\r\n<p>\r\nYou need to review this link here:<br>\r\n<label style=\"margin-left:10px;\"><a href=\"<%$site_url%>/cp/editor_link_validate.php\"><%$site_url%>/cp/editor_link_validate.php</a></label>\r\n<p>\r\n<p>\r\nRegards,\r\n<p>\r\n<b><%$site_name%></b> Team\r\n</div>\r\n','There\'s a new submission to <%$site_name%>.\r\nTitle        : <%$title%>\r\nUrl          : <%$url%>\r\nDescription  : <%$description%>\r\nCategory     : <%$category%>\r\nContact name : <%$contact_name%>\r\nEmail        : <%$email%>\r\nYou need to review this link here:\r\n<%$site_url%>/cp/editor_link_validate.php\r\nRegards,\r\n<%$site_name%> Team\r\n'),(22,'register_confirm','Registration','<div style=\"font-family:arial;font-size:12px;\">\r\nThanks for joining <b><%$site_name%><b>.\r\n<p>\r\n<table cellspacing=0 cellpadding=0>\r\n<tr><td style=\"width:100px;\">Username</td><td style=\"width:10px;\">:</td><td ><%$username%></td></tr>\r\n<tr><td style=\"width:100px;\">Password</td><td style=\"width:10px;\">:</td><td ><%$password%></td></tr>\r\n</table>\r\n<p>\r\n<p>\r\nPlease confirm your registration here:<br>\r\n<label style=\"margin-left:10px;\"><A href=\"<%$site_url%>/register.php?u=<%$username%>&v=<%$vcode%>&pflag=cf\"><%$site_url%>/register.php?u=<%$username%>&v=<%$vcode%>&pflag=cf</a></label>\r\n<p>\r\n<p>\r\nSincerely,\r\n<p>\r\n<b><%$site_name%></b> Team\r\n</div>','Thanks for joining <%$site_name%>.\r\nUsername : <%$username%>\r\nPassword : <%$password%>\r\nPlease confirm your registration here:\r\n<%$site_url%>/register.php?u=<%$username%>&v=<%$vcode%>&pflag=cf\r\nSincerely,\r\n<%$site_name%> Team\r\n'),(23,'register_ok','Registration','<div style=\"font-family:arial;font-size:12px;\">\r\nThanks for joining <b><%$site_name%></b>.\r\n<p>\r\n<table cellspacing=0 cellpadding=0>\r\n<tr><td style=\"width:100px;\">Username</td><td style=\"width:10px;\">:</td><td ><%$username%></td></tr>\r\n<tr><td style=\"width:100px;\">Password</td><td style=\"width:10px;\">:</td><td ><%$password%></td></tr>\r\n</table>\r\n<p>\r\nSincerely,\r\n<p>\r\n<p>\r\n<b><%$site_name%></b> Team\r\n</div>','Thanks for joining <%$site_name%>.\r\nUsername : <%$username%>\r\nPassword : <%$password%>\r\nSincerely,\r\n<%$site_name%> Team\r\n'),(24,'rejected','Your submission has been rejected','<div style=\"font-family:arial;font-size:12px;\">\r\nYour submission has been rejected.<br>\r\nThis may be caused by one of the following reason:\r\n<p>\r\n<ul>\r\n<li>adult material</li>\r\n<li>the site is under construction</li>\r\n<li>the topic is not related with our directory</li>\r\n</ul>\r\n</p>\r\n<table cellspacing=0 cellpadding=0>\r\n<tr><td style=\"width:100px;\">Title</td><td style=\"width:10px;\">:</td><td ><%$title%></td></tr>\r\n<tr><td style=\"width:100px;\">Url</td><td style=\"width:10px;\">:</td><td ><%$url%></td></tr>\r\n<tr><td style=\"width:100px;\">Description</td><td style=\"width:10px;\">:</td><td ><%$description%></td></tr>\r\n<tr><td style=\"width:100px;\">Category</td><td style=\"width:10px;\">:</td><td ><%$category%></td></tr>\r\n<tr><td style=\"width:100px;\">Contact name</td><td style=\"width:10px;\">:</td><td ><%$contact_name%></td></tr>\r\n<tr><td style=\"width:100px;\">Email/td><td style=\"width:10px;\">:</td><td ><%$email%></td></tr>\r\n</table>\r\n<p>\r\n<p>\r\nRegards,\r\n<p>\r\n<b><%$site_name%></b> Team\r\n</div>','Your submission has been rejected.\r\nThis may caused by one of the following reasons:\r\n- adult material\r\n- the site is under construction\r\n- the topic is not related with our directory\r\nTitle        : <%$title%>\r\nUrl          : <%$url%>\r\nDescription  : <%$description%>\r\nCategory     : <%$category%>\r\nContact name : <%$contact_name%>\r\nEmail        : <%$email%>\r\nRegards,\r\n<%$site_name%> Team\r\n'),(25,'rejected_editor','Link rejected','<div style=\"font-family:arial;font-size:12px;\">\r\nThe following submission has been rejected.\r\n<p>\r\n<table cellspacing=0 cellpadding=0>\r\n<tr><td style=\"width:100px;\">Title</td><td style=\"width:10px;\">:</td><td ><%$title%></td></tr>\r\n<tr><td style=\"width:100px;\">Url</td><td style=\"width:10px;\">:</td><td ><%$url%></td></tr>\r\n<tr><td style=\"width:100px;\">Description</td><td style=\"width:10px;\">:</td><td ><%$description%></td></tr>\r\n<tr><td style=\"width:100px;\">Category</td><td style=\"width:10px;\">:</td><td ><%$category%></td></tr>\r\n<tr><td style=\"width:100px;\">Contact name</td><td style=\"width:10px;\">:</td><td ><%$contact_name%></td></tr>\r\n<tr><td style=\"width:100px;\">Email</td><td style=\"width:10px;\">:</td><td ><%$email%></td></tr>\r\n</table>\r\n<p>\r\n<p>\r\nRegards,\r\n<p>\r\n<b><%$site_name%></b> Team\r\n</div>\r\n','The following submission has been rejected.\r\nTitle        : <%$title%>\r\nUrl          : <%$url%>\r\nDescription  : <%$description%>\r\nCategory     : <%$category%>\r\nContact name : <%$contact_name%>\r\nEmail        : <%$email%>\r\nRegards,\r\n<%$site_name%> Team\r\n'),(26,'review_pending_editor','Pending Review','<div style=\"font-family:arial;font-size:12px;\">\r\nThere\'s a new review to <b><%$site_name%></b>.\r\n<p>\r\n<table cellspacing=0 cellpadding=0>\r\n<tr><td style=\"width:100px;\">Title</td><td style=\"width:10px;\">:</td><td ><%$title%></td></tr>\r\n<tr><td style=\"width:100px;\">Url</td><td style=\"width:10px;\">:</td><td ><%$url%></td></tr>\r\n<tr><td style=\"width:100px;\">Description</td><td style=\"width:10px;\">:</td><td ><%$description%></td></tr>\r\n<tr><td style=\"width:100px;\">Category</td><td style=\"width:10px;\">:</td><td ><%$category%></td></tr>\r\n</table>\r\n<p>\r\n<table cellspacing=0 cellpadding=0>\r\n<tr><td style=\"width:100px;\">Username</td><td style=\"width:10px;\">:</td><td ><%$username%></td></tr>\r\n<tr><td style=\"width:100px;\">Subject</td><td style=\"width:10px;\">:</td><td ><%$rev_subject%></td></tr>\r\n<tr><td style=\"width:100px;\">Rating</td><td style=\"width:10px;\">:</td><td ><%$rev_rating%></td></tr>\r\n<tr><td style=\"width:100px;\">Review</td><td style=\"width:10px;\">:</td><td ><%$rev_review%></td></tr>\r\n</table>\r\n<p>\r\n<p>\r\nPlease review it here:<br>\r\n<label style=\"margin-left:10px;\"><a href=\"<%$site_url%>/cp/\"><%$site_url%>/cp/</a></label>\r\n<p>\r\n<p>\r\nRegards,\r\n<p>\r\n<b><%$site_name%></b> Team\r\n</div>\r\n','There\'s new review to <%$site_name%>.\r\nTitle       : <%$title%>\r\nUrl         : <%$url%>\r\nDescription : <%$description%>\r\nCategory    : <%$category%>\r\nUsername    : <%$username%>\r\nSubject     : <%$rev_subject%>\r\nRating      : <%$rev_rating%>\r\nReview      : <%$rev_review%>\r\nPlease review it here:\r\n<%$site_url%>/cp/\r\nRegards,\r\n<%$site_name%> Team\r\n'),(27,'send_pwd_link','Your resource password','<div style=\"font-family:arial;font-size:12px;\">\r\nHere is your password for <b><%$title%></b> (<a href=\"<%$url%>\"><%$url%></a>)\r\n<p>\r\nPassword : <%$password%>\r\n<p>\r\n<p>\r\nRegards,\r\n<p>\r\n<b><%$site_name%></b> Team\r\n</div>','Here is your password for <%$title%> (<%$url%>)\r\nPassword : <%$password%>\r\nRegards,\r\n<%$site_name%> Team\r\n'),(28,'send_pwd_login','Your login password','<div style=\"font-family:arial;font-size:12px;\">\r\nHere is your username and password:\r\n<p>\r\n<table cellspacing=0 cellpadding=0>\r\n<tr><td style=\"width:100px;\">Username</td><td style=\"width:10px;\">:</td><td ><%$username%></td></tr>\r\n<tr><td style=\"width:100px;\">Password</td><td style=\"width:10px;\">:</td><td ><%$password%></td></tr>\r\n</table>\r\n<p>\r\n<p>\r\nRegards,\r\n<p>\r\n<b><%$site_name%></b> Team\r\n</div>','Here is your username and password:\r\nUsername : <%$username%>\r\nPassword : <%$password%>\r\nRegards,\r\n<%$site_name%> Team\r\n'),(29,'send_pwd_reset','Password reset request','<div style=\"font-family:arial;font-size:12px;\">\r\nWe received a request to reset your password.<br>\r\nPlease visit this URL to proceed:<br>\r\n<label style=\"margin-left:10px;\"><a href=\"<%$site_url%>/reset_pwd.php?u=<%$username%>&hash=<%$hash%>\"><%$site_url%>/reset_pwd.php?u=<%$username%>&hash=<%$hash%></a></label>\r\n<p>\r\n<p>\r\nRegards,\r\n<p>\r\n<b><%$site_name%></b> Team\r\n</div>','We received a request to reset your password.\r\nPlease visit this URL to proceed:\r\n<%$site_url%>/reset_pwd.php?u=<%$username%>&hash=<%$hash%>\r\nRegards,\r\n<%$site_name%> Team\r\n'),(30,'suggest_category','Category suggestion','<div style=\"font-family:arial;font-size:12px;\">\r\nCategory suggestion for <b><%$site_name%></b>.\r\n<p>\r\nParent               : <%$parent%>\r\nCategory Name        : <%$cat_name%>\r\nCategory Description : <%$cat_desc%>\r\n<p>\r\n<p>\r\nRegards,\r\n<p>\r\n<b><%$site_name%></b> Team\r\n</div>','Category suggestion for <%$site_name%>.\r\nParent               : <%$parent%>\r\nCategory Name        : <%$cat_name%>\r\nCategory Description : <%$cat_desc%>\r\nRegards,\r\n<%$site_name%> Team\r\n'),(31,'tell_friend_favorite','Your friend has shared his/her favorite listing','<div style=\"font-family:arial;font-size:12px;\">\r\nHi <%$friend_name%>,\r\n<p>\r\nI\'d like to share my favorite listing at <b><%$site_name%></b> (<a href=\"<%$site_url%>\"><%$site_url%></a>).<br>\r\nI hope you like them and find them useful.\r\n<p>\r\n<p>\r\n<%$fav_item%>\r\n<p>\r\n<p>\r\nSincerely,\r\n<p>\r\n<p>\r\n<%$my_name%> <<%$my_email%>>\r\n</div>','Hi <%$friend_name%>,\r\nI\'d like to share my favorite listings at <%$site_name%> (<%$site_url%>).\r\nI hope you like them and find them useful.\r\n<%$fav_item%>\r\nSincerely,\r\n<%$my_name%> <<%$my_email%>>\r\n'),(32,'tell_friend_favorite_rows',NULL,'<div style=\"font-family:arial;font-size:12px;\">\r\n<table cellspacing=0 cellpadding=0>\r\n<tr><td style=\"width:100px;\">Title</td><td style=\"width:10px;\">:</td><td ><%$title%></td></tr>\r\n<tr><td style=\"width:100px;\">Url</td><td style=\"width:10px;\">:</td><td ><%$url%></td></tr>\r\n<tr><td style=\"width:100px;\">Description</td><td style=\"width:10px;\">:</td><td ><%$description%></td></tr>\r\n</table>\r\n</div>\r\n','Title       : <%$title%>\r\nUrl         : <%$url%>\r\nDescription : <%$description%>\r\n'),(33,'tell_friend_link','Your friend recommended a link','<div style=\"font-family:arial;font-size:12px;\">\r\nHi <b><%$friend_name%></b>,\r\n<p>\r\nI found a good website that you may find interesting.\r\n<p>\r\n<div>\r\n<label style=\"float:left;width:100px;\">Website</label><label style=\"float:left;\"> : <b><%$title%></b></label>\r\n</div>\r\n<div style=\"clear:both;\">\r\n<label style=\"clear:both;float:left;width:100px;\">Url </label><label style=\"float:left;\"> : <a href=\"<%$url%>\"><%$url%></a></label>\r\n</div>\r\n<p style=\"clear:both;\">\r\nI found this website from <%$site_name%> (<a href=\"<%$site_url%>\"><%$site_url%></a>).\r\n<p>\r\n<p>\r\nSincerely,\r\n<p>\r\n<%$my_name%> <<%$my_email%>>\r\n</div>\r\n','Hi <%$friend_name%>,\r\nI found a good website that you may find interesting.\r\nWebsite : <%$title%>\r\nUrl     : <%$url%>\r\nI found this website from <%$site_name%> (<%$site_url%>).\r\nSincerely,\r\n<%$my_name%> <<%$my_email%>>\r\n'),(34,'tell_friend_website','hi <%$friend_name%>, I found a good website that you may find interesting','<div style=\"font-family:arial;font-size:12px;\">\r\nHi <b><%$friend_name%></b>,\r\n<p>\r\nI found good website that you may find interesting. The website is <b><%$site_name%></b> (<a href=\"<%$site_url%>\"><%$site_url%></a>).\r\n<p>\r\n<p>\r\nSincerely,\r\n<p>\r\n<%$my_name%> <<%$my_email%>>\r\n</div>','Hi <%$friend_name%>,\r\nI found a good website that you may find interesting. The website is <%$site_name%> (<%$site_url%>).\r\nSincerely,\r\n<%$my_name%> <<%$my_email%>>\r\n'),(35,'send_activation_link','Your activation link','<div style=\"font-family:arial;font-size:12px;\">\r\nHere is your activation link\r\n<p>\r\nActivation Link  : <A href=\"<%$activation_link%>\"><%$activation_link%></a>\r\n<p>\r\n<p>\r\nRegards,\r\n<p>\r\n<b><%$site_name%></b> Team\r\n</div>','Here is your activation link\r\nActivation Link  : <%$activation_link%>\r\nRegards,\r\n<%$site_name%> Team\r\n'),(36,'send_activated_account','Your account had been activated','<div style=\"font-family:arial;font-size:12px;\">\r\nYour account had been activated. Now you can login.\r\n<p>\r\nRegards,\r\n<p>\r\n<b><%$site_name%></b> Team\r\n</div>','Your account had been activated. Now you can login.\r\n\r\nRegards,\r\n<%$site_name%> Team\r\n');

--
-- Table structure for table `idx_favorites`
--

CREATE TABLE `idx_favorites` (
  `favorite_id` int(11) NOT NULL AUTO_INCREMENT,
  `username` varchar(20) DEFAULT NULL,
  `date` date DEFAULT NULL,
  `title` varchar(100) DEFAULT NULL,
  `description` text,
  PRIMARY KEY (`favorite_id`)
) ENGINE=MyISAM DEFAULT CHARSET=latin1;

--
-- Dumping data for table `idx_favorites`
--


--
-- Table structure for table `idx_favorites_detail`
--

CREATE TABLE `idx_favorites_detail` (
  `favorite_id` int(11) DEFAULT NULL,
  `link_id` mediumint(9) DEFAULT NULL
) ENGINE=MyISAM DEFAULT CHARSET=latin1;

--
-- Dumping data for table `idx_favorites_detail`
--


--
-- Table structure for table `idx_hook_place`
--

CREATE TABLE `idx_hook_place` (
  `hook_place_id` int(11) NOT NULL AUTO_INCREMENT,
  `filename` varchar(255) DEFAULT NULL,
  `hookname` varchar(255) DEFAULT NULL,
  PRIMARY KEY (`hook_place_id`)
) ENGINE=MyISAM DEFAULT CHARSET=latin1;

--
-- Dumping data for table `idx_hook_place`
--


--
-- Table structure for table `idx_invoice`
--

CREATE TABLE `idx_invoice` (
  `invoice_id` varchar(10) NOT NULL DEFAULT '',
  `invoice_date` date DEFAULT NULL,
  `due_date` date DEFAULT NULL,
  `invoiced_to` text,
  `service` varchar(255) DEFAULT NULL,
  `description` text,
  `total` double(8,2) DEFAULT NULL,
  `comment` text,
  `paid` char(1) DEFAULT NULL,
  `paid_date` date DEFAULT NULL,
  `email` varchar(255) DEFAULT NULL,
  PRIMARY KEY (`invoice_id`)
) ENGINE=MyISAM DEFAULT CHARSET=latin1;

--
-- Dumping data for table `idx_invoice`
--


--
-- Table structure for table `idx_invoice_config`
--

CREATE TABLE `idx_invoice_config` (
  `company` varchar(255) DEFAULT NULL,
  `contact` varchar(255) DEFAULT NULL,
  `address` text,
  `phone` varchar(255) DEFAULT NULL,
  `email` varchar(255) DEFAULT NULL,
  `currency_symbol` varchar(255) DEFAULT '$',
  `currency_code` varchar(255) DEFAULT 'USD'
) ENGINE=MyISAM DEFAULT CHARSET=latin1;

--
-- Dumping data for table `idx_invoice_config`
--

INSERT INTO `idx_invoice_config` VALUES ('Your website / Company','Billing Department','Your address','Your phone #','Billing<name@yourdomain.com>','$','USD');

--
-- Table structure for table `idx_link`
--

CREATE TABLE `idx_link` (
  `link_id` mediumint(9) unsigned NOT NULL AUTO_INCREMENT,
  `category_id` mediumint(9) unsigned NOT NULL DEFAULT '0',
  `title` varchar(100) NOT NULL DEFAULT '',
  `url` text NOT NULL,
  `description` text NOT NULL,
  `contact_name` varchar(100) NOT NULL DEFAULT '',
  `email` varchar(100) NOT NULL DEFAULT '',
  `hits` mediumint(9) NOT NULL DEFAULT '0',
  `votes` smallint(6) NOT NULL DEFAULT '0',
  `rating` float(4,2) NOT NULL DEFAULT '0.00',
  `date` datetime NOT NULL DEFAULT '0000-00-00 00:00:00',
  `bid` smallint(6) NOT NULL DEFAULT '0',
  `new` char(1) DEFAULT NULL,
  `hot` char(1) DEFAULT NULL,
  `top_rated` char(1) DEFAULT NULL,
  `pick` char(1) DEFAULT NULL,
  `password` varchar(20) DEFAULT NULL,
  `updated` char(1) DEFAULT NULL,
  `reviews` smallint(6) DEFAULT NULL,
  `avg_review` float(4,2) DEFAULT NULL,
  `last_updated` datetime DEFAULT NULL,
  `official_review` text,
  `keywords` varchar(255) DEFAULT NULL,
  `cat1` mediumint(6) NOT NULL DEFAULT '0',
  `cat2` mediumint(6) NOT NULL DEFAULT '0',
  `suspended` char(1) NOT NULL DEFAULT '0',
  `reciprocal_url` varchar(255) DEFAULT NULL,
  `address` varchar(255) DEFAULT NULL,
  `city` varchar(255) DEFAULT NULL,
  `state` varchar(255) DEFAULT NULL,
  `country` varchar(255) DEFAULT NULL,
  `zip` varchar(255) DEFAULT NULL,
  `image` varchar(255) DEFAULT NULL,
  `phone` varchar(255) DEFAULT NULL,
  `fax` varchar(255) DEFAULT NULL,
  PRIMARY KEY (`link_id`)
) ENGINE=MyISAM AUTO_INCREMENT=23 DEFAULT CHARSET=latin1;

--
-- Dumping data for table `idx_link`
--

INSERT INTO `idx_link` VALUES (1,31,'Cigar Ashtray','http://www.habanosyhermanos.com','At Habanos & Hermanos, we offer discount cigars, the best cigar prices, cigar deals, and cheapest cigar accessories on the internet. We handle international cigars delivery, cigar humidors, cigar samplers, and more. We carry all premium cigars and boutique cigars, Arturo Fuente, Padron, Gurkha, Rocky Patel, Montecristo, Macanudo, Romeo and Juliet and more. Free shipping, low prices, the best online cigar prices available!','simon peterson','1simonpeterson1@gmail.com',0,0,0.00,'2012-02-06 20:19:23',0,NULL,'0','0',NULL,NULL,NULL,NULL,NULL,NULL,NULL,'cheap cigars, cheap humidors, cigar accessories, cigar ashtray, cigar cabinets, cigar cases, cigar cutters, cigar gifts, cigar lighters, custom humidors, gurkha cigars, humidor solutions, humidors for cigars, travel humidors, wholesale cigars',0,0,'0',NULL,NULL,NULL,NULL,NULL,NULL,NULL,NULL,NULL),(2,35,'Wedding Program Scroll','http://www.parekhcards.com','Parekh Cards offers traditional and modern Indian Wedding Cards in a large selection of designs, colors, and styles. To shop check us out online!','Nilesh Parekh','weddingcards@vsnl.net',0,0,0.00,'2012-02-11 18:03:24',0,NULL,NULL,NULL,NULL,NULL,NULL,NULL,NULL,NULL,NULL,'indian wedding favours, wedding program scroll, scroll wedding invitations, wedding shopping india, kankotri',0,0,'0',NULL,NULL,NULL,NULL,NULL,NULL,NULL,NULL,NULL),(3,22,'Car Accident Lawyer NJ','http://www.workerscompaccident.com','Adam M Kotlar Attorney at Law provides legal representation for work accidents cases in Cherry Hill, Mt Laurel, New Jersey (NJ) and surrounding areas. We take an aggressive and thorough approach to the law, and handle all sorts of work related legal claims. Call us at 856-751-7676 for free consultation.','Stuart','stuart@smwebmarketing.com',0,0,0.00,'2012-02-13 15:40:46',0,NULL,NULL,NULL,NULL,NULL,NULL,NULL,NULL,NULL,NULL,'workmans compensation cherry hill, car accident lawyer cherry hill, workers comp mt laurel, workers comp lawyer mt laurel, workers compensation new jersey, car accident lawyer new jersey, workmans comp lawyer nj, workers comp nj',0,0,'0',NULL,NULL,NULL,NULL,NULL,NULL,NULL,NULL,NULL),(4,18,'Cocktail Ottoman','http://www.shoparearugs.com','Shop Area Rugs offers best selection of cocktail ottoman, storage bench ottoman and end tables for every budget and lifestyle. For more details visit us online!','Zac Zolfaghari','zac@shoparearugs.com',0,0,0.00,'2012-02-23 12:52:44',0,NULL,NULL,NULL,NULL,NULL,NULL,NULL,NULL,NULL,NULL,'cocktail ottoman, storage bench ottoman, end tables, area rugs, 8x10 area rug, area rugs nj',0,0,'0',NULL,NULL,NULL,NULL,NULL,NULL,NULL,NULL,NULL),(5,7,'Web Hosting','http://www.24shells.net','24Shells provides affordable Virtual Private Server Hosting and Web Hosting Solutions. Visit us online for more information!','Tushit','tushit@24shells.net',0,0,0.00,'2012-03-02 11:27:22',0,NULL,NULL,NULL,NULL,NULL,NULL,NULL,NULL,NULL,NULL,'24 shells, managed web hosting, virtual private servers, web hosting, web hosting solutions, windows hosting, windows web hosting, virtual private server hosting, virtual server hosting',0,0,'0',NULL,NULL,NULL,NULL,NULL,NULL,NULL,NULL,NULL),(6,31,'Gun shops St Louis','http://www.stoneledgeguns.com','Stone Ledge Gun and Pawn offers the largest selection of new and used guns, professional gold, silver, and jewelry trading services in St Louis MO, Washington. We will deal in any items of value, and specialize in pawning and trading new, used, and antique guns & Jewelry with an experience of over 10 years.','Stuart','stuart@smwebmarketing.com',0,0,0.00,'2012-03-02 17:44:14',0,NULL,NULL,NULL,NULL,NULL,NULL,NULL,NULL,NULL,NULL,'gun shop st louis mo, 9mm guns st louis, gold buyers st louis mo,  local gun shop st louis, gun shops st louis mo, silver buyers washington mo, pawn shop washington mo',0,0,'0',NULL,NULL,NULL,NULL,NULL,NULL,NULL,NULL,NULL),(7,16,'Air Conditioning Repair West Bloomfield','http://www.levineandsons.com','Levine & Sons has been servicing residential and commercial plumbing, heating & air conditioning systems for over 80 years in West Bloomfield, Farmington Hills, Bloomfield Hills & Birmingham. Our fully trained, factory-Certified technicians do complete diagnosis of problem and provide a complete price estimate before we start the work.','Stuart','stuart@smwebmarketing.com',0,0,0.00,'2012-03-02 18:01:45',0,NULL,NULL,NULL,NULL,NULL,NULL,NULL,NULL,NULL,NULL,' plumbing farmington hills, plumbing bloomfield hills,plumber bloomfield hills, plumbing repair bloomfield hills, drain cleaning bloomfield hills, air conditioning birmingham, air conditioning repair birmingham, air conditioning royal oak,',0,0,'0',NULL,NULL,NULL,NULL,NULL,NULL,NULL,NULL,NULL),(8,22,'DWI Attorneys Morgantown WV','http://www.westvirginiaduilawyers.com','Wagner is an experienced and the only law firm in Martinsburg, Morgantown, Charles Town in West Virginia which solely focuses on DUI and DWI defense. From first offense misdemeanor cases to more serious DUI homicide cases, the Wagner Law Firm is fully capable of defending you effectively in court.','Stuart','stuart@smwebmarketing.com',0,0,0.00,'2012-03-02 18:27:21',0,NULL,NULL,NULL,NULL,NULL,NULL,NULL,NULL,NULL,NULL,'dui attorneys martinsburg wv, dui attorneys morgantown wv, dui defense lawyer charles town wv, dui defense lawyer martinsburg wv, dui lawyer martinsburg wv, dui lawyer morgantown wv, dwi attorneys charles town wv, dwi attorneys martinsburg wv',0,0,'0',NULL,NULL,NULL,NULL,NULL,NULL,NULL,NULL,NULL),(9,3,'Electrician Wichita','http://www.tracyelectricinc.com','Tracy Electric, Inc. is an electrical contractor which specializes in the design and installation of electrical systems for industrial plants, commercial buildings, and residential projects.  We provide 24 hour design and on-site services, electrical engineering, construction, instrumentation and control system services in Wichita & Houston to help tailor to our customers’ needs.','Yellow Book','stuart@ebrandz.com',0,0,0.00,'2012-03-02 19:19:07',0,NULL,NULL,NULL,NULL,NULL,NULL,NULL,NULL,NULL,NULL,' electricians wichita, electrical contractor houston,  electrical contractor wichita, electricians  houston',0,0,'0',NULL,NULL,NULL,NULL,NULL,NULL,NULL,NULL,NULL),(10,22,'Personal Injury Attorney Riverside','http://www.sweeneyattorneys.com','We are a family of lawyers that care and can assist you if you have been injured in a accident. We are experienced Riverside County personal injury attorneys that have serviced thousands of injury claims throughout our combined 45 years of service.','Stuart','stuart@smwebmarketing.com',0,0,0.00,'2012-03-02 19:27:40',0,NULL,NULL,NULL,NULL,NULL,NULL,NULL,NULL,NULL,NULL,'personal injury attorneys riverside, personal injury lawyers riverside, injury attorneys riverside, accident attorneys riverside, car accident attorney riverside, accident lawyer riverside',0,0,'0',NULL,NULL,NULL,NULL,NULL,NULL,NULL,NULL,NULL),(11,22,'Social Security Disability Kingston NY','http://www.mspinaclaw.com','Whether you’re seeking compensation for a workplace injury or to discharge debt  in Kingston & Hudson Ny,  our attorneys believe in giving every client the attention and dedication they deserve. Call 845-331-5777 and get a free consultation today.','Stuart','stuart@smwebmarketing.com',0,0,0.00,'2012-03-02 19:35:01',0,NULL,NULL,NULL,NULL,NULL,NULL,NULL,NULL,NULL,NULL,'accident lawyers kingston ny, accident attorneys hudson ny, Bankruptcy lawyers hudson ny, bankruptcy attorneys kingston ny, workers  compensation hudson ny, social security disability kingston ny, traffic  lawyers hudson ny',0,0,'0',NULL,NULL,NULL,NULL,NULL,NULL,NULL,NULL,NULL),(12,15,'Dental Oral Surgery Butler PA','http://www.quadcountyoralsurgery.com','Do you have problems biting or chewing? When you\'re eating, do your lower teeth hit the roof of your mouth, causing discomfort? The Oral surgeon at Quad County will help you overcome your pain with the help of dental surgery such as Dental implants, TMJ & painless extraction of wisdom tooth in Butler & Kittanning PA area.','Stuart','stuart@smwebmarketing.com',0,0,0.00,'2012-03-02 19:46:10',0,NULL,NULL,NULL,NULL,NULL,NULL,NULL,NULL,NULL,NULL,'dental implants kittanning pa, oral surgeon butler pa, dental oral surgery grove city pa, tmj  kittanning pa, wisdom teeth butler pa, oral surgeon kittanning pa, dental oral surgery butler pa,  Tmj grove city pa, dental oral surgery kittanning pa, dental ',0,0,'0',NULL,NULL,NULL,NULL,NULL,NULL,NULL,NULL,NULL),(13,22,'Bail Bondsman Colorado Springs','http://www.dennisblackwellbailbonds.com','Dennis Blackwell Bail Bonds is a family owned business serving Colorado springs, Pubelo and the entire United States for 18 years. With our office located on the same street as the El Paso County Criminal Justice Center (CJC), we guarantee that you have chosen the fastest and most convenient bail bond service in Colorado Springs.','Stuart','stuart@smwebmarketing.com',0,0,0.00,'2012-03-02 19:53:29',0,NULL,NULL,NULL,NULL,NULL,NULL,NULL,NULL,NULL,NULL,'bail bonds colorado springs, bail bondsmen pueblo, bail bondsman colorado springs, bail bond man pueblo, bail bond colorado springs, bail bonds pueblo, bail bondsman colorado springs',0,0,'0',NULL,NULL,NULL,NULL,NULL,NULL,NULL,NULL,NULL),(14,28,'Town homes Lubbock','http://','Lynnwood Townhomes were designed with students in mind.  It is a student housing in Lubbock where every bedroom is a master suite with a luxurious walk in closet and full private bathroom. The town homes are zoned as apartments where more than two unrelated people can live legally.','Stuart','stuart@smwebmarketing.com',0,0,0.00,'2012-03-02 19:58:09',0,NULL,NULL,NULL,NULL,NULL,NULL,NULL,NULL,NULL,NULL,'town homes for rent lubbock, student housing lubbock, rental properties lubbock, houses for  rent lubbock, homes for rent lubbock, rental homes lubbock, apartments for rent lubbock, town  homes lubbock',0,0,'0',NULL,NULL,NULL,NULL,NULL,NULL,NULL,NULL,NULL),(15,22,'Bankruptcy Attorneys Fontana CA','http://www.DLBKlaw.com','Our bankruptcy law firm’s goal is to protect all of your possessions and get you back on track to financial security by guiding you through the bankruptcy process. With our no-interest monthly payment plan everyone can afford our bankruptcy firm, and with our friendly and experienced staff we can quickly and easily get you through the system so that you can return to a normal lifestyle.','Yellow Book','stuart@ebrandz.com',0,0,0.00,'2012-03-02 20:08:28',0,NULL,NULL,NULL,NULL,NULL,NULL,NULL,NULL,NULL,NULL,'bankruptcy questions fontana, bankruptcy attorneys lancaster  ca, bankruptcy lawyers fontana  ca, bankruptcy lawyer lancaster ca, bankruptcy attorney fontana ca, bankruptcy lawyers lancaster  ca, bankruptcy questions lancaster ca',0,0,'0',NULL,NULL,NULL,NULL,NULL,NULL,NULL,NULL,NULL),(16,20,'Health Insurance Berks County','http://www.unruhinsurance.com','Unruh Insurance Agency, Inc. is a professional organization dedicated to providing the best insurance protection and service possible. We Offer homeowners,car,auto & health insurance and services in Lancaster PA & Berks County. Contact us today at 1-877-854-3309 for more information.','Yellow Book','stuart@ebrandz.com',0,0,0.00,'2012-03-02 20:12:07',0,NULL,NULL,NULL,NULL,NULL,NULL,NULL,NULL,NULL,NULL,'insurance berks county, homeowners insurance berks county, health insurance lancaster pa, health insurance berks county, car insurance berks county, auto insurance berks county, insurance lancaster pa, auto insurance lancaster pa',0,0,'0',NULL,NULL,NULL,NULL,NULL,NULL,NULL,NULL,NULL),(17,3,'Tile Fountain Valley','http://www.castletile.com','Anderson\'s Towing has 25 years experience in offering services like towing and impound services for the public as well as Federal, State, County and City Departments. We provide service 24/7 t competitive price in Modesto, Turlock & Stockton CA. Call 209-538-8697 for towing service.','Yellow Book','stuart@ebrandz.com',0,0,0.00,'2012-03-04 12:20:25',0,NULL,NULL,NULL,NULL,NULL,NULL,NULL,NULL,NULL,NULL,'towing modesto ca, tow truck modesto ca, tow service modesto ca, road service modesto ca, flat tire modesto ca, towing turlock ca, tow truck turlock ca, tow service turlock ca, road service turlock ca, flat tire turlock ca, towing stockton ca',0,0,'0',NULL,NULL,NULL,NULL,NULL,NULL,NULL,NULL,NULL),(18,16,'AC San Diego','http://www.thaheatandair.com','THA is the leading San Diego HVAC company for all residential and commercial heating and cooling systems for over 30 years.  We also provide repairs, spring and winter inspections, and yearly service agreements for all brands.','Stuart','stuart@smwebmarketing.com',0,0,0.00,'2012-03-04 12:24:07',0,NULL,NULL,NULL,NULL,NULL,NULL,NULL,NULL,NULL,NULL,'air conditioning san diego, heating san diego, heater san diego, hvac san diego, ac san diego,  heating and air san diego, furnace san diego, heater repair san diego, air conditioning repair san diego, furnace repair san diego',0,0,'0',NULL,NULL,NULL,NULL,NULL,NULL,NULL,NULL,NULL),(19,22,'Bankruptcy Lancaster PA','http://mitchellsommers.com','The bankruptcy attorneys of the Law Offices in Ephrata and Lancaster, PA,  provides the best quality legal services to you and your business in a timely fashion and also helps people file for bankruptcy relief under the Bankruptcy Code .Call Mitchell A. Sommers ESQ, P.C. at 717-733-6607 for a legal consultation today.','Stuart','stuart@smwebmarketing.com',0,0,0.00,'2012-03-04 12:52:10',0,NULL,NULL,NULL,NULL,NULL,NULL,NULL,NULL,NULL,NULL,'bankruptcy lancaster, pa, bankruptcy lawyer lancaster, pa, bankruptcy attorney lancaster, pa, foreclosure lawyer  lancaster, pa, bankruptcy ephrata, pa, bankruptcy lawyer ephrata, pa, bankruptcy attorney ephrata, pa, foreclosure lawyer ephrata, pa  ',0,0,'0',NULL,NULL,NULL,NULL,NULL,NULL,NULL,NULL,NULL),(20,3,'Roll Off Container Providence RI','http://www.abcdisposal.com','ABC Disposal Service, Inc. is the largest waste removal company in Massachusetts & Rhode Island. We offers residents waste, construction waste debris and recycling collection services at reasonable and competitive rates in Providence, RI & Cape Cod, New Bedford, Fall River, MA  . We also provides containers for safely transport and dispose of any type of non-hazardous materials generated from your site.','Stuart','stuart@smwebmarketing.com',0,0,0.00,'2012-03-04 14:31:06',0,NULL,NULL,NULL,NULL,NULL,NULL,NULL,NULL,NULL,NULL,'dumpster rental cape cod ma, roll off container providence ri, waste disposal new bedford ma, garbage removalfall river ma, recycling cape cod ma, waste disposal providence ri, garbage removal new bedford ma, recycling fall river ma     ',0,0,'0',NULL,NULL,NULL,NULL,NULL,NULL,NULL,NULL,NULL),(21,3,'Safe Cracking St  Louis','http://www.batesstlock.com','Upgrade your Business & home\'s security in St.Louis city & county with new technologies from Bates Street Lock & Safe. Services and products available from us include antique lock service and repair, automotive high security keys, interchangeable core locks, lock service and repair, master key systems, restricted key systems and safe sales, service & installation.','Stuart','stuart@smwebmarketing.com',0,0,0.00,'2012-03-04 14:35:29',0,NULL,NULL,NULL,NULL,NULL,NULL,NULL,NULL,NULL,NULL,'safes st  louis, safe opening st  louis, safe cracking st  louis, safe moving st  louis, crack safes st  louis,high security safes st  louis, fire proof safes st  louis, how to open a safe st  louis',0,0,'0',NULL,NULL,NULL,NULL,NULL,NULL,NULL,NULL,NULL),(22,15,'Implant Dentistry Las Vegas','http://www.redrockperio.com','Redrockperio offers dentistry services in Las Vegas with highest caliber diagnostics, optimal treatment planning, and simply beautiful results. We also provides Dental Implants, periodontal Surgery, Sedation Dentistry, Gum Treatments & many more with new technologies in a clean, comfortable environment.','Stuart','stuart@smwebmarketing.com',0,0,0.00,'2012-03-04 14:38:20',0,NULL,NULL,NULL,NULL,NULL,NULL,NULL,NULL,NULL,NULL,'periodontal surgery las vegas, dental implants las vegas, sedation dentistry las vegas, gum treatments las vegas, periodontist las vegas, implant dentistry las vegas, gum surgery las vegas, periodontics las vegas, implant dentist las vegas  ',0,0,'0',NULL,NULL,NULL,NULL,NULL,NULL,NULL,NULL,NULL);

--
-- Table structure for table `idx_link_temp`
--

CREATE TABLE `idx_link_temp` (
  `vid` mediumint(9) unsigned NOT NULL AUTO_INCREMENT,
  `spam` char(1) NOT NULL DEFAULT '0',
  `link_id` mediumint(9) DEFAULT NULL,
  `category_id` mediumint(9) unsigned NOT NULL DEFAULT '0',
  `title` varchar(100) NOT NULL DEFAULT '',
  `url` text NOT NULL,
  `description` text NOT NULL,
  `contact_name` varchar(100) NOT NULL DEFAULT '',
  `email` varchar(100) NOT NULL DEFAULT '',
  `hits` mediumint(9) DEFAULT NULL,
  `votes` smallint(6) DEFAULT NULL,
  `rating` float(4,2) DEFAULT NULL,
  `date` datetime NOT NULL DEFAULT '0000-00-00 00:00:00',
  `bid` smallint(6) NOT NULL DEFAULT '0',
  `new` char(1) DEFAULT NULL,
  `hot` char(1) DEFAULT NULL,
  `top_rated` char(1) DEFAULT NULL,
  `pick` char(1) DEFAULT NULL,
  `password` varchar(20) DEFAULT NULL,
  `updated` char(1) DEFAULT NULL,
  `reviews` smallint(6) DEFAULT NULL,
  `avg_review` float(4,2) DEFAULT NULL,
  `last_updated` datetime DEFAULT NULL,
  `official_review` text,
  `keywords` varchar(255) DEFAULT NULL,
  `cat1` mediumint(6) NOT NULL DEFAULT '0',
  `cat2` mediumint(6) NOT NULL DEFAULT '0',
  `suspended` char(1) NOT NULL DEFAULT '0',
  `reciprocal_url` varchar(255) DEFAULT NULL,
  `address` varchar(255) DEFAULT NULL,
  `city` varchar(255) DEFAULT NULL,
  `state` varchar(255) DEFAULT NULL,
  `country` varchar(255) DEFAULT NULL,
  `zip` varchar(255) DEFAULT NULL,
  `image` varchar(255) DEFAULT NULL,
  `phone` varchar(255) DEFAULT NULL,
  `fax` varchar(255) DEFAULT NULL,
  PRIMARY KEY (`vid`)
) ENGINE=MyISAM DEFAULT CHARSET=latin1;

--
-- Dumping data for table `idx_link_temp`
--


--
-- Table structure for table `idx_link_temp_user`
--

CREATE TABLE `idx_link_temp_user` (
  `vid` mediumint(9) unsigned NOT NULL DEFAULT '0',
  `username` varchar(20) NOT NULL DEFAULT '',
  PRIMARY KEY (`vid`)
) ENGINE=MyISAM DEFAULT CHARSET=latin1;

--
-- Dumping data for table `idx_link_temp_user`
--


--
-- Table structure for table `idx_link_user`
--

CREATE TABLE `idx_link_user` (
  `link_id` mediumint(9) unsigned NOT NULL DEFAULT '0',
  `username` varchar(20) NOT NULL DEFAULT '',
  PRIMARY KEY (`link_id`)
) ENGINE=MyISAM DEFAULT CHARSET=latin1;

--
-- Dumping data for table `idx_link_user`
--


--
-- Table structure for table `idx_mailing_list`
--

CREATE TABLE `idx_mailing_list` (
  `email` varchar(50) NOT NULL DEFAULT '',
  `code` varchar(4) DEFAULT NULL,
  `status` char(1) DEFAULT NULL,
  PRIMARY KEY (`email`)
) ENGINE=MyISAM DEFAULT CHARSET=latin1;

--
-- Dumping data for table `idx_mailing_list`
--


--
-- Table structure for table `idx_message`
--

CREATE TABLE `idx_message` (
  `message_id` smallint(6) NOT NULL AUTO_INCREMENT,
  `date` date DEFAULT NULL,
  `body` text,
  `subject` varchar(100) DEFAULT NULL,
  PRIMARY KEY (`message_id`)
) ENGINE=MyISAM DEFAULT CHARSET=latin1;

--
-- Dumping data for table `idx_message`
--


--
-- Table structure for table `idx_notification`
--

CREATE TABLE `idx_notification` (
  `username` varchar(20) NOT NULL DEFAULT '',
  `category_id` mediumint(9) NOT NULL DEFAULT '0'
) ENGINE=MyISAM DEFAULT CHARSET=latin1;

--
-- Dumping data for table `idx_notification`
--


--
-- Table structure for table `idx_pagerank`
--

CREATE TABLE `idx_pagerank` (
  `link_id` mediumint(8) unsigned NOT NULL DEFAULT '0',
  `engine` char(1) NOT NULL DEFAULT '',
  `rank` tinyint(4) NOT NULL DEFAULT '0',
  `last_update` date NOT NULL DEFAULT '0000-00-00',
  PRIMARY KEY (`link_id`,`engine`)
) ENGINE=MyISAM DEFAULT CHARSET=latin1;

--
-- Dumping data for table `idx_pagerank`
--

INSERT INTO `idx_pagerank` VALUES (2,'g',0,'2012-02-14'),(3,'g',0,'2012-02-15'),(1,'g',0,'2012-02-17'),(4,'g',0,'2012-03-04'),(8,'g',0,'2012-03-07'),(13,'g',0,'2012-03-07'),(10,'g',0,'2012-03-07'),(19,'g',0,'2012-03-07'),(11,'g',0,'2012-03-07'),(15,'g',0,'2012-03-07');

--
-- Table structure for table `idx_paid_listing`
--

CREATE TABLE `idx_paid_listing` (
  `link_id` mediumint(9) unsigned NOT NULL DEFAULT '0',
  `premium` char(1) DEFAULT NULL,
  `sponsored` char(1) DEFAULT NULL,
  `expire` datetime DEFAULT NULL,
  `paid` char(1) DEFAULT NULL,
  PRIMARY KEY (`link_id`)
) ENGINE=MyISAM DEFAULT CHARSET=latin1;

--
-- Dumping data for table `idx_paid_listing`
--


--
-- Table structure for table `idx_payment_gateway`
--

CREATE TABLE `idx_payment_gateway` (
  `payment_gateway_id` int(11) NOT NULL AUTO_INCREMENT,
  `name` varchar(100) DEFAULT NULL,
  `enable` char(1) DEFAULT NULL,
  `setting` text,
  `invoice_html` text,
  PRIMARY KEY (`payment_gateway_id`)
) ENGINE=MyISAM AUTO_INCREMENT=9 DEFAULT CHARSET=latin1;

--
-- Dumping data for table `idx_payment_gateway`
--

INSERT INTO `idx_payment_gateway` VALUES (1,'paypal','1','a:2:{s:13:\"payment_email\";s:0:\"\";s:21:\"enable_paypal_sandbox\";s:1:\"0\";}','<p> \r\n	<a href=\'paynow.php?id={$invoice_id}&m=paypal\'><img src=\'http://www.paypal.com/images/x-click-but02.gif\' border=\'0\' alt=\'Make payments with PayPal - it is fast, free and secure!\' /></a> \r\n</p>\r\n'),(2,'2co','0','a:6:{s:6:\"co_sid\";s:5:\"84932\";s:9:\"co_secret\";s:5:\"tango\";s:12:\"co_recurring\";s:1:\"0\";s:9:\"co_prod_1\";s:6:\"100.00\";s:9:\"co_prod_2\";s:6:\"250.00\";s:9:\"co_prod_3\";s:6:\"400.00\";}','<p>\r\n<a href=\'paynow.php?id={$invoice_id}&m=2co\'><img src=\'http://www.2checkout.com/images/overview/btns/25.jpg\' alt=\'Pay Now with 2checkout...\' border=\'0\' /></a> \r\n</p>'),(3,'authorizenet','0','a:2:{s:21:\"authorizenet_login_id\";s:0:\"\";s:21:\"authorizenet_tran_key\";s:0:\"\";}','<p> \r\n<a href=\'paynow.php?id={$invoice_id}&m=authorizenet\'><img src=\'http://www.authorize.net/upload/images/Images/Header/authorizenet_logo.gif\' alt=\'Pay Now with Authorize.Net...\' width=\'99\' height=\'39\' style=\'{border : 1px solid #c0c0c0;}\' /></a>\r\n</p>'),(4,'egold','0','a:2:{s:19:\"egold_payee_account\";s:0:\"\";s:16:\"egold_payee_name\";s:0:\"\";}','<p> \r\n<a href=\'paynow.php?id={$invoice_id}&m=egold\'>\r\n<img src=\'http://www.e-gold.com/gif/paywith.gif\' border=\'0\' alt=\'Pay Now with e-gold...\' />\r\n</a>\r\n</p>'),(5,'moneybookers','0','a:1:{s:18:\"moneybookers_email\";s:0:\"\";}','<p> \r\n<a href=\'paynow.php?id={$invoice_id}&m=paypal\'><img src=\'http://www.moneybookers.com/images/banners/88_en_mb.gif\' border=\'0\' alt=\'Make payments with Moneybookers - it is fast, free and secure!\' /></a> \r\n</p>'),(6,'paypal-subscriptions','0','a:2:{s:13:\"payment_email\";s:0:\"\";s:21:\"enable_paypal_sandbox\";s:1:\"0\";}','<p> \r\n<a href=\'paynow.php?id={$invoice_id}&m=paypal\'><img src=\'https://www.paypal.com/en_US/i/btn/x-click-but20.gif\' border=\'0\' alt=\'Make payments with PayPal - it is fast, free and secure!\' /></a> \r\n</p>'),(7,'alertpay','0','a:2:{s:14:\"alertpay_email\";s:0:\"\";s:23:\"enable_alertpay_sandbox\";s:1:\"0\";}','<p> \r\n<a href=\'paynow.php?id={$invoice_id}&m=alertpay\'>\r\n<img src=\'https://www.alertpay.com/Images/BuyNow/pay_now_3.gif\' border=\'0\' alt=\'Make payments with PayPal - it is fast, free and secure!\' /></a> \r\n</p>'),(8,'alertpay-subcriptions','0','a:2:{s:14:\"alertpay_email\";s:0:\"\";s:23:\"enable_alertpay_sandbox\";s:1:\"0\";}','<p>\r\n<a href=\'paynow.php?id={$invoice_id}&m=alertpay-subcriptions\'>\r\n<img src=\'https://www.alertpay.com/Images/BuyNow/subscribe_now_15.gif\' border=\'0\' alt=\'Make payments with Alert Pay - it is fast, free and secure!\' /></a> \r\n</p>');

--
-- Table structure for table `idx_payment_history`
--

CREATE TABLE `idx_payment_history` (
  `payment_id` int(10) unsigned NOT NULL AUTO_INCREMENT,
  `contact_name` varchar(255) DEFAULT NULL,
  `email` varchar(255) DEFAULT NULL,
  `type` varchar(255) DEFAULT NULL,
  `detail` text,
  `amount` double DEFAULT NULL,
  `time` datetime DEFAULT NULL,
  `invoice_id` varchar(10) DEFAULT NULL,
  PRIMARY KEY (`payment_id`)
) ENGINE=MyISAM DEFAULT CHARSET=latin1;

--
-- Dumping data for table `idx_payment_history`
--


--
-- Table structure for table `idx_pl_sociable`
--

CREATE TABLE `idx_pl_sociable` (
  `sb_id` int(11) NOT NULL AUTO_INCREMENT,
  `sb_name` varchar(255) CHARACTER SET utf8 DEFAULT NULL,
  `sb_url` varchar(255) CHARACTER SET utf8 DEFAULT NULL,
  `sb_icon` varchar(255) CHARACTER SET utf8 DEFAULT NULL,
  `sb_enable` char(1) CHARACTER SET utf8 DEFAULT '0',
  PRIMARY KEY (`sb_id`)
) ENGINE=MyISAM AUTO_INCREMENT=90 DEFAULT CHARSET=latin1;

--
-- Dumping data for table `idx_pl_sociable`
--

INSERT INTO `idx_pl_sociable` VALUES (1,'BarraPunto','http://barrapunto.com/submit.pl?subj=TITLE&amp;story=PERMALINK','barrapunto.png','0'),(2,'Bitacoras.com','http://bitacoras.com/anotaciones/PERMALINK','bitacoras.png','0'),(3,'BlinkList','http://www.blinklist.com/index.php?Action=Blink/addblink.php&amp;Url=PERMALINK&amp;Title=TITLE','blinklist.png','0'),(4,'blogmarks','http://blogmarks.net/my/new.php?mini=1&amp;simple=1&amp;url=PERMALINK&amp;title=TITLE','blogmarks.png','0'),(5,'Blogosphere News','http://www.blogospherenews.com/submit.php?url=PERMALINK&amp;title=TITLE','blogospherenews.png','0'),(6,'blogtercimlap','http://cimlap.blogter.hu/index.php?action=suggest_link&amp;title=TITLE&amp;url=PERMALINK','blogter.png','0'),(7,'Faves','http://faves.com/Authoring.aspx?u=PERMALINK&amp;title=TITLE','bluedot.png','0'),(8,'connotea','http://www.connotea.org/addpopup?continue=confirm&amp;uri=PERMALINK&amp;title=TITLE&amp;description=EXCERPT','connotea.png','0'),(9,'Current','http://current.com/clipper.htm?url=PERMALINK&amp;title=TITLE','current.png','0'),(10,'del.icio.us','http://delicious.com/post?url=PERMALINK&amp;title=TITLE&amp;notes=EXCERPT','delicious.png','0'),(11,'Digg','http://digg.com/submit?phase=2&amp;url=PERMALINK&amp;title=TITLE&amp;bodytext=EXCERPT','digg.png','1'),(12,'Diigo','http://www.diigo.com/post?url=PERMALINK&amp;title=TITLE','diigo.png','0'),(13,'DotNetKicks','http://www.dotnetkicks.com/kick/?url=PERMALINK&amp;title=TITLE','dotnetkicks.png','0'),(14,'DZone','http://www.dzone.com/links/add.html?url=PERMALINK&amp;title=TITLE','dzone.png','0'),(15,'eKudos','http://www.ekudos.nl/artikel/nieuw?url=PERMALINK&amp;title=TITLE&amp;desc=EXCERPT','ekudos.png','0'),(16,'email','mailto:?subject=TITLE&amp;body=PERMALINK','email_link.png','0'),(17,'Facebook','http://www.facebook.com/share.php?u=PERMALINK&amp;t=TITLE','facebook.png','1'),(18,'Fark','http://cgi.fark.com/cgi/fark/farkit.pl?h=TITLE&amp;u=PERMALINK','fark.png','0'),(19,'Fleck','http://beta3.fleck.com/bookmarklet.php?url=PERMALINK&amp;title=TITLE','fleck.png','0'),(20,'FriendFeed','http://www.friendfeed.com/share?title=TITLE&amp;link=PERMALINK','friendfeed.png','0'),(21,'FSDaily','http://www.fsdaily.com/submit?url=PERMALINK&amp;title=TITLE','fsdaily.png','0'),(22,'Global Grind','http://globalgrind.com/submission/submit.aspx?url=PERMALINK&amp;type=Article&amp;title=TITLE','globalgrind.png','0'),(23,'Google','http://www.google.com/bookmarks/mark?op=edit&amp;bkmk=PERMALINK&amp;title=TITLE&amp;annotation=EXCERPT','googlebookmark.png','0'),(24,'Gwar','http://www.gwar.pl/DodajGwar.html?u=PERMALINK','gwar.png','0'),(25,'HackerNews','http://news.ycombinator.com/submitlink?u=PERMALINK&amp;t=TITLE','hackernews.png','0'),(26,'Haohao','http://www.haohaoreport.com/submit.php?url=PERMALINK&amp;title=TITLE','haohao.png','0'),(27,'HealthRanker','http://healthranker.com/submit.php?url=PERMALINK&amp;title=TITLE','healthranker.png','0'),(28,'HelloTxt','http://hellotxt.com/?status=TITLE+PERMALINK','hellotxt.png','0'),(29,'Hemidemi','http://www.hemidemi.com/user_bookmark/new?title=TITLE&amp;url=PERMALINK','hemidemi.png','0'),(30,'Hyves','http://www.hyves.nl/profilemanage/add/tips/?name=TITLE&amp;text=EXCERPT+PERMALINK&amp;rating=5','hyves.png','0'),(31,'Identi.ca','http://identi.ca/notice/new?status_textarea=PERMALINK','identica.png','0'),(32,'IndianPad','http://www.indianpad.com/submit.php?url=PERMALINK','indianpad.png','0'),(33,'Internetmedia','http://internetmedia.hu/submit.php?url=PERMALINK','im.png','0'),(34,'Kirtsy','http://www.kirtsy.com/submit.php?url=PERMALINK&amp;title=TITLE','kirtsy.png','0'),(35,'laaik.it','http://laaik.it/NewStoryCompact.aspx?uri=PERMALINK&amp;headline=TITLE&amp;cat=5e082fcc-8a3b-47e2-acec-fdf64ff19d12','laaikit.png','0'),(36,'LinkArena','http://linkarena.com/bookmarks/addlink/?url=PERMALINK&amp;title=TITLE','linkarena.png','0'),(37,'LinkaGoGo','http://www.linkagogo.com/go/AddNoPopup?url=PERMALINK&amp;title=TITLE','linkagogo.png','0'),(38,'LinkedIn','http://www.linkedin.com/shareArticle?mini=true&amp;url=PERMALINK&amp;title=TITLE&amp;source=BLOGNAME&amp;summary=EXCERPT','linkedin.png','0'),(39,'Linkter','http://www.linkter.hu/index.php?action=suggest_link&amp;url=PERMALINK&amp;title=TITLE','linkter.png','0'),(40,'Live','https://favorites.live.com/quickadd.aspx?marklet=1&amp;url=PERMALINK&amp;title=TITLE','live.png','0'),(41,'Meneame','http://meneame.net/submit.php?url=PERMALINK','meneame.png','0'),(42,'MisterWong','http://www.mister-wong.com/addurl/?bm_url=PERMALINK&amp;bm_description=TITLE&amp;plugin=soc','misterwong.png','0'),(43,'MisterWong.DE','http://www.mister-wong.de/addurl/?bm_url=PERMALINK&amp;bm_description=TITLE&amp;plugin=soc','misterwong.png','0'),(44,'Mixx','http://www.mixx.com/submit?page_url=PERMALINK&amp;title=TITLE','mixx.png','0'),(45,'muti','http://www.muti.co.za/submit?url=PERMALINK&amp;title=TITLE','muti.png','0'),(46,'MyShare','http://myshare.url.com.tw/index.php?func=newurl&amp;url=PERMALINK&amp;desc=TITLE','myshare.png','0'),(47,'MySpace','http://www.myspace.com/Modules/PostTo/Pages/?u=PERMALINK&amp;t=TITLE','myspace.png','0'),(48,'MSNReporter','http://reporter.nl.msn.com/?fn=contribute&amp;Title=TITLE&amp;URL=PERMALINK&amp;cat_id=6&amp;tag_id=31&amp;Remark=EXCERPT','msnreporter.png','0'),(49,'N4G','http://www.n4g.com/tips.aspx?url=PERMALINK&amp;title=TITLE','n4g.png','0'),(50,'Netvibes','http://www.netvibes.com/share?title=TITLE&amp;url=PERMALINK','netvibes.png','0'),(51,'NewsVine','http://www.newsvine.com/_tools/seed&amp;save?u=PERMALINK&amp;h=TITLE','newsvine.png','0'),(52,'Netvouz','http://www.netvouz.com/action/submitBookmark?url=PERMALINK&amp;title=TITLE&amp;popup=no','netvouz.png','0'),(53,'NuJIJ','http://nujij.nl/jij.lynkx?t=TITLE&amp;u=PERMALINK&amp;b=EXCERPT','nujij.png','0'),(54,'Ping.fm','http://ping.fm/ref/?link=PERMALINK&amp;title=TITLE&amp;body=EXCERPT','ping.png','0'),(55,'Posterous','http://posterous.com/share?linkto=PERMALINK&amp;title=TITLE&amp;selection=EXCERPT','posterous.png','0'),(56,'PDF','http://www.printfriendly.com/print?url=PERMALINK&amp;partner=sociable','pdf.png','0'),(57,'Print','http://www.printfriendly.com/print?url=PERMALINK&amp;partner=sociable','printfriendly.png','0'),(58,'Propeller','http://www.propeller.com/submit/?url=PERMALINK','propeller.png','0'),(59,'Ratimarks','http://ratimarks.org/bookmarks.php/?action=add&address=PERMALINK&amp;title=TITLE','ratimarks.png','0'),(60,'Rec6','http://rec6.via6.com/link.php?url=PERMALINK&amp;=TITLE','rec6.png','0'),(61,'Reddit','http://reddit.com/submit?url=PERMALINK&amp;title=TITLE','reddit.png','0'),(62,'RSS','FEEDLINK','rss.png','0'),(63,'Scoopeo','http://www.scoopeo.com/scoop/new?newurl=PERMALINK&amp;title=TITLE','scoopeo.png','0'),(64,'Segnalo','http://segnalo.alice.it/post.html.php?url=PERMALINK&amp;title=TITLE','segnalo.png','0'),(65,'Simpy','http://www.simpy.com/simpy/LinkAdd.do?href=PERMALINK&amp;title=TITLE','simpy.png','0'),(66,'Slashdot','http://slashdot.org/bookmark.pl?title=TITLE&amp;url=PERMALINK','slashdot.png','0'),(67,'Socialogs','http://socialogs.com/add_story.php?story_url=PERMALINK&amp;story_title=TITLE','socialogs.png','0'),(68,'SphereIt','http://www.sphere.com/search?q=sphereit:PERMALINK&amp;title=TITLE','sphere.png','0'),(69,'Sphinn','http://sphinn.com/index.php?c=post&amp;m=submit&amp;link=PERMALINK','sphinn.png','0'),(70,'StumbleUpon','http://www.stumbleupon.com/submit?url=PERMALINK&amp;title=TITLE','stumbleupon.png','0'),(71,'Techmeme','http://twitter.com/home/?status=tip%20@Techmeme%20PERMALINK%20TITLE','techmeme.png','0'),(72,'Technorati','http://technorati.com/faves?add=PERMALINK','technorati.png','1'),(73,'ThisNext','http://www.thisnext.com/pick/new/submit/sociable/?url=PERMALINK&amp;name=TITLE','thisnext.png','0'),(74,'Tipd','http://tipd.com/submit.php?url=PERMALINK','tipd.png','0'),(75,'Tumblr','http://www.tumblr.com/share?v=3&amp;u=PERMALINK&amp;t=TITLE&amp;s=EXCERPT','tumblr.png','0'),(76,'Twitter','http://twitter.com/home?status=TITLE%20-%20PERMALINK','twitter.png','1'),(77,'Upnews','http://www.upnews.it/submit?url=PERMALINK&amp;title=TITLE','upnews.png','0'),(78,'Webnews.de','http://www.webnews.de/einstellen?url=PERMALINK&amp;title=TITLE','webnews.png','0'),(79,'Webride','http://webride.org/discuss/split.php?uri=PERMALINK&amp;title=TITLE','webride.png','0'),(80,'Wikio','http://www.wikio.com/vote?url=PERMALINK','wikio.png','0'),(81,'Wikio FR','http://www.wikio.fr/vote?url=PERMALINK','wikio.png','0'),(82,'Wikio IT','http://www.wikio.it/vote?url=PERMALINK','wikio.png','0'),(83,'Wists','http://wists.com/s.php?c=&amp;r=PERMALINK&amp;title=TITLE','wists.png','0'),(84,'Wykop','http://www.wykop.pl/dodaj?url=PERMALINK','wykop.png','0'),(85,'Xerpi','http://www.xerpi.com/block/add_link_from_extension?url=PERMALINK&amp;title=TITLE','xerpi.png','0'),(86,'YahooBuzz','http://buzz.yahoo.com/submit/?submitUrl=PERMALINK&amp;submitHeadline=TITLE&amp;submitSummary=EXCERPT&amp;submitCategory=science&amp;submitAssetType=text','yahoobuzz.png','0'),(87,'Yahoo! Bookmarks','http://bookmarks.yahoo.com/toolbar/savebm?u=PERMALINK&amp;t=TITLE&opener=bm&amp;ei=UTF-8&amp;d=EXCERPT','yahoomyweb.png','0'),(88,'Yigg','http://yigg.de/neu?exturl=PERMALINK&amp;exttitle=TITLE','yiggit.png','0'),(89,'Blogplay','http://blogplay.com','blogplay.png','0');

--
-- Table structure for table `idx_plugin`
--

CREATE TABLE `idx_plugin` (
  `plugin_id` int(11) NOT NULL AUTO_INCREMENT,
  `name` varchar(255) DEFAULT NULL,
  `plugin_file` varchar(255) DEFAULT NULL,
  `status` enum('0','1') DEFAULT NULL,
  `option_plugin` text,
  PRIMARY KEY (`plugin_id`)
) ENGINE=MyISAM AUTO_INCREMENT=2 DEFAULT CHARSET=latin1;

--
-- Dumping data for table `idx_plugin`
--

INSERT INTO `idx_plugin` VALUES (1,'Sociable','sociable/sociable.php','1',NULL);

--
-- Table structure for table `idx_review`
--

CREATE TABLE `idx_review` (
  `review_id` mediumint(9) unsigned NOT NULL AUTO_INCREMENT,
  `link_id` mediumint(9) unsigned NOT NULL DEFAULT '0',
  `review` text NOT NULL,
  `rating` tinyint(3) unsigned NOT NULL DEFAULT '0',
  `date` date NOT NULL DEFAULT '0000-00-00',
  `subject` varchar(100) DEFAULT NULL,
  `status` char(1) DEFAULT NULL,
  `username` varchar(20) DEFAULT NULL,
  `name` varchar(20) DEFAULT NULL,
  `email` varchar(100) DEFAULT NULL,
  PRIMARY KEY (`review_id`)
) ENGINE=MyISAM DEFAULT CHARSET=latin1;

--
-- Dumping data for table `idx_review`
--


--
-- Table structure for table `idx_searchlog`
--

CREATE TABLE `idx_searchlog` (
  `keyword` varchar(100) NOT NULL DEFAULT '',
  `time` datetime NOT NULL DEFAULT '0000-00-00 00:00:00',
  `result` mediumint(9) unsigned DEFAULT NULL,
  `ip` varchar(100) DEFAULT NULL
) ENGINE=MyISAM DEFAULT CHARSET=latin1;

--
-- Dumping data for table `idx_searchlog`
--


--
-- Table structure for table `idx_sessions`
--

CREATE TABLE `idx_sessions` (
  `SESSKEY` varchar(32) NOT NULL DEFAULT '',
  `EXPIRY` int(11) unsigned NOT NULL DEFAULT '0',
  `EXPIREREF` varchar(64) DEFAULT NULL,
  `DATA` text NOT NULL,
  PRIMARY KEY (`SESSKEY`)
) ENGINE=MyISAM DEFAULT CHARSET=latin1;

--
-- Dumping data for table `idx_sessions`
--

INSERT INTO `idx_sessions` VALUES ('a3a7a79d6f52e388bf79d5fc725414b4',1330722727,NULL,'indexu_session_username%7CN%3Bindexu_session_location%7Cs%3A1%3A%22%2F%22%3Bindexu_session_ip%7Cs%3A11%3A%22180.76.6.35%22%3B'),('0bd1a6b82de863a031bb5b9ab3bb5dee',1330729075,NULL,'indexu_session_username%7CN%3Bindexu_session_location%7Cs%3A21%3A%22%2Ftag%2Fwholesale-cigars%22%3Bindexu_session_ip%7Cs%3A11%3A%22180.76.5.62%22%3B'),('b36de160bbdd6fc2fe6b645c4d1e8c2f',1330729906,NULL,'indexu_session_username%7CN%3Bindexu_session_location%7Cs%3A1%3A%22%2F%22%3Bindexu_session_ip%7Cs%3A11%3A%22180.76.5.58%22%3B'),('7aba89cffa2b8f6ec0b8f2376b9689c0',1330733124,NULL,'indexu_session_username%7CN%3Bindexu_session_location%7Cs%3A1%3A%22%2F%22%3Bindexu_session_ip%7Cs%3A14%3A%22216.145.14.142%22%3B'),('d041be3934b12dae47127ae7c69de6ca',1330737135,NULL,'indexu_session_username%7CN%3Bindexu_session_location%7Cs%3A1%3A%22%2F%22%3Bindexu_session_ip%7Cs%3A11%3A%22180.76.5.91%22%3B'),('e901b632df6f0841fddd87cc75b09256',1330739682,NULL,'indexu_session_username%7CN%3Bindexu_session_location%7Cs%3A13%3A%22%2Fmanager%2Fhtml%22%3Bindexu_session_ip%7Cs%3A14%3A%22173.203.226.41%22%3B'),('8a18789ded5864411b7bb12351f11639',1330744259,NULL,'indexu_session_username%7CN%3Bindexu_session_location%7Cs%3A1%3A%22%2F%22%3Bindexu_session_ip%7Cs%3A11%3A%22180.76.5.64%22%3B'),('a0f9c5079cf4f903dce5f5da3f13b1d9',1330751609,NULL,'indexu_session_username%7CN%3Bindexu_session_location%7Cs%3A1%3A%22%2F%22%3Bindexu_session_ip%7Cs%3A12%3A%22180.76.6.222%22%3B'),('09b982c02344fbcda761918aca6c75fc',1330758753,NULL,'indexu_session_username%7CN%3Bindexu_session_location%7Cs%3A1%3A%22%2F%22%3Bindexu_session_ip%7Cs%3A11%3A%22180.76.5.60%22%3B'),('af3623f51969dbf6cf8cda78788e7508',1330763655,NULL,'indexu_session_username%7CN%3Bindexu_session_location%7Cs%3A16%3A%22%2Fcommunications%2F%22%3Bindexu_session_ip%7Cs%3A14%3A%2264.120.183.213%22%3B'),('1e6ce1f4973dbb1dc4291f19789dd19d',1330765955,NULL,'indexu_session_username%7CN%3Bindexu_session_location%7Cs%3A1%3A%22%2F%22%3Bindexu_session_ip%7Cs%3A12%3A%22180.76.5.141%22%3B'),('303a0f3e04dd0bc8a2882d3e66120b0c',1330773125,NULL,'indexu_session_username%7CN%3Bindexu_session_location%7Cs%3A1%3A%22%2F%22%3Bindexu_session_ip%7Cs%3A11%3A%22180.76.6.26%22%3B'),('7c5dfb30768fac13ec85fb264cf44a05',1330780400,NULL,'indexu_session_username%7CN%3Bindexu_session_location%7Cs%3A1%3A%22%2F%22%3Bindexu_session_ip%7Cs%3A11%3A%22180.76.5.63%22%3B'),('93b73643c8b88e40d7f28044a7c28053',1330787412,NULL,'indexu_session_username%7CN%3Bindexu_session_location%7Cs%3A1%3A%22%2F%22%3Bindexu_session_ip%7Cs%3A11%3A%22180.76.5.91%22%3B'),('9882a60d4ebb8abd684b9adfb3f911aa',1330794782,NULL,'indexu_session_username%7CN%3Bindexu_session_location%7Cs%3A1%3A%22%2F%22%3Bindexu_session_ip%7Cs%3A12%3A%22180.76.5.175%22%3B'),('ebba89824cf0a492a32922a8f16b0d46',1330801950,NULL,'indexu_session_username%7CN%3Bindexu_session_location%7Cs%3A1%3A%22%2F%22%3Bindexu_session_ip%7Cs%3A12%3A%22180.76.5.168%22%3B'),('ef9a897c8db798420da17112576fd2f1',1330803830,NULL,'indexu_session_username%7CN%3Bindexu_session_location%7Cs%3A1%3A%22%2F%22%3Bindexu_session_ip%7Cs%3A14%3A%22123.125.71.113%22%3B'),('5e84b4f94dd88973a4c4bbb2a65044f5',1330809099,NULL,'indexu_session_username%7CN%3Bindexu_session_location%7Cs%3A1%3A%22%2F%22%3Bindexu_session_ip%7Cs%3A12%3A%22180.76.5.178%22%3B'),('741cd4022ae0036c6edd46da1d7ecb2a',1330810431,NULL,'indexu_session_username%7CN%3Bindexu_session_location%7Cs%3A1%3A%22%2F%22%3Bindexu_session_ip%7Cs%3A12%3A%2223.20.131.67%22%3B'),('ed9293eaabc59b6501aafb3133dacc40',1330816295,NULL,'indexu_session_username%7CN%3Bindexu_session_location%7Cs%3A1%3A%22%2F%22%3Bindexu_session_ip%7Cs%3A11%3A%22180.76.5.66%22%3B'),('6cb0d78685739774cc90e14b0f5c6ada',1330822095,NULL,'indexu_session_username%7CN%3Bindexu_session_location%7Cs%3A35%3A%22%2Fuser_search.php%3Fpflag%3Dsearch%26ltr%3DA%22%3Bindexu_session_ip%7Cs%3A14%3A%22208.115.111.67%22%3B'),('b1d0c3ac5ac2c73b805444706798f8b2',1330823549,NULL,'indexu_session_username%7CN%3Bindexu_session_location%7Cs%3A1%3A%22%2F%22%3Bindexu_session_ip%7Cs%3A11%3A%22180.76.6.29%22%3B'),('9f437e10ff2277478e7beea97eda9b58',1330826263,NULL,'indexu_session_username%7CN%3Bindexu_session_location%7Cs%3A18%3A%22%2Ftag%2Fcigar-cutters%22%3Bindexu_session_ip%7Cs%3A12%3A%22180.76.5.178%22%3B'),('e288495a9457f9a38134f39492a94e67',1330830650,NULL,'indexu_session_username%7CN%3Bindexu_session_location%7Cs%3A1%3A%22%2F%22%3Bindexu_session_ip%7Cs%3A11%3A%22180.76.5.52%22%3B'),('da99775b31b4e52bddc208e39570158e',1330832279,NULL,'indexu_session_username%7CN%3Bindexu_session_location%7Cs%3A35%3A%22%2Fuser_search.php%3Fpflag%3Dsearch%26ltr%3DC%22%3Bindexu_session_ip%7Cs%3A14%3A%22208.115.111.67%22%3B'),('419fbe818b77cbf3f8ac35a64db35c47',1330837978,NULL,'indexu_session_username%7CN%3Bindexu_session_location%7Cs%3A1%3A%22%2F%22%3Bindexu_session_ip%7Cs%3A11%3A%22180.76.5.64%22%3B'),('113485951d9269ba99eed3d936e3f7e1',1330841505,NULL,'indexu_session_username%7CN%3Bindexu_session_location%7Cs%3A10%3A%22%2Fbusiness%2F%22%3Bindexu_session_ip%7Cs%3A14%3A%2264.120.183.213%22%3B'),('571692e21f691f4912223bddf75e951c',1330843314,NULL,'indexu_session_username%7CN%3Bindexu_session_location%7Cs%3A1%3A%22%2F%22%3Bindexu_session_ip%7Cs%3A11%3A%22180.76.6.21%22%3B'),('818f64c36352c411e46188dd6b0ea6d4',1330852327,NULL,'indexu_session_username%7CN%3Bindexu_session_location%7Cs%3A1%3A%22%2F%22%3Bindexu_session_ip%7Cs%3A11%3A%22180.76.5.90%22%3B'),('7a4b1a9e15c0652b6b433024894a9800',1330853207,NULL,'indexu_session_username%7CN%3Bindexu_session_location%7Cs%3A1%3A%22%2F%22%3Bindexu_session_ip%7Cs%3A12%3A%22180.76.5.171%22%3B'),('ae65dfad5623333a1dc6535a29c9269a',1330859496,NULL,'indexu_session_username%7CN%3Bindexu_session_location%7Cs%3A1%3A%22%2F%22%3Bindexu_session_ip%7Cs%3A12%3A%22180.76.5.139%22%3B'),('7f61ea260549b5a5b8700f9a6afffa0a',1330866825,NULL,'indexu_session_username%7CN%3Bindexu_session_location%7Cs%3A1%3A%22%2F%22%3Bindexu_session_ip%7Cs%3A12%3A%22180.76.6.231%22%3B'),('e243bd5f63a4d880ab8ab62c141f5e9d',1330872105,NULL,'indexu_session_username%7CN%3Bindexu_session_location%7Cs%3A1%3A%22%2F%22%3Bindexu_session_ip%7Cs%3A11%3A%22180.76.5.67%22%3B'),('f6f74e207268478d7d738bee8cb7d09f',1330876323,NULL,'indexu_session_username%7CN%3Bindexu_session_location%7Cs%3A35%3A%22%2Fuser_search.php%3Fpflag%3Dsearch%26ltr%3DY%22%3Bindexu_session_ip%7Cs%3A14%3A%22208.115.111.67%22%3B'),('029bfa65b629c50b85b7bc535b93b12a',1330881174,NULL,'indexu_session_username%7CN%3Bindexu_session_location%7Cs%3A1%3A%22%2F%22%3Bindexu_session_ip%7Cs%3A11%3A%22180.76.5.91%22%3B'),('b53a0c49455623de89b80343e7d2b450',1330883796,NULL,'indexu_session_username%7CN%3Bindexu_session_location%7Cs%3A1%3A%22%2F%22%3Bindexu_session_ip%7Cs%3A13%3A%22123.125.71.95%22%3B'),('a8f154b6ef0a54a6f4c96aba1e169cd1',1330885411,NULL,'indexu_session_username%7CN%3Bindexu_session_location%7Cs%3A1%3A%22%2F%22%3Bindexu_session_ip%7Cs%3A12%3A%2266.226.77.39%22%3B'),('f64bbd5ed7d4072ed7c0aed0b04f6bff',1330885411,NULL,'indexu_session_username%7CN%3Bindexu_session_location%7Cs%3A17%3A%22%2Fdental-services%2F%22%3Bindexu_session_ip%7Cs%3A12%3A%2266.226.77.39%22%3B'),('65e17a65edaa914fd06832429d46b9af',1330885411,NULL,'indexu_session_username%7CN%3Bindexu_session_location%7Cs%3A19%3A%22%2Fhardware-software%2F%22%3Bindexu_session_ip%7Cs%3A12%3A%2266.226.77.39%22%3B'),('6f0580744dfc40c29a1bac0dbf579a64',1330885412,NULL,'indexu_session_username%7CN%3Bindexu_session_location%7Cs%3A20%3A%22%2Fhome-garden-making%2F%22%3Bindexu_session_ip%7Cs%3A12%3A%2266.226.77.39%22%3B'),('149eacd01afd36ba52e5423b874c2173',1330885412,NULL,'indexu_session_username%7CN%3Bindexu_session_location%7Cs%3A17%3A%22%2Fpower_search.php%22%3Bindexu_session_ip%7Cs%3A12%3A%2266.226.77.39%22%3B'),('6eb287da515ad2401814144b5e8bce10',1330885413,NULL,'indexu_session_username%7CN%3Bindexu_session_location%7Cs%3A13%3A%22%2Ftravel-tour%2F%22%3Bindexu_session_ip%7Cs%3A12%3A%2266.226.77.39%22%3B'),('bd0f376859a3b31e06963c985a3808e9',1330888308,NULL,'indexu_session_username%7CN%3Bindexu_session_location%7Cs%3A1%3A%22%2F%22%3Bindexu_session_ip%7Cs%3A12%3A%22180.76.5.154%22%3B'),('6e9ea7580091ca875f912bcdcba88fe3',1330893735,NULL,'indexu_session_username%7CN%3Bindexu_session_location%7Cs%3A1%3A%22%2F%22%3Bindexu_session_ip%7Cs%3A11%3A%22180.76.5.66%22%3B'),('e17ca6b1396b240f827162e0e493e8a4',1330902725,NULL,'indexu_session_username%7CN%3Bindexu_session_location%7Cs%3A1%3A%22%2F%22%3Bindexu_session_ip%7Cs%3A12%3A%22180.76.5.146%22%3B'),('068359c3dbd556f5c2e18efb44266d9e',1330908099,NULL,'indexu_session_username%7CN%3Bindexu_session_location%7Cs%3A1%3A%22%2F%22%3Bindexu_session_ip%7Cs%3A12%3A%22180.76.6.224%22%3B'),('d871b1c5a9a97528f2a97769054edf6a',1330917066,NULL,'indexu_session_username%7CN%3Bindexu_session_location%7Cs%3A1%3A%22%2F%22%3Bindexu_session_ip%7Cs%3A12%3A%22180.76.5.139%22%3B'),('5445f6c16eaee93f2d4fd50dafc08448',1330924388,NULL,'indexu_session_username%7CN%3Bindexu_session_location%7Cs%3A1%3A%22%2F%22%3Bindexu_session_ip%7Cs%3A11%3A%22180.76.5.64%22%3B'),('fcf3aa6d3d1f4b4d12e8a4a5b74b78c3',1330931538,NULL,'indexu_session_username%7CN%3Bindexu_session_location%7Cs%3A1%3A%22%2F%22%3Bindexu_session_ip%7Cs%3A12%3A%22180.76.6.211%22%3B'),('9f860cf2ef4d998ba006fee2b93f0e42',1330936939,NULL,'indexu_session_username%7CN%3Bindexu_session_location%7Cs%3A1%3A%22%2F%22%3Bindexu_session_ip%7Cs%3A12%3A%22180.76.5.171%22%3B'),('4eb6fd4670da2a4a0a89265f506a6aa7',1330945878,NULL,'indexu_session_username%7CN%3Bindexu_session_location%7Cs%3A1%3A%22%2F%22%3Bindexu_session_ip%7Cs%3A11%3A%22180.76.5.97%22%3B'),('1361cf2fa1da6fb6ea7e3012a50e6400',1330953156,NULL,'indexu_session_username%7CN%3Bindexu_session_location%7Cs%3A1%3A%22%2F%22%3Bindexu_session_ip%7Cs%3A12%3A%22180.76.6.223%22%3B'),('2c1f58896c1b022e645092a62c9a1f57',1330958264,NULL,'indexu_session_username%7CN%3Bindexu_session_location%7Cs%3A35%3A%22%2Ffckeditor%2Feditor%2Fimages%2Fanchor.gif%22%3Bindexu_session_ip%7Cs%3A11%3A%2291.207.4.74%22%3B'),('f6f5d3709b42770145d8faf4c5419b33',1330960211,NULL,'indexu_session_username%7CN%3Bindexu_session_location%7Cs%3A1%3A%22%2F%22%3Bindexu_session_ip%7Cs%3A12%3A%22180.76.5.167%22%3B'),('cbdd66713a34e6ea6a17770532460ff7',1330967550,NULL,'indexu_session_username%7CN%3Bindexu_session_location%7Cs%3A1%3A%22%2F%22%3Bindexu_session_ip%7Cs%3A12%3A%22180.76.5.189%22%3B'),('feda0f61d09d547db3caa013032c57ee',1330968880,NULL,'indexu_session_username%7CN%3Bindexu_session_location%7Cs%3A12%3A%22%2Ffavicon.ico%22%3Bindexu_session_ip%7Cs%3A15%3A%22119.154.217.172%22%3B'),('4af87f2caee63299f04e58aed1be031f',1330968880,NULL,'indexu_session_username%7CN%3Bindexu_session_location%7Cs%3A10%3A%22%2Findex.gif%22%3Bindexu_session_ip%7Cs%3A15%3A%22119.154.217.172%22%3B'),('16589c10870a4d8245bd9e99556b8e90',1330974735,NULL,'indexu_session_username%7CN%3Bindexu_session_location%7Cs%3A1%3A%22%2F%22%3Bindexu_session_ip%7Cs%3A11%3A%22180.76.5.91%22%3B'),('ac555acd6b0018ca6a35e1bfe4b15862',1330975573,NULL,'indexu_session_username%7CN%3Bindexu_session_location%7Cs%3A434%3A%22%2Fpower_search.php%3Fpflag%3Dsearch%26title%3DKvzKONJFWZVWVTvR%26url%3Dhttp%253A%252F%252Fzhoqudtbuteu.com%252F%26description%3DWN1mnk%2B%2B%253Ca%2Bhref%253D%2522http%253A%252F%252Fqwbmznjtphrn.com%252F%2522%253Eqwbmznjtphrn%253C%252Fa%253E%252C%2B%255Burl%253Dhttp%253A%252F%252Fqgqccrvcyjfj.com%252F%255Dqgqccrvcyjfj%255B%252Furl%255D%252C%2B%255Blink%253Dhttp%253A%252F%252Filxppbnhhwto.com%252F%255Dilxppbnhhwto%255B%252Flink%255D%252C%2Bhttp%253A%252F%252Fwdxmdqefsrsl.com%252F%26cat%3D26%26contact_name%3Dxosklh%2540dsbnwb.com%26email%3Dxosklh%2540dsbnwb.com%22%3Bindexu_session_ip%7Cs%3A13%3A%22109.111.184.1%22%3B'),('deae4eb2e8b567707cc31d2090d6e622',1330975579,NULL,'indexu_session_username%7CN%3Bindexu_session_location%7Cs%3A21%3A%22%2Fsuggest_category.php%22%3Bindexu_session_ip%7Cs%3A13%3A%22109.111.184.1%22%3Bcaptcha_key%7Cs%3A4%3A%225847%22%3B'),('66078af667c1436e16d50319893a8e21',1330977262,NULL,'indexu_session_username%7CN%3Bindexu_session_location%7Cs%3A28%3A%22%2Fthemes%2F_alphabiz%2Flayout.css%22%3Bindexu_session_ip%7Cs%3A14%3A%22173.212.140.21%22%3B'),('125da04786a9415d62973006f8dbc559',1330981891,NULL,'indexu_session_username%7CN%3Bindexu_session_location%7Cs%3A1%3A%22%2F%22%3Bindexu_session_ip%7Cs%3A11%3A%22180.76.5.91%22%3B'),('93569d19749a781181bfabc4c70caab4',1330982719,NULL,'indexu_session_username%7CN%3Bindexu_session_location%7Cs%3A10%3A%22%2Findex.gif%22%3Bindexu_session_ip%7Cs%3A13%3A%2259.103.206.33%22%3B'),('a91ac5c0072a57adf6b4790d80599afe',1330982773,NULL,'indexu_session_username%7CN%3Bindexu_session_location%7Cs%3A12%3A%22%2Ffavicon.ico%22%3Bindexu_session_ip%7Cs%3A13%3A%2259.103.206.33%22%3B'),('f5742de2e81be9115c7be50115088d0d',1330983416,NULL,'indexu_session_username%7CN%3Bindexu_session_location%7Cs%3A1%3A%22%2F%22%3Bindexu_session_ip%7Cs%3A12%3A%22113.142.9.95%22%3B'),('cccfad8df414b70e24b1f6047991a527',1330983420,NULL,'indexu_session_username%7CN%3Bindexu_session_location%7Cs%3A37%3A%22%2Fthemes%2F_alphabiz%2Fcalendar-system.css%22%3Bindexu_session_ip%7Cs%3A12%3A%22113.142.9.95%22%3B'),('e60860c6854350ecf8eafa91ff2a502a',1330983421,NULL,'indexu_session_username%7CN%3Bindexu_session_location%7Cs%3A28%3A%22%2Fthemes%2F_alphabiz%2Flayout.css%22%3Bindexu_session_ip%7Cs%3A12%3A%22113.142.9.95%22%3B'),('71e6a061b5464deacdb687859a5a6f2d',1330987301,NULL,'indexu_session_username%7CN%3Bindexu_session_location%7Cs%3A1%3A%22%2F%22%3Bindexu_session_ip%7Cs%3A12%3A%22180.76.6.213%22%3B'),('7ddb98c74dfa60638fed32b2d70f93a1',1330990714,NULL,'indexu_session_username%7CN%3Bindexu_session_location%7Cs%3A10%3A%22%2Findex.gif%22%3Bindexu_session_ip%7Cs%3A15%3A%22122.161.254.199%22%3B'),('1773b210afd444295c02039eb3fdad44',1330990714,NULL,'indexu_session_username%7CN%3Bindexu_session_location%7Cs%3A12%3A%22%2Ffavicon.ico%22%3Bindexu_session_ip%7Cs%3A15%3A%22122.161.254.199%22%3B'),('8e30be4f0b034b947d920ff424649a7c',1330991546,NULL,'indexu_session_username%7CN%3Bindexu_session_location%7Cs%3A35%3A%22%2Fuser_search.php%3Fpflag%3Dsearch%26ltr%3DW%22%3Bindexu_session_ip%7Cs%3A14%3A%22208.115.111.67%22%3B'),('4f61dcae870ca28153d6cad1acbf840f',1330996334,NULL,'indexu_session_username%7CN%3Bindexu_session_location%7Cs%3A1%3A%22%2F%22%3Bindexu_session_ip%7Cs%3A12%3A%22180.76.5.195%22%3B'),('feefafda89f971a142bc880845de9d88',1330996861,NULL,'indexu_session_username%7CN%3Bindexu_session_location%7Cs%3A35%3A%22%2Ffckeditor%2Feditor%2Fimages%2Fanchor.gif%22%3Bindexu_session_ip%7Cs%3A14%3A%22188.138.114.72%22%3B'),('ca7571ac600edfe9f2ce545055bd0b8b',1331000861,NULL,'indexu_session_username%7CN%3Bindexu_session_location%7Cs%3A6%3A%22%2Ftags%2F%22%3Bindexu_session_ip%7Cs%3A13%3A%22157.55.17.147%22%3B'),('cc61e7b55e2fc2cc9accb3ae4c2f98dc',1331001746,NULL,'indexu_session_username%7CN%3Bindexu_session_location%7Cs%3A1%3A%22%2F%22%3Bindexu_session_ip%7Cs%3A12%3A%22180.76.5.160%22%3B'),('53cd7abd9acfa615dc0d03bfc5664241',1331006679,NULL,'indexu_session_username%7CN%3Bindexu_session_location%7Cs%3A12%3A%22%2Ffavicon.ico%22%3Bindexu_session_ip%7Cs%3A15%3A%22183.103.138.232%22%3B'),('09880886dd93adca73dbe38cf1329876',1331006679,NULL,'indexu_session_username%7CN%3Bindexu_session_location%7Cs%3A10%3A%22%2Findex.gif%22%3Bindexu_session_ip%7Cs%3A15%3A%22183.103.138.232%22%3B'),('98f1e35efbc6ec0cfae1969bf60ee4f9',1331010788,NULL,'indexu_session_username%7CN%3Bindexu_session_location%7Cs%3A1%3A%22%2F%22%3Bindexu_session_ip%7Cs%3A11%3A%22180.76.5.51%22%3B'),('3dba522363610a3f3e9893fc780538f2',1331017897,NULL,'indexu_session_username%7CN%3Bindexu_session_location%7Cs%3A1%3A%22%2F%22%3Bindexu_session_ip%7Cs%3A12%3A%22180.76.5.141%22%3B'),('e9a1498a489186de7baabd3df400ce5b',1331023294,NULL,'indexu_session_username%7CN%3Bindexu_session_location%7Cs%3A34%3A%22%2Ftag%2Fworkers-comp-lawyer-mt-laurel%22%3Bindexu_session_ip%7Cs%3A12%3A%22180.76.5.161%22%3B'),('f02527337ea2e209505ac36b2490765c',1331025119,NULL,'indexu_session_username%7CN%3Bindexu_session_location%7Cs%3A1%3A%22%2F%22%3Bindexu_session_ip%7Cs%3A11%3A%22180.76.5.49%22%3B'),('c028bb441962b401546a26eb49e85209',1331032316,NULL,'indexu_session_username%7CN%3Bindexu_session_location%7Cs%3A1%3A%22%2F%22%3Bindexu_session_ip%7Cs%3A11%3A%22180.76.5.89%22%3B'),('a402614af7f75974a556ed149b15f751',1331039591,NULL,'indexu_session_username%7CN%3Bindexu_session_location%7Cs%3A1%3A%22%2F%22%3Bindexu_session_ip%7Cs%3A12%3A%22180.76.5.168%22%3B'),('8067d1e759f61ef499e1188e1c449412',1331041277,NULL,'indexu_session_username%7CN%3Bindexu_session_location%7Cs%3A1%3A%22%2F%22%3Bindexu_session_ip%7Cs%3A11%3A%2250.16.4.106%22%3B'),('2d8199ffea95e4be1084c4af2610e995',1331041285,NULL,'indexu_session_username%7CN%3Bindexu_session_location%7Cs%3A1%3A%22%2F%22%3Bindexu_session_ip%7Cs%3A13%3A%2275.101.249.84%22%3B'),('fb97fd5dedb531d7e9904bb536944d8b',1331041285,NULL,'indexu_session_username%7CN%3Bindexu_session_location%7Cs%3A1%3A%22%2F%22%3Bindexu_session_ip%7Cs%3A11%3A%2250.16.4.106%22%3B'),('c120fde87d580974ee55f75a01b710c2',1331041285,NULL,'indexu_session_username%7CN%3Bindexu_session_location%7Cs%3A1%3A%22%2F%22%3Bindexu_session_ip%7Cs%3A11%3A%2250.16.4.106%22%3B'),('6011346af71c4e77401949bef2284533',1331041285,NULL,'indexu_session_username%7CN%3Bindexu_session_location%7Cs%3A1%3A%22%2F%22%3Bindexu_session_ip%7Cs%3A13%3A%2275.101.221.60%22%3B'),('1fdc431b5cbedcf22a4b5712e50b9cc8',1331041285,NULL,'indexu_session_username%7CN%3Bindexu_session_location%7Cs%3A1%3A%22%2F%22%3Bindexu_session_ip%7Cs%3A13%3A%22107.20.28.147%22%3B'),('e75737eeaf4b2fb170f24d5124aacda8',1331041285,NULL,'indexu_session_username%7CN%3Bindexu_session_location%7Cs%3A1%3A%22%2F%22%3Bindexu_session_ip%7Cs%3A13%3A%2275.101.221.60%22%3B'),('897cb3ca42eef391d5a149d458b81840',1331046581,NULL,'indexu_session_username%7CN%3Bindexu_session_location%7Cs%3A1%3A%22%2F%22%3Bindexu_session_ip%7Cs%3A12%3A%22180.76.5.149%22%3B'),('52662442d79bd169046d0d5ee7395a95',1331049588,NULL,'indexu_session_username%7CN%3Bindexu_session_location%7Cs%3A19%3A%22%2Flawyers-attorneys%2F%22%3Bindexu_session_ip%7Cs%3A14%3A%2264.120.183.213%22%3B'),('28adb6f971a81281fd4db8da247c3f0d',1331050189,NULL,'indexu_session_username%7CN%3Bindexu_session_location%7Cs%3A12%3A%22%2Ffavicon.ico%22%3Bindexu_session_ip%7Cs%3A13%3A%22182.182.42.27%22%3B'),('c0bafb26ff6becf3ec30320af3fd4456',1331050189,NULL,'indexu_session_username%7CN%3Bindexu_session_location%7Cs%3A10%3A%22%2Findex.gif%22%3Bindexu_session_ip%7Cs%3A13%3A%22182.182.42.27%22%3B'),('68db1d56ea92f8f59cfe7ea6bd17ebe3',1331053967,NULL,'indexu_session_username%7CN%3Bindexu_session_location%7Cs%3A1%3A%22%2F%22%3Bindexu_session_ip%7Cs%3A11%3A%22180.76.5.97%22%3B'),('d91b02e8394d3045b66839f8ad4f56a1',1331055576,NULL,'indexu_session_username%7CN%3Bindexu_session_location%7Cs%3A12%3A%22%2Ffavicon.ico%22%3Bindexu_session_ip%7Cs%3A14%3A%22110.35.137.223%22%3B'),('ab9260ff025b5bd7b4c69624defc3ed9',1331055576,NULL,'indexu_session_username%7CN%3Bindexu_session_location%7Cs%3A10%3A%22%2Findex.gif%22%3Bindexu_session_ip%7Cs%3A14%3A%22110.35.137.223%22%3B'),('452ff7a08c4701ead0158847522f86ce',1331061137,NULL,'indexu_session_username%7CN%3Bindexu_session_location%7Cs%3A1%3A%22%2F%22%3Bindexu_session_ip%7Cs%3A11%3A%22180.76.5.93%22%3B'),('570cd2a5cf0eefe93fdb9b40a08b90c4',1331062896,NULL,'indexu_session_username%7CN%3Bindexu_session_location%7Cs%3A12%3A%22%2Ffavicon.ico%22%3Bindexu_session_ip%7Cs%3A15%3A%22119.154.216.172%22%3B'),('ad26b6ef30041d2d052e5924a2b9d6d7',1331062932,NULL,'indexu_session_username%7CN%3Bindexu_session_location%7Cs%3A12%3A%22%2Ffavicon.ico%22%3Bindexu_session_ip%7Cs%3A15%3A%22119.154.216.172%22%3B'),('1501e849349effb452a7b4212be232d6',1331064411,NULL,'indexu_session_username%7CN%3Bindexu_session_location%7Cs%3A5%3A%22%2F%255C%2F%22%3Bindexu_session_ip%7Cs%3A12%3A%22113.142.8.83%22%3B'),('c79a2a8fc947d2b0889f42b3624c8207',1331068280,NULL,'indexu_session_username%7CN%3Bindexu_session_location%7Cs%3A1%3A%22%2F%22%3Bindexu_session_ip%7Cs%3A12%3A%22180.76.5.197%22%3B'),('51602ac5b4152b1f9c3044f95c60ddc3',1331070850,NULL,'indexu_session_username%7CN%3Bindexu_session_location%7Cs%3A12%3A%22%2Ffavicon.ico%22%3Bindexu_session_ip%7Cs%3A14%3A%22119.154.185.35%22%3B'),('e12d70c052768ff5ce73f1d65a741d81',1331070842,NULL,'indexu_session_username%7CN%3Bindexu_session_location%7Cs%3A37%3A%22%2Fthemes%2F_alphabiz%2Fcalendar-system.css%22%3Bindexu_session_ip%7Cs%3A14%3A%22119.154.185.35%22%3B'),('0a63e049edb6efdbe3a06e8dfa443234',1331070844,NULL,'indexu_session_username%7CN%3Bindexu_session_location%7Cs%3A40%3A%22%2Fthemes%2F_alphabiz%2Fimg%2Ficons%2Fexternal.png%22%3Bindexu_session_ip%7Cs%3A14%3A%22119.154.185.35%22%3B'),('f6b98a0604820e80bccc3922d9c27d1b',1331075469,NULL,'indexu_session_username%7CN%3Bindexu_session_location%7Cs%3A1%3A%22%2F%22%3Bindexu_session_ip%7Cs%3A12%3A%22180.76.6.211%22%3B'),('55ccfd2448984a6df8e9e18f8ebd9eaf',1331082760,NULL,'indexu_session_username%7CN%3Bindexu_session_location%7Cs%3A1%3A%22%2F%22%3Bindexu_session_ip%7Cs%3A11%3A%22180.76.5.89%22%3B'),('5a86bfa4e517c65a8958540333bed16a',1331089857,NULL,'indexu_session_username%7CN%3Bindexu_session_location%7Cs%3A1%3A%22%2F%22%3Bindexu_session_ip%7Cs%3A12%3A%22180.76.5.110%22%3B'),('26a66e3c315cdc07ea351b2e8ddebad9',1331095304,NULL,'indexu_session_username%7CN%3Bindexu_session_location%7Cs%3A1%3A%22%2F%22%3Bindexu_session_ip%7Cs%3A12%3A%22180.76.6.231%22%3B'),('6d5bd85702611194c7cd9bdfc9cf2c4d',1331095368,NULL,'indexu_session_username%7CN%3Bindexu_session_location%7Cs%3A10%3A%22%2Findex.gif%22%3Bindexu_session_ip%7Cs%3A15%3A%22183.103.138.232%22%3B'),('e578227cd2ed9ce1d0476ec4ec4b58e6',1331095368,NULL,'indexu_session_username%7CN%3Bindexu_session_location%7Cs%3A12%3A%22%2Ffavicon.ico%22%3Bindexu_session_ip%7Cs%3A15%3A%22183.103.138.232%22%3B'),('e8510654c405c0c8bf751be37e20715a',1331097133,NULL,'indexu_session_username%7CN%3Bindexu_session_location%7Cs%3A1%3A%22%2F%22%3Bindexu_session_ip%7Cs%3A11%3A%22180.76.5.99%22%3B'),('304ce4067ad101c3ff9f415df3cedf6a',1331097435,NULL,'indexu_session_username%7CN%3Bindexu_session_location%7Cs%3A36%3A%22%2Ftag%2Fworkers-compensation-new-jersey%22%3Bindexu_session_ip%7Cs%3A11%3A%22180.76.5.59%22%3B'),('d9e8968d0e12cc13a28deba76389d21f',1331101354,NULL,'indexu_session_username%7CN%3Bindexu_session_location%7Cs%3A1%3A%22%2F%22%3Bindexu_session_ip%7Cs%3A12%3A%2266.226.77.39%22%3B'),('df38cb43e30180808e81885d7572d00c',1331101355,NULL,'indexu_session_username%7CN%3Bindexu_session_location%7Cs%3A12%3A%22%2Fhealthcare%2F%22%3Bindexu_session_ip%7Cs%3A12%3A%2266.226.77.39%22%3B'),('b516f4ecdeea5822fbe56bf0d5b06e6f',1331101355,NULL,'indexu_session_username%7CN%3Bindexu_session_location%7Cs%3A19%3A%22%2Flifestyle-society%2F%22%3Bindexu_session_ip%7Cs%3A12%3A%2266.226.77.39%22%3B'),('7c46db534cb0a65757703bb14cd133d1',1331101355,NULL,'indexu_session_username%7CN%3Bindexu_session_location%7Cs%3A18%3A%22%2Fmedicine-surgery%2F%22%3Bindexu_session_ip%7Cs%3A12%3A%2266.226.77.39%22%3B'),('439d114998b64b1bb608588e9bec822a',1331101356,NULL,'indexu_session_username%7CN%3Bindexu_session_location%7Cs%3A17%3A%22%2Fpower_search.php%22%3Bindexu_session_ip%7Cs%3A12%3A%2266.226.77.39%22%3B'),('f83c093dbede7be2d03c4b8b5e9d4f88',1331101356,NULL,'indexu_session_username%7CN%3Bindexu_session_location%7Cs%3A25%3A%22%2Ftransportation-services%2F%22%3Bindexu_session_ip%7Cs%3A12%3A%2266.226.77.39%22%3B'),('aecaede657f8afd706f06b16ce472933',1331104322,NULL,'indexu_session_username%7CN%3Bindexu_session_location%7Cs%3A1%3A%22%2F%22%3Bindexu_session_ip%7Cs%3A11%3A%22180.76.5.88%22%3B'),('023015e75666457f98e9b7e6622e7195',1331107863,NULL,'indexu_session_username%7CN%3Bindexu_session_location%7Cs%3A10%3A%22%2Findex.gif%22%3Bindexu_session_ip%7Cs%3A13%3A%22111.94.94.223%22%3B'),('19c6aa0db27281eddf0fa3be80978386',1331107929,NULL,'indexu_session_username%7CN%3Bindexu_session_location%7Cs%3A10%3A%22%2Findex.gif%22%3Bindexu_session_ip%7Cs%3A13%3A%22111.94.94.223%22%3B'),('06633cb92d1d1ba3cdd8b8299059f699',1331108020,NULL,'indexu_session_username%7CN%3Bindexu_session_location%7Cs%3A36%3A%22%2Ftag%2Fcar-accident-lawyer-cherry-hill%22%3Bindexu_session_ip%7Cs%3A11%3A%22180.76.5.53%22%3B'),('7bf11331e35c09e9739596474ede6061',1331108039,NULL,'indexu_session_username%7CN%3Bindexu_session_location%7Cs%3A10%3A%22%2Findex.php%22%3Bindexu_session_ip%7Cs%3A14%3A%22109.123.85.223%22%3B'),('d3e3b1ea9a5db93357c907045515622a',1331108042,NULL,'indexu_session_username%7CN%3Bindexu_session_location%7Cs%3A18%3A%22Administrator%20Area%22%3Bindexu_session_ip%7Cs%3A14%3A%22109.123.85.223%22%3B'),('c692f3e7a2172045059e1a4911953376',1331108042,NULL,'indexu_session_username%7CN%3Bindexu_session_location%7Cs%3A18%3A%22Administrator%20Area%22%3Bindexu_session_ip%7Cs%3A14%3A%22109.123.85.223%22%3B'),('4040e7e6c8b64782ed6a7de21ab24af2',1331108042,NULL,'indexu_session_username%7CN%3Bindexu_session_location%7Cs%3A13%3A%22%2Fdb%2Findex.php%22%3Bindexu_session_ip%7Cs%3A14%3A%22109.123.85.223%22%3B'),('6060e9488f907b180fefb515bdf39df2',1331108042,NULL,'indexu_session_username%7CN%3Bindexu_session_location%7Cs%3A18%3A%22%2Fdbadmin%2Findex.php%22%3Bindexu_session_ip%7Cs%3A14%3A%22109.123.85.223%22%3B'),('eabf0b1a3e3c19711516779357489dc7',1331108043,NULL,'indexu_session_username%7CN%3Bindexu_session_location%7Cs%3A18%3A%22%2Fmyadmin%2Findex.php%22%3Bindexu_session_ip%7Cs%3A14%3A%22109.123.85.223%22%3B'),('e8dfff346bd04a1eac725aaa4476b82d',1331108043,NULL,'indexu_session_username%7CN%3Bindexu_session_location%7Cs%3A16%3A%22%2Fmysql%2Findex.php%22%3Bindexu_session_ip%7Cs%3A14%3A%22109.123.85.223%22%3B'),('4ea3e17cf552dbdd9d9a5604dafa6bf2',1331111488,NULL,'indexu_session_username%7CN%3Bindexu_session_location%7Cs%3A1%3A%22%2F%22%3Bindexu_session_ip%7Cs%3A12%3A%22180.76.5.150%22%3B'),('81238dc9c95df9a6a579cd1ca20f3beb',1331113508,NULL,'indexu_session_username%7CN%3Bindexu_session_location%7Cs%3A1%3A%22%2F%22%3Bindexu_session_ip%7Cs%3A12%3A%2250.19.58.173%22%3B'),('5f45311c44bbd8d5595ee92cad7de8d8',1331118688,NULL,'indexu_session_username%7CN%3Bindexu_session_location%7Cs%3A1%3A%22%2F%22%3Bindexu_session_ip%7Cs%3A12%3A%22180.76.5.186%22%3B'),('6099252bfdbecc5e0c8abef0e0100e4b',1331120517,NULL,'indexu_session_username%7CN%3Bindexu_session_location%7Cs%3A1%3A%22%2F%22%3Bindexu_session_ip%7Cs%3A13%3A%22222.186.26.41%22%3B'),('a1900c9274ad96a3c0d740db31049891',1331120623,NULL,'indexu_session_username%7CN%3Bindexu_session_location%7Cs%3A1%3A%22%2F%22%3Bindexu_session_ip%7Cs%3A13%3A%22222.186.26.41%22%3B'),('e07d2ea1564a3a40f9288c10737fbd96',1331120643,NULL,'indexu_session_username%7CN%3Bindexu_session_location%7Cs%3A12%3A%22%2Fautomotive%2F%22%3Bindexu_session_ip%7Cs%3A13%3A%22222.186.26.41%22%3B'),('2a9ac5fa905dbfdd39fef03ac5212452',1331120645,NULL,'indexu_session_username%7CN%3Bindexu_session_location%7Cs%3A20%3A%22%2Farts-entertainment%2F%22%3Bindexu_session_ip%7Cs%3A13%3A%22222.186.26.41%22%3B'),('469d73f54c1dfe0329f67ea85343b409',1331125993,NULL,'indexu_session_username%7CN%3Bindexu_session_location%7Cs%3A1%3A%22%2F%22%3Bindexu_session_ip%7Cs%3A12%3A%22180.76.5.194%22%3B'),('86a20fe572b70f86d2873d230ecd5778',1331128054,NULL,'indexu_session_username%7CN%3Bindexu_session_location%7Cs%3A12%3A%22%2Ffavicon.ico%22%3Bindexu_session_ip%7Cs%3A13%3A%22182.182.84.30%22%3B'),('859c98da23eb53dc736685d5b8519b27',1331128055,NULL,'indexu_session_username%7CN%3Bindexu_session_location%7Cs%3A10%3A%22%2Findex.gif%22%3Bindexu_session_ip%7Cs%3A13%3A%22182.182.84.30%22%3B'),('e286c525f00182d1ef7f692bf92d3c6e',1331129415,NULL,'indexu_session_username%7CN%3Bindexu_session_location%7Cs%3A31%3A%22%2Fdetail%2F4%2Fcocktail-ottoman.html%22%3Bindexu_session_ip%7Cs%3A11%3A%22180.76.5.95%22%3B'),('f632b969cb8bf1b0f134e0f7aa29b3f9',1331129648,NULL,'indexu_session_username%7CN%3Bindexu_session_location%7Cs%3A20%3A%22%2Ftag%2Fworkers-comp-nj%22%3Bindexu_session_ip%7Cs%3A12%3A%22180.76.5.144%22%3B'),('2b3e3de99ba4a89336d5d58a59076493',1331132998,NULL,'indexu_session_username%7CN%3Bindexu_session_location%7Cs%3A1%3A%22%2F%22%3Bindexu_session_ip%7Cs%3A11%3A%22180.76.5.51%22%3B'),('b40318b8618c2c876b078eb16c718126',1331134358,NULL,'indexu_session_username%7CN%3Bindexu_session_location%7Cs%3A1%3A%22%2F%22%3Bindexu_session_ip%7Cs%3A13%3A%2281.84.189.159%22%3B'),('d585d44e32c6773bd5375a10281ca3ef',1331137299,NULL,'indexu_session_username%7CN%3Bindexu_session_location%7Cs%3A10%3A%22%2Findex.gif%22%3Bindexu_session_ip%7Cs%3A13%3A%22182.182.75.68%22%3B'),('dfd2b50ec38595e5c5c16368356cea42',1331137299,NULL,'indexu_session_username%7CN%3Bindexu_session_location%7Cs%3A12%3A%22%2Ffavicon.ico%22%3Bindexu_session_ip%7Cs%3A13%3A%22182.182.75.68%22%3B'),('831a1ffb5f8529b61331272c141abc5d',1331140367,NULL,'indexu_session_username%7CN%3Bindexu_session_location%7Cs%3A1%3A%22%2F%22%3Bindexu_session_ip%7Cs%3A12%3A%22180.76.5.142%22%3B'),('b42500e895512c6975f27c4f02ad7129',1331145702,NULL,'indexu_session_username%7CN%3Bindexu_session_location%7Cs%3A1%3A%22%2F%22%3Bindexu_session_ip%7Cs%3A12%3A%22180.76.5.178%22%3B'),('6fccd3d9eed86500f2dcb11abe576917',1331147634,NULL,'indexu_session_username%7CN%3Bindexu_session_location%7Cs%3A12%3A%22%2Ffavicon.ico%22%3Bindexu_session_ip%7Cs%3A14%3A%22182.182.17.243%22%3B'),('7310ba17f126be5ed60903d6e4d363db',1331147634,NULL,'indexu_session_username%7CN%3Bindexu_session_location%7Cs%3A10%3A%22%2Findex.gif%22%3Bindexu_session_ip%7Cs%3A14%3A%22182.182.17.243%22%3B'),('c338e9eb537649d924cb04117a26ed4f',1331148219,NULL,'indexu_session_username%7CN%3Bindexu_session_location%7Cs%3A12%3A%22%2Ffavicon.ico%22%3Bindexu_session_ip%7Cs%3A15%3A%22119.154.217.199%22%3B'),('943c8b307227cf235cb085f47ddd17ab',1331149231,NULL,'indexu_session_username%7CN%3Bindexu_session_location%7Cs%3A10%3A%22%2Findex.gif%22%3Bindexu_session_ip%7Cs%3A15%3A%22119.154.217.199%22%3B'),('dc8836a8047d19e1549fb0b425b78aa0',1331149981,NULL,'indexu_session_username%7CN%3Bindexu_session_location%7Cs%3A28%3A%22%2Ftag%2Fworkmans-comp-lawyer-nj%22%3Bindexu_session_ip%7Cs%3A12%3A%22180.76.5.154%22%3B'),('23adbd9d0db80745677a13d0f9877118',1331154691,NULL,'indexu_session_username%7CN%3Bindexu_session_location%7Cs%3A1%3A%22%2F%22%3Bindexu_session_ip%7Cs%3A11%3A%22180.76.5.99%22%3B'),('7743bf20a8a26790440e3730fa441e48',1331160997,NULL,'indexu_session_username%7CN%3Bindexu_session_location%7Cs%3A1%3A%22%2F%22%3Bindexu_session_ip%7Cs%3A13%3A%22123.125.71.91%22%3B'),('54c6f9d2032d586c6e44dd485da091d6',1331161914,NULL,'indexu_session_username%7CN%3Bindexu_session_location%7Cs%3A1%3A%22%2F%22%3Bindexu_session_ip%7Cs%3A12%3A%22180.76.5.179%22%3B'),('d0da055652f8bb06f902cf600e261474',1331167519,NULL,'indexu_session_username%7CN%3Bindexu_session_location%7Cs%3A12%3A%22%2Ffavicon.ico%22%3Bindexu_session_ip%7Cs%3A15%3A%22183.103.138.232%22%3B'),('5810ebd32d866710d1591805b647648f',1331167519,NULL,'indexu_session_username%7CN%3Bindexu_session_location%7Cs%3A10%3A%22%2Findex.gif%22%3Bindexu_session_ip%7Cs%3A15%3A%22183.103.138.232%22%3B'),('82254335ec2e2ba8c7eadafb542df4d7',1331169127,NULL,'indexu_session_username%7CN%3Bindexu_session_location%7Cs%3A1%3A%22%2F%22%3Bindexu_session_ip%7Cs%3A11%3A%22180.76.5.90%22%3B'),('41336a42ca85d77a5915224d7d40ed3b',1331171475,NULL,'indexu_session_username%7CN%3Bindexu_session_location%7Cs%3A35%3A%22%2Ftag%2Fcar-accident-lawyer-new-jersey%22%3Bindexu_session_ip%7Cs%3A12%3A%22180.76.5.145%22%3B'),('a1b4cdbd4fe91082cebd6552bd8caae4',1331175058,NULL,'indexu_session_username%7CN%3Bindexu_session_location%7Cs%3A1%3A%22%2F%22%3Bindexu_session_ip%7Cs%3A12%3A%2269.58.178.58%22%3B'),('52f27cb60106dd533de53ed04e00fbd1',1331175110,NULL,'indexu_session_username%7CN%3Bindexu_session_location%7Cs%3A1%3A%22%2F%22%3Bindexu_session_ip%7Cs%3A12%3A%2269.58.178.58%22%3B'),('1adc607917c9c818262d2075a38d21ea',1331175203,NULL,'indexu_session_username%7CN%3Bindexu_session_location%7Cs%3A17%3A%22%2Fdental-services%2F%22%3Bindexu_session_ip%7Cs%3A12%3A%2269.58.178.58%22%3B'),('14757d6ef75cf4e8ad0a032272093870',1331175258,NULL,'indexu_session_username%7CN%3Bindexu_session_location%7Cs%3A10%3A%22%2Findex.php%22%3Bindexu_session_ip%7Cs%3A12%3A%2269.58.178.58%22%3B'),('942ee41e18ed7fc8bb9fc2522bd0c5eb',1331175311,NULL,'indexu_session_username%7CN%3Bindexu_session_location%7Cs%3A1%3A%22%2F%22%3Bindexu_session_ip%7Cs%3A12%3A%2269.58.178.58%22%3B'),('e2b65bce4543d24acbca98a67341cc35',1331175359,NULL,'indexu_session_username%7CN%3Bindexu_session_location%7Cs%3A17%3A%22%2Fpower_search.php%22%3Bindexu_session_ip%7Cs%3A12%3A%2269.58.178.58%22%3B'),('ca72c51107a94a40d137d9f383c5362c',1331175497,NULL,'indexu_session_username%7CN%3Bindexu_session_location%7Cs%3A12%3A%22%2Fautomotive%2F%22%3Bindexu_session_ip%7Cs%3A12%3A%2269.58.178.58%22%3B'),('3df1163e6786f3acf8ac04b1dc9274ea',1331175542,NULL,'indexu_session_username%7CN%3Bindexu_session_location%7Cs%3A10%3A%22%2Fbusiness%2F%22%3Bindexu_session_ip%7Cs%3A12%3A%2269.58.178.58%22%3B'),('068276d71a923a70284042f8fda73f16',1331176144,NULL,'indexu_session_username%7CN%3Bindexu_session_location%7Cs%3A1%3A%22%2F%22%3Bindexu_session_ip%7Cs%3A11%3A%22180.76.5.59%22%3B');

--
-- Table structure for table `idx_set_hook_place`
--

CREATE TABLE `idx_set_hook_place` (
  `set_hook_place_id` int(11) NOT NULL AUTO_INCREMENT,
  `plugin` varchar(255) DEFAULT NULL,
  `set_hook_place` text,
  PRIMARY KEY (`set_hook_place_id`)
) ENGINE=MyISAM DEFAULT CHARSET=latin1;

--
-- Dumping data for table `idx_set_hook_place`
--


--
-- Table structure for table `idx_setting`
--

CREATE TABLE `idx_setting` (
  `setting_id` int(11) NOT NULL AUTO_INCREMENT,
  `setting_name` varchar(255) DEFAULT NULL,
  `setting_value` text,
  PRIMARY KEY (`setting_id`)
) ENGINE=MyISAM AUTO_INCREMENT=55 DEFAULT CHARSET=latin1;

--
-- Dumping data for table `idx_setting`
--

INSERT INTO `idx_setting` VALUES (4,'site_name','alphabiz.info'),(5,'site_url','http://alphabiz.info'),(6,'email_address','auroraz.ainley@gmail.com'),(7,'language_code','en_US'),(8,'theme_path','/home/alphabiz/public_html/themes/'),(9,'admin_template_path','/home/alphabiz/public_html/admin_tpl/'),(10,'plugin_path','/home/alphabiz/public_html/plugin/'),(12,'active_theme','_alphabiz'),(14,'spam_proof','1'),(15,'enable_user_validation','1'),(16,'allowed_file_extension','gif,jpg,png,pdf,zip,doc'),(17,'yahoo_appid',''),(18,'whosonline','600'),(19,'reciprocal_check','0'),(20,'urlcheck_limit','1'),(21,'pagerank_cache','30'),(22,'max_image_width','1024'),(23,'max_image_height','756'),(24,'max_file_size','500'),(25,'only_registered_can_add_link','0'),(26,'only_registered_can_add_review','0'),(27,'db_use_persistent','0'),(28,'paid_link_day_period','30,60,90,180'),(29,'paid_link_price_factor','1,1.5,2,3'),(30,'enable_html_tag','1'),(31,'allowed_html_tag','<b>,<strong>,<i>,<em>,<u>,<pre>,<blockquote>,<ol>,<ul>,<li>,<p>,<span>,<div>,<table>,<tr>,<td>'),(32,'enable_page_compression','0'),(33,'enable_category_ajax','1'),(34,'require_visit_category','0'),(35,'additional_category_price','0.5'),(36,'enable_rating_ajax','1'),(37,'service_nicecoder_avail','1'),(38,'enable_recaptcha','0'),(39,'recaptcha_publickey',''),(40,'recaptcha_privatekey',''),(41,'enable_bidding','0'),(42,'minimum_bid','5'),(43,'bid_increament','1'),(44,'charset','utf-8'),(45,'mailer','mail'),(46,'smtp_auth','0'),(47,'smtp_host',''),(48,'smtp_username',''),(49,'smtp_password',''),(50,'smtp_port','25'),(51,'emailbody_as_html','0'),(52,'indexu_version','2.4'),(53,'tos',''),(54,'submission_guidelines','');

--
-- Table structure for table `idx_tags`
--

CREATE TABLE `idx_tags` (
  `tag` varchar(64) NOT NULL DEFAULT '',
  `category_id` mediumint(8) unsigned NOT NULL DEFAULT '0',
  `total` int(11) NOT NULL DEFAULT '0',
  `tag_path` varchar(64) NOT NULL,
  PRIMARY KEY (`tag`,`category_id`)
) ENGINE=MyISAM DEFAULT CHARSET=latin1;

--
-- Dumping data for table `idx_tags`
--


--
-- Table structure for table `idx_unavailable`
--

CREATE TABLE `idx_unavailable` (
  `idx_unavailable` int(11) NOT NULL AUTO_INCREMENT,
  `link_id` int(11) DEFAULT NULL,
  `url` varchar(255) DEFAULT NULL,
  `who_is` varchar(255) DEFAULT NULL,
  `note` text,
  `date` datetime DEFAULT NULL,
  PRIMARY KEY (`idx_unavailable`)
) ENGINE=MyISAM DEFAULT CHARSET=latin1;

--
-- Dumping data for table `idx_unavailable`
--


--
-- Table structure for table `idx_unavailable_latest`
--

CREATE TABLE `idx_unavailable_latest` (
  `idx_link` int(11) DEFAULT NULL,
  `record_execution` int(11) DEFAULT NULL
) ENGINE=MyISAM DEFAULT CHARSET=latin1;

--
-- Dumping data for table `idx_unavailable_latest`
--


--
-- Table structure for table `idx_users`
--

CREATE TABLE `idx_users` (
  `username` varchar(20) NOT NULL DEFAULT '',
  `password` varchar(50) NOT NULL,
  `name` varchar(50) DEFAULT NULL,
  `email` varchar(50) DEFAULT NULL,
  `date` date DEFAULT NULL,
  `status` char(1) DEFAULT NULL,
  `vcode` varchar(4) DEFAULT NULL,
  `group_id` tinyint(4) DEFAULT NULL,
  `homepage` varchar(100) DEFAULT NULL,
  `icq` varchar(20) DEFAULT NULL,
  `aol` varchar(20) DEFAULT NULL,
  `yahoo` varchar(20) DEFAULT NULL,
  `biography` text,
  `location` varchar(50) DEFAULT NULL,
  `interest` varchar(50) DEFAULT NULL,
  `occupation` varchar(50) DEFAULT NULL,
  PRIMARY KEY (`username`)
) ENGINE=MyISAM DEFAULT CHARSET=latin1;

--
-- Dumping data for table `idx_users`
--

INSERT INTO `idx_users` VALUES ('admin','8cb4bac0319dfd062af9a8000aa5f6b1','Administrator','auroraz.ainley@gmail.com','2011-10-31','1','',0,'','','','','','','','');

--
-- Table structure for table `idx_votes`
--

CREATE TABLE `idx_votes` (
  `link_id` mediumint(9) NOT NULL DEFAULT '0',
  `ip` varchar(100) DEFAULT NULL,
  `value` tinyint(4) DEFAULT NULL
) ENGINE=MyISAM DEFAULT CHARSET=latin1;

--
-- Dumping data for table `idx_votes`
--



