--
-- Host: biigo.org    Database: biigo_indexu
-- ------------------------------------------------------


--
-- Table structure for table `directory_save_data`
--

CREATE TABLE `directory_save_data` (
  `id` bigint(100) NOT NULL AUTO_INCREMENT,
  `schedule_id` bigint(100) NOT NULL,
  `project_id` bigint(100) NOT NULL,
  `link_id` bigint(100) NOT NULL,
  `confirm_link` text NOT NULL,
  `category_id` int(10) NOT NULL,
  `category_name` varchar(150) NOT NULL,
  PRIMARY KEY (`id`)
) ENGINE=InnoDB DEFAULT CHARSET=latin1;

--
-- Dumping data for table `directory_save_data`
--


--
-- Table structure for table `idx_admin_menu`
--

CREATE TABLE `idx_admin_menu` (
  `menu_id` int(11) NOT NULL AUTO_INCREMENT,
  `parent_id` int(11) DEFAULT NULL,
  `menu_title` varchar(255) DEFAULT NULL,
  `menu_url` varchar(255) DEFAULT NULL,
  `order_number` int(11) DEFAULT NULL,
  PRIMARY KEY (`menu_id`)
) ENGINE=MyISAM AUTO_INCREMENT=85 DEFAULT CHARSET=latin1;

--
-- Dumping data for table `idx_admin_menu`
--



--
-- Table structure for table `idx_bad_link`
--

CREATE TABLE `idx_bad_link` (
  `bad_link_id` mediumint(9) unsigned NOT NULL AUTO_INCREMENT,
  `link_id` mediumint(9) unsigned NOT NULL DEFAULT '0',
  `name` varchar(50) NOT NULL DEFAULT '',
  `email` varchar(50) NOT NULL DEFAULT '',
  `type` tinyint(3) unsigned NOT NULL DEFAULT '0',
  `date` date NOT NULL DEFAULT '0000-00-00',
  PRIMARY KEY (`bad_link_id`)
) ENGINE=MyISAM DEFAULT CHARSET=latin1;

--
-- Dumping data for table `idx_bad_link`
--


--
-- Table structure for table `idx_badwords`
--

CREATE TABLE `idx_badwords` (
  `word` varchar(100) NOT NULL DEFAULT ''
) ENGINE=MyISAM DEFAULT CHARSET=latin1;

--
-- Dumping data for table `idx_badwords`
--


--
-- Table structure for table `idx_blocked_domain`
--

CREATE TABLE `idx_blocked_domain` (
  `blocked_id` int(11) NOT NULL AUTO_INCREMENT,
  `blocked` varchar(255) DEFAULT NULL,
  `type` enum('domain','ip') DEFAULT NULL,
  PRIMARY KEY (`blocked_id`)
) ENGINE=MyISAM AUTO_INCREMENT=6 DEFAULT CHARSET=latin1;

--
-- Dumping data for table `idx_blocked_domain`
--

INSERT INTO `idx_blocked_domain` VALUES (1,'buydomains.com','domain'),(2,'this-domain-for-sale.com ','domain'),(3,'oversee.net','domain'),(4,'eNom','domain'),(5,'sedoparking.com','domain');

--
-- Table structure for table `idx_category`
--

CREATE TABLE `idx_category` (
  `category_id` mediumint(9) unsigned NOT NULL AUTO_INCREMENT,
  `parent_id` mediumint(9) unsigned NOT NULL DEFAULT '0',
  `name` varchar(100) NOT NULL DEFAULT '',
  `description` text NOT NULL,
  `image` varchar(100) DEFAULT NULL,
  `content` text,
  `visible` char(1) DEFAULT NULL,
  `links` mediumint(9) DEFAULT NULL,
  `meta_keyword` text,
  `meta_description` text,
  `permission` char(2) DEFAULT NULL,
  `registered_only` char(1) DEFAULT NULL,
  `header` text NOT NULL,
  `footer` text NOT NULL,
  `related` mediumint(6) NOT NULL DEFAULT '0',
  `page_title` varchar(200) NOT NULL DEFAULT '',
  `hits` int(11) NOT NULL DEFAULT '0',
  `order_num` smallint(6) NOT NULL DEFAULT '0',
  `basic_price` double unsigned NOT NULL DEFAULT '0',
  `premium_price` double unsigned NOT NULL DEFAULT '0',
  `sponsored_price` double unsigned NOT NULL DEFAULT '0',
  PRIMARY KEY (`category_id`)
) ENGINE=MyISAM AUTO_INCREMENT=38 DEFAULT CHARSET=latin1;

--
-- Dumping data for table `idx_category`
--

INSERT INTO `idx_category` VALUES (2,0,'Arts & Humanities','','folder.gif','','1',16,'','','0','0','','',0,'',3,0,0,0,0),(3,0,'Automobile industry','','folder.gif','','1',44,'','','0','0','','',0,'',2,0,0,0,0),(4,0,'Business & Economy','','folder.gif','','1',161,'','','0','0','','',0,'',0,0,0,0,0),(5,0,'Careers','','folder.gif','','1',2,'','','0','0','','',0,'',0,0,0,0,0),(6,0,'Clothing & Fashion','','folder.gif','','1',13,'','','0','0','','',0,'',0,0,0,0,0),(7,0,'Mass Communications','','folder.gif','','1',23,'','','0','0','','',0,'',0,0,0,0,0),(8,0,'Computers & IT','','folder.gif','','1',18,'','','0','0','','',0,'',0,0,0,0,0),(9,0,'Construction Services','','folder.gif','','1',79,'','','0','0','','',0,'',0,0,0,0,0),(10,0,'Dental Health','','folder.gif','','1',59,'','','0','0','','',0,'',0,0,0,0,0),(11,0,'Education & Training','','folder.gif','','1',28,'','','0','0','','',0,'',0,0,0,0,0),(12,0,'Employment & Recruitment','','folder.gif','','1',2,'','','0','0','','',0,'',0,0,0,0,0),(13,0,'Gifts & Novelties','','folder.gif','','1',26,'','','0','0','','',0,'',0,0,0,0,0),(14,0,'Software & Hardware','','folder.gif','','1',10,'','','1','0','','',0,'',0,0,0,0,0),(15,0,'Health Services','','folder.gif','','1',0,'','','0','0','','',0,'',0,0,0,0,0),(16,0,'Healthcare Industry','','folder.gif','','1',165,'','','0','0','','',0,'',1,0,0,0,0),(17,0,'Heating, Ventilating and Air Conditioning','','folder.gif','','1',68,'','','0','0','','',0,'',0,0,0,0,0),(18,0,'Home & Garden Making','','folder.gif','','1',201,'','','0','0','','',0,'',0,0,0,0,0),(19,0,'Home Improvement & Interiors','','folder.gif','','1',123,'','','0','0','','',0,'',1,0,0,0,0),(20,0,'Hotels & Restaurants','','folder.gif','','1',72,'','','0','0','','',0,'',0,0,0,0,0),(21,0,'Insurance Agents and Companies','','folder.gif','','1',33,'','','0','0','','',0,'',0,0,0,0,0),(22,0,'Law & Politics','','folder.gif','','',0,'','','0','0','','',0,'',0,0,0,0,0),(23,0,'Lawyers & Legal Consultants','','folder.gif','','1',182,'','','0','0','','',0,'',0,0,0,0,0),(24,0,'Lifestyle & Society','','folder.gif','','1',6,'','','0','0','','',0,'',0,0,0,0,0),(25,0,'Medicine & Medical Services','','folder.gif','','1',12,'','','0','0','','',0,'',0,0,0,0,0),(26,0,'Finance','','folder.gif','','1',21,'','','0','0','','',0,'',0,0,0,0,0),(27,0,'News & Journals','','folder.gif','','1',2,'','','0','0','','',0,'',1,0,0,0,0),(28,0,'Plumbing & Fitting','','folder.gif','','1',42,'','','0','0','','',0,'',0,0,0,0,0),(29,0,'Real Estate & Agents','','folder.gif','','1',43,'','','0','0','','',0,'',0,0,0,0,0),(30,0,'Environment & Technology','','folder.gif','','1',13,'','','0','0','','',0,'',0,0,0,0,0),(31,0,'SEO & SMO Marketing','','folder.gif','','1',23,'','','0','0','','',0,'',0,0,0,0,0),(32,0,'Online Shopping','','folder.gif','','1',62,'','','0','0','','',0,'',0,0,0,0,0),(33,0,'Sports','','folder.gif','','1',3,'','','0','0','','',0,'',1,0,0,0,0),(34,0,'Transportation and Logistics Services','','folder.gif','','1',43,'','','0','0','','',0,'',0,0,0,0,0),(35,0,'Tours & Travel','','folder.gif','','1',8,'','','0','0','','',0,'',0,0,0,0,0),(36,0,'Tours & Travel','','folder.gif','','1',16,'','','0','0','','',0,'',1,0,0,0,0),(37,0,'Wedding & Jewellery','','folder.gif','','1',8,'','','0','0','','',0,'',1,0,0,0,0);

--
-- Table structure for table `idx_category_path`
--

CREATE TABLE `idx_category_path` (
  `category_id` mediumint(9) NOT NULL DEFAULT '0',
  `path` text,
  `path_with_url` text,
  `parents` text,
  PRIMARY KEY (`category_id`)
) ENGINE=MyISAM DEFAULT CHARSET=latin1;

--
-- Dumping data for table `idx_category_path`
--

INSERT INTO `idx_category_path` VALUES (2,'Arts & Humanities','<a href=\"http://biigo.org/arts-humanities/\" name=\"cat_2\" style=\"\">Arts & Humanities</a>',';0;'),(3,'Automobile industry','<a href=\"http://biigo.org/automobile-industry/\" name=\"cat_3\" style=\"\">Automobile industry</a>',';0;'),(4,'Business & Economy','<a href=\"http://biigo.org/business-economy/\" name=\"cat_4\" style=\"\">Business & Economy</a>',';0;'),(5,'Careers','<a href=\"http://biigo.org/careers/\" name=\"cat_5\" style=\"\">Careers</a>',';0;'),(6,'Clothing & Fashion','<a href=\"http://biigo.org/clothing-fashion/\" name=\"cat_6\" style=\"\">Clothing & Fashion</a>',';0;'),(7,'Mass Communications','<a href=\"http://biigo.org/mass-communications/\" name=\"cat_7\" style=\"\">Mass Communications</a>',';0;'),(8,'Computers & IT','<a href=\"http://biigo.org/computers-it/\" name=\"cat_8\" style=\"\">Computers & IT</a>',';0;'),(9,'Construction Services','<a href=\"http://biigo.org/construction-services/\" name=\"cat_9\" style=\"\">Construction Services</a>',';0;'),(10,'Dental Health','<a href=\"http://biigo.org/dental-health/\" name=\"cat_10\" style=\"\">Dental Health</a>',';0;'),(11,'Education & Training','<a href=\"http://biigo.org/education-training/\" name=\"cat_11\" style=\"\">Education & Training</a>',';0;'),(12,'Employment & Recruitment','<a href=\"http://biigo.org/employment-recruitment/\" name=\"cat_12\" style=\"\">Employment & Recruitment</a>',';0;'),(13,'Gifts & Novelties','<a href=\"http://biigo.org/gifts-novelties/\" name=\"cat_13\" style=\"\">Gifts & Novelties</a>',';0;'),(14,'Software & Hardware','<a href=\"http://biigo.org/software-hardware/\" name=\"cat_14\" style=\"\">Software & Hardware</a>',';0;'),(15,'Health Services','<a href=\"http://biigo.org/health-services/\" name=\"cat_15\" style=\"\">Health Services</a>',';0;'),(16,'Healthcare Industry','<a href=\"http://biigo.org/healthcare-industry/\" name=\"cat_16\" style=\"\">Healthcare Industry</a>',';0;'),(17,'Heating, Ventilating and Air Conditioning','<a href=\"http://biigo.org/heating-ventilating-and-air-conditioning/\" name=\"cat_17\" style=\"\">Heating, Ventilating and Air Conditioning</a>',';0;'),(18,'Home & Garden Making','<a href=\"http://biigo.org/home-garden-making/\" name=\"cat_18\" style=\"\">Home & Garden Making</a>',';0;'),(19,'Home Improvement & Interiors','<a href=\"http://biigo.org/home-improvement-interiors/\" name=\"cat_19\" style=\"\">Home Improvement & Interiors</a>',';0;'),(20,'Hotels & Restaurants','<a href=\"http://biigo.org/hotels-restaurants/\" name=\"cat_20\" style=\"\">Hotels & Restaurants</a>',';0;'),(21,'Insurance Agents and Companies','<a href=\"http://biigo.org/insurance-agents-and-companies/\" name=\"cat_21\" style=\"\">Insurance Agents and Companies</a>',';0;'),(22,'Law & Politics','<a href=\"http://biigo.org/law-politics/\" name=\"cat_22\" style=\"\">Law & Politics</a>',';0;'),(23,'Lawyers & Legal Consultants','<a href=\"http://biigo.org/lawyers-legal-consultants/\" name=\"cat_23\" style=\"\">Lawyers & Legal Consultants</a>',';0;'),(24,'Lifestyle & Society','<a href=\"http://biigo.org/lifestyle-society/\" name=\"cat_24\" style=\"\">Lifestyle & Society</a>',';0;'),(25,'Medicine & Medical Services','<a href=\"http://biigo.org/medicine-medical-services/\" name=\"cat_25\" style=\"\">Medicine & Medical Services</a>',';0;'),(26,'Finance','<a href=\"http://biigo.org/finance/\" name=\"cat_26\" style=\"\">Finance</a>',';0;'),(27,'News & Journals','<a href=\"http://biigo.org/news-journals/\" name=\"cat_27\" style=\"\">News & Journals</a>',';0;'),(28,'Plumbing & Fitting','<a href=\"http://biigo.org/plumbing-fitting/\" name=\"cat_28\" style=\"\">Plumbing & Fitting</a>',';0;'),(29,'Real Estate & Agents','<a href=\"http://biigo.org/real-estate-agents/\" name=\"cat_29\" style=\"\">Real Estate & Agents</a>',';0;'),(30,'Environment & Technology','<a href=\"http://biigo.org/environment-technology/\" name=\"cat_30\" style=\"\">Environment & Technology</a>',';0;'),(31,'SEO & SMO Marketing','<a href=\"http://biigo.org/seo-smo-marketing/\" name=\"cat_31\" style=\"\">SEO & SMO Marketing</a>',';0;'),(32,'Online Shopping','<a href=\"http://biigo.org/online-shopping/\" name=\"cat_32\" style=\"\">Online Shopping</a>',';0;'),(33,'Sports','<a href=\"http://biigo.org/sports/\" name=\"cat_33\" style=\"\">Sports</a>',';0;'),(34,'Transportation and Logistics Services','<a href=\"http://biigo.org/transportation-and-logistics-services/\" name=\"cat_34\" style=\"\">Transportation and Logistics Services</a>',';0;'),(35,'Tours & Travel','<a href=\"http://biigo.org/tours-travel/\" name=\"cat_35\" style=\"\">Tours & Travel</a>',';0;'),(36,'Tours & Travel','<a href=\"http://biigo.org/tours-travel/\" name=\"cat_36\" style=\"\">Tours & Travel</a>',';0;'),(37,'Wedding & Jewellery','<a href=\"http://biigo.org/wedding-jewellery/\" name=\"cat_37\" style=\"\">Wedding & Jewellery</a>',';0;');

--
-- Table structure for table `idx_category_suggession`
--

CREATE TABLE `idx_category_suggession` (
  `id_cat_suggession` int(11) NOT NULL AUTO_INCREMENT,
  `parent_id` int(11) DEFAULT NULL,
  `name` varchar(255) DEFAULT NULL,
  `category_description` text,
  `date` datetime DEFAULT NULL,
  PRIMARY KEY (`id_cat_suggession`)
) ENGINE=MyISAM DEFAULT CHARSET=latin1;

--
-- Dumping data for table `idx_category_suggession`
--


--
-- Table structure for table `idx_checkurl`
--

CREATE TABLE `idx_checkurl` (
  `link_id` mediumint(9) NOT NULL DEFAULT '0',
  `date` date NOT NULL DEFAULT '0000-00-00',
  `live` char(1) NOT NULL DEFAULT '',
  `reciprocal_found` char(1) NOT NULL DEFAULT '',
  PRIMARY KEY (`link_id`)
) ENGINE=MyISAM DEFAULT CHARSET=latin1;

--
-- Dumping data for table `idx_checkurl`
--


--
-- Table structure for table `idx_cronjobs`
--

CREATE TABLE `idx_cronjobs` (
  `cronjobs_id` int(11) NOT NULL AUTO_INCREMENT,
  `cronjobs_name` varchar(255) DEFAULT NULL,
  `filename` varchar(255) NOT NULL,
  `schedule` varchar(255) NOT NULL,
  `time` datetime NOT NULL,
  `execution` varchar(1) NOT NULL,
  PRIMARY KEY (`cronjobs_id`)
) ENGINE=MyISAM AUTO_INCREMENT=4 DEFAULT CHARSET=latin1;

--
-- Dumping data for table `idx_cronjobs`
--

INSERT INTO `idx_cronjobs` VALUES (1,NULL,'clear_templates_c.php','1,*,*,*,*','0000-00-00 00:00:00',''),(2,NULL,'update_tag_cloud.php','*,24,*,*,*','0000-00-00 00:00:00',''),(3,NULL,'clear_rss_cache.php','*,24,*,*,*','0000-00-00 00:00:00','');

--
-- Table structure for table `idx_custom_field`
--

CREATE TABLE `idx_custom_field` (
  `field_name` varchar(32) NOT NULL DEFAULT '',
  `field_text` varchar(64) NOT NULL DEFAULT '',
  `field_type` enum('TEXT','TEXTAREA','SELECT','MULTISELECT','CHECKBOX','RADIO','FILE','IMAGE','DATE','DATETIME','RICHEDITOR') NOT NULL DEFAULT 'TEXT',
  `field_option` text NOT NULL,
  `field_img_width` int(10) unsigned NOT NULL DEFAULT '0',
  `field_img_height` int(10) unsigned NOT NULL DEFAULT '0',
  `field_file_size` int(10) unsigned NOT NULL DEFAULT '0',
  `field_file_extension` varchar(64) NOT NULL DEFAULT '',
  `required` char(1) NOT NULL DEFAULT '0',
  `searchable` char(1) NOT NULL DEFAULT '1',
  `permission` char(1) NOT NULL DEFAULT '0'
) ENGINE=MyISAM DEFAULT CHARSET=latin1;

--
-- Dumping data for table `idx_custom_field`
--

INSERT INTO `idx_custom_field` VALUES ('image','Image','IMAGE','',0,0,0,'','0','0','2'),('address','Address','TEXT','',0,0,0,'','0','0','0'),('city','City','TEXT','',0,0,0,'','0','0','0'),('state','State','TEXT','',0,0,0,'','0','0','0'),('country','Country','TEXT','',0,0,0,'','0','0','0'),('zip','Zip','TEXT','',0,0,0,'','0','0','0'),('phone','Phone','TEXT','',0,0,0,'','0','0','0'),('fax','Fax','TEXT','',0,0,0,'','0','0','0');

--
-- Table structure for table `idx_default_field`
--

CREATE TABLE `idx_default_field` (
  `field_name` varchar(64) NOT NULL,
  `required` char(1) NOT NULL,
  `visible` char(1) NOT NULL DEFAULT '1',
  `searchable` char(1) NOT NULL DEFAULT '1'
) ENGINE=MyISAM DEFAULT CHARSET=latin1;

--
-- Dumping data for table `idx_default_field`
--

INSERT INTO `idx_default_field` VALUES ('title','1','1','1'),('url','1','1','1'),('description','1','1','1'),('keywords','1','1','0'),('contact_name','1','1','1'),('email','1','1','1'),('reciprocal_url','0','0','1');

--
-- Table structure for table `idx_discount_coupon`
--

CREATE TABLE `idx_discount_coupon` (
  `coupon_id` int(11) NOT NULL AUTO_INCREMENT,
  `coupon_code` varchar(255) DEFAULT NULL,
  `coupon_value` varchar(50) DEFAULT NULL,
  `link_type` varchar(255) DEFAULT NULL,
  `start_date` date DEFAULT NULL,
  `expired_date` date DEFAULT NULL,
  `expired_usage` int(11) DEFAULT NULL,
  `usage_count` int(11) DEFAULT NULL,
  PRIMARY KEY (`coupon_id`)
) ENGINE=MyISAM DEFAULT CHARSET=latin1;

--
-- Dumping data for table `idx_discount_coupon`
--


--
-- Table structure for table `idx_editor`
--

CREATE TABLE `idx_editor` (
  `username` varchar(20) DEFAULT NULL,
  `category_id` mediumint(9) DEFAULT NULL,
  `category` char(1) DEFAULT NULL,
  `link` char(1) DEFAULT NULL,
  `review` char(1) DEFAULT NULL,
  `pick` char(1) DEFAULT NULL,
  `status` char(1) DEFAULT NULL,
  `date` date DEFAULT NULL
) ENGINE=MyISAM DEFAULT CHARSET=latin1;

--
-- Dumping data for table `idx_editor`
--


--
-- Table structure for table `idx_email_template`
--

CREATE TABLE `idx_email_template` (
  `email_template_id` int(10) unsigned NOT NULL AUTO_INCREMENT,
  `name` varchar(255) DEFAULT NULL,
  `subject` varchar(255) DEFAULT NULL,
  `body` text,
  `altbody` text,
  PRIMARY KEY (`email_template_id`)
) ENGINE=MyISAM AUTO_INCREMENT=37 DEFAULT CHARSET=latin1;

--
-- Dumping data for table `idx_email_template`
--



--
-- Table structure for table `idx_favorites`
--

CREATE TABLE `idx_favorites` (
  `favorite_id` int(11) NOT NULL AUTO_INCREMENT,
  `username` varchar(20) DEFAULT NULL,
  `date` date DEFAULT NULL,
  `title` varchar(100) DEFAULT NULL,
  `description` text,
  PRIMARY KEY (`favorite_id`)
) ENGINE=MyISAM AUTO_INCREMENT=10 DEFAULT CHARSET=latin1;

--
-- Dumping data for table `idx_favorites`
--

INSERT INTO `idx_favorites` VALUES (1,'lenardlutherf37a78','2011-10-18','My Favorites',NULL),(2,'aaroj9hqco','2011-10-20','My Favorites',NULL),(3,'brucvwoywi','2011-10-21','My Favorites',NULL),(4,'kirkvincef12i84','2011-10-31','My Favorites',NULL),(5,'miltonbennied50d95','2011-11-02','My Favorites',NULL),(6,'ryanapfksc','2011-11-25','My Favorites',NULL),(7,'adaptive84','2011-12-07','My Favorites',NULL),(8,'dougqetwza','2011-12-21','My Favorites',NULL),(9,'queuesysymn','2011-12-27','My Favorites',NULL);

--
-- Table structure for table `idx_favorites_detail`
--

CREATE TABLE `idx_favorites_detail` (
  `favorite_id` int(11) DEFAULT NULL,
  `link_id` mediumint(9) DEFAULT NULL
) ENGINE=MyISAM DEFAULT CHARSET=latin1;

--
-- Dumping data for table `idx_favorites_detail`
--


--
-- Table structure for table `idx_hook_place`
--

CREATE TABLE `idx_hook_place` (
  `hook_place_id` int(11) NOT NULL AUTO_INCREMENT,
  `filename` varchar(255) DEFAULT NULL,
  `hookname` varchar(255) DEFAULT NULL,
  PRIMARY KEY (`hook_place_id`)
) ENGINE=MyISAM DEFAULT CHARSET=latin1;

--
-- Dumping data for table `idx_hook_place`
--


--
-- Table structure for table `idx_invoice`
--

CREATE TABLE `idx_invoice` (
  `invoice_id` varchar(10) NOT NULL DEFAULT '',
  `invoice_date` date DEFAULT NULL,
  `due_date` date DEFAULT NULL,
  `invoiced_to` text,
  `service` varchar(255) DEFAULT NULL,
  `description` text,
  `total` double(8,2) DEFAULT NULL,
  `comment` text,
  `paid` char(1) DEFAULT NULL,
  `paid_date` date DEFAULT NULL,
  `email` varchar(255) DEFAULT NULL,
  PRIMARY KEY (`invoice_id`)
) ENGINE=MyISAM DEFAULT CHARSET=latin1;

--
-- Dumping data for table `idx_invoice`
--


--
-- Table structure for table `idx_invoice_config`
--

CREATE TABLE `idx_invoice_config` (
  `company` varchar(255) DEFAULT NULL,
  `contact` varchar(255) DEFAULT NULL,
  `address` text,
  `phone` varchar(255) DEFAULT NULL,
  `email` varchar(255) DEFAULT NULL,
  `currency_symbol` varchar(255) DEFAULT '$',
  `currency_code` varchar(255) DEFAULT 'USD'
) ENGINE=MyISAM DEFAULT CHARSET=latin1;

--
-- Dumping data for table `idx_invoice_config`
--

INSERT INTO `idx_invoice_config` VALUES ('Your website / Company','Billing Department','Your address','Your phone #','Billing<name@yourdomain.com>','$','USD');

--
-- Table structure for table `idx_link_temp`
--

CREATE TABLE `idx_link_temp` (
  `vid` mediumint(9) unsigned NOT NULL AUTO_INCREMENT,
  `spam` char(1) NOT NULL DEFAULT '0',
  `link_id` mediumint(9) DEFAULT NULL,
  `category_id` mediumint(9) unsigned NOT NULL DEFAULT '0',
  `title` varchar(100) NOT NULL DEFAULT '',
  `url` text NOT NULL,
  `description` text NOT NULL,
  `contact_name` varchar(100) NOT NULL DEFAULT '',
  `email` varchar(100) NOT NULL DEFAULT '',
  `hits` mediumint(9) DEFAULT NULL,
  `votes` smallint(6) DEFAULT NULL,
  `rating` float(4,2) DEFAULT NULL,
  `date` datetime NOT NULL DEFAULT '0000-00-00 00:00:00',
  `bid` smallint(6) NOT NULL DEFAULT '0',
  `new` char(1) DEFAULT NULL,
  `hot` char(1) DEFAULT NULL,
  `top_rated` char(1) DEFAULT NULL,
  `pick` char(1) DEFAULT NULL,
  `password` varchar(20) DEFAULT NULL,
  `updated` char(1) DEFAULT NULL,
  `reviews` smallint(6) DEFAULT NULL,
  `avg_review` float(4,2) DEFAULT NULL,
  `last_updated` datetime DEFAULT NULL,
  `official_review` text,
  `keywords` varchar(255) DEFAULT NULL,
  `cat1` mediumint(6) NOT NULL DEFAULT '0',
  `cat2` mediumint(6) NOT NULL DEFAULT '0',
  `suspended` char(1) NOT NULL DEFAULT '0',
  `reciprocal_url` varchar(255) DEFAULT NULL,
  `address` varchar(255) DEFAULT NULL,
  `city` varchar(255) DEFAULT NULL,
  `state` varchar(255) DEFAULT NULL,
  `country` varchar(255) DEFAULT NULL,
  `zip` varchar(255) DEFAULT NULL,
  `image` varchar(255) DEFAULT NULL,
  `phone` varchar(255) DEFAULT NULL,
  `fax` varchar(255) DEFAULT NULL,
  PRIMARY KEY (`vid`)
) ENGINE=MyISAM DEFAULT CHARSET=latin1;

--
-- Dumping data for table `idx_link_temp`
--


--
-- Table structure for table `idx_link_temp_user`
--

CREATE TABLE `idx_link_temp_user` (
  `vid` mediumint(9) unsigned NOT NULL DEFAULT '0',
  `username` varchar(20) NOT NULL DEFAULT '',
  PRIMARY KEY (`vid`)
) ENGINE=MyISAM DEFAULT CHARSET=latin1;

--
-- Dumping data for table `idx_link_temp_user`
--


--
-- Table structure for table `idx_link_user`
--

CREATE TABLE `idx_link_user` (
  `link_id` mediumint(9) unsigned NOT NULL DEFAULT '0',
  `username` varchar(20) NOT NULL DEFAULT '',
  PRIMARY KEY (`link_id`)
) ENGINE=MyISAM DEFAULT CHARSET=latin1;

--
-- Dumping data for table `idx_link_user`
--


--
-- Table structure for table `idx_mailing_list`
--

CREATE TABLE `idx_mailing_list` (
  `email` varchar(50) NOT NULL DEFAULT '',
  `code` varchar(4) DEFAULT NULL,
  `status` char(1) DEFAULT NULL,
  PRIMARY KEY (`email`)
) ENGINE=MyISAM DEFAULT CHARSET=latin1;

--
-- Dumping data for table `idx_mailing_list`
--


--
-- Table structure for table `idx_message`
--

CREATE TABLE `idx_message` (
  `message_id` smallint(6) NOT NULL AUTO_INCREMENT,
  `date` date DEFAULT NULL,
  `body` text,
  `subject` varchar(100) DEFAULT NULL,
  PRIMARY KEY (`message_id`)
) ENGINE=MyISAM DEFAULT CHARSET=latin1;

--
-- Dumping data for table `idx_message`
--


--
-- Table structure for table `idx_notification`
--

CREATE TABLE `idx_notification` (
  `username` varchar(20) NOT NULL DEFAULT '',
  `category_id` mediumint(9) NOT NULL DEFAULT '0'
) ENGINE=MyISAM DEFAULT CHARSET=latin1;

--
-- Dumping data for table `idx_notification`
--


--
-- Table structure for table `idx_pagerank`
--

CREATE TABLE `idx_pagerank` (
  `link_id` mediumint(8) unsigned NOT NULL DEFAULT '0',
  `engine` char(1) NOT NULL DEFAULT '',
  `rank` tinyint(4) NOT NULL DEFAULT '0',
  `last_update` date NOT NULL DEFAULT '0000-00-00',
  PRIMARY KEY (`link_id`,`engine`)
) ENGINE=MyISAM DEFAULT CHARSET=latin1;

--
-- Dumping data for table `idx_pagerank`
--

INSERT INTO `idx_pagerank` VALUES (237,'g',0,'2012-02-23'),(63,'g',0,'2012-03-06'),(315,'g',0,'2012-02-23'),(412,'g',0,'2012-03-01'),(28,'g',0,'2011-09-30'),(57,'g',0,'2011-12-25'),(173,'g',0,'2012-03-01'),(31,'g',0,'2012-03-06'),(290,'g',0,'2012-01-30'),(172,'g',0,'2012-01-30'),(320,'g',0,'2012-03-01'),(410,'g',0,'2012-02-04'),(314,'g',0,'2012-02-23'),(365,'g',0,'2012-02-04'),(408,'g',0,'2012-03-01'),(396,'g',0,'2012-02-04'),(65,'g',0,'2012-02-04'),(78,'g',0,'2012-02-04'),(86,'g',0,'2012-02-04'),(36,'g',0,'2011-10-17'),(92,'g',0,'2012-02-04'),(131,'g',0,'2012-02-04'),(126,'g',0,'2012-03-01'),(411,'g',0,'2012-02-04'),(110,'g',0,'2012-02-04'),(448,'g',0,'2012-02-04'),(402,'g',0,'2012-03-01'),(394,'g',0,'2012-01-23'),(389,'g',0,'2012-03-01'),(81,'g',0,'2012-02-04'),(441,'g',0,'2012-02-04'),(423,'g',0,'2012-02-04'),(101,'g',0,'2012-02-04'),(95,'g',0,'2012-03-01'),(418,'g',0,'2012-03-01'),(407,'g',0,'2012-03-01'),(354,'g',0,'2012-03-01'),(146,'g',0,'2012-03-01'),(144,'g',0,'2011-10-17'),(356,'g',0,'2012-03-01'),(403,'g',0,'2012-03-01'),(209,'g',0,'2012-03-01'),(387,'g',0,'2012-03-01'),(210,'g',0,'2011-10-17'),(216,'g',0,'2011-10-17'),(217,'g',0,'2011-10-17'),(373,'g',0,'2012-02-04'),(447,'g',0,'2012-03-05'),(452,'g',0,'2012-03-05'),(69,'g',0,'2012-01-11'),(82,'g',0,'2012-01-11'),(97,'g',0,'2012-01-11'),(74,'g',0,'2012-01-11'),(71,'g',0,'2012-01-11'),(76,'g',0,'2012-01-11'),(88,'g',0,'2012-01-11'),(91,'g',0,'2012-01-11'),(60,'g',0,'2012-01-11'),(157,'g',0,'2012-03-01'),(118,'g',0,'2012-03-05'),(364,'g',0,'2012-02-03'),(125,'g',0,'2012-03-05'),(362,'g',0,'2012-02-03'),(202,'g',0,'2012-03-05'),(299,'g',0,'2012-03-05'),(122,'g',0,'2012-03-05'),(300,'g',0,'2012-03-05'),(104,'g',0,'2012-03-05'),(102,'g',0,'2012-01-11'),(100,'g',0,'2012-02-04'),(383,'g',0,'2012-02-04'),(112,'g',0,'2012-02-04'),(382,'g',0,'2012-02-04'),(33,'g',0,'2012-02-04'),(38,'g',0,'2011-10-18'),(98,'g',0,'2012-02-04'),(90,'g',0,'2012-02-04'),(35,'g',0,'2012-02-04'),(37,'g',0,'2011-10-18'),(56,'g',0,'2011-10-18'),(39,'g',0,'2011-10-18'),(73,'g',0,'2012-02-04'),(106,'g',0,'2012-02-04'),(58,'g',0,'2012-01-22'),(79,'g',0,'2012-01-22'),(77,'g',0,'2012-01-23'),(72,'g',0,'2011-12-12'),(34,'g',0,'2012-01-25'),(87,'g',0,'2012-03-07'),(64,'g',0,'2011-12-12'),(83,'g',0,'2012-01-23'),(62,'g',0,'2012-02-04'),(75,'g',0,'2012-01-25'),(388,'g',0,'2012-03-05'),(124,'g',0,'2012-03-05'),(404,'g',0,'2011-12-27'),(193,'g',0,'2012-01-25'),(59,'g',0,'2012-01-18'),(155,'g',0,'2012-03-01'),(474,'g',0,'2012-03-01'),(197,'g',0,'2012-03-01'),(468,'g',0,'2012-03-01'),(204,'g',0,'2012-03-01'),(372,'g',0,'2012-03-01'),(379,'g',0,'2012-03-01'),(198,'g',0,'2012-03-01'),(80,'g',0,'2012-03-05'),(371,'g',0,'2012-03-05'),(376,'g',0,'2012-03-05'),(303,'g',0,'2012-03-05'),(93,'g',0,'2012-03-01'),(96,'g',0,'2012-03-01'),(30,'g',0,'2012-02-04'),(181,'g',0,'2012-02-04'),(119,'g',0,'2011-12-25'),(186,'g',0,'2012-03-01'),(183,'g',0,'2011-12-25'),(127,'g',0,'2011-12-25'),(428,'g',0,'2011-12-25'),(360,'g',0,'2012-03-01'),(397,'g',0,'2012-03-01'),(399,'g',0,'2012-03-01'),(156,'g',0,'2012-03-01'),(384,'g',0,'2012-01-02'),(359,'g',0,'2012-03-01'),(395,'g',0,'2012-03-01'),(89,'g',0,'2012-02-04'),(398,'g',0,'2012-02-04'),(391,'g',0,'2012-02-04'),(380,'g',0,'2012-02-04'),(413,'g',0,'2012-02-04'),(32,'g',0,'2011-12-27'),(449,'g',0,'2012-03-01'),(199,'g',0,'2012-03-01'),(445,'g',0,'2012-03-01'),(350,'g',0,'2012-03-01'),(206,'g',0,'2012-03-01'),(420,'g',0,'2012-03-01'),(211,'g',0,'2011-12-27'),(358,'g',0,'2012-03-01'),(434,'g',0,'2012-03-01'),(207,'g',0,'2012-02-04'),(363,'g',0,'2012-02-04'),(375,'g',0,'2012-02-04'),(70,'g',0,'2012-03-01'),(400,'g',0,'2012-02-04'),(366,'g',0,'2012-03-05'),(94,'g',0,'2012-03-01'),(61,'g',0,'2012-03-01'),(66,'g',0,'2012-02-04'),(84,'g',0,'2012-02-04'),(67,'g',0,'2012-02-04'),(114,'g',0,'2012-02-04'),(115,'g',0,'2012-03-01'),(414,'g',0,'2012-01-23'),(111,'g',0,'2012-03-01'),(130,'g',0,'2012-03-01'),(29,'g',0,'2012-02-04'),(85,'g',0,'2012-02-04'),(129,'g',0,'2012-03-01'),(301,'g',0,'2012-02-04'),(113,'g',0,'2012-03-01'),(134,'g',0,'2012-03-01'),(446,'g',0,'2012-03-01'),(302,'g',0,'2012-03-01'),(99,'g',0,'2012-03-01'),(378,'g',0,'2012-03-01'),(349,'g',0,'2012-03-01'),(41,'g',0,'2012-02-04'),(49,'g',0,'2012-02-04'),(43,'g',0,'2012-02-04'),(42,'g',0,'2012-02-04'),(48,'g',0,'2012-02-04'),(45,'g',0,'2012-02-04'),(46,'g',0,'2012-02-04'),(47,'g',0,'2012-02-04'),(44,'g',0,'2012-02-04'),(40,'g',0,'2012-02-04'),(477,'g',0,'2012-02-04'),(120,'g',0,'2012-02-04'),(117,'g',0,'2012-02-04'),(123,'g',0,'2012-02-04'),(116,'g',0,'2012-02-04'),(483,'g',0,'2011-11-10'),(573,'g',0,'2011-11-25'),(1121,'g',0,'2011-11-25'),(515,'g',0,'2011-11-25'),(541,'g',0,'2011-11-25'),(590,'g',0,'2011-11-25'),(842,'g',0,'2011-11-25'),(837,'g',0,'2011-11-25'),(1558,'g',0,'2011-11-25'),(1072,'g',0,'2011-11-25'),(509,'g',0,'2011-11-25'),(621,'g',0,'2011-11-25'),(1038,'g',0,'2011-11-25'),(546,'g',0,'2011-11-25'),(836,'g',0,'2011-11-25'),(1375,'g',0,'2011-11-25'),(660,'g',0,'2011-11-25'),(709,'g',0,'2011-11-25'),(527,'g',0,'2011-11-25'),(519,'g',0,'2011-11-25'),(667,'g',0,'2011-11-25'),(582,'g',0,'2011-11-25'),(644,'g',0,'2011-11-25'),(625,'g',0,'2011-11-25'),(629,'g',0,'2011-11-25'),(1071,'g',0,'2011-11-25'),(1115,'g',0,'2011-11-25'),(862,'g',0,'2011-11-25'),(623,'g',0,'2011-11-25'),(490,'g',0,'2011-11-25'),(733,'g',0,'2011-11-25'),(750,'g',0,'2011-11-25'),(715,'g',0,'2011-11-25'),(861,'g',0,'2011-11-25'),(1583,'g',0,'2011-11-25'),(553,'g',0,'2011-11-25'),(1365,'g',0,'2011-11-25'),(654,'g',0,'2011-11-25'),(491,'g',0,'2011-11-25'),(732,'g',0,'2011-11-25'),(1381,'g',0,'2011-11-25'),(854,'g',0,'2011-11-25'),(850,'g',0,'2011-11-25'),(937,'g',0,'2011-11-25'),(688,'g',0,'2011-11-25'),(526,'g',0,'2011-11-25'),(557,'g',0,'2011-11-25'),(549,'g',0,'2011-11-25'),(521,'g',0,'2011-11-25'),(578,'g',0,'2011-11-25'),(666,'g',0,'2011-11-25'),(1227,'g',0,'2011-11-25'),(506,'g',0,'2011-11-25'),(796,'g',0,'2011-11-25'),(1174,'g',0,'2011-11-25'),(545,'g',0,'2011-11-25'),(500,'g',0,'2011-11-25'),(540,'g',0,'2011-11-25'),(1098,'g',0,'2011-11-26'),(1047,'g',0,'2011-11-26'),(569,'g',0,'2011-11-26'),(617,'g',0,'2011-11-26'),(717,'g',0,'2011-11-26'),(855,'g',0,'2011-11-26'),(863,'g',0,'2011-11-26'),(751,'g',0,'2011-11-26'),(605,'g',0,'2011-11-26'),(956,'g',0,'2011-11-26'),(628,'g',0,'2011-11-26'),(867,'g',0,'2011-11-26'),(495,'g',0,'2011-11-26'),(626,'g',0,'2011-11-26'),(492,'g',0,'2011-11-27'),(1025,'g',0,'2011-11-27'),(1045,'g',0,'2011-11-27'),(525,'g',0,'2011-11-27'),(503,'g',0,'2011-11-27'),(531,'g',0,'2011-11-27'),(1027,'g',0,'2011-11-27'),(593,'g',0,'2011-11-27'),(1128,'g',0,'2011-11-27'),(1314,'g',0,'2011-11-27'),(779,'g',0,'2011-11-27'),(535,'g',0,'2011-11-27'),(681,'g',0,'2011-11-27'),(1066,'g',0,'2011-11-27'),(1001,'g',0,'2011-11-27'),(1000,'g',0,'2011-11-27'),(999,'g',0,'2011-11-27'),(997,'g',0,'2011-11-27'),(651,'g',0,'2011-11-27'),(486,'g',0,'2011-11-27'),(998,'g',0,'2011-11-27'),(659,'g',0,'2011-11-27'),(1196,'g',0,'2011-11-27'),(658,'g',0,'2011-11-27'),(649,'g',0,'2011-11-27'),(613,'g',0,'2011-11-27'),(603,'g',0,'2011-11-28'),(648,'g',0,'2011-11-28'),(686,'g',0,'2011-11-28'),(510,'g',0,'2011-11-28'),(1091,'g',0,'2011-11-28'),(1147,'g',0,'2011-11-28'),(1151,'g',0,'2011-11-28'),(1020,'g',0,'2011-11-28'),(1126,'g',0,'2011-11-28'),(1194,'g',0,'2011-11-28'),(1915,'g',0,'2011-11-28'),(1150,'g',0,'2011-11-28'),(1468,'g',0,'2011-11-28'),(1129,'g',0,'2011-11-28'),(1812,'g',0,'2011-11-28'),(530,'g',0,'2011-11-28'),(1917,'g',0,'2011-11-28'),(745,'g',0,'2011-11-28'),(631,'g',0,'2011-11-28'),(528,'g',0,'2011-11-28'),(529,'g',0,'2011-11-28'),(700,'g',0,'2011-11-28'),(747,'g',0,'2011-11-28'),(1148,'g',0,'2011-11-28'),(1928,'g',0,'2011-11-29'),(1929,'g',0,'2011-11-29'),(2031,'g',0,'2011-11-29'),(2001,'g',0,'2011-11-29'),(2306,'g',0,'2011-11-29'),(1957,'g',0,'2011-11-29'),(2757,'g',0,'2011-11-30'),(2729,'g',0,'2011-11-30'),(2801,'g',0,'2011-11-30'),(2728,'g',0,'2011-12-01'),(2284,'g',0,'2011-12-03'),(3484,'g',0,'2011-12-03'),(2682,'g',0,'2011-12-03'),(3084,'g',0,'2011-12-03'),(2750,'g',0,'2011-12-04'),(1950,'g',0,'2011-12-04'),(2675,'g',0,'2011-12-05'),(4332,'g',0,'2011-12-06'),(3477,'g',0,'2011-12-06'),(675,'g',0,'2011-12-08'),(1396,'g',0,'2011-12-08'),(2122,'g',0,'2011-12-08'),(2922,'g',0,'2011-12-08'),(3751,'g',0,'2011-12-08'),(4650,'g',0,'2011-12-08'),(5595,'g',0,'2011-12-08'),(461,'g',0,'2011-12-10'),(809,'g',0,'2011-12-10'),(716,'g',0,'2011-12-10'),(585,'g',0,'2011-12-10'),(559,'g',0,'2011-12-10'),(616,'g',0,'2011-12-10'),(880,'g',0,'2011-12-10'),(926,'g',0,'2011-12-10'),(533,'g',0,'2011-12-10'),(1158,'g',0,'2011-12-10'),(6710,'g',0,'2011-12-13'),(6955,'g',0,'2012-03-01'),(6954,'g',0,'2012-03-01'),(6919,'g',0,'2012-03-01'),(7012,'g',0,'2012-03-01'),(6601,'g',0,'2011-12-13'),(6718,'g',0,'2012-03-01'),(6805,'g',0,'2012-03-01'),(7077,'g',0,'2012-03-01'),(6928,'g',0,'2012-03-01'),(6987,'g',0,'2012-03-01'),(6723,'g',0,'2012-02-29'),(6437,'g',0,'2012-02-29'),(6486,'g',0,'2012-02-29'),(6585,'g',0,'2012-02-29'),(6731,'g',0,'2012-02-29'),(6988,'g',0,'2012-03-01'),(6497,'g',0,'2012-03-01'),(6474,'g',0,'2012-02-04'),(6735,'g',0,'2012-03-01'),(6495,'g',0,'2012-02-04'),(6837,'g',0,'2012-02-12'),(6362,'g',0,'2012-02-04'),(6619,'g',0,'2012-02-04'),(6512,'g',0,'2012-02-04'),(6528,'g',0,'2012-02-04'),(7005,'g',0,'2012-02-04'),(6522,'g',0,'2012-02-04'),(7227,'g',0,'2011-12-15'),(6730,'g',0,'2012-02-04'),(6375,'g',0,'2011-12-17'),(6382,'g',0,'2011-12-17'),(7146,'g',0,'2012-02-04'),(6446,'g',0,'2011-12-17'),(6372,'g',0,'2012-02-04'),(6425,'g',0,'2011-12-17'),(6441,'g',0,'2011-12-17'),(6416,'g',0,'2011-12-17'),(6408,'g',0,'2011-12-17'),(6358,'g',0,'2011-12-17'),(6450,'g',0,'2011-12-17'),(6388,'g',0,'2011-12-17'),(7336,'g',0,'2012-02-04'),(6459,'g',0,'2011-12-17'),(6413,'g',0,'2011-12-17'),(6394,'g',0,'2011-12-17'),(6357,'g',0,'2011-12-17'),(6393,'g',0,'2011-12-17'),(7138,'g',0,'2012-03-05'),(7332,'g',0,'2012-02-29'),(6979,'g',0,'2012-03-05'),(6615,'g',0,'2012-03-05'),(7136,'g',0,'2012-01-18'),(6386,'g',0,'2012-02-29'),(6556,'g',0,'2011-12-19'),(6412,'g',0,'2011-12-19'),(6704,'g',0,'2012-02-04'),(6366,'g',0,'2012-03-01'),(6664,'g',0,'2012-02-04'),(6618,'g',0,'2012-02-29'),(6600,'g',0,'2012-03-01'),(6407,'g',0,'2012-03-01'),(6722,'g',0,'2012-03-01'),(6535,'g',0,'2012-02-04'),(6729,'g',0,'2012-03-01'),(6420,'g',0,'2011-12-20'),(7091,'g',0,'2011-12-23'),(7231,'g',0,'2011-12-23'),(7074,'g',0,'2011-12-23'),(7268,'g',0,'2011-12-23'),(7090,'g',0,'2011-12-23'),(7267,'g',0,'2011-12-23'),(7125,'g',0,'2011-12-23'),(7126,'g',0,'2011-12-23'),(7258,'g',0,'2011-12-23'),(7266,'g',0,'2011-12-23'),(6498,'g',0,'2011-12-24'),(6583,'g',0,'2011-12-24'),(6577,'g',0,'2011-12-24'),(6494,'g',0,'2011-12-24'),(6490,'g',0,'2012-02-04'),(6492,'g',0,'2011-12-24'),(7372,'g',0,'2012-02-04'),(6926,'g',0,'2012-02-04'),(7344,'g',0,'2012-02-04'),(7349,'g',0,'2012-02-04'),(6877,'g',0,'2012-02-20'),(6821,'g',0,'2012-02-21'),(6810,'g',0,'2012-02-20'),(7359,'g',0,'2011-12-26'),(6353,'g',0,'2012-02-21'),(6519,'g',0,'2012-02-21'),(6907,'g',0,'2012-02-04'),(6647,'g',0,'2012-02-04'),(7023,'g',0,'2012-03-01'),(7086,'g',0,'2012-03-01'),(7345,'g',0,'2011-12-27'),(7404,'g',0,'2011-12-27'),(7317,'g',0,'2011-12-27'),(7363,'g',0,'2011-12-27'),(7341,'g',0,'2011-12-27'),(7387,'g',0,'2011-12-27'),(7322,'g',0,'2011-12-27'),(7394,'g',0,'2011-12-27'),(7328,'g',0,'2011-12-27'),(7375,'g',0,'2011-12-27'),(6949,'g',0,'2012-02-04'),(6905,'g',0,'2012-02-04'),(6549,'g',0,'2012-02-04'),(7390,'g',0,'2012-02-04'),(6462,'g',0,'2012-02-04'),(7354,'g',0,'2011-12-27'),(7346,'g',0,'2012-02-04'),(7361,'g',0,'2012-03-05'),(7397,'g',0,'2011-12-28'),(7374,'g',0,'2012-02-22'),(7370,'g',0,'2012-02-18'),(7419,'g',0,'2012-02-04'),(7223,'g',0,'2012-03-01'),(6423,'g',0,'2011-12-30'),(6379,'g',0,'2012-03-01'),(6453,'g',0,'2012-03-01'),(6352,'g',0,'2012-03-01'),(6351,'g',0,'2012-03-01'),(7211,'g',0,'2011-12-31'),(7295,'g',0,'2011-12-31'),(7215,'g',0,'2012-01-01'),(7213,'g',0,'2012-01-02'),(7212,'g',0,'2012-01-02'),(7216,'g',0,'2012-01-02'),(7422,'g',0,'2012-01-02'),(7418,'g',0,'2012-01-02'),(7423,'g',0,'2012-01-02'),(7416,'g',0,'2012-01-02'),(7408,'g',0,'2012-01-02'),(7334,'g',0,'2012-01-02'),(7330,'g',0,'2012-01-02'),(7320,'g',0,'2012-01-02'),(7324,'g',0,'2012-01-02'),(7405,'g',0,'2012-02-04'),(7391,'g',0,'2012-02-04'),(7398,'g',0,'2012-02-04'),(7380,'g',0,'2012-01-02'),(7313,'g',0,'2012-02-21'),(6376,'g',0,'2012-02-18'),(6395,'g',0,'2012-02-18'),(6396,'g',0,'2012-02-21'),(7448,'g',0,'2012-01-04'),(7447,'g',0,'2012-01-04'),(7453,'g',0,'2012-01-04'),(7437,'g',0,'2012-01-04'),(7443,'g',0,'2012-02-29'),(7436,'g',0,'2012-03-05'),(7452,'g',0,'2012-01-09'),(7470,'g',0,'2012-01-09'),(7060,'g',0,'2012-01-09'),(7389,'g',0,'2012-03-01'),(7441,'g',0,'2012-01-11'),(6472,'g',0,'2012-01-11'),(6482,'g',0,'2012-03-01'),(6526,'g',0,'2012-03-01'),(6554,'g',0,'2012-01-11'),(7412,'g',0,'2012-01-11'),(6500,'g',0,'2012-03-01'),(6517,'g',0,'2012-03-01'),(7385,'g',0,'2012-03-01'),(7449,'g',0,'2012-03-01'),(7463,'g',0,'2012-03-01'),(7494,'g',0,'2012-03-01'),(7483,'g',0,'2012-03-01'),(7469,'g',0,'2012-02-22'),(7477,'g',0,'2012-03-01'),(7467,'g',0,'2012-01-14'),(7464,'g',0,'2012-03-01'),(7502,'g',0,'2012-03-01'),(7488,'g',0,'2012-01-17'),(7474,'g',0,'2012-01-17'),(7468,'g',0,'2012-01-17'),(7485,'g',0,'2012-01-17'),(7513,'g',0,'2012-02-29'),(7518,'g',0,'2012-01-18'),(7514,'g',0,'2012-01-18'),(7501,'g',0,'2012-01-18'),(7500,'g',0,'2012-01-18'),(7497,'g',0,'2012-01-18'),(7490,'g',0,'2012-01-18'),(7489,'g',0,'2012-01-18'),(7478,'g',0,'2012-01-18'),(7462,'g',0,'2012-01-18'),(7457,'g',0,'2012-01-18'),(7446,'g',0,'2012-01-18'),(7440,'g',0,'2012-01-18'),(7515,'g',0,'2012-03-01'),(7495,'g',0,'2012-01-18'),(7442,'g',0,'2012-01-18'),(7509,'g',0,'2012-01-19'),(7429,'g',0,'2012-01-19'),(7426,'g',0,'2012-01-19'),(6479,'g',0,'2012-01-20'),(6627,'g',0,'2012-01-20'),(6550,'g',0,'2012-01-20'),(6481,'g',0,'2012-01-20'),(6588,'g',0,'2012-01-20'),(6480,'g',0,'2012-01-20'),(6551,'g',0,'2012-01-20'),(6578,'g',0,'2012-01-20'),(6513,'g',0,'2012-01-20'),(6538,'g',0,'2012-01-20'),(7473,'g',0,'2012-01-20'),(7524,'g',0,'2012-01-21'),(7529,'g',0,'2012-03-01'),(7476,'g',0,'2012-03-01'),(7491,'g',0,'2012-01-24'),(7534,'g',0,'2012-01-26'),(7536,'g',0,'2012-01-26'),(7535,'g',0,'2012-01-26'),(7549,'g',0,'2012-01-26'),(7537,'g',0,'2012-01-26'),(7329,'g',0,'2012-01-27'),(6584,'g',0,'2012-01-27'),(6748,'g',0,'2012-01-27'),(6677,'g',0,'2012-01-27'),(6400,'g',0,'2012-01-27'),(6427,'g',0,'2012-01-27'),(6454,'g',0,'2012-01-27'),(7562,'g',0,'2012-01-27'),(7554,'g',0,'2012-01-27'),(6794,'g',0,'2012-01-27'),(6485,'g',0,'2012-01-27'),(6444,'g',0,'2012-01-27'),(6493,'g',0,'2012-01-28'),(7008,'g',0,'2012-01-28'),(7140,'g',0,'2012-01-28'),(6861,'g',0,'2012-01-28'),(7315,'g',0,'2012-01-28'),(7055,'g',0,'2012-01-28'),(6746,'g',0,'2012-01-28'),(6754,'g',0,'2012-01-28'),(7123,'g',0,'2012-01-28'),(6605,'g',0,'2012-01-28'),(6806,'g',0,'2012-01-28'),(6802,'g',0,'2012-01-28'),(6510,'g',0,'2012-01-28'),(6838,'g',0,'2012-01-28'),(6610,'g',0,'2012-01-28'),(6842,'g',0,'2012-01-28'),(6460,'g',0,'2012-01-28'),(6662,'g',0,'2012-01-28'),(6869,'g',0,'2012-01-28'),(6985,'g',0,'2012-01-28'),(7047,'g',0,'2012-01-28'),(7031,'g',0,'2012-01-28'),(7059,'g',0,'2012-01-28'),(6993,'g',0,'2012-01-28'),(7079,'g',0,'2012-01-28'),(7188,'g',0,'2012-01-28'),(6974,'g',0,'2012-01-28'),(7561,'g',0,'2012-01-29'),(7543,'g',0,'2012-03-01'),(7547,'g',0,'2012-03-01'),(7556,'g',0,'2012-01-29'),(7539,'g',0,'2012-03-01'),(7544,'g',0,'2012-03-01'),(7552,'g',0,'2012-03-01'),(7570,'g',0,'2012-03-01'),(7538,'g',0,'2012-01-31'),(7173,'g',0,'2012-03-01'),(6705,'g',0,'2012-03-01'),(7551,'g',0,'2012-02-01'),(7577,'g',0,'2012-02-01'),(7601,'g',0,'2012-02-01'),(7603,'g',0,'2012-02-03'),(7591,'g',0,'2012-02-03'),(7582,'g',0,'2012-02-03'),(7596,'g',0,'2012-02-03'),(7595,'g',0,'2012-02-03'),(7587,'g',0,'2012-02-03'),(6977,'g',0,'2012-02-04'),(6976,'g',0,'2012-02-04'),(6900,'g',0,'2012-02-04'),(7013,'g',0,'2012-02-04'),(6975,'g',0,'2012-02-04'),(7592,'g',0,'2012-02-04'),(7594,'g',0,'2012-02-04'),(7609,'g',0,'2012-02-04'),(7605,'g',0,'2012-02-04'),(7607,'g',0,'2012-02-04'),(7580,'g',0,'2012-02-04'),(7597,'g',0,'2012-02-04'),(7593,'g',0,'2012-02-04'),(7610,'g',0,'2012-02-04'),(7608,'g',0,'2012-02-04'),(7569,'g',0,'2012-02-06'),(7638,'g',0,'2012-02-07'),(7619,'g',0,'2012-02-07'),(7632,'g',0,'2012-02-08'),(7629,'g',0,'2012-02-09'),(7643,'g',0,'2012-02-10'),(158,'g',0,'2012-02-10'),(189,'g',0,'2012-02-10'),(161,'g',0,'2012-02-10'),(478,'g',0,'2012-02-11'),(7650,'g',0,'2012-02-11'),(7651,'g',0,'2012-02-11'),(7635,'g',0,'2012-02-11'),(7243,'g',0,'2012-02-11'),(7209,'g',0,'2012-02-11'),(7224,'g',0,'2012-02-11'),(7226,'g',0,'2012-02-11'),(7242,'g',0,'2012-02-11'),(7249,'g',0,'2012-02-11'),(7244,'g',0,'2012-02-11'),(7210,'g',0,'2012-02-11'),(7241,'g',0,'2012-02-11'),(7225,'g',0,'2012-02-11'),(7257,'g',0,'2012-02-12'),(7253,'g',0,'2012-02-12'),(7287,'g',0,'2012-02-12'),(7263,'g',0,'2012-02-12'),(7254,'g',0,'2012-02-12'),(7256,'g',0,'2012-02-12'),(7272,'g',0,'2012-02-12'),(7288,'g',0,'2012-02-12'),(7251,'g',0,'2012-02-12'),(7285,'g',0,'2012-02-12'),(7654,'g',0,'2012-02-12'),(7070,'g',0,'2012-02-12'),(7022,'g',0,'2012-02-12'),(7034,'g',0,'2012-02-12'),(7020,'g',0,'2012-02-12'),(7072,'g',0,'2012-02-12'),(7028,'g',0,'2012-02-12'),(7003,'g',0,'2012-02-12'),(7067,'g',0,'2012-02-12'),(7066,'g',0,'2012-02-12'),(7134,'g',0,'2012-02-12'),(7402,'g',0,'2012-02-12'),(7145,'g',0,'2012-02-12'),(7152,'g',0,'2012-02-12'),(7232,'g',0,'2012-02-12'),(7214,'g',0,'2012-02-12'),(7217,'g',0,'2012-02-12'),(7195,'g',0,'2012-02-12'),(7144,'g',0,'2012-02-12'),(7155,'g',0,'2012-02-12'),(7240,'g',0,'2012-02-12'),(7247,'g',0,'2012-02-12'),(7252,'g',0,'2012-02-12'),(7170,'g',0,'2012-02-12'),(7169,'g',0,'2012-02-12'),(7222,'g',0,'2012-02-12'),(7236,'g',0,'2012-02-12'),(7228,'g',0,'2012-02-12'),(7189,'g',0,'2012-02-12'),(7248,'g',0,'2012-02-12'),(7221,'g',0,'2012-02-12'),(7229,'g',0,'2012-02-12'),(7640,'g',0,'2012-02-13'),(7645,'g',0,'2012-02-13'),(7653,'g',0,'2012-02-13'),(7639,'g',0,'2012-02-13'),(7642,'g',0,'2012-02-13'),(7615,'g',0,'2012-02-13'),(7399,'g',0,'2012-02-15'),(7384,'g',0,'2012-02-15'),(7379,'g',0,'2012-02-15'),(7425,'g',0,'2012-02-15'),(7377,'g',0,'2012-02-15'),(7450,'g',0,'2012-02-15'),(7383,'g',0,'2012-02-15'),(7451,'g',0,'2012-02-15'),(7381,'g',0,'2012-02-15'),(7417,'g',0,'2012-02-15'),(7665,'g',0,'2012-02-15'),(6645,'g',0,'2012-02-15'),(6634,'g',0,'2012-02-15'),(6620,'g',0,'2012-02-15'),(6631,'g',0,'2012-02-15'),(6632,'g',0,'2012-02-15'),(6635,'g',0,'2012-02-15'),(6630,'g',0,'2012-02-15'),(6628,'g',0,'2012-02-15'),(6633,'g',0,'2012-02-15'),(6648,'g',0,'2012-02-15'),(6888,'g',0,'2012-02-15'),(7528,'g',0,'2012-02-15'),(6832,'g',0,'2012-02-15'),(6834,'g',0,'2012-02-15'),(6865,'g',0,'2012-02-15'),(6830,'g',0,'2012-02-15'),(6831,'g',0,'2012-02-15'),(6833,'g',0,'2012-02-15'),(6868,'g',0,'2012-02-15'),(6897,'g',0,'2012-02-15'),(6787,'g',0,'2012-02-15'),(6725,'g',0,'2012-02-15'),(6803,'g',0,'2012-02-15'),(6713,'g',0,'2012-02-15'),(6777,'g',0,'2012-02-15'),(6732,'g',0,'2012-02-15'),(6783,'g',0,'2012-02-15'),(6796,'g',0,'2012-02-15'),(6728,'g',0,'2012-02-15'),(6744,'g',0,'2012-02-15'),(6695,'g',0,'2012-02-15'),(6688,'g',0,'2012-02-15'),(6692,'g',0,'2012-02-15'),(6690,'g',0,'2012-02-15'),(6670,'g',0,'2012-02-15'),(6691,'g',0,'2012-02-15'),(6653,'g',0,'2012-02-15'),(7659,'g',0,'2012-02-15'),(6707,'g',0,'2012-02-15'),(6660,'g',0,'2012-02-15'),(6385,'g',0,'2012-02-15'),(6443,'g',0,'2012-02-15'),(6422,'g',0,'2012-02-15'),(6389,'g',0,'2012-02-15'),(6417,'g',0,'2012-02-15'),(6399,'g',0,'2012-02-15'),(7649,'g',0,'2012-02-15'),(6378,'g',0,'2012-02-15'),(6451,'g',0,'2012-02-15'),(6418,'g',0,'2012-02-15'),(6963,'g',0,'2012-02-15'),(6966,'g',0,'2012-02-15'),(6970,'g',0,'2012-02-15'),(6968,'g',0,'2012-02-15'),(6969,'g',0,'2012-02-15'),(6931,'g',0,'2012-02-15'),(6952,'g',0,'2012-02-15'),(6937,'g',0,'2012-02-15'),(6906,'g',0,'2012-02-15'),(6967,'g',0,'2012-02-15'),(7153,'g',0,'2012-02-15'),(7133,'g',0,'2012-02-15'),(7218,'g',0,'2012-02-15'),(7220,'g',0,'2012-02-15'),(7230,'g',0,'2012-02-15'),(7191,'g',0,'2012-02-15'),(7132,'g',0,'2012-02-15'),(7129,'g',0,'2012-02-15'),(7273,'g',0,'2012-02-15'),(7154,'g',0,'2012-02-15'),(6457,'g',0,'2012-02-15'),(6502,'g',0,'2012-02-15'),(6484,'g',0,'2012-02-15'),(6487,'g',0,'2012-02-15'),(6514,'g',0,'2012-02-15'),(6463,'g',0,'2012-02-15'),(6464,'g',0,'2012-02-15'),(6501,'g',0,'2012-02-15'),(6504,'g',0,'2012-02-15'),(6503,'g',0,'2012-02-15'),(7337,'g',0,'2012-02-15'),(6354,'g',0,'2012-02-15'),(6367,'g',0,'2012-02-15'),(7364,'g',0,'2012-02-15'),(6350,'g',0,'2012-02-15'),(7311,'g',0,'2012-02-15'),(6356,'g',0,'2012-02-15'),(7373,'g',0,'2012-02-15'),(7338,'g',0,'2012-02-15'),(6361,'g',0,'2012-02-15'),(7030,'g',0,'2012-02-15'),(6981,'g',0,'2012-02-15'),(7037,'g',0,'2012-02-15'),(6978,'g',0,'2012-02-15'),(7054,'g',0,'2012-02-15'),(6980,'g',0,'2012-02-15'),(7053,'g',0,'2012-02-15'),(7040,'g',0,'2012-02-15'),(6982,'g',0,'2012-02-15'),(7029,'g',0,'2012-02-15'),(7655,'g',0,'2012-02-16'),(7630,'g',0,'2012-02-16'),(7588,'g',0,'2012-02-16'),(7611,'g',0,'2012-02-16'),(7099,'g',0,'2012-02-17'),(7114,'g',0,'2012-02-17'),(7128,'g',0,'2012-02-17'),(7116,'g',0,'2012-02-17'),(7095,'g',0,'2012-02-17'),(7122,'g',0,'2012-02-17'),(7058,'g',0,'2012-02-17'),(7526,'g',0,'2012-02-17'),(7107,'g',0,'2012-02-17'),(7117,'g',0,'2012-02-17'),(7670,'g',0,'2012-02-18'),(7669,'g',0,'2012-02-18'),(7124,'g',0,'2012-02-19'),(7056,'g',0,'2012-02-19'),(7314,'g',0,'2012-02-19'),(6387,'g',0,'2012-02-19'),(6809,'g',0,'2012-02-19'),(6702,'g',0,'2012-02-20'),(6899,'g',0,'2012-02-20'),(7262,'g',0,'2012-02-20'),(7239,'g',0,'2012-02-20'),(6673,'g',0,'2012-02-20'),(7289,'g',0,'2012-02-20'),(7025,'g',0,'2012-02-20'),(7156,'g',0,'2012-02-20'),(6848,'g',0,'2012-02-20'),(7139,'g',0,'2012-02-20'),(6850,'g',0,'2012-02-20'),(6846,'g',0,'2012-02-20'),(7109,'g',0,'2012-02-20'),(7082,'g',0,'2012-02-20'),(7641,'g',0,'2012-02-20'),(7616,'g',0,'2012-02-20'),(6637,'g',0,'2012-02-20'),(6951,'g',0,'2012-02-20'),(6991,'g',0,'2012-02-20'),(6774,'g',0,'2012-02-20'),(6488,'g',0,'2012-02-20'),(6531,'g',0,'2012-02-20'),(6808,'g',0,'2012-02-20'),(456,'g',0,'2012-02-20'),(7137,'g',0,'2012-02-20'),(6878,'g',0,'2012-02-20'),(7113,'g',0,'2012-02-20'),(6847,'g',0,'2012-02-20'),(7048,'g',0,'2012-02-20'),(7045,'g',0,'2012-02-20'),(6843,'g',0,'2012-02-20'),(6841,'g',0,'2012-02-20'),(7049,'g',0,'2012-02-20'),(6844,'g',0,'2012-02-20'),(7024,'g',0,'2012-02-20'),(6856,'g',0,'2012-02-20'),(6426,'g',0,'2012-02-20'),(6608,'g',0,'2012-02-20'),(6948,'g',0,'2012-02-20'),(7410,'g',0,'2012-02-20'),(6990,'g',0,'2012-02-20'),(6994,'g',0,'2012-02-20'),(6649,'g',0,'2012-02-20'),(7065,'g',0,'2012-02-20'),(6716,'g',0,'2012-02-20'),(7076,'g',0,'2012-02-20'),(6552,'g',0,'2012-02-20'),(6576,'g',0,'2012-02-20'),(7002,'g',0,'2012-02-20'),(6629,'g',0,'2012-02-20'),(6845,'g',0,'2012-02-20'),(6812,'g',0,'2012-02-20'),(6404,'g',0,'2012-02-20'),(6582,'g',0,'2012-02-20'),(6811,'g',0,'2012-02-20'),(6775,'g',0,'2012-02-20'),(6864,'g',0,'2012-02-20'),(7353,'g',0,'2012-02-20'),(7276,'g',0,'2012-02-20'),(6455,'g',0,'2012-02-20'),(6452,'g',0,'2012-02-20'),(7512,'g',0,'2012-02-20'),(6964,'g',0,'2012-02-20'),(6891,'g',0,'2012-02-20'),(6678,'g',0,'2012-02-20'),(6995,'g',0,'2012-02-20'),(6449,'g',0,'2012-02-20'),(6880,'g',0,'2012-02-20'),(7245,'g',0,'2012-02-20'),(6879,'g',0,'2012-02-20'),(7015,'g',0,'2012-02-20'),(7016,'g',0,'2012-02-20'),(6849,'g',0,'2012-02-20'),(7021,'g',0,'2012-02-20'),(7046,'g',0,'2012-02-20'),(7062,'g',0,'2012-02-20'),(7092,'g',0,'2012-02-20'),(7233,'g',0,'2012-02-20'),(7548,'g',0,'2012-02-20'),(7027,'g',0,'2012-02-20'),(6911,'g',0,'2012-02-20'),(7026,'g',0,'2012-02-20'),(6863,'g',0,'2012-02-20'),(6599,'g',0,'2012-02-20'),(6890,'g',0,'2012-02-20'),(6589,'g',0,'2012-02-20'),(7004,'g',0,'2012-02-20'),(6962,'g',0,'2012-02-20'),(6557,'g',0,'2012-02-20'),(6946,'g',0,'2012-02-20'),(6947,'g',0,'2012-02-20'),(6912,'g',0,'2012-02-20'),(6909,'g',0,'2012-02-20'),(6499,'g',0,'2012-02-20'),(7522,'g',0,'2012-02-20'),(7516,'g',0,'2012-02-20'),(6518,'g',0,'2012-02-20'),(7246,'g',0,'2012-02-20'),(7032,'g',0,'2012-02-20'),(7275,'g',0,'2012-02-20'),(6700,'g',0,'2012-02-20'),(6506,'g',0,'2012-02-21'),(6936,'g',0,'2012-02-21'),(6370,'g',0,'2012-02-21'),(6380,'g',0,'2012-02-21'),(7546,'g',0,'2012-02-21'),(6715,'g',0,'2012-02-21'),(7461,'g',0,'2012-02-21'),(6887,'g',0,'2012-02-21'),(7014,'g',0,'2012-02-21'),(7260,'g',0,'2012-02-21'),(6852,'g',0,'2012-02-21'),(6854,'g',0,'2012-02-21'),(7085,'g',0,'2012-02-21'),(6737,'g',0,'2012-02-21'),(7235,'g',0,'2012-02-21'),(6397,'g',0,'2012-02-21'),(7102,'g',0,'2012-02-21'),(7672,'g',0,'2012-02-21'),(6932,'g',0,'2012-02-21'),(6881,'g',0,'2012-02-21'),(7283,'g',0,'2012-02-21'),(6989,'g',0,'2012-02-21'),(7111,'g',0,'2012-02-21'),(7097,'g',0,'2012-02-21'),(7400,'g',0,'2012-02-21'),(6933,'g',0,'2012-02-21'),(6942,'g',0,'2012-02-21'),(6553,'g',0,'2012-02-21'),(6659,'g',0,'2012-02-21'),(6871,'g',0,'2012-02-21'),(7378,'g',0,'2012-02-21'),(7238,'g',0,'2012-02-21'),(6853,'g',0,'2012-02-21'),(7081,'g',0,'2012-02-21'),(6646,'g',0,'2012-02-21'),(6882,'g',0,'2012-02-21'),(6984,'g',0,'2012-02-21'),(6814,'g',0,'2012-02-21'),(6741,'g',0,'2012-02-21'),(6836,'g',0,'2012-02-21'),(6813,'g',0,'2012-02-21'),(6469,'g',0,'2012-02-21'),(6652,'g',0,'2012-02-21'),(6750,'g',0,'2012-02-21'),(6623,'g',0,'2012-02-21'),(6687,'g',0,'2012-02-21'),(7312,'g',0,'2012-02-21'),(6818,'g',0,'2012-02-21'),(6828,'g',0,'2012-02-21'),(7348,'g',0,'2012-02-21'),(6614,'g',0,'2012-02-21'),(6694,'g',0,'2012-02-21'),(6424,'g',0,'2012-02-21'),(7657,'g',0,'2012-02-21'),(7431,'g',0,'2012-02-21'),(7127,'g',0,'2012-02-21'),(7438,'g',0,'2012-02-21'),(7627,'g',0,'2012-02-21'),(7565,'g',0,'2012-02-21'),(7237,'g',0,'2012-02-21'),(7606,'g',0,'2012-02-21'),(6820,'g',0,'2012-02-21'),(7413,'g',0,'2012-02-21'),(6527,'g',0,'2012-02-21'),(7618,'g',0,'2012-02-21'),(6516,'g',0,'2012-02-21'),(7019,'g',0,'2012-02-21'),(7075,'g',0,'2012-02-21'),(6929,'g',0,'2012-02-21'),(6945,'g',0,'2012-02-21'),(7130,'g',0,'2012-02-21'),(6613,'g',0,'2012-02-21'),(6617,'g',0,'2012-02-21'),(6939,'g',0,'2012-02-21'),(6886,'g',0,'2012-02-21'),(6714,'g',0,'2012-02-21'),(6590,'g',0,'2012-02-21'),(6410,'g',0,'2012-02-21'),(6573,'g',0,'2012-02-21'),(6572,'g',0,'2012-02-21'),(6532,'g',0,'2012-02-21'),(6542,'g',0,'2012-02-21'),(6857,'g',0,'2012-02-21'),(7281,'g',0,'2012-02-21'),(7277,'g',0,'2012-02-21'),(6602,'g',0,'2012-02-21'),(6592,'g',0,'2012-02-21'),(6579,'g',0,'2012-02-21'),(6586,'g',0,'2012-02-21'),(7430,'g',0,'2012-02-21'),(6414,'g',0,'2012-02-21'),(7664,'g',0,'2012-02-21'),(7284,'g',0,'2012-02-21'),(6638,'g',0,'2012-02-21'),(6568,'g',0,'2012-02-21'),(6530,'g',0,'2012-02-22'),(103,'g',0,'2012-02-22'),(6529,'g',0,'2012-02-22'),(7286,'g',0,'2012-02-22'),(7292,'g',0,'2012-02-22'),(7294,'g',0,'2012-02-22'),(7296,'g',0,'2012-02-22'),(7613,'g',0,'2012-02-23'),(7652,'g',0,'2012-02-23'),(7658,'g',0,'2012-02-23'),(7667,'g',0,'2012-02-23'),(6733,'g',0,'2012-02-24'),(7671,'g',0,'2012-02-25'),(6839,'g',0,'2012-02-26'),(7673,'g',0,'2012-02-28'),(7679,'g',0,'2012-03-01'),(7693,'g',0,'2012-03-01'),(7707,'g',0,'2012-03-01'),(7700,'g',0,'2012-03-01'),(7698,'g',0,'2012-03-01'),(7712,'g',0,'2012-03-01'),(381,'g',0,'2012-03-01'),(374,'g',0,'2012-03-01'),(367,'g',0,'2012-03-01'),(386,'g',0,'2012-03-01'),(368,'g',0,'2012-03-01'),(401,'g',0,'2012-03-01'),(392,'g',0,'2012-03-01'),(390,'g',0,'2012-03-01'),(7696,'g',0,'2012-03-01'),(6470,'g',0,'2012-03-01'),(6508,'g',0,'2012-03-01'),(6505,'g',0,'2012-03-01'),(6543,'g',0,'2012-03-01'),(6511,'g',0,'2012-03-01'),(6520,'g',0,'2012-03-01'),(7270,'g',0,'2012-03-01'),(50,'g',0,'2012-03-01'),(68,'g',0,'2012-03-01'),(53,'g',0,'2012-03-01'),(54,'g',0,'2012-03-01'),(357,'g',0,'2012-03-01'),(304,'g',0,'2012-03-01'),(370,'g',0,'2012-03-01'),(51,'g',0,'2012-03-01'),(52,'g',0,'2012-03-01'),(352,'g',0,'2012-03-01'),(7576,'g',0,'2012-03-01'),(7620,'g',0,'2012-03-01'),(7602,'g',0,'2012-03-01'),(7626,'g',0,'2012-03-01'),(7517,'g',0,'2012-03-01'),(7466,'g',0,'2012-03-01'),(7493,'g',0,'2012-03-01'),(7600,'g',0,'2012-03-01'),(7510,'g',0,'2012-03-01'),(7433,'g',0,'2012-03-01'),(128,'g',0,'2012-03-05');

--
-- Table structure for table `idx_paid_listing`
--

CREATE TABLE `idx_paid_listing` (
  `link_id` mediumint(9) unsigned NOT NULL DEFAULT '0',
  `premium` char(1) DEFAULT NULL,
  `sponsored` char(1) DEFAULT NULL,
  `expire` datetime DEFAULT NULL,
  `paid` char(1) DEFAULT NULL,
  PRIMARY KEY (`link_id`)
) ENGINE=MyISAM DEFAULT CHARSET=latin1;

--
-- Dumping data for table `idx_paid_listing`
--


--
-- Table structure for table `idx_payment_gateway`
--

CREATE TABLE `idx_payment_gateway` (
  `payment_gateway_id` int(11) NOT NULL AUTO_INCREMENT,
  `name` varchar(100) DEFAULT NULL,
  `enable` char(1) DEFAULT NULL,
  `setting` text,
  `invoice_html` text,
  PRIMARY KEY (`payment_gateway_id`)
) ENGINE=MyISAM AUTO_INCREMENT=9 DEFAULT CHARSET=latin1;

--
-- Dumping data for table `idx_payment_gateway`
--

INSERT INTO `idx_payment_gateway` VALUES (1,'paypal','1','a:2:{s:13:\"payment_email\";s:0:\"\";s:21:\"enable_paypal_sandbox\";s:1:\"0\";}','<p> \r\n	<a href=\'paynow.php?id={$invoice_id}&m=paypal\'><img src=\'http://www.paypal.com/images/x-click-but02.gif\' border=\'0\' alt=\'Make payments with PayPal - it is fast, free and secure!\' /></a> \r\n</p>\r\n'),(2,'2co','0','a:6:{s:6:\"co_sid\";s:5:\"84932\";s:9:\"co_secret\";s:5:\"tango\";s:12:\"co_recurring\";s:1:\"0\";s:9:\"co_prod_1\";s:6:\"100.00\";s:9:\"co_prod_2\";s:6:\"250.00\";s:9:\"co_prod_3\";s:6:\"400.00\";}','<p>\r\n<a href=\'paynow.php?id={$invoice_id}&m=2co\'><img src=\'http://www.2checkout.com/images/overview/btns/25.jpg\' alt=\'Pay Now with 2checkout...\' border=\'0\' /></a> \r\n</p>'),(3,'authorizenet','0','a:2:{s:21:\"authorizenet_login_id\";s:0:\"\";s:21:\"authorizenet_tran_key\";s:0:\"\";}','<p> \r\n<a href=\'paynow.php?id={$invoice_id}&m=authorizenet\'><img src=\'http://www.authorize.net/upload/images/Images/Header/authorizenet_logo.gif\' alt=\'Pay Now with Authorize.Net...\' width=\'99\' height=\'39\' style=\'{border : 1px solid #c0c0c0;}\' /></a>\r\n</p>'),(4,'egold','0','a:2:{s:19:\"egold_payee_account\";s:0:\"\";s:16:\"egold_payee_name\";s:0:\"\";}','<p> \r\n<a href=\'paynow.php?id={$invoice_id}&m=egold\'>\r\n<img src=\'http://www.e-gold.com/gif/paywith.gif\' border=\'0\' alt=\'Pay Now with e-gold...\' />\r\n</a>\r\n</p>'),(5,'moneybookers','0','a:1:{s:18:\"moneybookers_email\";s:0:\"\";}','<p> \r\n<a href=\'paynow.php?id={$invoice_id}&m=paypal\'><img src=\'http://www.moneybookers.com/images/banners/88_en_mb.gif\' border=\'0\' alt=\'Make payments with Moneybookers - it is fast, free and secure!\' /></a> \r\n</p>'),(6,'paypal-subscriptions','0','a:2:{s:13:\"payment_email\";s:0:\"\";s:21:\"enable_paypal_sandbox\";s:1:\"0\";}','<p> \r\n<a href=\'paynow.php?id={$invoice_id}&m=paypal\'><img src=\'https://www.paypal.com/en_US/i/btn/x-click-but20.gif\' border=\'0\' alt=\'Make payments with PayPal - it is fast, free and secure!\' /></a> \r\n</p>'),(7,'alertpay','0','a:2:{s:14:\"alertpay_email\";s:0:\"\";s:23:\"enable_alertpay_sandbox\";s:1:\"0\";}','<p> \r\n<a href=\'paynow.php?id={$invoice_id}&m=alertpay\'>\r\n<img src=\'https://www.alertpay.com/Images/BuyNow/pay_now_3.gif\' border=\'0\' alt=\'Make payments with PayPal - it is fast, free and secure!\' /></a> \r\n</p>'),(8,'alertpay-subcriptions','0','a:2:{s:14:\"alertpay_email\";s:0:\"\";s:23:\"enable_alertpay_sandbox\";s:1:\"0\";}','<p>\r\n<a href=\'paynow.php?id={$invoice_id}&m=alertpay-subcriptions\'>\r\n<img src=\'https://www.alertpay.com/Images/BuyNow/subscribe_now_15.gif\' border=\'0\' alt=\'Make payments with Alert Pay - it is fast, free and secure!\' /></a> \r\n</p>');

--
-- Table structure for table `idx_payment_history`
--

CREATE TABLE `idx_payment_history` (
  `payment_id` int(10) unsigned NOT NULL AUTO_INCREMENT,
  `contact_name` varchar(255) DEFAULT NULL,
  `email` varchar(255) DEFAULT NULL,
  `type` varchar(255) DEFAULT NULL,
  `detail` text,
  `amount` double DEFAULT NULL,
  `time` datetime DEFAULT NULL,
  `invoice_id` varchar(10) DEFAULT NULL,
  PRIMARY KEY (`payment_id`)
) ENGINE=MyISAM DEFAULT CHARSET=latin1;

--
-- Dumping data for table `idx_payment_history`
--


--
-- Table structure for table `idx_pl_sociable`
--

CREATE TABLE `idx_pl_sociable` (
  `sb_id` int(11) NOT NULL AUTO_INCREMENT,
  `sb_name` varchar(255) CHARACTER SET utf8 DEFAULT NULL,
  `sb_url` varchar(255) CHARACTER SET utf8 DEFAULT NULL,
  `sb_icon` varchar(255) CHARACTER SET utf8 DEFAULT NULL,
  `sb_enable` char(1) CHARACTER SET utf8 DEFAULT '0',
  PRIMARY KEY (`sb_id`)
) ENGINE=MyISAM AUTO_INCREMENT=90 DEFAULT CHARSET=latin1;

--
-- Dumping data for table `idx_pl_sociable`
--

INSERT INTO `idx_pl_sociable` VALUES (1,'BarraPunto','http://barrapunto.com/submit.pl?subj=TITLE&amp;story=PERMALINK','barrapunto.png','0'),(2,'Bitacoras.com','http://bitacoras.com/anotaciones/PERMALINK','bitacoras.png','0'),(3,'BlinkList','http://www.blinklist.com/index.php?Action=Blink/addblink.php&amp;Url=PERMALINK&amp;Title=TITLE','blinklist.png','0'),(4,'blogmarks','http://blogmarks.net/my/new.php?mini=1&amp;simple=1&amp;url=PERMALINK&amp;title=TITLE','blogmarks.png','0'),(5,'Blogosphere News','http://www.blogospherenews.com/submit.php?url=PERMALINK&amp;title=TITLE','blogospherenews.png','0'),(6,'blogtercimlap','http://cimlap.blogter.hu/index.php?action=suggest_link&amp;title=TITLE&amp;url=PERMALINK','blogter.png','0'),(7,'Faves','http://faves.com/Authoring.aspx?u=PERMALINK&amp;title=TITLE','bluedot.png','0'),(8,'connotea','http://www.connotea.org/addpopup?continue=confirm&amp;uri=PERMALINK&amp;title=TITLE&amp;description=EXCERPT','connotea.png','0'),(9,'Current','http://current.com/clipper.htm?url=PERMALINK&amp;title=TITLE','current.png','0'),(10,'del.icio.us','http://delicious.com/post?url=PERMALINK&amp;title=TITLE&amp;notes=EXCERPT','delicious.png','0'),(11,'Digg','http://digg.com/submit?phase=2&amp;url=PERMALINK&amp;title=TITLE&amp;bodytext=EXCERPT','digg.png','1'),(12,'Diigo','http://www.diigo.com/post?url=PERMALINK&amp;title=TITLE','diigo.png','0'),(13,'DotNetKicks','http://www.dotnetkicks.com/kick/?url=PERMALINK&amp;title=TITLE','dotnetkicks.png','0'),(14,'DZone','http://www.dzone.com/links/add.html?url=PERMALINK&amp;title=TITLE','dzone.png','0'),(15,'eKudos','http://www.ekudos.nl/artikel/nieuw?url=PERMALINK&amp;title=TITLE&amp;desc=EXCERPT','ekudos.png','0'),(16,'email','mailto:?subject=TITLE&amp;body=PERMALINK','email_link.png','0'),(17,'Facebook','http://www.facebook.com/share.php?u=PERMALINK&amp;t=TITLE','facebook.png','1'),(18,'Fark','http://cgi.fark.com/cgi/fark/farkit.pl?h=TITLE&amp;u=PERMALINK','fark.png','0'),(19,'Fleck','http://beta3.fleck.com/bookmarklet.php?url=PERMALINK&amp;title=TITLE','fleck.png','0'),(20,'FriendFeed','http://www.friendfeed.com/share?title=TITLE&amp;link=PERMALINK','friendfeed.png','0'),(21,'FSDaily','http://www.fsdaily.com/submit?url=PERMALINK&amp;title=TITLE','fsdaily.png','0'),(22,'Global Grind','http://globalgrind.com/submission/submit.aspx?url=PERMALINK&amp;type=Article&amp;title=TITLE','globalgrind.png','0'),(23,'Google','http://www.google.com/bookmarks/mark?op=edit&amp;bkmk=PERMALINK&amp;title=TITLE&amp;annotation=EXCERPT','googlebookmark.png','0'),(24,'Gwar','http://www.gwar.pl/DodajGwar.html?u=PERMALINK','gwar.png','0'),(25,'HackerNews','http://news.ycombinator.com/submitlink?u=PERMALINK&amp;t=TITLE','hackernews.png','0'),(26,'Haohao','http://www.haohaoreport.com/submit.php?url=PERMALINK&amp;title=TITLE','haohao.png','0'),(27,'HealthRanker','http://healthranker.com/submit.php?url=PERMALINK&amp;title=TITLE','healthranker.png','0'),(28,'HelloTxt','http://hellotxt.com/?status=TITLE+PERMALINK','hellotxt.png','0'),(29,'Hemidemi','http://www.hemidemi.com/user_bookmark/new?title=TITLE&amp;url=PERMALINK','hemidemi.png','0'),(30,'Hyves','http://www.hyves.nl/profilemanage/add/tips/?name=TITLE&amp;text=EXCERPT+PERMALINK&amp;rating=5','hyves.png','0'),(31,'Identi.ca','http://identi.ca/notice/new?status_textarea=PERMALINK','identica.png','0'),(32,'IndianPad','http://www.indianpad.com/submit.php?url=PERMALINK','indianpad.png','0'),(33,'Internetmedia','http://internetmedia.hu/submit.php?url=PERMALINK','im.png','0'),(34,'Kirtsy','http://www.kirtsy.com/submit.php?url=PERMALINK&amp;title=TITLE','kirtsy.png','0'),(35,'laaik.it','http://laaik.it/NewStoryCompact.aspx?uri=PERMALINK&amp;headline=TITLE&amp;cat=5e082fcc-8a3b-47e2-acec-fdf64ff19d12','laaikit.png','0'),(36,'LinkArena','http://linkarena.com/bookmarks/addlink/?url=PERMALINK&amp;title=TITLE','linkarena.png','0'),(37,'LinkaGoGo','http://www.linkagogo.com/go/AddNoPopup?url=PERMALINK&amp;title=TITLE','linkagogo.png','0'),(38,'LinkedIn','http://www.linkedin.com/shareArticle?mini=true&amp;url=PERMALINK&amp;title=TITLE&amp;source=BLOGNAME&amp;summary=EXCERPT','linkedin.png','0'),(39,'Linkter','http://www.linkter.hu/index.php?action=suggest_link&amp;url=PERMALINK&amp;title=TITLE','linkter.png','0'),(40,'Live','https://favorites.live.com/quickadd.aspx?marklet=1&amp;url=PERMALINK&amp;title=TITLE','live.png','0'),(41,'Meneame','http://meneame.net/submit.php?url=PERMALINK','meneame.png','0'),(42,'MisterWong','http://www.mister-wong.com/addurl/?bm_url=PERMALINK&amp;bm_description=TITLE&amp;plugin=soc','misterwong.png','0'),(43,'MisterWong.DE','http://www.mister-wong.de/addurl/?bm_url=PERMALINK&amp;bm_description=TITLE&amp;plugin=soc','misterwong.png','0'),(44,'Mixx','http://www.mixx.com/submit?page_url=PERMALINK&amp;title=TITLE','mixx.png','0'),(45,'muti','http://www.muti.co.za/submit?url=PERMALINK&amp;title=TITLE','muti.png','0'),(46,'MyShare','http://myshare.url.com.tw/index.php?func=newurl&amp;url=PERMALINK&amp;desc=TITLE','myshare.png','0'),(47,'MySpace','http://www.myspace.com/Modules/PostTo/Pages/?u=PERMALINK&amp;t=TITLE','myspace.png','0'),(48,'MSNReporter','http://reporter.nl.msn.com/?fn=contribute&amp;Title=TITLE&amp;URL=PERMALINK&amp;cat_id=6&amp;tag_id=31&amp;Remark=EXCERPT','msnreporter.png','0'),(49,'N4G','http://www.n4g.com/tips.aspx?url=PERMALINK&amp;title=TITLE','n4g.png','0'),(50,'Netvibes','http://www.netvibes.com/share?title=TITLE&amp;url=PERMALINK','netvibes.png','0'),(51,'NewsVine','http://www.newsvine.com/_tools/seed&amp;save?u=PERMALINK&amp;h=TITLE','newsvine.png','0'),(52,'Netvouz','http://www.netvouz.com/action/submitBookmark?url=PERMALINK&amp;title=TITLE&amp;popup=no','netvouz.png','0'),(53,'NuJIJ','http://nujij.nl/jij.lynkx?t=TITLE&amp;u=PERMALINK&amp;b=EXCERPT','nujij.png','0'),(54,'Ping.fm','http://ping.fm/ref/?link=PERMALINK&amp;title=TITLE&amp;body=EXCERPT','ping.png','0'),(55,'Posterous','http://posterous.com/share?linkto=PERMALINK&amp;title=TITLE&amp;selection=EXCERPT','posterous.png','0'),(56,'PDF','http://www.printfriendly.com/print?url=PERMALINK&amp;partner=sociable','pdf.png','0'),(57,'Print','http://www.printfriendly.com/print?url=PERMALINK&amp;partner=sociable','printfriendly.png','0'),(58,'Propeller','http://www.propeller.com/submit/?url=PERMALINK','propeller.png','0'),(59,'Ratimarks','http://ratimarks.org/bookmarks.php/?action=add&address=PERMALINK&amp;title=TITLE','ratimarks.png','0'),(60,'Rec6','http://rec6.via6.com/link.php?url=PERMALINK&amp;=TITLE','rec6.png','0'),(61,'Reddit','http://reddit.com/submit?url=PERMALINK&amp;title=TITLE','reddit.png','0'),(62,'RSS','FEEDLINK','rss.png','0'),(63,'Scoopeo','http://www.scoopeo.com/scoop/new?newurl=PERMALINK&amp;title=TITLE','scoopeo.png','0'),(64,'Segnalo','http://segnalo.alice.it/post.html.php?url=PERMALINK&amp;title=TITLE','segnalo.png','0'),(65,'Simpy','http://www.simpy.com/simpy/LinkAdd.do?href=PERMALINK&amp;title=TITLE','simpy.png','0'),(66,'Slashdot','http://slashdot.org/bookmark.pl?title=TITLE&amp;url=PERMALINK','slashdot.png','0'),(67,'Socialogs','http://socialogs.com/add_story.php?story_url=PERMALINK&amp;story_title=TITLE','socialogs.png','0'),(68,'SphereIt','http://www.sphere.com/search?q=sphereit:PERMALINK&amp;title=TITLE','sphere.png','0'),(69,'Sphinn','http://sphinn.com/index.php?c=post&amp;m=submit&amp;link=PERMALINK','sphinn.png','0'),(70,'StumbleUpon','http://www.stumbleupon.com/submit?url=PERMALINK&amp;title=TITLE','stumbleupon.png','0'),(71,'Techmeme','http://twitter.com/home/?status=tip%20@Techmeme%20PERMALINK%20TITLE','techmeme.png','0'),(72,'Technorati','http://technorati.com/faves?add=PERMALINK','technorati.png','1'),(73,'ThisNext','http://www.thisnext.com/pick/new/submit/sociable/?url=PERMALINK&amp;name=TITLE','thisnext.png','0'),(74,'Tipd','http://tipd.com/submit.php?url=PERMALINK','tipd.png','0'),(75,'Tumblr','http://www.tumblr.com/share?v=3&amp;u=PERMALINK&amp;t=TITLE&amp;s=EXCERPT','tumblr.png','0'),(76,'Twitter','http://twitter.com/home?status=TITLE%20-%20PERMALINK','twitter.png','1'),(77,'Upnews','http://www.upnews.it/submit?url=PERMALINK&amp;title=TITLE','upnews.png','0'),(78,'Webnews.de','http://www.webnews.de/einstellen?url=PERMALINK&amp;title=TITLE','webnews.png','0'),(79,'Webride','http://webride.org/discuss/split.php?uri=PERMALINK&amp;title=TITLE','webride.png','0'),(80,'Wikio','http://www.wikio.com/vote?url=PERMALINK','wikio.png','0'),(81,'Wikio FR','http://www.wikio.fr/vote?url=PERMALINK','wikio.png','0'),(82,'Wikio IT','http://www.wikio.it/vote?url=PERMALINK','wikio.png','0'),(83,'Wists','http://wists.com/s.php?c=&amp;r=PERMALINK&amp;title=TITLE','wists.png','0'),(84,'Wykop','http://www.wykop.pl/dodaj?url=PERMALINK','wykop.png','0'),(85,'Xerpi','http://www.xerpi.com/block/add_link_from_extension?url=PERMALINK&amp;title=TITLE','xerpi.png','0'),(86,'YahooBuzz','http://buzz.yahoo.com/submit/?submitUrl=PERMALINK&amp;submitHeadline=TITLE&amp;submitSummary=EXCERPT&amp;submitCategory=science&amp;submitAssetType=text','yahoobuzz.png','0'),(87,'Yahoo! Bookmarks','http://bookmarks.yahoo.com/toolbar/savebm?u=PERMALINK&amp;t=TITLE&opener=bm&amp;ei=UTF-8&amp;d=EXCERPT','yahoomyweb.png','0'),(88,'Yigg','http://yigg.de/neu?exturl=PERMALINK&amp;exttitle=TITLE','yiggit.png','0'),(89,'Blogplay','http://blogplay.com','blogplay.png','0');

--
-- Table structure for table `idx_pl_twitter_account`
--

CREATE TABLE `idx_pl_twitter_account` (
  `ck` varchar(255) CHARACTER SET utf8 DEFAULT NULL,
  `cs` varchar(255) CHARACTER SET utf8 DEFAULT NULL,
  `at` varchar(255) CHARACTER SET utf8 DEFAULT NULL,
  `ats` varchar(255) CHARACTER SET utf8 DEFAULT NULL
) ENGINE=MyISAM DEFAULT CHARSET=latin1;

--
-- Dumping data for table `idx_pl_twitter_account`
--

INSERT INTO `idx_pl_twitter_account` VALUES ('','','','');

--
-- Table structure for table `idx_plugin`
--

CREATE TABLE `idx_plugin` (
  `plugin_id` int(11) NOT NULL AUTO_INCREMENT,
  `name` varchar(255) DEFAULT NULL,
  `plugin_file` varchar(255) DEFAULT NULL,
  `status` enum('0','1') DEFAULT NULL,
  `option_plugin` text,
  PRIMARY KEY (`plugin_id`)
) ENGINE=MyISAM AUTO_INCREMENT=3 DEFAULT CHARSET=latin1;

--
-- Dumping data for table `idx_plugin`
--

INSERT INTO `idx_plugin` VALUES (1,'AutoTweet','twitter_auto_tweet/twitter_auto_tweet.php','1',NULL),(2,'Sociable','sociable/sociable.php','1',NULL);

--
-- Table structure for table `idx_review`
--

CREATE TABLE `idx_review` (
  `review_id` mediumint(9) unsigned NOT NULL AUTO_INCREMENT,
  `link_id` mediumint(9) unsigned NOT NULL DEFAULT '0',
  `review` text NOT NULL,
  `rating` tinyint(3) unsigned NOT NULL DEFAULT '0',
  `date` date NOT NULL DEFAULT '0000-00-00',
  `subject` varchar(100) DEFAULT NULL,
  `status` char(1) DEFAULT NULL,
  `username` varchar(20) DEFAULT NULL,
  `name` varchar(20) DEFAULT NULL,
  `email` varchar(100) DEFAULT NULL,
  PRIMARY KEY (`review_id`)
) ENGINE=MyISAM DEFAULT CHARSET=latin1;

--
-- Dumping data for table `idx_review`
--


--
-- Table structure for table `idx_searchlog`
--

CREATE TABLE `idx_searchlog` (
  `keyword` varchar(100) NOT NULL DEFAULT '',
  `time` datetime NOT NULL DEFAULT '0000-00-00 00:00:00',
  `result` mediumint(9) unsigned DEFAULT NULL,
  `ip` varchar(100) DEFAULT NULL
) ENGINE=MyISAM DEFAULT CHARSET=latin1;

--
-- Dumping data for table `idx_searchlog`
--


--
-- Table structure for table `idx_set_hook_place`
--

CREATE TABLE `idx_set_hook_place` (
  `set_hook_place_id` int(11) NOT NULL AUTO_INCREMENT,
  `plugin` varchar(255) DEFAULT NULL,
  `set_hook_place` text,
  PRIMARY KEY (`set_hook_place_id`)
) ENGINE=MyISAM DEFAULT CHARSET=latin1;

--
-- Dumping data for table `idx_set_hook_place`
--


--
-- Table structure for table `idx_setting`
--

CREATE TABLE `idx_setting` (
  `setting_id` int(11) NOT NULL AUTO_INCREMENT,
  `setting_name` varchar(255) DEFAULT NULL,
  `setting_value` text,
  PRIMARY KEY (`setting_id`)
) ENGINE=MyISAM AUTO_INCREMENT=55 DEFAULT CHARSET=latin1;

--
-- Dumping data for table `idx_setting`
--

INSERT INTO `idx_setting` VALUES (4,'site_name','biigo.org'),(5,'site_url','http://biigo.org'),(6,'email_address','britneys.dantin@gmail.com'),(7,'language_code','en_US'),(8,'theme_path','/home/biigo/public_html/themes/'),(9,'admin_template_path','/home/biigo/public_html/admin_tpl/'),(10,'plugin_path','/home/biigo/public_html/plugin/'),(12,'active_theme','_biigo'),(14,'spam_proof','1'),(15,'enable_user_validation','1'),(16,'allowed_file_extension','gif,jpg,png,pdf,zip,doc'),(17,'yahoo_appid',''),(18,'whosonline','600'),(19,'reciprocal_check','0'),(20,'urlcheck_limit','1'),(21,'pagerank_cache','30'),(22,'max_image_width','1024'),(23,'max_image_height','756'),(24,'max_file_size','500'),(25,'only_registered_can_add_link','0'),(26,'only_registered_can_add_review','0'),(27,'db_use_persistent','0'),(28,'paid_link_day_period','30,60,90,180'),(29,'paid_link_price_factor','1,1.5,2,3'),(30,'enable_html_tag','1'),(31,'allowed_html_tag','<b>,<strong>,<i>,<em>,<u>,<pre>,<blockquote>,<ol>,<ul>,<li>,<p>,<span>,<div>,<table>,<tr>,<td>'),(32,'enable_page_compression','0'),(33,'enable_category_ajax','1'),(34,'require_visit_category','0'),(35,'additional_category_price','0.5'),(36,'enable_rating_ajax','1'),(37,'service_nicecoder_avail','1'),(38,'enable_recaptcha','0'),(39,'recaptcha_publickey',''),(40,'recaptcha_privatekey',''),(41,'enable_bidding','0'),(42,'minimum_bid','5'),(43,'bid_increament','1'),(44,'charset','utf-8'),(45,'mailer','mail'),(46,'smtp_auth','0'),(47,'smtp_host',''),(48,'smtp_username',''),(49,'smtp_password',''),(50,'smtp_port','25'),(51,'emailbody_as_html','0'),(52,'indexu_version','2.4'),(53,'tos',''),(54,'submission_guidelines','');

--
-- Table structure for table `idx_tags`
--

CREATE TABLE `idx_tags` (
  `tag` varchar(64) NOT NULL DEFAULT '',
  `category_id` mediumint(8) unsigned NOT NULL DEFAULT '0',
  `total` int(11) NOT NULL DEFAULT '0',
  `tag_path` varchar(64) NOT NULL,
  PRIMARY KEY (`tag`,`category_id`)
) ENGINE=MyISAM DEFAULT CHARSET=latin1;

--
-- Dumping data for table `idx_tags`
--


--
-- Table structure for table `idx_unavailable`
--

CREATE TABLE `idx_unavailable` (
  `idx_unavailable` int(11) NOT NULL AUTO_INCREMENT,
  `link_id` int(11) DEFAULT NULL,
  `url` varchar(255) DEFAULT NULL,
  `who_is` varchar(255) DEFAULT NULL,
  `note` text,
  `date` datetime DEFAULT NULL,
  PRIMARY KEY (`idx_unavailable`)
) ENGINE=MyISAM DEFAULT CHARSET=latin1;

--
-- Dumping data for table `idx_unavailable`
--


--
-- Table structure for table `idx_unavailable_latest`
--

CREATE TABLE `idx_unavailable_latest` (
  `idx_link` int(11) DEFAULT NULL,
  `record_execution` int(11) DEFAULT NULL
) ENGINE=MyISAM DEFAULT CHARSET=latin1;

--
-- Dumping data for table `idx_unavailable_latest`
--


--
-- Table structure for table `idx_votes`
--

CREATE TABLE `idx_votes` (
  `link_id` mediumint(9) NOT NULL DEFAULT '0',
  `ip` varchar(100) DEFAULT NULL,
  `value` tinyint(4) DEFAULT NULL
) ENGINE=MyISAM DEFAULT CHARSET=latin1;

--
-- Dumping data for table `idx_votes`
--



