--
-- Host: bizfront.org    Database: santosh2_biz
-- ------------------------------------------------------


--
-- Not dumping tablespaces as no INFORMATION_SCHEMA.FILES table on this server
--

--
-- Table structure for table `directory_save_data`
--

CREATE TABLE `directory_save_data` (
  `id` bigint(100) NOT NULL auto_increment,
  `schedule_id` bigint(100) NOT NULL,
  `project_id` bigint(100) NOT NULL,
  `link_id` bigint(100) NOT NULL,
  `confirm_link` text NOT NULL,
  `category_id` int(10) NOT NULL,
  `category_name` varchar(150) NOT NULL,
  PRIMARY KEY  (`id`)
) ENGINE=InnoDB DEFAULT CHARSET=latin1;

--
-- Dumping data for table `directory_save_data`
--


--
-- Table structure for table `idx_admin_menu`
--

CREATE TABLE `idx_admin_menu` (
  `menu_id` int(11) NOT NULL auto_increment,
  `parent_id` int(11) default NULL,
  `menu_title` varchar(255) default NULL,
  `menu_url` varchar(255) default NULL,
  `order_number` int(11) default NULL,
  PRIMARY KEY  (`menu_id`)
) ENGINE=MyISAM AUTO_INCREMENT=85 DEFAULT CHARSET=latin1;

--
-- Dumping data for table `idx_admin_menu`
--



--
-- Table structure for table `idx_bad_link`
--

CREATE TABLE `idx_bad_link` (
  `bad_link_id` mediumint(9) unsigned NOT NULL auto_increment,
  `link_id` mediumint(9) unsigned NOT NULL default '0',
  `name` varchar(50) NOT NULL default '',
  `email` varchar(50) NOT NULL default '',
  `type` tinyint(3) unsigned NOT NULL default '0',
  `date` date NOT NULL default '0000-00-00',
  PRIMARY KEY  (`bad_link_id`)
) ENGINE=MyISAM DEFAULT CHARSET=latin1;

--
-- Dumping data for table `idx_bad_link`
--


--
-- Table structure for table `idx_badwords`
--

CREATE TABLE `idx_badwords` (
  `word` varchar(100) NOT NULL default ''
) ENGINE=MyISAM DEFAULT CHARSET=latin1;

--
-- Dumping data for table `idx_badwords`
--


--
-- Table structure for table `idx_blocked_domain`
--

CREATE TABLE `idx_blocked_domain` (
  `blocked_id` int(11) NOT NULL auto_increment,
  `blocked` varchar(255) default NULL,
  `type` enum('domain','ip') default NULL,
  PRIMARY KEY  (`blocked_id`)
) ENGINE=MyISAM AUTO_INCREMENT=6 DEFAULT CHARSET=latin1;

--
-- Dumping data for table `idx_blocked_domain`
--

INSERT INTO `idx_blocked_domain` VALUES (1,'buydomains.com','domain'),(2,'this-domain-for-sale.com ','domain'),(3,'oversee.net','domain'),(4,'eNom','domain'),(5,'sedoparking.com','domain');

--
-- Table structure for table `idx_category`
--

CREATE TABLE `idx_category` (
  `category_id` mediumint(9) unsigned NOT NULL auto_increment,
  `parent_id` mediumint(9) unsigned NOT NULL default '0',
  `name` varchar(100) NOT NULL default '',
  `description` text NOT NULL,
  `image` varchar(100) default NULL,
  `content` text,
  `visible` char(1) default NULL,
  `links` mediumint(9) default NULL,
  `meta_keyword` text,
  `meta_description` text,
  `permission` char(2) default NULL,
  `registered_only` char(1) default NULL,
  `header` text NOT NULL,
  `footer` text NOT NULL,
  `related` mediumint(6) NOT NULL default '0',
  `page_title` varchar(200) NOT NULL default '',
  `hits` int(11) NOT NULL default '0',
  `order_num` smallint(6) NOT NULL default '0',
  `basic_price` double unsigned NOT NULL default '0',
  `premium_price` double unsigned NOT NULL default '0',
  `sponsored_price` double unsigned NOT NULL default '0',
  PRIMARY KEY  (`category_id`)
) ENGINE=MyISAM AUTO_INCREMENT=36 DEFAULT CHARSET=latin1;

--
-- Dumping data for table `idx_category`
--

INSERT INTO `idx_category` VALUES (1,0,'Arts & Music','','folder.gif','','1',21,'','','0','0','','',0,'',0,0,0,0,0),(2,0,'Auto Industry','','folder.gif','','1',51,'','','0','0','','',0,'',0,0,0,0,0),(3,0,'Economy & Business','','folder.gif','','1',191,'','','0','0','','',0,'',0,0,0,0,0),(4,0,'Careers & Job Search','','folder.gif','','1',2,'','','0','0','','',0,'',0,0,0,0,0),(5,0,'Clothing Accessories','','folder.gif','','1',12,'','','0','0','','',0,'',0,0,0,0,0),(6,0,'Communications Services','','folder.gif','','1',26,'','','0','0','','',0,'',0,0,0,0,0),(7,0,'Computer Services','','folder.gif','','1',32,'','','0','0','','',0,'',0,0,0,0,0),(8,0,'Building & Construction','','folder.gif','','1',93,'','','0','0','','',0,'',0,0,0,0,0),(9,0,'Dental','','folder.gif','','1',64,'','','0','0','','',0,'',0,0,0,0,0),(10,0,'Educational Resources','','folder.gif','','1',30,'','','0','0','','',0,'',0,0,0,0,0),(11,0,'Recruitment Services','','folder.gif','','1',1,'','','0','0','','',0,'',0,0,0,0,0),(12,0,'Gifts & Flowers','','folder.gif','','1',25,'','','0','0','','',0,'',0,0,0,0,0),(13,0,'Hardware & Software Resources','','folder.gif','','1',12,'','','0','0','','',0,'',0,0,0,0,0),(14,0,'Medical & Health','','folder.gif','','1',6,'','','0','0','','',0,'',0,0,0,0,0),(15,0,'Healthcare Management','','folder.gif','','1',199,'','','0','0','','',0,'',0,0,0,0,0),(16,0,'Heating and Air Conditioning Contractors','','folder.gif','','1',81,'','','0','0','','',0,'',0,0,0,0,0),(17,0,'Home & Family','','folder.gif','','1',200,'','','0','0','','',0,'',0,0,0,0,0),(18,0,'Home Improvement','','folder.gif','','1',148,'','','0','0','','',0,'',0,0,0,0,0),(19,0,'Hotels & Motels','','folder.gif','','1',89,'','','0','0','','',0,'',0,0,0,0,0),(20,0,'Insurance','','folder.gif','','1',34,'','','0','0','','',0,'',0,0,0,0,0),(21,0,'Law & Politics','','folder.gif','','1',1,'','','0','0','','',0,'',0,0,0,0,0),(22,0,'Lawyers','','folder.gif','','1',207,'','','0','0','','',0,'',0,0,0,0,0),(23,0,'Lifestyle & Relationships','','folder.gif','','1',7,'','','0','0','','',0,'',0,0,0,0,0),(24,0,'Medicine','','folder.gif','','1',12,'','','0','0','','',0,'',0,0,0,0,0),(25,0,'Money & Finance','','folder.gif','','1',25,'','','0','0','','',0,'',0,0,0,0,0),(26,0,'News & Issues','','folder.gif','','1',2,'','','0','0','','',0,'',0,0,0,0,0),(27,0,'Plumbing','','folder.gif','','1',45,'','','0','0','','',0,'',0,0,0,0,0),(28,0,'Real Estate','','folder.gif','','1',46,'','','0','0','','',0,'',0,0,0,0,0),(29,0,'Science & Technology','','folder.gif','','1',18,'','','0','0','','',0,'',0,0,0,0,0),(30,0,'SEO & SMO','','folder.gif','','1',26,'','','0','0','','',0,'',0,0,0,0,0),(31,0,'Shopping','','folder.gif','','1',80,'','','0','0','','',0,'',0,0,0,0,0),(32,0,'Sports & Games','','folder.gif','','1',3,'','','0','0','','',0,'',0,0,0,0,0),(33,0,'Transportation and Logistics','','folder.gif','','1',62,'','','0','0','','',0,'',0,0,0,0,0),(34,0,'Travel','','folder.gif','','1',29,'','','0','0','','',0,'',0,0,0,0,0),(35,0,'Wedding','','folder.gif','','1',11,'','','0','0','','',0,'',0,0,0,0,0);

--
-- Table structure for table `idx_category_path`
--

CREATE TABLE `idx_category_path` (
  `category_id` mediumint(9) NOT NULL default '0',
  `path` text,
  `path_with_url` text,
  `parents` text,
  PRIMARY KEY  (`category_id`)
) ENGINE=MyISAM DEFAULT CHARSET=latin1;

--
-- Dumping data for table `idx_category_path`
--

INSERT INTO `idx_category_path` VALUES (1,'Arts & Music','<a href=\"http://bizfront.org/arts-music/\" name=\"cat_1\" style=\"\">Arts & Music</a>',';0;'),(2,'Auto Industry','<a href=\"http://bizfront.org/auto-industry/\" name=\"cat_2\" style=\"\">Auto Industry</a>',';0;'),(3,'Economy & Business','<a href=\"http://bizfront.org/economy-business/\" name=\"cat_3\" style=\"\">Economy & Business</a>',';0;'),(4,'Careers & Job Search','<a href=\"http://bizfront.org/careers-job-search/\" name=\"cat_4\" style=\"\">Careers & Job Search</a>',';0;'),(5,'Clothing Accessories','<a href=\"http://bizfront.org/clothing-accessories/\" name=\"cat_5\" style=\"\">Clothing Accessories</a>',';0;'),(6,'Communications Services','<a href=\"http://bizfront.org/communications-services/\" name=\"cat_6\" style=\"\">Communications Services</a>',';0;'),(7,'Computer Services','<a href=\"http://bizfront.org/computer-services/\" name=\"cat_7\" style=\"\">Computer Services</a>',';0;'),(8,'Building & Construction','<a href=\"http://bizfront.org/building-construction/\" name=\"cat_8\" style=\"\">Building & Construction</a>',';0;'),(9,'Dental','<a href=\"http://bizfront.org/dental/\" name=\"cat_9\" style=\"\">Dental</a>',';0;'),(10,'Educational Resources','<a href=\"http://bizfront.org/educational-resources/\" name=\"cat_10\" style=\"\">Educational Resources</a>',';0;'),(11,'Recruitment Services','<a href=\"http://bizfront.org/recruitment-services/\" name=\"cat_11\" style=\"\">Recruitment Services</a>',';0;'),(12,'Gifts & Flowers','<a href=\"http://bizfront.org/gifts-flowers/\" name=\"cat_12\" style=\"\">Gifts & Flowers</a>',';0;'),(13,'Hardware & Software Resources','<a href=\"http://bizfront.org/hardware-software-resources/\" name=\"cat_13\" style=\"\">Hardware & Software Resources</a>',';0;'),(14,'Medical & Health','<a href=\"http://bizfront.org/medical-health/\" name=\"cat_14\" style=\"\">Medical & Health</a>',';0;'),(15,'Healthcare Management','<a href=\"http://bizfront.org/healthcare-management/\" name=\"cat_15\" style=\"\">Healthcare Management</a>',';0;'),(16,'Heating and Air Conditioning Contractors','<a href=\"http://bizfront.org/heating-and-air-conditioning-contractors/\" name=\"cat_16\" style=\"\">Heating and Air Conditioning Contractors</a>',';0;'),(17,'Home & Family','<a href=\"http://bizfront.org/home-family/\" name=\"cat_17\" style=\"\">Home & Family</a>',';0;'),(18,'Home Improvement','<a href=\"http://bizfront.org/home-improvement/\" name=\"cat_18\" style=\"\">Home Improvement</a>',';0;'),(19,'Hotels & Motels','<a href=\"http://bizfront.org/hotels-motels/\" name=\"cat_19\" style=\"\">Hotels & Motels</a>',';0;'),(20,'Insurance','<a href=\"http://bizfront.org/insurance/\" name=\"cat_20\" style=\"\">Insurance</a>',';0;'),(21,'Law & Politics','<a href=\"http://bizfront.org/law-politics/\" name=\"cat_21\" style=\"\">Law & Politics</a>',';0;'),(22,'Lawyers','<a href=\"http://bizfront.org/lawyers/\" name=\"cat_22\" style=\"\">Lawyers</a>',';0;'),(23,'Lifestyle & Relationships','<a href=\"http://bizfront.org/lifestyle-relationships/\" name=\"cat_23\" style=\"\">Lifestyle & Relationships</a>',';0;'),(24,'Medicine','<a href=\"http://bizfront.org/medicine/\" name=\"cat_24\" style=\"\">Medicine</a>',';0;'),(25,'Money & Finance','<a href=\"http://bizfront.org/money-finance/\" name=\"cat_25\" style=\"\">Money & Finance</a>',';0;'),(26,'News & Issues','<a href=\"http://bizfront.org/news-issues/\" name=\"cat_26\" style=\"\">News & Issues</a>',';0;'),(27,'Plumbing','<a href=\"http://bizfront.org/plumbing/\" name=\"cat_27\" style=\"\">Plumbing</a>',';0;'),(28,'Real Estate','<a href=\"http://bizfront.org/real-estate/\" name=\"cat_28\" style=\"\">Real Estate</a>',';0;'),(29,'Science & Technology','<a href=\"http://bizfront.org/science-technology/\" name=\"cat_29\" style=\"\">Science & Technology</a>',';0;'),(30,'SEO & SMO','<a href=\"http://bizfront.org/seo-smo/\" name=\"cat_30\" style=\"\">SEO & SMO</a>',';0;'),(31,'Shopping','<a href=\"http://bizfront.org/shopping/\" name=\"cat_31\" style=\"\">Shopping</a>',';0;'),(32,'Sports & Games','<a href=\"http://bizfront.org/sports-games/\" name=\"cat_32\" style=\"\">Sports & Games</a>',';0;'),(33,'Transportation and Logistics','<a href=\"http://bizfront.org/transportation-and-logistics/\" name=\"cat_33\" style=\"\">Transportation and Logistics</a>',';0;'),(34,'Travel','<a href=\"http://bizfront.org/travel/\" name=\"cat_34\" style=\"\">Travel</a>',';0;'),(35,'Wedding','<a href=\"http://bizfront.org/wedding/\" name=\"cat_35\" style=\"\">Wedding</a>',';0;');

--
-- Table structure for table `idx_category_suggession`
--

CREATE TABLE `idx_category_suggession` (
  `id_cat_suggession` int(11) NOT NULL auto_increment,
  `parent_id` int(11) default NULL,
  `name` varchar(255) default NULL,
  `category_description` text,
  `date` datetime default NULL,
  PRIMARY KEY  (`id_cat_suggession`)
) ENGINE=MyISAM AUTO_INCREMENT=4 DEFAULT CHARSET=latin1;

--
-- Dumping data for table `idx_category_suggession`
--

INSERT INTO `idx_category_suggession` VALUES (1,0,'<a href=\"www.hcgpurediet.com/get-your-body-in-shape-now\">HCG Die to Get in Shapet</a>','You can try any Hcg product after you read some reviews.','2011-11-13 12:34:16'),(2,0,'gun','weapon','2011-11-16 03:56:07'),(3,5,'Alyn','If time is money you\'ve made me a waetlhier woman.','2011-11-25 10:24:38');

--
-- Table structure for table `idx_checkurl`
--

CREATE TABLE `idx_checkurl` (
  `link_id` mediumint(9) NOT NULL default '0',
  `date` date NOT NULL default '0000-00-00',
  `live` char(1) NOT NULL default '',
  `reciprocal_found` char(1) NOT NULL default '',
  PRIMARY KEY  (`link_id`)
) ENGINE=MyISAM DEFAULT CHARSET=latin1;

--
-- Dumping data for table `idx_checkurl`
--


--
-- Table structure for table `idx_cronjobs`
--

CREATE TABLE `idx_cronjobs` (
  `cronjobs_id` int(11) NOT NULL auto_increment,
  `cronjobs_name` varchar(255) default NULL,
  `filename` varchar(255) NOT NULL,
  `schedule` varchar(255) NOT NULL,
  `time` datetime NOT NULL,
  `execution` varchar(1) NOT NULL,
  PRIMARY KEY  (`cronjobs_id`)
) ENGINE=MyISAM AUTO_INCREMENT=4 DEFAULT CHARSET=latin1;

--
-- Dumping data for table `idx_cronjobs`
--

INSERT INTO `idx_cronjobs` VALUES (1,NULL,'clear_templates_c.php','1,*,*,*,*','0000-00-00 00:00:00',''),(2,NULL,'update_tag_cloud.php','*,24,*,*,*','0000-00-00 00:00:00',''),(3,NULL,'clear_rss_cache.php','*,24,*,*,*','0000-00-00 00:00:00','');

--
-- Table structure for table `idx_custom_field`
--

CREATE TABLE `idx_custom_field` (
  `field_name` varchar(32) NOT NULL default '',
  `field_text` varchar(64) NOT NULL default '',
  `field_type` enum('TEXT','TEXTAREA','SELECT','MULTISELECT','CHECKBOX','RADIO','FILE','IMAGE','DATE','DATETIME','RICHEDITOR') NOT NULL default 'TEXT',
  `field_option` text NOT NULL,
  `field_img_width` int(10) unsigned NOT NULL default '0',
  `field_img_height` int(10) unsigned NOT NULL default '0',
  `field_file_size` int(10) unsigned NOT NULL default '0',
  `field_file_extension` varchar(64) NOT NULL default '',
  `required` char(1) NOT NULL default '0',
  `searchable` char(1) NOT NULL default '1',
  `permission` char(1) NOT NULL default '0'
) ENGINE=MyISAM DEFAULT CHARSET=latin1;

--
-- Dumping data for table `idx_custom_field`
--

INSERT INTO `idx_custom_field` VALUES ('image','Image','IMAGE','',0,0,0,'','0','0','2'),('address','Address','TEXT','',0,0,0,'','0','0','0'),('city','City','TEXT','',0,0,0,'','0','0','0'),('state','State','TEXT','',0,0,0,'','0','0','0'),('country','Country','TEXT','',0,0,0,'','0','0','0'),('zip','Zip','TEXT','',0,0,0,'','0','0','0'),('phone','Phone','TEXT','',0,0,0,'','0','0','0'),('fax','Fax','TEXT','',0,0,0,'','0','0','0');

--
-- Table structure for table `idx_default_field`
--

CREATE TABLE `idx_default_field` (
  `field_name` varchar(64) NOT NULL,
  `required` char(1) NOT NULL,
  `visible` char(1) NOT NULL default '1',
  `searchable` char(1) NOT NULL default '1'
) ENGINE=MyISAM DEFAULT CHARSET=latin1;

--
-- Dumping data for table `idx_default_field`
--

INSERT INTO `idx_default_field` VALUES ('title','1','1','1'),('url','1','1','1'),('description','1','1','1'),('keywords','1','1','0'),('contact_name','1','1','1'),('email','1','1','1'),('reciprocal_url','0','0','1');

--
-- Table structure for table `idx_discount_coupon`
--

CREATE TABLE `idx_discount_coupon` (
  `coupon_id` int(11) NOT NULL auto_increment,
  `coupon_code` varchar(255) default NULL,
  `coupon_value` varchar(50) default NULL,
  `link_type` varchar(255) default NULL,
  `start_date` date default NULL,
  `expired_date` date default NULL,
  `expired_usage` int(11) default NULL,
  `usage_count` int(11) default NULL,
  PRIMARY KEY  (`coupon_id`)
) ENGINE=MyISAM DEFAULT CHARSET=latin1;

--
-- Dumping data for table `idx_discount_coupon`
--


--
-- Table structure for table `idx_editor`
--

CREATE TABLE `idx_editor` (
  `username` varchar(20) default NULL,
  `category_id` mediumint(9) default NULL,
  `category` char(1) default NULL,
  `link` char(1) default NULL,
  `review` char(1) default NULL,
  `pick` char(1) default NULL,
  `status` char(1) default NULL,
  `date` date default NULL
) ENGINE=MyISAM DEFAULT CHARSET=latin1;

--
-- Dumping data for table `idx_editor`
--


--
-- Table structure for table `idx_email_template`
--

CREATE TABLE `idx_email_template` (
  `email_template_id` int(10) unsigned NOT NULL auto_increment,
  `name` varchar(255) default NULL,
  `subject` varchar(255) default NULL,
  `body` text,
  `altbody` text,
  PRIMARY KEY  (`email_template_id`)
) ENGINE=MyISAM AUTO_INCREMENT=37 DEFAULT CHARSET=latin1;

--
-- Dumping data for table `idx_email_template`
--



--
-- Table structure for table `idx_favorites`
--

CREATE TABLE `idx_favorites` (
  `favorite_id` int(11) NOT NULL auto_increment,
  `username` varchar(20) default NULL,
  `date` date default NULL,
  `title` varchar(100) default NULL,
  `description` text,
  PRIMARY KEY  (`favorite_id`)
) ENGINE=MyISAM AUTO_INCREMENT=5 DEFAULT CHARSET=latin1;

--
-- Dumping data for table `idx_favorites`
--

INSERT INTO `idx_favorites` VALUES (1,'juliusreinalr39s47','2011-10-18','My Favorites',NULL),(2,'claudioeldonu95h22','2011-10-19','My Favorites',NULL),(3,'mortonmalcols98b72','2011-10-31','My Favorites',NULL),(4,'adaptive84','2011-12-07','My Favorites',NULL);

--
-- Table structure for table `idx_favorites_detail`
--

CREATE TABLE `idx_favorites_detail` (
  `favorite_id` int(11) default NULL,
  `link_id` mediumint(9) default NULL
) ENGINE=MyISAM DEFAULT CHARSET=latin1;

--
-- Dumping data for table `idx_favorites_detail`
--


--
-- Table structure for table `idx_hook_place`
--

CREATE TABLE `idx_hook_place` (
  `hook_place_id` int(11) NOT NULL auto_increment,
  `filename` varchar(255) default NULL,
  `hookname` varchar(255) default NULL,
  PRIMARY KEY  (`hook_place_id`)
) ENGINE=MyISAM DEFAULT CHARSET=latin1;

--
-- Dumping data for table `idx_hook_place`
--


--
-- Table structure for table `idx_invoice`
--

CREATE TABLE `idx_invoice` (
  `invoice_id` varchar(10) NOT NULL default '',
  `invoice_date` date default NULL,
  `due_date` date default NULL,
  `invoiced_to` text,
  `service` varchar(255) default NULL,
  `description` text,
  `total` double(8,2) default NULL,
  `comment` text,
  `paid` char(1) default NULL,
  `paid_date` date default NULL,
  `email` varchar(255) default NULL,
  PRIMARY KEY  (`invoice_id`)
) ENGINE=MyISAM DEFAULT CHARSET=latin1;

--
-- Dumping data for table `idx_invoice`
--


--
-- Table structure for table `idx_invoice_config`
--

CREATE TABLE `idx_invoice_config` (
  `company` varchar(255) default NULL,
  `contact` varchar(255) default NULL,
  `address` text,
  `phone` varchar(255) default NULL,
  `email` varchar(255) default NULL,
  `currency_symbol` varchar(255) default '$',
  `currency_code` varchar(255) default 'USD'
) ENGINE=MyISAM DEFAULT CHARSET=latin1;

--
-- Dumping data for table `idx_invoice_config`
--

INSERT INTO `idx_invoice_config` VALUES ('Your website / Company','Billing Department','Your address','Your phone #','Billing<name@yourdomain.com>','$','USD');

--
-- Table structure for table `idx_link_temp`
--

CREATE TABLE `idx_link_temp` (
  `vid` mediumint(9) unsigned NOT NULL auto_increment,
  `spam` char(1) NOT NULL default '0',
  `link_id` mediumint(9) default NULL,
  `category_id` mediumint(9) unsigned NOT NULL default '0',
  `title` varchar(100) NOT NULL default '',
  `url` text NOT NULL,
  `description` text NOT NULL,
  `contact_name` varchar(100) NOT NULL default '',
  `email` varchar(100) NOT NULL default '',
  `hits` mediumint(9) default NULL,
  `votes` smallint(6) default NULL,
  `rating` float(4,2) default NULL,
  `date` datetime NOT NULL default '0000-00-00 00:00:00',
  `bid` smallint(6) NOT NULL default '0',
  `new` char(1) default NULL,
  `hot` char(1) default NULL,
  `top_rated` char(1) default NULL,
  `pick` char(1) default NULL,
  `password` varchar(20) default NULL,
  `updated` char(1) default NULL,
  `reviews` smallint(6) default NULL,
  `avg_review` float(4,2) default NULL,
  `last_updated` datetime default NULL,
  `official_review` text,
  `keywords` varchar(255) default NULL,
  `cat1` mediumint(6) NOT NULL default '0',
  `cat2` mediumint(6) NOT NULL default '0',
  `suspended` char(1) NOT NULL default '0',
  `reciprocal_url` varchar(255) default NULL,
  `address` varchar(255) default NULL,
  `city` varchar(255) default NULL,
  `state` varchar(255) default NULL,
  `country` varchar(255) default NULL,
  `zip` varchar(255) default NULL,
  `image` varchar(255) default NULL,
  `phone` varchar(255) default NULL,
  `fax` varchar(255) default NULL,
  PRIMARY KEY  (`vid`)
) ENGINE=MyISAM DEFAULT CHARSET=latin1;

--
-- Dumping data for table `idx_link_temp`
--


--
-- Table structure for table `idx_link_temp_user`
--

CREATE TABLE `idx_link_temp_user` (
  `vid` mediumint(9) unsigned NOT NULL default '0',
  `username` varchar(20) NOT NULL default '',
  PRIMARY KEY  (`vid`)
) ENGINE=MyISAM DEFAULT CHARSET=latin1;

--
-- Dumping data for table `idx_link_temp_user`
--


--
-- Table structure for table `idx_link_user`
--

CREATE TABLE `idx_link_user` (
  `link_id` mediumint(9) unsigned NOT NULL default '0',
  `username` varchar(20) NOT NULL default '',
  PRIMARY KEY  (`link_id`)
) ENGINE=MyISAM DEFAULT CHARSET=latin1;

--
-- Dumping data for table `idx_link_user`
--


--
-- Table structure for table `idx_mailing_list`
--

CREATE TABLE `idx_mailing_list` (
  `email` varchar(50) NOT NULL default '',
  `code` varchar(4) default NULL,
  `status` char(1) default NULL,
  PRIMARY KEY  (`email`)
) ENGINE=MyISAM DEFAULT CHARSET=latin1;

--
-- Dumping data for table `idx_mailing_list`
--


--
-- Table structure for table `idx_message`
--

CREATE TABLE `idx_message` (
  `message_id` smallint(6) NOT NULL auto_increment,
  `date` date default NULL,
  `body` text,
  `subject` varchar(100) default NULL,
  PRIMARY KEY  (`message_id`)
) ENGINE=MyISAM DEFAULT CHARSET=latin1;

--
-- Dumping data for table `idx_message`
--


--
-- Table structure for table `idx_notification`
--

CREATE TABLE `idx_notification` (
  `username` varchar(20) NOT NULL default '',
  `category_id` mediumint(9) NOT NULL default '0'
) ENGINE=MyISAM DEFAULT CHARSET=latin1;

--
-- Dumping data for table `idx_notification`
--


--
-- Table structure for table `idx_pagerank`
--

CREATE TABLE `idx_pagerank` (
  `link_id` mediumint(8) unsigned NOT NULL default '0',
  `engine` char(1) NOT NULL default '',
  `rank` tinyint(4) NOT NULL default '0',
  `last_update` date NOT NULL default '0000-00-00',
  PRIMARY KEY  (`link_id`,`engine`)
) ENGINE=MyISAM DEFAULT CHARSET=latin1;

--
-- Dumping data for table `idx_pagerank`
--

INSERT INTO `idx_pagerank` VALUES (1,'g',0,'2012-01-24'),(4,'g',0,'2011-10-08'),(2,'g',0,'2012-02-17'),(3,'g',0,'2012-02-17'),(5,'g',0,'2011-10-08'),(7,'g',0,'2011-09-09'),(6,'g',4,'2011-09-09'),(45,'g',2,'2011-09-13'),(31,'g',0,'2011-09-13'),(47,'g',0,'2011-09-13'),(41,'g',2,'2011-09-13'),(39,'g',0,'2011-09-13'),(59,'g',2,'2011-09-13'),(83,'g',2,'2011-09-13'),(91,'g',0,'2011-09-13'),(53,'g',2,'2011-09-13'),(75,'g',2,'2011-09-13'),(37,'g',2,'2011-09-13'),(57,'g',2,'2011-09-13'),(35,'g',0,'2011-09-13'),(65,'g',2,'2011-09-13'),(33,'g',0,'2011-09-13'),(87,'g',0,'2011-10-17'),(43,'g',0,'2011-09-13'),(61,'g',2,'2011-09-13'),(97,'g',0,'2011-09-13'),(79,'g',2,'2011-09-13'),(73,'g',2,'2011-09-13'),(69,'g',2,'2011-09-13'),(55,'g',0,'2011-09-13'),(95,'g',2,'2011-09-13'),(101,'g',2,'2011-09-13'),(67,'g',2,'2011-09-13'),(71,'g',2,'2011-09-13'),(63,'g',2,'2011-09-13'),(49,'g',0,'2011-09-13'),(81,'g',0,'2011-09-13'),(85,'g',0,'2011-09-13'),(89,'g',2,'2011-09-13'),(99,'g',2,'2011-09-13'),(93,'g',2,'2011-09-13'),(77,'g',2,'2011-09-13'),(51,'g',2,'2011-09-13'),(10,'g',0,'2012-01-29'),(17,'g',2,'2011-09-15'),(15,'g',2,'2011-09-15'),(12,'g',2,'2011-09-15'),(13,'g',0,'2012-02-04'),(27,'g',2,'2011-09-16'),(29,'g',2,'2011-09-16'),(23,'g',2,'2011-09-16'),(19,'g',2,'2011-09-16'),(21,'g',0,'2011-09-16'),(25,'g',2,'2011-09-16'),(9,'g',0,'2011-09-17'),(22,'g',0,'2011-09-17'),(16,'g',0,'2011-09-17'),(11,'g',0,'2011-09-17'),(14,'g',0,'2011-09-17'),(24,'g',0,'2011-09-17'),(20,'g',0,'2011-09-17'),(18,'g',0,'2011-09-17'),(26,'g',0,'2011-09-17'),(156,'g',2,'2011-09-18'),(8,'g',4,'2011-09-18'),(160,'g',2,'2011-09-18'),(158,'g',2,'2011-09-18'),(159,'g',2,'2011-09-18'),(155,'g',3,'2011-09-18'),(161,'g',2,'2011-09-18'),(154,'g',6,'2011-09-18'),(157,'g',2,'2011-09-18'),(266,'g',0,'2012-02-04'),(263,'g',0,'2012-01-06'),(260,'g',3,'2011-09-22'),(262,'g',0,'2012-02-04'),(264,'g',0,'2012-02-04'),(259,'g',0,'2011-09-22'),(265,'g',0,'2012-02-17'),(277,'g',0,'2012-02-04'),(276,'g',0,'2012-02-04'),(278,'g',0,'2011-09-27'),(280,'g',3,'2011-09-27'),(281,'g',1,'2011-09-28'),(279,'g',0,'2011-09-28'),(300,'g',0,'2012-02-17'),(306,'g',0,'2012-02-25'),(298,'g',0,'2012-01-24'),(301,'g',0,'2012-02-04'),(299,'g',0,'2012-02-17'),(310,'g',0,'2012-02-04'),(304,'g',0,'2012-02-17'),(309,'g',0,'2012-02-17'),(305,'g',0,'2012-02-04'),(303,'g',0,'2012-02-04'),(297,'g',0,'2012-02-04'),(302,'g',0,'2012-02-04'),(308,'g',0,'2012-02-04'),(334,'g',0,'2012-02-17'),(274,'g',0,'2012-02-17'),(271,'g',0,'2012-02-17'),(275,'g',0,'2011-12-17'),(272,'g',0,'2012-02-04'),(311,'g',0,'2012-02-06'),(325,'g',0,'2012-02-04'),(331,'g',0,'2012-02-04'),(324,'g',0,'2012-02-04'),(335,'g',0,'2012-02-04'),(315,'g',0,'2012-02-04'),(326,'g',0,'2012-02-04'),(329,'g',0,'2012-02-17'),(333,'g',0,'2012-02-17'),(321,'g',0,'2012-02-04'),(332,'g',0,'2012-02-04'),(313,'g',0,'2012-02-17'),(328,'g',0,'2012-02-04'),(337,'g',0,'2012-02-04'),(320,'g',0,'2012-02-04'),(327,'g',0,'2012-02-04'),(314,'g',0,'2012-02-04'),(318,'g',0,'2012-02-04'),(317,'g',0,'2012-01-12'),(319,'g',0,'2012-02-04'),(316,'g',0,'2012-02-17'),(330,'g',0,'2012-03-02'),(312,'g',0,'2012-02-04'),(323,'g',0,'2012-02-04'),(273,'g',0,'2012-02-04'),(351,'g',0,'2011-12-17'),(418,'g',0,'2012-02-17'),(341,'g',0,'2012-02-24'),(361,'g',0,'2012-02-04'),(429,'g',0,'2012-01-08'),(381,'g',0,'2012-02-17'),(460,'g',4,'2011-10-02'),(410,'g',0,'2012-02-04'),(453,'g',0,'2012-02-04'),(468,'g',0,'2012-02-04'),(399,'g',0,'2011-12-17'),(349,'g',0,'2012-02-04'),(454,'g',0,'2012-01-26'),(386,'g',0,'2012-02-17'),(345,'g',0,'2012-03-02'),(383,'g',0,'2012-02-04'),(342,'g',0,'2012-02-04'),(378,'g',0,'2012-02-04'),(344,'g',0,'2012-02-17'),(407,'g',0,'2012-02-17'),(366,'g',0,'2012-02-17'),(382,'g',0,'2012-02-17'),(364,'g',0,'2012-02-17'),(363,'g',0,'2012-02-04'),(376,'g',0,'2012-01-19'),(339,'g',0,'2012-02-04'),(354,'g',0,'2012-02-04'),(377,'g',0,'2012-01-23'),(369,'g',0,'2012-01-23'),(412,'g',0,'2012-02-04'),(458,'g',2,'2011-10-03'),(374,'g',0,'2012-01-19'),(466,'g',0,'2012-02-04'),(499,'g',0,'2012-02-04'),(473,'g',0,'2012-03-05'),(442,'g',0,'2012-02-04'),(463,'g',3,'2011-10-04'),(365,'g',0,'2012-02-04'),(470,'g',0,'2012-01-21'),(449,'g',0,'2012-02-04'),(379,'g',0,'2012-02-17'),(462,'g',4,'2011-10-04'),(343,'g',0,'2012-02-04'),(439,'g',0,'2012-02-04'),(350,'g',0,'2012-02-17'),(451,'g',0,'2012-02-04'),(346,'g',0,'2012-01-23'),(437,'g',0,'2012-01-06'),(471,'g',0,'2012-01-07'),(411,'g',0,'2012-01-22'),(370,'g',0,'2012-02-04'),(360,'g',0,'2012-02-02'),(455,'g',0,'2012-02-09'),(475,'g',0,'2012-01-22'),(474,'g',0,'2012-03-02'),(622,'g',0,'2012-02-04'),(570,'g',0,'2012-01-23'),(623,'g',0,'2012-02-17'),(105,'g',0,'2011-10-12'),(109,'g',0,'2011-10-12'),(107,'g',0,'2011-10-12'),(103,'g',0,'2011-10-12'),(625,'g',0,'2012-02-04'),(416,'g',0,'2012-02-04'),(629,'g',0,'2012-02-04'),(445,'g',0,'2012-02-04'),(636,'g',0,'2012-02-04'),(645,'g',0,'2012-02-04'),(448,'g',0,'2012-02-04'),(572,'g',0,'2012-02-04'),(650,'g',0,'2012-02-04'),(649,'g',0,'2012-02-04'),(184,'g',0,'2011-10-13'),(188,'g',0,'2011-10-13'),(178,'g',0,'2011-10-13'),(151,'g',0,'2011-10-13'),(186,'g',0,'2011-10-13'),(190,'g',0,'2011-10-13'),(180,'g',0,'2011-10-13'),(153,'g',0,'2011-10-13'),(182,'g',0,'2011-10-13'),(176,'g',0,'2011-10-13'),(631,'g',0,'2012-01-22'),(632,'g',0,'2012-01-20'),(664,'g',0,'2012-01-29'),(559,'g',0,'2011-10-15'),(554,'g',0,'2011-10-15'),(561,'g',0,'2011-10-15'),(555,'g',0,'2011-10-15'),(552,'g',0,'2011-10-15'),(556,'g',0,'2011-10-15'),(553,'g',0,'2011-10-15'),(557,'g',0,'2011-10-15'),(558,'g',0,'2011-10-15'),(560,'g',0,'2011-10-15'),(695,'g',0,'2012-01-23'),(639,'g',0,'2011-12-17'),(630,'g',0,'2011-12-17'),(667,'g',0,'2012-02-04'),(647,'g',0,'2012-01-25'),(668,'g',0,'2012-01-23'),(648,'g',0,'2012-02-17'),(643,'g',0,'2012-02-02'),(665,'g',0,'2012-02-04'),(723,'g',0,'2012-01-23'),(717,'g',0,'2012-02-04'),(680,'g',0,'2012-02-17'),(692,'g',0,'2012-02-17'),(628,'g',0,'2012-02-04'),(652,'g',0,'2012-01-26'),(662,'g',0,'2012-03-05'),(627,'g',0,'2012-02-17'),(661,'g',0,'2012-02-17'),(752,'g',0,'2012-03-05'),(713,'g',0,'2012-02-04'),(705,'g',0,'2012-01-23'),(729,'g',0,'2012-02-04'),(674,'g',0,'2012-01-21'),(721,'g',0,'2012-02-04'),(699,'g',0,'2012-01-24'),(700,'g',0,'2012-02-17'),(727,'g',0,'2012-01-22'),(756,'g',0,'2012-01-21'),(697,'g',0,'2012-01-20'),(754,'g',0,'2012-02-02'),(780,'g',0,'2012-01-19'),(744,'g',0,'2012-02-04'),(759,'g',0,'2012-02-17'),(748,'g',0,'2012-01-24'),(706,'g',0,'2012-01-22'),(711,'g',0,'2012-01-22'),(735,'g',0,'2012-02-02'),(778,'g',0,'2012-02-17'),(719,'g',0,'2012-01-29'),(682,'g',0,'2012-02-04'),(571,'g',0,'2011-10-16'),(742,'g',0,'2012-02-04'),(704,'g',0,'2011-12-17'),(696,'g',0,'2012-02-04'),(693,'g',0,'2012-02-17'),(724,'g',0,'2011-12-17'),(619,'g',0,'2011-10-17'),(675,'g',0,'2012-02-17'),(618,'g',0,'2011-10-17'),(615,'g',0,'2011-10-17'),(626,'g',0,'2011-10-17'),(635,'g',0,'2011-10-17'),(617,'g',0,'2011-10-17'),(683,'g',0,'2012-01-21'),(634,'g',0,'2011-10-17'),(616,'g',0,'2011-10-17'),(673,'g',0,'2011-12-17'),(621,'g',0,'2011-10-17'),(620,'g',0,'2011-10-17'),(688,'g',0,'2012-02-17'),(671,'g',0,'2011-12-17'),(764,'g',0,'2012-02-04'),(722,'g',0,'2012-02-29'),(779,'g',0,'2011-12-17'),(689,'g',0,'2012-02-04'),(336,'g',0,'2012-02-04'),(798,'g',0,'2012-01-22'),(677,'g',0,'2012-02-04'),(712,'g',0,'2012-01-21'),(676,'g',0,'2012-02-04'),(701,'g',0,'2012-02-04'),(690,'g',0,'2012-01-20'),(745,'g',0,'2012-01-26'),(716,'g',0,'2012-02-04'),(714,'g',0,'2012-01-20'),(761,'g',0,'2011-10-18'),(322,'g',0,'2012-02-04'),(796,'g',0,'2012-02-23'),(307,'g',0,'2012-02-04'),(800,'g',0,'2012-02-21'),(740,'g',0,'2012-01-25'),(340,'g',0,'2012-02-04'),(663,'g',0,'2012-01-31'),(637,'g',0,'2012-01-25'),(633,'g',0,'2012-02-04'),(268,'g',0,'2012-02-04'),(731,'g',0,'2012-02-04'),(708,'g',0,'2012-02-04'),(338,'g',0,'2012-02-04'),(715,'g',0,'2012-02-04'),(286,'g',0,'2012-02-04'),(283,'g',0,'2012-02-04'),(174,'g',0,'2012-02-04'),(284,'g',0,'2012-02-04'),(282,'g',0,'2012-02-04'),(173,'g',0,'2012-02-04'),(285,'g',0,'2012-02-04'),(545,'g',0,'2011-12-02'),(269,'g',0,'2012-02-04'),(669,'g',0,'2011-12-17'),(638,'g',0,'2011-12-17'),(659,'g',0,'2011-12-17'),(646,'g',0,'2012-01-22'),(642,'g',0,'2011-12-17'),(655,'g',0,'2012-01-23'),(666,'g',0,'2011-12-17'),(656,'g',0,'2012-01-23'),(657,'g',0,'2011-12-17'),(640,'g',0,'2011-12-17'),(404,'g',0,'2012-01-26'),(402,'g',0,'2012-02-04'),(587,'g',0,'2012-01-25'),(415,'g',0,'2012-02-04'),(593,'g',0,'2011-10-23'),(414,'g',0,'2012-02-25'),(419,'g',0,'2012-02-04'),(403,'g',0,'2012-02-04'),(588,'g',0,'2012-01-26'),(405,'g',0,'2012-02-04'),(406,'g',0,'2012-02-04'),(408,'g',0,'2012-02-04'),(409,'g',0,'2012-01-25'),(575,'g',0,'2011-12-22'),(576,'g',0,'2012-01-05'),(578,'g',0,'2012-01-06'),(579,'g',0,'2012-01-06'),(580,'g',0,'2012-01-05'),(582,'g',0,'2012-01-05'),(583,'g',0,'2012-01-06'),(584,'g',0,'2012-01-05'),(581,'g',0,'2012-01-05'),(577,'g',0,'2012-01-05'),(651,'g',0,'2011-12-19'),(726,'g',0,'2011-11-09'),(991,'g',0,'2011-11-15'),(1209,'g',0,'2011-11-15'),(1138,'g',0,'2011-11-15'),(868,'g',0,'2011-11-15'),(872,'g',0,'2011-11-15'),(807,'g',0,'2011-11-15'),(1092,'g',0,'2011-11-15'),(1143,'g',0,'2011-11-15'),(951,'g',0,'2011-11-15'),(1177,'g',0,'2011-11-15'),(1212,'g',0,'2011-11-15'),(1270,'g',0,'2011-11-15'),(1074,'g',0,'2011-11-15'),(919,'g',0,'2011-11-15'),(1196,'g',0,'2011-11-15'),(1002,'g',0,'2011-11-15'),(1417,'g',0,'2011-11-15'),(1334,'g',0,'2011-11-15'),(1341,'g',0,'2011-11-15'),(901,'g',0,'2011-11-15'),(978,'g',0,'2011-11-15'),(948,'g',0,'2011-11-15'),(887,'g',0,'2011-11-15'),(859,'g',0,'2011-11-15'),(952,'g',0,'2011-11-15'),(918,'g',0,'2011-11-15'),(993,'g',0,'2011-11-15'),(992,'g',0,'2011-11-15'),(994,'g',0,'2011-11-15'),(990,'g',0,'2011-11-15'),(988,'g',0,'2011-11-15'),(987,'g',0,'2011-11-15'),(985,'g',0,'2011-11-15'),(984,'g',0,'2011-11-15'),(983,'g',0,'2011-11-15'),(982,'g',0,'2011-11-15'),(995,'g',0,'2011-11-15'),(989,'g',0,'2011-11-15'),(986,'g',0,'2011-11-15'),(981,'g',0,'2011-11-15'),(854,'g',0,'2011-11-16'),(877,'g',0,'2011-11-16'),(969,'g',0,'2011-11-16'),(909,'g',0,'2011-11-16'),(882,'g',0,'2011-11-16'),(936,'g',0,'2011-11-16'),(956,'g',0,'2011-11-16'),(858,'g',0,'2011-11-16'),(879,'g',0,'2011-11-16'),(966,'g',0,'2011-11-16'),(931,'g',0,'2011-11-16'),(897,'g',0,'2011-11-16'),(886,'g',0,'2011-11-16'),(856,'g',0,'2011-11-16'),(850,'g',0,'2011-11-16'),(847,'g',0,'2011-11-16'),(840,'g',0,'2011-11-16'),(842,'g',0,'2011-11-16'),(878,'g',0,'2011-11-16'),(959,'g',0,'2011-11-18'),(962,'g',0,'2011-11-18'),(947,'g',0,'2011-11-18'),(961,'g',0,'2011-11-18'),(957,'g',0,'2011-11-18'),(958,'g',0,'2011-11-18'),(960,'g',0,'2011-11-18'),(964,'g',0,'2011-11-18'),(963,'g',0,'2011-11-18'),(997,'g',0,'2011-11-18'),(1020,'g',0,'2011-11-18'),(954,'g',0,'2011-11-18'),(810,'g',0,'2011-11-18'),(944,'g',0,'2011-11-18'),(1021,'g',0,'2011-11-18'),(1190,'g',0,'2011-11-18'),(1124,'g',0,'2011-11-18'),(1253,'g',0,'2011-11-18'),(852,'g',0,'2011-11-18'),(866,'g',0,'2011-11-18'),(843,'g',0,'2011-11-18'),(865,'g',0,'2011-11-18'),(853,'g',0,'2011-11-18'),(980,'g',0,'2011-11-18'),(953,'g',0,'2011-11-18'),(869,'g',0,'2011-11-18'),(938,'g',0,'2011-11-18'),(924,'g',0,'2011-11-18'),(902,'g',0,'2011-11-18'),(916,'g',0,'2011-11-18'),(915,'g',0,'2011-11-18'),(914,'g',0,'2011-11-18'),(917,'g',0,'2011-11-18'),(942,'g',0,'2011-11-18'),(912,'g',0,'2011-11-18'),(920,'g',0,'2011-11-18'),(846,'g',0,'2011-11-18'),(826,'g',0,'2011-11-19'),(893,'g',0,'2011-11-19'),(949,'g',0,'2011-11-19'),(955,'g',0,'2011-11-19'),(845,'g',0,'2011-11-19'),(968,'g',0,'2011-11-19'),(965,'g',0,'2011-11-19'),(939,'g',0,'2011-11-19'),(946,'g',0,'2011-11-19'),(933,'g',0,'2011-11-19'),(945,'g',0,'2011-11-19'),(929,'g',0,'2011-11-19'),(925,'g',0,'2011-11-19'),(926,'g',0,'2011-11-19'),(1090,'g',0,'2011-11-19'),(1067,'g',0,'2011-11-19'),(1047,'g',0,'2011-11-19'),(1026,'g',0,'2011-11-19'),(1059,'g',0,'2011-11-19'),(874,'g',0,'2011-11-19'),(910,'g',0,'2011-11-19'),(979,'g',0,'2011-11-19'),(903,'g',0,'2011-11-19'),(884,'g',0,'2011-11-19'),(950,'g',0,'2011-11-19'),(839,'g',0,'2011-11-19'),(880,'g',0,'2011-11-19'),(937,'g',0,'2011-11-19'),(921,'g',0,'2011-11-19'),(922,'g',0,'2011-11-19'),(930,'g',0,'2011-11-19'),(934,'g',0,'2011-11-19'),(908,'g',0,'2011-11-19'),(913,'g',0,'2011-11-19'),(906,'g',0,'2011-11-19'),(896,'g',0,'2011-11-19'),(892,'g',0,'2011-11-19'),(834,'g',0,'2011-11-20'),(1133,'g',0,'2011-11-20'),(1450,'g',0,'2011-11-20'),(1412,'g',0,'2011-11-20'),(1451,'g',0,'2011-11-20'),(1403,'g',0,'2011-11-20'),(1338,'g',0,'2011-11-20'),(894,'g',0,'2011-11-20'),(837,'g',0,'2011-11-20'),(873,'g',0,'2011-11-20'),(1178,'g',0,'2011-11-20'),(876,'g',0,'2011-11-20'),(830,'g',0,'2011-11-20'),(975,'g',0,'2011-11-20'),(976,'g',0,'2011-11-20'),(888,'g',0,'2011-11-20'),(1397,'g',0,'2011-11-20'),(875,'g',0,'2011-11-20'),(1330,'g',0,'2011-11-20'),(977,'g',0,'2011-11-20'),(895,'g',0,'2011-11-20'),(833,'g',0,'2011-11-20'),(974,'g',0,'2011-11-20'),(848,'g',0,'2011-11-20'),(861,'g',0,'2011-11-20'),(927,'g',0,'2011-11-20'),(808,'g',0,'2011-11-20'),(941,'g',0,'2011-11-20'),(973,'g',0,'2011-11-20'),(905,'g',0,'2011-11-20'),(889,'g',0,'2011-11-20'),(1439,'g',0,'2011-11-20'),(935,'g',0,'2011-11-20'),(885,'g',0,'2011-11-20'),(971,'g',0,'2011-11-21'),(928,'g',0,'2011-11-21'),(972,'g',0,'2011-11-21'),(923,'g',0,'2011-11-21'),(970,'g',0,'2011-11-21'),(943,'g',0,'2011-11-21'),(940,'g',0,'2011-11-21'),(967,'g',0,'2011-11-21'),(932,'g',0,'2011-11-21'),(1102,'g',0,'2011-11-21'),(1245,'g',0,'2011-11-21'),(1041,'g',0,'2011-11-22'),(1324,'g',0,'2011-11-22'),(1217,'g',0,'2011-11-22'),(1360,'g',0,'2011-11-22'),(1387,'g',0,'2011-11-22'),(1114,'g',0,'2011-11-22'),(1292,'g',0,'2011-11-22'),(1085,'g',0,'2011-11-22'),(1129,'g',0,'2011-11-22'),(1119,'g',0,'2011-11-22'),(1343,'g',0,'2011-11-22'),(1043,'g',0,'2011-11-22'),(1351,'g',0,'2011-11-22'),(1125,'g',0,'2011-11-22'),(1152,'g',0,'2011-11-22'),(1208,'g',0,'2011-11-22'),(1039,'g',0,'2011-11-22'),(1078,'g',0,'2011-11-22'),(1414,'g',0,'2011-11-22'),(1246,'g',0,'2011-11-22'),(1297,'g',0,'2011-11-22'),(1240,'g',0,'2011-11-22'),(1079,'g',0,'2011-11-22'),(1035,'g',0,'2011-11-22'),(1160,'g',0,'2011-11-22'),(1153,'g',0,'2011-11-22'),(1016,'g',0,'2011-11-22'),(1005,'g',0,'2011-11-22'),(1346,'g',0,'2011-11-22'),(1053,'g',0,'2011-11-22'),(1091,'g',0,'2011-11-22'),(1260,'g',0,'2011-11-22'),(1106,'g',0,'2011-11-22'),(1149,'g',0,'2011-11-22'),(1206,'g',0,'2011-11-22'),(1183,'g',0,'2011-11-22'),(1331,'g',0,'2011-11-22'),(1454,'g',0,'2011-11-22'),(1444,'g',0,'2011-11-22'),(1155,'g',0,'2011-11-22'),(1172,'g',0,'2011-11-22'),(1227,'g',0,'2011-11-22'),(1413,'g',0,'2011-11-22'),(1335,'g',0,'2011-11-22'),(1242,'g',0,'2011-11-22'),(1350,'g',0,'2011-11-22'),(1066,'g',0,'2011-11-22'),(1094,'g',0,'2011-11-22'),(1428,'g',0,'2011-11-22'),(1049,'g',0,'2011-11-22'),(1411,'g',0,'2011-11-22'),(1363,'g',0,'2011-11-22'),(1120,'g',0,'2011-11-22'),(1224,'g',0,'2011-11-22'),(1113,'g',0,'2011-11-22'),(1132,'g',0,'2011-11-22'),(1139,'g',0,'2011-11-22'),(1000,'g',0,'2011-11-22'),(1147,'g',0,'2011-11-22'),(1088,'g',0,'2011-11-22'),(1126,'g',0,'2011-11-22'),(1232,'g',0,'2011-11-22'),(1128,'g',0,'2011-11-22'),(1255,'g',0,'2011-11-22'),(1137,'g',0,'2011-11-22'),(1123,'g',0,'2011-11-22'),(1081,'g',0,'2011-11-22'),(1136,'g',0,'2011-11-22'),(1345,'g',0,'2011-11-22'),(1213,'g',0,'2011-11-22'),(1096,'g',0,'2011-11-22'),(1293,'g',0,'2011-11-22'),(1199,'g',0,'2011-11-22'),(1220,'g',0,'2011-11-22'),(1200,'g',0,'2011-11-22'),(1175,'g',0,'2011-11-22'),(790,'g',0,'2011-11-22'),(1452,'g',0,'2011-11-22'),(1440,'g',0,'2011-11-22'),(1392,'g',0,'2011-11-22'),(1054,'g',0,'2011-11-22'),(1076,'g',0,'2011-11-22'),(1116,'g',0,'2011-11-22'),(1424,'g',0,'2011-11-22'),(1420,'g',0,'2011-11-22'),(1263,'g',0,'2011-11-22'),(1062,'g',0,'2011-11-22'),(1174,'g',0,'2011-11-22'),(1384,'g',0,'2011-11-22'),(1157,'g',0,'2011-11-22'),(1145,'g',0,'2011-11-22'),(1347,'g',0,'2011-11-22'),(1456,'g',0,'2011-11-22'),(1241,'g',0,'2011-11-22'),(1159,'g',0,'2011-11-22'),(1115,'g',0,'2011-11-22'),(1057,'g',0,'2011-11-22'),(1422,'g',0,'2011-11-22'),(1319,'g',0,'2011-11-22'),(1006,'g',0,'2011-11-22'),(1087,'g',0,'2011-11-22'),(1235,'g',0,'2011-11-22'),(1344,'g',0,'2011-11-22'),(1004,'g',0,'2011-11-22'),(1416,'g',0,'2011-11-22'),(1430,'g',0,'2011-11-22'),(1135,'g',0,'2011-11-22'),(1112,'g',0,'2011-11-22'),(1415,'g',0,'2011-11-22'),(1142,'g',0,'2011-11-22'),(1104,'g',0,'2011-11-22'),(1024,'g',0,'2011-11-22'),(1173,'g',0,'2011-11-22'),(1207,'g',0,'2011-11-22'),(2242,'g',0,'2011-11-24'),(1504,'g',0,'2011-11-27'),(1555,'g',0,'2012-01-06'),(1483,'g',0,'2012-02-17'),(1511,'g',0,'2012-02-17'),(1480,'g',0,'2012-02-17'),(1333,'g',0,'2011-11-28'),(1518,'g',0,'2012-02-04'),(1742,'g',0,'2012-02-04'),(1808,'g',0,'2012-02-04'),(1887,'g',0,'2012-02-04'),(1852,'g',0,'2012-02-04'),(1949,'g',0,'2012-02-17'),(1724,'g',0,'2012-02-04'),(2010,'g',0,'2012-01-25'),(1458,'g',0,'2012-01-25'),(1853,'g',0,'2012-01-25'),(1594,'g',0,'2012-02-04'),(1638,'g',0,'2012-02-04'),(537,'g',0,'2011-12-02'),(544,'g',0,'2011-12-02'),(542,'g',0,'2011-12-02'),(540,'g',0,'2011-12-02'),(546,'g',0,'2011-12-02'),(543,'g',0,'2011-12-02'),(538,'g',0,'2011-12-02'),(539,'g',0,'2011-12-02'),(541,'g',0,'2011-12-02'),(1484,'g',0,'2012-02-17'),(530,'g',0,'2011-12-02'),(528,'g',0,'2011-12-02'),(533,'g',0,'2011-12-02'),(520,'g',0,'2011-12-02'),(519,'g',0,'2011-12-02'),(521,'g',0,'2011-12-02'),(527,'g',0,'2011-12-02'),(534,'g',0,'2011-12-02'),(522,'g',0,'2011-12-02'),(536,'g',0,'2011-12-02'),(531,'g',0,'2011-12-02'),(535,'g',0,'2011-12-02'),(529,'g',0,'2011-12-02'),(532,'g',0,'2011-12-02'),(508,'g',0,'2012-02-22'),(510,'g',0,'2012-02-22'),(507,'g',0,'2012-02-22'),(509,'g',0,'2012-02-22'),(511,'g',0,'2012-02-22'),(517,'g',0,'2011-12-02'),(526,'g',0,'2011-12-02'),(523,'g',0,'2011-12-02'),(518,'g',0,'2011-12-02'),(525,'g',0,'2011-12-02'),(524,'g',0,'2011-12-02'),(516,'g',0,'2011-12-02'),(515,'g',0,'2011-12-02'),(514,'g',0,'2011-12-02'),(512,'g',0,'2011-12-02'),(513,'g',0,'2011-12-02'),(2398,'g',0,'2011-12-02'),(2259,'g',0,'2012-02-04'),(2393,'g',0,'2011-12-02'),(2397,'g',0,'2011-12-02'),(2396,'g',0,'2011-12-02'),(2394,'g',0,'2011-12-02'),(2261,'g',0,'2012-02-04'),(1425,'g',0,'2011-12-02'),(1381,'g',0,'2011-12-03'),(1441,'g',0,'2011-12-03'),(1373,'g',0,'2011-12-03'),(2347,'g',0,'2012-02-04'),(1374,'g',0,'2011-12-03'),(1431,'g',0,'2011-12-03'),(1438,'g',0,'2011-12-03'),(1394,'g',0,'2011-12-03'),(1443,'g',0,'2011-12-03'),(1447,'g',0,'2011-12-03'),(1641,'g',0,'2012-02-17'),(1803,'g',0,'2012-02-17'),(1884,'g',0,'2012-02-17'),(1676,'g',0,'2012-02-04'),(1697,'g',0,'2012-02-04'),(1709,'g',0,'2012-02-04'),(2407,'g',0,'2012-02-17'),(2015,'g',0,'2012-01-04'),(2161,'g',0,'2011-12-05'),(2022,'g',0,'2011-12-05'),(1871,'g',0,'2012-01-04'),(1433,'g',0,'2011-12-05'),(1652,'g',0,'2012-02-04'),(2128,'g',0,'2011-12-05'),(1569,'g',0,'2012-02-04'),(2239,'g',0,'2011-12-05'),(2188,'g',0,'2011-12-05'),(1432,'g',0,'2011-12-05'),(1320,'g',0,'2011-12-05'),(1121,'g',0,'2011-12-05'),(1312,'g',0,'2011-12-05'),(1109,'g',0,'2011-12-05'),(1095,'g',0,'2011-12-05'),(1202,'g',0,'2011-12-05'),(1228,'g',0,'2011-12-05'),(1435,'g',0,'2011-12-05'),(1194,'g',0,'2011-12-05'),(1316,'g',0,'2011-12-05'),(1146,'g',0,'2011-12-05'),(1070,'g',0,'2011-12-05'),(1077,'g',0,'2011-12-05'),(1029,'g',0,'2011-12-05'),(1012,'g',0,'2011-12-05'),(1195,'g',0,'2011-12-05'),(792,'g',0,'2011-12-05'),(1302,'g',0,'2011-12-05'),(1176,'g',0,'2011-12-05'),(1378,'g',0,'2011-12-05'),(1099,'g',0,'2011-12-05'),(1205,'g',0,'2011-12-05'),(1210,'g',0,'2011-12-05'),(1156,'g',0,'2011-12-05'),(1446,'g',0,'2011-12-05'),(1171,'g',0,'2011-12-05'),(1192,'g',0,'2011-12-05'),(1278,'g',0,'2011-12-05'),(1097,'g',0,'2011-12-05'),(1393,'g',0,'2011-12-05'),(1134,'g',0,'2011-12-05'),(1273,'g',0,'2011-12-05'),(1127,'g',0,'2011-12-05'),(1154,'g',0,'2011-12-05'),(805,'g',0,'2011-12-05'),(1042,'g',0,'2011-12-05'),(1306,'g',0,'2011-12-05'),(1122,'g',0,'2011-12-05'),(1001,'g',0,'2011-12-05'),(1167,'g',0,'2011-12-05'),(1107,'g',0,'2011-12-05'),(1044,'g',0,'2011-12-05'),(1201,'g',0,'2011-12-05'),(1396,'g',0,'2011-12-05'),(1140,'g',0,'2011-12-05'),(1013,'g',0,'2011-12-06'),(1203,'g',0,'2011-12-06'),(1108,'g',0,'2011-12-06'),(1040,'g',0,'2011-12-06'),(1409,'g',0,'2011-12-06'),(1218,'g',0,'2011-12-06'),(1141,'g',0,'2011-12-06'),(1082,'g',0,'2011-12-06'),(786,'g',0,'2012-03-02'),(1326,'g',0,'2011-12-06'),(1339,'g',0,'2011-12-06'),(1328,'g',0,'2011-12-06'),(1064,'g',0,'2011-12-06'),(998,'g',0,'2011-12-06'),(1089,'g',0,'2011-12-06'),(1418,'g',0,'2011-12-06'),(1148,'g',0,'2011-12-06'),(1131,'g',0,'2011-12-06'),(1055,'g',0,'2011-12-06'),(1010,'g',0,'2011-12-06'),(1423,'g',0,'2011-12-06'),(1111,'g',0,'2011-12-06'),(1100,'g',0,'2011-12-06'),(1419,'g',0,'2011-12-06'),(1046,'g',0,'2011-12-06'),(1408,'g',0,'2011-12-06'),(1204,'g',0,'2011-12-06'),(1221,'g',0,'2011-12-06'),(1233,'g',0,'2011-12-06'),(1151,'g',0,'2011-12-06'),(1033,'g',0,'2011-12-06'),(1262,'g',0,'2011-12-06'),(1222,'g',0,'2011-12-06'),(823,'g',0,'2011-12-07'),(811,'g',0,'2011-12-07'),(821,'g',0,'2011-12-07'),(592,'g',0,'2011-12-09'),(594,'g',0,'2011-12-09'),(589,'g',0,'2011-12-09'),(586,'g',0,'2011-12-09'),(585,'g',0,'2011-12-09'),(591,'g',0,'2011-12-09'),(590,'g',0,'2011-12-10'),(2526,'g',0,'2012-02-04'),(1492,'g',0,'2012-01-29'),(1636,'g',0,'2012-01-29'),(1633,'g',0,'2012-01-29'),(1606,'g',0,'2012-01-29'),(1640,'g',0,'2012-01-29'),(2345,'g',0,'2011-12-13'),(2435,'g',0,'2012-02-17'),(1846,'g',0,'2011-12-14'),(1968,'g',0,'2011-12-14'),(1844,'g',0,'2011-12-14'),(1741,'g',0,'2012-02-23'),(2272,'g',0,'2011-12-14'),(1928,'g',0,'2012-02-28'),(2379,'g',0,'2012-03-05'),(1542,'g',0,'2011-12-14'),(1940,'g',0,'2011-12-14'),(2454,'g',0,'2011-12-14'),(2354,'g',0,'2011-12-14'),(2054,'g',0,'2011-12-14'),(2119,'g',0,'2011-12-14'),(1528,'g',0,'2012-02-27'),(1508,'g',0,'2012-02-23'),(1527,'g',0,'2012-02-27'),(1798,'g',0,'2011-12-14'),(2149,'g',0,'2011-12-14'),(2114,'g',0,'2011-12-14'),(2148,'g',0,'2011-12-14'),(2123,'g',0,'2011-12-14'),(2150,'g',0,'2011-12-14'),(2105,'g',0,'2012-02-04'),(1888,'g',0,'2012-02-17'),(2029,'g',0,'2011-12-14'),(1732,'g',0,'2012-02-04'),(1951,'g',0,'2011-12-14'),(2473,'g',0,'2011-12-14'),(2057,'g',0,'2011-12-14'),(2548,'g',0,'2011-12-14'),(2287,'g',0,'2011-12-14'),(2546,'g',0,'2011-12-14'),(2547,'g',0,'2011-12-14'),(2551,'g',0,'2011-12-14'),(765,'g',0,'2012-02-04'),(2133,'g',0,'2011-12-14'),(1879,'g',0,'2011-12-15'),(1700,'g',0,'2011-12-15'),(1721,'g',0,'2011-12-15'),(1736,'g',0,'2011-12-15'),(1701,'g',0,'2011-12-15'),(1753,'g',0,'2012-02-04'),(2000,'g',0,'2011-12-15'),(1668,'g',0,'2012-02-04'),(1781,'g',0,'2011-12-15'),(1759,'g',0,'2011-12-15'),(1760,'g',0,'2011-12-15'),(1688,'g',0,'2012-02-04'),(1719,'g',0,'2011-12-15'),(2525,'g',0,'2011-12-15'),(1514,'g',0,'2011-12-15'),(1467,'g',0,'2011-12-15'),(1557,'g',0,'2011-12-15'),(1488,'g',0,'2011-12-15'),(1507,'g',0,'2011-12-15'),(1540,'g',0,'2011-12-15'),(1548,'g',0,'2011-12-15'),(1465,'g',0,'2011-12-15'),(2445,'g',0,'2011-12-15'),(1777,'g',0,'2012-02-20'),(1704,'g',0,'2012-02-19'),(1958,'g',0,'2011-12-15'),(1599,'g',0,'2011-12-15'),(1820,'g',0,'2011-12-15'),(2165,'g',0,'2011-12-15'),(2163,'g',0,'2012-02-22'),(1520,'g',0,'2011-12-16'),(1605,'g',0,'2011-12-16'),(2038,'g',0,'2011-12-16'),(2219,'g',0,'2012-02-29'),(2286,'g',0,'2011-12-16'),(1669,'g',0,'2011-12-16'),(2293,'g',0,'2011-12-16'),(1711,'g',0,'2011-12-16'),(2470,'g',0,'2011-12-16'),(2096,'g',0,'2011-12-16'),(2436,'g',0,'2011-12-16'),(1577,'g',0,'2011-12-16'),(1693,'g',0,'2012-02-20'),(1752,'g',0,'2012-02-23'),(2414,'g',0,'2012-02-04'),(1840,'g',0,'2011-12-16'),(2122,'g',0,'2011-12-16'),(503,'g',0,'2012-02-22'),(1470,'g',0,'2011-12-16'),(1476,'g',0,'2011-12-16'),(1604,'g',0,'2012-02-04'),(1460,'g',0,'2012-02-04'),(1670,'g',0,'2011-12-16'),(1626,'g',0,'2011-12-16'),(1748,'g',0,'2012-02-04'),(1883,'g',0,'2011-12-16'),(2246,'g',0,'2012-02-27'),(1913,'g',0,'2011-12-16'),(2291,'g',0,'2011-12-16'),(1586,'g',0,'2011-12-16'),(1893,'g',0,'2011-12-16'),(2199,'g',0,'2012-03-05'),(504,'g',0,'2012-02-22'),(1647,'g',0,'2012-02-17'),(1922,'g',0,'2012-02-17'),(2569,'g',0,'2012-02-04'),(1678,'g',0,'2011-12-16'),(1645,'g',0,'2011-12-16'),(1783,'g',0,'2011-12-16'),(1857,'g',0,'2011-12-16'),(1819,'g',0,'2011-12-16'),(1643,'g',0,'2012-02-04'),(1720,'g',0,'2012-02-04'),(2327,'g',0,'2011-12-16'),(1740,'g',0,'2012-02-17'),(1856,'g',0,'2011-12-16'),(1619,'g',0,'2011-12-16'),(2366,'g',0,'2011-12-16'),(1851,'g',0,'2011-12-16'),(1960,'g',0,'2012-02-26'),(1544,'g',0,'2012-02-04'),(2446,'g',0,'2011-12-16'),(1498,'g',0,'2012-02-04'),(1539,'g',0,'2012-02-04'),(2578,'g',0,'2012-02-22'),(2108,'g',0,'2012-01-25'),(2178,'g',0,'2012-01-25'),(2254,'g',0,'2012-01-25'),(2283,'g',0,'2012-01-25'),(2325,'g',0,'2012-01-25'),(2575,'g',0,'2012-02-04'),(2574,'g',0,'2012-02-04'),(2573,'g',0,'2012-02-04'),(2560,'g',0,'2012-02-04'),(2572,'g',0,'2012-02-04'),(287,'g',0,'2012-02-04'),(1717,'g',0,'2012-02-04'),(2539,'g',0,'2011-12-17'),(2577,'g',0,'2011-12-17'),(2576,'g',0,'2011-12-17'),(2568,'g',0,'2011-12-17'),(2583,'g',0,'2011-12-17'),(1487,'g',0,'2011-12-17'),(1526,'g',0,'2011-12-17'),(1545,'g',0,'2011-12-17'),(1585,'g',0,'2012-02-04'),(2218,'g',0,'2012-02-04'),(2537,'g',0,'2012-02-04'),(1747,'g',0,'2012-02-04'),(1789,'g',0,'2012-02-04'),(1865,'g',0,'2012-02-04'),(1932,'g',0,'2012-02-04'),(2566,'g',0,'2012-01-29'),(1552,'g',0,'2011-12-17'),(2309,'g',0,'2011-12-17'),(2346,'g',0,'2011-12-17'),(1479,'g',0,'2011-12-17'),(1481,'g',0,'2011-12-17'),(1519,'g',0,'2011-12-17'),(1592,'g',0,'2011-12-17'),(1695,'g',0,'2011-12-17'),(1859,'g',0,'2011-12-17'),(1868,'g',0,'2011-12-17'),(1947,'g',0,'2012-02-15'),(2102,'g',0,'2012-02-15'),(2167,'g',0,'2011-12-17'),(2175,'g',0,'2011-12-17'),(2184,'g',0,'2011-12-17'),(2220,'g',0,'2011-12-17'),(2269,'g',0,'2011-12-17'),(2273,'g',0,'2011-12-17'),(2294,'g',0,'2011-12-17'),(2376,'g',0,'2011-12-17'),(2377,'g',0,'2011-12-17'),(2423,'g',0,'2011-12-17'),(2425,'g',0,'2011-12-17'),(2474,'g',0,'2011-12-17'),(2481,'g',0,'2011-12-17'),(2483,'g',0,'2011-12-17'),(2557,'g',0,'2012-02-04'),(2556,'g',0,'2012-02-04'),(2555,'g',0,'2012-02-04'),(2415,'g',0,'2012-02-04'),(2417,'g',0,'2011-12-17'),(2418,'g',0,'2011-12-17'),(2419,'g',0,'2011-12-17'),(2507,'g',0,'2011-12-17'),(1671,'g',0,'2011-12-17'),(1712,'g',0,'2012-02-19'),(1714,'g',0,'2012-02-19'),(1796,'g',0,'2012-02-19'),(1797,'g',0,'2011-12-17'),(1805,'g',0,'2012-02-19'),(1806,'g',0,'2011-12-17'),(1824,'g',0,'2012-02-25'),(1874,'g',0,'2012-02-25'),(1876,'g',0,'2012-02-25'),(1877,'g',0,'2011-12-17'),(1878,'g',0,'2012-02-29'),(1880,'g',0,'2011-12-17'),(1881,'g',0,'2011-12-17'),(2157,'g',0,'2011-12-17'),(2166,'g',0,'2011-12-17'),(2441,'g',0,'2011-12-17'),(288,'g',0,'2012-02-17'),(289,'g',0,'2012-02-17'),(290,'g',0,'2011-12-17'),(291,'g',0,'2011-12-17'),(292,'g',0,'2011-12-17'),(2243,'g',0,'2011-12-17'),(293,'g',0,'2011-12-17'),(294,'g',0,'2011-12-17'),(295,'g',0,'2011-12-17'),(296,'g',0,'2011-12-17'),(372,'g',0,'2011-12-17'),(624,'g',0,'2012-02-04'),(641,'g',0,'2012-02-04'),(653,'g',0,'2012-02-04'),(670,'g',0,'2012-02-04'),(678,'g',0,'2012-02-04'),(687,'g',0,'2012-02-04'),(762,'g',0,'2012-02-04'),(801,'g',0,'2012-02-04'),(1464,'g',0,'2012-02-04'),(1472,'g',0,'2012-02-04'),(1490,'g',0,'2012-02-20'),(1497,'g',0,'2012-02-20'),(1500,'g',0,'2011-12-17'),(1506,'g',0,'2012-02-21'),(1536,'g',0,'2012-02-20'),(1547,'g',0,'2011-12-17'),(1581,'g',0,'2012-02-19'),(1616,'g',0,'2011-12-17'),(1661,'g',0,'2012-02-16'),(1667,'g',0,'2012-02-15'),(1762,'g',0,'2012-02-04'),(1826,'g',0,'2012-02-04'),(1834,'g',0,'2012-02-04'),(1937,'g',0,'2012-02-04'),(1955,'g',0,'2012-02-04'),(1962,'g',0,'2012-02-04'),(1980,'g',0,'2012-02-04'),(1987,'g',0,'2012-02-04'),(1990,'g',0,'2011-12-17'),(1995,'g',0,'2012-02-04'),(2031,'g',0,'2012-02-04'),(2041,'g',0,'2012-02-16'),(2078,'g',0,'2012-02-16'),(2079,'g',0,'2012-02-16'),(2092,'g',0,'2012-02-16'),(2111,'g',0,'2012-02-16'),(2113,'g',0,'2012-02-16'),(2115,'g',0,'2012-02-16'),(2117,'g',0,'2012-02-16'),(2118,'g',0,'2012-02-16'),(2121,'g',0,'2012-02-04'),(2172,'g',0,'2012-02-04'),(2177,'g',0,'2012-02-04'),(2182,'g',0,'2012-02-04'),(2230,'g',0,'2012-02-04'),(2245,'g',0,'2012-02-04'),(2270,'g',0,'2012-02-04'),(2278,'g',0,'2012-02-04'),(2295,'g',0,'2012-02-04'),(2300,'g',0,'2012-02-04'),(2330,'g',0,'2011-12-17'),(2359,'g',0,'2012-02-16'),(2409,'g',0,'2012-02-16'),(2416,'g',0,'2012-02-16'),(2438,'g',0,'2012-02-16'),(2467,'g',0,'2012-02-16'),(2511,'g',0,'2011-12-17'),(679,'g',0,'2012-03-02'),(681,'g',0,'2011-12-17'),(684,'g',0,'2011-12-17'),(691,'g',0,'2011-12-17'),(698,'g',0,'2011-12-17'),(703,'g',0,'2011-12-17'),(707,'g',0,'2011-12-17'),(709,'g',0,'2011-12-17'),(718,'g',0,'2012-03-02'),(728,'g',0,'2011-12-17'),(733,'g',0,'2011-12-17'),(736,'g',0,'2011-12-17'),(737,'g',0,'2011-12-17'),(741,'g',0,'2011-12-17'),(750,'g',0,'2011-12-17'),(685,'g',0,'2011-12-17'),(771,'g',0,'2011-12-17'),(773,'g',0,'2011-12-17'),(2582,'g',0,'2012-01-23'),(2564,'g',0,'2012-01-23'),(2562,'g',0,'2012-01-23'),(2561,'g',0,'2011-12-17'),(1461,'g',0,'2012-02-27'),(1471,'g',0,'2011-12-17'),(1473,'g',0,'2011-12-17'),(1509,'g',0,'2011-12-17'),(1537,'g',0,'2011-12-17'),(1551,'g',0,'2011-12-17'),(1568,'g',0,'2011-12-17'),(1598,'g',0,'2011-12-17'),(1602,'g',0,'2011-12-17'),(1628,'g',0,'2011-12-17'),(1648,'g',0,'2011-12-17'),(1650,'g',0,'2011-12-17'),(1654,'g',0,'2011-12-17'),(1660,'g',0,'2011-12-17'),(1662,'g',0,'2011-12-17'),(1663,'g',0,'2011-12-17'),(1666,'g',0,'2011-12-17'),(1685,'g',0,'2011-12-17'),(1696,'g',0,'2011-12-17'),(1707,'g',0,'2011-12-17'),(1727,'g',0,'2011-12-17'),(1737,'g',0,'2011-12-17'),(1738,'g',0,'2011-12-17'),(1749,'g',0,'2012-02-27'),(1761,'g',0,'2011-12-17'),(1769,'g',0,'2011-12-17'),(1772,'g',0,'2011-12-17'),(1774,'g',0,'2011-12-17'),(1784,'g',0,'2011-12-17'),(1785,'g',0,'2011-12-17'),(1786,'g',0,'2011-12-17'),(1787,'g',0,'2011-12-17'),(1788,'g',0,'2011-12-17'),(1799,'g',0,'2011-12-17'),(1800,'g',0,'2011-12-17'),(1802,'g',0,'2011-12-17'),(1804,'g',0,'2011-12-17'),(1807,'g',0,'2011-12-17'),(1811,'g',0,'2011-12-17'),(1813,'g',0,'2011-12-17'),(1814,'g',0,'2011-12-17'),(2363,'g',0,'2011-12-17'),(1832,'g',0,'2011-12-17'),(1867,'g',0,'2011-12-17'),(1869,'g',0,'2011-12-17'),(1892,'g',0,'2011-12-17'),(2448,'g',0,'2011-12-17'),(1908,'g',0,'2011-12-17'),(1909,'g',0,'2011-12-17'),(1912,'g',0,'2012-02-25'),(1919,'g',0,'2012-02-24'),(1751,'g',0,'2012-02-23'),(1939,'g',0,'2011-12-17'),(1941,'g',0,'2012-02-24'),(1953,'g',0,'2012-02-24'),(1973,'g',0,'2012-02-25'),(1875,'g',0,'2011-12-17'),(1977,'g',0,'2012-02-24'),(1996,'g',0,'2012-02-25'),(2012,'g',0,'2012-02-24'),(1529,'g',0,'2012-02-27'),(1657,'g',0,'2012-02-27'),(1672,'g',0,'2012-02-27'),(1682,'g',0,'2012-02-27'),(1702,'g',0,'2012-02-27'),(1715,'g',0,'2011-12-17'),(1779,'g',0,'2011-12-17'),(1795,'g',0,'2011-12-17'),(1872,'g',0,'2011-12-17'),(1921,'g',0,'2011-12-17'),(2013,'g',0,'2011-12-17'),(2141,'g',0,'2011-12-17'),(2174,'g',0,'2011-12-17'),(1758,'g',0,'2012-02-20'),(2208,'g',0,'2011-12-17'),(1530,'g',0,'2011-12-17'),(2282,'g',0,'2011-12-17'),(2429,'g',0,'2011-12-17'),(1757,'g',0,'2012-02-17'),(2026,'g',0,'2012-02-17'),(2437,'g',0,'2011-12-17'),(2489,'g',0,'2011-12-17'),(2490,'g',0,'2012-01-22'),(2491,'g',0,'2012-01-22'),(2492,'g',0,'2012-01-21'),(1755,'g',0,'2012-02-20'),(2493,'g',0,'2012-01-22'),(2494,'g',0,'2012-01-21'),(2495,'g',0,'2012-01-21'),(2496,'g',0,'2012-01-22'),(2497,'g',0,'2012-01-21'),(2498,'g',0,'2012-01-22'),(2499,'g',0,'2012-01-22'),(2500,'g',0,'2011-12-17'),(1971,'g',0,'2011-12-17'),(1644,'g',0,'2011-12-17'),(1593,'g',0,'2011-12-17'),(2131,'g',0,'2011-12-17'),(2289,'g',0,'2012-02-25'),(1571,'g',0,'2011-12-17'),(1910,'g',0,'2011-12-17'),(2353,'g',0,'2011-12-17'),(2168,'g',0,'2012-02-04'),(1655,'g',0,'2011-12-17'),(1818,'g',0,'2011-12-17'),(1679,'g',0,'2011-12-17'),(1770,'g',0,'2012-02-20'),(1651,'g',0,'2011-12-17'),(2364,'g',0,'2012-03-02'),(1894,'g',0,'2011-12-17'),(2056,'g',0,'2011-12-17'),(2292,'g',0,'2011-12-17'),(1728,'g',0,'2012-02-04'),(1656,'g',0,'2012-02-23'),(1691,'g',0,'2011-12-17'),(1689,'g',0,'2011-12-17'),(1766,'g',0,'2012-02-04'),(1690,'g',0,'2011-12-17'),(2299,'g',0,'2012-02-04'),(1588,'g',0,'2011-12-17'),(1926,'g',0,'2012-02-28'),(1708,'g',0,'2011-12-17'),(2039,'g',0,'2011-12-17'),(1948,'g',0,'2011-12-17'),(1734,'g',0,'2011-12-17'),(1572,'g',0,'2011-12-17'),(1934,'g',0,'2011-12-17'),(1499,'g',0,'2012-02-04'),(2034,'g',0,'2011-12-17'),(788,'g',0,'2011-12-17'),(1823,'g',0,'2011-12-17'),(1966,'g',0,'2011-12-17'),(1952,'g',0,'2011-12-17'),(2158,'g',0,'2011-12-17'),(1963,'g',0,'2011-12-17'),(1862,'g',0,'2011-12-17'),(1627,'g',0,'2011-12-17'),(1764,'g',0,'2011-12-17'),(1631,'g',0,'2011-12-17'),(1744,'g',0,'2012-02-23'),(1729,'g',0,'2012-02-04'),(1817,'g',0,'2011-12-17'),(1756,'g',0,'2012-02-20'),(2170,'g',0,'2011-12-17'),(1632,'g',0,'2012-02-04'),(2145,'g',0,'2011-12-17'),(1845,'g',0,'2011-12-17'),(2217,'g',0,'2011-12-17'),(1590,'g',0,'2011-12-17'),(2285,'g',0,'2011-12-17'),(1870,'g',0,'2011-12-17'),(1776,'g',0,'2011-12-17'),(1969,'g',0,'2012-02-26'),(1531,'g',0,'2012-02-04'),(2355,'g',0,'2011-12-17'),(2059,'g',0,'2011-12-17'),(654,'g',0,'2012-02-04'),(2151,'g',0,'2011-12-18'),(2212,'g',0,'2012-02-04'),(2203,'g',0,'2011-12-18'),(1574,'g',0,'2011-12-18'),(1889,'g',0,'2011-12-18'),(1573,'g',0,'2011-12-18'),(1989,'g',0,'2011-12-18'),(1850,'g',0,'2011-12-18'),(2006,'g',0,'2011-12-18'),(2097,'g',0,'2011-12-18'),(1486,'g',0,'2012-02-04'),(2040,'g',0,'2011-12-18'),(1624,'g',0,'2011-12-18'),(1763,'g',0,'2012-02-04'),(1560,'g',0,'2011-12-18'),(1816,'g',0,'2011-12-18'),(1946,'g',0,'2012-02-28'),(1861,'g',0,'2011-12-18'),(1849,'g',0,'2011-12-18'),(1936,'g',0,'2011-12-18'),(1944,'g',0,'2012-02-26'),(1558,'g',0,'2011-12-18'),(2449,'g',0,'2011-12-18'),(2042,'g',0,'2011-12-18'),(1543,'g',0,'2011-12-18'),(1964,'g',0,'2011-12-18'),(2274,'g',0,'2011-12-18'),(1778,'g',0,'2012-02-20'),(1495,'g',0,'2011-12-18'),(1716,'g',0,'2012-02-04'),(2232,'g',0,'2012-02-04'),(2334,'g',0,'2011-12-18'),(2464,'g',0,'2012-02-24'),(2093,'g',0,'2011-12-18'),(1920,'g',0,'2011-12-18'),(2164,'g',0,'2011-12-18'),(1771,'g',0,'2012-02-04'),(1653,'g',0,'2012-02-04'),(1906,'g',0,'2011-12-18'),(2424,'g',0,'2011-12-18'),(2253,'g',0,'2011-12-18'),(2043,'g',0,'2011-12-18'),(753,'g',0,'2011-12-18'),(2465,'g',0,'2012-02-04'),(1634,'g',0,'2011-12-18'),(1745,'g',0,'2012-02-23'),(1629,'g',0,'2011-12-18'),(2456,'g',0,'2011-12-18'),(2080,'g',0,'2012-02-27'),(2331,'g',0,'2011-12-18'),(2352,'g',0,'2012-02-04'),(2129,'g',0,'2011-12-18'),(1710,'g',0,'2011-12-18'),(2134,'g',0,'2011-12-18'),(2455,'g',0,'2011-12-18'),(1546,'g',0,'2011-12-18'),(1848,'g',0,'2012-03-05'),(1596,'g',0,'2012-02-04'),(1904,'g',0,'2011-12-18'),(1517,'g',0,'2012-02-04'),(1838,'g',0,'2011-12-18'),(1972,'g',0,'2011-12-18'),(2380,'g',0,'2011-12-19'),(1684,'g',0,'2011-12-19'),(1722,'g',0,'2011-12-19'),(2086,'g',0,'2011-12-19'),(1998,'g',0,'2011-12-19'),(1970,'g',0,'2011-12-19'),(2250,'g',0,'2012-02-29'),(1726,'g',0,'2012-02-04'),(2457,'g',0,'2011-12-19'),(2256,'g',0,'2011-12-19'),(1991,'g',0,'2011-12-19'),(2462,'g',0,'2011-12-19'),(1905,'g',0,'2011-12-19'),(1835,'g',0,'2011-12-19'),(1563,'g',0,'2011-12-19'),(1505,'g',0,'2011-12-19'),(1895,'g',0,'2011-12-19'),(2387,'g',0,'2011-12-19'),(1901,'g',0,'2012-02-04'),(2276,'g',0,'2011-12-19'),(2459,'g',0,'2011-12-19'),(760,'g',0,'2012-02-04'),(2279,'g',0,'2011-12-19'),(1886,'g',0,'2011-12-19'),(1954,'g',0,'2011-12-19'),(1896,'g',0,'2012-02-29'),(2152,'g',0,'2011-12-19'),(1935,'g',0,'2011-12-19'),(2281,'g',0,'2011-12-19'),(2320,'g',0,'2011-12-19'),(1665,'g',0,'2011-12-19'),(1976,'g',0,'2011-12-19'),(1765,'g',0,'2011-12-19'),(2211,'g',0,'2012-02-22'),(2085,'g',0,'2011-12-19'),(1739,'g',0,'2011-12-19'),(1618,'g',0,'2012-02-04'),(2365,'g',0,'2011-12-19'),(1982,'g',0,'2011-12-19'),(2065,'g',0,'2011-12-19'),(2186,'g',0,'2012-02-04'),(2251,'g',0,'2012-02-29'),(1959,'g',0,'2011-12-19'),(2265,'g',0,'2012-02-20'),(1821,'g',0,'2011-12-19'),(2024,'g',0,'2011-12-19'),(1646,'g',0,'2012-02-04'),(2443,'g',0,'2012-02-04'),(1603,'g',0,'2011-12-19'),(1570,'g',0,'2011-12-19'),(1686,'g',0,'2011-12-19'),(2247,'g',0,'2011-12-19'),(2271,'g',0,'2011-12-19'),(1993,'g',0,'2012-02-26'),(388,'g',0,'2012-02-22'),(362,'g',0,'2012-02-22'),(1706,'g',0,'2012-02-04'),(353,'g',0,'2012-02-17'),(1513,'g',0,'2012-02-04'),(1750,'g',0,'2011-12-19'),(1907,'g',0,'2011-12-19'),(2326,'g',0,'2011-12-19'),(2069,'g',0,'2011-12-19'),(502,'g',0,'2012-02-22'),(2501,'g',0,'2011-12-19'),(2135,'g',0,'2011-12-19'),(1957,'g',0,'2011-12-19'),(1782,'g',0,'2012-02-20'),(1600,'g',0,'2011-12-19'),(1754,'g',0,'2012-02-23'),(2014,'g',0,'2012-02-17'),(2037,'g',0,'2012-02-04'),(2132,'g',0,'2011-12-19'),(1743,'g',0,'2011-12-19'),(2472,'g',0,'2012-02-24'),(2341,'g',0,'2011-12-19'),(1801,'g',0,'2011-12-19'),(1794,'g',0,'2011-12-19'),(1617,'g',0,'2011-12-19'),(2381,'g',0,'2011-12-19'),(2032,'g',0,'2012-02-25'),(2244,'g',0,'2012-02-22'),(1584,'g',0,'2011-12-19'),(1615,'g',0,'2012-02-04'),(1900,'g',0,'2011-12-19'),(1890,'g',0,'2011-12-19'),(2367,'g',0,'2011-12-19'),(505,'g',0,'2012-02-22'),(702,'g',0,'2011-12-20'),(367,'g',0,'2012-02-04'),(368,'g',0,'2012-02-04'),(371,'g',0,'2012-02-04'),(348,'g',0,'2012-02-04'),(356,'g',0,'2012-02-04'),(413,'g',0,'2012-02-04'),(375,'g',0,'2012-02-04'),(2630,'g',0,'2012-02-22'),(2598,'g',0,'2012-02-17'),(2600,'g',0,'2011-12-22'),(2618,'g',0,'2011-12-22'),(1847,'g',0,'2011-12-22'),(2107,'g',0,'2011-12-22'),(1694,'g',0,'2012-02-20'),(1923,'g',0,'2012-02-29'),(2252,'g',0,'2012-02-20'),(2100,'g',0,'2012-02-27'),(2268,'g',0,'2012-02-04'),(2468,'g',0,'2011-12-22'),(1891,'g',0,'2011-12-22'),(2288,'g',0,'2011-12-22'),(2215,'g',0,'2011-12-22'),(1855,'g',0,'2011-12-22'),(2461,'g',0,'2011-12-22'),(1582,'g',0,'2011-12-22'),(1842,'g',0,'2011-12-22'),(2008,'g',0,'2011-12-22'),(358,'g',0,'2012-02-22'),(384,'g',0,'2012-02-22'),(1457,'g',0,'2011-12-22'),(2074,'g',0,'2011-12-22'),(1589,'g',0,'2012-02-04'),(1642,'g',0,'2012-02-04'),(1649,'g',0,'2012-02-04'),(2514,'g',0,'2011-12-22'),(2432,'g',0,'2011-12-22'),(2004,'g',0,'2011-12-22'),(1858,'g',0,'2011-12-22'),(2447,'g',0,'2011-12-22'),(2047,'g',0,'2011-12-22'),(1897,'g',0,'2011-12-22'),(2027,'g',0,'2011-12-22'),(2071,'g',0,'2011-12-22'),(2033,'g',0,'2011-12-22'),(506,'g',0,'2012-02-22'),(2621,'g',0,'2011-12-22'),(1961,'g',0,'2011-12-22'),(1950,'g',0,'2011-12-22'),(1780,'g',0,'2012-02-20'),(1674,'g',0,'2011-12-22'),(2202,'g',0,'2011-12-22'),(2159,'g',0,'2011-12-22'),(1768,'g',0,'2012-02-04'),(2374,'g',0,'2011-12-22'),(1931,'g',0,'2012-02-24'),(1683,'g',0,'2011-12-22'),(2233,'g',0,'2012-03-05'),(1746,'g',0,'2011-12-22'),(2558,'g',0,'2011-12-22'),(1911,'g',0,'2011-12-22'),(1561,'g',0,'2012-02-04'),(1773,'g',0,'2011-12-22'),(1659,'g',0,'2012-02-04'),(1595,'g',0,'2012-02-04'),(2332,'g',0,'2011-12-22'),(2426,'g',0,'2011-12-22'),(1942,'g',0,'2011-12-22'),(1992,'g',0,'2011-12-22'),(2055,'g',0,'2011-12-22'),(2310,'g',0,'2012-02-20'),(2016,'g',0,'2011-12-22'),(574,'g',0,'2011-12-22'),(549,'g',0,'2011-12-22'),(551,'g',0,'2011-12-22'),(548,'g',0,'2011-12-22'),(573,'g',0,'2011-12-22'),(550,'g',0,'2011-12-22'),(1625,'g',0,'2011-12-23'),(1767,'g',0,'2012-02-20'),(1999,'g',0,'2012-02-17'),(2344,'g',0,'2011-12-23'),(1975,'g',0,'2011-12-23'),(2036,'g',0,'2011-12-23'),(2045,'g',0,'2012-02-04'),(2194,'g',0,'2011-12-23'),(2323,'g',0,'2011-12-23'),(1929,'g',0,'2011-12-23'),(2028,'g',0,'2011-12-23'),(1903,'g',0,'2011-12-23'),(1902,'g',0,'2012-02-04'),(1841,'g',0,'2011-12-23'),(1866,'g',0,'2012-02-04'),(2138,'g',0,'2011-12-23'),(2458,'g',0,'2011-12-23'),(2140,'g',0,'2011-12-23'),(2388,'g',0,'2011-12-23'),(2213,'g',0,'2011-12-23'),(1914,'g',0,'2011-12-23'),(1550,'g',0,'2012-02-04'),(1583,'g',0,'2012-02-04'),(1915,'g',0,'2011-12-23'),(2460,'g',0,'2011-12-23'),(1917,'g',0,'2011-12-23'),(2266,'g',0,'2012-02-20'),(2063,'g',0,'2011-12-23'),(2356,'g',0,'2011-12-23'),(2044,'g',0,'2011-12-23'),(2070,'g',0,'2011-12-23'),(767,'g',0,'2012-02-04'),(795,'g',0,'2011-12-23'),(2602,'g',0,'2012-03-01'),(2619,'g',0,'2012-03-01'),(2622,'g',0,'2012-03-01'),(2106,'g',0,'2012-02-04'),(1925,'g',0,'2011-12-23'),(1635,'g',0,'2011-12-23'),(1534,'g',0,'2012-02-19'),(2153,'g',0,'2011-12-23'),(2427,'g',0,'2011-12-23'),(355,'g',0,'2012-02-22'),(2248,'g',0,'2012-02-22'),(1793,'g',0,'2011-12-23'),(1601,'g',0,'2011-12-23'),(359,'g',0,'2012-02-22'),(2214,'g',0,'2012-02-28'),(1997,'g',0,'2011-12-23'),(2142,'g',0,'2011-12-23'),(2228,'g',0,'2011-12-23'),(1541,'g',0,'2012-02-04'),(1549,'g',0,'2012-02-04'),(1575,'g',0,'2012-02-04'),(1521,'g',0,'2012-02-04'),(2368,'g',0,'2011-12-23'),(2052,'g',0,'2011-12-23'),(2103,'g',0,'2011-12-23'),(2267,'g',0,'2012-02-20'),(2073,'g',0,'2011-12-23'),(794,'g',0,'2011-12-23'),(2595,'g',0,'2012-02-17'),(1943,'g',0,'2011-12-23'),(1705,'g',0,'2012-02-04'),(1725,'g',0,'2011-12-23'),(2463,'g',0,'2012-02-24'),(1967,'g',0,'2011-12-23'),(2179,'g',0,'2011-12-23'),(1898,'g',0,'2011-12-23'),(2143,'g',0,'2012-02-22'),(1810,'g',0,'2011-12-23'),(2249,'g',0,'2011-12-23'),(1587,'g',0,'2012-02-04'),(2205,'g',0,'2012-02-22'),(2594,'g',0,'2012-02-24'),(2303,'g',0,'2012-02-28'),(2298,'g',0,'2011-12-23'),(1533,'g',0,'2012-02-04'),(1491,'g',0,'2012-02-04'),(1864,'g',0,'2011-12-23'),(2444,'g',0,'2011-12-23'),(1554,'g',0,'2012-02-04'),(2051,'g',0,'2011-12-23'),(1825,'g',0,'2011-12-23'),(2030,'g',0,'2011-12-23'),(1837,'g',0,'2011-12-23'),(2613,'g',0,'2012-02-04'),(686,'g',0,'2012-02-04'),(2628,'g',0,'2012-02-20'),(2237,'g',0,'2011-12-23'),(1692,'g',0,'2012-02-20'),(2413,'g',0,'2011-12-23'),(1730,'g',0,'2011-12-23'),(2297,'g',0,'2011-12-23'),(1927,'g',0,'2011-12-23'),(1522,'g',0,'2011-12-23'),(1792,'g',0,'2011-12-23'),(385,'g',0,'2012-02-22'),(2262,'g',0,'2011-12-23'),(2502,'g',0,'2012-02-04'),(2518,'g',0,'2012-02-20'),(2373,'g',0,'2011-12-23'),(2234,'g',0,'2012-02-28'),(2554,'g',0,'2011-12-23'),(2221,'g',0,'2012-02-28'),(2433,'g',0,'2011-12-23'),(2384,'g',0,'2011-12-23'),(2361,'g',0,'2011-12-23'),(1494,'g',0,'2012-02-04'),(1833,'g',0,'2011-12-23'),(2471,'g',0,'2011-12-23'),(1854,'g',0,'2011-12-23'),(1831,'g',0,'2011-12-23'),(1836,'g',0,'2011-12-23'),(2049,'g',0,'2011-12-23'),(2311,'g',0,'2011-12-23'),(2020,'g',0,'2011-12-23'),(1986,'g',0,'2011-12-23'),(2089,'g',0,'2011-12-23'),(1553,'g',0,'2011-12-24'),(2616,'g',0,'2012-02-04'),(1538,'g',0,'2011-12-24'),(1873,'g',0,'2011-12-24'),(2127,'g',0,'2011-12-24'),(1713,'g',0,'2011-12-24'),(1698,'g',0,'2011-12-24'),(1718,'g',0,'2012-02-04'),(1860,'g',0,'2012-02-04'),(1664,'g',0,'2012-02-04'),(1580,'g',0,'2011-12-24'),(1556,'g',0,'2011-12-24'),(373,'g',0,'2011-12-24'),(1512,'g',0,'2011-12-24'),(1885,'g',0,'2011-12-24'),(1882,'g',0,'2011-12-24'),(380,'g',0,'2012-02-22'),(2408,'g',0,'2011-12-24'),(2337,'g',0,'2011-12-24'),(2333,'g',0,'2012-02-28'),(2431,'g',0,'2011-12-24'),(2328,'g',0,'2012-02-28'),(2222,'g',0,'2012-02-28'),(2372,'g',0,'2011-12-24'),(2240,'g',0,'2011-12-24'),(2187,'g',0,'2011-12-24'),(2339,'g',0,'2011-12-24'),(1843,'g',0,'2011-12-24'),(1828,'g',0,'2011-12-24'),(2357,'g',0,'2011-12-24'),(1822,'g',0,'2011-12-24'),(2025,'g',0,'2011-12-24'),(2048,'g',0,'2011-12-24'),(757,'g',0,'2012-02-04'),(751,'g',0,'2011-12-24'),(763,'g',0,'2011-12-24'),(694,'g',0,'2012-02-04'),(2275,'g',0,'2011-12-24'),(1815,'g',0,'2011-12-24'),(1703,'g',0,'2012-02-20'),(1924,'g',0,'2011-12-24'),(1733,'g',0,'2011-12-24'),(1578,'g',0,'2011-12-24'),(1918,'g',0,'2011-12-24'),(2475,'g',0,'2011-12-24'),(2209,'g',0,'2012-02-22'),(2524,'g',0,'2011-12-24'),(2386,'g',0,'2011-12-24'),(2504,'g',0,'2011-12-24'),(2319,'g',0,'2012-02-28'),(2385,'g',0,'2011-12-24'),(2519,'g',0,'2011-12-24'),(2506,'g',0,'2011-12-24'),(2389,'g',0,'2011-12-24'),(1827,'g',0,'2011-12-24'),(1830,'g',0,'2011-12-24'),(1579,'g',0,'2012-02-04'),(1510,'g',0,'2012-02-04'),(2072,'g',0,'2011-12-24'),(802,'g',0,'2012-02-04'),(2571,'g',0,'2011-12-24'),(1525,'g',0,'2011-12-24'),(1623,'g',0,'2011-12-24'),(1775,'g',0,'2011-12-24'),(2126,'g',0,'2011-12-24'),(2210,'g',0,'2012-02-22'),(2007,'g',0,'2011-12-24'),(2522,'g',0,'2011-12-24'),(2505,'g',0,'2011-12-24'),(2517,'g',0,'2011-12-24'),(2559,'g',0,'2011-12-24'),(2358,'g',0,'2011-12-24'),(2523,'g',0,'2011-12-24'),(2351,'g',0,'2011-12-24'),(1863,'g',0,'2011-12-24'),(1829,'g',0,'2011-12-24'),(1639,'g',0,'2012-02-04'),(1658,'g',0,'2012-02-04'),(2324,'g',0,'2011-12-24'),(2120,'g',0,'2011-12-24'),(781,'g',0,'2011-12-24'),(2632,'g',0,'2011-12-24'),(2633,'g',0,'2011-12-24'),(2636,'g',0,'2011-12-24'),(2623,'g',0,'2011-12-24'),(2181,'g',0,'2011-12-24'),(2183,'g',0,'2011-12-24'),(2155,'g',0,'2011-12-24'),(2146,'g',0,'2011-12-24'),(2147,'g',0,'2011-12-24'),(2125,'g',0,'2011-12-24'),(2171,'g',0,'2011-12-24'),(2130,'g',0,'2011-12-24'),(2173,'g',0,'2011-12-24'),(2383,'g',0,'2011-12-24'),(2615,'g',0,'2011-12-25'),(1591,'g',0,'2011-12-25'),(2479,'g',0,'2011-12-26'),(2605,'g',0,'2012-02-04'),(2124,'g',0,'2011-12-27'),(1524,'g',0,'2011-12-29'),(1489,'g',0,'2011-12-29'),(2643,'g',0,'2011-12-29'),(1681,'g',0,'2011-12-30'),(2629,'g',0,'2011-12-30'),(2639,'g',0,'2011-12-30'),(2640,'g',0,'2011-12-30'),(2658,'g',0,'2011-12-31'),(1614,'g',0,'2011-12-31'),(1790,'g',0,'2011-12-31'),(1731,'g',0,'2011-12-31'),(1567,'g',0,'2011-12-31'),(2647,'g',0,'2012-01-01'),(2644,'g',0,'2012-01-01'),(1791,'g',0,'2012-01-01'),(2565,'g',0,'2012-01-01'),(1562,'g',0,'2012-01-01'),(2627,'g',0,'2012-02-22'),(1565,'g',0,'2012-01-01'),(2651,'g',0,'2012-01-01'),(2626,'g',0,'2012-01-01'),(1613,'g',0,'2012-01-01'),(2058,'g',0,'2012-01-01'),(2617,'g',0,'2012-01-01'),(2067,'g',0,'2012-01-01'),(1974,'g',0,'2012-02-28'),(2570,'g',0,'2012-01-01'),(2620,'g',0,'2012-01-01'),(1839,'g',0,'2012-01-01'),(2060,'g',0,'2012-02-18'),(2062,'g',0,'2012-01-02'),(2064,'g',0,'2012-01-02'),(1566,'g',0,'2012-01-02'),(2666,'g',0,'2012-01-02'),(2657,'g',0,'2012-01-02'),(2053,'g',0,'2012-02-28'),(1899,'g',0,'2012-02-27'),(1699,'g',0,'2012-01-02'),(1735,'g',0,'2012-01-02'),(2655,'g',0,'2012-01-02'),(1564,'g',0,'2012-01-03'),(1466,'g',0,'2012-01-03'),(1478,'g',0,'2012-01-03'),(2638,'g',0,'2012-01-03'),(1501,'g',0,'2012-03-05'),(2068,'g',0,'2012-01-03'),(2061,'g',0,'2012-01-03'),(2066,'g',0,'2012-01-03'),(2580,'g',0,'2012-01-03'),(2675,'g',0,'2012-02-17'),(2601,'g',0,'2012-02-22'),(2697,'g',0,'2012-02-04'),(2681,'g',0,'2012-02-04'),(2696,'g',0,'2012-02-04'),(2699,'g',0,'2012-02-04'),(2688,'g',0,'2012-02-20'),(2684,'g',0,'2012-02-20'),(2669,'g',0,'2012-02-20'),(2670,'g',0,'2012-02-20'),(2653,'g',0,'2012-02-20'),(2661,'g',0,'2012-02-20'),(2702,'g',0,'2012-02-17'),(2700,'g',0,'2012-02-17'),(2673,'g',0,'2012-02-20'),(2703,'g',0,'2012-02-17'),(2530,'g',0,'2012-01-06'),(2529,'g',0,'2012-01-06'),(2625,'g',0,'2012-01-06'),(2682,'g',0,'2012-02-19'),(2704,'g',0,'2012-02-17'),(2710,'g',0,'2012-02-17'),(2705,'g',0,'2012-02-17'),(595,'g',0,'2012-01-08'),(2711,'g',0,'2012-02-17'),(2713,'g',0,'2012-02-17'),(2701,'g',0,'2012-02-17'),(422,'g',0,'2012-02-16'),(423,'g',0,'2012-03-01'),(424,'g',0,'2012-03-01'),(425,'g',0,'2012-03-01'),(426,'g',0,'2012-03-01'),(427,'g',0,'2012-03-01'),(421,'g',0,'2012-02-16'),(428,'g',0,'2012-01-08'),(420,'g',0,'2012-02-16'),(2695,'g',0,'2012-01-09'),(2720,'g',0,'2012-02-17'),(2235,'g',0,'2012-01-10'),(1515,'g',0,'2012-01-10'),(1503,'g',0,'2012-01-10'),(1523,'g',0,'2012-01-10'),(1502,'g',0,'2012-01-10'),(1516,'g',0,'2012-01-10'),(1535,'g',0,'2012-01-10'),(2692,'g',0,'2012-02-17'),(2694,'g',0,'2012-02-17'),(2706,'g',0,'2012-02-17'),(2698,'g',0,'2012-02-17'),(2190,'g',0,'2012-01-10'),(2191,'g',0,'2012-01-10'),(2238,'g',0,'2012-01-10'),(2712,'g',0,'2012-02-17'),(2721,'g',0,'2012-02-17'),(2707,'g',0,'2012-02-17'),(2732,'g',0,'2012-02-17'),(2723,'g',0,'2012-02-17'),(2693,'g',0,'2012-02-17'),(2741,'g',0,'2012-02-17'),(2735,'g',0,'2012-02-17'),(2677,'g',0,'2012-01-11'),(2740,'g',0,'2012-02-17'),(2193,'g',0,'2012-01-11'),(2709,'g',0,'2012-02-17'),(2708,'g',0,'2012-02-17'),(2198,'g',0,'2012-01-11'),(2258,'g',0,'2012-01-11'),(2315,'g',0,'2012-01-11'),(2260,'g',0,'2012-01-11'),(2301,'g',0,'2012-01-11'),(2742,'g',0,'2012-02-17'),(2305,'g',0,'2012-01-12'),(2263,'g',0,'2012-01-12'),(2280,'g',0,'2012-01-12'),(2277,'g',0,'2012-01-12'),(2308,'g',0,'2012-01-12'),(2314,'g',0,'2012-01-12'),(2371,'g',0,'2012-01-12'),(2608,'g',0,'2012-01-12'),(2370,'g',0,'2012-01-12'),(2410,'g',0,'2012-01-12'),(2390,'g',0,'2012-01-12'),(2317,'g',0,'2012-01-12'),(2343,'g',0,'2012-01-12'),(2318,'g',0,'2012-01-12'),(2316,'g',0,'2012-01-12'),(2531,'g',0,'2012-01-12'),(2532,'g',0,'2012-01-12'),(2544,'g',0,'2012-01-12'),(2538,'g',0,'2012-01-12'),(2329,'g',0,'2012-01-12'),(2727,'g',0,'2012-02-17'),(2722,'g',0,'2012-02-17'),(2747,'g',0,'2012-02-17'),(2748,'g',0,'2012-02-17'),(2745,'g',0,'2012-02-23'),(2738,'g',0,'2012-02-17'),(2719,'g',0,'2012-02-17'),(2716,'g',0,'2012-02-17'),(2714,'g',0,'2012-02-17'),(2715,'g',0,'2012-02-17'),(2718,'g',0,'2012-02-17'),(2597,'g',0,'2012-01-14'),(1462,'g',0,'2012-01-14'),(2685,'g',0,'2012-01-14'),(2683,'g',0,'2012-01-14'),(2567,'g',0,'2012-01-14'),(2646,'g',0,'2012-01-14'),(2631,'g',0,'2012-01-14'),(1809,'g',0,'2012-01-14'),(2563,'g',0,'2012-01-14'),(2686,'g',0,'2012-01-14'),(2739,'g',0,'2012-02-17'),(1477,'g',0,'2012-01-14'),(2635,'g',0,'2012-01-14'),(1482,'g',0,'2012-01-14'),(1485,'g',0,'2012-01-14'),(1469,'g',0,'2012-01-14'),(1468,'g',0,'2012-01-14'),(1576,'g',0,'2012-02-22'),(2725,'g',0,'2012-02-17'),(2737,'g',0,'2012-02-17'),(2736,'g',0,'2012-02-17'),(2724,'g',0,'2012-02-17'),(2717,'g',0,'2012-02-17'),(2726,'g',0,'2012-02-17'),(2734,'g',0,'2012-02-17'),(2762,'g',0,'2012-02-17'),(2761,'g',0,'2012-01-16'),(2749,'g',0,'2012-01-17'),(2801,'g',0,'2012-02-28'),(2753,'g',0,'2012-02-28'),(2754,'g',0,'2012-02-20'),(2770,'g',0,'2012-02-28'),(2771,'g',0,'2012-02-28'),(2733,'g',0,'2012-02-21'),(2810,'g',0,'2012-02-28'),(2785,'g',0,'2012-02-28'),(2767,'g',0,'2012-02-23'),(2508,'g',0,'2012-01-21'),(2768,'g',0,'2012-01-21'),(2731,'g',0,'2012-01-21'),(2612,'g',0,'2012-01-21'),(2264,'g',0,'2012-01-21'),(2162,'g',0,'2012-01-21'),(2772,'g',0,'2012-01-21'),(2758,'g',0,'2012-01-21'),(2781,'g',0,'2012-01-21'),(2509,'g',0,'2012-01-21'),(2800,'g',0,'2012-01-22'),(2671,'g',0,'2012-01-22'),(2667,'g',0,'2012-01-22'),(2760,'g',0,'2012-02-23'),(2510,'g',0,'2012-01-22'),(2469,'g',0,'2012-01-22'),(2144,'g',0,'2012-01-22'),(2691,'g',0,'2012-01-22'),(2750,'g',0,'2012-01-22'),(2744,'g',0,'2012-01-22'),(2730,'g',0,'2012-01-22'),(2743,'g',0,'2012-01-22'),(2614,'g',0,'2012-01-22'),(2797,'g',0,'2012-01-22'),(2729,'g',0,'2012-01-22'),(2764,'g',0,'2012-03-04'),(2782,'g',0,'2012-03-04'),(2650,'g',0,'2012-01-23'),(2808,'g',0,'2012-01-23'),(2662,'g',0,'2012-03-04'),(2811,'g',0,'2012-03-04'),(2787,'g',0,'2012-03-04'),(2659,'g',0,'2012-03-04'),(2641,'g',0,'2012-02-26'),(2660,'g',0,'2012-03-04'),(2606,'g',0,'2012-01-23'),(2642,'g',0,'2012-03-02'),(2624,'g',0,'2012-01-23'),(2634,'g',0,'2012-01-23'),(2603,'g',0,'2012-01-23'),(2596,'g',0,'2012-01-23'),(2819,'g',0,'2012-01-23'),(2820,'g',0,'2012-01-23'),(2812,'g',0,'2012-01-23'),(2766,'g',0,'2012-01-23'),(2803,'g',0,'2012-01-24'),(2814,'g',0,'2012-01-24'),(2674,'g',0,'2012-01-24'),(2678,'g',0,'2012-01-24'),(2672,'g',0,'2012-01-24'),(2783,'g',0,'2012-01-24'),(2835,'g',0,'2012-01-24'),(1609,'g',0,'2012-01-24'),(1611,'g',0,'2012-01-24'),(1612,'g',0,'2012-01-24'),(2679,'g',0,'2012-01-24'),(2831,'g',0,'2012-01-24'),(2664,'g',0,'2012-01-24'),(2776,'g',0,'2012-01-24'),(2792,'g',0,'2012-01-24'),(2825,'g',0,'2012-01-24'),(2809,'g',0,'2012-01-24'),(2689,'g',0,'2012-01-24'),(2786,'g',0,'2012-01-24'),(2752,'g',0,'2012-01-24'),(2751,'g',0,'2012-01-24'),(1680,'g',0,'2012-01-24'),(2778,'g',0,'2012-01-24'),(785,'g',0,'2012-01-25'),(2805,'g',0,'2012-01-25'),(2821,'g',0,'2012-02-25'),(2687,'g',0,'2012-01-25'),(2780,'g',0,'2012-01-25'),(2645,'g',0,'2012-01-25'),(2773,'g',0,'2012-01-25'),(2777,'g',0,'2012-01-25'),(2826,'g',0,'2012-02-28'),(2765,'g',0,'2012-01-25'),(1677,'g',0,'2012-01-25'),(2838,'g',0,'2012-01-25'),(2774,'g',0,'2012-01-25'),(2791,'g',0,'2012-01-25'),(1610,'g',0,'2012-01-25'),(2830,'g',0,'2012-02-25'),(2816,'g',0,'2012-01-26'),(2759,'g',0,'2012-01-26'),(2680,'g',0,'2012-01-26'),(2845,'g',0,'2012-02-28'),(2847,'g',0,'2012-02-28'),(2775,'g',0,'2012-01-26'),(2648,'g',0,'2012-01-26'),(2818,'g',0,'2012-01-26'),(2839,'g',0,'2012-01-26'),(2799,'g',0,'2012-02-26'),(2656,'g',0,'2012-01-27'),(2779,'g',0,'2012-02-26'),(2836,'g',0,'2012-01-27'),(2789,'g',0,'2012-01-27'),(2851,'g',0,'2012-01-27'),(2807,'g',0,'2012-02-26'),(2663,'g',0,'2012-01-27'),(2690,'g',0,'2012-01-27'),(2676,'g',0,'2012-02-26'),(2665,'g',0,'2012-01-27'),(2824,'g',0,'2012-01-27'),(2802,'g',0,'2012-02-26'),(2668,'g',0,'2012-02-26'),(2784,'g',0,'2012-02-26'),(2864,'g',0,'2012-01-28'),(2857,'g',0,'2012-01-28'),(2842,'g',0,'2012-01-29'),(2846,'g',0,'2012-01-30'),(2837,'g',0,'2012-01-30'),(2833,'g',0,'2012-01-30'),(2823,'g',0,'2012-01-30'),(2848,'g',0,'2012-01-30'),(2877,'g',0,'2012-01-31'),(2878,'g',0,'2012-01-31'),(2869,'g',0,'2012-01-31'),(2870,'g',0,'2012-01-31'),(2892,'g',0,'2012-01-31'),(2893,'g',0,'2012-01-31'),(2898,'g',0,'2012-02-01'),(2890,'g',0,'2012-02-01'),(2882,'g',0,'2012-02-01'),(2899,'g',0,'2012-02-02'),(2880,'g',0,'2012-02-03'),(2873,'g',0,'2012-02-04'),(2906,'g',0,'2012-02-04'),(2909,'g',0,'2012-02-04'),(2850,'g',0,'2012-02-04'),(2901,'g',0,'2012-02-04'),(2769,'g',0,'2012-02-04'),(2876,'g',0,'2012-03-05'),(2788,'g',0,'2012-02-04'),(2813,'g',0,'2012-02-04'),(2757,'g',0,'2012-02-04'),(2798,'g',0,'2012-02-04'),(2793,'g',0,'2012-02-04'),(2790,'g',0,'2012-02-04'),(2874,'g',0,'2012-02-04'),(2763,'g',0,'2012-02-04'),(734,'g',0,'2012-02-04'),(738,'g',0,'2012-02-04'),(730,'g',0,'2012-02-04'),(396,'g',0,'2012-02-04'),(393,'g',0,'2012-02-04'),(394,'g',0,'2012-02-04'),(732,'g',0,'2012-02-04'),(755,'g',0,'2012-02-04'),(390,'g',0,'2012-02-04'),(766,'g',0,'2012-02-04'),(397,'g',0,'2012-02-04'),(768,'g',0,'2012-02-04'),(400,'g',0,'2012-02-04'),(401,'g',0,'2012-02-04'),(417,'g',0,'2012-02-04'),(434,'g',0,'2012-02-04'),(352,'g',0,'2012-02-04'),(357,'g',0,'2012-02-04'),(444,'g',0,'2012-02-04'),(389,'g',0,'2012-02-04'),(395,'g',0,'2012-02-04'),(758,'g',0,'2012-02-04'),(769,'g',0,'2012-02-04'),(398,'g',0,'2012-02-04'),(347,'g',0,'2012-02-04'),(1475,'g',0,'2012-02-07'),(2581,'g',0,'2012-02-07'),(2907,'g',0,'2012-02-07'),(1493,'g',0,'2012-02-07'),(2937,'g',0,'2012-02-10'),(2611,'g',0,'2012-02-10'),(2935,'g',0,'2012-02-10'),(2932,'g',0,'2012-02-10'),(2929,'g',0,'2012-02-10'),(2950,'g',0,'2012-02-12'),(2938,'g',0,'2012-02-12'),(2960,'g',0,'2012-02-12'),(2930,'g',0,'2012-02-13'),(2946,'g',0,'2012-02-13'),(2894,'g',0,'2012-02-13'),(2926,'g',0,'2012-02-13'),(2923,'g',0,'2012-02-14'),(644,'g',0,'2012-02-14'),(2521,'g',0,'2012-02-14'),(2503,'g',0,'2012-02-14'),(2542,'g',0,'2012-02-14'),(2654,'g',0,'2012-02-14'),(2852,'g',0,'2012-02-14'),(2944,'g',0,'2012-02-14'),(2951,'g',0,'2012-02-14'),(2959,'g',0,'2012-02-15'),(2966,'g',0,'2012-02-15'),(2956,'g',0,'2012-02-15'),(2962,'g',0,'2012-02-15'),(2610,'g',0,'2012-02-15'),(2482,'g',0,'2012-02-15'),(2515,'g',0,'2012-02-15'),(2954,'g',0,'2012-02-15'),(2968,'g',0,'2012-02-15'),(2806,'g',0,'2012-02-15'),(2953,'g',0,'2012-02-15'),(2972,'g',0,'2012-02-15'),(2139,'g',0,'2012-02-15'),(2009,'g',0,'2012-02-15'),(2088,'g',0,'2012-02-15'),(2082,'g',0,'2012-02-15'),(2952,'g',0,'2012-02-15'),(2011,'g',0,'2012-02-15'),(2090,'g',0,'2012-02-15'),(2077,'g',0,'2012-02-15'),(2980,'g',0,'2012-02-15'),(2116,'g',0,'2012-02-16'),(2875,'g',0,'2012-02-17'),(2885,'g',0,'2012-02-17'),(2986,'g',0,'2012-02-17'),(2967,'g',0,'2012-02-17'),(2989,'g',0,'2012-02-17'),(2988,'g',0,'2012-02-17'),(2987,'g',0,'2012-02-17'),(2984,'g',0,'2012-02-18'),(2599,'g',0,'2012-02-18'),(2834,'g',0,'2012-02-19'),(2832,'g',0,'2012-02-19'),(2828,'g',0,'2012-02-19'),(2827,'g',0,'2012-02-19'),(2817,'g',0,'2012-02-19'),(452,'g',0,'2012-02-19'),(450,'g',0,'2012-02-19'),(447,'g',0,'2012-02-19'),(446,'g',0,'2012-02-19'),(443,'g',0,'2012-02-19'),(441,'g',0,'2012-02-19'),(440,'g',0,'2012-02-19'),(438,'g',0,'2012-02-19'),(436,'g',0,'2012-02-19'),(2969,'g',0,'2012-02-20'),(2942,'g',0,'2012-02-20'),(2963,'g',0,'2012-02-20'),(2908,'g',0,'2012-02-20'),(2728,'g',0,'2012-02-20'),(3001,'g',0,'2012-02-20'),(2961,'g',0,'2012-02-20'),(435,'g',0,'2012-02-20'),(480,'g',0,'2012-02-22'),(479,'g',0,'2012-02-22'),(478,'g',0,'2012-02-22'),(477,'g',0,'2012-02-22'),(476,'g',0,'2012-02-22'),(2897,'g',0,'2012-02-22'),(2881,'g',0,'2012-02-22'),(2911,'g',0,'2012-02-22'),(2919,'g',0,'2012-02-22'),(2849,'g',0,'2012-02-22'),(2964,'g',0,'2012-02-22'),(2958,'g',0,'2012-02-22'),(2973,'g',0,'2012-02-22'),(2975,'g',0,'2012-02-22'),(2895,'g',0,'2012-02-22'),(2912,'g',0,'2012-02-22'),(2939,'g',0,'2012-02-22'),(2871,'g',0,'2012-02-22'),(2891,'g',0,'2012-02-22'),(2843,'g',0,'2012-02-22'),(2905,'g',0,'2012-02-22'),(2888,'g',0,'2012-02-22'),(2884,'g',0,'2012-02-22'),(2922,'g',0,'2012-02-22'),(2902,'g',0,'2012-02-22'),(2921,'g',0,'2012-02-22'),(2943,'g',0,'2012-02-22'),(2840,'g',0,'2012-02-22'),(2913,'g',0,'2012-02-22'),(2872,'g',0,'2012-02-22'),(2896,'g',0,'2012-02-22'),(2904,'g',0,'2012-02-22'),(2883,'g',0,'2012-02-22'),(2982,'g',0,'2012-02-22'),(2886,'g',0,'2012-02-22'),(600,'g',0,'2012-02-22'),(603,'g',0,'2012-02-22'),(601,'g',0,'2012-02-22'),(604,'g',0,'2012-02-22'),(605,'g',0,'2012-02-22'),(602,'g',0,'2012-02-22'),(606,'g',0,'2012-02-22'),(607,'g',0,'2012-02-22'),(608,'g',0,'2012-02-22'),(609,'g',0,'2012-02-22'),(2841,'g',0,'2012-02-23'),(2652,'g',0,'2012-02-23'),(2822,'g',0,'2012-02-24'),(2910,'g',0,'2012-02-24'),(2983,'g',0,'2012-02-24'),(2928,'g',0,'2012-02-24'),(2889,'g',0,'2012-02-24'),(2933,'g',0,'2012-02-25'),(2918,'g',0,'2012-02-25'),(2925,'g',0,'2012-02-25'),(2916,'g',0,'2012-02-25'),(2924,'g',0,'2012-02-25'),(2917,'g',0,'2012-02-25'),(2887,'g',0,'2012-02-25'),(2844,'g',0,'2012-02-25'),(2999,'g',0,'2012-02-25'),(3012,'g',0,'2012-02-25'),(2927,'g',0,'2012-02-25'),(2990,'g',0,'2012-02-25'),(2947,'g',0,'2012-02-25'),(2915,'g',0,'2012-02-25'),(2795,'g',0,'2012-02-27'),(3020,'g',0,'2012-02-29'),(775,'g',0,'2012-02-29'),(2290,'g',0,'2012-02-29'),(2420,'g',0,'2012-02-29'),(2196,'g',0,'2012-02-29'),(2185,'g',0,'2012-02-29'),(2197,'g',0,'2012-02-29'),(2257,'g',0,'2012-02-29'),(2369,'g',0,'2012-02-29'),(2607,'g',0,'2012-02-29'),(2207,'g',0,'2012-02-29'),(2348,'g',0,'2012-02-29'),(2609,'g',0,'2012-02-29'),(2746,'g',0,'2012-02-29'),(2794,'g',0,'2012-02-29'),(2229,'g',0,'2012-02-29'),(2349,'g',0,'2012-02-29'),(2313,'g',0,'2012-02-29'),(2206,'g',0,'2012-03-01'),(2204,'g',0,'2012-03-01'),(2312,'g',0,'2012-03-01'),(2180,'g',0,'2012-03-01'),(2296,'g',0,'2012-03-01'),(2195,'g',0,'2012-03-01'),(2336,'g',0,'2012-03-01'),(2513,'g',0,'2012-03-01'),(2533,'g',0,'2012-03-01'),(2378,'g',0,'2012-03-01'),(2477,'g',0,'2012-03-01'),(2453,'g',0,'2012-03-01'),(2452,'g',0,'2012-03-01'),(2520,'g',0,'2012-03-01'),(2382,'g',0,'2012-03-01'),(484,'g',0,'2012-03-01'),(430,'g',0,'2012-03-01'),(489,'g',0,'2012-03-01'),(2450,'g',0,'2012-03-01'),(2350,'g',0,'2012-03-01'),(747,'g',0,'2012-03-01'),(3029,'g',0,'2012-03-01'),(743,'g',0,'2012-03-01'),(739,'g',0,'2012-03-01'),(746,'g',0,'2012-03-01'),(720,'g',0,'2012-03-01'),(456,'g',0,'2012-03-01'),(483,'g',0,'2012-03-01'),(486,'g',0,'2012-03-01'),(496,'g',0,'2012-03-01'),(491,'g',0,'2012-03-01'),(482,'g',0,'2012-03-01'),(485,'g',0,'2012-03-01'),(493,'g',0,'2012-03-01'),(492,'g',0,'2012-03-01'),(467,'g',0,'2012-03-01'),(472,'g',0,'2012-03-01'),(494,'g',0,'2012-03-01'),(469,'g',0,'2012-03-01'),(432,'g',0,'2012-03-01'),(431,'g',0,'2012-03-01'),(487,'g',0,'2012-03-01'),(3008,'g',0,'2012-03-01'),(501,'g',0,'2012-03-01'),(490,'g',0,'2012-03-01'),(749,'g',0,'2012-03-01'),(481,'g',0,'2012-03-01'),(488,'g',0,'2012-03-01'),(497,'g',0,'2012-03-01'),(433,'g',0,'2012-03-01'),(500,'g',0,'2012-03-01'),(3031,'g',0,'2012-03-01'),(2302,'g',0,'2012-03-01'),(2375,'g',0,'2012-03-01'),(2478,'g',0,'2012-03-01'),(2391,'g',0,'2012-03-01'),(465,'g',0,'2012-03-01'),(2934,'g',0,'2012-03-02'),(495,'g',0,'2012-03-02'),(2979,'g',0,'2012-03-02'),(3025,'g',0,'2012-03-02'),(2931,'g',0,'2012-03-02'),(3000,'g',0,'2012-03-02'),(3036,'g',0,'2012-03-02'),(2993,'g',0,'2012-03-02'),(2920,'g',0,'2012-03-02'),(2936,'g',0,'2012-03-02'),(3040,'g',0,'2012-03-02'),(3041,'g',0,'2012-03-02'),(2974,'g',0,'2012-03-03'),(2949,'g',0,'2012-03-03'),(3019,'g',0,'2012-03-03'),(772,'g',0,'2012-03-04'),(3014,'g',0,'2012-03-04'),(2996,'g',0,'2012-03-04'),(3065,'g',0,'2012-03-04'),(797,'g',0,'2012-03-04'),(799,'g',0,'2012-03-04'),(803,'g',0,'2012-03-04'),(3063,'g',0,'2012-03-05'),(3046,'g',0,'2012-03-05'),(2965,'g',0,'2012-03-05'),(3080,'g',0,'2012-03-05'),(3064,'g',0,'2012-03-05'),(3003,'g',0,'2012-03-05'),(2955,'g',0,'2012-03-05'),(3049,'g',0,'2012-03-05'),(2991,'g',0,'2012-03-05'),(2970,'g',0,'2012-03-05'),(3037,'g',0,'2012-03-05'),(3058,'g',0,'2012-03-05'),(2957,'g',0,'2012-03-06'),(2971,'g',0,'2012-03-06'),(2948,'g',0,'2012-03-06'),(3024,'g',0,'2012-03-06'),(2900,'g',0,'2012-03-06'),(2940,'g',0,'2012-03-06'),(2527,'g',0,'2012-03-06'),(2985,'g',0,'2012-03-06'),(3055,'g',0,'2012-03-06'),(2977,'g',0,'2012-03-06'),(3060,'g',0,'2012-03-06');

--
-- Table structure for table `idx_paid_listing`
--

CREATE TABLE `idx_paid_listing` (
  `link_id` mediumint(9) unsigned NOT NULL default '0',
  `premium` char(1) default NULL,
  `sponsored` char(1) default NULL,
  `expire` datetime default NULL,
  `paid` char(1) default NULL,
  PRIMARY KEY  (`link_id`)
) ENGINE=MyISAM DEFAULT CHARSET=latin1;

--
-- Dumping data for table `idx_paid_listing`
--


--
-- Table structure for table `idx_payment_gateway`
--

CREATE TABLE `idx_payment_gateway` (
  `payment_gateway_id` int(11) NOT NULL auto_increment,
  `name` varchar(100) default NULL,
  `enable` char(1) default NULL,
  `setting` text,
  `invoice_html` text,
  PRIMARY KEY  (`payment_gateway_id`)
) ENGINE=MyISAM AUTO_INCREMENT=9 DEFAULT CHARSET=latin1;

--
-- Dumping data for table `idx_payment_gateway`
--

INSERT INTO `idx_payment_gateway` VALUES (1,'paypal','1','a:2:{s:13:\"payment_email\";s:0:\"\";s:21:\"enable_paypal_sandbox\";s:1:\"0\";}','<p> \r\n	<a href=\'paynow.php?id={$invoice_id}&m=paypal\'><img src=\'http://www.paypal.com/images/x-click-but02.gif\' border=\'0\' alt=\'Make payments with PayPal - it is fast, free and secure!\' /></a> \r\n</p>\r\n'),(2,'2co','0','a:6:{s:6:\"co_sid\";s:5:\"84932\";s:9:\"co_secret\";s:5:\"tango\";s:12:\"co_recurring\";s:1:\"0\";s:9:\"co_prod_1\";s:6:\"100.00\";s:9:\"co_prod_2\";s:6:\"250.00\";s:9:\"co_prod_3\";s:6:\"400.00\";}','<p>\r\n<a href=\'paynow.php?id={$invoice_id}&m=2co\'><img src=\'http://www.2checkout.com/images/overview/btns/25.jpg\' alt=\'Pay Now with 2checkout...\' border=\'0\' /></a> \r\n</p>'),(3,'authorizenet','0','a:2:{s:21:\"authorizenet_login_id\";s:0:\"\";s:21:\"authorizenet_tran_key\";s:0:\"\";}','<p> \r\n<a href=\'paynow.php?id={$invoice_id}&m=authorizenet\'><img src=\'http://www.authorize.net/upload/images/Images/Header/authorizenet_logo.gif\' alt=\'Pay Now with Authorize.Net...\' width=\'99\' height=\'39\' style=\'{border : 1px solid #c0c0c0;}\' /></a>\r\n</p>'),(4,'egold','0','a:2:{s:19:\"egold_payee_account\";s:0:\"\";s:16:\"egold_payee_name\";s:0:\"\";}','<p> \r\n<a href=\'paynow.php?id={$invoice_id}&m=egold\'>\r\n<img src=\'http://www.e-gold.com/gif/paywith.gif\' border=\'0\' alt=\'Pay Now with e-gold...\' />\r\n</a>\r\n</p>'),(5,'moneybookers','0','a:1:{s:18:\"moneybookers_email\";s:0:\"\";}','<p> \r\n<a href=\'paynow.php?id={$invoice_id}&m=paypal\'><img src=\'http://www.moneybookers.com/images/banners/88_en_mb.gif\' border=\'0\' alt=\'Make payments with Moneybookers - it is fast, free and secure!\' /></a> \r\n</p>'),(6,'paypal-subscriptions','0','a:2:{s:13:\"payment_email\";s:0:\"\";s:21:\"enable_paypal_sandbox\";s:1:\"0\";}','<p> \r\n<a href=\'paynow.php?id={$invoice_id}&m=paypal\'><img src=\'https://www.paypal.com/en_US/i/btn/x-click-but20.gif\' border=\'0\' alt=\'Make payments with PayPal - it is fast, free and secure!\' /></a> \r\n</p>'),(7,'alertpay','0','a:2:{s:14:\"alertpay_email\";s:0:\"\";s:23:\"enable_alertpay_sandbox\";s:1:\"0\";}','<p> \r\n<a href=\'paynow.php?id={$invoice_id}&m=alertpay\'>\r\n<img src=\'https://www.alertpay.com/Images/BuyNow/pay_now_3.gif\' border=\'0\' alt=\'Make payments with PayPal - it is fast, free and secure!\' /></a> \r\n</p>'),(8,'alertpay-subcriptions','0','a:2:{s:14:\"alertpay_email\";s:0:\"\";s:23:\"enable_alertpay_sandbox\";s:1:\"0\";}','<p>\r\n<a href=\'paynow.php?id={$invoice_id}&m=alertpay-subcriptions\'>\r\n<img src=\'https://www.alertpay.com/Images/BuyNow/subscribe_now_15.gif\' border=\'0\' alt=\'Make payments with Alert Pay - it is fast, free and secure!\' /></a> \r\n</p>');

--
-- Table structure for table `idx_payment_history`
--

CREATE TABLE `idx_payment_history` (
  `payment_id` int(10) unsigned NOT NULL auto_increment,
  `contact_name` varchar(255) default NULL,
  `email` varchar(255) default NULL,
  `type` varchar(255) default NULL,
  `detail` text,
  `amount` double default NULL,
  `time` datetime default NULL,
  `invoice_id` varchar(10) default NULL,
  PRIMARY KEY  (`payment_id`)
) ENGINE=MyISAM DEFAULT CHARSET=latin1;

--
-- Dumping data for table `idx_payment_history`
--


--
-- Table structure for table `idx_pl_sociable`
--

CREATE TABLE `idx_pl_sociable` (
  `sb_id` int(11) NOT NULL auto_increment,
  `sb_name` varchar(255) character set utf8 default NULL,
  `sb_url` varchar(255) character set utf8 default NULL,
  `sb_icon` varchar(255) character set utf8 default NULL,
  `sb_enable` char(1) character set utf8 default '0',
  PRIMARY KEY  (`sb_id`)
) ENGINE=MyISAM AUTO_INCREMENT=90 DEFAULT CHARSET=latin1;

--
-- Dumping data for table `idx_pl_sociable`
--

INSERT INTO `idx_pl_sociable` VALUES (1,'BarraPunto','http://barrapunto.com/submit.pl?subj=TITLE&amp;story=PERMALINK','barrapunto.png','0'),(2,'Bitacoras.com','http://bitacoras.com/anotaciones/PERMALINK','bitacoras.png','0'),(3,'BlinkList','http://www.blinklist.com/index.php?Action=Blink/addblink.php&amp;Url=PERMALINK&amp;Title=TITLE','blinklist.png','0'),(4,'blogmarks','http://blogmarks.net/my/new.php?mini=1&amp;simple=1&amp;url=PERMALINK&amp;title=TITLE','blogmarks.png','0'),(5,'Blogosphere News','http://www.blogospherenews.com/submit.php?url=PERMALINK&amp;title=TITLE','blogospherenews.png','0'),(6,'blogtercimlap','http://cimlap.blogter.hu/index.php?action=suggest_link&amp;title=TITLE&amp;url=PERMALINK','blogter.png','0'),(7,'Faves','http://faves.com/Authoring.aspx?u=PERMALINK&amp;title=TITLE','bluedot.png','0'),(8,'connotea','http://www.connotea.org/addpopup?continue=confirm&amp;uri=PERMALINK&amp;title=TITLE&amp;description=EXCERPT','connotea.png','0'),(9,'Current','http://current.com/clipper.htm?url=PERMALINK&amp;title=TITLE','current.png','0'),(10,'del.icio.us','http://delicious.com/post?url=PERMALINK&amp;title=TITLE&amp;notes=EXCERPT','delicious.png','0'),(11,'Digg','http://digg.com/submit?phase=2&amp;url=PERMALINK&amp;title=TITLE&amp;bodytext=EXCERPT','digg.png','1'),(12,'Diigo','http://www.diigo.com/post?url=PERMALINK&amp;title=TITLE','diigo.png','0'),(13,'DotNetKicks','http://www.dotnetkicks.com/kick/?url=PERMALINK&amp;title=TITLE','dotnetkicks.png','0'),(14,'DZone','http://www.dzone.com/links/add.html?url=PERMALINK&amp;title=TITLE','dzone.png','0'),(15,'eKudos','http://www.ekudos.nl/artikel/nieuw?url=PERMALINK&amp;title=TITLE&amp;desc=EXCERPT','ekudos.png','0'),(16,'email','mailto:?subject=TITLE&amp;body=PERMALINK','email_link.png','0'),(17,'Facebook','http://www.facebook.com/share.php?u=PERMALINK&amp;t=TITLE','facebook.png','1'),(18,'Fark','http://cgi.fark.com/cgi/fark/farkit.pl?h=TITLE&amp;u=PERMALINK','fark.png','0'),(19,'Fleck','http://beta3.fleck.com/bookmarklet.php?url=PERMALINK&amp;title=TITLE','fleck.png','0'),(20,'FriendFeed','http://www.friendfeed.com/share?title=TITLE&amp;link=PERMALINK','friendfeed.png','0'),(21,'FSDaily','http://www.fsdaily.com/submit?url=PERMALINK&amp;title=TITLE','fsdaily.png','0'),(22,'Global Grind','http://globalgrind.com/submission/submit.aspx?url=PERMALINK&amp;type=Article&amp;title=TITLE','globalgrind.png','0'),(23,'Google','http://www.google.com/bookmarks/mark?op=edit&amp;bkmk=PERMALINK&amp;title=TITLE&amp;annotation=EXCERPT','googlebookmark.png','0'),(24,'Gwar','http://www.gwar.pl/DodajGwar.html?u=PERMALINK','gwar.png','0'),(25,'HackerNews','http://news.ycombinator.com/submitlink?u=PERMALINK&amp;t=TITLE','hackernews.png','0'),(26,'Haohao','http://www.haohaoreport.com/submit.php?url=PERMALINK&amp;title=TITLE','haohao.png','0'),(27,'HealthRanker','http://healthranker.com/submit.php?url=PERMALINK&amp;title=TITLE','healthranker.png','0'),(28,'HelloTxt','http://hellotxt.com/?status=TITLE+PERMALINK','hellotxt.png','0'),(29,'Hemidemi','http://www.hemidemi.com/user_bookmark/new?title=TITLE&amp;url=PERMALINK','hemidemi.png','0'),(30,'Hyves','http://www.hyves.nl/profilemanage/add/tips/?name=TITLE&amp;text=EXCERPT+PERMALINK&amp;rating=5','hyves.png','0'),(31,'Identi.ca','http://identi.ca/notice/new?status_textarea=PERMALINK','identica.png','0'),(32,'IndianPad','http://www.indianpad.com/submit.php?url=PERMALINK','indianpad.png','0'),(33,'Internetmedia','http://internetmedia.hu/submit.php?url=PERMALINK','im.png','0'),(34,'Kirtsy','http://www.kirtsy.com/submit.php?url=PERMALINK&amp;title=TITLE','kirtsy.png','0'),(35,'laaik.it','http://laaik.it/NewStoryCompact.aspx?uri=PERMALINK&amp;headline=TITLE&amp;cat=5e082fcc-8a3b-47e2-acec-fdf64ff19d12','laaikit.png','0'),(36,'LinkArena','http://linkarena.com/bookmarks/addlink/?url=PERMALINK&amp;title=TITLE','linkarena.png','0'),(37,'LinkaGoGo','http://www.linkagogo.com/go/AddNoPopup?url=PERMALINK&amp;title=TITLE','linkagogo.png','0'),(38,'LinkedIn','http://www.linkedin.com/shareArticle?mini=true&amp;url=PERMALINK&amp;title=TITLE&amp;source=BLOGNAME&amp;summary=EXCERPT','linkedin.png','0'),(39,'Linkter','http://www.linkter.hu/index.php?action=suggest_link&amp;url=PERMALINK&amp;title=TITLE','linkter.png','0'),(40,'Live','https://favorites.live.com/quickadd.aspx?marklet=1&amp;url=PERMALINK&amp;title=TITLE','live.png','0'),(41,'Meneame','http://meneame.net/submit.php?url=PERMALINK','meneame.png','0'),(42,'MisterWong','http://www.mister-wong.com/addurl/?bm_url=PERMALINK&amp;bm_description=TITLE&amp;plugin=soc','misterwong.png','0'),(43,'MisterWong.DE','http://www.mister-wong.de/addurl/?bm_url=PERMALINK&amp;bm_description=TITLE&amp;plugin=soc','misterwong.png','0'),(44,'Mixx','http://www.mixx.com/submit?page_url=PERMALINK&amp;title=TITLE','mixx.png','0'),(45,'muti','http://www.muti.co.za/submit?url=PERMALINK&amp;title=TITLE','muti.png','0'),(46,'MyShare','http://myshare.url.com.tw/index.php?func=newurl&amp;url=PERMALINK&amp;desc=TITLE','myshare.png','0'),(47,'MySpace','http://www.myspace.com/Modules/PostTo/Pages/?u=PERMALINK&amp;t=TITLE','myspace.png','0'),(48,'MSNReporter','http://reporter.nl.msn.com/?fn=contribute&amp;Title=TITLE&amp;URL=PERMALINK&amp;cat_id=6&amp;tag_id=31&amp;Remark=EXCERPT','msnreporter.png','0'),(49,'N4G','http://www.n4g.com/tips.aspx?url=PERMALINK&amp;title=TITLE','n4g.png','0'),(50,'Netvibes','http://www.netvibes.com/share?title=TITLE&amp;url=PERMALINK','netvibes.png','0'),(51,'NewsVine','http://www.newsvine.com/_tools/seed&amp;save?u=PERMALINK&amp;h=TITLE','newsvine.png','0'),(52,'Netvouz','http://www.netvouz.com/action/submitBookmark?url=PERMALINK&amp;title=TITLE&amp;popup=no','netvouz.png','0'),(53,'NuJIJ','http://nujij.nl/jij.lynkx?t=TITLE&amp;u=PERMALINK&amp;b=EXCERPT','nujij.png','0'),(54,'Ping.fm','http://ping.fm/ref/?link=PERMALINK&amp;title=TITLE&amp;body=EXCERPT','ping.png','0'),(55,'Posterous','http://posterous.com/share?linkto=PERMALINK&amp;title=TITLE&amp;selection=EXCERPT','posterous.png','0'),(56,'PDF','http://www.printfriendly.com/print?url=PERMALINK&amp;partner=sociable','pdf.png','0'),(57,'Print','http://www.printfriendly.com/print?url=PERMALINK&amp;partner=sociable','printfriendly.png','0'),(58,'Propeller','http://www.propeller.com/submit/?url=PERMALINK','propeller.png','0'),(59,'Ratimarks','http://ratimarks.org/bookmarks.php/?action=add&address=PERMALINK&amp;title=TITLE','ratimarks.png','0'),(60,'Rec6','http://rec6.via6.com/link.php?url=PERMALINK&amp;=TITLE','rec6.png','0'),(61,'Reddit','http://reddit.com/submit?url=PERMALINK&amp;title=TITLE','reddit.png','0'),(62,'RSS','FEEDLINK','rss.png','0'),(63,'Scoopeo','http://www.scoopeo.com/scoop/new?newurl=PERMALINK&amp;title=TITLE','scoopeo.png','0'),(64,'Segnalo','http://segnalo.alice.it/post.html.php?url=PERMALINK&amp;title=TITLE','segnalo.png','0'),(65,'Simpy','http://www.simpy.com/simpy/LinkAdd.do?href=PERMALINK&amp;title=TITLE','simpy.png','0'),(66,'Slashdot','http://slashdot.org/bookmark.pl?title=TITLE&amp;url=PERMALINK','slashdot.png','0'),(67,'Socialogs','http://socialogs.com/add_story.php?story_url=PERMALINK&amp;story_title=TITLE','socialogs.png','0'),(68,'SphereIt','http://www.sphere.com/search?q=sphereit:PERMALINK&amp;title=TITLE','sphere.png','0'),(69,'Sphinn','http://sphinn.com/index.php?c=post&amp;m=submit&amp;link=PERMALINK','sphinn.png','0'),(70,'StumbleUpon','http://www.stumbleupon.com/submit?url=PERMALINK&amp;title=TITLE','stumbleupon.png','0'),(71,'Techmeme','http://twitter.com/home/?status=tip%20@Techmeme%20PERMALINK%20TITLE','techmeme.png','0'),(72,'Technorati','http://technorati.com/faves?add=PERMALINK','technorati.png','1'),(73,'ThisNext','http://www.thisnext.com/pick/new/submit/sociable/?url=PERMALINK&amp;name=TITLE','thisnext.png','0'),(74,'Tipd','http://tipd.com/submit.php?url=PERMALINK','tipd.png','0'),(75,'Tumblr','http://www.tumblr.com/share?v=3&amp;u=PERMALINK&amp;t=TITLE&amp;s=EXCERPT','tumblr.png','0'),(76,'Twitter','http://twitter.com/home?status=TITLE%20-%20PERMALINK','twitter.png','1'),(77,'Upnews','http://www.upnews.it/submit?url=PERMALINK&amp;title=TITLE','upnews.png','0'),(78,'Webnews.de','http://www.webnews.de/einstellen?url=PERMALINK&amp;title=TITLE','webnews.png','0'),(79,'Webride','http://webride.org/discuss/split.php?uri=PERMALINK&amp;title=TITLE','webride.png','0'),(80,'Wikio','http://www.wikio.com/vote?url=PERMALINK','wikio.png','0'),(81,'Wikio FR','http://www.wikio.fr/vote?url=PERMALINK','wikio.png','0'),(82,'Wikio IT','http://www.wikio.it/vote?url=PERMALINK','wikio.png','0'),(83,'Wists','http://wists.com/s.php?c=&amp;r=PERMALINK&amp;title=TITLE','wists.png','0'),(84,'Wykop','http://www.wykop.pl/dodaj?url=PERMALINK','wykop.png','0'),(85,'Xerpi','http://www.xerpi.com/block/add_link_from_extension?url=PERMALINK&amp;title=TITLE','xerpi.png','0'),(86,'YahooBuzz','http://buzz.yahoo.com/submit/?submitUrl=PERMALINK&amp;submitHeadline=TITLE&amp;submitSummary=EXCERPT&amp;submitCategory=science&amp;submitAssetType=text','yahoobuzz.png','0'),(87,'Yahoo! Bookmarks','http://bookmarks.yahoo.com/toolbar/savebm?u=PERMALINK&amp;t=TITLE&opener=bm&amp;ei=UTF-8&amp;d=EXCERPT','yahoomyweb.png','0'),(88,'Yigg','http://yigg.de/neu?exturl=PERMALINK&amp;exttitle=TITLE','yiggit.png','0'),(89,'Blogplay','http://blogplay.com','blogplay.png','0');

--
-- Table structure for table `idx_pl_twitter_account`
--

CREATE TABLE `idx_pl_twitter_account` (
  `ck` varchar(255) character set utf8 default NULL,
  `cs` varchar(255) character set utf8 default NULL,
  `at` varchar(255) character set utf8 default NULL,
  `ats` varchar(255) character set utf8 default NULL
) ENGINE=MyISAM DEFAULT CHARSET=latin1;

--
-- Dumping data for table `idx_pl_twitter_account`
--

INSERT INTO `idx_pl_twitter_account` VALUES ('Ve5ojlavlCRdvpRzLdCJpw','gp4BFDsXm7PWLM7GZawU17JtIltAY6Mk3Wv08wZik','https://api.twitter.com/oauth/authorize','https://api.twitter.com/oauth/access_token');

--
-- Table structure for table `idx_plugin`
--

CREATE TABLE `idx_plugin` (
  `plugin_id` int(11) NOT NULL auto_increment,
  `name` varchar(255) default NULL,
  `plugin_file` varchar(255) default NULL,
  `status` enum('0','1') default NULL,
  `option_plugin` text,
  PRIMARY KEY  (`plugin_id`)
) ENGINE=MyISAM AUTO_INCREMENT=3 DEFAULT CHARSET=latin1;

--
-- Dumping data for table `idx_plugin`
--

INSERT INTO `idx_plugin` VALUES (1,'AutoTweet','twitter_auto_tweet/twitter_auto_tweet.php','1',NULL),(2,'Sociable','sociable/sociable.php','1',NULL);

--
-- Table structure for table `idx_review`
--

CREATE TABLE `idx_review` (
  `review_id` mediumint(9) unsigned NOT NULL auto_increment,
  `link_id` mediumint(9) unsigned NOT NULL default '0',
  `review` text NOT NULL,
  `rating` tinyint(3) unsigned NOT NULL default '0',
  `date` date NOT NULL default '0000-00-00',
  `subject` varchar(100) default NULL,
  `status` char(1) default NULL,
  `username` varchar(20) default NULL,
  `name` varchar(20) default NULL,
  `email` varchar(100) default NULL,
  PRIMARY KEY  (`review_id`)
) ENGINE=MyISAM AUTO_INCREMENT=4 DEFAULT CHARSET=latin1;

--
-- Dumping data for table `idx_review`
--

INSERT INTO `idx_review` VALUES (1,2149,'Excellent',4,'2012-01-03','Reviews','1','','Orson Dixon','orson.dixon@gmail.com'),(3,2149,'Everything was OK',3,'2012-01-03','review','1','','Shopper','melville.jackson@gmail.com');

--
-- Table structure for table `idx_searchlog`
--

CREATE TABLE `idx_searchlog` (
  `keyword` varchar(100) NOT NULL default '',
  `time` datetime NOT NULL default '0000-00-00 00:00:00',
  `result` mediumint(9) unsigned default NULL,
  `ip` varchar(100) default NULL
) ENGINE=MyISAM DEFAULT CHARSET=latin1;

--
-- Dumping data for table `idx_searchlog`
--


--
-- Table structure for table `idx_set_hook_place`
--

CREATE TABLE `idx_set_hook_place` (
  `set_hook_place_id` int(11) NOT NULL auto_increment,
  `plugin` varchar(255) default NULL,
  `set_hook_place` text,
  PRIMARY KEY  (`set_hook_place_id`)
) ENGINE=MyISAM DEFAULT CHARSET=latin1;

--
-- Dumping data for table `idx_set_hook_place`
--


--
-- Table structure for table `idx_setting`
--

CREATE TABLE `idx_setting` (
  `setting_id` int(11) NOT NULL auto_increment,
  `setting_name` varchar(255) default NULL,
  `setting_value` text,
  PRIMARY KEY  (`setting_id`)
) ENGINE=MyISAM AUTO_INCREMENT=55 DEFAULT CHARSET=latin1;

--
-- Dumping data for table `idx_setting`
--

INSERT INTO `idx_setting` VALUES (4,'site_name','frontrunnerz.net '),(5,'site_url','http://bizfront.org'),(6,'email_address','barbaras.zeck@gmail.com'),(7,'language_code','en_US'),(8,'theme_path','/home/santosh2/public_html/themes/'),(9,'admin_template_path','/home/santosh2/public_html/admin_tpl/'),(10,'plugin_path','/home/santosh2/public_html/plugin/'),(12,'active_theme','_bizfront'),(14,'spam_proof','1'),(15,'enable_user_validation','1'),(16,'allowed_file_extension','gif,jpg,png,pdf,zip,doc'),(17,'yahoo_appid',''),(18,'whosonline','600'),(19,'reciprocal_check','0'),(20,'urlcheck_limit','1'),(21,'pagerank_cache','30'),(22,'max_image_width','1024'),(23,'max_image_height','756'),(24,'max_file_size','500'),(25,'only_registered_can_add_link','0'),(26,'only_registered_can_add_review','0'),(27,'db_use_persistent','0'),(28,'paid_link_day_period','30,60,90,180'),(29,'paid_link_price_factor','1,1.5,2,3'),(30,'enable_html_tag','1'),(31,'allowed_html_tag','<b>,<strong>,<i>,<em>,<u>,<pre>,<blockquote>,<ol>,<ul>,<li>,<p>,<span>,<div>,<table>,<tr>,<td>'),(32,'enable_page_compression','0'),(33,'enable_category_ajax','1'),(34,'require_visit_category','0'),(35,'additional_category_price','0.5'),(36,'enable_rating_ajax','1'),(37,'service_nicecoder_avail','1'),(38,'enable_recaptcha','0'),(39,'recaptcha_publickey',''),(40,'recaptcha_privatekey',''),(41,'enable_bidding','0'),(42,'minimum_bid','5'),(43,'bid_increament','1'),(44,'charset','utf-8'),(45,'mailer','mail'),(46,'smtp_auth','0'),(47,'smtp_host',''),(48,'smtp_username',''),(49,'smtp_password',''),(50,'smtp_port','25'),(51,'emailbody_as_html','0'),(52,'indexu_version','2.4'),(53,'tos',''),(54,'submission_guidelines','');

--
-- Table structure for table `idx_tags`
--

CREATE TABLE `idx_tags` (
  `tag` varchar(64) NOT NULL default '',
  `category_id` mediumint(8) unsigned NOT NULL default '0',
  `total` int(11) NOT NULL default '0',
  `tag_path` varchar(64) NOT NULL,
  PRIMARY KEY  (`tag`,`category_id`)
) ENGINE=MyISAM DEFAULT CHARSET=latin1;

--
-- Dumping data for table `idx_tags`
--


--
-- Table structure for table `idx_unavailable`
--

CREATE TABLE `idx_unavailable` (
  `idx_unavailable` int(11) NOT NULL auto_increment,
  `link_id` int(11) default NULL,
  `url` varchar(255) default NULL,
  `who_is` varchar(255) default NULL,
  `note` text,
  `date` datetime default NULL,
  PRIMARY KEY  (`idx_unavailable`)
) ENGINE=MyISAM DEFAULT CHARSET=latin1;

--
-- Dumping data for table `idx_unavailable`
--


--
-- Table structure for table `idx_unavailable_latest`
--

CREATE TABLE `idx_unavailable_latest` (
  `idx_link` int(11) default NULL,
  `record_execution` int(11) default NULL
) ENGINE=MyISAM DEFAULT CHARSET=latin1;

--
-- Dumping data for table `idx_unavailable_latest`
--


--
-- Table structure for table `idx_votes`
--

CREATE TABLE `idx_votes` (
  `link_id` mediumint(9) NOT NULL default '0',
  `ip` varchar(100) default NULL,
  `value` tinyint(4) default NULL
) ENGINE=MyISAM DEFAULT CHARSET=latin1;

--
-- Dumping data for table `idx_votes`
--

INSERT INTO `idx_votes` VALUES (2149,'203.92.47.195',5);


