--
-- Host: bizoftheyear.org    Database: bizofthe_indedxu
-- ------------------------------------------------------


--
-- Not dumping tablespaces as no INFORMATION_SCHEMA.FILES table on this server
--

--
-- Table structure for table `directory_save_data`
--

CREATE TABLE `directory_save_data` (
  `id` bigint(100) NOT NULL auto_increment,
  `schedule_id` bigint(100) NOT NULL,
  `project_id` bigint(100) NOT NULL,
  `link_id` bigint(100) NOT NULL,
  `confirm_link` text NOT NULL,
  `category_id` int(10) NOT NULL,
  `category_name` varchar(150) NOT NULL,
  PRIMARY KEY  (`id`)
) ENGINE=MyISAM AUTO_INCREMENT=56 DEFAULT CHARSET=latin1;

--
-- Dumping data for table `directory_save_data`
--


--
-- Table structure for table `idx_admin_menu`
--

CREATE TABLE `idx_admin_menu` (
  `menu_id` int(11) NOT NULL auto_increment,
  `parent_id` int(11) default NULL,
  `menu_title` varchar(255) default NULL,
  `menu_url` varchar(255) default NULL,
  `order_number` int(11) default NULL,
  PRIMARY KEY  (`menu_id`)
) ENGINE=MyISAM AUTO_INCREMENT=85 DEFAULT CHARSET=latin1;

--
-- Dumping data for table `idx_admin_menu`
--

INSERT INTO `idx_admin_menu` VALUES (1,0,'Dashboard','summary.php',0),(3,0,'Categories','cat_view.php',0),(4,3,'View/ Edit/ Delete','cat_view.php',1),(5,3,'Add New Category','cat_add.php',2),(2,1,'Summary','summary.php',1),(7,3,'Check Category Structure','cat_struc.php',4),(8,3,'Update Category Path','cat_path_update.php',5),(6,3,'Pending Category','cat_pending_suggestion.php',3),(9,3,'Set Default Price','cat_set_default_price.php',6),(10,3,'Hidden Category','cat_view_hidden.php',7),(11,3,'Registered Users Only','cat_view_registered_only.php',8),(12,3,'Search Category','cat_search.php',9),(13,0,'Links','link_search.php',0),(14,13,'Search/ Edit/ Delete','link_search.php',1),(15,13,'Add New Link','link_add.php',2),(16,13,'Validate Link','link_validate.php',3),(17,13,'Premium Listing','link_premium_listing.php',4),(18,13,'Sponsored Listing','link_sponsored_listing.php',5),(19,13,'Suspended Listing','link_suspended_listing.php',6),(20,13,'Spam Links','link_validate.php?spam=1',7),(22,13,'Update Number of Links','app_update_nol.php',9),(23,13,'Update Tag Clouds','tag_cloud_update.php',10),(21,13,'Editor Pick Links','link_editor_pick.php',8),(25,13,'Validate Reviews','review_validate.php',11),(26,13,'Discount Coupon','coupon.php',12),(27,13,'Default Field','link_default_field.php',13),(28,13,'Custom Field','link_custom_field.php',14),(29,0,'Users','user_active.php',0),(30,29,'View All','user_active.php',1),(31,29,'Add New User','user_add.php',2),(32,29,'View Suspend','user_suspend.php',3),(33,29,'View Unactive','user_active.php?pflag=Unactive',4),(34,29,'Search User','user_search.php',5),(35,0,'Editors','editor_add.php',0),(36,35,'Add New Editor','editor_add.php',1),(37,35,'Validate Editors','editor_validate.php',2),(38,0,'Invoices','inv_config.php',0),(39,38,'Configure','inv_config.php',1),(40,38,'Create An Invoice','inv_create.php',2),(41,38,'Paid Invoice','inv_paid.php',3),(42,38,'Unpaid Invoice','inv_unpaid.php',4),(43,38,'Overdue Invoice','inv_overdue.php',5),(44,38,'Payment History','pay_history.php',6),(45,0,'Mailling Systems','message_view.php',0),(46,45,'Send/ Edit/ Delete','message_view.php',1),(47,45,'Create Template','message_create.php',2),(48,45,'Mailing List Subscribers','message_subscriber.php',3),(49,0,'Templates','template_manager.php',0),(50,49,'Site Templates Manager','template_manager.php',1),(51,49,'Import Site Template','template_import.php',2),(52,49,'Export Site Template','template_export.php',3),(53,49,'Email Templates','email_template.php',4),(54,49,'Export Email Template','email_template_export.php',5),(55,49,'Import Email Template','email_template_import.php',6),(56,0,'Tools','link_duplicate.php',0),(57,56,'Find Duplicate Link','link_duplicate.php',1),(58,56,'Broken Link Report','link_bad.php',2),(59,56,'Spider Link CheckUrl','checkurl_web.php',3),(60,56,'Block Name server Domain','blocked_domain_list.php',4),(61,56,'Add Block Name server Domain','add_blocked_domain.php',5),(62,56,'Unavailable domain listing','unavailable_link_list.php',6),(63,56,'Clear Template Cache','clear_templates_c.php',7),(64,56,'PHP Configuration','phpinfo.php',8),(65,56,'Sitemap Generator','sitemap.php',9),(66,56,'Cronjobs','cronjobs.php',10),(67,56,'Fetch Meta','fetch_meta.php',11),(68,56,'Hook Place','hook_place.php',12),(69,56,'CheckUrl Result','link_checkurl.php',13),(70,56,'View Search Log','log_search.php',14),(71,56,'Bad Words Filter','badword_filter.php',15),(72,0,'Options','app_setup.php',0),(73,72,'Setup','app_setup.php',1),(74,72,'Page Caching','app_page_caching.php',2),(75,72,'Mod-rewrite','app_mod_rewrite.php',3),(76,72,'Change Password','app_change_pwd.php',4),(77,0,'Database','db_import.php',0),(78,77,'Import','db_import.php',1),(79,77,'Export','db_export.php',2),(80,77,'Backup','db_backup.php',3),(81,77,'Query','db_query.php',4),(82,77,'Find Replace','db_find_replace.php',5),(83,0,'Plugins','plugin_listing.php',0),(84,83,'View All','plugin_listing.php',1);

--
-- Table structure for table `idx_bad_link`
--

CREATE TABLE `idx_bad_link` (
  `bad_link_id` mediumint(9) unsigned NOT NULL auto_increment,
  `link_id` mediumint(9) unsigned NOT NULL default '0',
  `name` varchar(50) NOT NULL default '',
  `email` varchar(50) NOT NULL default '',
  `type` tinyint(3) unsigned NOT NULL default '0',
  `date` date NOT NULL default '0000-00-00',
  PRIMARY KEY  (`bad_link_id`)
) ENGINE=MyISAM DEFAULT CHARSET=latin1;

--
-- Dumping data for table `idx_bad_link`
--


--
-- Table structure for table `idx_badwords`
--

CREATE TABLE `idx_badwords` (
  `word` varchar(100) NOT NULL default ''
) ENGINE=MyISAM DEFAULT CHARSET=latin1;

--
-- Dumping data for table `idx_badwords`
--


--
-- Table structure for table `idx_blocked_domain`
--

CREATE TABLE `idx_blocked_domain` (
  `blocked_id` int(11) NOT NULL auto_increment,
  `blocked` varchar(255) default NULL,
  `type` enum('domain','ip') default NULL,
  PRIMARY KEY  (`blocked_id`)
) ENGINE=MyISAM AUTO_INCREMENT=6 DEFAULT CHARSET=latin1;

--
-- Dumping data for table `idx_blocked_domain`
--

INSERT INTO `idx_blocked_domain` VALUES (1,'buydomains.com','domain'),(2,'this-domain-for-sale.com ','domain'),(3,'oversee.net','domain'),(4,'eNom','domain'),(5,'sedoparking.com','domain');

--
-- Table structure for table `idx_category`
--

CREATE TABLE `idx_category` (
  `category_id` mediumint(9) unsigned NOT NULL auto_increment,
  `parent_id` mediumint(9) unsigned NOT NULL default '0',
  `name` varchar(100) NOT NULL default '',
  `description` text NOT NULL,
  `image` varchar(100) default NULL,
  `content` text,
  `visible` char(1) default NULL,
  `links` mediumint(9) default NULL,
  `meta_keyword` text,
  `meta_description` text,
  `permission` char(2) default NULL,
  `registered_only` char(1) default NULL,
  `header` text NOT NULL,
  `footer` text NOT NULL,
  `related` mediumint(6) NOT NULL default '0',
  `page_title` varchar(200) NOT NULL default '',
  `hits` int(11) NOT NULL default '0',
  `order_num` smallint(6) NOT NULL default '0',
  `basic_price` double unsigned NOT NULL default '0',
  `premium_price` double unsigned NOT NULL default '0',
  `sponsored_price` double unsigned NOT NULL default '0',
  PRIMARY KEY  (`category_id`)
) ENGINE=MyISAM AUTO_INCREMENT=36 DEFAULT CHARSET=latin1;

--
-- Dumping data for table `idx_category`
--

INSERT INTO `idx_category` VALUES (1,0,'Arts & Humanities','','folder.gif','','1',1,'','','1','0','','',0,'',0,0,0,0,0),(2,0,'Automobile industry','','folder.gif','','1',0,'','','1','0','','',0,'',0,0,0,0,0),(3,0,'Business & Economy','','folder.gif','','1',6,'','','1','0','','',0,'',0,0,0,0,0),(4,0,'Careers','','folder.gif','','1',0,'','','1','0','','',0,'',0,0,0,0,0),(5,0,'Clothing & Fashion','','folder.gif','','1',1,'','','1','0','','',0,'',0,0,0,0,0),(6,0,'Mass Communications','','folder.gif','','1',0,'','','1','0','','',0,'',0,0,0,0,0),(7,0,'Computers & IT','','folder.gif','','1',1,'','','1','0','','',0,'',0,0,0,0,0),(8,0,'Construction Services','','folder.gif','','1',2,'','','1','0','','',0,'',0,0,0,0,0),(9,0,'Dental Health','','folder.gif','','1',0,'','','1','0','','',0,'',0,0,0,0,0),(10,0,'Education & Training','','folder.gif','','1',0,'','','1','0','','',0,'',0,0,0,0,0),(11,0,'Employment & Recruitment','','folder.gif','','1',0,'','','1','0','','',0,'',0,0,0,0,0),(12,0,'Gifts & Novelties','','folder.gif','','1',0,'','','1','0','','',0,'',0,0,0,0,0),(13,0,'Software & Hardware','','folder.gif','','1',0,'','','1','0','','',0,'',0,0,0,0,0),(14,0,'Health Services','','folder.gif','','1',0,'','','1','0','','',0,'',0,0,0,0,0),(15,0,'Healthcare Industry','','folder.gif','','1',6,'','','1','0','','',0,'',0,0,0,0,0),(16,0,'Heating, Ventilating and Air Conditioning','','folder.gif','','1',3,'','','1','0','','',0,'',0,0,0,0,0),(17,0,'Home & Garden Making','','folder.gif','','1',0,'','','1','0','','',0,'',0,0,0,0,0),(18,0,'Home Improvement & Appliances ','','folder.gif','','1',13,'','','1','0','','',0,'',0,0,0,0,0),(19,0,'Hotels ','','folder.gif','','1',0,'','','1','0','','',0,'',0,0,0,0,0),(20,0,'Insurance Providers','','folder.gif','','1',1,'','','1','0','','',0,'',0,0,0,0,0),(21,0,'Law & Legal','','folder.gif','','1',0,'','','1','0','','',0,'',0,0,0,0,0),(22,0,'Lawyers & Attorneys','','folder.gif','','1',17,'','','1','0','','',0,'',0,0,0,0,0),(23,0,'Lifestyle & Society','','folder.gif','','1',0,'','','1','0','','',0,'',0,0,0,0,0),(24,0,'Medicine & Surgery','','folder.gif','','1',0,'','','1','0','','',0,'',0,0,0,0,0),(25,0,'Finance & Investment','','folder.gif','','1',0,'','','1','0','','',0,'',0,0,0,0,0),(26,0,'News','','folder.gif','','1',0,'','','1','0','','',0,'',0,0,0,0,0),(27,0,'Plumbing & Plumbers','','folder.gif','','1',0,'','','1','0','','',0,'',0,0,0,0,0),(28,0,'Real Estate Services','','folder.gif','','1',1,'','','1','0','','',0,'',0,0,0,0,0),(29,0,'Technology & Science','','folder.gif','','1',1,'','','1','0','','',0,'',0,0,0,0,0),(30,0,'SEO Services','','folder.gif','','1',0,'','','1','0','','',0,'',0,0,0,0,0),(31,0,'Shopping and Fashion','','folder.gif','','1',4,'','','1','0','','',0,'',0,0,0,0,0),(32,0,'Games & Sports','','folder.gif','','1',0,'','','1','0','','',0,'',0,0,0,0,0),(33,0,'Transport & Freight Forwarding ','','folder.gif','','1',0,'','','1','0','','',0,'',0,0,0,0,0),(34,0,'Travel & Vacations','','folder.gif','','1',1,'','','1','0','','',0,'',0,0,0,0,0),(35,0,'Wedding Accessories','','folder.gif','','1',1,'','','1','0','','',0,'',0,0,0,0,0);

--
-- Table structure for table `idx_category_path`
--

CREATE TABLE `idx_category_path` (
  `category_id` mediumint(9) NOT NULL default '0',
  `path` text,
  `path_with_url` text,
  `parents` text,
  PRIMARY KEY  (`category_id`)
) ENGINE=MyISAM DEFAULT CHARSET=latin1;

--
-- Dumping data for table `idx_category_path`
--

INSERT INTO `idx_category_path` VALUES (1,'Arts & Humanities','<a href=\"http://bizoftheyear.org/arts-humanities/\" name=\"cat_1\" style=\"\">Arts & Humanities</a>',';0;'),(2,'Automobile industry','<a href=\"http://bizoftheyear.org/automobile-industry/\" name=\"cat_2\" style=\"\">Automobile industry</a>',';0;'),(3,'Business & Economy','<a href=\"http://bizoftheyear.org/business-economy/\" name=\"cat_3\" style=\"\">Business & Economy</a>',';0;'),(4,'Careers','<a href=\"http://bizoftheyear.org/careers/\" name=\"cat_4\" style=\"\">Careers</a>',';0;'),(5,'Clothing & Fashion','<a href=\"http://bizoftheyear.org/clothing-fashion/\" name=\"cat_5\" style=\"\">Clothing & Fashion</a>',';0;'),(6,'Mass Communications','<a href=\"http://bizoftheyear.org/mass-communications/\" name=\"cat_6\" style=\"\">Mass Communications</a>',';0;'),(7,'Computers & IT','<a href=\"http://bizoftheyear.org/computers-it/\" name=\"cat_7\" style=\"\">Computers & IT</a>',';0;'),(8,'Construction Services','<a href=\"http://bizoftheyear.org/construction-services/\" name=\"cat_8\" style=\"\">Construction Services</a>',';0;'),(9,'Dental Health','<a href=\"http://bizoftheyear.org/dental-health/\" name=\"cat_9\" style=\"\">Dental Health</a>',';0;'),(10,'Education & Training','<a href=\"http://bizoftheyear.org/education-training/\" name=\"cat_10\" style=\"\">Education & Training</a>',';0;'),(11,'Employment & Recruitment','<a href=\"http://bizoftheyear.org/employment-recruitment/\" name=\"cat_11\" style=\"\">Employment & Recruitment</a>',';0;'),(12,'Gifts & Novelties','<a href=\"http://bizoftheyear.org/gifts-novelties/\" name=\"cat_12\" style=\"\">Gifts & Novelties</a>',';0;'),(13,'Software & Hardware','<a href=\"http://bizoftheyear.org/software-hardware/\" name=\"cat_13\" style=\"\">Software & Hardware</a>',';0;'),(14,'Health Services','<a href=\"http://bizoftheyear.org/health-services/\" name=\"cat_14\" style=\"\">Health Services</a>',';0;'),(15,'Healthcare Industry','<a href=\"http://bizoftheyear.org/healthcare-industry/\" name=\"cat_15\" style=\"\">Healthcare Industry</a>',';0;'),(16,'Heating, Ventilating and Air Conditioning','<a href=\"http://bizoftheyear.org/heating-ventilating-and-air-conditioning/\" name=\"cat_16\" style=\"\">Heating, Ventilating and Air Conditioning</a>',';0;'),(17,'Home & Garden Making','<a href=\"http://bizoftheyear.org/home-garden-making/\" name=\"cat_17\" style=\"\">Home & Garden Making</a>',';0;'),(18,'Home Improvement & Appliances ','<a href=\"http://bizoftheyear.org/home-improvement-appliances/\" name=\"cat_18\" style=\"\">Home Improvement & Appliances </a>',';0;'),(19,'Hotels ','<a href=\"http://bizoftheyear.org/hotels/\" name=\"cat_19\" style=\"\">Hotels </a>',';0;'),(20,'Insurance Providers','<a href=\"http://bizoftheyear.org/insurance-providers/\" name=\"cat_20\" style=\"\">Insurance Providers</a>',';0;'),(21,'Law & Legal','<a href=\"http://bizoftheyear.org/law-legal/\" name=\"cat_21\" style=\"\">Law & Legal</a>',';0;'),(22,'Lawyers & Attorneys','<a href=\"http://bizoftheyear.org/lawyers-attorneys/\" name=\"cat_22\" style=\"\">Lawyers & Attorneys</a>',';0;'),(23,'Lifestyle & Society','<a href=\"http://bizoftheyear.org/lifestyle-society/\" name=\"cat_23\" style=\"\">Lifestyle & Society</a>',';0;'),(24,'Medicine & Surgery','<a href=\"http://bizoftheyear.org/medicine-surgery/\" name=\"cat_24\" style=\"\">Medicine & Surgery</a>',';0;'),(25,'Finance & Investment','<a href=\"http://bizoftheyear.org/finance-investment/\" name=\"cat_25\" style=\"\">Finance & Investment</a>',';0;'),(26,'News','<a href=\"http://bizoftheyear.org/news/\" name=\"cat_26\" style=\"\">News</a>',';0;'),(27,'Plumbing & Plumbers','<a href=\"http://bizoftheyear.org/plumbing-plumbers/\" name=\"cat_27\" style=\"\">Plumbing & Plumbers</a>',';0;'),(28,'Real Estate Services','<a href=\"http://bizoftheyear.org/real-estate-services/\" name=\"cat_28\" style=\"\">Real Estate Services</a>',';0;'),(29,'Technology & Science','<a href=\"http://bizoftheyear.org/technology-science/\" name=\"cat_29\" style=\"\">Technology & Science</a>',';0;'),(30,'SEO Services','<a href=\"http://bizoftheyear.org/seo-services/\" name=\"cat_30\" style=\"\">SEO Services</a>',';0;'),(31,'Shopping and Fashion','<a href=\"http://bizoftheyear.org/shopping-and-fashion/\" name=\"cat_31\" style=\"\">Shopping and Fashion</a>',';0;'),(32,'Games & Sports','<a href=\"http://bizoftheyear.org/games-sports/\" name=\"cat_32\" style=\"\">Games & Sports</a>',';0;'),(33,'Transport & Freight Forwarding ','<a href=\"http://bizoftheyear.org/transport-freight-forwarding/\" name=\"cat_33\" style=\"\">Transport & Freight Forwarding </a>',';0;'),(34,'Travel & Vacations','<a href=\"http://bizoftheyear.org/travel-vacations/\" name=\"cat_34\" style=\"\">Travel & Vacations</a>',';0;'),(35,'Wedding Accessories','<a href=\"http://bizoftheyear.org/wedding-accessories/\" name=\"cat_35\" style=\"\">Wedding Accessories</a>',';0;');

--
-- Table structure for table `idx_category_suggession`
--

CREATE TABLE `idx_category_suggession` (
  `id_cat_suggession` int(11) NOT NULL auto_increment,
  `parent_id` int(11) default NULL,
  `name` varchar(255) default NULL,
  `category_description` text,
  `date` datetime default NULL,
  PRIMARY KEY  (`id_cat_suggession`)
) ENGINE=MyISAM DEFAULT CHARSET=latin1;

--
-- Dumping data for table `idx_category_suggession`
--


--
-- Table structure for table `idx_checkurl`
--

CREATE TABLE `idx_checkurl` (
  `link_id` mediumint(9) NOT NULL default '0',
  `date` date NOT NULL default '0000-00-00',
  `live` char(1) NOT NULL default '',
  `reciprocal_found` char(1) NOT NULL default '',
  PRIMARY KEY  (`link_id`)
) ENGINE=MyISAM DEFAULT CHARSET=latin1;

--
-- Dumping data for table `idx_checkurl`
--


--
-- Table structure for table `idx_cronjobs`
--

CREATE TABLE `idx_cronjobs` (
  `cronjobs_id` int(11) NOT NULL auto_increment,
  `cronjobs_name` varchar(255) default NULL,
  `filename` varchar(255) NOT NULL,
  `schedule` varchar(255) NOT NULL,
  `time` datetime NOT NULL,
  `execution` varchar(1) NOT NULL,
  PRIMARY KEY  (`cronjobs_id`)
) ENGINE=MyISAM AUTO_INCREMENT=4 DEFAULT CHARSET=latin1;

--
-- Dumping data for table `idx_cronjobs`
--

INSERT INTO `idx_cronjobs` VALUES (1,NULL,'clear_templates_c.php','1,*,*,*,*','0000-00-00 00:00:00',''),(2,NULL,'update_tag_cloud.php','*,24,*,*,*','0000-00-00 00:00:00',''),(3,NULL,'clear_rss_cache.php','*,24,*,*,*','0000-00-00 00:00:00','');

--
-- Table structure for table `idx_custom_field`
--

CREATE TABLE `idx_custom_field` (
  `field_name` varchar(32) NOT NULL default '',
  `field_text` varchar(64) NOT NULL default '',
  `field_type` enum('TEXT','TEXTAREA','SELECT','MULTISELECT','CHECKBOX','RADIO','FILE','IMAGE','DATE','DATETIME','RICHEDITOR') NOT NULL default 'TEXT',
  `field_option` text NOT NULL,
  `field_img_width` int(10) unsigned NOT NULL default '0',
  `field_img_height` int(10) unsigned NOT NULL default '0',
  `field_file_size` int(10) unsigned NOT NULL default '0',
  `field_file_extension` varchar(64) NOT NULL default '',
  `required` char(1) NOT NULL default '0',
  `searchable` char(1) NOT NULL default '1',
  `permission` char(1) NOT NULL default '0'
) ENGINE=MyISAM DEFAULT CHARSET=latin1;

--
-- Dumping data for table `idx_custom_field`
--

INSERT INTO `idx_custom_field` VALUES ('image','Image','IMAGE','',0,0,0,'','0','0','2'),('address','Address','TEXT','',0,0,0,'','0','0','0'),('city','City','TEXT','',0,0,0,'','0','0','0'),('state','State','TEXT','',0,0,0,'','0','0','0'),('country','Country','TEXT','',0,0,0,'','0','0','0'),('zip','Zip','TEXT','',0,0,0,'','0','0','0'),('phone','Phone','TEXT','',0,0,0,'','0','0','0'),('fax','Fax','TEXT','',0,0,0,'','0','0','0');

--
-- Table structure for table `idx_default_field`
--

CREATE TABLE `idx_default_field` (
  `field_name` varchar(64) NOT NULL,
  `required` char(1) NOT NULL,
  `visible` char(1) NOT NULL default '1',
  `searchable` char(1) NOT NULL default '1'
) ENGINE=MyISAM DEFAULT CHARSET=latin1;

--
-- Dumping data for table `idx_default_field`
--

INSERT INTO `idx_default_field` VALUES ('title','1','1','1'),('url','1','1','1'),('description','1','1','1'),('keywords','1','1','0'),('contact_name','1','1','1'),('email','1','1','1'),('reciprocal_url','0','0','1');

--
-- Table structure for table `idx_discount_coupon`
--

CREATE TABLE `idx_discount_coupon` (
  `coupon_id` int(11) NOT NULL auto_increment,
  `coupon_code` varchar(255) default NULL,
  `coupon_value` varchar(50) default NULL,
  `link_type` varchar(255) default NULL,
  `start_date` date default NULL,
  `expired_date` date default NULL,
  `expired_usage` int(11) default NULL,
  `usage_count` int(11) default NULL,
  PRIMARY KEY  (`coupon_id`)
) ENGINE=MyISAM DEFAULT CHARSET=latin1;

--
-- Dumping data for table `idx_discount_coupon`
--


--
-- Table structure for table `idx_editor`
--

CREATE TABLE `idx_editor` (
  `username` varchar(20) default NULL,
  `category_id` mediumint(9) default NULL,
  `category` char(1) default NULL,
  `link` char(1) default NULL,
  `review` char(1) default NULL,
  `pick` char(1) default NULL,
  `status` char(1) default NULL,
  `date` date default NULL
) ENGINE=MyISAM DEFAULT CHARSET=latin1;

--
-- Dumping data for table `idx_editor`
--


--
-- Table structure for table `idx_email_template`
--

CREATE TABLE `idx_email_template` (
  `email_template_id` int(10) unsigned NOT NULL auto_increment,
  `name` varchar(255) default NULL,
  `subject` varchar(255) default NULL,
  `body` text,
  `altbody` text,
  PRIMARY KEY  (`email_template_id`)
) ENGINE=MyISAM AUTO_INCREMENT=37 DEFAULT CHARSET=latin1;

--
-- Dumping data for table `idx_email_template`
--

INSERT INTO `idx_email_template` VALUES (1,'add_ok','Resource Added','<div style=\"font-weight:bold;\">Thank you for your submission to <%$site_name%></div>\r\n<p>\r\n<div style=\"float:left;width:200px;\">Resource ID</div>\r\n<div style=\"float:left;width:10px;\"> : </div>\r\n<div style=\"float:left;width:200px;\"><%$link_id%></div>\r\n<div style=\"float:left;width:200px;\">Title</div>\r\n<div style=\"float:left;width:10px;\"> : </div>\r\n<div style=\"float:left;width:200px;\"><%$title%></div>\r\n<div style=\"float:left;width:200px;\">Url</div>\r\n<div style=\"float:left;width:10px;\">  : </div>\r\n<div style=\"float:left;width:200px;\"><%$url%></div>\r\n<div style=\"float:left;width:200px;\">Description </div>\r\n<div style=\"float:left;width:10px;\"> : </div>\r\n<div style=\"float:left;width:200px;\"><%$description%></div>\r\n<div style=\"float:left;width:200px;\">Category </div>\r\n<div style=\"float:left;width:10px;\"> : </div>\r\n<div style=\"float:left;width:200px;\"><%$category%></div>\r\n<div style=\"float:left;width:200px;\">Contact name</div>\r\n<div style=\"float:left;width:10px;\"> : </div>\r\n<div style=\"float:left;width:200px;\"><%$contact_name%></div>\r\n<div style=\"float:left;width:200px;\">Email</div>\r\n<div style=\"float:left;width:10px;\">  : </div>\r\n<div style=\"float:left;width:200px;\"><%$email%></div>\r\n<div style=\"float:left;width:200px;\">Password </div>\r\n<div style=\"float:left;width:10px;\"> : </div>\r\n<div style=\"float:left;width:200px;\"><%$password%></div>\r\n<p>\r\nYour link has been added.\r\n<p>\r\n<p>\r\nRegards,\r\n<p>\r\n<%$site_name%> Team\r\n','Thank you for your submission to <%$site_name%>\r\nResource ID  : <%$link_id%>\r\nTitle        : <%$title%>\r\nUrl          : <%$url%>\r\nDescription  : <%$description%>\r\nCategory     : <%$category%>\r\nContact name : <%$contact_name%>\r\nEmail        : <%$email%>\r\nPassword     : <%$password%>\r\nYour link has been added.\r\nRegards,\r\n<%$site_name%> Team'),(2,'add_ok_editor','Resource Added','<div style=\"font-family:arial;font-size:12px;\">\r\nThere\'s a new submission to <b><%$site_name%></b>.\r\n<p>\r\n<p>\r\n<table cellspacing=0 cellpadding=0>\r\n<tr><td style=\"width:100px;\">Resource ID</td><td style=\"width:10px;\">:</td><td ><%$link_id%></td></tr>\r\n<tr><td style=\"width:100px;\">Title</td><td style=\"width:10px;\">:</td><td ><%$title%></td></tr>\r\n<tr><td style=\"width:100px;\">Url</td><td style=\"width:10px;\">:</td><td ><%$url%></td></tr>\r\n<tr><td style=\"width:100px;\">Description</td><td style=\"width:10px;\">:</td><td ><%$description%></td></tr>\r\n<tr><td style=\"width:100px;\">Category</td><td style=\"width:10px;\">:</td><td ><%$category%></td></tr>\r\n<tr><td style=\"width:100px;\">Contact name</td><td style=\"width:10px;\">:</td><td ><%$contact_name%></td></tr>\r\n<tr><td style=\"width:100px;\">Email/td><td style=\"width:10px;\">:</td><td ><%$email%></td></tr>\r\n</table>\r\n<p>\r\nThe category permissions allow webmasters to add/modify links without needing approval.\r\nThe link has been added.\r\n<p>\r\n<p>\r\nRegards,\r\n<p>\r\n<%$site_name%> Team\r\n</div>','There\'s a new submission to <%$site_name%>.\r\nResource ID  : <%$link_id%>\r\nTitle        : <%$title%>\r\nUrl          : <%$url%>\r\nDescription  : <%$description%>\r\nCategory     : <%$category%>\r\nContact name : <%$contact_name%>\r\nEmail        : <%$email%>\r\nThe category permissions allow webmasters to add/modify links without needing approval.\r\nThe link has beed added.\r\nRegards,\r\n<%$site_name%> Team\r\n'),(3,'add_ok_subscriber','Resource Added','<div style=\"font-family:arial;font-size:12px;\">\r\nYou are receiving this email because you have a subscription for update notifications in <b><%$category%></b> category.\r\n<p>\r\nThere\'s a new submission to <b><%$site_name%><b>.\r\n<p>\r\n<table cellspacing=0 cellpadding=0>\r\n<tr><td style=\"width:100px;\">Resource ID</td><td style=\"width:10px;\">:</td><td ><%$link_id%></td></tr>\r\n<tr><td style=\"width:100px;\">Title</td><td style=\"width:10px;\">:</td><td ><%$title%></td></tr>\r\n<tr><td style=\"width:100px;\">Url</td><td style=\"width:10px;\">:</td><td ><%$url%></td></tr>\r\n<tr><td style=\"width:100px;\">Description</td><td style=\"width:10px;\">:</td><td ><%$description%></td></tr>\r\n<tr><td style=\"width:100px;\">Category</td><td style=\"width:10px;\">:</td><td ><%$category%></td></tr>\r\n<tr><td style=\"width:100px;\">Contact name</td><td style=\"width:10px;\">:</td><td ><%$contact_name%></td></tr>\r\n</table>\r\n<p>\r\n<p>\r\nRegards,\r\n<p>\r\n<b><%$site_name%></b> Team\r\n</div>','You are receiving this email because you have a subscription for update notifications in <%$category%> category.\r\nThere\'s a new submission to <%$site_name%>.\r\nResource ID  : <%$link_id%>\r\nTitle        : <%$title%>\r\nUrl          : <%$url%>\r\nDescription  : <%$description%>\r\nCategory     : <%$category%>\r\nContact name : <%$contact_name%>\r\nRegards,\r\n<%$site_name%> Team\r\n'),(4,'add_pending','Pending Resource','<div style=\"font-family:arial;font-size:12px;\">\r\nThank you for your submission to <b><%$site_name%></b>.\r\n<p>\r\n<table cellspacing=0 cellpadding=0>\r\n<tr><td style=\"width:100px;\">Title</td><td style=\"width:10px;\">:</td><td ><%$title%></td></tr>\r\n<tr><td style=\"width:100px;\">Url</td><td style=\"width:10px;\">:</td><td ><%$url%></td></tr>\r\n<tr><td style=\"width:100px;\">Description</td><td style=\"width:10px;\">:</td><td ><%$description%></td></tr>\r\n<tr><td style=\"width:100px;\">Category</td><td style=\"width:10px;\">:</td><td ><%$category%></td></tr>\r\n<tr><td style=\"width:100px;\">Contact name</td><td style=\"width:10px;\">:</td><td ><%$contact_name%></td></tr>\r\n<tr><td style=\"width:100px;\">Email</td><td style=\"width:10px;\">:</td><td ><%$email%></td></tr>\r\n</table>\r\n<p>\r\n<p>\r\nYour link will be reviewed by our team. We will contact you as soon <br>\r\nas we have reviewed your link.\r\n<p>\r\n<p>\r\nRegards,\r\n<p>\r\n<b><%$site_name%></b> Team\r\n</div>','Thank you for your submission to <%$site_name%>.\r\nTitle        : <%$title%>\r\nUrl          : <%$url%>\r\nDescription  : <%$description%>\r\nCategory     : <%$category%>\r\nContact name : <%$contact_name%>\r\nEmail        : <%$email%>\r\nYour link will be reviewed by our team. We will contact you as soon \r\nas we have reviewed your link.\r\nRegards,\r\n<%$site_name%> Team\r\n'),(5,'add_pending_editor','Pending Resource','<div style=\"font-family:arial;font-size:12px;\">\r\nThere\'s a new submission to <b><%$site_name%></b>.\r\n<p>\r\n<table cellspacing=0 cellpadding=0>\r\n<tr><td style=\"width:100px;\">Title</td><td style=\"width:10px;\">:</td><td ><%$title%></td></tr>\r\n<tr><td style=\"width:100px;\">Url</td><td style=\"width:10px;\">:</td><td ><%$url%></td></tr>\r\n<tr><td style=\"width:100px;\">Description</td><td style=\"width:10px;\">:</td><td ><%$description%></td></tr>\r\n<tr><td style=\"width:100px;\">Category</td><td style=\"width:10px;\">:</td><td ><%$category%></td></tr>\r\n<tr><td style=\"width:100px;\">Contact name</td><td style=\"width:10px;\">:</td><td ><%$contact_name%></td></tr>\r\n<tr><td style=\"width:100px;\">Email</td><td style=\"width:10px;\">:</td><td ><%$email%></td></tr>\r\n</table>\r\n<p>\r\n<p>\r\nYou need to review this link here:<br>\r\n<label style=\"margin-left:10px;\"><a href=\"<%$site_url%>/cp/editor_link_validate.php\"><%$site_url%>/cp/editor_link_validate.php</a></label><br>\r\nYou can approve this submission by clicking here:<br>\r\n<label style=\"margin-left:10px;\"><a href=\"<%$approve_notice%>\"><%$approve_notice%></a></label><br>\r\nYou can reject this submission by clicking here:<br>\r\n<label style=\"margin-left:10px;\"><a href=\"<%$reject_notice%>\"><%$reject_notice%></a></label><br>\r\nSilent reject here:<br>\r\n<label style=\"margin-left:10px;\"><a href=\"<%$reject_silent%>\"><%$reject_silent%></a></label><br>\r\n\r\n<p>\r\n<p>\r\nRegards,\r\n<p>\r\n<b><%$site_name%></b> Team\r\n</div>\r\n','There\'s a new submission to <%$site_name%>.\r\nTitle        : <%$title%>\r\nUrl          : <%$url%>\r\nDescription  : <%$description%>\r\nCategory     : <%$category%>\r\nContact name : <%$contact_name%>\r\nEmail        : <%$email%>\r\nYou need to review this link here:\r\n<%$site_url%>/cp/editor_link_validate.php\r\nYou can approve this submission by clicking here:\r\n<%$approve_notice%>\r\nYou can reject this submission by clicking here:\r\n<%$reject_notice%>\r\nSilent reject here:\r\n<%$reject_silent%>\r\n\r\nRegards,\r\n<%$site_name%> Team\r\n'),(6,'approved','Editor Approved.','<div style=\"font-family:arial;font-size:12px;\">\r\nYour submission at <b><%$site_name%></b> has been approved.\r\n<p>\r\n<table cellspacing=0 cellpadding=0>\r\n<tr><td style=\"width:100px;\">Resource ID</td><td style=\"width:10px;\">:</td><td ><%$link_id%></td></tr>\r\n<tr><td style=\"width:100px;\">Title</td><td style=\"width:10px;\">:</td><td ><%$title%></td></tr>\r\n<tr><td style=\"width:100px;\">Url</td><td style=\"width:10px;\">:</td><td ><%$url%></td></tr>\r\n<tr><td style=\"width:100px;\">Description</td><td style=\"width:10px;\">:</td><td ><%$description%></td></tr>\r\n<tr><td style=\"width:100px;\">Category</td><td style=\"width:10px;\">:</td><td ><%$category%></td></tr>\r\n<tr><td style=\"width:100px;\">Contact name</td><td style=\"width:10px;\">:</td><td ><%$contact_name%></td></tr>\r\n<tr><td style=\"width:100px;\">Email</td><td style=\"width:10px;\">:</td><td ><%$email%></td></tr>\r\n<tr><td style=\"width:100px;\">Password </td><td style=\"width:10px;\">:</td><td ><%$password%></td></tr>\r\n</table>\r\n<p>\r\n<p>\r\nRegards,\r\n<p>\r\n<b><%$site_name%></b> Team\r\n</div>','Your submission at <%$site_name%> has been approved.\r\nResource ID  : <%$link_id%>\r\nTitle        : <%$title%>\r\nUrl          : <%$url%>\r\nDescription  : <%$description%>\r\nCategory     : <%$category%>\r\nContact name : <%$contact_name%>\r\nEmail        : <%$email%>\r\nPassword     : <%$password%>\r\nRegards,\r\n<%$site_name%> Team\r\n'),(7,'approved_editor','Link approved','<div style=\"font-family:arial;font-size:12px;\">\r\nThe following submission has been approved.\r\n<p>\r\n<table cellspacing=0 cellpadding=0>\r\n<tr><td style=\"width:100px;\">Resource ID</td><td style=\"width:10px;\">:</td><td ><%$link_id%></td></tr>\r\n<tr><td style=\"width:100px;\">Title</td><td style=\"width:10px;\">:</td><td ><%$title%></td></tr>\r\n<tr><td style=\"width:100px;\">Url</td><td style=\"width:10px;\">:</td><td ><%$url%></td></tr>\r\n<tr><td style=\"width:100px;\">Description</td><td style=\"width:10px;\">:</td><td ><%$description%></td></tr>\r\n<tr><td style=\"width:100px;\">Category</td><td style=\"width:10px;\">:</td><td ><%$category%></td></tr>\r\n<tr><td style=\"width:100px;\">Contact name</td><td style=\"width:10px;\">:</td><td ><%$contact_name%></td></tr>\r\n<tr><td style=\"width:100px;\">Email</td><td style=\"width:10px;\">:</td><td ><%$email%></td></tr>\r\n</table>\r\n<p>\r\n<p>\r\nRegards,\r\n<p>\r\n<b><%$site_name%></b> Team\r\n</div>','The following submission has been approved.\r\nResource ID  : <%$link_id%>\r\nTitle        : <%$title%>\r\nUrl          : <%$url%>\r\nDescription  : <%$description%>\r\nCategory     : <%$category%>\r\nContact name : <%$contact_name%>\r\nEmail        : <%$email%>\r\nRegards,\r\n<%$site_name%> Team\r\n'),(8,'approved_subscriber','link_approved','<div style=\"font-family:arial;font-size:12px;\">\r\nYou are receiving this email because you have a subscription for update notifications in <b><%$category%></b> category.\r\n<p>\r\nThe following submission has been approved.\r\n<p>\r\n<table cellspacing=0 cellpadding=0>\r\n<tr><td style=\"width:100px;\">Resource ID</td><td style=\"width:10px;\">:</td><td ><%$link_id%></td></tr>\r\n<tr><td style=\"width:100px;\">Title</td><td style=\"width:10px;\">:</td><td ><%$title%></td></tr>\r\n<tr><td style=\"width:100px;\">Url</td><td style=\"width:10px;\">:</td><td ><%$url%></td></tr>\r\n<tr><td style=\"width:100px;\">Description</td><td style=\"width:10px;\">:</td><td ><%$description%></td></tr>\r\n<tr><td style=\"width:100px;\">Category</td><td style=\"width:10px;\">:</td><td ><%$category%></td></tr>\r\n<tr><td style=\"width:100px;\">Contact name</td><td style=\"width:10px;\">:</td><td ><%$contact_name%></td></tr>\r\n</table>\r\n<p>\r\n<p>\r\nRegards,\r\n<p>\r\n<b><%$site_name%></b> Team\r\n</div>','You are receiving this email because you have a subscription for update notifications in <%$category%> category.\r\nThe following submission has been approved.\r\nResource ID  : <%$link_id%>\r\nTitle        : <%$title%>\r\nUrl          : <%$url%>\r\nDescription  : <%$description%>\r\nCategory     : <%$category%>\r\nContact name : <%$contact_name%>\r\nRegards,\r\n<%$site_name%> Team\r\n'),(9,'bad_link_editor','Broken link report','<div style=\"font-family:arial;font-size:12px;\">\r\nThere\'s a new bad link report submission to <b><%$site_name%></b>.\r\n<p>\r\n<table cellspacing=0 cellpadding=0>\r\n<tr><td style=\"width:100px;\">Title</td><td style=\"width:10px;\">:</td><td ><%$title%></td></tr>\r\n<tr><td style=\"width:100px;\">Url</td><td style=\"width:10px;\">:</td><td ><%$url%></td></tr>\r\n<tr><td style=\"width:100px;\">Description</td><td style=\"width:10px;\">:</td><td ><%$description%></td></tr>\r\n<tr><td style=\"width:100px;\">Category</td><td style=\"width:10px;\">:</td><td ><%$category%></td></tr>\r\n<tr><td style=\"width:100px;\">Name</td><td style=\"width:10px;\">:</td><td ><%$r_name%></td></tr>\r\n<tr><td style=\"width:100px;\">Email</td><td style=\"width:10px;\">:</td><td ><%$email%></td></tr>\r\n<tr><td style=\"width:100px;\">Error type</td><td style=\"width:10px;\">:</td><td ><%$type_val%></td></tr>\r\n</table>\r\n<p>\r\nThis report has been added in your administrator area.<br>\r\nPlease review this report here:<br>\r\n<a href=\"<%$site_url%>/admin/link_bad.php\"><%$site_url%>/admin/link_bad.php</a>\r\n<p>\r\n<p>\r\nRegards,\r\n<p>\r\n<b><%$site_name%></b> Team\r\n</div>','There\'s a new bad link report submission to <%$site_name%>.\r\nTitle       : <%$title%>\r\nUrl         : <%$url%>\r\nDescription : <%$description%>\r\nCategory    : <%$category%>\r\nName        : <%$r_name%>\r\nEmail       : <%$r_email%>\r\nError type  : <%$type_val%>\r\nThis report has been added in your administrator area.\r\nPlease review this report here:\r\n<%$site_url%>/admin/link_bad.php\r\nRegards,\r\n<%$site_name%> Team\r\n'),(10,'become_editor_approved','Editor Approved.','<div style=\"font-family:arial;font-size:12px;\">\r\nYour request to become an editor at <b><%$site_name%></b> has been approved.\r\n<p>\r\n<table cellspacing=0 cellpadding=0>\r\n<tr><td style=\"width:100px;\">Username</td><td style=\"width:10px;\">:</td><td ><%$username%></td></tr>\r\n<tr><td style=\"width:100px;\">Name </td><td style=\"width:10px;\">:</td><td ><%$name%></td></tr>\r\n<tr><td style=\"width:100px;\">Email</td><td style=\"width:10px;\">:</td><td ><%$email%></td></tr>\r\n<tr><td style=\"width:100px;\">Category </td><td style=\"width:10px;\">:</td><td ><%$category%></td></tr>\r\n</table>\r\n<p>\r\n<p>\r\nRegards,\r\n<p>\r\n<b><%$site_name%></b> Team\r\n</div>','Your request to become an editor at <%$site_name%> has been approved.\r\nUsername  : <%$username%>\r\nName      : <%$name%>\r\nEmail     : <%$email%>\r\nCategory  : <%$category%>\r\nRegards,\r\n<%$site_name%> Team\r\n'),(11,'become_editor_pending','Request to become an editor','<div style=\"font-family:arial;font-size:12px;\">\r\nThank you for your request to become an editor at <b><%$site_name%></b>.\r\n<p>\r\n<table cellspacing=0 cellpadding=0>\r\n<tr><td style=\"width:100px;\">Username</td><td style=\"width:10px;\">:</td><td ><%$username%></td></tr>\r\n<tr><td style=\"width:100px;\">Name </td><td style=\"width:10px;\">:</td><td ><%$name%></td></tr>\r\n<tr><td style=\"width:100px;\">Email</td><td style=\"width:10px;\">:</td><td ><%$email%></td></tr>\r\n<tr><td style=\"width:100px;\">Category </td><td style=\"width:10px;\">:</td><td ><%$category%></td></tr>\r\n</table>\r\n<p>\r\nYour request will be processed soon.\r\n<p>\r\n<p>\r\nRegards,\r\n<p>\r\n<b><%$site_name%></b> Team\r\n</div>','Thank you for your request to become an editor at <%$site_name%>.\r\nUsername  : <%$username%>\r\nName      : <%$name%>\r\nEmail     : <%$email%>\r\nCategory  : <%$category%>\r\nYour request will be processed soon.\r\nRegards,\r\n<%$site_name%> Team\r\n'),(12,'become_editor_pending_admin','Request to become an editor','<div style=\"font-family:arial;font-size:12px;\">\r\nThere\'s a new request to become an editor at <b><%$site_name%></b>.\r\n<p>\r\n<table cellspacing=0 cellpadding=0>\r\n<tr><td style=\"width:100px;\">Username</td><td style=\"width:10px;\">:</td><td ><%$username%></td></tr>\r\n<tr><td style=\"width:100px;\">Name </td><td style=\"width:10px;\">:</td><td ><%$name%></td></tr>\r\n<tr><td style=\"width:100px;\">Email</td><td style=\"width:10px;\">:</td><td ><%$email%></td></tr>\r\n<tr><td style=\"width:100px;\">Category </td><td style=\"width:10px;\">:</td><td ><%$category%></td></tr>\r\n</table>\r\n<p>\r\nPlease review editor request here:\r\n  <label style=\"margin-left:10px;\"><a href=\"<%$site_url%>/admin/index.php\"><%$site_url%>/admin/index.php</a></label>\r\n<p>\r\n<p>\r\nRegards,\r\n<p>\r\n<b><%$site_name%></b> Team\r\n</div>','There\'s a new request to become an editor at <%$site_name%>.\r\nUsername  : <%$username%>\r\nName      : <%$name%>\r\nEmail     : <%$email%>\r\nCategory  : <%$category%>\r\nPlease review editor requests here:\r\n<%$site_url%>/admin/index.php\r\nRegards,\r\n<%$site_name%> Team\r\n'),(13,'become_editor_rejected','Editor Rejected.','<div style=\"font-family:arial;font-size:12px;\">\r\nYour request to become an editor at <b><%$site_name%></b> has been rejected.\r\n<p>\r\n<table cellspacing=0 cellpadding=0>\r\n<tr><td style=\"width:100px;\">Username</td><td style=\"width:10px;\">:</td><td ><%$username%></td></tr>\r\n<tr><td style=\"width:100px;\">Name </td><td style=\"width:10px;\">:</td><td ><%$name%></td></tr>\r\n<tr><td style=\"width:100px;\">Email</td><td style=\"width:10px;\">:</td><td ><%$email%></td></tr>\r\n<tr><td style=\"width:100px;\">Category </td><td style=\"width:10px;\">:</td><td ><%$category%></td></tr>\r\n</table>\r\n<p>\r\n<p>\r\nRegards,\r\n<p>\r\n<b><%$site_name%></b> Team\r\n</div>','Your request to become an editor at <%$site_name%> has been rejected.\r\nUsername  : <%$username%>\r\nName      : <%$name%>\r\nEmail     : <%$email%>\r\nCategory  : <%$category%>\r\nRegards,\r\n<%$site_name%> Team\r\n'),(14,'inv_ask_payment','<%$company%>, Invoice #<%$invoice_id%>','<div style=\"font-family:arial;font-size:12px;\">\r\nAn invoice has been created, and is available for viewing at the following URL:<br>\r\n<label><a href=\"<%$site_url%>/invoice.php?id=<%$invoice_id%>\"><%$site_url%>/invoice.php?id=<%$invoice_id%></a></label>\r\n<p>\r\nIf you should have any questions, please do not hesitate to contact us.<br>\r\nThank you for your business.\r\n<p>\r\n<p>\r\nRegards,\r\n<p>\r\n<b><%$site_name%></b> Team\r\n</div>','An invoice has been created, and is available for viewing at the following URL:\r\n<%$site_url%>/invoice.php?id=<%$invoice_id%>\r\nIf you should have any questions, please do not hesitate to contact us.\r\nThank you for your business.\r\nRegards,\r\n<%$site_name%> Team\r\n'),(15,'mailing_list_sub','Mailing list subscription','<div style=\"font-family:arial;font-size:12px;\">\r\nThank you. Your email address, <b><%$email%></b> has been added to our mailing list.\r\n<p>\r\n<p>\r\nRegards,\r\n<p>\r\n<%$site_name%> Team\r\n</div>','Thank you. Your email address, <%$email%> has been added to our mailing list.\r\nRegards,\r\n<%$site_name%> Team\r\n'),(16,'mailing_list_sub_confirm','Mailing list validation code','<div style=\"font-family:arial;font-size:12px;\">\r\nWe received your subscription request onto our mailing list.<br>\r\nPlease confirm your subscription here:<br>\r\n<label style=\"margin-left:50px;\"><a href=\"<%$confirm_url%>\"><%$confirm_url%></a></label>\r\n<p>\r\n<p>\r\nRegards,\r\n<p>\r\n<b><%$site_name%></b> Team\r\n</div>','We received your subscription request onto our mailing list.\r\nPlease confirm your subscription here:\r\n<%$confirm_url%>\r\nRegards,\r\n<%$site_name%> Team\r\n'),(17,'modify_ok','Resource Modified','<div style=\"font-family:arial;font-size:12px;\">\r\nThank you for your submission to <b><%$site_name%></b>.\r\n<table cellspacing=0 cellpadding=0>\r\n<tr><td style=\"width:100px;\">Title</td><td style=\"width:10px;\">:</td><td ><%$title%></td></tr>\r\n<tr><td style=\"width:100px;\">Url</td><td style=\"width:10px;\">:</td><td ><%$url%></td></tr>\r\n<tr><td style=\"width:100px;\">Description</td><td style=\"width:10px;\">:</td><td ><%$description%></td></tr>\r\n<tr><td style=\"width:100px;\">Category</td><td style=\"width:10px;\">:</td><td ><%$category%></td></tr>\r\n<tr><td style=\"width:100px;\">Contact name</td><td style=\"width:10px;\">:</td><td ><%$contact_name%></td></tr>\r\n<tr><td style=\"width:100px;\">Email/td><td style=\"width:10px;\">:</td><td ><%$email%></td></tr>\r\n</table>\r\n<p>\r\nYour link has been changed.\r\n<p>\r\n<p>\r\nRegards,\r\n<p>\r\n<b><%$site_name%></b> Team\r\n</div>','Thank you for your submission to <%$site_name%>.\r\nTitle        : <%$title%>\r\nUrl          : <%$url%>\r\nDescription  : <%$description%>\r\nCategory     : <%$category%>\r\nContact name : <%$contact_name%>\r\nEmail        : <%$email%>\r\nYour link has been changed.\r\nRegards,\r\n<%$site_name%> Team\r\n'),(18,'modify_ok_editor','Resource Modified','<div style=\"font-family:arial;font-size:12px;\">\r\nThere\'s a new submission to <%$site_name%>.\r\nTitle        : <%$title%>\r\nUrl          : <%$url%>\r\nDescription  : <%$description%>\r\nCategory     : <%$category%>\r\nContact name : <%$contact_name%>\r\nEmail        : <%$email%>\r\nThe category permissions allow webmasters to add/modify links without approval.\r\nThe link has been modified.\r\n<p>\r\n<p>\r\nRegards,\r\n<p>\r\n<b><%$site_name%></b> Team\r\n</div>','There\'s a new submission to <%$site_name%>.\r\nTitle        : <%$title%>\r\nUrl          : <%$url%>\r\nDescription  : <%$description%>\r\nCategory     : <%$category%>\r\nContact name : <%$contact_name%>\r\nEmail        : <%$email%>\r\nThe category permissions allow webmasters to add/modify links without approval.\r\nThe link has been modified.\r\nRegards,\r\n<%$site_name%> Team\r\n'),(19,'modify_ok_subscriber','Resource Modified','<div style=\"font-family:arial;font-size:12px;\">\r\nYou are receiving this email because you have a subscription for update notifications in <b><%$category%></b> category.\r\n<p>\r\nThere\'s a new submission to <b><%$site_name%></b>.\r\n<p>\r\n<table cellspacing=0 cellpadding=0>\r\n<tr><td style=\"width:100px;\">Title</td><td style=\"width:10px;\">:</td><td ><%$title%></td></tr>\r\n<tr><td style=\"width:100px;\">Url</td><td style=\"width:10px;\">:</td><td ><%$url%></td></tr>\r\n<tr><td style=\"width:100px;\">Description</td><td style=\"width:10px;\">:</td><td ><%$description%></td></tr>\r\n<tr><td style=\"width:100px;\">Category</td><td style=\"width:10px;\">:</td><td ><%$category%></td></tr>\r\n<tr><td style=\"width:100px;\">Contact name</td><td style=\"width:10px;\">:</td><td ><%$contact_name%></td></tr>\r\n</table>\r\n<p>\r\n<p>\r\nRegards,\r\n<p>\r\n<b><%$site_name%></b> Team\r\n</div>','You are receiving this email because you have a subscription for update notifications in <%$category%> category.\r\nThere\'s a new submission to <%$site_name%>.\r\nTitle        : <%$title%>\r\nUrl          : <%$url%>\r\nDescription  : <%$description%>\r\nCategory     : <%$category%>\r\nContact name : <%$contact_name%>\r\nRegards,\r\n<%$site_name%> Team\r\n'),(20,'modify_pending','Resource Modified','<div style=\"font-family:arial;font-size:12px;\">\r\nThank you for your submission to <b><%$site_name%><b>.\r\n<p>\r\n<table cellspacing=0 cellpadding=0>\r\n<tr><td style=\"width:100px;\">Title</td><td style=\"width:10px;\">:</td><td ><%$title%></td></tr>\r\n<tr><td style=\"width:100px;\">Url</td><td style=\"width:10px;\">:</td><td ><%$url%></td></tr>\r\n<tr><td style=\"width:100px;\">Description</td><td style=\"width:10px;\">:</td><td ><%$description%></td></tr>\r\n<tr><td style=\"width:100px;\">Category</td><td style=\"width:10px;\">:</td><td ><%$category%></td></tr>\r\n<tr><td style=\"width:100px;\">Contact name</td><td style=\"width:10px;\">:</td><td ><%$contact_name%></td></tr>\r\n<tr><td style=\"width:100px;\">Email</td><td style=\"width:10px;\">:</td><td ><%$email%></td></tr>\r\n</table>\r\n<p>\r\nYour link will be reviewed by our team. We will contact you as soon <br>\r\nas we have reviewed your link.\r\n<p>\r\n<p>\r\nRegards,\r\n<p>\r\n<b><%$site_name%></b> Team\r\n</div>','Thank you for your submission to <%$site_name%>.\r\nTitle        : <%$title%>\r\nUrl          : <%$url%>\r\nDescription  : <%$description%>\r\nCategory     : <%$category%>\r\nContact name : <%$contact_name%>\r\nEmail        : <%$email%>\r\nYour link will be reviewed by our team. We will contact you as soon \r\nas we have reviewed your link.\r\nRegards,\r\n<%$site_name%> Team\r\n'),(21,'modify_pending_editor','Resource Modified','<div style=\"font-family:arial;font-size:12px;\">\r\nThere\'s a new submission to <b><%$site_name%></b>.\r\n<p>\r\n<table cellspacing=0 cellpadding=0>\r\n<tr><td style=\"width:100px;\">Title</td><td style=\"width:10px;\">:</td><td ><%$title%></td></tr>\r\n<tr><td style=\"width:100px;\">Url</td><td style=\"width:10px;\">:</td><td ><%$url%></td></tr>\r\n<tr><td style=\"width:100px;\">Description</td><td style=\"width:10px;\">:</td><td ><%$description%></td></tr>\r\n<tr><td style=\"width:100px;\">Category</td><td style=\"width:10px;\">:</td><td ><%$category%></td></tr>\r\n<tr><td style=\"width:100px;\">Contact name</td><td style=\"width:10px;\">:</td><td ><%$contact_name%></td></tr>\r\n<tr><td style=\"width:100px;\">Email</td><td style=\"width:10px;\">:</td><td ><%$email%></td></tr>\r\n</table>\r\n<p>\r\n<p>\r\nYou need to review this link here:<br>\r\n<label style=\"margin-left:10px;\"><a href=\"<%$site_url%>/cp/editor_link_validate.php\"><%$site_url%>/cp/editor_link_validate.php</a></label>\r\n<p>\r\n<p>\r\nRegards,\r\n<p>\r\n<b><%$site_name%></b> Team\r\n</div>\r\n','There\'s a new submission to <%$site_name%>.\r\nTitle        : <%$title%>\r\nUrl          : <%$url%>\r\nDescription  : <%$description%>\r\nCategory     : <%$category%>\r\nContact name : <%$contact_name%>\r\nEmail        : <%$email%>\r\nYou need to review this link here:\r\n<%$site_url%>/cp/editor_link_validate.php\r\nRegards,\r\n<%$site_name%> Team\r\n'),(22,'register_confirm','Registration','<div style=\"font-family:arial;font-size:12px;\">\r\nThanks for joining <b><%$site_name%><b>.\r\n<p>\r\n<table cellspacing=0 cellpadding=0>\r\n<tr><td style=\"width:100px;\">Username</td><td style=\"width:10px;\">:</td><td ><%$username%></td></tr>\r\n<tr><td style=\"width:100px;\">Password</td><td style=\"width:10px;\">:</td><td ><%$password%></td></tr>\r\n</table>\r\n<p>\r\n<p>\r\nPlease confirm your registration here:<br>\r\n<label style=\"margin-left:10px;\"><A href=\"<%$site_url%>/register.php?u=<%$username%>&v=<%$vcode%>&pflag=cf\"><%$site_url%>/register.php?u=<%$username%>&v=<%$vcode%>&pflag=cf</a></label>\r\n<p>\r\n<p>\r\nSincerely,\r\n<p>\r\n<b><%$site_name%></b> Team\r\n</div>','Thanks for joining <%$site_name%>.\r\nUsername : <%$username%>\r\nPassword : <%$password%>\r\nPlease confirm your registration here:\r\n<%$site_url%>/register.php?u=<%$username%>&v=<%$vcode%>&pflag=cf\r\nSincerely,\r\n<%$site_name%> Team\r\n'),(23,'register_ok','Registration','<div style=\"font-family:arial;font-size:12px;\">\r\nThanks for joining <b><%$site_name%></b>.\r\n<p>\r\n<table cellspacing=0 cellpadding=0>\r\n<tr><td style=\"width:100px;\">Username</td><td style=\"width:10px;\">:</td><td ><%$username%></td></tr>\r\n<tr><td style=\"width:100px;\">Password</td><td style=\"width:10px;\">:</td><td ><%$password%></td></tr>\r\n</table>\r\n<p>\r\nSincerely,\r\n<p>\r\n<p>\r\n<b><%$site_name%></b> Team\r\n</div>','Thanks for joining <%$site_name%>.\r\nUsername : <%$username%>\r\nPassword : <%$password%>\r\nSincerely,\r\n<%$site_name%> Team\r\n'),(24,'rejected','Your submission has been rejected','<div style=\"font-family:arial;font-size:12px;\">\r\nYour submission has been rejected.<br>\r\nThis may be caused by one of the following reason:\r\n<p>\r\n<ul>\r\n<li>adult material</li>\r\n<li>the site is under construction</li>\r\n<li>the topic is not related with our directory</li>\r\n</ul>\r\n</p>\r\n<table cellspacing=0 cellpadding=0>\r\n<tr><td style=\"width:100px;\">Title</td><td style=\"width:10px;\">:</td><td ><%$title%></td></tr>\r\n<tr><td style=\"width:100px;\">Url</td><td style=\"width:10px;\">:</td><td ><%$url%></td></tr>\r\n<tr><td style=\"width:100px;\">Description</td><td style=\"width:10px;\">:</td><td ><%$description%></td></tr>\r\n<tr><td style=\"width:100px;\">Category</td><td style=\"width:10px;\">:</td><td ><%$category%></td></tr>\r\n<tr><td style=\"width:100px;\">Contact name</td><td style=\"width:10px;\">:</td><td ><%$contact_name%></td></tr>\r\n<tr><td style=\"width:100px;\">Email/td><td style=\"width:10px;\">:</td><td ><%$email%></td></tr>\r\n</table>\r\n<p>\r\n<p>\r\nRegards,\r\n<p>\r\n<b><%$site_name%></b> Team\r\n</div>','Your submission has been rejected.\r\nThis may caused by one of the following reasons:\r\n- adult material\r\n- the site is under construction\r\n- the topic is not related with our directory\r\nTitle        : <%$title%>\r\nUrl          : <%$url%>\r\nDescription  : <%$description%>\r\nCategory     : <%$category%>\r\nContact name : <%$contact_name%>\r\nEmail        : <%$email%>\r\nRegards,\r\n<%$site_name%> Team\r\n'),(25,'rejected_editor','Link rejected','<div style=\"font-family:arial;font-size:12px;\">\r\nThe following submission has been rejected.\r\n<p>\r\n<table cellspacing=0 cellpadding=0>\r\n<tr><td style=\"width:100px;\">Title</td><td style=\"width:10px;\">:</td><td ><%$title%></td></tr>\r\n<tr><td style=\"width:100px;\">Url</td><td style=\"width:10px;\">:</td><td ><%$url%></td></tr>\r\n<tr><td style=\"width:100px;\">Description</td><td style=\"width:10px;\">:</td><td ><%$description%></td></tr>\r\n<tr><td style=\"width:100px;\">Category</td><td style=\"width:10px;\">:</td><td ><%$category%></td></tr>\r\n<tr><td style=\"width:100px;\">Contact name</td><td style=\"width:10px;\">:</td><td ><%$contact_name%></td></tr>\r\n<tr><td style=\"width:100px;\">Email</td><td style=\"width:10px;\">:</td><td ><%$email%></td></tr>\r\n</table>\r\n<p>\r\n<p>\r\nRegards,\r\n<p>\r\n<b><%$site_name%></b> Team\r\n</div>\r\n','The following submission has been rejected.\r\nTitle        : <%$title%>\r\nUrl          : <%$url%>\r\nDescription  : <%$description%>\r\nCategory     : <%$category%>\r\nContact name : <%$contact_name%>\r\nEmail        : <%$email%>\r\nRegards,\r\n<%$site_name%> Team\r\n'),(26,'review_pending_editor','Pending Review','<div style=\"font-family:arial;font-size:12px;\">\r\nThere\'s a new review to <b><%$site_name%></b>.\r\n<p>\r\n<table cellspacing=0 cellpadding=0>\r\n<tr><td style=\"width:100px;\">Title</td><td style=\"width:10px;\">:</td><td ><%$title%></td></tr>\r\n<tr><td style=\"width:100px;\">Url</td><td style=\"width:10px;\">:</td><td ><%$url%></td></tr>\r\n<tr><td style=\"width:100px;\">Description</td><td style=\"width:10px;\">:</td><td ><%$description%></td></tr>\r\n<tr><td style=\"width:100px;\">Category</td><td style=\"width:10px;\">:</td><td ><%$category%></td></tr>\r\n</table>\r\n<p>\r\n<table cellspacing=0 cellpadding=0>\r\n<tr><td style=\"width:100px;\">Username</td><td style=\"width:10px;\">:</td><td ><%$username%></td></tr>\r\n<tr><td style=\"width:100px;\">Subject</td><td style=\"width:10px;\">:</td><td ><%$rev_subject%></td></tr>\r\n<tr><td style=\"width:100px;\">Rating</td><td style=\"width:10px;\">:</td><td ><%$rev_rating%></td></tr>\r\n<tr><td style=\"width:100px;\">Review</td><td style=\"width:10px;\">:</td><td ><%$rev_review%></td></tr>\r\n</table>\r\n<p>\r\n<p>\r\nPlease review it here:<br>\r\n<label style=\"margin-left:10px;\"><a href=\"<%$site_url%>/cp/\"><%$site_url%>/cp/</a></label>\r\n<p>\r\n<p>\r\nRegards,\r\n<p>\r\n<b><%$site_name%></b> Team\r\n</div>\r\n','There\'s new review to <%$site_name%>.\r\nTitle       : <%$title%>\r\nUrl         : <%$url%>\r\nDescription : <%$description%>\r\nCategory    : <%$category%>\r\nUsername    : <%$username%>\r\nSubject     : <%$rev_subject%>\r\nRating      : <%$rev_rating%>\r\nReview      : <%$rev_review%>\r\nPlease review it here:\r\n<%$site_url%>/cp/\r\nRegards,\r\n<%$site_name%> Team\r\n'),(27,'send_pwd_link','Your resource password','<div style=\"font-family:arial;font-size:12px;\">\r\nHere is your password for <b><%$title%></b> (<a href=\"<%$url%>\"><%$url%></a>)\r\n<p>\r\nPassword : <%$password%>\r\n<p>\r\n<p>\r\nRegards,\r\n<p>\r\n<b><%$site_name%></b> Team\r\n</div>','Here is your password for <%$title%> (<%$url%>)\r\nPassword : <%$password%>\r\nRegards,\r\n<%$site_name%> Team\r\n'),(28,'send_pwd_login','Your login password','<div style=\"font-family:arial;font-size:12px;\">\r\nHere is your username and password:\r\n<p>\r\n<table cellspacing=0 cellpadding=0>\r\n<tr><td style=\"width:100px;\">Username</td><td style=\"width:10px;\">:</td><td ><%$username%></td></tr>\r\n<tr><td style=\"width:100px;\">Password</td><td style=\"width:10px;\">:</td><td ><%$password%></td></tr>\r\n</table>\r\n<p>\r\n<p>\r\nRegards,\r\n<p>\r\n<b><%$site_name%></b> Team\r\n</div>','Here is your username and password:\r\nUsername : <%$username%>\r\nPassword : <%$password%>\r\nRegards,\r\n<%$site_name%> Team\r\n'),(29,'send_pwd_reset','Password reset request','<div style=\"font-family:arial;font-size:12px;\">\r\nWe received a request to reset your password.<br>\r\nPlease visit this URL to proceed:<br>\r\n<label style=\"margin-left:10px;\"><a href=\"<%$site_url%>/reset_pwd.php?u=<%$username%>&hash=<%$hash%>\"><%$site_url%>/reset_pwd.php?u=<%$username%>&hash=<%$hash%></a></label>\r\n<p>\r\n<p>\r\nRegards,\r\n<p>\r\n<b><%$site_name%></b> Team\r\n</div>','We received a request to reset your password.\r\nPlease visit this URL to proceed:\r\n<%$site_url%>/reset_pwd.php?u=<%$username%>&hash=<%$hash%>\r\nRegards,\r\n<%$site_name%> Team\r\n'),(30,'suggest_category','Category suggestion','<div style=\"font-family:arial;font-size:12px;\">\r\nCategory suggestion for <b><%$site_name%></b>.\r\n<p>\r\nParent               : <%$parent%>\r\nCategory Name        : <%$cat_name%>\r\nCategory Description : <%$cat_desc%>\r\n<p>\r\n<p>\r\nRegards,\r\n<p>\r\n<b><%$site_name%></b> Team\r\n</div>','Category suggestion for <%$site_name%>.\r\nParent               : <%$parent%>\r\nCategory Name        : <%$cat_name%>\r\nCategory Description : <%$cat_desc%>\r\nRegards,\r\n<%$site_name%> Team\r\n'),(31,'tell_friend_favorite','Your friend has shared his/her favorite listing','<div style=\"font-family:arial;font-size:12px;\">\r\nHi <%$friend_name%>,\r\n<p>\r\nI\'d like to share my favorite listing at <b><%$site_name%></b> (<a href=\"<%$site_url%>\"><%$site_url%></a>).<br>\r\nI hope you like them and find them useful.\r\n<p>\r\n<p>\r\n<%$fav_item%>\r\n<p>\r\n<p>\r\nSincerely,\r\n<p>\r\n<p>\r\n<%$my_name%> <<%$my_email%>>\r\n</div>','Hi <%$friend_name%>,\r\nI\'d like to share my favorite listings at <%$site_name%> (<%$site_url%>).\r\nI hope you like them and find them useful.\r\n<%$fav_item%>\r\nSincerely,\r\n<%$my_name%> <<%$my_email%>>\r\n'),(32,'tell_friend_favorite_rows',NULL,'<div style=\"font-family:arial;font-size:12px;\">\r\n<table cellspacing=0 cellpadding=0>\r\n<tr><td style=\"width:100px;\">Title</td><td style=\"width:10px;\">:</td><td ><%$title%></td></tr>\r\n<tr><td style=\"width:100px;\">Url</td><td style=\"width:10px;\">:</td><td ><%$url%></td></tr>\r\n<tr><td style=\"width:100px;\">Description</td><td style=\"width:10px;\">:</td><td ><%$description%></td></tr>\r\n</table>\r\n</div>\r\n','Title       : <%$title%>\r\nUrl         : <%$url%>\r\nDescription : <%$description%>\r\n'),(33,'tell_friend_link','Your friend recommended a link','<div style=\"font-family:arial;font-size:12px;\">\r\nHi <b><%$friend_name%></b>,\r\n<p>\r\nI found a good website that you may find interesting.\r\n<p>\r\n<div>\r\n<label style=\"float:left;width:100px;\">Website</label><label style=\"float:left;\"> : <b><%$title%></b></label>\r\n</div>\r\n<div style=\"clear:both;\">\r\n<label style=\"clear:both;float:left;width:100px;\">Url </label><label style=\"float:left;\"> : <a href=\"<%$url%>\"><%$url%></a></label>\r\n</div>\r\n<p style=\"clear:both;\">\r\nI found this website from <%$site_name%> (<a href=\"<%$site_url%>\"><%$site_url%></a>).\r\n<p>\r\n<p>\r\nSincerely,\r\n<p>\r\n<%$my_name%> <<%$my_email%>>\r\n</div>\r\n','Hi <%$friend_name%>,\r\nI found a good website that you may find interesting.\r\nWebsite : <%$title%>\r\nUrl     : <%$url%>\r\nI found this website from <%$site_name%> (<%$site_url%>).\r\nSincerely,\r\n<%$my_name%> <<%$my_email%>>\r\n'),(34,'tell_friend_website','hi <%$friend_name%>, I found a good website that you may find interesting','<div style=\"font-family:arial;font-size:12px;\">\r\nHi <b><%$friend_name%></b>,\r\n<p>\r\nI found good website that you may find interesting. The website is <b><%$site_name%></b> (<a href=\"<%$site_url%>\"><%$site_url%></a>).\r\n<p>\r\n<p>\r\nSincerely,\r\n<p>\r\n<%$my_name%> <<%$my_email%>>\r\n</div>','Hi <%$friend_name%>,\r\nI found a good website that you may find interesting. The website is <%$site_name%> (<%$site_url%>).\r\nSincerely,\r\n<%$my_name%> <<%$my_email%>>\r\n'),(35,'send_activation_link','Your activation link','<div style=\"font-family:arial;font-size:12px;\">\r\nHere is your activation link\r\n<p>\r\nActivation Link  : <A href=\"<%$activation_link%>\"><%$activation_link%></a>\r\n<p>\r\n<p>\r\nRegards,\r\n<p>\r\n<b><%$site_name%></b> Team\r\n</div>','Here is your activation link\r\nActivation Link  : <%$activation_link%>\r\nRegards,\r\n<%$site_name%> Team\r\n'),(36,'send_activated_account','Your account had been activated','<div style=\"font-family:arial;font-size:12px;\">\r\nYour account had been activated. Now you can login.\r\n<p>\r\nRegards,\r\n<p>\r\n<b><%$site_name%></b> Team\r\n</div>','Your account had been activated. Now you can login.\r\n\r\nRegards,\r\n<%$site_name%> Team\r\n');

--
-- Table structure for table `idx_favorites`
--

CREATE TABLE `idx_favorites` (
  `favorite_id` int(11) NOT NULL auto_increment,
  `username` varchar(20) default NULL,
  `date` date default NULL,
  `title` varchar(100) default NULL,
  `description` text,
  PRIMARY KEY  (`favorite_id`)
) ENGINE=MyISAM AUTO_INCREMENT=3 DEFAULT CHARSET=latin1;

--
-- Dumping data for table `idx_favorites`
--

INSERT INTO `idx_favorites` VALUES (1,'bestcoffeegrinder','2011-12-02','My Favorites',NULL),(2,'cheapcarinsurancefor','2011-12-06','My Favorites',NULL);

--
-- Table structure for table `idx_favorites_detail`
--

CREATE TABLE `idx_favorites_detail` (
  `favorite_id` int(11) default NULL,
  `link_id` mediumint(9) default NULL
) ENGINE=MyISAM DEFAULT CHARSET=latin1;

--
-- Dumping data for table `idx_favorites_detail`
--


--
-- Table structure for table `idx_hook_place`
--

CREATE TABLE `idx_hook_place` (
  `hook_place_id` int(11) NOT NULL auto_increment,
  `filename` varchar(255) default NULL,
  `hookname` varchar(255) default NULL,
  PRIMARY KEY  (`hook_place_id`)
) ENGINE=MyISAM DEFAULT CHARSET=latin1;

--
-- Dumping data for table `idx_hook_place`
--


--
-- Table structure for table `idx_invoice`
--

CREATE TABLE `idx_invoice` (
  `invoice_id` varchar(10) NOT NULL default '',
  `invoice_date` date default NULL,
  `due_date` date default NULL,
  `invoiced_to` text,
  `service` varchar(255) default NULL,
  `description` text,
  `total` double(8,2) default NULL,
  `comment` text,
  `paid` char(1) default NULL,
  `paid_date` date default NULL,
  `email` varchar(255) default NULL,
  PRIMARY KEY  (`invoice_id`)
) ENGINE=MyISAM DEFAULT CHARSET=latin1;

--
-- Dumping data for table `idx_invoice`
--


--
-- Table structure for table `idx_invoice_config`
--

CREATE TABLE `idx_invoice_config` (
  `company` varchar(255) default NULL,
  `contact` varchar(255) default NULL,
  `address` text,
  `phone` varchar(255) default NULL,
  `email` varchar(255) default NULL,
  `currency_symbol` varchar(255) default '$',
  `currency_code` varchar(255) default 'USD'
) ENGINE=MyISAM DEFAULT CHARSET=latin1;

--
-- Dumping data for table `idx_invoice_config`
--

INSERT INTO `idx_invoice_config` VALUES ('Your website / Company','Billing Department','Your address','Your phone #','Billing<name@yourdomain.com>','$','USD');

--
-- Table structure for table `idx_link`
--

CREATE TABLE `idx_link` (
  `link_id` mediumint(9) unsigned NOT NULL auto_increment,
  `category_id` mediumint(9) unsigned NOT NULL default '0',
  `title` varchar(100) NOT NULL default '',
  `url` text NOT NULL,
  `description` text NOT NULL,
  `contact_name` varchar(100) NOT NULL default '',
  `email` varchar(100) NOT NULL default '',
  `hits` mediumint(9) NOT NULL default '0',
  `votes` smallint(6) NOT NULL default '0',
  `rating` float(4,2) NOT NULL default '0.00',
  `date` datetime NOT NULL default '0000-00-00 00:00:00',
  `bid` smallint(6) NOT NULL default '0',
  `new` char(1) default NULL,
  `hot` char(1) default NULL,
  `top_rated` char(1) default NULL,
  `pick` char(1) default NULL,
  `password` varchar(20) default NULL,
  `updated` char(1) default NULL,
  `reviews` smallint(6) default NULL,
  `avg_review` float(4,2) default NULL,
  `last_updated` datetime default NULL,
  `official_review` text,
  `keywords` varchar(255) default NULL,
  `cat1` mediumint(6) NOT NULL default '0',
  `cat2` mediumint(6) NOT NULL default '0',
  `suspended` char(1) NOT NULL default '0',
  `reciprocal_url` varchar(255) default NULL,
  `address` varchar(255) default NULL,
  `city` varchar(255) default NULL,
  `state` varchar(255) default NULL,
  `country` varchar(255) default NULL,
  `zip` varchar(255) default NULL,
  `image` varchar(255) default NULL,
  `phone` varchar(255) default NULL,
  `fax` varchar(255) default NULL,
  PRIMARY KEY  (`link_id`)
) ENGINE=MyISAM AUTO_INCREMENT=80 DEFAULT CHARSET=latin1;

--
-- Dumping data for table `idx_link`
--

INSERT INTO `idx_link` VALUES (44,3,'SIDF','http://www.saintkittscitizenship.com','SaintKittscitizenship.com caters to persons seeking citizenship in the Federation of St. Kitts and Nevis. Citizenship of St. Kitts & Nevis can be obtained by marriage, descent or by investment. The St. Kitts Citizenship by Investment programme is one of the oldest programmes of its kind. It offers persons citizenship through investment in the Federation.','simon peterson','1simonpeterson1@gmail.com',0,0,0.00,'2012-01-21 15:21:33',0,NULL,NULL,'0',NULL,NULL,NULL,NULL,NULL,NULL,NULL,'St Kitts Economic Citizenship, St Kitts & Nevis Citizenship, Nevis citizenship, Economic citizenship, St Kitts passport, Real Estate in St Kitts, SIDF',0,0,'0',NULL,NULL,NULL,NULL,NULL,NULL,NULL,NULL,NULL),(43,22,'Criminal Lawyer Austin TX','http://www.atxattorney.com','Nichols & Gill, P.C. is an Austin based law firm dedicated to defending the rights of people accused of crimes such as Driving While Intoxicated (DWIs), Assault Family Violence, theft and Drug Possession. Call us at 512-448-9677 for aggressive criminal defense.','Stuart','stuart@smwebmarketing.com',0,0,0.00,'2012-01-19 13:30:19',0,NULL,NULL,'0',NULL,NULL,NULL,NULL,NULL,NULL,NULL,'Criminal Lawyer Austin TX, Criminal Attorney Austin TX, Criminal Attorney Austin Texas, Criminal Lawyer Austin Texas',0,0,'0',NULL,NULL,NULL,NULL,NULL,NULL,NULL,NULL,NULL),(42,18,'Tile Huntington Beach','http://www.castletile.com','Castle Tile offers countless tile lines from a number of quality tile manufacturers and natural stone quarries in Irvine, Fountain Valley, Newport and Huntington Beach. Our experienced and knowledgeable staff is available to you six days a week to guide you for the specific needs of your project.  Call today for home design at (949)645-5906.','Yellow Book','stuart@ebrandz.com',0,0,0.00,'2012-01-17 16:49:02',0,NULL,NULL,'0',NULL,NULL,NULL,NULL,NULL,NULL,NULL,'tile irvine, flooring tile irvine, tiles irvine, tile newport beach, flooring tile newport beach, tiles newport beach, tile huntington beach, flooring tile huntington beach, tiles huntington beach, tile fountain valley, flooring tile fountain valley, tile',0,0,'0',NULL,NULL,NULL,NULL,NULL,NULL,NULL,NULL,NULL),(41,16,'Air Conditioning Repair San Diego','http://www.thaheatandair.com','THA is the leading San Diego HVAC company for all residential and commercial heating and cooling systems for over 30 years.  We also provide repairs, spring and winter inspections, and yearly service agreements for all brands.','Stuart','stuart@smwebmarketing.com',0,0,0.00,'2012-01-17 16:46:05',0,NULL,NULL,'0',NULL,NULL,NULL,NULL,NULL,NULL,NULL,'air conditioning san diego, heating san diego, heater san diego, hvac san diego, ac san diego,  heating and air san diego, furnace san diego, heater repair san diego, air conditioning repair san diego, furnace repair san diego',0,0,'0',NULL,NULL,NULL,NULL,NULL,NULL,NULL,NULL,NULL),(40,22,'Bankruptcy lawyer Ephrata PA','http://mitchellsommers.com','The bankruptcy attorneys of the Law Offices in Ephrata and Lancaster, PA,  provides the best quality legal services to you and your business in a timely fashion and also helps people file for bankruptcy relief under the Bankruptcy Code .Call Mitchell A. Sommers ESQ, P.C. at 717-733-6607 for a legal consultation today.','Stuart','stuart@smwebmarketing.com',0,0,0.00,'2012-01-17 16:31:48',0,NULL,NULL,'0',NULL,NULL,NULL,NULL,NULL,NULL,NULL,'bankruptcy lancaster, pa, bankruptcy lawyer lancaster, pa, bankruptcy attorney lancaster, pa, foreclosure lawyer  lancaster, pa, bankruptcy ephrata, pa, bankruptcy lawyer ephrata, pa, bankruptcy attorney ephrata, pa, foreclosure lawyer ephrata, pa  ',0,0,'0',NULL,NULL,NULL,NULL,NULL,NULL,NULL,NULL,NULL),(39,8,'Home Builder San Antonio TX','http://www.WestRidgeConstruction.com','West Ridge Construction is largest custom home builder, specializes in custom home construction and home design in San Antonio, TX. We built homes with the finest products, built by knowledgeable subcontractors, and built with you. We also specialize in remodeling kitchens, If you want to update your kitchen contact us at 830-438-4520 for more information.','Stuart','stuart@smwebmarketing.com',0,0,0.00,'2012-01-17 16:18:37',0,NULL,NULL,'0',NULL,NULL,NULL,NULL,NULL,NULL,NULL,'remodeling san antonio tx, custom homes san antonio tx, home builder san antonio tx, kitchen remodelers san antonio tx, remodeler san antonio tx, remodelers san antonio tx, residential home builder san antonio tx, kitchen remodeling san antonio tx',0,0,'0',NULL,NULL,NULL,NULL,NULL,NULL,NULL,NULL,NULL),(38,3,'Roll Off Container Cape Cod MA','http://www.abcdisposal.com','ABC Disposal Service, Inc. is the largest waste removal company in Massachusetts & Rhode Island. We offers residents waste, construction waste debris and recycling collection services at reasonable and competitive rates in Providence, RI & Cape Cod, New Bedford, Fall River, MA  . We also provides containers for safely transport and dispose of any type of non-hazardous materials generated from your site.','Stuart','stuart@smwebmarketing.com',0,0,0.00,'2012-01-17 15:45:41',0,NULL,NULL,'0',NULL,NULL,NULL,NULL,NULL,NULL,NULL,'dumpster rental cape cod ma, roll off container providence ri, waste disposal new bedford ma, garbage removalfall river ma, recycling cape cod ma, waste disposal providence ri, garbage removal new bedford ma, recycling fall river ma ',0,0,'0',NULL,NULL,NULL,NULL,NULL,NULL,NULL,NULL,NULL),(37,3,'Safes St Louis','http://www.batesstlock.com','Upgrade your Business & home\'s security in St.Louis city & county with new technologies from Bates Street Lock & Safe. Services and products available from us include antique lock service and repair, automotive high security keys, interchangeable core locks, lock service and repair, master key systems, restricted key systems and safe sales, service & installation.','Stuart','stuart@smwebmarketing.com',0,0,0.00,'2012-01-17 15:41:35',0,NULL,NULL,'0',NULL,NULL,NULL,NULL,NULL,NULL,NULL,'safes st. louis, safe opening st. louis, safe cracking st. louis, safe moving st. louis, crack safes st. louis,high security safes st. louis, fire proof safes st. louis, how to open a safe st. louis',0,0,'0',NULL,NULL,NULL,NULL,NULL,NULL,NULL,NULL,NULL),(36,15,'Gum Surgery Las Vegas','http://www.redrockperio.com','Redrockperio offers dentistry services in Las Vegas with highest caliber diagnostics, optimal treatment planning, and simply beautiful results. We also provides Dental Implants, periodontal Surgery, Sedation Dentistry, Gum Treatments & many more with new technologies in a clean, comfortable environment.','Stuart','stuart@smwebmarketing.com',0,0,0.00,'2012-01-17 15:36:30',0,NULL,NULL,'0',NULL,NULL,NULL,NULL,NULL,NULL,NULL,'periodontal surgery las vegas, dental implants las vegas, sedation dentistry las vegas, gum treatments las vegas, periodontist las vegas, implant dentistry las vegas, gum surgery las vegas, periodontics las vegas, implant dentist las vegas  ',0,0,'0',NULL,NULL,NULL,NULL,NULL,NULL,NULL,NULL,NULL),(35,20,'Insurance Lancaster PA','http://www.unruhinsurance.com','Unruh Insurance Agency, Inc. is a professional organization dedicated to providing the best insurance protection and service possible. We Offer homeowners,car,auto & health insurance and services in Lancaster PA & Berks County. Contact us today at 1-877-854-3309 for more information.','Yellow Book','stuart@ebrandz.com',0,0,0.00,'2012-01-17 15:19:28',0,NULL,NULL,'0',NULL,NULL,NULL,NULL,NULL,NULL,NULL,' insurance berks county, homeowners insurance berks county, health insurance lancaster pa, health insurance berks county, car insurance berks county, auto insurance berks county, insurance lancaster pa, auto insurance lancaster pa',0,0,'0',NULL,NULL,NULL,NULL,NULL,NULL,NULL,NULL,NULL),(34,22,'Bankruptcy Attorneys Lancaster CA','http://www.DLBKlaw.com','Our bankruptcy law firm’s goal is to protect all of your possessions and get you back on track to financial security by guiding you through the bankruptcy process. With our no-interest monthly payment plan everyone can afford our bankruptcy firm, and with our friendly and experienced staff we can quickly and easily get you through the system so that you can return to a normal lifestyle.','Yellow Book','stuart@ebrandz.com',0,0,0.00,'2012-01-17 15:12:32',0,NULL,NULL,'0',NULL,NULL,NULL,NULL,NULL,NULL,NULL,' bankruptcy questions fontana, bankruptcy attorneys lancaster  ca, bankruptcy lawyers fontana  ca, bankruptcy lawyer lancaster ca, bankruptcy attorney fontana ca, bankruptcy lawyers lancaster  ca, bankruptcy questions lancaster ca',0,0,'0',NULL,NULL,NULL,NULL,NULL,NULL,NULL,NULL,NULL),(33,22,'Auto Accident Attorney Atlanta','http://www.kaufmanlaw.net','Atlanta, Georgia Personal Injury Attorney Kaufman Law, P.C. has the experience, dedication and drive to recover the compensation you deserve. If you need a Personal Injury Lawyer in Atlanta, Columbus or Savannah, GA, call 888-973-2540 right now for counsel. - (404) 355-4000 - 12 Beck Street, N.W. Atlanta, GA. 30318','Stuart','stuart@smwebmarketing.com',0,0,0.00,'2012-01-13 16:38:46',0,NULL,'0','0',NULL,NULL,NULL,NULL,NULL,NULL,NULL,'Auto Accident Attorney Atlanta, Injury attorney Atlanta, Car Accident Attorney Atlanta, Car Accident Lawyer Atlanta, Injury Lawyer Atlanta, Personal injury Attorney Atlanta, Personal Injury Lawyer Atlanta',0,0,'0',NULL,NULL,NULL,NULL,NULL,NULL,NULL,NULL,NULL),(32,22,'Bail Bond man Colorado Springs','http://www.dennisblackwellbailbonds.com','Dennis Blackwell Bail Bonds is a family owned business serving Colorado springs, Pubelo and the entire United States for 18 years. With our office located on the same street as the El Paso County Criminal Justice Center (CJC), we guarantee that you have chosen the fastest and most convenient bail bond service in Colorado Springs.','Stuart','stuart@smwebmarketing.com',0,0,0.00,'2012-01-14 16:28:22',0,NULL,'0','0',NULL,NULL,NULL,NULL,NULL,NULL,NULL,' bail bonds colorado springs, bail bondsmen pueblo, bail bondsman colorado springs, bail bond man pueblo, bail bond colorado springs, bail bonds pueblo, bail bondsman colorado springs',0,0,'0',NULL,NULL,NULL,NULL,NULL,NULL,NULL,NULL,NULL),(31,15,'Dental Implants Kittanning PA','http://www.quadcountyoralsurgery.com','Do you have problems biting or chewing? When you\'re eating, do your lower teeth hit the roof of your mouth, causing discomfort? The Oral surgeon at Quad County will help you overcome your pain with the help of dental surgery such as Dental implants, TMJ & painless extraction of wisdom tooth in Butler & Kittanning PA area.','Stuart','stuart@smwebmarketing.com',0,0,0.00,'2012-01-14 16:23:29',0,NULL,'0','0',NULL,NULL,NULL,NULL,NULL,NULL,NULL,' dental implants kittanning pa, oral surgeon butler pa, dental oral surgery grove city pa, tmj  kittanning pa, wisdom teeth butler pa, oral surgeon kittanning pa, dental oral surgery butler pa, tmj grove city pa, dental oral surgery kittanning pa',0,0,'0',NULL,NULL,NULL,NULL,NULL,NULL,NULL,NULL,NULL),(30,22,'Accident Lawyers Kingston NY','http://www.mspinaclaw.com','Whether you’re seeking compensation for a workplace injury or to discharge debt  in Kingston & Hudson Ny,  our attorneys believe in giving every client the attention and dedication they deserve. Call 845-331-5777 and get a free consultation today.','Stuart','stuart@smwebmarketing.com',0,0,0.00,'2012-01-14 15:33:06',0,NULL,'0','0',NULL,NULL,NULL,NULL,NULL,NULL,NULL,'accident lawyers kingston ny, accident attorneys hudson ny,  Bankruptcy lawyers hudson ny, bankruptcy attorneys kingston ny, workers  compensation hudson ny, social security disability kingston ny, traffic  lawyers hudson ny',0,0,'0',NULL,NULL,NULL,NULL,NULL,NULL,NULL,NULL,NULL),(21,29,'Architect Firms Shreveport LA','http://www.johnsonpace.com','Johnson & Pace,  located in Longview, TX, specialized in engineering, architecture, and surveying offers  and offers multi-disciplinary services.for more \ninformation contact :903.753.0663','Stuart','stuart@smwebmarketing.com',0,0,0.00,'2012-01-04 16:56:03',0,NULL,'0','0',NULL,NULL,NULL,NULL,NULL,NULL,NULL,' architect longview tx, engineering longview tx, surveying longview tx ,surveying tyler tx, architect shreveport la,  architecture companies longview tx, architecture companies tyler tx, engineering tyler tx,  architecture companies shreveport la',0,0,'0',NULL,NULL,NULL,NULL,NULL,NULL,NULL,NULL,NULL),(22,22,'DUI Attorneys Berkeley Springs WV','http://www.westvirginiaduilawyers.com/http://www.westvirginiaduilawyers.com/','Harley Wagner is an experienced DUI lawyer who runs the only law firm in the State of WV that focuses solely on DUI defense. The Wagner Law Firm dedicates 100% of its resources to the practice of DUI. Call us today at (304)901-7400 for a free initial consultation.','Stuart','stuart@smwebmarketing.com',0,0,0.00,'2012-01-05 11:20:54',0,NULL,'0','0',NULL,NULL,NULL,NULL,NULL,NULL,NULL,'dui advice Berkeley Springs WV,DUI Lawyer Berkeley Springs WV,DUI Attorneys Berkeley Springs WV,DUI Defense Lawyer Berkeley Springs WV,DWI Lawyer Berkeley Springs WV,DWI Attorneys Berkeley Springs WV,dui advice Morgantown WV,dui advice Charles Town WV',0,0,'0',NULL,NULL,NULL,NULL,NULL,NULL,NULL,NULL,NULL),(23,22,'automobile accident attorneys Hickory','http://www.naglefirm.com/Hickory/','The Personal injury / auto accident attorneys of Nagle & Associates in Hickory are dedicated to client service in serious car and truck accident litigation. For a free consultation about our ability to represent your interests effectively call us at (828) 324-9989 in Hickory.','David - BR','david@breakthroughmarketingteam.com',0,0,0.00,'2011-12-27 16:15:48',0,NULL,'0','0',NULL,NULL,NULL,NULL,NULL,NULL,NULL,'auto accident lawyer hickory, car accident lawyers hickory, automobile accident attorney hickory, motor vehicle accident attorneys hickory, personal injury lawyer hickory, personal injury attorney hickory, personal injuries lawyers hickory',0,0,'0',NULL,NULL,NULL,NULL,NULL,NULL,NULL,NULL,NULL),(24,1,'Broadway Cheap Tickets','http://www.ticketshowdealer.com','Buy broadway tickets at cheap rates only at TicketShowDealer.com.','simon peterson','1simonpeterson1@gmail.com',0,0,0.00,'2011-12-31 13:59:25',0,NULL,'0','0',NULL,NULL,NULL,NULL,NULL,NULL,NULL,'broadway cheap tickets, cheap concert tickets online, online concert tickets, concert tickets online, buy concert tickets online, book of mormon broadway tickets, discount broadway theater tickets, discount theater tickets, cheap theater tickets',0,0,'0',NULL,NULL,NULL,NULL,NULL,NULL,NULL,NULL,NULL),(25,8,'Commercial Space Surat','http://www.trinnitydevelopers.com','The Trinnity Developers caters all the expanding needs of Surat City in Construction. For details check us out online or call us at 09227902700!','simon peterson','1simonpeterson1@gmail.com',0,0,0.00,'2012-01-02 15:38:08',0,NULL,'0','0',NULL,NULL,NULL,NULL,NULL,NULL,NULL,'rent office space gujarat, commercial properties rental surat, business investment surat, commercial space surat, business centre gujarat, rent office space gujarat, investment in surat',0,0,'0',NULL,NULL,NULL,NULL,NULL,NULL,NULL,NULL,NULL),(26,7,'Windows Virtual Servers','http://www.24shells.net','24Shells provides web hosting services of best quality and the highest degree of professionalism. Browse us online to learn more about the hosting options available at 24Shells!','Tushit','tushit@24shells.net',0,0,0.00,'2012-01-02 17:55:54',0,NULL,'0','0',NULL,NULL,NULL,NULL,NULL,NULL,NULL,'24 shells, dedicated server provider, windows virtual servers, windows web hosting, small business hosting, reseller web site hosting, dedicated server, reseller hosting, windows hosting',0,0,'0',NULL,NULL,NULL,NULL,NULL,NULL,NULL,NULL,NULL),(27,5,'Stick on Bra','http://www.strapsandstrings.com','Straps And Strings offers designer and branded collection of Lingeries and Bras at affordable prices. To buy call us at +91 120 4227272 or visit us online!','Saurabh Dadu','ceo@strapsandstrings.com',0,0,0.00,'2012-01-05 14:26:24',0,NULL,'0','0',NULL,NULL,NULL,NULL,NULL,NULL,NULL,'bra brands, push-up bra, stick on bra, designer lingerie, bridal lingerie, lingerie   ',0,0,'0',NULL,NULL,NULL,NULL,NULL,NULL,NULL,NULL,NULL),(28,22,'Social Security Disability Suffolk','http://www.davidhuffmanlawservices.com','David Huffman is a disabled Vietnam veteran who focuses on veteran’s law and social security.','Stuart','stuart@smwebmarketing.com',0,0,0.00,'2012-01-06 14:06:37',0,NULL,'0','0',NULL,NULL,NULL,NULL,NULL,NULL,NULL,'Social Security Disability Norfolk, Social Security Disability Portsmouth, Social Security Disability Suffolk, Social Security Disability Virginia Beach, Veterans Affairs Hampton, Veterans Affairs Portsmouth, Veterans Affairs Roanoke',0,0,'0',NULL,NULL,NULL,NULL,NULL,NULL,NULL,NULL,NULL),(29,22,'Workmans Compensation Turnersville','http://www.workerscompaccident.com','Adam M Kotlar Attorney at Law provides legal representation for work accidents cases in Cherry Hill, Mt Laurel, New Jersey (NJ) and surrounding areas. We take an aggressive and thorough approach to the law, and handle all sorts of work related legal claims. Call us at 856-751-7676 for free consultation.','Stuart','stuart@smwebmarketing.com',0,0,0.00,'2012-01-07 14:15:04',0,NULL,'0','0',NULL,NULL,NULL,NULL,NULL,NULL,NULL,'Car Accident Lawyer New Jersey, Car Accident Lawyer NJ, Car Accident Lawyer Philadelphia, Workers Comp Lawyer Philadelphia, Workers Comp Turnersville, Workers Compensation Turnersville, Workmans Comp Lawyer Philadelphia, Workmans Compensation Turnersville',0,0,'0',NULL,NULL,NULL,NULL,NULL,NULL,NULL,NULL,NULL),(45,18,'Maid Services Huntington','http://huntington.thecleaningauthority.com','The Cleaning Authority, a dedicated leader in the green home cleaning industry offers you top quality house cleaning and maid services in Huntington at the best possible price.','simon peterson','1simonpeterson1@gmail.com',0,0,0.00,'2012-01-31 14:11:15',0,NULL,NULL,'0',NULL,NULL,NULL,NULL,NULL,NULL,NULL,'thecleaningauthority,the cleaning authority,home cleaning huntington,house cleaning huntington,cleaning services huntington, residential cleaning huntington,maid services huntington,green cleaning huntington, professional cleaning huntington',0,0,'0',NULL,NULL,NULL,NULL,NULL,NULL,NULL,NULL,NULL),(46,18,'Maid Services North Charlotte','http://northcharlotte.thecleaningauthority.com','The Cleaning Authority, a dedicated leader in the green home cleaning industry offers you top quality house cleaning and maid services in North Charlotte at the best possible price.','simon peterson','1simonpeterson1@gmail.com',0,0,0.00,'2012-02-04 12:56:43',0,NULL,NULL,'0',NULL,NULL,NULL,NULL,NULL,NULL,NULL,'thecleaningauthority,the cleaning authority,home cleaning north charlotte,house cleaning north charlotte,cleaning services north charlotte, residential cleaning north charlotte',0,0,'0',NULL,NULL,NULL,NULL,NULL,NULL,NULL,NULL,NULL),(47,18,'Maid Service North Tarrant County','http://northtarrantcounty.thecleaningauthority.com','The Cleaning Authority, a dedicated leader in the green home cleaning industry offers you top quality house cleaning and maid services in North Tarrant County at the best possible price.','simon peterson','1simonpeterson1@gmail.com',0,0,0.00,'2012-02-01 13:09:05',0,NULL,NULL,'0',NULL,NULL,NULL,NULL,NULL,NULL,NULL,'thecleaningauthority,the cleaning authority,home cleaning north tarrant county,house cleaning north tarrant county,cleaning services north tarrant county, residential cleaning north tarrant county',0,0,'0',NULL,NULL,NULL,NULL,NULL,NULL,NULL,NULL,NULL),(48,18,'Cleaning Services Northwest Valley','http://northwestvalley.thecleaningauthority.com','The Cleaning Authority, a dedicated leader in the green home cleaning industry offers you top quality house cleaning and maid services in Northwest Valley at the best possible price.','simon peterson','1simonpeterson1@gmail.com',0,0,0.00,'2012-02-01 13:29:27',0,NULL,NULL,'0',NULL,NULL,NULL,NULL,NULL,NULL,NULL,'thecleaningauthority,the cleaning authority,home cleaning northwest valley,house cleaning northwest valley,cleaning services northwest valley, residential cleaning northwest valley',0,0,'0',NULL,NULL,NULL,NULL,NULL,NULL,NULL,NULL,NULL),(49,18,'Maid Services Oklahoma City','http://oklahomacity.thecleaningauthority.com','The Cleaning Authority, a dedicated leader in the green home cleaning industry offers you top quality house cleaning and maid services in Oklahoma City at the best possible price.','simon peterson','1simonpeterson1@gmail.com',0,0,0.00,'2012-02-01 14:10:34',0,NULL,NULL,'0',NULL,NULL,NULL,NULL,NULL,NULL,NULL,' thecleaningauthority,the cleaning authority,home cleaning oklahoma city,house cleaning oklahoma city,cleaning services oklahoma city, residential cleaning oklahoma city',0,0,'0',NULL,NULL,NULL,NULL,NULL,NULL,NULL,NULL,NULL),(50,18,'Cleaning Services Olathe','http://olathe.thecleaningauthority.com','The Cleaning Authority, a dedicated leader in the green home cleaning industry offers you top quality house cleaning and maid services in Olathe at the best possible price.','simon peterson','1simonpeterson1@gmail.com',0,0,0.00,'2012-02-01 14:14:11',0,NULL,NULL,'0',NULL,NULL,NULL,NULL,NULL,NULL,NULL,'thecleaningauthority,the cleaning authority,home cleaning olathe,house cleaning olathe,cleaning services olathe, residential cleaning olathe,maid services olathe,green cleaning olathe',0,0,'0',NULL,NULL,NULL,NULL,NULL,NULL,NULL,NULL,NULL),(51,18,'Maid Service Orange Park','http://orangepark.thecleaningauthority.com','The Cleaning Authority, a dedicated leader in the green home cleaning industry offers you top quality house cleaning and maid services in Orange Park at the best possible price.','simon peterson','1simonpeterson1@gmail.com',0,0,0.00,'2012-02-04 14:29:42',0,NULL,NULL,'0',NULL,NULL,NULL,NULL,NULL,NULL,NULL,' thecleaningauthority,the cleaning authority,home cleaning orange park,house cleaning orange park,cleaning services orange park, residential cleaning orange park,maid services orange park',0,0,'0',NULL,NULL,NULL,NULL,NULL,NULL,NULL,NULL,NULL),(52,18,'Maid Services Oregon City','http://oregoncity.thecleaningauthority.com','The Cleaning Authority, a dedicated leader in the green home cleaning industry offers you top quality house cleaning and maid services in Oregon City at the best possible price.','simon peterson','1simonpeterson1@gmail.com',0,0,0.00,'2012-02-05 14:33:31',0,NULL,NULL,'0',NULL,NULL,NULL,NULL,NULL,NULL,NULL,'thecleaningauthority,the cleaning authority,home cleaning oregon city,house cleaning oregon city,cleaning services oregon city, residential cleaning oregon city,maid services oregon city',0,0,'0',NULL,NULL,NULL,NULL,NULL,NULL,NULL,NULL,NULL),(53,18,'Maid Service Orlando','http://palmetto.thecleaningauthority.com','The Cleaning Authority, a dedicated leader in the green home cleaning industry offers you top quality house cleaning and maid services in Orlando at the best possible price.','simon peterson','1simonpeterson1@gmail.com',0,0,0.00,'2012-02-04 14:42:42',0,NULL,NULL,'0',NULL,NULL,NULL,NULL,NULL,NULL,NULL,'thecleaningauthority,the cleaning authority,home cleaning orlando,house cleaning orlando,cleaning services orlando, residential cleaning orlando,maid services orlando,green cleaning orlando',0,0,'0',NULL,NULL,NULL,NULL,NULL,NULL,NULL,NULL,NULL),(54,18,'Maid Service Orlando','http://orlando.thecleaningauthority.com','The Cleaning Authority, a dedicated leader in the green home cleaning industry offers you top quality house cleaning and maid services in Orlando at the best possible price.','simon peterson','1simonpeterson1@gmail.com',0,0,0.00,'2012-02-04 14:46:09',0,NULL,NULL,'0',NULL,NULL,NULL,NULL,NULL,NULL,NULL,' thecleaningauthority,the cleaning authority,home cleaning orlando,house cleaning orlando,cleaning services orlando, residential cleaning orlando,maid services orlando,green cleaning orlando',0,0,'0',NULL,NULL,NULL,NULL,NULL,NULL,NULL,NULL,NULL),(55,18,'Cleaning Service Oswego','http://oswego.thecleaningauthority.com','The Cleaning Authority, a dedicated leader in the green home cleaning industry offers you top quality house cleaning and maid services in Oswego at the best possible price.','simon peterson','1simonpeterson1@gmail.com',0,0,0.00,'2012-02-04 14:56:51',0,NULL,NULL,'0',NULL,NULL,NULL,NULL,NULL,NULL,NULL,'thecleaningauthority,the cleaning authority,home cleaning oswego,house cleaning oswego,cleaning services oswego, residential cleaning oswego,maid services oswego,green cleaning oswego',0,0,'0',NULL,NULL,NULL,NULL,NULL,NULL,NULL,NULL,NULL),(56,15,'Nursing Homes Birmingham','http://www.alwaysthereinc.com','Always There In - provides assisted living and sitter services to cover a wide range of non medical, basic home care needs.We also provide medical home care services, including skilled nursing services, RN medication management, disease education and more.','Stuart','stuart@smwebmarketing.com',0,0,0.00,'2012-02-08 17:54:36',0,NULL,NULL,'0',NULL,NULL,NULL,NULL,NULL,NULL,NULL,'assisted living birmingham, assisted living huntsville, assisted living pell city, home health huntsville, nursing homes huntsville, nursing homes pell city, sitter services birmingham',0,0,'0',NULL,NULL,NULL,NULL,NULL,NULL,NULL,NULL,NULL),(57,15,'Sitter Services Pell City','http://www.alwaysthereinc.com','Always There In - provides assisted living and sitter services to cover a wide range of non medical, basic home care needs.We also provide medical home care services, including skilled nursing services, RN medication management, disease education and more.','Stuart','stuart@smwebmarketing.com',0,0,0.00,'2012-02-08 17:54:57',0,NULL,NULL,'0',NULL,NULL,NULL,NULL,NULL,NULL,NULL,'assisted living birmingham, assisted living huntsville, assisted living pell city, home health huntsville, nursing homes huntsville, nursing homes pell city, sitter services birmingham',0,0,'0',NULL,NULL,NULL,NULL,NULL,NULL,NULL,NULL,NULL),(58,31,'Gun shops St Louis MO','http://www.stoneledgeguns.com','Stone Ledge Gun and Pawn offers the largest selection of new and used guns, professional gold, silver, and jewelry trading services in St Louis MO, Washington. We will deal in any items of value, and specialize in pawning and trading new, used, and antique guns & Jewelry with an experience of over 10 years.','Stuart','stuart@smwebmarketing.com',0,0,0.00,'2012-02-08 18:02:16',0,NULL,NULL,'0',NULL,NULL,NULL,NULL,NULL,NULL,NULL,'gun shop st louis mo, 9mm guns st louis, gold buyers st louis mo, local gun shop st louis  gun shops st louis mo, silver buyers washington mo, pawn shop washington mo',0,0,'0',NULL,NULL,NULL,NULL,NULL,NULL,NULL,NULL,NULL),(59,16,'Plumber Bloomfield Hills','http://www.levineandsons.com','We offer same day service for most repairs. for emergency service we offer fast 60-minute arrival. we also offer no dig sewer line repairs that will save your money.','Stuart','stuart@smwebmarketing.com',0,0,0.00,'2012-02-08 18:18:57',0,NULL,NULL,'0',NULL,NULL,NULL,NULL,NULL,NULL,NULL,'air conditioning bloomfield hills, air conditioning farmington hills, air conditioning repair birmingham, air conditioning repair bloomfield hills, heating farmington hills, heating west bloomfield, plumber birmingham, plumber bloomfield hills',0,0,'0',NULL,NULL,NULL,NULL,NULL,NULL,NULL,NULL,NULL),(60,22,'DWI Lawyer Poughkeepsie NY','http://www.smandb.com','Serino, MacKay & Berube, PPLC is a full service law firm serving the Dutchess County and Poughkeepsie, NY. With over two former senior assistant attorneys on staff and 45 years combined experience, we can help you navigate through the often confusing and stressful legal system.','Stuart','stuart@smwebmarketing.com',0,0,0.00,'2012-02-08 18:29:51',0,NULL,NULL,'0',NULL,NULL,NULL,NULL,NULL,NULL,NULL,'bankruptcy lawyer poughkeepsie ny, criminal lawyer dutchess county, dwi lawyer poughkeepsie  ny, divorce lawyer dutchess county, criminal attorney poughkeepsie ny, bankruptcy attorney dutchess  county, divorce attorney poughkeepsie ny',0,0,'0',NULL,NULL,NULL,NULL,NULL,NULL,NULL,NULL,NULL),(61,3,'Electrical contractor Wichita','http://www.tracyelectricinc.com','Tracy Electric, Inc. is an electrical contractor which specializes in the design and installation of electrical systems for industrial plants, commercial buildings, and residential projects.  We provide 24 hour design and on-site services, electrical engineering, construction, instrumentation and control system services in Wichita & Houston to help tailor to our customers’ needs.','Yellow Book','stuart@ebrandz.com',0,0,0.00,'2012-02-08 19:22:04',0,NULL,NULL,'0',NULL,NULL,NULL,NULL,NULL,NULL,NULL,'electrician wichita, electricians wichita, electrical contractor wichita, electrician houston, electricians houston, electrical contractor houston',0,0,'0',NULL,NULL,NULL,NULL,NULL,NULL,NULL,NULL,NULL),(62,16,'HVAC Repair Grayson','http://www.hixonheatingandair.com','Hixon Heating & Air Conditioning is an experienced and reliable heating and air conditioning contractor serving Grayson, Buford, Dacula, Lawrenceville & Loganville for over 15 years. Customer satisfaction is our #1 goal. We gaurantee to beat any written estimate by 10% on any comparable heating and air products by any legitimate heating and air specialist.','Stuart','stuart@smwebmarketing.com',0,0,0.00,'2012-02-08 19:28:26',0,NULL,NULL,'0',NULL,NULL,NULL,NULL,NULL,NULL,NULL,'air conditioning grayson, hvac repair buford, heating repair dacula, air conditioning  buford, hvac repair loganville, heating repair snellville, air conditioning dacula, hvac repair  grayson, heating repair loganville, hvac repair snellville ',0,0,'0',NULL,NULL,NULL,NULL,NULL,NULL,NULL,NULL,NULL),(63,28,'Houses for rent Lubbock','http://www.lynnwoodtownhomes.com','Lynnwood Townhomes were designed with students in mind.  It is a student housing in Lubbock where every bedroom is a master suite with a luxurious walk in closet and full private bathroom. The town homes are zoned as apartments where more than two unrelated people can live legally.','Stuart','stuart@smwebmarketing.com',0,0,0.00,'2012-02-08 19:57:28',0,NULL,NULL,'0',NULL,NULL,NULL,NULL,NULL,NULL,NULL,'town homes for rent lubbock, student housing lubbock, rental properties lubbock, houses for  rent lubbock, homes for rent lubbock, rental homes lubbock, apartments for rent lubbock, town  homes lubbock',0,0,'0',NULL,NULL,NULL,NULL,NULL,NULL,NULL,NULL,NULL),(64,31,'Cigar Humidors','http://www.habanosyhermanos.com','At Habanos & Hermanos, we offer discount cigars, the best cigar prices, cigar deals, and cheapest cigar accessories on the internet. We handle international cigars delivery, cigar humidors, cigar samplers, and more. We carry all premium cigars and boutique cigars, Arturo Fuente, Padron, Gurkha, Rocky Patel, Montecristo, Macanudo, Romeo and Juliet and more. Free shipping, low prices, the best online cigar prices available!','simon peterson','1simonpeterson1@gmail.com',0,0,0.00,'2012-02-06 20:17:26',0,NULL,NULL,'0',NULL,NULL,NULL,NULL,NULL,NULL,NULL,'cheap cigars, cheap humidors, cigar accessories, cigar ashtray, cigar cabinets, cigar cases, cigar cutters, cigar gifts, cigar lighters, custom humidors, gurkha cigars, humidor solutions, humidors for cigars, travel humidors, wholesale cigars',0,0,'0',NULL,NULL,NULL,NULL,NULL,NULL,NULL,NULL,NULL),(65,35,'Indian Marriage Cards','http://www.parekhcards.com','Parekh Cards offers the finest collection of Indian Wedding Cards which represents colorful, joyous and vibrant mood of Indian Wedding. Place an order online!','Nilesh Parekh','weddingcards@vsnl.net',0,0,0.00,'2012-02-11 17:58:08',0,NULL,NULL,'0',NULL,NULL,NULL,NULL,NULL,NULL,NULL,'hindu wedding cards, indian wedding cards, indian marriage cards, indian wedding card, wedding cards, wedding card ',0,0,'0',NULL,NULL,NULL,NULL,NULL,NULL,NULL,NULL,NULL),(66,22,'Criminal Lawyer Frederick MD','http://www.dayandschiszik.net','The Day & Schiszik law firm serving Frederick, Hagerstown and Urbana MD, offers legal representation for a variety of divorce, child custody criminal and child support cases. We provide skillful and individualized attention as your family law lawyer and divorce attorney. We Call us today at 301-662-8811.','Yellow Book','stuart@ebrandz.com',0,0,0.00,'2012-02-11 15:26:45',0,NULL,NULL,'0',NULL,NULL,NULL,NULL,NULL,NULL,NULL,'divorce attorney Frederick MD, child custody Frederick MD, child support Frederick MD, family law lawyer Frederick MD, divorce lawyer Urbana MD, divorce attorney Urbana MD, child custody Urbana MD, child support Urbana MD, family law lawyer Urbana MD',0,0,'0',NULL,NULL,NULL,NULL,NULL,NULL,NULL,NULL,NULL),(67,22,'Lawyer Corona','http://www.sweeneyattorneys.com','We are a family of lawyers that care and can assist you if you have been injured in a accident. We are experienced Riverside County personal injury attorneys that have serviced thousands of injury claims throughout our combined 45 years of service.','Stuart','stuart@smwebmarketing.com',0,0,0.00,'2012-02-13 17:25:55',0,NULL,NULL,'0',NULL,NULL,NULL,NULL,NULL,NULL,NULL,'accident attorneys riverside , accident lawyer riverside , lawyer riverside , lawyers riverside, lawyer corona , lawyers corona, personal injury attorneys corona, personal injury lawyer corona',0,0,'0',NULL,NULL,NULL,NULL,NULL,NULL,NULL,NULL,NULL),(68,34,'Krabi hotel reservations','http://www.fargotravel.com','Fargo Travel specializes in hotel reservations, group and individual sightseeing tours, passenger transfers and a variety of package tours conducted both within Thailand. We offer you a personalized service in selecting the hotel that suits your holiday needs.','Nick','nick@fargotravel.com',0,0,0.00,'2012-02-13 16:33:15',0,NULL,NULL,'0',NULL,NULL,NULL,NULL,NULL,NULL,NULL,'discount pattaya hotels, Krabi Beach Resort, Discount Krabi Hotels, Krabi hotel reservations, phuket hotel reservation, budget hotel phuket, 5 star hotels in phuket, Koh Samui Hotels Reservation, Thailand hotels',0,0,'0',NULL,NULL,NULL,NULL,NULL,NULL,NULL,NULL,NULL),(69,15,'Medical Stools','http://www.customcomfort.com','Custom Comfort Medtek, a medical furniture manufacturer, has provided the medical industry with high quality innovative medical products including hospital furniture, blood laboratory furniture, phlebotomy chairs, phlebotomy supplies and equipment to since 1987 serving the oncology, dialysis, blood bank, labs, outpatient clinics and hospital markets. Call us at 800-749-0933 to place your order!','simon peterson','1simonpeterson1@gmail.com',0,0,0.00,'2012-02-13 16:46:23',0,NULL,NULL,'0',NULL,NULL,NULL,NULL,NULL,NULL,NULL,'Dialysis chair, exam tables, Medical cabinet, medical cabinets, medical cart, medical carts, medical seating, Medical Stools, medical supply cabinet, phlebotomy cart, phlebotomy carts, Treatment Tables',0,0,'0',NULL,NULL,NULL,NULL,NULL,NULL,NULL,NULL,NULL),(70,22,'Bankruptcy Attorneys Temecula','http://www.thetravislawfirmca.com','Our bankruptcy attorneys and lawyers at The Travis Law firm has been serving in areas of Bankruptcy, Family Law, Adoptions and Evictions in various locations like Riverside, Temecula, Fontana, San Bernardino in California. We personally represents our clients which allow us to provide you with exemplary service at fees which is more affordable than other attorneys/lawyers.','Stuart','stuart@smwebmarketing.com',0,0,0.00,'2012-02-25 17:05:55',0,NULL,NULL,'0',NULL,NULL,NULL,NULL,NULL,NULL,NULL,'bankruptcy attorney San Bernardino, bankruptcy lawyers Fontana, bankruptcy attorneys Riverside, bankruptcy lawyer Temecula, bankruptcy questions San Bernardino, bankruptcy attorneys Temecula, bankruptcy lawyers Riverside, bankruptcy questions Fontana',0,0,'0',NULL,NULL,NULL,NULL,NULL,NULL,NULL,NULL,NULL),(71,22,'accident attorneys milwaukee','http://www.actionlawofficeswi.com','At Action Law Offices, S.C., your personal injury claim is very important to us. We will help sort out all the details regarding your personal injury & accident case including maximum compensation and finding the at-fault party in Racine, West Bend & Milwaukee, WI. Call us today at 888-681-4256 for a FREE 1-on-1 consultation with a personal injury attorney.','Stuart','stuart@smwebmarketing.com',0,0,0.00,'2012-02-26 18:34:40',0,NULL,NULL,'0',NULL,NULL,NULL,NULL,NULL,NULL,NULL,'Attorney west bend, Personal injury attorney racine, Personal injury attorneys racine, Accident attorney milwaukee, Personal injury attorney milwaukee, Accident attorneys milwaukee, Personal injury attorneys milwaukee, Attorney milwaukee',0,0,'0',NULL,NULL,NULL,NULL,NULL,NULL,NULL,NULL,NULL),(72,31,'Jewelers New York City','http://www.stephenkahanjewelry.com','Stephen P. Kahan Ltd is a full service fine and estate jewelry boutique in Manhattan\'s, New York. We offer our customer\'s the services of our expert jewelry repair people and designers and are ready to help you in jewelry buying and repair needs.','Stuart','stuart@smwebmarketing.com',0,0,0.00,'2012-02-26 19:03:53',0,NULL,NULL,'0',NULL,NULL,NULL,NULL,NULL,NULL,NULL,'Jewelers New York City,Estate Jewelry New York City, Jewelry Design New York City, Jewelry Repair Manhattan',0,0,'0',NULL,NULL,NULL,NULL,NULL,NULL,NULL,NULL,NULL),(73,31,'Durex in India','http://www.cilory.com','Cilory offers the best collection anti aging products, deodorants and other personal care products from well known brands. To shop check us out online!','simon peterson','1simonpeterson1@gmail.com',0,0,0.00,'2012-02-26 18:02:18',0,NULL,NULL,'0',NULL,NULL,NULL,NULL,NULL,NULL,NULL,'anti aging products, deodorant in india, durex in india, gillette in india, shilajit',0,0,'0',NULL,NULL,NULL,NULL,NULL,NULL,NULL,NULL,NULL),(74,18,'Flood damage Winnetka','http://www.castinorestoration.com','At Castino Restoration, we are the leading Water, Flood, Fire and Mold Remediation experts serving Northbrook, Wilmette, Winnetka, Glencoe, Lake Forest since 1974. We also offer Carpet Cleaning throughout the United States. Our professional and caring crews maintain a clean and orderly workspace and will do a great job for you.','Stuart','stuart@smwebmarketing.com',0,0,0.00,'2012-03-02 16:41:48',0,NULL,NULL,NULL,NULL,NULL,NULL,NULL,NULL,NULL,NULL,'fire damage northbrook, mold remediation northbrook, carpet cleaning northbrook, flood damage wilmette, fire damage wilmette, mold remediation wilmette, carpet cleaning wilmette, flood damage winnetka, fire damage winnetka, mold remediation winnetka',0,0,'0',NULL,NULL,NULL,NULL,NULL,NULL,NULL,NULL,NULL),(75,15,'Juvederm Vienna Va','http://www.soma-solutions.com/','Soma Solutions, LLC in Houston offers  VelaShape II treatments, GentleMax Laser services, and skin rejuvenation services to help you to look  healthier, firmer and younger.for more details call at 703-790-2639','Yellow Book','stuart@ebrandz.com',0,0,0.00,'2012-03-03 15:37:28',0,NULL,NULL,NULL,NULL,NULL,NULL,NULL,NULL,NULL,NULL,'cellulite reduction vienna  va, botox vienna  va, juvederm vienna  va, botox injections mclean  va, botox treatments mclean  va, cellulite reduction mclean  va, botox mclean  va, juvederm mclean  va,botox treatments houston, tx',0,0,'0',NULL,NULL,NULL,NULL,NULL,NULL,NULL,NULL,NULL),(76,3,'Home Theater Installations Nassau County','http://www.sounddimensionsplus.com','Sound Dimensions Plus has been servicing the audio video needs of the customers, both in their homes & in their vehicles. Our home theater division has designed and installed many systems in Nassau & Suffolk County area. We also offer professional installation of electronics for your vehicle.','Stuart','stuart@smwebmarketing.com',0,0,0.00,'2012-03-03 16:34:17',0,NULL,NULL,NULL,NULL,NULL,NULL,NULL,NULL,NULL,NULL,'home theater installation nassau county, home theater system nassau county, home theater design nassau county, home theater installations suffolk county, home theater installers suffolk county, home theater system suffolk county, home theater design suffo',0,0,'0',NULL,NULL,NULL,NULL,NULL,NULL,NULL,NULL,NULL),(77,22,'Car Accident Attorney Omaha NE','http://www.renschandrensch.com','Rensch & Rensch Law have over thirty-five years of combined legal experience to helping injured people in Omaha, Nebraskans. We handle all types of personal injury cases, ranging from minor fender-bender car accidents to large, worker’s compensation & complex medical malpractice cases. Call us directly at (402) 498-4400 to get more information.','Stuart','stuart@smwebmarketing.com',0,0,0.00,'2012-03-03 17:13:45',0,NULL,NULL,NULL,NULL,NULL,NULL,NULL,NULL,NULL,NULL,'personal injury attorney omaha ne, workers comp attorney omaha ne, car accident attorney omaha ne, injury attorney  omaha ne, personal injury lawyer omaha ne, personal injury lawyer omaha ne, personal injury attorney omaha',0,0,'0',NULL,NULL,NULL,NULL,NULL,NULL,NULL,NULL,NULL),(78,3,'Carpet Cleaning Vancouver WA','http://www.aquacarepdx.com','Aqua Care provides environmentally friendly carpet cleaning service to residential and commercial customers of Portland & Vancouver.  We use a process that leaves behind no soap or chemicals, has a reduced dry time and is safe for your pets.  We even offer same day service and guaranteed satisfaction!','Stuart','stuart@smwebmarketing.com',0,0,0.00,'2012-03-03 19:38:38',0,NULL,NULL,NULL,NULL,NULL,NULL,NULL,NULL,NULL,NULL,' carpet cleaner portland, tile cleaning vancouver wa,  carpet cleaning portland, carpet cleaners  Vancouver wa, upholstery cleaning portland, carpet cleaning vancouver wa, tile cleaning portland, upholstery cleaning vancouver wa',0,0,'0',NULL,NULL,NULL,NULL,NULL,NULL,NULL,NULL,NULL),(79,22,'Injury Attorney Louisville','http://www.tjwillmakeempay.com','At T.J. Smith, LLC Attorney at Law, a lawyer T.J. Smith offers legal aid and representation for auto accident, car wreck, nursing home neglect, wrongful death & personal injury services in Louisville.','Stuart','stuart@smwebmarketing.com',0,0,0.00,'2012-03-04 14:54:19',0,NULL,NULL,NULL,NULL,NULL,NULL,NULL,NULL,NULL,NULL,'tjwillmakeempay, accident attorney Louisville, personal injury lawyer Louisville, auto accident attorney Louisville, car wreck lawyer Louisville, injury attorney Louisville, tractor trailer accident Louisville, nursing home neglect attorney Louisville',0,0,'0',NULL,NULL,NULL,NULL,NULL,NULL,NULL,NULL,NULL);

--
-- Table structure for table `idx_link_temp`
--

CREATE TABLE `idx_link_temp` (
  `vid` mediumint(9) unsigned NOT NULL auto_increment,
  `spam` char(1) NOT NULL default '0',
  `link_id` mediumint(9) default NULL,
  `category_id` mediumint(9) unsigned NOT NULL default '0',
  `title` varchar(100) NOT NULL default '',
  `url` text NOT NULL,
  `description` text NOT NULL,
  `contact_name` varchar(100) NOT NULL default '',
  `email` varchar(100) NOT NULL default '',
  `hits` mediumint(9) default NULL,
  `votes` smallint(6) default NULL,
  `rating` float(4,2) default NULL,
  `date` datetime NOT NULL default '0000-00-00 00:00:00',
  `bid` smallint(6) NOT NULL default '0',
  `new` char(1) default NULL,
  `hot` char(1) default NULL,
  `top_rated` char(1) default NULL,
  `pick` char(1) default NULL,
  `password` varchar(20) default NULL,
  `updated` char(1) default NULL,
  `reviews` smallint(6) default NULL,
  `avg_review` float(4,2) default NULL,
  `last_updated` datetime default NULL,
  `official_review` text,
  `keywords` varchar(255) default NULL,
  `cat1` mediumint(6) NOT NULL default '0',
  `cat2` mediumint(6) NOT NULL default '0',
  `suspended` char(1) NOT NULL default '0',
  `reciprocal_url` varchar(255) default NULL,
  `address` varchar(255) default NULL,
  `city` varchar(255) default NULL,
  `state` varchar(255) default NULL,
  `country` varchar(255) default NULL,
  `zip` varchar(255) default NULL,
  `image` varchar(255) default NULL,
  `phone` varchar(255) default NULL,
  `fax` varchar(255) default NULL,
  PRIMARY KEY  (`vid`)
) ENGINE=MyISAM DEFAULT CHARSET=latin1;

--
-- Dumping data for table `idx_link_temp`
--


--
-- Table structure for table `idx_link_temp_user`
--

CREATE TABLE `idx_link_temp_user` (
  `vid` mediumint(9) unsigned NOT NULL default '0',
  `username` varchar(20) NOT NULL default '',
  PRIMARY KEY  (`vid`)
) ENGINE=MyISAM DEFAULT CHARSET=latin1;

--
-- Dumping data for table `idx_link_temp_user`
--


--
-- Table structure for table `idx_link_user`
--

CREATE TABLE `idx_link_user` (
  `link_id` mediumint(9) unsigned NOT NULL default '0',
  `username` varchar(20) NOT NULL default '',
  PRIMARY KEY  (`link_id`)
) ENGINE=MyISAM DEFAULT CHARSET=latin1;

--
-- Dumping data for table `idx_link_user`
--


--
-- Table structure for table `idx_mailing_list`
--

CREATE TABLE `idx_mailing_list` (
  `email` varchar(50) NOT NULL default '',
  `code` varchar(4) default NULL,
  `status` char(1) default NULL,
  PRIMARY KEY  (`email`)
) ENGINE=MyISAM DEFAULT CHARSET=latin1;

--
-- Dumping data for table `idx_mailing_list`
--


--
-- Table structure for table `idx_message`
--

CREATE TABLE `idx_message` (
  `message_id` smallint(6) NOT NULL auto_increment,
  `date` date default NULL,
  `body` text,
  `subject` varchar(100) default NULL,
  PRIMARY KEY  (`message_id`)
) ENGINE=MyISAM DEFAULT CHARSET=latin1;

--
-- Dumping data for table `idx_message`
--


--
-- Table structure for table `idx_notification`
--

CREATE TABLE `idx_notification` (
  `username` varchar(20) NOT NULL default '',
  `category_id` mediumint(9) NOT NULL default '0'
) ENGINE=MyISAM DEFAULT CHARSET=latin1;

--
-- Dumping data for table `idx_notification`
--


--
-- Table structure for table `idx_pagerank`
--

CREATE TABLE `idx_pagerank` (
  `link_id` mediumint(8) unsigned NOT NULL default '0',
  `engine` char(1) NOT NULL default '',
  `rank` tinyint(4) NOT NULL default '0',
  `last_update` date NOT NULL default '0000-00-00',
  PRIMARY KEY  (`link_id`,`engine`)
) ENGINE=MyISAM DEFAULT CHARSET=latin1;

--
-- Dumping data for table `idx_pagerank`
--

INSERT INTO `idx_pagerank` VALUES (8,'g',0,'2012-01-08'),(4,'g',0,'2012-01-08'),(13,'g',0,'2012-01-08'),(19,'g',0,'2012-01-08'),(7,'g',0,'2012-01-08'),(3,'g',0,'2012-01-08'),(12,'g',0,'2012-01-08'),(18,'g',0,'2012-01-08'),(6,'g',0,'2012-01-11'),(2,'g',0,'2012-01-11'),(17,'g',0,'2012-01-11'),(11,'g',0,'2012-01-11'),(24,'g',0,'2012-02-17'),(1,'g',0,'2012-01-11'),(5,'g',0,'2012-01-11'),(10,'g',0,'2012-01-11'),(15,'g',0,'2012-01-11'),(23,'g',0,'2012-03-07'),(28,'g',0,'2012-03-07'),(29,'g',0,'2012-01-11'),(22,'g',0,'2012-03-07'),(16,'g',0,'2012-01-15'),(26,'g',0,'2012-01-15'),(31,'g',0,'2012-01-17'),(33,'g',0,'2012-01-18'),(32,'g',0,'2012-03-07'),(30,'g',0,'2012-03-07'),(27,'g',0,'2012-01-19'),(21,'g',0,'2012-01-20'),(25,'g',0,'2012-01-31'),(40,'g',0,'2012-02-12'),(43,'g',0,'2012-02-12'),(34,'g',0,'2012-02-12'),(39,'g',0,'2012-02-15'),(68,'g',0,'2012-02-15'),(66,'g',0,'2012-02-16'),(60,'g',0,'2012-02-16'),(52,'g',0,'2012-02-16'),(51,'g',0,'2012-02-16'),(45,'g',0,'2012-02-16'),(53,'g',0,'2012-02-16'),(47,'g',0,'2012-02-16'),(50,'g',0,'2012-02-16'),(46,'g',0,'2012-02-16'),(48,'g',0,'2012-02-16'),(42,'g',0,'2012-02-16'),(49,'g',0,'2012-02-16'),(63,'g',0,'2012-02-17'),(55,'g',0,'2012-02-17'),(54,'g',0,'2012-02-18'),(58,'g',0,'2012-02-19'),(64,'g',0,'2012-02-19'),(35,'g',0,'2012-02-19'),(59,'g',0,'2012-02-21'),(62,'g',0,'2012-02-21'),(41,'g',0,'2012-02-21'),(61,'g',0,'2012-02-24'),(44,'g',0,'2012-02-24'),(37,'g',0,'2012-02-24'),(38,'g',0,'2012-02-24'),(57,'g',0,'2012-02-24'),(36,'g',0,'2012-02-24'),(69,'g',0,'2012-02-24'),(56,'g',0,'2012-02-24'),(65,'g',0,'2012-02-27'),(72,'g',0,'2012-03-08'),(73,'g',0,'2012-03-08');

--
-- Table structure for table `idx_paid_listing`
--

CREATE TABLE `idx_paid_listing` (
  `link_id` mediumint(9) unsigned NOT NULL default '0',
  `premium` char(1) default NULL,
  `sponsored` char(1) default NULL,
  `expire` datetime default NULL,
  `paid` char(1) default NULL,
  PRIMARY KEY  (`link_id`)
) ENGINE=MyISAM DEFAULT CHARSET=latin1;

--
-- Dumping data for table `idx_paid_listing`
--


--
-- Table structure for table `idx_payment_gateway`
--

CREATE TABLE `idx_payment_gateway` (
  `payment_gateway_id` int(11) NOT NULL auto_increment,
  `name` varchar(100) default NULL,
  `enable` char(1) default NULL,
  `setting` text,
  `invoice_html` text,
  PRIMARY KEY  (`payment_gateway_id`)
) ENGINE=MyISAM AUTO_INCREMENT=9 DEFAULT CHARSET=latin1;

--
-- Dumping data for table `idx_payment_gateway`
--

INSERT INTO `idx_payment_gateway` VALUES (1,'paypal','1','a:2:{s:13:\"payment_email\";s:0:\"\";s:21:\"enable_paypal_sandbox\";s:1:\"0\";}','<p> \r\n	<a href=\'paynow.php?id={$invoice_id}&m=paypal\'><img src=\'http://www.paypal.com/images/x-click-but02.gif\' border=\'0\' alt=\'Make payments with PayPal - it is fast, free and secure!\' /></a> \r\n</p>\r\n'),(2,'2co','0','a:6:{s:6:\"co_sid\";s:5:\"84932\";s:9:\"co_secret\";s:5:\"tango\";s:12:\"co_recurring\";s:1:\"0\";s:9:\"co_prod_1\";s:6:\"100.00\";s:9:\"co_prod_2\";s:6:\"250.00\";s:9:\"co_prod_3\";s:6:\"400.00\";}','<p>\r\n<a href=\'paynow.php?id={$invoice_id}&m=2co\'><img src=\'http://www.2checkout.com/images/overview/btns/25.jpg\' alt=\'Pay Now with 2checkout...\' border=\'0\' /></a> \r\n</p>'),(3,'authorizenet','0','a:2:{s:21:\"authorizenet_login_id\";s:0:\"\";s:21:\"authorizenet_tran_key\";s:0:\"\";}','<p> \r\n<a href=\'paynow.php?id={$invoice_id}&m=authorizenet\'><img src=\'http://www.authorize.net/upload/images/Images/Header/authorizenet_logo.gif\' alt=\'Pay Now with Authorize.Net...\' width=\'99\' height=\'39\' style=\'{border : 1px solid #c0c0c0;}\' /></a>\r\n</p>'),(4,'egold','0','a:2:{s:19:\"egold_payee_account\";s:0:\"\";s:16:\"egold_payee_name\";s:0:\"\";}','<p> \r\n<a href=\'paynow.php?id={$invoice_id}&m=egold\'>\r\n<img src=\'http://www.e-gold.com/gif/paywith.gif\' border=\'0\' alt=\'Pay Now with e-gold...\' />\r\n</a>\r\n</p>'),(5,'moneybookers','0','a:1:{s:18:\"moneybookers_email\";s:0:\"\";}','<p> \r\n<a href=\'paynow.php?id={$invoice_id}&m=paypal\'><img src=\'http://www.moneybookers.com/images/banners/88_en_mb.gif\' border=\'0\' alt=\'Make payments with Moneybookers - it is fast, free and secure!\' /></a> \r\n</p>'),(6,'paypal-subscriptions','0','a:2:{s:13:\"payment_email\";s:0:\"\";s:21:\"enable_paypal_sandbox\";s:1:\"0\";}','<p> \r\n<a href=\'paynow.php?id={$invoice_id}&m=paypal\'><img src=\'https://www.paypal.com/en_US/i/btn/x-click-but20.gif\' border=\'0\' alt=\'Make payments with PayPal - it is fast, free and secure!\' /></a> \r\n</p>'),(7,'alertpay','0','a:2:{s:14:\"alertpay_email\";s:0:\"\";s:23:\"enable_alertpay_sandbox\";s:1:\"0\";}','<p> \r\n<a href=\'paynow.php?id={$invoice_id}&m=alertpay\'>\r\n<img src=\'https://www.alertpay.com/Images/BuyNow/pay_now_3.gif\' border=\'0\' alt=\'Make payments with PayPal - it is fast, free and secure!\' /></a> \r\n</p>'),(8,'alertpay-subcriptions','0','a:2:{s:14:\"alertpay_email\";s:0:\"\";s:23:\"enable_alertpay_sandbox\";s:1:\"0\";}','<p>\r\n<a href=\'paynow.php?id={$invoice_id}&m=alertpay-subcriptions\'>\r\n<img src=\'https://www.alertpay.com/Images/BuyNow/subscribe_now_15.gif\' border=\'0\' alt=\'Make payments with Alert Pay - it is fast, free and secure!\' /></a> \r\n</p>');

--
-- Table structure for table `idx_payment_history`
--

CREATE TABLE `idx_payment_history` (
  `payment_id` int(10) unsigned NOT NULL auto_increment,
  `contact_name` varchar(255) default NULL,
  `email` varchar(255) default NULL,
  `type` varchar(255) default NULL,
  `detail` text,
  `amount` double default NULL,
  `time` datetime default NULL,
  `invoice_id` varchar(10) default NULL,
  PRIMARY KEY  (`payment_id`)
) ENGINE=MyISAM DEFAULT CHARSET=latin1;

--
-- Dumping data for table `idx_payment_history`
--


--
-- Table structure for table `idx_pl_sociable`
--

CREATE TABLE `idx_pl_sociable` (
  `sb_id` int(11) NOT NULL auto_increment,
  `sb_name` varchar(255) character set utf8 default NULL,
  `sb_url` varchar(255) character set utf8 default NULL,
  `sb_icon` varchar(255) character set utf8 default NULL,
  `sb_enable` char(1) character set utf8 default '0',
  PRIMARY KEY  (`sb_id`)
) ENGINE=MyISAM AUTO_INCREMENT=90 DEFAULT CHARSET=latin1;

--
-- Dumping data for table `idx_pl_sociable`
--

INSERT INTO `idx_pl_sociable` VALUES (1,'BarraPunto','http://barrapunto.com/submit.pl?subj=TITLE&amp;story=PERMALINK','barrapunto.png','0'),(2,'Bitacoras.com','http://bitacoras.com/anotaciones/PERMALINK','bitacoras.png','0'),(3,'BlinkList','http://www.blinklist.com/index.php?Action=Blink/addblink.php&amp;Url=PERMALINK&amp;Title=TITLE','blinklist.png','0'),(4,'blogmarks','http://blogmarks.net/my/new.php?mini=1&amp;simple=1&amp;url=PERMALINK&amp;title=TITLE','blogmarks.png','0'),(5,'Blogosphere News','http://www.blogospherenews.com/submit.php?url=PERMALINK&amp;title=TITLE','blogospherenews.png','0'),(6,'blogtercimlap','http://cimlap.blogter.hu/index.php?action=suggest_link&amp;title=TITLE&amp;url=PERMALINK','blogter.png','0'),(7,'Faves','http://faves.com/Authoring.aspx?u=PERMALINK&amp;title=TITLE','bluedot.png','0'),(8,'connotea','http://www.connotea.org/addpopup?continue=confirm&amp;uri=PERMALINK&amp;title=TITLE&amp;description=EXCERPT','connotea.png','0'),(9,'Current','http://current.com/clipper.htm?url=PERMALINK&amp;title=TITLE','current.png','0'),(10,'del.icio.us','http://delicious.com/post?url=PERMALINK&amp;title=TITLE&amp;notes=EXCERPT','delicious.png','0'),(11,'Digg','http://digg.com/submit?phase=2&amp;url=PERMALINK&amp;title=TITLE&amp;bodytext=EXCERPT','digg.png','1'),(12,'Diigo','http://www.diigo.com/post?url=PERMALINK&amp;title=TITLE','diigo.png','0'),(13,'DotNetKicks','http://www.dotnetkicks.com/kick/?url=PERMALINK&amp;title=TITLE','dotnetkicks.png','0'),(14,'DZone','http://www.dzone.com/links/add.html?url=PERMALINK&amp;title=TITLE','dzone.png','0'),(15,'eKudos','http://www.ekudos.nl/artikel/nieuw?url=PERMALINK&amp;title=TITLE&amp;desc=EXCERPT','ekudos.png','0'),(16,'email','mailto:?subject=TITLE&amp;body=PERMALINK','email_link.png','0'),(17,'Facebook','http://www.facebook.com/share.php?u=PERMALINK&amp;t=TITLE','facebook.png','1'),(18,'Fark','http://cgi.fark.com/cgi/fark/farkit.pl?h=TITLE&amp;u=PERMALINK','fark.png','0'),(19,'Fleck','http://beta3.fleck.com/bookmarklet.php?url=PERMALINK&amp;title=TITLE','fleck.png','0'),(20,'FriendFeed','http://www.friendfeed.com/share?title=TITLE&amp;link=PERMALINK','friendfeed.png','0'),(21,'FSDaily','http://www.fsdaily.com/submit?url=PERMALINK&amp;title=TITLE','fsdaily.png','0'),(22,'Global Grind','http://globalgrind.com/submission/submit.aspx?url=PERMALINK&amp;type=Article&amp;title=TITLE','globalgrind.png','0'),(23,'Google','http://www.google.com/bookmarks/mark?op=edit&amp;bkmk=PERMALINK&amp;title=TITLE&amp;annotation=EXCERPT','googlebookmark.png','0'),(24,'Gwar','http://www.gwar.pl/DodajGwar.html?u=PERMALINK','gwar.png','0'),(25,'HackerNews','http://news.ycombinator.com/submitlink?u=PERMALINK&amp;t=TITLE','hackernews.png','0'),(26,'Haohao','http://www.haohaoreport.com/submit.php?url=PERMALINK&amp;title=TITLE','haohao.png','0'),(27,'HealthRanker','http://healthranker.com/submit.php?url=PERMALINK&amp;title=TITLE','healthranker.png','0'),(28,'HelloTxt','http://hellotxt.com/?status=TITLE+PERMALINK','hellotxt.png','0'),(29,'Hemidemi','http://www.hemidemi.com/user_bookmark/new?title=TITLE&amp;url=PERMALINK','hemidemi.png','0'),(30,'Hyves','http://www.hyves.nl/profilemanage/add/tips/?name=TITLE&amp;text=EXCERPT+PERMALINK&amp;rating=5','hyves.png','0'),(31,'Identi.ca','http://identi.ca/notice/new?status_textarea=PERMALINK','identica.png','0'),(32,'IndianPad','http://www.indianpad.com/submit.php?url=PERMALINK','indianpad.png','0'),(33,'Internetmedia','http://internetmedia.hu/submit.php?url=PERMALINK','im.png','0'),(34,'Kirtsy','http://www.kirtsy.com/submit.php?url=PERMALINK&amp;title=TITLE','kirtsy.png','0'),(35,'laaik.it','http://laaik.it/NewStoryCompact.aspx?uri=PERMALINK&amp;headline=TITLE&amp;cat=5e082fcc-8a3b-47e2-acec-fdf64ff19d12','laaikit.png','0'),(36,'LinkArena','http://linkarena.com/bookmarks/addlink/?url=PERMALINK&amp;title=TITLE','linkarena.png','0'),(37,'LinkaGoGo','http://www.linkagogo.com/go/AddNoPopup?url=PERMALINK&amp;title=TITLE','linkagogo.png','0'),(38,'LinkedIn','http://www.linkedin.com/shareArticle?mini=true&amp;url=PERMALINK&amp;title=TITLE&amp;source=BLOGNAME&amp;summary=EXCERPT','linkedin.png','0'),(39,'Linkter','http://www.linkter.hu/index.php?action=suggest_link&amp;url=PERMALINK&amp;title=TITLE','linkter.png','0'),(40,'Live','https://favorites.live.com/quickadd.aspx?marklet=1&amp;url=PERMALINK&amp;title=TITLE','live.png','0'),(41,'Meneame','http://meneame.net/submit.php?url=PERMALINK','meneame.png','0'),(42,'MisterWong','http://www.mister-wong.com/addurl/?bm_url=PERMALINK&amp;bm_description=TITLE&amp;plugin=soc','misterwong.png','0'),(43,'MisterWong.DE','http://www.mister-wong.de/addurl/?bm_url=PERMALINK&amp;bm_description=TITLE&amp;plugin=soc','misterwong.png','0'),(44,'Mixx','http://www.mixx.com/submit?page_url=PERMALINK&amp;title=TITLE','mixx.png','0'),(45,'muti','http://www.muti.co.za/submit?url=PERMALINK&amp;title=TITLE','muti.png','0'),(46,'MyShare','http://myshare.url.com.tw/index.php?func=newurl&amp;url=PERMALINK&amp;desc=TITLE','myshare.png','0'),(47,'MySpace','http://www.myspace.com/Modules/PostTo/Pages/?u=PERMALINK&amp;t=TITLE','myspace.png','0'),(48,'MSNReporter','http://reporter.nl.msn.com/?fn=contribute&amp;Title=TITLE&amp;URL=PERMALINK&amp;cat_id=6&amp;tag_id=31&amp;Remark=EXCERPT','msnreporter.png','0'),(49,'N4G','http://www.n4g.com/tips.aspx?url=PERMALINK&amp;title=TITLE','n4g.png','0'),(50,'Netvibes','http://www.netvibes.com/share?title=TITLE&amp;url=PERMALINK','netvibes.png','0'),(51,'NewsVine','http://www.newsvine.com/_tools/seed&amp;save?u=PERMALINK&amp;h=TITLE','newsvine.png','0'),(52,'Netvouz','http://www.netvouz.com/action/submitBookmark?url=PERMALINK&amp;title=TITLE&amp;popup=no','netvouz.png','0'),(53,'NuJIJ','http://nujij.nl/jij.lynkx?t=TITLE&amp;u=PERMALINK&amp;b=EXCERPT','nujij.png','0'),(54,'Ping.fm','http://ping.fm/ref/?link=PERMALINK&amp;title=TITLE&amp;body=EXCERPT','ping.png','0'),(55,'Posterous','http://posterous.com/share?linkto=PERMALINK&amp;title=TITLE&amp;selection=EXCERPT','posterous.png','0'),(56,'PDF','http://www.printfriendly.com/print?url=PERMALINK&amp;partner=sociable','pdf.png','0'),(57,'Print','http://www.printfriendly.com/print?url=PERMALINK&amp;partner=sociable','printfriendly.png','0'),(58,'Propeller','http://www.propeller.com/submit/?url=PERMALINK','propeller.png','0'),(59,'Ratimarks','http://ratimarks.org/bookmarks.php/?action=add&address=PERMALINK&amp;title=TITLE','ratimarks.png','0'),(60,'Rec6','http://rec6.via6.com/link.php?url=PERMALINK&amp;=TITLE','rec6.png','0'),(61,'Reddit','http://reddit.com/submit?url=PERMALINK&amp;title=TITLE','reddit.png','0'),(62,'RSS','FEEDLINK','rss.png','0'),(63,'Scoopeo','http://www.scoopeo.com/scoop/new?newurl=PERMALINK&amp;title=TITLE','scoopeo.png','0'),(64,'Segnalo','http://segnalo.alice.it/post.html.php?url=PERMALINK&amp;title=TITLE','segnalo.png','0'),(65,'Simpy','http://www.simpy.com/simpy/LinkAdd.do?href=PERMALINK&amp;title=TITLE','simpy.png','0'),(66,'Slashdot','http://slashdot.org/bookmark.pl?title=TITLE&amp;url=PERMALINK','slashdot.png','0'),(67,'Socialogs','http://socialogs.com/add_story.php?story_url=PERMALINK&amp;story_title=TITLE','socialogs.png','0'),(68,'SphereIt','http://www.sphere.com/search?q=sphereit:PERMALINK&amp;title=TITLE','sphere.png','0'),(69,'Sphinn','http://sphinn.com/index.php?c=post&amp;m=submit&amp;link=PERMALINK','sphinn.png','0'),(70,'StumbleUpon','http://www.stumbleupon.com/submit?url=PERMALINK&amp;title=TITLE','stumbleupon.png','0'),(71,'Techmeme','http://twitter.com/home/?status=tip%20@Techmeme%20PERMALINK%20TITLE','techmeme.png','0'),(72,'Technorati','http://technorati.com/faves?add=PERMALINK','technorati.png','1'),(73,'ThisNext','http://www.thisnext.com/pick/new/submit/sociable/?url=PERMALINK&amp;name=TITLE','thisnext.png','0'),(74,'Tipd','http://tipd.com/submit.php?url=PERMALINK','tipd.png','0'),(75,'Tumblr','http://www.tumblr.com/share?v=3&amp;u=PERMALINK&amp;t=TITLE&amp;s=EXCERPT','tumblr.png','0'),(76,'Twitter','http://twitter.com/home?status=TITLE%20-%20PERMALINK','twitter.png','1'),(77,'Upnews','http://www.upnews.it/submit?url=PERMALINK&amp;title=TITLE','upnews.png','0'),(78,'Webnews.de','http://www.webnews.de/einstellen?url=PERMALINK&amp;title=TITLE','webnews.png','0'),(79,'Webride','http://webride.org/discuss/split.php?uri=PERMALINK&amp;title=TITLE','webride.png','0'),(80,'Wikio','http://www.wikio.com/vote?url=PERMALINK','wikio.png','0'),(81,'Wikio FR','http://www.wikio.fr/vote?url=PERMALINK','wikio.png','0'),(82,'Wikio IT','http://www.wikio.it/vote?url=PERMALINK','wikio.png','0'),(83,'Wists','http://wists.com/s.php?c=&amp;r=PERMALINK&amp;title=TITLE','wists.png','0'),(84,'Wykop','http://www.wykop.pl/dodaj?url=PERMALINK','wykop.png','0'),(85,'Xerpi','http://www.xerpi.com/block/add_link_from_extension?url=PERMALINK&amp;title=TITLE','xerpi.png','0'),(86,'YahooBuzz','http://buzz.yahoo.com/submit/?submitUrl=PERMALINK&amp;submitHeadline=TITLE&amp;submitSummary=EXCERPT&amp;submitCategory=science&amp;submitAssetType=text','yahoobuzz.png','0'),(87,'Yahoo! Bookmarks','http://bookmarks.yahoo.com/toolbar/savebm?u=PERMALINK&amp;t=TITLE&opener=bm&amp;ei=UTF-8&amp;d=EXCERPT','yahoomyweb.png','0'),(88,'Yigg','http://yigg.de/neu?exturl=PERMALINK&amp;exttitle=TITLE','yiggit.png','0'),(89,'Blogplay','http://blogplay.com','blogplay.png','0');

--
-- Table structure for table `idx_plugin`
--

CREATE TABLE `idx_plugin` (
  `plugin_id` int(11) NOT NULL auto_increment,
  `name` varchar(255) default NULL,
  `plugin_file` varchar(255) default NULL,
  `status` enum('0','1') default NULL,
  `option_plugin` text,
  PRIMARY KEY  (`plugin_id`)
) ENGINE=MyISAM AUTO_INCREMENT=2 DEFAULT CHARSET=latin1;

--
-- Dumping data for table `idx_plugin`
--

INSERT INTO `idx_plugin` VALUES (1,'Sociable','sociable/sociable.php','1',NULL);

--
-- Table structure for table `idx_review`
--

CREATE TABLE `idx_review` (
  `review_id` mediumint(9) unsigned NOT NULL auto_increment,
  `link_id` mediumint(9) unsigned NOT NULL default '0',
  `review` text NOT NULL,
  `rating` tinyint(3) unsigned NOT NULL default '0',
  `date` date NOT NULL default '0000-00-00',
  `subject` varchar(100) default NULL,
  `status` char(1) default NULL,
  `username` varchar(20) default NULL,
  `name` varchar(20) default NULL,
  `email` varchar(100) default NULL,
  PRIMARY KEY  (`review_id`)
) ENGINE=MyISAM DEFAULT CHARSET=latin1;

--
-- Dumping data for table `idx_review`
--


--
-- Table structure for table `idx_searchlog`
--

CREATE TABLE `idx_searchlog` (
  `keyword` varchar(100) NOT NULL default '',
  `time` datetime NOT NULL default '0000-00-00 00:00:00',
  `result` mediumint(9) unsigned default NULL,
  `ip` varchar(100) default NULL
) ENGINE=MyISAM DEFAULT CHARSET=latin1;

--
-- Dumping data for table `idx_searchlog`
--


--
-- Table structure for table `idx_sessions`
--

CREATE TABLE `idx_sessions` (
  `SESSKEY` varchar(32) NOT NULL default '',
  `EXPIRY` int(11) unsigned NOT NULL default '0',
  `EXPIREREF` varchar(64) default NULL,
  `DATA` text NOT NULL,
  PRIMARY KEY  (`SESSKEY`)
) ENGINE=MyISAM DEFAULT CHARSET=latin1;

--
-- Dumping data for table `idx_sessions`
--

INSERT INTO `idx_sessions` VALUES ('bf35378afca24c75370d2c544c788a41',1330850154,NULL,'PAPoqIDvHWiFW48QMN3eg7ikPuRuqDOv95CXED32pzUuT2fUzpoi0UisMsC42hbrc5H66fDyuyHzzPkdTCwzBf2GinaMnDjGouARKmDnshX_v2GKZhbEh-Bk1pmgeq4Lsgpmkj6-ZmcydNqO995QouMoYG87cBIrij7iAF6hmJryPjYkpT5xOnvYb9gRnCJjPfnLjHwWXHtKtkROsG0DxrhMlaon_uMuqBBYdRB8rNQOrW6op6Ge54bL3bExrcES3AYcQtgunZQpzm3AvkZTjWeYD9Rz5JUn1IJwtSrIBfBBmqdATxG1KFpMEhu4QX0IhPDH7Qa4xvWEWHurdmurpCbEjr6XMpSHAX9f85xfiLikBpOqFUKJLLwF3EWyMKHEALI1yxO-KsW4elQ0IjkbAeZzQBeZedWYcsRAAmFFc61OOTWS1KE63d2mgXA06ocNf67Qh8RWwaNIvIeHRHxbqEMD9gdN5TkItZ2OTJ4GpHiDuCnjkPp5w6AuGOtSFHeruJFS2wt_H3eZI-u3DYFunhSYgJ2kgyXdLwEYXPO-x7AnGcThbEJLKl5mjXySABULVyLJGI6beVoQ5645JHSN7G2wSPfl3kMY3AZDJEp9fS6uVQwdDhug8TBsO-3nWOh1LMniE5iYz9EfUEdvzZWMiZ0gS9MSV5yWUlv2FImmsRAanr_L9SQzMq1xbdPTmHYsNDaINLX9n0G6brCSXlzGMcpt2xpRXOCDpIJqT9QD7iT8RKzC5UYdIR9mvrNJi0nY7xb3Lrsn7KC_NNmI-03piJxjy-Yggh3sTPM7tmvuam9yzngMj-lQiP2Hcp9PYFUuRQ6pEDFD_4EsNJyplxP2I5iezhl2kCxnEOaIYXG-lYKFRTEyX8R8JokOfVDSkr6d7Ea2zn_maOwfCA12RlLeUH9-hfiJOt4Ukk2deLPxjMzdbTIklhcOuXo8oJPG_bP2'),('b27814c28e0f1f0410b457ba504351e9',1330850157,NULL,'ZQiBtMs-1cZ0xIbREDs-94nzx6mKEqnn6y6j5J-k0MVEPYRPYBJlKBxlHtg-Ntmw5lMNrZ-DLf2hXH9KkmIOZtrqm67WedZjKU-pfzSO_d3NwXy2tfxK4PK7aDnlk4nM88VdyIwKvTquxvNsDesnpUx7z7WdQn7GD47wjtCsboSvm3gpnuAy1uVMUxwExJHNURBZsURrfYMPoToAkCqRdA..'),('b6e373f3a0359dc0b1aaa3df79bd57bc',1330850510,NULL,'QyLggMu9cR1-WpGrC034n5lyPkVLsQ4O19L1CPRrGn4nsfYPJoTvUV89X0IBin-QJ0TOQciOJwVQ8J9YSHwUgdnK_4bjw8mJwTh6S7A___2Loqk5f0mffzfwYt0hJd3eOCozhwBrf_Sx-B5zJn2bvaCn8pYEmdlzApVPTSOWIYxtlUVNTnizt9IclpyQGBkojr-DB0bP6aEg6tM7UrC8YA..'),('c1aed901ae13cb8b43952d6e6b7dd944',1330850618,NULL,'GarsdwYL-RAebMm7JsibAbFgiHIo4aNQ5WCE6VrOmwS16hQXbG61776yji-MkeAue-sefbbr9XuBqBjgbmqWm5uVHJNEL4OE1uyfnrDGrEe7IJ-jjyvd8rt2Pc1g9pobqwtHN3HaJPrnZN4L2LAShw..'),('20db85da3aa65dff54a0cb7690d65f16',1330851969,NULL,'9APe8gcsZlwnABp8GXzpHwkBCVFq-reNIbmOvbq2rzuLDLE3CHscMZZmb8Ejkxh8EsWd1rAzUEHsIqvW5pmr3z1dDLZsmIxTpYADtJqP70H9To7eY6K___e2ZeWeWoYtmiME5CCAxv2QugviGB9eVE6efqcYLqcljSQ8t_F5icAVaidQoq8bUOeEB55gzJL1gFHPomiLkCH-yOg0hISiSg..'),('c64fe01274838735cf9260497b44ff49',1330857798,NULL,'v0XTxFPvLUsZu1S175sStpuiaVZekmK3v6xJMyakhmC_zoNrMijQ9mgB_5u4WY7saqdIi9y6iyYBZ7puz96XSDHpu_3ihxkjrtzdTv7ZddeuxoYm2rcDflZ_34GcwXROJFs4j8g4FjK9xCLjhtLl7Q..'),('66c01b543300e87f1ca0aad41fd0b154',1330858737,NULL,'t-MV2DGWFDzQYDC562UCFeZwQ53hk1MRsvI8WZ81eFxYQSlZkx-a9YP82PIwpJDS0sNgnWKZVhj5fpJEcIZXL80wE6CmGnVUdlM3xVyQrMxlMY1KADCauzT0Vl9GdUlrcqIkij7iF1gDbe6dX387fwNGsWsCfkkuJscazvCKFuP_al96BTzXKFrrYOoo3itTvrRdFEOW5Tfpni9ZDCm7JQ..'),('f1845636dc1de1e7de79d223f8afabde',1330863707,NULL,'AV_RcgLvEgwobVVFSZ4OQyIog0jWy8ZNtZjDqX1YUVtwJByaAcjFs5sLIrrCSosrlMdRXE4NIV5D-6F009QR7TP0_GAqxWD5mjqBW6uWXM4CZ6EIKZct3c-diFRG5fazRS367OiFNg70ka7NEFw66tcJYaRuuJHQ7m_pgNOrDLK_AId1soWEniNIi-CTKBKZFbO0z4hldecVR7ej871vmQ..'),('064a1c85953ca4bd2663c895d6faab1e',1330865989,NULL,'F0wolJIBp_keJufoayu86GuZGKSVbPAyIuvA1OIFnTmCaxaOEKDiVFIqdc6LlBtGjGQFR1tWzD2kX4zZ_TK1r9IXk6MOUWT15667BmqrJfspAUF-Z7QSp2yKAy19ru7cZjIGwn6ZyFYKf2hjohc8utQK_OgWTY251DJaS8qjbNn5V-lCa2RYy7hj94HkhE90'),('d2789a2a41cffdd21b4c179d1179af2b',1330869578,NULL,'dVfbl3tE7wAlOJwxf-mKbCu2GI5CpMXZI52OI-AWWl79h-lXXZtBz-PwCUmz6qBIVnTA5Qho1UH3354hsOVvnunlarIX0lNs0eWq2X2c7njuuqie4GrzMwk_1Ofy2Nych_MzmJfcuaC2FaUwZotsyWqz_NNTd0H40ivGWK7WzyM.'),('234fadffde2f71be9bc41232adb2abbb',1330872378,NULL,'9od_Qb5Kk8wqC498_mb0aMq5vuBbBRYJWkvgQkQiQ95la8jvD9Pux7kkUPw3ntVrAf5ACHS1AD8U7-etgkXl4rsyhv_CswON7Es0jTPkAtCDGhUVxDr2VNs13d2_P-1vSvoyKyjl_oRQz1RDvahDlQ..'),('61f4ccefa84cdd2b07bfc9fda7626e61',1330874257,NULL,'2dqz8FHaKFUmgxpRDrHExmj_LqJep07GqZ9qnBUfsp6xf7G27Icg0RSRcEYxp87ENHpvc5TLUp8Oqkfppycsx8k6UCZYyP-OcOKsbR9yd1kylzdgS0iG9XqYHAk_wuqhQDgwcofJoJQ2VA3wsx6Fk1quldd4zH7hy1m68QeV8WJwe4S0h6PCuEyyhaP9ENDEAyFOwVCnrU5t7nUleAVDiw..'),('d0c343b647d76a5cc9e6b6bd66641865',1330874491,NULL,'N23PLKqhnOsYmc8A9VV13f2tf4c8CTDWP5SbPLEMMBvYFJVxTKo_GLpoWxtxCdvtG8Bb9zK4xDtpFmiHcxD6AnG_WBMCeCAUV9FMhKbDHfmrZgvUUG6u3ltTVd5F6GfIxnc7xxe129sk4Jj32OeV7aYpiQKBOJGTssLlfxrsDCipBJfj1PATxtY6-yFH-Q_Yw4Fvjqz2ZpFf1VIVvHjoaw..'),('7ed5ee3df3d4aaa73805f32fb90191be',1330879513,NULL,'Rd_IdD__DFSAYcHcC9uChjQqrPyVNTFc-5s2ldO16Yy5VOAraeRfgK4X1X8yZAeTPz7fgSJW-MKSbF7LmxsYfsSFPicX-hK_R4uG3MT2CmwasgRASNQtwIp4mfTHtRapnEFQvmTP21YjkUBoZrZRiQ..'),('f5e1d3fb6e964f8f2b8ee5a2e45f8039',1330881206,NULL,'V48eRKzFU6KUnhqsWw7H0JiQh0Ix2-86O2iwGXrMN8Bmjvg6p1tK4mm0v3IedaLvZmtjx5IoeFJ2s_BlWFSo2toK1kZsgR-r68w4Xw_ROLDWniYh_6UkGsEAYpk_m-RVlcG1MBd4Igcvxgml6mSWRNCqfcYXPJBtZUesjUNyNAweuPlx-7cIVPAEiHId4Hxf'),('b674b79d23023641eec34cafeab15027',1330886667,NULL,'pd7J4XI6Q35x2qwSHBdzf5ilaV6QYfYVgL-LiS63pXqD5YU3ZFL-aBC8V_tUptjnJjErfFhVfez3cw0sic589pg0sjZ4ikplSBMo3ws3iC3gc8fEP48jcl11-WujvCdQERgBzs5afrJuwfzrAyqHeg..'),('cd58a19597430d3e55658cfe876dda58',1330888628,NULL,'E6OFKEGnxOQIIbW7yHhEv4SaFZEZUHQRG83Y1gnjQGFe8NgK6tfwFDv3z21Rgftog-csf0wO3MDUL_ed3IvZZAIj8U99gEy95nZ1oCQ0DU2DcAXP3cV29RXhXqjJ9uwf1Gwx8M1jb0LKSLkiFw9gl1VvfERW_0dP1p3c40q8F29rMK_odiTxVHPFhPCfYK5B'),('5d630cde8635d2554781f3c0d9e1ed2b',1330893933,NULL,'kklJ9LxO4yTrsOtrKLHZtxZJAYp9-7qWCVM_TUIUFwkF-Y7MAmC7yE77PJGevRQ5996cuZBHmn3Uss6tEE_AsHrxzU-llL5Pj4Uyd4aL9jRyu5oiEH3yPrUtYaVS6Y9ai5YdfExL-pgs6prO2PQmFQ..'),('a3a3cd105bb51e24307810f328c8ff3e',1330895948,NULL,'ti-h5KNlkRjZx5sAb8BCSqmj0dYjQ6bJvX1bZklIFYvHLeNvFCqt74KKzGAY_MGS9lb8uIFR06dN2duzC-oidZLFLXy2dTW3wbxsdd4JK8tST_xGWCRWpxUW1bxFslxuMFLx4MAVfi3ccInnSjeWHwNm5DQuQ9FKyuaG6tvXw8rW6uiPy5rBlQYMovPeOLtw'),('9e54f7770acb7af2127f941ac29cf090',1330899552,NULL,'_NwFES1RuaWolmTrQSC3KEIAkJKaRCOM7SSOf-HFlLWdAGFPfaPdwyX3xh_Gm6oUchfqSGJWH01_H7gmGzus1Le7z_36vc0LFmI2WCubfh0PgqtySzeJ1MeQeOddQjfITI3x9HeNT9lj2Kbkt0iO1f0b-jMa9vgxeqnFy1yy8bLyRwb3ndIEvdUdBGLnIFFA'),('0f2a5b6fb98979262cdb4f7629149e97',1330900990,NULL,'VSjRv1i5D8STt0DYiQKSx2oTuNvQXHWDpl-RqqCEQXAVqM38T3CGJLTswjNZvjMl55yoY0fL6k1qkqWOQ3LUSChUwuanjLcFq8uICUspBp3Polw_XiVD5XBJSyFBh9BU3zZzjpv3eGXOEunSgLPB1Q..'),('d0e11577efab74d97438240c16d559ee',1330908233,NULL,'Rsq1SS1s9SjcMRpS8klwbAtESnUB4iAXsq-XRHIWR0bgstTsmCrph5WGs9eNB_aSUHQIdkTocfDgp9_526rlCX2WBc4PTgB1ERUK2tfqnqKqmPYFY6rDq0wvMQ44vWH0_7Yqs9n4YxVo5ZQmiaej4Q..'),('6c887e6f345cca65f980e961be11ad4f',1330910237,NULL,'Q9tC5RCKHxsms4zRoq4p8kfgqHxygZB888PQujV9fY3Ml5oTC3AAEV8eo_zosT7urrh0WxuCfgwtW3m2o81G2Ayf4qX9GBo7NJKmaKjQJVoctvwBCKvFx8gV7U4GmAG_dWXbRlX04jQTUDSS6hKsZtIQO0FfwrD9LPcPv3IOb2P48WCOI_K2OaazOPudyoHD'),('ef802ee28dcf29712b9bf298e5c34b39',1330913657,NULL,'NEUEX6wesLhFEAKA252YCvLSIYJS3Z3E6MXdrkTf41EAyD4PkoMTJfsq-x4WjFeJ-LtJwVj1UhQIULOsiW29BXQZI3NJ-hmQGkEQtn1bI1VflRA415ZHizhPA6JubMqXRlO0jdBrbJX0gx5G61irlZJ7-Ke_qzMWZYq9OBYQ1MOWDZLYkoJ8fWZVp3Z1vDdE'),('9f492cc29c983c424cd3bbd927708b58',1330915009,NULL,'YZBnlOZVkf0nmQmltGWzTqzcNOsha9sSf1wF1KYf3Z0Qy3u70GrfrADX5FMEzr0JdwfBqOAvlSCHeJjLraU5oXuXBjD7_KznUC-xSPxwMDDZkaGqllipXL9LjTItwARhtfY6NiyeTmBQnpNRZxbasw..'),('4580a5aca370c26fc7ced3f1012389d3',1330915031,NULL,'FsvA4RzVO_9P0CBFa5rn9GmNgIJbD_HId9ds3NSLfPcDc0A_7HDv_oaIIKPrxXAfUxRRuI6J3TQ3O3iSrGAHiO6NZCWIb70R5DxI-pQRDeOfic0UcqiroMSyO4WSr8AzvhNO7chc5CNq43-vNhgrJdVAIiVBRbVJAfgU_Vd9xmD8hqa9Avc8pONkCs2Jv_QyK_8FWeBmsWNCb5_bRkA09A..'),('4cc919ec5067c97c5e2d0fe1471939d9',1330915396,NULL,'1QSq9T913KR1yevPwhXG1EatZk1HG-mn0Ao3Ddx6zXtObM2Ecteyji7xzAyJPpkTy1tsFFBOEFuF63rgk-rymlyJqTvmjWHfLGgv8XO_ejIA9V2-q5dStpXazFrJzB06YDlRjpI9wALvTC_KXpxDgQ..'),('0340b7d1698e88ecdbee4bb6ad006139',1330922683,NULL,'CCP4V9HE0LjRyu_pVBcJiYMAq5iHE-oB9nl8rNkYrj_zgHAOMiBjESsjI2_fhn_VeZjYJO5yrEz-04zHlz78m2S3jty6fCqGwuV_1rZ6NSZdLw5TimXyMcUMVlCVNQP-05WQ3inQIBMBEqOlrWztYg..'),('a290d8239f2c647999560a4c8c9e678d',1330922806,NULL,'QUvID1ffVhN72WSm129kzOUXA--Q8ZhQs5WJKAtsbdHpkt-F_EIMbqQdNaJi1wpfT3smOHj1v52xrb3Qd78h4A03gKQpEEPVUcyxNlflTeAvMGE3Fb-K5HuJLAXzovE1DgUmtliEZEjp0xq2BSrKA7qnBpXII7_IOGBPu7-LZMA5DZtniuZ8jbg4wpDRAMId0KeNHCgup1niqudJSRv7_Q..'),('4ec9710efaea09ddf09c8bc94e32b910',1330926759,NULL,'WPHOby58dOGP2ouuX3hzj5OnmV0PugntPHAPCXneekQneac91B0Kq7sg81Ed5YJ1j0DGMRY3JuZ1kX76go51R9VF5Yj8uXE6kPC-dplVyZE0119RhbffRI32T2KkHoloNgmSMwWoONZn-DnUlHONP10YId0IW9ci_wbI4jK_a1sdTZUsIYv94FArhEHjCe9-'),('a3ba3c0222b8a9740940fad86cc80791',1330929916,NULL,'S98Vi6yLx_ztoJKa0ouokTzbuxrORfeEMlCEydg09vmFP_hd3p870jbwpk5DdC9jckmqg9YdbZJT1wcJxmdapHERilkg_yLoUJ-F3h3iE37UvFkF1le6ZSEe8HLJQejbc7JMS_o7Q_q6pnWAtKDVBQ..'),('1ab786ccd34d25b283323cadb7a235c3',1330930322,NULL,'r8XGjxIK2R3-si_iw9fJdvmIy34L6_8vFNwTL0Mg0ESI0-bCpeu3R79DjRSIWatp-o4gOgKefF6dCXsgFmVbG2cZmnb7AHjc7JZUpvPk0ymAXbBdvTRj1Vo-GVpVgYINcv8LzcDfFhyAZY5LxLpMidmiEG_0UNz_LzVVmmv2-g4.'),('eedbb2607b9245a9dcb3eaea71dd04a1',1330930490,NULL,'g1V4O8rC4Llerrxwk7GNcfvPpn69T9zyctYWVvRo1sYuq8qG8dZPXLB5CZqBP0gsdSXR7szbEMV8zveTfffC5nsSvtQqOw6mHk3DwgJAVPqxmLpfc-OmLrug4RoMcFcJsW06kHxnynK2tUCKrNDcrVxKfOdenVVXwRr8OJUYCQPaFM7KTicDRwxFV1ueWnrb'),('c80a6ac0836011a50b9f7d493ef13b8e',1330934527,NULL,'GMPmUGqkSJ0DHh42MYoS1QKAUHpo9f-op1NQWpKpw9AnfMn8N1VSVIxE6I3cDfIdIF-06e2ZOlOb-vt2VvNUswykfePJvGY2IHGoISd2fUSYzYqvJBVq_faPGUXfL7ap06xCOyr2o8wtjGwIbDU3PlMdKSuksr66afnKpuAHjezXis6JPTujV1LhJY-deKgxK-rehstY1YVted0ex5qOAQ..'),('de163f70291db778eacd3d57387795cb',1330937151,NULL,'PTAcdY5S0bi1KQm0s3EIk0PQIFk86OakvcLIBAIhjO_Ek3suq9oSDHIAaOxQXTReM8lmaO-6AhIR7j1nT0WUV3e69ibK_DzVRX6KjdcRDoGpocOzr_6HRXSsZ2sqQEMJglNcbpwZi6Ui4EepTnm6Ig..'),('8c2a9beb140471dbe7e4ab09bba39c90',1330938311,NULL,'XBAe6TE3rKjURzZfK9SWeD0stANeYhqGNKLYMh207FxAlJ83cYDEQktYBt92q3lab3kLv3gIZbEgnCBI-GxFsclOvmeNkWS29IeOKMCWTrMU4t0yMuhOn1Sik_bGhIX1x9-Hpah7S_x0A61y5bL1yMqB7qnv-pAZPScbvBGuPQz7_xP3Wi57QDdG1b4OEZ9WqT4sYp6gxEMjIj1Kbfx7ug..'),('12f0fd6f63e5d8ce89079ba69fc4459f',1330939409,NULL,'DEdVgDTQFokbJPokIO15Z2MnqsY583NMbHF0JZX0js1GThf8mLyrb2wyFe7Ac-suJL4fJ-VCDbes6SD5qazuczersfQ46a4E0yil4ZIjX3UF7W2aCBdhXzKm35_w2a1zKdDSB2woELiVDmdcZ6dbEyV860VGfSxEUZshgq7b_AQ.'),('52cd9bee5f169d10b2b5e25d82463a45',1330942129,NULL,'C1h52kr28eKveducSSEzuCa0NvYNpjxzgWf8Tt6BMhLD5JwJ-6-53MActx1cHJ2cKJidKEdCrqAgRfPmvd45XaMf0ZtJwnYyCdKkho1freXtNWUT5a7QVz6lig6dTsuryVmJO3HY-Y2QHasq2bTK68GpAe-0JwHgDL_3_qPsJ4PwmtLyDXmVmC4ENBmgi_jk'),('d9b3dfe6c171b1fa116d3540333368e2',1330944143,NULL,'bCmkx_zUzvND2_4TXxSzWdRLzhsmXlbU07IdfvyQ_U_mbXoZfElTPqltroSGpk9cFg-ke8wRcRBs36uhmB5XNRGf7ZGcdOio80xKulpIqboPNdMubTRGWB6X3B6PEmrmPzljRBX0k68AEt9vNSv8OA..'),('f67b66501d6c155a7d75c6754fb4313c',1330944691,NULL,'VmkBaa0ZMqrl4aCEFrtSgs45GvWKB080iwLY-w9MwjTr1o81NB9fhIMAj59_SW7vckPyRIogZQ1YPfsX3huGv6XSg_9T8m4c7jic26lW-QtbRt40C58JiYBd2w3_Bd740PVEOskwKg7lJ3VvQDD64tLv8UaaJobbftKVaUsl6hNp-9MMb0qWUcr53wp67Nfe'),('cd684afc210ad92d2e27a548f0b1b988',1330946114,NULL,'7eBee9hfruo1NlORuzdSroPWom8beEKOeF2JFRD1RH_f4fntsHapTzdpPiGe6Vygmg-_7iF1nevbZPXNCZsNZ4u6wF48qWFof-cfUX7dRo48c7wr4glpEMyOBnH-Oxy8dLpmoQN6IOLCd1TpQ4Akre6gYfnh3AKqlu651gUIKn_vdzmJyjkL1Y5ZZJUsslXC'),('de7dee7ed85d15c1839baf24a1c54786',1330949888,NULL,'2y8l83RMvS3u0bmALXYph4ccjkWO2DZX5PqgQmiRw0lPffWuUawDlrZ61QSIOezGxSvOlYMYCFqFeYBlTv0GRFIvYH3ZS81YraU4DapJYTVwE2cPIXXq7KRys1iYhAglTJChX-kS8HIX2XCT0FHxOnuH_LFfUvamIFqsY6XFpUWWcqlzFfGMm1YH1AFHSZBJ'),('a108c8e75ac1bba549504ba0fbe8cafa',1330951504,NULL,'aT9F3fc0KSAW5oy2pTpoZ17oXrTjSeuEKiEDW_MDvDKNHCeFKH9wewkJCzr9ajt3RVspcSQceiFRb9V1-8sCxUYeBhE8ddbxrhBWvzFleUqC9pDXdtWI4gIzr3dfgGtEuLmdkBfRB0WnxExe-SDnpw..'),('7d2285ec2575adfa918291420a3a2e21',1330953799,NULL,'gV6TmYULXKYUYtGhakOdk72RLE5pXz9bImtjSbpJNaVUcioPCqqFNV69Fj9lXNEX9E2-nTxf3CUrUqBg6UF2ZhV1WZVQ8jTKf3nTQun7jSgGnm3DfyGBcw1EgC0hXLC4GOYNQFhtbAOfozekYPDn05e7pFy5pRpBpyF3WOeN8DY.'),('52309b9be907078c3ad9dd51fea2f2e5',1330957722,NULL,'DaCVYNJhrnCFhVAAanVHCdHqu8xH2l2-NVKUgQrhGGpHkdpgcf4nn9Hee4QwXLLMTYr11hdLRCDPhjlR7owFIq7AJfdv3SDyGs_xSFovyDyFe2X76WIGKtZ3sQ05WV0jaVTUQ86WmS6inbkGTgWUp15KYlHQsSQCxWoNTQRR9VpNj0nnLocFNxt_RoFBcBtbzJ5czYX6RqKQ3tcoFLypsKYeukialLrdoho4AjSOaR8.'),('ad428f519d06a182f6b9a165243a980d',1330957971,NULL,'kKiOvU-NzbRokm4vIGzicg1s8ECQ6NQKnTxSZr2qwapx_Sbj3WHjakBou6oI23TbABxxnCHHjCFfy6R04Uvk3rkh-E2BI-9pZVGyyrJa6Ic_8RAlx9IU8nFx3Q6mUNn8rwrd6TEUqEQwWAxKVhvYC7jLuUiK7Uppx08Jkzi6Y71XG8XwzP-iMt91YDMyhQ7uY8pQut5uB0rewg5Zsv1r4PcT2bTQ16uWD_VpjHFM-FE.'),('0198e5221fd5362bcd421836f71ea0bd',1330958516,NULL,'VKcLnxz6sntcDbxfGTgOQ2dIn_cynCWMkFfDkLG8Dz5s_dvsHsBMch8kRzPjWLuR81xEqyJ0Z3X1tHbrlIVj2ISx4ucyzMZRU1ldKQIa5VeCi1V1dib4hEwp6XJXhag3ijG5A8pXxmSuJqQWkTLDqQ..'),('7d4d3bc9c07df62ef29c2917c854c409',1330960699,NULL,'4lPPHEfrzCFOACTJ9YGq8_UZmWFsJT2bQl046geW54x3dxh3fQEfiOEWsOlPBQgop_SD711dntugjKW4eOE9AHLMMdofkYUuVwF460fkWzR3XC5NtTuvbwkUT3INL9X0KnmxPbQg5T9lPrcaQXNea8KVDsNwyuwG0ZUYcAfCUDu0NTKZZHhh7TIYwXKf9mSN'),('60cede7442a8827c66ae9b285e51a6c7',1330963758,NULL,'LiV7p0gwbsdoqGu_kFirLiHg66zIepkg7AoyOFNYLQg6Tb6MmZEr_luumn1ZwLAJ5VAUDR5djmjBDcFtDFcqKR3AJNRCHFLpq9t_wo2yfx6IIYtgXklpczjs_ll7cDleOKcw8BpN1-zy2_h-OMrpnAm-dGqSHS4UUHS8Gw0xAtu0d_cZrQHqxT8rDiLUtKSq0_b0z1cEtU8LYRJo6k2nJg..'),('bf7ef0c7d4171cd90bbe2e17bc64188d',1330965876,NULL,'90qZSoqwHaj4IAwZgJGY0WdvgfB2HoWkOSvIc8gPZWmPRFfBGK8DiR_Fs6whCxrFJPmL7P7NKKU7epSnA04kttx6bMcrYiNd8TePKnYQl3BBULeOpjXi2oa8FmkqAkXFHcA_LB9CN0m4n-KYHVurCg..'),('446d690fab9beefcae8ceb890079642d',1330966849,NULL,'DtEwTGt_y11ibvZpI_i4lVVLI6eWPMkKIqyKtIk_wlMP_g-0bMnoFSuxjBq29-Wf7GXRgxaXC_Y8ksskDK99btKnTv_7_woR5ITcP1ZZFSj5dZ89HnMXKEgqHK0vFDkH5GLtDIA8DTHnfrJEWBV011FstwYYd8wRRQHsDukOezT3tIiGgryOis7k72WWllvE'),('d7377680f5b216e750709e85566b1e0f',1330969728,NULL,'zPaHfosujsUebQAHvftQkbhUe5iPmEimiKTuU2_4P_b-gZC2HY9SF7bWnwwx1GGVIHRJCQgC44lLSijPqDoLrZnzx8tWXDQi3qK2AMzqTjnHEwl7GN5XgZzFDIXH8qZ3aKGyaqOaORNWVPgCwFWQo7X2VL4I3RGtc0NBXDSd4AObE50dWmYS9XaYDzNfLKXL'),('936a8a8d02da322e1240faa9ffe649bd',1330969732,NULL,'HQc7wE9NcAj2MfgyUgs_-WTgGJ-aqstBgLitIJynhQBRs_Z8CfxNy-ZB4ZK-X8shYQHzw0slpASYwh_pZwlQ2excpR8TGQW-8DyaBcB8tmH44WSl3jacjkD_TwZgwDlUX5Lo3UflwVGzxlylywLNZ0lJ_oRbPFzOnkbV-mGwQGZA-OdCMG3U1Y7HWdGUcyCW'),('3f2ef083e2c4cacfcdb0ae58504bd608',1330969853,NULL,'0wlFQ1hHrcl20uIiLYyjzdjgn_dDTOB2yq2nwASgzZiCgf8T46yUnt-VJ-2lBa_o3QM7xHnbSBNHK6U3AFXnGLM2GDpOWMzfP4YLVHTVBYaDI47khu-UH2RcjGccW9cgkS9KjVQoJS6sgZ7I0HhqeFy7KdY4ojAsGl69Mjw1f7_cQ4kcCsnrck9Kba9nphLs'),('cd7bdc460ac475fb045d9e508a8e61d7',1330972869,NULL,'_CTeaEp8xrZyNzGZ6HMckyZ9-abDNzZCViGjm2yyckFuI35guVQelIsiWRzrjMmTmGGhIvTsoDhaoxtR6MRjN8597vn2n9j7VGZkqNJh5b8EQYLayZlaJs19Wg_W-np4mfRs5B5eOMqc4gr71WI7oKUzAuvBc5PQuQbDFK_vwBpT-QpK1ncbnSGrShazMmrb'),('4a26c4bf8ace528e012b502310c14f88',1330973082,NULL,'THMsQd1zw9Y4PuRh4quIxmEcweWnzeR6mBwNegdei-qNtmKEAwSczttp1-qbX6c5wDyk5vQ4aatdNoc3m6YtqThUCFTq1YMLxtcZjAZ7KSS-8hUUTwvKOg991LRBZB6vny_zWFpINBgCtvzq_D9Kmw..'),('f630a45d2df112b9385122ccb8084d43',1330975849,NULL,'3SWbc-wBDk2MjREfhKn5gsMCZniAaA8bfkmjjH1UcEAtaj1JTRd57-T0ohNhSf1jNhCfL4a_k9KIW36VWlTopyIbPTkT0P1q4UX6FfpZo7FFMoJ7yIIQRU3yv-nyZnyLyxnmV3v_sspwluekFZSZCH8s-hlYeeqRzLkPkZ10FRGyvBfeg2k09tjaGX7hoGKl'),('cd3c66b80e7ab341371d7d9b1179c9df',1330979237,NULL,'GdQmjrM3P0HNJjWOczSMyhEQomc0F_06whU3osSP8dl-PX-ARsL_0bAqZ3CSJ0She0xKjLPNxAYnVSdmUgIrIpniDUoxPXxPNgUYaV9EVLB-QddlclzPRZs6fWiEXNevLQzNrGeGesu6U4FsE4XEkf2z_-6UQVuRz1EyGD2UdPpTd8l7ZDi9mopKvukkavml1jQTkoFoUV32OnLZ2nNvTw..'),('8fe08552ac7275ede1d927831c1c9805',1330980185,NULL,'h5a4n5e8pZGynTXb9cCmuXTJipNevbuYVORlPVg8UH7s8iTOVKXHWXu5OMPQmEijhl8SvlKM4iRnRSb8ckDR1_VTsIVWIbF-c-UDYpHxh7iQSFfLjqWvWbXZmQrkSIXcWaBwfJQfspKBELVAICZn6w..'),('c736d3cbd216c3d9c6bbf307d082857b',1330982293,NULL,'9qJV-oEWcgvrllYmoLYg_JxOX7y5JicORrtnGggHfS8alAbbb1HQbNsOqmvm_PNPtCeIiXWc-3PQ--NHb_MD4QCTgM9_ht27euA5mzmFiTogyNRZqfDjTdhuCXHmuKBZRit-F-X6siKB7H-fvll53sAMawqSs2e_hOQfHDxvfzT3o4tHfwdRQhvR0evIgWAr'),('4ec997356b14382ba4bf21076e72a15e',1330985406,NULL,'Rv9rK4Vx-ctaL9JRfH7LEb8x65RoWr1fcp4sITTdFjTi-gjI0w0kinblSnq4sax3su3ubMocjAI8LYZfKIJKWjpxGu8nGwV76GMN2f1H0G-2E5hnzO0pRnzpe00tG0CtaXUGaV9-IkZNmXwd6QBmd40qSGF85Awl7-rgOHrfd8M8OftWC2egmjkmYUb9oJNB'),('dc6896180b481e675836e6e7acee1606',1330987450,NULL,'YZBnlOZVkf0nmQmltGWzTqzcNOsha9sSf1wF1KYf3Z0Qy3u70GrfrADX5FMEzr0JdwfBqOAvlSCHeJjLraU5oXuXBjD7_KznUC-xSPxwMDDZkaGqllipXL9LjTItwARhtfY6NiyeTmBQnpNRZxbasw..'),('0d21ae9aa48b4667bd39f1ea5ca5be29',1330988280,NULL,'W-87vnq_VZX_lf_qlgtrAvKzHs9PwyP8wCb-9XgBWpyYOXnGqprymjmXHSmaXqyai8QZhQDdQmd6wFt_Zp2OaOK-Iot108Wo14Jq8x4_zyD1R5840CkdGW-8_WZUQQ-SFxbFuUhaZnGyqeEAC0m9OFK9IYkCdiP_t43nbWg0A9a66akh_EByy3ETPRF8ihke'),('5dcdb15abc5ea4b698ef71b87078cdbb',1330991352,NULL,'3CnROVkKyn5o9kQcGrYN4u6GZJo1_74aatUh3sCJpWiCS68is-Q2MM-00QG4Aj9SHC5LYSFtzLWEkN07objDcl7F0EMpoDFuLDxIlJ51zI0pvzlghn7ugSeLsQHCp63edrDQdYwlm1mmRZXIpCzMW1dbGoDbvziEv3ZRT1LctW1z56vUKVgcgSHJyYuS3San'),('931bae58d16f31300b61d4bc5f8a9177',1330994673,NULL,'LXm2GVvFt3gcxuwwRw_3gEz30qJ1lczVIrEaL-u3eXgRH-IfOWjmx1mK9q8Uv2n9o86b6j32Sn5WsyRV7tLgXaRTF6pTS2a8IXmT6qRaF_gUa_2KJQQdhnULFqpXvora4Lse-QO5HcTJ6G9fqdPzYw..'),('dec48cb969b9f9a27cfb1c07c06f5eb5',1330995494,NULL,'hMPGm4KF7sa8RACH_cw80zhdwEINdaeZs9KYMVW60E67KXEMCmyNEMb5b6-PTSHyGIpZHzrXRGX53yjE8GjQNLYhhAN7hHei2rYxgThMSnQ8w47mAf8QUeL6Aj90w99RkMDI2jrXrkwigDrJmVYcXGpem1mxwZrsF4YyePb3YrXY_-DSuoDv-3VYNRwzNkop'),('7d81ff1cce9facf2272bcea365e391e9',1330996539,NULL,'aMHq192bOuFk10O7EQB6qqMyPpRzYFx4gWbaD903yAnT0ddBAoDPI8RQ_6GQdxE8zOapF3x_arlzWy8XjEnm0lObePIJtTnDGxZ7VM7Atg1300Y_X3kYEVX24rGM-8QrqE4LvfCvsEtPKEBrJiz0fZqDyC1Sbb12ATavGkT0Q0iiR_dY3aYBgn8iHIk97q-M'),('c0808016e53e19936b64bbade087c206',1330997273,NULL,'DjbL7_b0Lwh72j5vA9jQyKZhlqUZckPPZOwUqew0CwR26oJ10dfbVJIZCFYyumAjb6dEZY-a1WTMMr56joPLYYctRNP4oeCVq7uFFAI3cHxR30LGGa8mYu77gXaitaaP0FRPP-JVz287mzKjFVTuCbKlHWWrby198P80LS1oXPFU-fECcAmdrW49zbcvmxAo'),('b4d3ea1fda0f4df221116f4583381f83',1330999620,NULL,'hMPGm4KF7sa8RACH_cw80zhdwEINdaeZs9KYMVW60E67KXEMCmyNEMb5b6-PTSHyGIpZHzrXRGX53yjE8GjQNLYhhAN7hHei2rYxgThMSnQ8w47mAf8QUeL6Aj90w99RkMDI2jrXrkwigDrJmVYcXGpem1mxwZrsF4YyePb3YrXY_-DSuoDv-3VYNRwzNkop'),('a1a8fad1676793c9746d155fc2612b15',1331002034,NULL,'crXDWe5EKN-8ZmyTidjzKB3VMQlrznVDI9yqhVOACOzi9DgrkOkCr484lpUbQShC7sU0w__yYI7nDfqXuYcjSaUjEGL6K7HSU7K-Px6XKmAyTl8N2euUPCqhP7v4Mtsebn6mnLLJd2dhfd55DgrOmA..'),('c3b69b14db0dacb76c42a38b887108fe',1331002511,NULL,'eO3iBShDzTnfISFQBvHGrN2ip1b7yymxPajmVy6dwK7_VnvpzMITYVMZt23ngL3IPihAR7HEvdFMQxV1OxezcjtmYtgJuRW6VSMMvJbZv2Wm7qwMVx81rWWklmT6kUgPu5O6MFaZu9StFwAnUMJEkbeXHysWoA-TRCZqIGg0tpN8vSnqJHr4cAqiKv9Xo9KyDtOQNFwVXZUmKhUZ8kQxCg..'),('3e487a79365658af7358b9215867d9ab',1331002742,NULL,'7Jr2w_jTM6b5plfVIHoO2_82SC6Zn9KPgsW-xzoPSzUbnX8kZvQEIpN58RS2fITxK8PamHbJW7NvdP19bPTp4oA4DlgQNTFgNVBSAtJ8D7BBdnPoqNouQshwHsjsQdE7MyjZGz_H4IKyDXOvmXH7bJ4r1nSdwSS7y8J7TWTvlLwCPWS85CwaUDWCNHmx-1ix'),('287d8d861f2cb44c0df8b8fde5471a3a',1331003037,NULL,'hMPGm4KF7sa8RACH_cw80zhdwEINdaeZs9KYMVW60E67KXEMCmyNEMb5b6-PTSHyGIpZHzrXRGX53yjE8GjQNLYhhAN7hHei2rYxgThMSnQ8w47mAf8QUeL6Aj90w99RkMDI2jrXrkwigDrJmVYcXGpem1mxwZrsF4YyePb3YrXY_-DSuoDv-3VYNRwzNkop'),('bcb03c1e77dc0b78d45701d23df3d50c',1331009075,NULL,'0vAr_Ux8uWoX-7t92nEUJRJ0heOolxJiOI1shmVF5MibDDAQcWb9ERuyU5zvnMC1a835vTFbYlu0hQmxe5PHEcW5qgl_IrCtusovKkaZ-GtHTYOLTq1Az4R0mwFmXhgsXBXA8PB_sQRZNMeWKepCOA..'),('60fd529e8a9494ac805c9d90321dcc6a',1331016279,NULL,'OQLjDC1WAMM0dcGKhN6g7G3lCciQtWNjt8Fcg4M9IVoCTBmpbDlTFtPX0iQrUSs32AyBKQn7msgBGoNoAaOVvIQSxejWuLDxHztEVWwn-HO4aYpTgjOLdI-RUgQMfFADsrXhXj_ehDqn4PgULkVBqg..'),('718523654130677ee3f3da4099f5e575',1331016791,NULL,'PmOwDS9IKlf9bznQKgxLz_Xbd2qvSSLiHLgNdQT9w_4hOR5IGG8cM2raldCqgm_3MRJ5aFqozijKc1wZjhGT_-H4S2Gei-FqkJ41BW-mZqRnWQ4QVGK9rIyUMG9LiVdNs_GASSFTWUvlZATSrQ919jVY-fo1UGMijHBb0_iaB_2EzOd5SPW-7YVMcKjHjOIZ'),('442abcc810e607d5ac47486d18d22e29',1331020510,NULL,'TMtwZJCq5TWvZIJygOkDQ6liIFzPPHd9Z6MGyLWpDh2CVNLGWhsdMonxfibOBbAI8aNQVzwTAOuMeQTJm-YDO4u9TFSrEaG-Dw9K8WNTPNsQ0OoCaMDZeILlzY3Wol0RdH73T_AbY4plFE7Of0jt6jPHaP-kjWIATx-Qk0IEWKc.'),('2b541fa7657f406ad71a7661028fe65a',1331020511,NULL,'TMtwZJCq5TWvZIJygOkDQ6liIFzPPHd9Z6MGyLWpDh2CVNLGWhsdMonxfibOBbAI8aNQVzwTAOuMeQTJm-YDO4u9TFSrEaG-Dw9K8WNTPNsQ0OoCaMDZeILlzY3Wol0RdH73T_AbY4plFE7Of0jt6jPHaP-kjWIATx-Qk0IEWKc.'),('59c4a39be7a48ddd0582f0731b4e0da4',1331023374,NULL,'Z1cUjR76KIsssyK6DmU4UdTYZTLGsv9yhogGrfx0E69xGOdgXgHEFlR9z4uxWPrdjEE46Dqz8-orZ5xDAr8bUZ2kkZp390_b5kS924GRAVJ05jh5O3LrVW4Uo25hjHnTTb7sGJTFUzuo655yzEOvgA..'),('1a3f7e10630edd2d02b2c8b71a10df00',1331024095,NULL,'RTLA_HZls3U4jWm-cBO1uCFz0gZ04C0A85z7gh7pfggKQes9HGzh1spkxXoT7QOY5i91UGUCsvnzeZGcf_JAiSzZPW-ecLPKSGSVdC4_TGU1dwROacgWngGsPXQQadezATPuPwIDn4bDzdXlkYR13CE96SC-5exFPtnCxVul8mZfPn4vF9-5dnkWHTMm0j2A'),('e4336b3271312abf50b282c584faaff3',1331030368,NULL,'sWGwOJ7Y-upBlK1DWqgJSwKjLWHeqMmjhPlp5kg-3yBJOLXlq_kUl-iXyihd0O3RlaorhpR5rLzWNSdHiEYABFu6NV31_OQklqIqQHbCXfA4L6ijRa5pZHN8bOzt3pp8wS55ErD0XxNSjYM-X0UbBRgcLTx2FGg353QBoKaDLOUGBlbJBr1P221jlxzmx1mv'),('50f2d08e936c66dce3d13f4b180d5710',1331030581,NULL,'ixGuO3mjss6i6vnz3CGPAu8GW4PCK3uDcBXiFmFZC7liUoVKCp1MOP8IjnROpdai1DFe4ycNhLDJUOw1Szdt-euNkO0-hnlCQ6nNM5yIg2FoDw3yBS5AB45ketjlkf7TshNsRAfMV74hgg-c1aeyDA..'),('e0a75e121986aacc063a84d23302708b',1331031150,NULL,'UBnbAJjgQuF4wIEekMUFjEOoSPBk2-1R1xIKi0LRmalIOno2FKu6dwWx6noMUVJWeKWICx8D0XqyYIog5iOIvFYy6TKf7waK4YGQJC51iFfp9d9dtkb6vubah0wEhmzfdAmCV8q0XmXdubkvu8vUifkT7K6lASKREIPNG-X4h_2-AR7LYR-vD5byBkE3si_5U5n4EO5Ja3UVFJPqSzBELw..'),('7c1c0a39d9ba5fd8f74c0ab5f937e52b',1331037920,NULL,'0vAr_Ux8uWoX-7t92nEUJRJ0heOolxJiOI1shmVF5MibDDAQcWb9ERuyU5zvnMC1a835vTFbYlu0hQmxe5PHEcW5qgl_IrCtusovKkaZ-GtHTYOLTq1Az4R0mwFmXhgsXBXA8PB_sQRZNMeWKepCOA..'),('5a330698e3ec50381ed960571effa384',1331038314,NULL,'fKvbPdo0g1WDoRtAIdJv00vaFrCgFGUrSQ9oS6RLOJMz0a_qz6abwWbeokw1T2qz_ESOpXGXP1HZkr0owB5NNbpC_fPqmLVu2LPrnXGHyv2yQaCm74mZSyG648ks2huL3sQ7eY96UegsJbYzxaHsFyDk_F6CGSUPCglo4q5B4MMGxJai6vetlTMzYlSx5KeX'),('d9be363299e5732bbce346ef8ee8fa31',1331047799,NULL,'8EKr5A8LsdRgMraxeapiWoQT764hbaMZbfKegYmzRL0Y2yfzKWMe_HKmZsDvmSdeymxvNZBScb9o3ndghZeKZ8I2wFrx_MkjyP_bfXt3Buwj9tRjvBTjveCYfSAwWG1HLbGSpvJLivRQYG80RxIYFhs_a7s-k25aBUd_eZ55U3wylJsP1ga6s-P_NQA_urBtZYR5W7CUDUfl9gJrHiqRmQ..'),('57c12d7b2d95cbbc4ca923cacd4d55fb',1331048018,NULL,'WbN0CiHxAlIg_MdpluQ2b--rW9bwWxHhH6p-IngDQK56BrF5-jhVct2rBht1OxK_z6M_zNRHaOiRbCQ_WqPFbm19rzS9ZikWLX9_GNRi5tJXg62eXUMBaHr8pI7r-1oY9RX30RWFU7TlXmN-p32kGfhTxWC5LYID-1bSy547kwIwjjW9viuX7RBQ3jhu2_5SWQDOw0xwecaCnuwGJF1PFJMANxCrbaSyOGXnyTQlJsQ.'),('48252366648762a8398dbbfca0da5d35',1331052282,NULL,'1QSq9T913KR1yevPwhXG1EatZk1HG-mn0Ao3Ddx6zXtObM2Ecteyji7xzAyJPpkTy1tsFFBOEFuF63rgk-rymlyJqTvmjWHfLGgv8XO_ejIA9V2-q5dStpXazFrJzB06YDlRjpI9wALvTC_KXpxDgQ..'),('72e4959ab9015c01bd3b068f203ac4f7',1331053840,NULL,'AGFxxlTBaNI6DoaFO-Bh6yzNPQktl81JWL5xKoiTltZISyzremgvmmUOuqIM01iSkVFvZzPMUeYWtPYx-1GPXDWOBLj7BHilBkYj72gQnj3N_hjb5oDS3f3RZ2pKDa3QBmgVAaP_JeiCJypb5FgPyfjVcbxWZQ-4-UhYdYPtBYON7KOVms8U3M8_VZw0Lfc5'),('5a69ab70cac8f373ea016bf3cd12c54b',1331055802,NULL,'xLaeNq5mjI-aBzAcfP55k0ZhG6U07eqRZ1FAvxaE7ogkbKzimc63ehb0ov0930Lo74w4nY8QFXV1PowYSsPW8e1cBfMnJjJbbATTMBGpawM6b8apRgpEUE92GbHJJ9wwkdnd-jIkO6OfQI9e9zhdVg-Yhnf6sWUTsZ01uYfs-CU.'),('2482af2f03e405e7cf212a791e0b85f3',1331059476,NULL,'wVainAeanLkN7lhUilCBbiwv2QdT1ClEqsJa-IISYpp9H6kcnSYa0VAp6BI1esQPtPqZJ6d95_3C47oghFBTaQr0JVSSTqZB8q3eI5NCJMNhcMrbwyYelN_Ti4Kosc4bSnjCYpXY2a5KnfN0glN8dw..'),('7127c1d50d752b5ce4286abf03caa691',1331065937,NULL,'zrUY2mU2vFwWmSNwuKTLIsn1nonqvLn4EK-evbT8LYghggq22o_8dJEIR1OytfJuGKXcpwl-tB60Tr3our_GE_eFjoebY_FydZEsPWO6F1VZ5og3xDej8EoU6fbfd_epjEkNVRD3e6d8BnRDwwlJ0vdrpbDUzs9cxj_y3_6wQ9IevHF4yA--7YgVTgRr1ital3GixiGNiguXvv6ZArmw8A..'),('b0a267943fbc32c528ca55ed4539e148',1331066456,NULL,'i1Q4HDzdKQEErpxrIiSM09wISlF0OlL8T78nSXXtCcRsxhPvaqf18rBGZN_LCn4FILvHkZd24f8WKuVsvt3LYcC4TLGq2aIOxUu4XanxxN483pf4fquO_ZM1deoOhoadB0X1T8hXkaEr-yCujLPseepV81HYGCx_6pu7HvlmXoN3QN7GSCCogwHjrbehxjQmskvCOsGbER9EM7ZaLrUP2g..'),('22b5a9d11f94bb4f3381d320dd72024f',1331066613,NULL,'RwS5jvc_NO-fPGlixAoE2hn7YF6y0yjD9ihOKzfPL9jN04N34h5iGjq6DJOAoYh7draSRDMkU5cdVUbEgMKAsiFvBBCbi9zEcxpOA-SqcdcPFRzR9Lv6K5hFMLucEAP9Tev9yj3oGXObha2txAwRrw..'),('e9752b62a1bcc28c1534881088205076',1331072372,NULL,'ZUlFkqXEJAGWZIzlo_bEkdujGc86Im5jRSirVn72TWusDvtnvOH36phmShS5ZOp6FIgTAEEnDHpJRs85gvjEuNVVaxX0kYVmnemuoj_EzN0U_Nr87OuhrIonpZqOvNPU5vqOCa4sGnDcTLKlJxETyNRki5nEt_xqJIzY1nFwRORxQCoR6YW-KZlRNSqLdigSJNLNczKneD2YkvNYG5eRog..'),('b676369eb9003b2f1729d476251e8fb9',1331073749,NULL,'CrqjePyUGd4c-TG7O18JoryxMpPpItffXMkUxvKsHT8sOujO20IEmEeGMxcZ7PCNUNs2RsBjcgXxzDguEbE4cwIt2o-OcYNbpakf9mC69ObHS97csRHlzUZyUQOEVUey8kx0gaxRMYEHSq_LheZaZw..'),('42289829a6f869a907f493f5b3898d5e',1331074873,NULL,'H0QTgPwUiWzD457T3bm6CsmgVzTAEgHYr3QjpLK6WogBvZqoQTMULqOTB8xoCVDRffTdGzYJeqB4DpN7r2ASgurrM34-xF5qqsWkhVuotkl7rGphS9VcIjW93DrolhsOHLDLb_M1sj7kx3axP4dEgbjWmlpddc8wTyRVE3WwSEs.'),('67b06000a7c6f0d9228ef12dcea163eb',1331075818,NULL,'yGRvAN4B0pQZtaAVcowMTSsyuErr2TBktNL61FVyWaxhrtyAwDPdOjBafp27akd2O67QrL2hwXqvBdnRfGygv4604doSgOFprTQL5WEhxBuMG8y6S6X-EZ0DQkWeZgWLa4rL2IbCOOvzP-YP_dFJyhu1bWWCvCw_vy56zK5zBh6idzpU4-N4kA96n9oyZ7QmDjMF-3m4Scpi3_YBBt_7Qw..'),('eec11027bf663b23ed554093f4864c8f',1331080755,NULL,'ylJW9mybOUTJAa8nKyWVHA3czi2nM4cN7ReMtpxviqyt-BfvS31mwd6IfOLvOZ6q2es-fLRPpwHiRYuNGKeVR6kKvlvuEGKmaSQxT4KD5U4zHvwi0Py5Hru16OePVjYrrFO5M69tgbxa7XguoadhJdt7GeBFeJzx1sgm84R8W1I.'),('9593588ae88b00f8b7d8c927a01990d2',1331081134,NULL,'M4JfSmW9Ppk7t17fxoqS_kff7t9pe-GVXIhR8qHCc6XvweoTbj3dazfPTfiY6oj1lQ_XZ6OuaqiJrphhj92M7nI12ILid0QttzLYpZ5yCxHGbNcgAVk8RgDLdQ_Rbu0yoTeWmRGQ-0BWEaoYeQTXYA..'),('f34905cd8b983e52ea58752ff39108a5',1331084481,NULL,'XHnEzSWMFuzykC5fVJfVN1bKFp4BR17OxqKgH0l0fJleOxKpAk8I0O2uM_z-pc1Rg-Z3jKDjnscObvNGReDZq90ENzGNjU9xafNYMXE5ukrfiAfr8C0hGYC5Jz9OIrjmJQO9d0-t_Fjqif39VRsutSCIWW8bMPE3y2hdBSheFl81QNk1E74yLkyvS48plkR8'),('bfba34c59e239acf41dcd450fa7400a8',1331088207,NULL,'PTAcdY5S0bi1KQm0s3EIk0PQIFk86OakvcLIBAIhjO_Ek3suq9oSDHIAaOxQXTReM8lmaO-6AhIR7j1nT0WUV3e69ibK_DzVRX6KjdcRDoGpocOzr_6HRXSsZ2sqQEMJglNcbpwZi6Ui4EepTnm6Ig..'),('7204e4cc3b7d64be961536c8a1bcb1d4',1331091760,NULL,'yuQIUVKnk1O0rSEasDCRmt1l2BSF_rTfAsyLZiH8leo9kNChNtDj80tzuiMHk1rS8VDMo6smPoAeTN9eQnLUywRNwadmcfDWA4C3XQo4-hmRQNCPLPfKI7GSjxUVyhvTsQO2hwLxVFQ7v-YkKNdogNEmEmYDsj1s6K0jhp8_CmWVVzCM4SUVCaTDs1xpOL4Azht5A8_WDwkdUaccxmGNhg..'),('f133fd1dba6aea6e3b58369ab30abc8f',1331091986,NULL,'NB4RML-l9zqA9OgSc6Lf78eDbn6E09PklE_drN1o73-E4R5iPbNqbuI8V0eqjTvPkcCAfGJdWvjH4Z7T1PAu5Lv2t7XIQ-Qd1zPIz7nnappTx0Cj6dpRyhXfFygwXJtredmVrg-icpkKE-BFL2wIfDlVijVDr-Nq2sOJ5GJRIYDe_S7Q0mh1p4W2R-csXJdv'),('f1c35569ed37eca2afffead620837905',1331095445,NULL,'LXm2GVvFt3gcxuwwRw_3gEz30qJ1lczVIrEaL-u3eXgRH-IfOWjmx1mK9q8Uv2n9o86b6j32Sn5WsyRV7tLgXaRTF6pTS2a8IXmT6qRaF_gUa_2KJQQdhnULFqpXvora4Lse-QO5HcTJ6G9fqdPzYw..'),('e275bd2ab52a21cdc22ba9f9d5e75cd2',1331098231,NULL,'AapEfQL2O_EyvJWYi9dBiOLkHq_lNEnDCGQPkmQLf21IH1NEXQ5lZ3VcRIss66ivqNLndyTxh3SCM0W-Kn6OZLKL-ozHHX3yt6U-Kz0xpKGmUWG3xxlx9PPPwyBQpJBou1rshBNa2no14D-eT3k8clMq-1XIskIrf1tqHJ2jQI8.'),('9fe6b04e252f1d5e92e920359d456efc',1331102120,NULL,'WgkaJ2fmEJ88v0kqiCZWJ4fckebaxtmtb45EbvSvhdR8nDCJb0JyRixD5lH32Le22MfsEEQ3tv44THhTjAl8pCYyy_t9Y5-_zyyAZTsfvl9ufUilFmGknrU3qrDx0s6NI-RG1DKn0hjVYzINXj0MarXjhy-ZT6y-PaBTvGSnwYLHfuhOvLurSG2M1ZnNbcdq'),('08b4dfe38798d5be1d39c3d2f146ea9a',1331102633,NULL,'ZR-PZQewiQSHY0-ChoUKA14U0-BLhF9NKBrWqzhqZ4mtaVNUNL6o-js3RVYOkjJFSXGyABZKpIYFUb-kzuY98gBu8-quY5vl3_nAbdiWFs8Oy5nCii991sXK8NOy1EKBJPsXZuD4kzknHFcMEilz_bAtbioXPf2AQD8P3BSX7NhA-uAkWA57UZUUSwYfp_djpfTAQ8rl5JYqjmWxxrNsew..'),('9f1c1a4ada32905e956f5f4d24d1f083',1331102730,NULL,'Zpe0J-cS-T48EG7Nc5c2Aq5nnxZoIIQ4eir0FtWgLbLqa-QOJzV_0MHleqdWeGYf3MFfozhE400KNcGojfn2T5sUoQfRIT8Y5BVr4isqjsOK7POlvKApFAWg9MqmipFqnAFVIdaO-ZCWLU3OKSKYyg..'),('a6a3732d90d317b9470d9ae9b537176e',1331112611,NULL,'fpSlaunBx-mYYbBSCRZQKfCaGNnwtCSEeVZ3cz-MSLIIDl4JinUK8lk8g6g7fR9wJiN4TTNGw6cvINMazK4Xgza5kbXPjCp4onO7gkN540z1W6v3W8u_u4bEDEmnSdK7XZCGhSsYz8j21u2UGgrv8fKAXgIYCFsDyKQt5z0JLJ3p1U3nJGDmm5HngzxJStRO'),('57dcdec6c0dc69118ae93db84a8db1fa',1331116988,NULL,'wVainAeanLkN7lhUilCBbiwv2QdT1ClEqsJa-IISYpp9H6kcnSYa0VAp6BI1esQPtPqZJ6d95_3C47oghFBTaQr0JVSSTqZB8q3eI5NCJMNhcMrbwyYelN_Ti4Kosc4bSnjCYpXY2a5KnfN0glN8dw..'),('6bd467b666f139a924801c8a4ecac766',1331124317,NULL,'s1tR7Onsi_0KblWySw1WyPPOvEfiNwIMVjNrkp8NdxkUbCjjZ2IgKlZTCOvhiHrIemD9xV9ay3fs6p3HUvvcjP7NEKMaab3S0MI3J3X3eQhpZTHUA9WpKJPF1u4IA-vA8eXKIJX1r9GVdvLu5un6vuGD2gRLlbg0YmMUeqTHIRgKJcj5KeL1LfXGs3Wixj2J'),('c4ba2577fff0379463fe517bdd462077',1331124347,NULL,'yzGJUQNV2oBVkyyTQqlOGOH7drQ0D9Brzi6yEHEp_RQC8ct0hVT8fDkdSVHJSfVUaqJSa6g_c84Kv-Gggy90FC5AEbuWJkWkC-33znd0Numx8vMSPVFeeY-GbdTJqNMX6SXMPpE4uBVqxZv7srxkdw..'),('c171938ab04278f72978c324fc29cfd3',1331126702,NULL,'cP-qhMGzGQKETsvh6mZXGD6myGsX9T5bx8Wcrt3dQkr8QtElYFdpxJ9ZPcy6GAY3k0I2n6Zp1KPj7Kq1B9pR2nmX-XGDn8D7oJ3X-eiC3xohCvnDVsw3RAS455MrA1K7-0yTUizG2cOCNWGLQAozhXyaXcIkc5wxaBqCCHFqnIY.'),('8ac6fc0db2c3cefec974bfff0bce7cf6',1331131322,NULL,'VSjRv1i5D8STt0DYiQKSx2oTuNvQXHWDpl-RqqCEQXAVqM38T3CGJLTswjNZvjMl55yoY0fL6k1qkqWOQ3LUSChUwuanjLcFq8uICUspBp3Polw_XiVD5XBJSyFBh9BU3zZzjpv3eGXOEunSgLPB1Q..'),('0a7d154ce4f04fbc08033c4ddaae9b05',1331132458,NULL,'aC2XdiQK0gasW3hGB84hLWB__RtEug5oQiHg1gKeEBcisPOYkEz5IeSr9nJpLaVZGH4gc9UMMoHXnymwIlBHn6WZJKBIDoSqHjfQvfgzxSsl-ZmWDwhDJFCrFmTecSrqQ56Q8pyABuPbF99VKB-7z2i3KX2OJ8kflbMklAlMt3ro9Y1he_ToQR1m9_QXnydq'),('90b10a494c99673f362d906b376ff890',1331137721,NULL,'DQpW8JXV78hUHWvE0bvXz8CXtvdCLZWhmonk9VtaEHKbt5f2TeVxVZG4AeaX5B0QnwDDfJ6wTsK6V78GP5HYtFGdcF8kDCdwUOnH3T3dnUM5ljpajf1zwMp8OxsX54iaBPMC_3m3EWDY33f5_2nL5JHsmOv8Gg3tFjeQBDcEaZZgvWyXN38lu5IbpCd8ziJTuNwX4qxY6vmQQID1lt3OUQ..'),('bc470e32a226edaefc385508330ab711',1331138690,NULL,'6dVMKjiVq6X2wGoaCbcCyC0gFr4FIzvRVpQ2UNlTcbQF-9JzMYuHwo9LlNEe-tFleB36PBLvVYE0jkmTWZ4PcP6ZMrDamUQCSHh_1MyskU3c8W-P_Pmtmt3Db3bH7hsuJdu1FT512gK_NGjd95sxUQ..'),('bb357c15f5820c892e252b8b170ae40f',1331138984,NULL,'N4lKihnLzYCrylOff79ljkJthyIGsJRFWzgxJGKJ9DGuz8FGwEEpogqsexedlaAJVEibia9FiPNIE24vJ8aKdto3mpo5XAtdjaMBhDhLjvSgaYqEpEjZu6io-9Y2EnrhuhmAPhU1I1jQAUHTwQMjuRck_V90iweEyM1-4HMiOb0VnNg7iqf5KGtmmVnRFz6Q'),('0f717280022956dea28adaf9e3e166fb',1331145866,NULL,'ZkVrjTLEyTuIxCGjlyaNDvLeYIuqcghUer34QzRd4jJvAp51vfHh80W9IBjSFC7_uTxOypHx0xwm_QYP4jifMqF0rsmzfKP9iSl5gkunxA9hvNsMx0hI8pBhBLXMm4mXa-J3B0MwtaZfdmeJhHYGqg..'),('aaf36ec6fe4ee09fc06974887bf616f9',1331148661,NULL,'S41RNmVNRYIldbhhMcJa_M6doNis3roLyjWP3ZPhv8cAzS_91gUL4VWQwfgY6tQa50xEQj1d8kHnjI4TQScGSWFuTCR1xCsSQLUp2M3mkJf-cWIODYRdx27cZ8eTIJ61cGa5nn3GVqtafMScQkCzbNVXnAyd4BoyZxXYqI07eZQojYSzWUlEEXgCdnBeHNpc'),('390616dfdbbe7d6a56d5e64756ed99c3',1331153014,NULL,'VKcLnxz6sntcDbxfGTgOQ2dIn_cynCWMkFfDkLG8Dz5s_dvsHsBMch8kRzPjWLuR81xEqyJ0Z3X1tHbrlIVj2ISx4ucyzMZRU1ldKQIa5VeCi1V1dib4hEwp6XJXhag3ijG5A8pXxmSuJqQWkTLDqQ..'),('587ae341e848111d836a162ee0963617',1331154096,NULL,'xoBmtq29oH_r9qdpMHGjgWA1r1xZKvKJf9yhtrBMq7QGXissymsVrlbs8zOEqcWQjzsi82oGNbkfVroV1tco1kzG2fX6jyvWT-KFNHzYM5vJewlg6UC288nyVH-wuaa7EGw9nHTslMegMCYqNBh2j0Fy5x36woileo9si4Xwv-DCx1IxJVgqyUMN8xTWgWnk'),('2206f1f728e3bc612a8e346620173853',1331159323,NULL,'x28tbKx8gLQ4dfi4maFyM6qFKPp3dbhOZOewXOEP1Em173TK5Cc8lX7TWcD8Jp_3ouf5gDMwwv1hFWxgWkrqu8p5YqpctpoFHppyj-c4btpuVyfnsYg1rmdZgkeDoa8Y68GJhNYBeiDtu1qrIdJ19Z2uZ9is5qCoZiHfOycpjOu4S8-HF7r6fqYQvwdBDQHY'),('8f6607f510d48255c9a3d509b7a7a0ae',1331160218,NULL,'VKcLnxz6sntcDbxfGTgOQ2dIn_cynCWMkFfDkLG8Dz5s_dvsHsBMch8kRzPjWLuR81xEqyJ0Z3X1tHbrlIVj2ISx4ucyzMZRU1ldKQIa5VeCi1V1dib4hEwp6XJXhag3ijG5A8pXxmSuJqQWkTLDqQ..'),('f1206aaf0a283aeb15aa1c4152f17fae',1331164960,NULL,'8RQKNHDzY0A33tbj48GvsH87nAgB9nT6yvcQD26SCVv-odPMQBjGrvzaxF8vTpd3cGG-XOsVLb4cUWi3licAxN1L3zWk397QocrzGP5tlEKoAlRwO3cDXbZh3rgZZrWp5BUf2FyLjokJtXo1_94RTOEe9PWMg3zFBHww9L1cQuvC5-JR9v8qPWF0asBPQuVlFUeeDHO3SNhBvnzFkfTnsQ..'),('11b49174a960d29ec6934a35a5e38edd',1331167490,NULL,'kklJ9LxO4yTrsOtrKLHZtxZJAYp9-7qWCVM_TUIUFwkF-Y7MAmC7yE77PJGevRQ5996cuZBHmn3Uss6tEE_AsHrxzU-llL5Pj4Uyd4aL9jRyu5oiEH3yPrUtYaVS6Y9ai5YdfExL-pgs6prO2PQmFQ..'),('5a8f568eb8afcd95fa224d4464411c0b',1331170041,NULL,'Oc2ZE8babSJOSk8Fh69mutNt1VQlirjKVPfqCveCEBB7ASGpxCEqEY95sV6NF3TWnp3xtPfx0tN07PwBC62stwp760rfn2HXTp1dHbD-tdFuuYgzZk7DMY8AV-wtEdNUbRQDLbaejuXQPEaN1zVcglKHaP7N56JnKPoq_zPd8d4OsdyzSpJGjEpvZvU5pKLRWvXxYuaLIATagAoMypWh5g..');

--
-- Table structure for table `idx_set_hook_place`
--

CREATE TABLE `idx_set_hook_place` (
  `set_hook_place_id` int(11) NOT NULL auto_increment,
  `plugin` varchar(255) default NULL,
  `set_hook_place` text,
  PRIMARY KEY  (`set_hook_place_id`)
) ENGINE=MyISAM DEFAULT CHARSET=latin1;

--
-- Dumping data for table `idx_set_hook_place`
--


--
-- Table structure for table `idx_setting`
--

CREATE TABLE `idx_setting` (
  `setting_id` int(11) NOT NULL auto_increment,
  `setting_name` varchar(255) default NULL,
  `setting_value` text,
  PRIMARY KEY  (`setting_id`)
) ENGINE=MyISAM AUTO_INCREMENT=55 DEFAULT CHARSET=latin1;

--
-- Dumping data for table `idx_setting`
--

INSERT INTO `idx_setting` VALUES (4,'site_name','bizoftheyear.org'),(5,'site_url','http://bizoftheyear.org'),(6,'email_address','anaisa.filla@gmail.com'),(7,'language_code','en_US'),(8,'theme_path','/home/bizofthe/public_html/themes/'),(9,'admin_template_path','/home/bizofthe/public_html/admin_tpl/'),(10,'plugin_path','/home/bizofthe/public_html/plugin/'),(12,'active_theme','_bizoftheyear'),(14,'spam_proof','1'),(15,'enable_user_validation','1'),(16,'allowed_file_extension','gif,jpg,png,pdf,zip,doc'),(17,'yahoo_appid',''),(18,'whosonline','600'),(19,'reciprocal_check','0'),(20,'urlcheck_limit','1'),(21,'pagerank_cache','30'),(22,'max_image_width','1024'),(23,'max_image_height','756'),(24,'max_file_size','500'),(25,'only_registered_can_add_link','0'),(26,'only_registered_can_add_review','0'),(27,'db_use_persistent','0'),(28,'paid_link_day_period','30,60,90,180'),(29,'paid_link_price_factor','1,1.5,2,3'),(30,'enable_html_tag','1'),(31,'allowed_html_tag','<b>,<strong>,<i>,<em>,<u>,<pre>,<blockquote>,<ol>,<ul>,<li>,<p>,<span>,<div>,<table>,<tr>,<td>'),(32,'enable_page_compression','0'),(33,'enable_category_ajax','1'),(34,'require_visit_category','0'),(35,'additional_category_price','0.5'),(36,'enable_rating_ajax','1'),(37,'service_nicecoder_avail','1'),(38,'enable_recaptcha','0'),(39,'recaptcha_publickey',''),(40,'recaptcha_privatekey',''),(41,'enable_bidding','0'),(42,'minimum_bid','5'),(43,'bid_increament','1'),(44,'charset','utf-8'),(45,'mailer','mail'),(46,'smtp_auth','0'),(47,'smtp_host',''),(48,'smtp_username',''),(49,'smtp_password',''),(50,'smtp_port','25'),(51,'emailbody_as_html','0'),(52,'indexu_version','2.4'),(53,'tos',''),(54,'submission_guidelines','');

--
-- Table structure for table `idx_tags`
--

CREATE TABLE `idx_tags` (
  `tag` varchar(64) NOT NULL default '',
  `category_id` mediumint(8) unsigned NOT NULL default '0',
  `total` int(11) NOT NULL default '0',
  `tag_path` varchar(64) NOT NULL,
  PRIMARY KEY  (`tag`,`category_id`)
) ENGINE=MyISAM DEFAULT CHARSET=latin1;

--
-- Dumping data for table `idx_tags`
--


--
-- Table structure for table `idx_unavailable`
--

CREATE TABLE `idx_unavailable` (
  `idx_unavailable` int(11) NOT NULL auto_increment,
  `link_id` int(11) default NULL,
  `url` varchar(255) default NULL,
  `who_is` varchar(255) default NULL,
  `note` text,
  `date` datetime default NULL,
  PRIMARY KEY  (`idx_unavailable`)
) ENGINE=MyISAM DEFAULT CHARSET=latin1;

--
-- Dumping data for table `idx_unavailable`
--


--
-- Table structure for table `idx_unavailable_latest`
--

CREATE TABLE `idx_unavailable_latest` (
  `idx_link` int(11) default NULL,
  `record_execution` int(11) default NULL
) ENGINE=MyISAM DEFAULT CHARSET=latin1;

--
-- Dumping data for table `idx_unavailable_latest`
--


--
-- Table structure for table `idx_users`
--

CREATE TABLE `idx_users` (
  `username` varchar(20) NOT NULL default '',
  `password` varchar(50) NOT NULL,
  `name` varchar(50) default NULL,
  `email` varchar(50) default NULL,
  `date` date default NULL,
  `status` char(1) default NULL,
  `vcode` varchar(4) default NULL,
  `group_id` tinyint(4) default NULL,
  `homepage` varchar(100) default NULL,
  `icq` varchar(20) default NULL,
  `aol` varchar(20) default NULL,
  `yahoo` varchar(20) default NULL,
  `biography` text,
  `location` varchar(50) default NULL,
  `interest` varchar(50) default NULL,
  `occupation` varchar(50) default NULL,
  PRIMARY KEY  (`username`)
) ENGINE=MyISAM DEFAULT CHARSET=latin1;

--
-- Dumping data for table `idx_users`
--

INSERT INTO `idx_users` VALUES ('admin','b7c0a086fd7fb859c0a4977e9c2e16a2','Administrator','anaisa.filla@gmail.com','2011-11-09','1','',0,'','','','','','','','');

--
-- Table structure for table `idx_votes`
--

CREATE TABLE `idx_votes` (
  `link_id` mediumint(9) NOT NULL default '0',
  `ip` varchar(100) default NULL,
  `value` tinyint(4) default NULL
) ENGINE=MyISAM DEFAULT CHARSET=latin1;

--
-- Dumping data for table `idx_votes`
--



