--
-- Host: bsocialtoday.com    Database: bsocialt_bsocialt
-- ------------------------------------------------------


--
-- Not dumping tablespaces as no INFORMATION_SCHEMA.FILES table on this server
--

--
-- Table structure for table `directory_save_data`
--

CREATE TABLE `directory_save_data` (
  `id` bigint(100) NOT NULL auto_increment,
  `schedule_id` bigint(100) NOT NULL,
  `project_id` bigint(100) NOT NULL,
  `link_id` bigint(100) NOT NULL,
  `confirm_link` text NOT NULL,
  `category_id` int(10) NOT NULL,
  `category_name` varchar(150) NOT NULL,
  PRIMARY KEY  (`id`)
) ENGINE=InnoDB DEFAULT CHARSET=latin1;

--
-- Dumping data for table `directory_save_data`
--


--
-- Table structure for table `idx_admin_menu`
--

CREATE TABLE `idx_admin_menu` (
  `menu_id` int(11) NOT NULL auto_increment,
  `parent_id` int(11) default NULL,
  `menu_title` varchar(255) default NULL,
  `menu_url` varchar(255) default NULL,
  `order_number` int(11) default NULL,
  PRIMARY KEY  (`menu_id`)
) ENGINE=MyISAM AUTO_INCREMENT=85 DEFAULT CHARSET=latin1;

--
-- Dumping data for table `idx_admin_menu`
--



--
-- Table structure for table `idx_bad_link`
--

CREATE TABLE `idx_bad_link` (
  `bad_link_id` mediumint(9) unsigned NOT NULL auto_increment,
  `link_id` mediumint(9) unsigned NOT NULL default '0',
  `name` varchar(50) NOT NULL default '',
  `email` varchar(50) NOT NULL default '',
  `type` tinyint(3) unsigned NOT NULL default '0',
  `date` date NOT NULL default '0000-00-00',
  PRIMARY KEY  (`bad_link_id`)
) ENGINE=MyISAM DEFAULT CHARSET=latin1;

--
-- Dumping data for table `idx_bad_link`
--


--
-- Table structure for table `idx_badwords`
--

CREATE TABLE `idx_badwords` (
  `word` varchar(100) NOT NULL default ''
) ENGINE=MyISAM DEFAULT CHARSET=latin1;

--
-- Dumping data for table `idx_badwords`
--


--
-- Table structure for table `idx_blocked_domain`
--

CREATE TABLE `idx_blocked_domain` (
  `blocked_id` int(11) NOT NULL auto_increment,
  `blocked` varchar(255) default NULL,
  `type` enum('domain','ip') default NULL,
  PRIMARY KEY  (`blocked_id`)
) ENGINE=MyISAM AUTO_INCREMENT=6 DEFAULT CHARSET=latin1;

--
-- Dumping data for table `idx_blocked_domain`
--

INSERT INTO `idx_blocked_domain` VALUES (1,'buydomains.com','domain'),(2,'this-domain-for-sale.com ','domain'),(3,'oversee.net','domain'),(4,'eNom','domain'),(5,'sedoparking.com','domain');

--
-- Table structure for table `idx_category`
--

CREATE TABLE `idx_category` (
  `category_id` mediumint(9) unsigned NOT NULL auto_increment,
  `parent_id` mediumint(9) unsigned NOT NULL default '0',
  `name` varchar(100) NOT NULL default '',
  `description` text NOT NULL,
  `image` varchar(100) default NULL,
  `content` text,
  `visible` char(1) default NULL,
  `links` mediumint(9) default NULL,
  `meta_keyword` text,
  `meta_description` text,
  `permission` char(2) default NULL,
  `registered_only` char(1) default NULL,
  `header` text NOT NULL,
  `footer` text NOT NULL,
  `related` mediumint(6) NOT NULL default '0',
  `page_title` varchar(200) NOT NULL default '',
  `hits` int(11) NOT NULL default '0',
  `order_num` smallint(6) NOT NULL default '0',
  `basic_price` double unsigned NOT NULL default '0',
  `premium_price` double unsigned NOT NULL default '0',
  `sponsored_price` double unsigned NOT NULL default '0',
  PRIMARY KEY  (`category_id`)
) ENGINE=MyISAM AUTO_INCREMENT=37 DEFAULT CHARSET=latin1;

--
-- Dumping data for table `idx_category`
--

INSERT INTO `idx_category` VALUES (1,0,'Arts & Humanities ','','folder.gif','','1',13,'','','0','0','','',0,'',2,0,0,0,0),(2,0,'Automobile industry ','','folder.gif','','1',23,'','','0','0','','',0,'',0,0,0,0,0),(3,0,'Business & Economy ','','folder.gif','','1',101,'','','0','0','','',0,'',0,0,0,0,0),(4,0,'Careers ','','folder.gif','','1',1,'','','0','0','','',0,'',0,0,0,0,0),(5,0,'Clothing & Fashion ','','folder.gif','','1',7,'','','0','0','','',0,'',0,0,0,0,0),(6,0,'Mass Communications ','','folder.gif','','1',16,'','','0','0','','',0,'',0,0,0,0,0),(7,0,'Computers & IT ','','folder.gif','','1',18,'','','0','0','','',0,'',0,0,0,0,0),(8,0,'Construction Services ','','folder.gif','','1',63,'','','0','0','','',0,'',0,0,0,0,0),(10,0,'Dental Health ','','folder.gif','','1',27,'','','0','0','','',0,'',0,0,0,0,0),(11,0,'Education & Training ','','folder.gif','','1',19,'','','0','0','','',0,'',0,0,0,0,0),(12,0,'Employment & Recruitment ','','folder.gif','','1',1,'','','0','0','','',0,'',0,0,0,0,0),(13,0,'Gifts & Novelties ','','folder.gif','','1',19,'','','0','0','','',0,'',0,0,0,0,0),(14,0,'Software & Hardware ','','folder.gif','','1',8,'','','0','0','','',0,'',0,0,0,0,0),(15,0,'Health Services ','','folder.gif','','1',0,'','','0','0','','',0,'',0,0,0,0,0),(16,0,'Healthcare Industry ','','folder.gif','','1',133,'','','0','0','','',0,'',0,0,0,0,0),(17,0,'Heating, Ventilating and Air Conditioning ','','folder.gif','','1',34,'','','0','0','','',0,'',0,0,0,0,0),(18,0,'Home & Garden Making ','','folder.gif','','1',10,'','','0','0','','',0,'',0,0,0,0,0),(19,0,'Home Improvement & Appliances  ','','folder.gif','','1',264,'','','0','0','','',0,'',0,0,0,0,0),(20,0,'Hotels  ','','folder.gif','','1',23,'','','0','0','','',0,'',0,0,0,0,0),(21,0,'Insurance Providers ','','folder.gif','','1',24,'','','0','0','','',0,'',0,0,0,0,0),(22,0,'Law & Legal ','','folder.gif','','1',1,'','','0','0','','',0,'',0,0,0,0,0),(23,0,'Lawyers and Law Firms ','','folder.gif','','1',142,'','','0','0','','',0,'',0,0,0,0,0),(24,0,'Lifestyle & People ','','folder.gif','','1',4,'','','0','0','','',0,'',0,0,0,0,0),(25,0,'Medicine  Facilities ','','folder.gif','','1',5,'','','0','0','','',0,'',0,0,0,0,0),(26,0,'Financial Services ','','folder.gif','','1',11,'','','0','0','','',0,'',0,0,0,0,0),(27,0,'News ','','folder.gif','','1',2,'','','0','0','','',0,'',0,0,0,0,0),(28,0,'Plumbing & Plumbers ','','folder.gif','','1',29,'','','0','0','','',0,'',0,0,0,0,0),(29,0,'Real Estate Services','','folder.gif','','1',22,'','','0','0','','',0,'',0,0,0,0,0),(30,0,'Science  ','','folder.gif','','1',13,'','','0','0','','',0,'',0,0,0,0,0),(31,0,'Search Engine Optimization and SMO','','folder.gif','','1',18,'','','0','0','','',0,'',0,0,0,0,0),(32,0,'Shopping and Sales  ','','folder.gif','','1',48,'','','0','0','','',0,'',0,0,0,0,0),(33,0,'Sports & Recreation ','','folder.gif','','1',2,'','','0','0','','',0,'',0,0,0,0,0),(34,0,'Transportation Services ','','folder.gif','','1',22,'','','0','0','','',0,'',0,0,0,0,0),(35,0,'Travel & Tour','','folder.gif','','1',29,'','','0','0','','',0,'',0,0,0,0,0),(36,0,'Weddings ','','folder.gif','','1',9,'','','0','0','','',0,'',0,0,0,0,0);

--
-- Table structure for table `idx_category_path`
--

CREATE TABLE `idx_category_path` (
  `category_id` mediumint(9) NOT NULL default '0',
  `path` text,
  `path_with_url` text,
  `parents` text,
  PRIMARY KEY  (`category_id`)
) ENGINE=MyISAM DEFAULT CHARSET=latin1;

--
-- Dumping data for table `idx_category_path`
--

INSERT INTO `idx_category_path` VALUES (1,'Arts & Humanities ','<a href=\"http://bsocialtoday.com/arts-humanities/\" name=\"cat_1\" style=\"\">Arts & Humanities </a>',';0;'),(2,'Automobile industry ','<a href=\"http://bsocialtoday.com/automobile-industry/\" name=\"cat_2\" style=\"\">Automobile industry </a>',';0;'),(3,'Business & Economy ','<a href=\"http://bsocialtoday.com/business-economy/\" name=\"cat_3\" style=\"\">Business & Economy </a>',';0;'),(4,'Careers ','<a href=\"http://bsocialtoday.com/careers/\" name=\"cat_4\" style=\"\">Careers </a>',';0;'),(5,'Clothing & Fashion ','<a href=\"http://bsocialtoday.com/clothing-fashion/\" name=\"cat_5\" style=\"\">Clothing & Fashion </a>',';0;'),(6,'Mass Communications ','<a href=\"http://bsocialtoday.com/mass-communications/\" name=\"cat_6\" style=\"\">Mass Communications </a>',';0;'),(7,'Computers & IT ','<a href=\"http://bsocialtoday.com/computers-it/\" name=\"cat_7\" style=\"\">Computers & IT </a>',';0;'),(8,'Construction Services ','<a href=\"http://bsocialtoday.com/construction-services/\" name=\"cat_8\" style=\"\">Construction Services </a>',';0;'),(10,'Dental Health ','<a href=\"http://bsocialtoday.com/dental-health/\" name=\"cat_10\" style=\"\">Dental Health </a>',';0;'),(11,'Education & Training ','<a href=\"http://bsocialtoday.com/education-training/\" name=\"cat_11\" style=\"\">Education & Training </a>',';0;'),(12,'Employment & Recruitment ','<a href=\"http://bsocialtoday.com/employment-recruitment/\" name=\"cat_12\" style=\"\">Employment & Recruitment </a>',';0;'),(13,'Gifts & Novelties ','<a href=\"http://bsocialtoday.com/gifts-novelties/\" name=\"cat_13\" style=\"\">Gifts & Novelties </a>',';0;'),(14,'Software & Hardware ','<a href=\"http://bsocialtoday.com/software-hardware/\" name=\"cat_14\" style=\"\">Software & Hardware </a>',';0;'),(15,'Health Services ','<a href=\"http://bsocialtoday.com/health-services/\" name=\"cat_15\" style=\"\">Health Services </a>',';0;'),(16,'Healthcare Industry ','<a href=\"http://bsocialtoday.com/healthcare-industry/\" name=\"cat_16\" style=\"\">Healthcare Industry </a>',';0;'),(17,'Heating, Ventilating and Air Conditioning ','<a href=\"http://bsocialtoday.com/heating-ventilating-and-air-conditioning/\" name=\"cat_17\" style=\"\">Heating, Ventilating and Air Conditioning </a>',';0;'),(18,'Home & Garden Making ','<a href=\"http://bsocialtoday.com/home-garden-making/\" name=\"cat_18\" style=\"\">Home & Garden Making </a>',';0;'),(19,'Home Improvement & Appliances  ','<a href=\"http://bsocialtoday.com/home-improvement-appliances/\" name=\"cat_19\" style=\"\">Home Improvement & Appliances  </a>',';0;'),(20,'Hotels  ','<a href=\"http://bsocialtoday.com/hotels/\" name=\"cat_20\" style=\"\">Hotels  </a>',';0;'),(21,'Insurance Providers ','<a href=\"http://bsocialtoday.com/insurance-providers/\" name=\"cat_21\" style=\"\">Insurance Providers </a>',';0;'),(22,'Law & Legal ','<a href=\"http://bsocialtoday.com/law-legal/\" name=\"cat_22\" style=\"\">Law & Legal </a>',';0;'),(23,'Lawyers and Law Firms ','<a href=\"http://bsocialtoday.com/lawyers-and-law-firms/\" name=\"cat_23\" style=\"\">Lawyers and Law Firms </a>',';0;'),(24,'Lifestyle & People ','<a href=\"http://bsocialtoday.com/lifestyle-people/\" name=\"cat_24\" style=\"\">Lifestyle & People </a>',';0;'),(25,'Medicine  Facilities ','<a href=\"http://bsocialtoday.com/medicine-facilities/\" name=\"cat_25\" style=\"\">Medicine  Facilities </a>',';0;'),(26,'Financial Services ','<a href=\"http://bsocialtoday.com/financial-services/\" name=\"cat_26\" style=\"\">Financial Services </a>',';0;'),(27,'News ','<a href=\"http://bsocialtoday.com/news/\" name=\"cat_27\" style=\"\">News </a>',';0;'),(28,'Plumbing & Plumbers ','<a href=\"http://bsocialtoday.com/plumbing-plumbers/\" name=\"cat_28\" style=\"\">Plumbing & Plumbers </a>',';0;'),(29,'Real Estate Services','<a href=\"http://bsocialtoday.com/real-estate-services/\" name=\"cat_29\" style=\"\">Real Estate Services</a>',';0;'),(30,'Science  ','<a href=\"http://bsocialtoday.com/science/\" name=\"cat_30\" style=\"\">Science  </a>',';0;'),(31,'Search Engine Optimization and SMO','<a href=\"http://bsocialtoday.com/search-engine-optimization-and-smo/\" name=\"cat_31\" style=\"\">Search Engine Optimization and SMO</a>',';0;'),(32,'Shopping and Sales  ','<a href=\"http://bsocialtoday.com/shopping-and-sales/\" name=\"cat_32\" style=\"\">Shopping and Sales  </a>',';0;'),(33,'Sports & Recreation ','<a href=\"http://bsocialtoday.com/sports-recreation/\" name=\"cat_33\" style=\"\">Sports & Recreation </a>',';0;'),(34,'Transportation Services ','<a href=\"http://bsocialtoday.com/transportation-services/\" name=\"cat_34\" style=\"\">Transportation Services </a>',';0;'),(35,'Travel & Tour','<a href=\"http://bsocialtoday.com/travel-tour/\" name=\"cat_35\" style=\"\">Travel & Tour</a>',';0;'),(36,'Weddings ','<a href=\"http://bsocialtoday.com/weddings/\" name=\"cat_36\" style=\"\">Weddings </a>',';0;');

--
-- Table structure for table `idx_category_suggession`
--

CREATE TABLE `idx_category_suggession` (
  `id_cat_suggession` int(11) NOT NULL auto_increment,
  `parent_id` int(11) default NULL,
  `name` varchar(255) default NULL,
  `category_description` text,
  `date` datetime default NULL,
  PRIMARY KEY  (`id_cat_suggession`)
) ENGINE=MyISAM DEFAULT CHARSET=latin1;

--
-- Dumping data for table `idx_category_suggession`
--


--
-- Table structure for table `idx_checkurl`
--

CREATE TABLE `idx_checkurl` (
  `link_id` mediumint(9) NOT NULL default '0',
  `date` date NOT NULL default '0000-00-00',
  `live` char(1) NOT NULL default '',
  `reciprocal_found` char(1) NOT NULL default '',
  PRIMARY KEY  (`link_id`)
) ENGINE=MyISAM DEFAULT CHARSET=latin1;

--
-- Dumping data for table `idx_checkurl`
--


--
-- Table structure for table `idx_cronjobs`
--

CREATE TABLE `idx_cronjobs` (
  `cronjobs_id` int(11) NOT NULL auto_increment,
  `cronjobs_name` varchar(255) default NULL,
  `filename` varchar(255) NOT NULL,
  `schedule` varchar(255) NOT NULL,
  `time` datetime NOT NULL,
  `execution` varchar(1) NOT NULL,
  PRIMARY KEY  (`cronjobs_id`)
) ENGINE=MyISAM AUTO_INCREMENT=4 DEFAULT CHARSET=latin1;

--
-- Dumping data for table `idx_cronjobs`
--

INSERT INTO `idx_cronjobs` VALUES (1,NULL,'clear_templates_c.php','1,*,*,*,*','0000-00-00 00:00:00',''),(2,NULL,'update_tag_cloud.php','*,24,*,*,*','0000-00-00 00:00:00',''),(3,NULL,'clear_rss_cache.php','*,24,*,*,*','0000-00-00 00:00:00','');

--
-- Table structure for table `idx_custom_field`
--

CREATE TABLE `idx_custom_field` (
  `field_name` varchar(32) NOT NULL default '',
  `field_text` varchar(64) NOT NULL default '',
  `field_type` enum('TEXT','TEXTAREA','SELECT','MULTISELECT','CHECKBOX','RADIO','FILE','IMAGE','DATE','DATETIME','RICHEDITOR') NOT NULL default 'TEXT',
  `field_option` text NOT NULL,
  `field_img_width` int(10) unsigned NOT NULL default '0',
  `field_img_height` int(10) unsigned NOT NULL default '0',
  `field_file_size` int(10) unsigned NOT NULL default '0',
  `field_file_extension` varchar(64) NOT NULL default '',
  `required` char(1) NOT NULL default '0',
  `searchable` char(1) NOT NULL default '1',
  `permission` char(1) NOT NULL default '0'
) ENGINE=MyISAM DEFAULT CHARSET=latin1;

--
-- Dumping data for table `idx_custom_field`
--

INSERT INTO `idx_custom_field` VALUES ('image','Image','IMAGE','',0,0,0,'','0','0','2'),('address','Address','TEXT','',0,0,0,'','0','0','0'),('city','City','TEXT','',0,0,0,'','0','0','0'),('state','State','TEXT','',0,0,0,'','0','0','0'),('country','Country','TEXT','',0,0,0,'','0','0','0'),('zip','Zip','TEXT','',0,0,0,'','0','0','0'),('phone','Phone','TEXT','',0,0,0,'','0','0','0'),('fax','Fax','TEXT','',0,0,0,'','0','0','0');

--
-- Table structure for table `idx_default_field`
--

CREATE TABLE `idx_default_field` (
  `field_name` varchar(64) NOT NULL,
  `required` char(1) NOT NULL,
  `visible` char(1) NOT NULL default '1',
  `searchable` char(1) NOT NULL default '1'
) ENGINE=MyISAM DEFAULT CHARSET=latin1;

--
-- Dumping data for table `idx_default_field`
--

INSERT INTO `idx_default_field` VALUES ('title','1','1','1'),('url','1','1','1'),('description','1','1','1'),('keywords','1','1','0'),('contact_name','1','1','1'),('email','1','1','1'),('reciprocal_url','0','0','1');

--
-- Table structure for table `idx_discount_coupon`
--

CREATE TABLE `idx_discount_coupon` (
  `coupon_id` int(11) NOT NULL auto_increment,
  `coupon_code` varchar(255) default NULL,
  `coupon_value` varchar(50) default NULL,
  `link_type` varchar(255) default NULL,
  `start_date` date default NULL,
  `expired_date` date default NULL,
  `expired_usage` int(11) default NULL,
  `usage_count` int(11) default NULL,
  PRIMARY KEY  (`coupon_id`)
) ENGINE=MyISAM DEFAULT CHARSET=latin1;

--
-- Dumping data for table `idx_discount_coupon`
--


--
-- Table structure for table `idx_editor`
--

CREATE TABLE `idx_editor` (
  `username` varchar(20) default NULL,
  `category_id` mediumint(9) default NULL,
  `category` char(1) default NULL,
  `link` char(1) default NULL,
  `review` char(1) default NULL,
  `pick` char(1) default NULL,
  `status` char(1) default NULL,
  `date` date default NULL
) ENGINE=MyISAM DEFAULT CHARSET=latin1;

--
-- Dumping data for table `idx_editor`
--


--
-- Table structure for table `idx_email_template`
--

CREATE TABLE `idx_email_template` (
  `email_template_id` int(10) unsigned NOT NULL auto_increment,
  `name` varchar(255) default NULL,
  `subject` varchar(255) default NULL,
  `body` text,
  `altbody` text,
  PRIMARY KEY  (`email_template_id`)
) ENGINE=MyISAM AUTO_INCREMENT=37 DEFAULT CHARSET=latin1;

--
-- Dumping data for table `idx_email_template`
--



--
-- Table structure for table `idx_favorites`
--

CREATE TABLE `idx_favorites` (
  `favorite_id` int(11) NOT NULL auto_increment,
  `username` varchar(20) default NULL,
  `date` date default NULL,
  `title` varchar(100) default NULL,
  `description` text,
  PRIMARY KEY  (`favorite_id`)
) ENGINE=MyISAM AUTO_INCREMENT=2 DEFAULT CHARSET=latin1;

--
-- Dumping data for table `idx_favorites`
--

INSERT INTO `idx_favorites` VALUES (1,'adaptive84','2011-12-07','My Favorites',NULL);

--
-- Table structure for table `idx_favorites_detail`
--

CREATE TABLE `idx_favorites_detail` (
  `favorite_id` int(11) default NULL,
  `link_id` mediumint(9) default NULL
) ENGINE=MyISAM DEFAULT CHARSET=latin1;

--
-- Dumping data for table `idx_favorites_detail`
--


--
-- Table structure for table `idx_hook_place`
--

CREATE TABLE `idx_hook_place` (
  `hook_place_id` int(11) NOT NULL auto_increment,
  `filename` varchar(255) default NULL,
  `hookname` varchar(255) default NULL,
  PRIMARY KEY  (`hook_place_id`)
) ENGINE=MyISAM DEFAULT CHARSET=latin1;

--
-- Dumping data for table `idx_hook_place`
--


--
-- Table structure for table `idx_invoice`
--

CREATE TABLE `idx_invoice` (
  `invoice_id` varchar(10) NOT NULL default '',
  `invoice_date` date default NULL,
  `due_date` date default NULL,
  `invoiced_to` text,
  `service` varchar(255) default NULL,
  `description` text,
  `total` double(8,2) default NULL,
  `comment` text,
  `paid` char(1) default NULL,
  `paid_date` date default NULL,
  `email` varchar(255) default NULL,
  PRIMARY KEY  (`invoice_id`)
) ENGINE=MyISAM DEFAULT CHARSET=latin1;

--
-- Dumping data for table `idx_invoice`
--


--
-- Table structure for table `idx_invoice_config`
--

CREATE TABLE `idx_invoice_config` (
  `company` varchar(255) default NULL,
  `contact` varchar(255) default NULL,
  `address` text,
  `phone` varchar(255) default NULL,
  `email` varchar(255) default NULL,
  `currency_symbol` varchar(255) default '$',
  `currency_code` varchar(255) default 'USD'
) ENGINE=MyISAM DEFAULT CHARSET=latin1;

--
-- Dumping data for table `idx_invoice_config`
--

INSERT INTO `idx_invoice_config` VALUES ('Your website / Company','Billing Department','Your address','Your phone #','Billing<name@yourdomain.com>','$','USD');

--
-- Table structure for table `idx_link_temp`
--

CREATE TABLE `idx_link_temp` (
  `vid` mediumint(9) unsigned NOT NULL auto_increment,
  `spam` char(1) NOT NULL default '0',
  `link_id` mediumint(9) default NULL,
  `category_id` mediumint(9) unsigned NOT NULL default '0',
  `title` varchar(100) NOT NULL default '',
  `url` text NOT NULL,
  `description` text NOT NULL,
  `contact_name` varchar(100) NOT NULL default '',
  `email` varchar(100) NOT NULL default '',
  `hits` mediumint(9) default NULL,
  `votes` smallint(6) default NULL,
  `rating` float(4,2) default NULL,
  `date` datetime NOT NULL default '0000-00-00 00:00:00',
  `bid` smallint(6) NOT NULL default '0',
  `new` char(1) default NULL,
  `hot` char(1) default NULL,
  `top_rated` char(1) default NULL,
  `pick` char(1) default NULL,
  `password` varchar(20) default NULL,
  `updated` char(1) default NULL,
  `reviews` smallint(6) default NULL,
  `avg_review` float(4,2) default NULL,
  `last_updated` datetime default NULL,
  `official_review` text,
  `keywords` varchar(255) default NULL,
  `cat1` mediumint(6) NOT NULL default '0',
  `cat2` mediumint(6) NOT NULL default '0',
  `suspended` char(1) NOT NULL default '0',
  `reciprocal_url` varchar(255) default NULL,
  `address` varchar(255) default NULL,
  `city` varchar(255) default NULL,
  `state` varchar(255) default NULL,
  `country` varchar(255) default NULL,
  `zip` varchar(255) default NULL,
  `image` varchar(255) default NULL,
  `phone` varchar(255) default NULL,
  `fax` varchar(255) default NULL,
  PRIMARY KEY  (`vid`)
) ENGINE=MyISAM DEFAULT CHARSET=latin1;

--
-- Dumping data for table `idx_link_temp`
--


--
-- Table structure for table `idx_link_temp_user`
--

CREATE TABLE `idx_link_temp_user` (
  `vid` mediumint(9) unsigned NOT NULL default '0',
  `username` varchar(20) NOT NULL default '',
  PRIMARY KEY  (`vid`)
) ENGINE=MyISAM DEFAULT CHARSET=latin1;

--
-- Dumping data for table `idx_link_temp_user`
--


--
-- Table structure for table `idx_link_user`
--

CREATE TABLE `idx_link_user` (
  `link_id` mediumint(9) unsigned NOT NULL default '0',
  `username` varchar(20) NOT NULL default '',
  PRIMARY KEY  (`link_id`)
) ENGINE=MyISAM DEFAULT CHARSET=latin1;

--
-- Dumping data for table `idx_link_user`
--


--
-- Table structure for table `idx_mailing_list`
--

CREATE TABLE `idx_mailing_list` (
  `email` varchar(50) NOT NULL default '',
  `code` varchar(4) default NULL,
  `status` char(1) default NULL,
  PRIMARY KEY  (`email`)
) ENGINE=MyISAM DEFAULT CHARSET=latin1;

--
-- Dumping data for table `idx_mailing_list`
--


--
-- Table structure for table `idx_message`
--

CREATE TABLE `idx_message` (
  `message_id` smallint(6) NOT NULL auto_increment,
  `date` date default NULL,
  `body` text,
  `subject` varchar(100) default NULL,
  PRIMARY KEY  (`message_id`)
) ENGINE=MyISAM DEFAULT CHARSET=latin1;

--
-- Dumping data for table `idx_message`
--


--
-- Table structure for table `idx_notification`
--

CREATE TABLE `idx_notification` (
  `username` varchar(20) NOT NULL default '',
  `category_id` mediumint(9) NOT NULL default '0'
) ENGINE=MyISAM DEFAULT CHARSET=latin1;

--
-- Dumping data for table `idx_notification`
--


--
-- Table structure for table `idx_pagerank`
--

CREATE TABLE `idx_pagerank` (
  `link_id` mediumint(8) unsigned NOT NULL default '0',
  `engine` char(1) NOT NULL default '',
  `rank` tinyint(4) NOT NULL default '0',
  `last_update` date NOT NULL default '0000-00-00',
  PRIMARY KEY  (`link_id`,`engine`)
) ENGINE=MyISAM DEFAULT CHARSET=latin1;

--
-- Dumping data for table `idx_pagerank`
--

INSERT INTO `idx_pagerank` VALUES (8,'g',0,'2011-10-09'),(5,'g',0,'2011-10-08'),(4,'g',0,'2011-10-15'),(7,'g',0,'2011-10-14'),(6,'g',2,'2011-09-03'),(12,'g',2,'2011-09-03'),(13,'g',0,'2011-10-15'),(10,'g',0,'2011-10-09'),(11,'g',2,'2011-09-03'),(2,'g',0,'2011-10-14'),(1,'g',0,'2011-10-15'),(3,'g',0,'2011-10-15'),(97,'g',0,'2011-10-14'),(129,'g',0,'2012-03-06'),(14,'g',0,'2011-10-15'),(19,'g',2,'2011-09-05'),(43,'g',0,'2011-10-14'),(35,'g',2,'2011-09-05'),(16,'g',2,'2011-09-05'),(30,'g',0,'2011-10-14'),(66,'g',0,'2011-10-09'),(46,'g',0,'2011-10-16'),(73,'g',0,'2011-10-17'),(24,'g',0,'2011-10-14'),(48,'g',2,'2011-09-05'),(52,'g',0,'2011-10-15'),(20,'g',2,'2011-09-05'),(34,'g',0,'2011-10-15'),(31,'g',2,'2011-09-05'),(63,'g',2,'2011-09-05'),(44,'g',0,'2011-10-15'),(33,'g',0,'2011-10-15'),(25,'g',2,'2011-09-05'),(38,'g',0,'2011-10-08'),(28,'g',0,'2011-10-14'),(57,'g',0,'2011-10-15'),(50,'g',0,'2011-10-15'),(53,'g',0,'2011-10-14'),(29,'g',0,'2011-10-17'),(70,'g',2,'2011-09-05'),(41,'g',2,'2011-09-05'),(55,'g',2,'2011-09-05'),(42,'g',2,'2011-09-05'),(62,'g',2,'2011-09-05'),(49,'g',2,'2011-09-05'),(47,'g',2,'2011-09-05'),(18,'g',0,'2011-10-15'),(39,'g',0,'2011-10-14'),(58,'g',2,'2011-09-05'),(15,'g',2,'2011-09-05'),(45,'g',0,'2011-10-15'),(60,'g',0,'2011-10-17'),(68,'g',2,'2011-09-05'),(56,'g',2,'2011-09-05'),(27,'g',0,'2011-10-17'),(67,'g',0,'2011-10-14'),(64,'g',0,'2011-10-16'),(37,'g',2,'2011-09-05'),(36,'g',2,'2011-09-05'),(126,'g',0,'2012-02-16'),(119,'g',0,'2012-02-09'),(214,'g',4,'2011-09-09'),(270,'g',4,'2011-09-11'),(133,'g',2,'2011-09-12'),(135,'g',2,'2011-09-12'),(121,'g',2,'2011-09-13'),(118,'g',2,'2011-09-13'),(123,'g',2,'2011-09-13'),(370,'g',3,'2011-09-16'),(373,'g',2,'2011-09-16'),(371,'g',0,'2011-09-16'),(345,'g',6,'2011-09-16'),(368,'g',0,'2011-09-16'),(375,'g',2,'2011-09-16'),(374,'g',2,'2011-09-16'),(372,'g',0,'2011-09-16'),(149,'g',0,'2011-09-19'),(155,'g',2,'2011-09-19'),(147,'g',2,'2011-09-19'),(159,'g',2,'2011-09-19'),(153,'g',0,'2011-09-19'),(151,'g',2,'2011-09-19'),(157,'g',2,'2011-09-19'),(141,'g',2,'2011-09-19'),(143,'g',2,'2011-09-19'),(145,'g',2,'2011-09-19'),(364,'g',0,'2011-09-20'),(125,'g',2,'2011-09-21'),(128,'g',2,'2011-09-21'),(131,'g',2,'2011-09-21'),(137,'g',2,'2011-09-21'),(9,'g',0,'2011-09-21'),(139,'g',2,'2011-09-21'),(223,'g',0,'2011-09-21'),(17,'g',2,'2011-09-21'),(21,'g',2,'2011-09-21'),(23,'g',2,'2011-09-21'),(22,'g',2,'2011-09-21'),(26,'g',2,'2011-09-21'),(54,'g',2,'2011-09-21'),(59,'g',2,'2011-09-21'),(61,'g',2,'2011-09-21'),(32,'g',0,'2011-09-21'),(164,'g',2,'2011-09-21'),(166,'g',2,'2011-09-21'),(170,'g',2,'2011-09-21'),(168,'g',2,'2011-09-21'),(174,'g',2,'2011-09-21'),(172,'g',2,'2011-09-21'),(176,'g',2,'2011-09-21'),(201,'g',2,'2011-09-21'),(203,'g',2,'2011-09-21'),(207,'g',2,'2011-09-21'),(205,'g',2,'2011-09-21'),(160,'g',0,'2011-09-21'),(162,'g',0,'2011-09-21'),(216,'g',2,'2011-09-21'),(209,'g',2,'2011-09-21'),(220,'g',2,'2011-09-21'),(218,'g',2,'2011-09-21'),(181,'g',2,'2011-09-21'),(183,'g',2,'2011-09-21'),(178,'g',0,'2011-09-21'),(185,'g',2,'2011-09-21'),(191,'g',2,'2011-09-21'),(193,'g',2,'2011-09-21'),(211,'g',0,'2011-09-21'),(213,'g',0,'2011-09-21'),(197,'g',2,'2011-09-21'),(189,'g',0,'2011-09-21'),(187,'g',0,'2011-09-21'),(254,'g',2,'2011-09-21'),(255,'g',2,'2011-09-21'),(256,'g',2,'2011-09-21'),(257,'g',2,'2011-09-21'),(258,'g',2,'2011-09-21'),(199,'g',0,'2011-09-21'),(195,'g',0,'2011-09-21'),(261,'g',2,'2011-09-21'),(263,'g',2,'2011-09-21'),(253,'g',0,'2011-09-21'),(264,'g',2,'2011-09-21'),(260,'g',0,'2011-09-21'),(259,'g',0,'2011-09-21'),(262,'g',0,'2011-09-21'),(268,'g',2,'2011-09-21'),(269,'g',2,'2011-09-21'),(267,'g',2,'2011-09-21'),(271,'g',2,'2011-09-21'),(272,'g',2,'2011-09-21'),(273,'g',2,'2011-09-21'),(265,'g',0,'2011-09-21'),(275,'g',2,'2011-09-21'),(266,'g',0,'2011-09-21'),(276,'g',2,'2011-09-21'),(277,'g',2,'2011-09-21'),(280,'g',2,'2011-09-21'),(281,'g',2,'2011-09-21'),(282,'g',2,'2011-09-21'),(442,'g',0,'2011-09-21'),(283,'g',2,'2011-09-21'),(285,'g',2,'2011-09-21'),(274,'g',0,'2011-09-21'),(278,'g',0,'2011-09-21'),(286,'g',2,'2011-09-21'),(279,'g',0,'2011-09-21'),(287,'g',2,'2011-09-21'),(288,'g',2,'2011-09-21'),(290,'g',2,'2011-09-21'),(292,'g',2,'2011-09-21'),(291,'g',2,'2011-09-21'),(284,'g',0,'2011-09-21'),(289,'g',0,'2011-09-21'),(293,'g',0,'2011-09-21'),(446,'g',0,'2012-01-23'),(448,'g',3,'2011-09-28'),(82,'g',2,'2011-10-03'),(78,'g',2,'2011-10-03'),(75,'g',2,'2011-10-03'),(74,'g',2,'2011-10-03'),(83,'g',2,'2011-10-03'),(77,'g',2,'2011-10-03'),(81,'g',0,'2011-10-03'),(79,'g',2,'2011-10-03'),(76,'g',2,'2011-10-03'),(80,'g',2,'2011-10-03'),(455,'g',0,'2012-01-24'),(447,'g',0,'2012-02-21'),(460,'g',0,'2011-10-07'),(457,'g',0,'2011-10-08'),(454,'g',0,'2011-10-08'),(458,'g',0,'2011-10-08'),(470,'g',0,'2011-10-15'),(71,'g',0,'2011-10-15'),(449,'g',0,'2011-10-15'),(450,'g',0,'2011-10-15'),(463,'g',0,'2011-10-15'),(40,'g',0,'2011-10-16'),(469,'g',0,'2011-10-17'),(464,'g',0,'2011-10-17'),(479,'g',0,'2012-03-01'),(480,'g',0,'2011-10-18'),(475,'g',0,'2011-10-18'),(459,'g',0,'2011-10-18'),(466,'g',0,'2011-10-18'),(456,'g',0,'2011-10-18'),(471,'g',0,'2011-10-18'),(462,'g',0,'2011-10-19'),(467,'g',0,'2012-01-07'),(478,'g',0,'2012-01-22'),(476,'g',0,'2011-10-21'),(474,'g',0,'2011-10-23'),(444,'g',0,'2011-10-24'),(510,'g',0,'2011-10-24'),(581,'g',0,'2011-10-24'),(526,'g',0,'2011-10-24'),(583,'g',0,'2011-10-24'),(555,'g',0,'2011-10-24'),(568,'g',0,'2011-10-24'),(634,'g',0,'2011-10-25'),(571,'g',0,'2011-10-25'),(642,'g',0,'2011-10-25'),(519,'g',0,'2011-10-25'),(575,'g',0,'2011-10-25'),(601,'g',0,'2011-10-25'),(574,'g',0,'2011-10-25'),(638,'g',0,'2011-10-25'),(605,'g',0,'2011-10-25'),(550,'g',0,'2011-10-25'),(546,'g',0,'2011-10-25'),(662,'g',0,'2011-10-25'),(597,'g',0,'2011-10-25'),(647,'g',0,'2011-10-25'),(610,'g',0,'2011-10-25'),(654,'g',0,'2011-10-25'),(617,'g',0,'2011-10-25'),(619,'g',0,'2012-02-09'),(670,'g',0,'2011-10-25'),(655,'g',0,'2011-10-25'),(618,'g',0,'2012-02-09'),(669,'g',0,'2011-10-25'),(656,'g',0,'2011-10-25'),(671,'g',0,'2011-10-25'),(644,'g',0,'2011-10-26'),(659,'g',0,'2011-12-02'),(552,'g',0,'2011-12-02'),(674,'g',0,'2012-03-04'),(607,'g',0,'2012-03-07'),(572,'g',0,'2011-12-02'),(517,'g',0,'2011-12-02'),(569,'g',0,'2012-02-16'),(514,'g',0,'2011-12-02'),(523,'g',0,'2011-10-26'),(666,'g',0,'2011-10-26'),(678,'g',0,'2012-02-16'),(677,'g',0,'2012-02-16'),(578,'g',0,'2011-10-26'),(559,'g',0,'2011-10-26'),(614,'g',0,'2012-02-16'),(492,'g',0,'2012-02-16'),(651,'g',0,'2011-10-26'),(530,'g',0,'2011-10-27'),(657,'g',0,'2011-10-27'),(622,'g',0,'2011-10-27'),(485,'g',0,'2011-10-27'),(672,'g',0,'2011-10-27'),(673,'g',0,'2011-10-27'),(620,'g',0,'2011-10-27'),(684,'g',0,'2011-10-27'),(565,'g',0,'2011-10-27'),(585,'g',0,'2011-10-27'),(688,'g',0,'2011-10-28'),(679,'g',0,'2011-10-28'),(682,'g',0,'2011-10-28'),(491,'g',0,'2011-10-31'),(689,'g',0,'2011-10-31'),(473,'g',0,'2011-10-31'),(694,'g',0,'2011-10-31'),(570,'g',0,'2011-10-31'),(515,'g',0,'2011-10-31'),(497,'g',0,'2012-01-22'),(621,'g',0,'2011-11-01'),(584,'g',0,'2012-01-22'),(529,'g',0,'2011-11-01'),(691,'g',0,'2012-02-09'),(705,'g',0,'2011-11-03'),(518,'g',0,'2011-11-03'),(465,'g',0,'2011-11-03'),(573,'g',0,'2011-11-03'),(645,'g',0,'2011-11-04'),(660,'g',0,'2011-11-04'),(649,'g',0,'2011-11-04'),(608,'g',0,'2011-11-04'),(640,'g',0,'2011-11-04'),(603,'g',0,'2011-11-04'),(221,'g',0,'2011-11-04'),(612,'g',0,'2011-11-04'),(557,'g',0,'2011-11-04'),(664,'g',0,'2011-11-04'),(698,'g',0,'2011-11-05'),(681,'g',0,'2012-02-06'),(490,'g',0,'2011-11-05'),(586,'g',0,'2011-11-05'),(623,'g',0,'2011-11-05'),(488,'g',0,'2011-11-05'),(531,'g',0,'2011-11-05'),(652,'g',0,'2011-11-05'),(628,'g',0,'2011-11-05'),(695,'g',0,'2011-11-05'),(630,'g',0,'2011-11-05'),(650,'g',0,'2011-11-05'),(633,'g',0,'2011-11-05'),(631,'g',0,'2011-11-05'),(667,'g',0,'2011-11-05'),(665,'g',0,'2011-11-05'),(690,'g',0,'2011-11-05'),(696,'g',0,'2011-11-05'),(697,'g',0,'2011-11-05'),(692,'g',0,'2011-11-05'),(699,'g',0,'2012-02-05'),(686,'g',0,'2011-11-06'),(646,'g',0,'2011-11-06'),(702,'g',0,'2011-11-06'),(683,'g',0,'2011-11-06'),(676,'g',0,'2011-11-06'),(661,'g',0,'2011-11-06'),(663,'g',0,'2011-11-06'),(658,'g',0,'2011-11-06'),(648,'g',0,'2011-11-06'),(687,'g',0,'2012-02-16'),(693,'g',0,'2012-02-06'),(685,'g',0,'2011-11-10'),(668,'g',0,'2011-11-10'),(680,'g',0,'2011-11-10'),(580,'g',0,'2011-11-10'),(582,'g',0,'2011-11-10'),(701,'g',0,'2011-11-10'),(629,'g',0,'2011-11-10'),(653,'g',0,'2011-11-10'),(592,'g',0,'2011-11-10'),(616,'g',0,'2011-11-10'),(500,'g',0,'2012-01-07'),(567,'g',0,'2011-11-21'),(595,'g',0,'2012-03-07'),(512,'g',0,'2011-11-21'),(540,'g',0,'2011-11-21'),(632,'g',0,'2011-11-21'),(825,'g',0,'2011-11-25'),(797,'g',0,'2011-11-25'),(774,'g',0,'2011-11-25'),(823,'g',0,'2011-11-25'),(811,'g',0,'2011-11-25'),(780,'g',0,'2011-11-25'),(842,'g',0,'2011-11-25'),(712,'g',0,'2011-11-25'),(761,'g',0,'2011-11-25'),(704,'g',0,'2011-11-25'),(747,'g',0,'2012-03-01'),(922,'g',0,'2011-11-25'),(868,'g',0,'2012-02-09'),(760,'g',0,'2012-02-09'),(762,'g',0,'2012-02-09'),(880,'g',0,'2012-02-09'),(487,'g',0,'2011-11-25'),(806,'g',0,'2012-02-16'),(879,'g',0,'2012-01-02'),(706,'g',0,'2012-02-16'),(946,'g',0,'2012-02-16'),(703,'g',0,'2012-02-16'),(700,'g',0,'2012-02-16'),(883,'g',0,'2011-11-27'),(754,'g',0,'2011-11-27'),(839,'g',0,'2011-11-27'),(818,'g',0,'2011-11-27'),(849,'g',0,'2011-11-27'),(807,'g',0,'2011-11-27'),(768,'g',0,'2011-11-27'),(899,'g',0,'2011-11-27'),(850,'g',0,'2011-11-27'),(789,'g',0,'2011-11-27'),(828,'g',0,'2011-11-28'),(841,'g',0,'2011-11-28'),(816,'g',0,'2011-11-28'),(930,'g',0,'2012-03-01'),(675,'g',0,'2011-11-28'),(857,'g',0,'2011-11-28'),(838,'g',0,'2011-11-28'),(814,'g',0,'2012-03-01'),(925,'g',0,'2011-11-28'),(815,'g',0,'2012-03-06'),(772,'g',0,'2012-02-06'),(759,'g',0,'2012-03-01'),(808,'g',0,'2011-12-29'),(885,'g',0,'2012-02-06'),(755,'g',0,'2012-03-01'),(877,'g',0,'2011-11-30'),(804,'g',0,'2011-11-30'),(793,'g',0,'2011-11-30'),(893,'g',0,'2011-11-30'),(709,'g',0,'2011-11-30'),(792,'g',0,'2011-11-30'),(869,'g',0,'2011-12-01'),(906,'g',0,'2012-02-05'),(845,'g',0,'2012-02-05'),(765,'g',0,'2012-02-05'),(745,'g',0,'2012-02-05'),(886,'g',0,'2012-02-05'),(844,'g',0,'2012-02-05'),(751,'g',0,'2012-02-05'),(711,'g',0,'2012-02-05'),(894,'g',0,'2012-03-06'),(837,'g',0,'2012-03-06'),(889,'g',0,'2012-03-06'),(887,'g',0,'2012-01-22'),(777,'g',0,'2012-03-04'),(955,'g',0,'2012-03-04'),(796,'g',0,'2012-03-04'),(795,'g',0,'2011-12-03'),(800,'g',0,'2012-03-07'),(794,'g',0,'2012-03-01'),(851,'g',0,'2012-03-01'),(917,'g',0,'2012-01-22'),(896,'g',0,'2011-12-05'),(827,'g',0,'2011-12-05'),(867,'g',0,'2012-02-06'),(846,'g',0,'2011-12-05'),(898,'g',0,'2012-02-06'),(803,'g',0,'2012-03-06'),(848,'g',0,'2011-12-05'),(847,'g',0,'2011-12-05'),(870,'g',0,'2012-02-06'),(897,'g',0,'2012-02-06'),(872,'g',0,'2011-12-08'),(884,'g',0,'2012-01-13'),(813,'g',0,'2011-12-08'),(881,'g',0,'2012-01-13'),(871,'g',0,'2012-03-06'),(829,'g',0,'2011-12-08'),(921,'g',0,'2012-03-06'),(873,'g',0,'2012-03-06'),(892,'g',0,'2012-03-06'),(834,'g',0,'2011-12-08'),(833,'g',0,'2011-12-08'),(912,'g',0,'2011-12-08'),(910,'g',0,'2011-12-08'),(901,'g',0,'2011-12-08'),(927,'g',0,'2012-03-06'),(920,'g',0,'2011-12-08'),(924,'g',0,'2012-03-06'),(862,'g',0,'2011-12-08'),(900,'g',0,'2012-01-22'),(931,'g',0,'2012-02-25'),(916,'g',0,'2012-02-25'),(902,'g',0,'2012-02-25'),(819,'g',0,'2011-12-10'),(907,'g',0,'2011-12-10'),(932,'g',0,'2012-03-01'),(904,'g',0,'2011-12-11'),(933,'g',0,'2011-12-11'),(928,'g',0,'2011-12-11'),(882,'g',0,'2011-12-11'),(895,'g',0,'2011-12-11'),(914,'g',0,'2011-12-11'),(923,'g',0,'2011-12-11'),(905,'g',0,'2011-12-11'),(909,'g',0,'2011-12-11'),(615,'g',0,'2011-12-13'),(596,'g',0,'2011-12-13'),(613,'g',0,'2011-12-13'),(876,'g',0,'2011-12-16'),(791,'g',0,'2011-12-16'),(915,'g',0,'2011-12-16'),(775,'g',0,'2011-12-16'),(911,'g',0,'2011-12-16'),(1269,'g',0,'2011-12-16'),(1187,'g',0,'2011-12-16'),(1393,'g',0,'2011-12-16'),(1316,'g',0,'2011-12-16'),(1322,'g',0,'2011-12-16'),(809,'g',0,'2011-12-17'),(976,'g',0,'2011-12-17'),(1288,'g',0,'2011-12-18'),(1135,'g',0,'2011-12-18'),(1335,'g',0,'2012-03-04'),(1328,'g',0,'2012-03-04'),(1281,'g',0,'2011-12-18'),(1343,'g',0,'2012-01-22'),(975,'g',0,'2012-01-22'),(1455,'g',0,'2012-03-07'),(1436,'g',0,'2011-12-19'),(908,'g',0,'2012-02-16'),(891,'g',0,'2012-02-16'),(1342,'g',0,'2012-02-16'),(1378,'g',0,'2012-02-16'),(958,'g',0,'2012-02-16'),(951,'g',0,'2012-02-16'),(979,'g',0,'2011-12-22'),(1040,'g',0,'2012-03-07'),(1041,'g',0,'2012-03-06'),(1039,'g',0,'2012-03-07'),(1481,'g',0,'2012-03-04'),(1188,'g',0,'2011-12-28'),(506,'g',0,'2012-03-07'),(509,'g',0,'2012-03-07'),(477,'g',0,'2012-03-07'),(1472,'g',0,'2011-12-28'),(1492,'g',0,'2012-03-07'),(1497,'g',0,'2011-12-29'),(1467,'g',0,'2011-12-30'),(866,'g',0,'2012-01-01'),(878,'g',0,'2012-01-01'),(888,'g',0,'2012-01-01'),(926,'g',0,'2012-01-01'),(801,'g',0,'2012-01-01'),(840,'g',0,'2012-01-01'),(863,'g',0,'2012-01-01'),(865,'g',0,'2012-01-01'),(918,'g',0,'2012-01-01'),(874,'g',0,'2012-01-01'),(968,'g',0,'2012-02-06'),(913,'g',0,'2012-01-07'),(861,'g',0,'2012-01-07'),(817,'g',0,'2012-01-07'),(1072,'g',0,'2012-01-07'),(836,'g',0,'2012-01-07'),(820,'g',0,'2012-01-07'),(1368,'g',0,'2012-01-07'),(1458,'g',0,'2012-01-07'),(1066,'g',0,'2012-01-07'),(1317,'g',0,'2012-01-10'),(1519,'g',0,'2012-01-16'),(1507,'g',0,'2012-01-16'),(1571,'g',0,'2012-01-16'),(1538,'g',0,'2012-01-17'),(1325,'g',0,'2012-01-20'),(1347,'g',0,'2012-01-20'),(1370,'g',0,'2012-01-20'),(778,'g',0,'2012-01-20'),(587,'g',0,'2012-01-20'),(903,'g',0,'2012-03-06'),(1671,'g',0,'2012-03-06'),(1334,'g',0,'2012-01-20'),(1534,'g',0,'2012-01-20'),(1446,'g',0,'2012-01-20'),(1578,'g',0,'2012-01-20'),(1430,'g',0,'2012-01-20'),(1432,'g',0,'2012-01-20'),(1431,'g',0,'2012-01-20'),(1433,'g',0,'2012-01-20'),(1194,'g',0,'2012-01-20'),(1250,'g',0,'2012-01-20'),(1478,'g',0,'2012-01-20'),(1515,'g',0,'2012-01-20'),(1346,'g',0,'2012-01-21'),(1587,'g',0,'2012-01-21'),(1085,'g',0,'2012-01-21'),(1392,'g',0,'2012-01-21'),(1242,'g',0,'2012-01-21'),(1244,'g',0,'2012-01-21'),(1396,'g',0,'2012-01-21'),(719,'g',0,'2012-01-22'),(724,'g',0,'2012-01-22'),(725,'g',0,'2012-01-22'),(729,'g',0,'2012-01-22'),(741,'g',0,'2012-01-22'),(726,'g',0,'2012-01-22'),(718,'g',0,'2012-01-22'),(727,'g',0,'2012-01-22'),(733,'g',0,'2012-01-22'),(728,'g',0,'2012-01-22'),(732,'g',0,'2012-01-22'),(739,'g',0,'2012-01-22'),(723,'g',0,'2012-01-22'),(730,'g',0,'2012-01-22'),(721,'g',0,'2012-01-22'),(731,'g',0,'2012-01-22'),(722,'g',0,'2012-01-22'),(740,'g',0,'2012-01-22'),(720,'g',0,'2012-01-22'),(1677,'g',0,'2012-01-22'),(1344,'g',0,'2012-01-22'),(1321,'g',0,'2012-01-22'),(1357,'g',0,'2012-01-22'),(1382,'g',0,'2012-01-22'),(1348,'g',0,'2012-01-22'),(1345,'g',0,'2012-01-22'),(1331,'g',0,'2012-01-22'),(752,'g',0,'2012-01-22'),(756,'g',0,'2012-01-22'),(947,'g',0,'2012-01-22'),(767,'g',0,'2012-01-22'),(748,'g',0,'2012-01-22'),(986,'g',0,'2012-01-22'),(935,'g',0,'2012-01-22'),(757,'g',0,'2012-01-22'),(980,'g',0,'2012-01-22'),(766,'g',0,'2012-01-22'),(753,'g',0,'2012-01-22'),(714,'g',0,'2012-01-22'),(957,'g',0,'2012-01-22'),(776,'g',0,'2012-01-22'),(802,'g',0,'2012-01-22'),(1354,'g',0,'2012-01-22'),(1351,'g',0,'2012-01-22'),(1365,'g',0,'2012-01-22'),(1349,'g',0,'2012-01-22'),(1356,'g',0,'2012-01-22'),(1355,'g',0,'2012-01-22'),(1363,'g',0,'2012-01-22'),(1353,'g',0,'2012-01-22'),(1469,'g',0,'2012-01-22'),(1362,'g',0,'2012-01-22'),(1352,'g',0,'2012-01-22'),(472,'g',0,'2012-01-22'),(484,'g',0,'2012-01-22'),(482,'g',0,'2012-01-22'),(1395,'g',0,'2012-01-22'),(1379,'g',0,'2012-01-22'),(1371,'g',0,'2012-01-22'),(1399,'g',0,'2012-01-22'),(854,'g',0,'2012-01-22'),(859,'g',0,'2012-01-22'),(860,'g',0,'2012-01-22'),(890,'g',0,'2012-01-23'),(919,'g',0,'2012-02-25'),(858,'g',0,'2012-01-23'),(1082,'g',0,'2012-01-23'),(1131,'g',0,'2012-01-23'),(1522,'g',0,'2012-01-23'),(1134,'g',0,'2012-01-23'),(1083,'g',0,'2012-01-23'),(1514,'g',0,'2012-01-23'),(944,'g',0,'2012-01-23'),(950,'g',0,'2012-01-23'),(961,'g',0,'2012-01-23'),(949,'g',0,'2012-01-23'),(963,'g',0,'2012-01-23'),(942,'g',0,'2012-01-23'),(982,'g',0,'2012-03-01'),(987,'g',0,'2012-01-23'),(941,'g',0,'2012-01-23'),(1081,'g',0,'2012-03-01'),(1197,'g',0,'2012-01-23'),(1054,'g',0,'2012-01-23'),(1473,'g',0,'2012-01-23'),(1464,'g',0,'2012-01-23'),(1070,'g',0,'2012-01-23'),(1088,'g',0,'2012-03-01'),(1196,'g',0,'2012-01-23'),(1427,'g',0,'2012-01-23'),(1060,'g',0,'2012-01-23'),(1087,'g',0,'2012-01-23'),(1558,'g',0,'2012-01-28'),(1377,'g',0,'2012-01-28'),(1373,'g',0,'2012-03-01'),(1376,'g',0,'2012-01-28'),(1375,'g',0,'2012-01-28'),(1397,'g',0,'2012-01-28'),(1642,'g',0,'2012-01-28'),(1129,'g',0,'2012-01-28'),(1374,'g',0,'2012-03-01'),(1421,'g',0,'2012-01-28'),(1717,'g',0,'2012-01-29'),(1754,'g',0,'2012-01-30'),(1540,'g',0,'2012-02-02'),(1600,'g',0,'2012-02-02'),(1191,'g',0,'2012-02-02'),(1550,'g',0,'2012-02-05'),(1732,'g',0,'2012-02-05'),(1664,'g',0,'2012-02-05'),(1601,'g',0,'2012-02-05'),(749,'g',0,'2012-02-05'),(790,'g',0,'2012-02-05'),(1506,'g',0,'2012-02-05'),(1080,'g',0,'2012-02-05'),(1078,'g',0,'2012-02-05'),(1067,'g',0,'2012-02-05'),(1132,'g',0,'2012-02-05'),(1076,'g',0,'2012-02-05'),(1062,'g',0,'2012-02-05'),(1090,'g',0,'2012-02-05'),(1071,'g',0,'2012-02-05'),(1130,'g',0,'2012-02-05'),(1127,'g',0,'2012-02-05'),(1470,'g',0,'2012-02-05'),(1037,'g',0,'2012-02-05'),(1034,'g',0,'2012-02-05'),(1035,'g',0,'2012-02-05'),(1468,'g',0,'2012-02-05'),(1056,'g',0,'2012-02-05'),(1038,'g',0,'2012-02-05'),(1036,'g',0,'2012-02-05'),(1471,'g',0,'2012-02-05'),(1482,'g',0,'2012-02-05'),(593,'g',0,'2012-03-07'),(594,'g',0,'2012-02-06'),(1210,'g',0,'2012-02-06'),(1213,'g',0,'2012-02-06'),(1214,'g',0,'2012-02-06'),(1216,'g',0,'2012-02-06'),(1209,'g',0,'2012-02-06'),(1237,'g',0,'2012-02-06'),(1211,'g',0,'2012-02-06'),(1234,'g',0,'2012-02-06'),(1232,'g',0,'2012-02-06'),(1217,'g',0,'2012-02-06'),(1231,'g',0,'2012-02-06'),(1229,'g',0,'2012-02-06'),(1238,'g',0,'2012-02-06'),(1236,'g',0,'2012-02-06'),(1230,'g',0,'2012-02-06'),(1215,'g',0,'2012-02-06'),(1233,'g',0,'2012-02-06'),(1235,'g',0,'2012-02-06'),(1218,'g',0,'2012-02-06'),(1212,'g',0,'2012-02-06'),(1256,'g',0,'2012-02-06'),(1258,'g',0,'2012-02-06'),(1240,'g',0,'2012-02-06'),(1260,'g',0,'2012-02-06'),(1251,'g',0,'2012-02-06'),(1249,'g',0,'2012-02-06'),(1257,'g',0,'2012-02-06'),(1241,'g',0,'2012-02-06'),(1239,'g',0,'2012-02-06'),(1259,'g',0,'2012-02-06'),(1226,'g',0,'2012-02-06'),(1221,'g',0,'2012-02-06'),(1219,'g',0,'2012-02-06'),(1227,'g',0,'2012-02-06'),(1220,'g',0,'2012-02-06'),(1225,'g',0,'2012-02-06'),(1228,'g',0,'2012-02-06'),(1224,'g',0,'2012-02-06'),(1222,'g',0,'2012-02-06'),(1223,'g',0,'2012-02-06'),(1767,'g',0,'2012-02-09'),(1439,'g',0,'2012-02-10'),(1440,'g',0,'2012-02-10'),(1441,'g',0,'2012-02-10'),(1543,'g',0,'2012-02-10'),(1575,'g',0,'2012-02-10'),(1561,'g',0,'2012-02-10'),(1574,'g',0,'2012-02-10'),(1528,'g',0,'2012-02-10'),(1491,'g',0,'2012-02-10'),(1434,'g',0,'2012-02-10'),(1454,'g',0,'2012-02-10'),(1495,'g',0,'2012-02-10'),(1404,'g',0,'2012-02-10'),(1409,'g',0,'2012-02-10'),(1420,'g',0,'2012-02-10'),(1425,'g',0,'2012-02-10'),(1408,'g',0,'2012-02-10'),(1520,'g',0,'2012-02-10'),(1410,'g',0,'2012-02-10'),(1541,'g',0,'2012-02-10'),(1523,'g',0,'2012-02-11'),(1565,'g',0,'2012-02-11'),(1569,'g',0,'2012-02-11'),(1555,'g',0,'2012-02-11'),(1525,'g',0,'2012-02-11'),(1545,'g',0,'2012-02-11'),(1563,'g',0,'2012-02-11'),(1517,'g',0,'2012-02-11'),(1526,'g',0,'2012-02-11'),(1544,'g',0,'2012-02-11'),(938,'g',0,'2012-02-12'),(973,'g',0,'2012-02-12'),(1474,'g',0,'2012-02-12'),(1381,'g',0,'2012-02-12'),(1475,'g',0,'2012-02-12'),(1733,'g',0,'2012-02-13'),(1768,'g',0,'2012-02-13'),(1339,'g',0,'2012-02-13'),(1044,'g',0,'2012-02-13'),(959,'g',0,'2012-02-13'),(974,'g',0,'2012-02-13'),(1079,'g',0,'2012-02-13'),(1195,'g',0,'2012-02-13'),(1869,'g',0,'2012-02-13'),(1638,'g',0,'2012-02-14'),(494,'g',0,'2012-02-15'),(602,'g',0,'2012-02-15'),(929,'g',0,'2012-02-16'),(1749,'g',0,'2012-02-16'),(1337,'g',0,'2012-02-16'),(1333,'g',0,'2012-02-16'),(1327,'g',0,'2012-02-16'),(1476,'g',0,'2012-02-16'),(988,'g',0,'2012-02-16'),(1487,'g',0,'2012-02-17'),(1655,'g',0,'2012-02-18'),(1858,'g',0,'2012-02-19'),(1868,'g',0,'2012-02-19'),(832,'g',0,'2012-02-19'),(1851,'g',0,'2012-02-20'),(1864,'g',0,'2012-02-20'),(1874,'g',0,'2012-02-21'),(1042,'g',0,'2012-02-21'),(1043,'g',0,'2012-02-21'),(1878,'g',0,'2012-02-22'),(505,'g',0,'2012-02-22'),(507,'g',0,'2012-02-22'),(576,'g',0,'2012-02-22'),(1846,'g',0,'2012-02-22'),(1882,'g',0,'2012-02-22'),(1861,'g',0,'2012-02-22'),(1841,'g',0,'2012-02-22'),(1650,'g',0,'2012-02-23'),(1748,'g',0,'2012-02-23'),(1827,'g',0,'2012-02-23'),(852,'g',0,'2012-03-01'),(763,'g',0,'2012-03-01'),(948,'g',0,'2012-03-01'),(783,'g',0,'2012-03-01'),(770,'g',0,'2012-03-01'),(830,'g',0,'2012-03-01'),(1128,'g',0,'2012-03-01'),(1074,'g',0,'2012-03-01'),(1388,'g',0,'2012-03-01'),(1061,'g',0,'2012-03-01'),(1897,'g',0,'2012-03-01'),(1899,'g',0,'2012-03-03'),(1898,'g',0,'2012-03-03'),(1906,'g',0,'2012-03-05'),(590,'g',0,'2012-03-07');

--
-- Table structure for table `idx_paid_listing`
--

CREATE TABLE `idx_paid_listing` (
  `link_id` mediumint(9) unsigned NOT NULL default '0',
  `premium` char(1) default NULL,
  `sponsored` char(1) default NULL,
  `expire` datetime default NULL,
  `paid` char(1) default NULL,
  PRIMARY KEY  (`link_id`)
) ENGINE=MyISAM DEFAULT CHARSET=latin1;

--
-- Dumping data for table `idx_paid_listing`
--


--
-- Table structure for table `idx_payment_gateway`
--

CREATE TABLE `idx_payment_gateway` (
  `payment_gateway_id` int(11) NOT NULL auto_increment,
  `name` varchar(100) default NULL,
  `enable` char(1) default NULL,
  `setting` text,
  `invoice_html` text,
  PRIMARY KEY  (`payment_gateway_id`)
) ENGINE=MyISAM AUTO_INCREMENT=9 DEFAULT CHARSET=latin1;

--
-- Dumping data for table `idx_payment_gateway`
--

INSERT INTO `idx_payment_gateway` VALUES (1,'paypal','1','a:2:{s:13:\"payment_email\";s:0:\"\";s:21:\"enable_paypal_sandbox\";s:1:\"0\";}','<p> \r\n	<a href=\'paynow.php?id={$invoice_id}&m=paypal\'><img src=\'http://www.paypal.com/images/x-click-but02.gif\' border=\'0\' alt=\'Make payments with PayPal - it is fast, free and secure!\' /></a> \r\n</p>\r\n'),(2,'2co','0','a:6:{s:6:\"co_sid\";s:5:\"84932\";s:9:\"co_secret\";s:5:\"tango\";s:12:\"co_recurring\";s:1:\"0\";s:9:\"co_prod_1\";s:6:\"100.00\";s:9:\"co_prod_2\";s:6:\"250.00\";s:9:\"co_prod_3\";s:6:\"400.00\";}','<p>\r\n<a href=\'paynow.php?id={$invoice_id}&m=2co\'><img src=\'http://www.2checkout.com/images/overview/btns/25.jpg\' alt=\'Pay Now with 2checkout...\' border=\'0\' /></a> \r\n</p>'),(3,'authorizenet','0','a:2:{s:21:\"authorizenet_login_id\";s:0:\"\";s:21:\"authorizenet_tran_key\";s:0:\"\";}','<p> \r\n<a href=\'paynow.php?id={$invoice_id}&m=authorizenet\'><img src=\'http://www.authorize.net/upload/images/Images/Header/authorizenet_logo.gif\' alt=\'Pay Now with Authorize.Net...\' width=\'99\' height=\'39\' style=\'{border : 1px solid #c0c0c0;}\' /></a>\r\n</p>'),(4,'egold','0','a:2:{s:19:\"egold_payee_account\";s:0:\"\";s:16:\"egold_payee_name\";s:0:\"\";}','<p> \r\n<a href=\'paynow.php?id={$invoice_id}&m=egold\'>\r\n<img src=\'http://www.e-gold.com/gif/paywith.gif\' border=\'0\' alt=\'Pay Now with e-gold...\' />\r\n</a>\r\n</p>'),(5,'moneybookers','0','a:1:{s:18:\"moneybookers_email\";s:0:\"\";}','<p> \r\n<a href=\'paynow.php?id={$invoice_id}&m=paypal\'><img src=\'http://www.moneybookers.com/images/banners/88_en_mb.gif\' border=\'0\' alt=\'Make payments with Moneybookers - it is fast, free and secure!\' /></a> \r\n</p>'),(6,'paypal-subscriptions','0','a:2:{s:13:\"payment_email\";s:0:\"\";s:21:\"enable_paypal_sandbox\";s:1:\"0\";}','<p> \r\n<a href=\'paynow.php?id={$invoice_id}&m=paypal\'><img src=\'https://www.paypal.com/en_US/i/btn/x-click-but20.gif\' border=\'0\' alt=\'Make payments with PayPal - it is fast, free and secure!\' /></a> \r\n</p>'),(7,'alertpay','0','a:2:{s:14:\"alertpay_email\";s:0:\"\";s:23:\"enable_alertpay_sandbox\";s:1:\"0\";}','<p> \r\n<a href=\'paynow.php?id={$invoice_id}&m=alertpay\'>\r\n<img src=\'https://www.alertpay.com/Images/BuyNow/pay_now_3.gif\' border=\'0\' alt=\'Make payments with PayPal - it is fast, free and secure!\' /></a> \r\n</p>'),(8,'alertpay-subcriptions','0','a:2:{s:14:\"alertpay_email\";s:0:\"\";s:23:\"enable_alertpay_sandbox\";s:1:\"0\";}','<p>\r\n<a href=\'paynow.php?id={$invoice_id}&m=alertpay-subcriptions\'>\r\n<img src=\'https://www.alertpay.com/Images/BuyNow/subscribe_now_15.gif\' border=\'0\' alt=\'Make payments with Alert Pay - it is fast, free and secure!\' /></a> \r\n</p>');

--
-- Table structure for table `idx_payment_history`
--

CREATE TABLE `idx_payment_history` (
  `payment_id` int(10) unsigned NOT NULL auto_increment,
  `contact_name` varchar(255) default NULL,
  `email` varchar(255) default NULL,
  `type` varchar(255) default NULL,
  `detail` text,
  `amount` double default NULL,
  `time` datetime default NULL,
  `invoice_id` varchar(10) default NULL,
  PRIMARY KEY  (`payment_id`)
) ENGINE=MyISAM DEFAULT CHARSET=latin1;

--
-- Dumping data for table `idx_payment_history`
--


--
-- Table structure for table `idx_pl_sociable`
--

CREATE TABLE `idx_pl_sociable` (
  `sb_id` int(11) NOT NULL auto_increment,
  `sb_name` varchar(255) character set utf8 default NULL,
  `sb_url` varchar(255) character set utf8 default NULL,
  `sb_icon` varchar(255) character set utf8 default NULL,
  `sb_enable` char(1) character set utf8 default '0',
  PRIMARY KEY  (`sb_id`)
) ENGINE=MyISAM AUTO_INCREMENT=90 DEFAULT CHARSET=latin1;

--
-- Dumping data for table `idx_pl_sociable`
--

INSERT INTO `idx_pl_sociable` VALUES (1,'BarraPunto','http://barrapunto.com/submit.pl?subj=TITLE&amp;story=PERMALINK','barrapunto.png','0'),(2,'Bitacoras.com','http://bitacoras.com/anotaciones/PERMALINK','bitacoras.png','0'),(3,'BlinkList','http://www.blinklist.com/index.php?Action=Blink/addblink.php&amp;Url=PERMALINK&amp;Title=TITLE','blinklist.png','0'),(4,'blogmarks','http://blogmarks.net/my/new.php?mini=1&amp;simple=1&amp;url=PERMALINK&amp;title=TITLE','blogmarks.png','0'),(5,'Blogosphere News','http://www.blogospherenews.com/submit.php?url=PERMALINK&amp;title=TITLE','blogospherenews.png','0'),(6,'blogtercimlap','http://cimlap.blogter.hu/index.php?action=suggest_link&amp;title=TITLE&amp;url=PERMALINK','blogter.png','0'),(7,'Faves','http://faves.com/Authoring.aspx?u=PERMALINK&amp;title=TITLE','bluedot.png','0'),(8,'connotea','http://www.connotea.org/addpopup?continue=confirm&amp;uri=PERMALINK&amp;title=TITLE&amp;description=EXCERPT','connotea.png','0'),(9,'Current','http://current.com/clipper.htm?url=PERMALINK&amp;title=TITLE','current.png','0'),(10,'del.icio.us','http://delicious.com/post?url=PERMALINK&amp;title=TITLE&amp;notes=EXCERPT','delicious.png','0'),(11,'Digg','http://digg.com/submit?phase=2&amp;url=PERMALINK&amp;title=TITLE&amp;bodytext=EXCERPT','digg.png','1'),(12,'Diigo','http://www.diigo.com/post?url=PERMALINK&amp;title=TITLE','diigo.png','0'),(13,'DotNetKicks','http://www.dotnetkicks.com/kick/?url=PERMALINK&amp;title=TITLE','dotnetkicks.png','0'),(14,'DZone','http://www.dzone.com/links/add.html?url=PERMALINK&amp;title=TITLE','dzone.png','0'),(15,'eKudos','http://www.ekudos.nl/artikel/nieuw?url=PERMALINK&amp;title=TITLE&amp;desc=EXCERPT','ekudos.png','0'),(16,'email','mailto:?subject=TITLE&amp;body=PERMALINK','email_link.png','0'),(17,'Facebook','http://www.facebook.com/share.php?u=PERMALINK&amp;t=TITLE','facebook.png','1'),(18,'Fark','http://cgi.fark.com/cgi/fark/farkit.pl?h=TITLE&amp;u=PERMALINK','fark.png','0'),(19,'Fleck','http://beta3.fleck.com/bookmarklet.php?url=PERMALINK&amp;title=TITLE','fleck.png','0'),(20,'FriendFeed','http://www.friendfeed.com/share?title=TITLE&amp;link=PERMALINK','friendfeed.png','0'),(21,'FSDaily','http://www.fsdaily.com/submit?url=PERMALINK&amp;title=TITLE','fsdaily.png','0'),(22,'Global Grind','http://globalgrind.com/submission/submit.aspx?url=PERMALINK&amp;type=Article&amp;title=TITLE','globalgrind.png','0'),(23,'Google','http://www.google.com/bookmarks/mark?op=edit&amp;bkmk=PERMALINK&amp;title=TITLE&amp;annotation=EXCERPT','googlebookmark.png','0'),(24,'Gwar','http://www.gwar.pl/DodajGwar.html?u=PERMALINK','gwar.png','0'),(25,'HackerNews','http://news.ycombinator.com/submitlink?u=PERMALINK&amp;t=TITLE','hackernews.png','0'),(26,'Haohao','http://www.haohaoreport.com/submit.php?url=PERMALINK&amp;title=TITLE','haohao.png','0'),(27,'HealthRanker','http://healthranker.com/submit.php?url=PERMALINK&amp;title=TITLE','healthranker.png','0'),(28,'HelloTxt','http://hellotxt.com/?status=TITLE+PERMALINK','hellotxt.png','0'),(29,'Hemidemi','http://www.hemidemi.com/user_bookmark/new?title=TITLE&amp;url=PERMALINK','hemidemi.png','0'),(30,'Hyves','http://www.hyves.nl/profilemanage/add/tips/?name=TITLE&amp;text=EXCERPT+PERMALINK&amp;rating=5','hyves.png','0'),(31,'Identi.ca','http://identi.ca/notice/new?status_textarea=PERMALINK','identica.png','0'),(32,'IndianPad','http://www.indianpad.com/submit.php?url=PERMALINK','indianpad.png','0'),(33,'Internetmedia','http://internetmedia.hu/submit.php?url=PERMALINK','im.png','0'),(34,'Kirtsy','http://www.kirtsy.com/submit.php?url=PERMALINK&amp;title=TITLE','kirtsy.png','0'),(35,'laaik.it','http://laaik.it/NewStoryCompact.aspx?uri=PERMALINK&amp;headline=TITLE&amp;cat=5e082fcc-8a3b-47e2-acec-fdf64ff19d12','laaikit.png','0'),(36,'LinkArena','http://linkarena.com/bookmarks/addlink/?url=PERMALINK&amp;title=TITLE','linkarena.png','0'),(37,'LinkaGoGo','http://www.linkagogo.com/go/AddNoPopup?url=PERMALINK&amp;title=TITLE','linkagogo.png','0'),(38,'LinkedIn','http://www.linkedin.com/shareArticle?mini=true&amp;url=PERMALINK&amp;title=TITLE&amp;source=BLOGNAME&amp;summary=EXCERPT','linkedin.png','0'),(39,'Linkter','http://www.linkter.hu/index.php?action=suggest_link&amp;url=PERMALINK&amp;title=TITLE','linkter.png','0'),(40,'Live','https://favorites.live.com/quickadd.aspx?marklet=1&amp;url=PERMALINK&amp;title=TITLE','live.png','0'),(41,'Meneame','http://meneame.net/submit.php?url=PERMALINK','meneame.png','0'),(42,'MisterWong','http://www.mister-wong.com/addurl/?bm_url=PERMALINK&amp;bm_description=TITLE&amp;plugin=soc','misterwong.png','0'),(43,'MisterWong.DE','http://www.mister-wong.de/addurl/?bm_url=PERMALINK&amp;bm_description=TITLE&amp;plugin=soc','misterwong.png','0'),(44,'Mixx','http://www.mixx.com/submit?page_url=PERMALINK&amp;title=TITLE','mixx.png','0'),(45,'muti','http://www.muti.co.za/submit?url=PERMALINK&amp;title=TITLE','muti.png','0'),(46,'MyShare','http://myshare.url.com.tw/index.php?func=newurl&amp;url=PERMALINK&amp;desc=TITLE','myshare.png','0'),(47,'MySpace','http://www.myspace.com/Modules/PostTo/Pages/?u=PERMALINK&amp;t=TITLE','myspace.png','0'),(48,'MSNReporter','http://reporter.nl.msn.com/?fn=contribute&amp;Title=TITLE&amp;URL=PERMALINK&amp;cat_id=6&amp;tag_id=31&amp;Remark=EXCERPT','msnreporter.png','0'),(49,'N4G','http://www.n4g.com/tips.aspx?url=PERMALINK&amp;title=TITLE','n4g.png','0'),(50,'Netvibes','http://www.netvibes.com/share?title=TITLE&amp;url=PERMALINK','netvibes.png','0'),(51,'NewsVine','http://www.newsvine.com/_tools/seed&amp;save?u=PERMALINK&amp;h=TITLE','newsvine.png','0'),(52,'Netvouz','http://www.netvouz.com/action/submitBookmark?url=PERMALINK&amp;title=TITLE&amp;popup=no','netvouz.png','0'),(53,'NuJIJ','http://nujij.nl/jij.lynkx?t=TITLE&amp;u=PERMALINK&amp;b=EXCERPT','nujij.png','0'),(54,'Ping.fm','http://ping.fm/ref/?link=PERMALINK&amp;title=TITLE&amp;body=EXCERPT','ping.png','0'),(55,'Posterous','http://posterous.com/share?linkto=PERMALINK&amp;title=TITLE&amp;selection=EXCERPT','posterous.png','0'),(56,'PDF','http://www.printfriendly.com/print?url=PERMALINK&amp;partner=sociable','pdf.png','0'),(57,'Print','http://www.printfriendly.com/print?url=PERMALINK&amp;partner=sociable','printfriendly.png','0'),(58,'Propeller','http://www.propeller.com/submit/?url=PERMALINK','propeller.png','0'),(59,'Ratimarks','http://ratimarks.org/bookmarks.php/?action=add&address=PERMALINK&amp;title=TITLE','ratimarks.png','0'),(60,'Rec6','http://rec6.via6.com/link.php?url=PERMALINK&amp;=TITLE','rec6.png','0'),(61,'Reddit','http://reddit.com/submit?url=PERMALINK&amp;title=TITLE','reddit.png','0'),(62,'RSS','FEEDLINK','rss.png','0'),(63,'Scoopeo','http://www.scoopeo.com/scoop/new?newurl=PERMALINK&amp;title=TITLE','scoopeo.png','0'),(64,'Segnalo','http://segnalo.alice.it/post.html.php?url=PERMALINK&amp;title=TITLE','segnalo.png','0'),(65,'Simpy','http://www.simpy.com/simpy/LinkAdd.do?href=PERMALINK&amp;title=TITLE','simpy.png','0'),(66,'Slashdot','http://slashdot.org/bookmark.pl?title=TITLE&amp;url=PERMALINK','slashdot.png','0'),(67,'Socialogs','http://socialogs.com/add_story.php?story_url=PERMALINK&amp;story_title=TITLE','socialogs.png','0'),(68,'SphereIt','http://www.sphere.com/search?q=sphereit:PERMALINK&amp;title=TITLE','sphere.png','0'),(69,'Sphinn','http://sphinn.com/index.php?c=post&amp;m=submit&amp;link=PERMALINK','sphinn.png','0'),(70,'StumbleUpon','http://www.stumbleupon.com/submit?url=PERMALINK&amp;title=TITLE','stumbleupon.png','0'),(71,'Techmeme','http://twitter.com/home/?status=tip%20@Techmeme%20PERMALINK%20TITLE','techmeme.png','0'),(72,'Technorati','http://technorati.com/faves?add=PERMALINK','technorati.png','1'),(73,'ThisNext','http://www.thisnext.com/pick/new/submit/sociable/?url=PERMALINK&amp;name=TITLE','thisnext.png','0'),(74,'Tipd','http://tipd.com/submit.php?url=PERMALINK','tipd.png','0'),(75,'Tumblr','http://www.tumblr.com/share?v=3&amp;u=PERMALINK&amp;t=TITLE&amp;s=EXCERPT','tumblr.png','0'),(76,'Twitter','http://twitter.com/home?status=TITLE%20-%20PERMALINK','twitter.png','1'),(77,'Upnews','http://www.upnews.it/submit?url=PERMALINK&amp;title=TITLE','upnews.png','0'),(78,'Webnews.de','http://www.webnews.de/einstellen?url=PERMALINK&amp;title=TITLE','webnews.png','0'),(79,'Webride','http://webride.org/discuss/split.php?uri=PERMALINK&amp;title=TITLE','webride.png','0'),(80,'Wikio','http://www.wikio.com/vote?url=PERMALINK','wikio.png','0'),(81,'Wikio FR','http://www.wikio.fr/vote?url=PERMALINK','wikio.png','0'),(82,'Wikio IT','http://www.wikio.it/vote?url=PERMALINK','wikio.png','0'),(83,'Wists','http://wists.com/s.php?c=&amp;r=PERMALINK&amp;title=TITLE','wists.png','0'),(84,'Wykop','http://www.wykop.pl/dodaj?url=PERMALINK','wykop.png','0'),(85,'Xerpi','http://www.xerpi.com/block/add_link_from_extension?url=PERMALINK&amp;title=TITLE','xerpi.png','0'),(86,'YahooBuzz','http://buzz.yahoo.com/submit/?submitUrl=PERMALINK&amp;submitHeadline=TITLE&amp;submitSummary=EXCERPT&amp;submitCategory=science&amp;submitAssetType=text','yahoobuzz.png','0'),(87,'Yahoo! Bookmarks','http://bookmarks.yahoo.com/toolbar/savebm?u=PERMALINK&amp;t=TITLE&opener=bm&amp;ei=UTF-8&amp;d=EXCERPT','yahoomyweb.png','0'),(88,'Yigg','http://yigg.de/neu?exturl=PERMALINK&amp;exttitle=TITLE','yiggit.png','0'),(89,'Blogplay','http://blogplay.com','blogplay.png','0');

--
-- Table structure for table `idx_pl_twitter_account`
--

CREATE TABLE `idx_pl_twitter_account` (
  `ck` varchar(255) character set utf8 default NULL,
  `cs` varchar(255) character set utf8 default NULL,
  `at` varchar(255) character set utf8 default NULL,
  `ats` varchar(255) character set utf8 default NULL
) ENGINE=MyISAM DEFAULT CHARSET=latin1;

--
-- Dumping data for table `idx_pl_twitter_account`
--

INSERT INTO `idx_pl_twitter_account` VALUES ('QnsutALDkfevi3aDXfGwxQ','4fDVpudCNlpwrNpn23oZaar3wybtGN4DNduhbOdB2I','https://api.twitter.com/oauth/authorize','https://api.twitter.com/oauth/access_token');

--
-- Table structure for table `idx_plugin`
--

CREATE TABLE `idx_plugin` (
  `plugin_id` int(11) NOT NULL auto_increment,
  `name` varchar(255) default NULL,
  `plugin_file` varchar(255) default NULL,
  `status` enum('0','1') default NULL,
  `option_plugin` text,
  PRIMARY KEY  (`plugin_id`)
) ENGINE=MyISAM AUTO_INCREMENT=3 DEFAULT CHARSET=latin1;

--
-- Dumping data for table `idx_plugin`
--

INSERT INTO `idx_plugin` VALUES (1,'AutoTweet','twitter_auto_tweet/twitter_auto_tweet.php','1',NULL),(2,'Sociable','sociable/sociable.php','1',NULL);

--
-- Table structure for table `idx_review`
--

CREATE TABLE `idx_review` (
  `review_id` mediumint(9) unsigned NOT NULL auto_increment,
  `link_id` mediumint(9) unsigned NOT NULL default '0',
  `review` text NOT NULL,
  `rating` tinyint(3) unsigned NOT NULL default '0',
  `date` date NOT NULL default '0000-00-00',
  `subject` varchar(100) default NULL,
  `status` char(1) default NULL,
  `username` varchar(20) default NULL,
  `name` varchar(20) default NULL,
  `email` varchar(100) default NULL,
  PRIMARY KEY  (`review_id`)
) ENGINE=MyISAM DEFAULT CHARSET=latin1;

--
-- Dumping data for table `idx_review`
--


--
-- Table structure for table `idx_searchlog`
--

CREATE TABLE `idx_searchlog` (
  `keyword` varchar(100) NOT NULL default '',
  `time` datetime NOT NULL default '0000-00-00 00:00:00',
  `result` mediumint(9) unsigned default NULL,
  `ip` varchar(100) default NULL
) ENGINE=MyISAM DEFAULT CHARSET=latin1;

--
-- Dumping data for table `idx_searchlog`
--


--
-- Table structure for table `idx_set_hook_place`
--

CREATE TABLE `idx_set_hook_place` (
  `set_hook_place_id` int(11) NOT NULL auto_increment,
  `plugin` varchar(255) default NULL,
  `set_hook_place` text,
  PRIMARY KEY  (`set_hook_place_id`)
) ENGINE=MyISAM DEFAULT CHARSET=latin1;

--
-- Dumping data for table `idx_set_hook_place`
--


--
-- Table structure for table `idx_setting`
--

CREATE TABLE `idx_setting` (
  `setting_id` int(11) NOT NULL auto_increment,
  `setting_name` varchar(255) default NULL,
  `setting_value` text,
  PRIMARY KEY  (`setting_id`)
) ENGINE=MyISAM AUTO_INCREMENT=55 DEFAULT CHARSET=latin1;

--
-- Dumping data for table `idx_setting`
--

INSERT INTO `idx_setting` VALUES (4,'site_name','bsocialtoday.com'),(5,'site_url','http://bsocialtoday.com'),(6,'email_address','anastasia.krasowski@gmail.com'),(7,'language_code','en_US'),(8,'theme_path','/home/bsocialt/public_html/themes/'),(9,'admin_template_path','/home/bsocialt/public_html/admin_tpl/'),(10,'plugin_path','/home/bsocialt/public_html/plugin/'),(12,'active_theme','bsocialtoday'),(14,'spam_proof','1'),(15,'enable_user_validation','1'),(16,'allowed_file_extension','gif,jpg,png,pdf,zip,doc'),(17,'yahoo_appid',''),(18,'whosonline','600'),(19,'reciprocal_check','0'),(20,'urlcheck_limit','1'),(21,'pagerank_cache','30'),(22,'max_image_width','1024'),(23,'max_image_height','756'),(24,'max_file_size','500'),(25,'only_registered_can_add_link','0'),(26,'only_registered_can_add_review','0'),(27,'db_use_persistent','0'),(28,'paid_link_day_period','30,60,90,180'),(29,'paid_link_price_factor','1,1.5,2,3'),(30,'enable_html_tag','1'),(31,'allowed_html_tag','<b>,<strong>,<i>,<em>,<u>,<pre>,<blockquote>,<ol>,<ul>,<li>,<p>,<span>,<div>,<table>,<tr>,<td>'),(32,'enable_page_compression','0'),(33,'enable_category_ajax','1'),(34,'require_visit_category','0'),(35,'additional_category_price','0.5'),(36,'enable_rating_ajax','1'),(37,'service_nicecoder_avail','1'),(38,'enable_recaptcha','0'),(39,'recaptcha_publickey',''),(40,'recaptcha_privatekey',''),(41,'enable_bidding','0'),(42,'minimum_bid','5'),(43,'bid_increament','1'),(44,'charset','utf-8'),(45,'mailer','mail'),(46,'smtp_auth','0'),(47,'smtp_host',''),(48,'smtp_username',''),(49,'smtp_password',''),(50,'smtp_port','25'),(51,'emailbody_as_html','0'),(52,'indexu_version','2.4'),(53,'tos',''),(54,'submission_guidelines','');

--
-- Table structure for table `idx_tags`
--

CREATE TABLE `idx_tags` (
  `tag` varchar(64) NOT NULL default '',
  `category_id` mediumint(8) unsigned NOT NULL default '0',
  `total` int(11) NOT NULL default '0',
  `tag_path` varchar(64) NOT NULL,
  PRIMARY KEY  (`tag`,`category_id`)
) ENGINE=MyISAM DEFAULT CHARSET=latin1;

--
-- Dumping data for table `idx_tags`
--


--
-- Table structure for table `idx_unavailable`
--

CREATE TABLE `idx_unavailable` (
  `idx_unavailable` int(11) NOT NULL auto_increment,
  `link_id` int(11) default NULL,
  `url` varchar(255) default NULL,
  `who_is` varchar(255) default NULL,
  `note` text,
  `date` datetime default NULL,
  PRIMARY KEY  (`idx_unavailable`)
) ENGINE=MyISAM DEFAULT CHARSET=latin1;

--
-- Dumping data for table `idx_unavailable`
--


--
-- Table structure for table `idx_unavailable_latest`
--

CREATE TABLE `idx_unavailable_latest` (
  `idx_link` int(11) default NULL,
  `record_execution` int(11) default NULL
) ENGINE=MyISAM DEFAULT CHARSET=latin1;

--
-- Dumping data for table `idx_unavailable_latest`
--


--
-- Table structure for table `idx_votes`
--

CREATE TABLE `idx_votes` (
  `link_id` mediumint(9) NOT NULL default '0',
  `ip` varchar(100) default NULL,
  `value` tinyint(4) default NULL
) ENGINE=MyISAM DEFAULT CHARSET=latin1;

--
-- Dumping data for table `idx_votes`
--



