--
-- Host: clickography.org    Database: clickogr_indexu
-- ------------------------------------------------------


--
-- Not dumping tablespaces as no INFORMATION_SCHEMA.FILES table on this server
--

--
-- Table structure for table `directory_save_data`
--

CREATE TABLE `directory_save_data` (
  `id` bigint(100) NOT NULL auto_increment,
  `schedule_id` bigint(100) NOT NULL,
  `project_id` bigint(100) NOT NULL,
  `link_id` bigint(100) NOT NULL,
  `confirm_link` text NOT NULL,
  `category_id` int(10) NOT NULL,
  `category_name` varchar(150) NOT NULL,
  PRIMARY KEY  (`id`)
) ENGINE=InnoDB DEFAULT CHARSET=latin1;

--
-- Dumping data for table `directory_save_data`
--


--
-- Table structure for table `idx_admin_menu`
--

CREATE TABLE `idx_admin_menu` (
  `menu_id` int(11) NOT NULL auto_increment,
  `parent_id` int(11) default NULL,
  `menu_title` varchar(255) default NULL,
  `menu_url` varchar(255) default NULL,
  `order_number` int(11) default NULL,
  PRIMARY KEY  (`menu_id`)
) ENGINE=MyISAM AUTO_INCREMENT=85 DEFAULT CHARSET=latin1;

--
-- Dumping data for table `idx_admin_menu`
--



--
-- Table structure for table `idx_bad_link`
--

CREATE TABLE `idx_bad_link` (
  `bad_link_id` mediumint(9) unsigned NOT NULL auto_increment,
  `link_id` mediumint(9) unsigned NOT NULL default '0',
  `name` varchar(50) NOT NULL default '',
  `email` varchar(50) NOT NULL default '',
  `type` tinyint(3) unsigned NOT NULL default '0',
  `date` date NOT NULL default '0000-00-00',
  PRIMARY KEY  (`bad_link_id`)
) ENGINE=MyISAM DEFAULT CHARSET=latin1;

--
-- Dumping data for table `idx_bad_link`
--


--
-- Table structure for table `idx_badwords`
--

CREATE TABLE `idx_badwords` (
  `word` varchar(100) NOT NULL default ''
) ENGINE=MyISAM DEFAULT CHARSET=latin1;

--
-- Dumping data for table `idx_badwords`
--


--
-- Table structure for table `idx_blocked_domain`
--

CREATE TABLE `idx_blocked_domain` (
  `blocked_id` int(11) NOT NULL auto_increment,
  `blocked` varchar(255) default NULL,
  `type` enum('domain','ip') default NULL,
  PRIMARY KEY  (`blocked_id`)
) ENGINE=MyISAM AUTO_INCREMENT=6 DEFAULT CHARSET=latin1;

--
-- Dumping data for table `idx_blocked_domain`
--

INSERT INTO `idx_blocked_domain` VALUES (1,'buydomains.com','domain'),(2,'this-domain-for-sale.com ','domain'),(3,'oversee.net','domain'),(4,'eNom','domain'),(5,'sedoparking.com','domain');

--
-- Table structure for table `idx_category`
--

CREATE TABLE `idx_category` (
  `category_id` mediumint(9) unsigned NOT NULL auto_increment,
  `parent_id` mediumint(9) unsigned NOT NULL default '0',
  `name` varchar(100) NOT NULL default '',
  `description` text NOT NULL,
  `image` varchar(100) default NULL,
  `content` text,
  `visible` char(1) default NULL,
  `links` mediumint(9) default NULL,
  `meta_keyword` text,
  `meta_description` text,
  `permission` char(2) default NULL,
  `registered_only` char(1) default NULL,
  `header` text NOT NULL,
  `footer` text NOT NULL,
  `related` mediumint(6) NOT NULL default '0',
  `page_title` varchar(200) NOT NULL default '',
  `hits` int(11) NOT NULL default '0',
  `order_num` smallint(6) NOT NULL default '0',
  `basic_price` double unsigned NOT NULL default '0',
  `premium_price` double unsigned NOT NULL default '0',
  `sponsored_price` double unsigned NOT NULL default '0',
  PRIMARY KEY  (`category_id`)
) ENGINE=MyISAM AUTO_INCREMENT=36 DEFAULT CHARSET=latin1;

--
-- Dumping data for table `idx_category`
--

INSERT INTO `idx_category` VALUES (1,0,'Arts','','folder.gif','','1',12,'','','0','0','','',0,'',0,0,0,0,0),(2,0,'Automotive Services','','folder.gif','','1',41,'','','0','0','','',0,'',0,0,0,0,0),(3,0,'Business Services','','folder.gif','','1',143,'','','0','0','','',0,'',0,0,0,0,0),(4,0,'Jobs & Careers','','folder.gif','','1',2,'','','0','0','','',0,'',0,0,0,0,0),(5,0,'Clothing & Style','','folder.gif','','1',8,'','','0','0','','',0,'',0,0,0,0,0),(6,0,'Communication & Technology','','folder.gif','','1',24,'','','0','0','','',0,'',0,0,0,0,0),(7,0,'Internet & computer Services','','folder.gif','','1',17,'','','0','0','','',0,'',0,0,0,0,0),(8,0,'Construction and Contractors','','folder.gif','','1',76,'','','0','0','','',0,'',0,0,0,0,0),(9,0,'Dental Care','','folder.gif','','1',36,'','','0','0','','',0,'',0,0,0,0,0),(10,0,'Education & Research','','folder.gif','','1',21,'','','0','0','','',0,'',0,0,0,0,0),(11,0,'Employment Services','','folder.gif','','1',2,'','','0','0','','',0,'',0,0,0,0,0),(12,0,'Gift Baskets','','folder.gif','','1',25,'','','0','0','','',0,'',0,0,0,0,0),(13,0,'Hardware & Software Services','','folder.gif','','1',10,'','','0','0','','',0,'',0,0,0,0,0),(14,0,'Health & Medical','','folder.gif','','1',0,'','','0','0','','',0,'',0,0,0,0,0),(15,0,'Healthcare Related','','folder.gif','','1',173,'','','0','0','','',0,'',0,0,0,0,0),(16,0,'Air Conditioning, Heating & Ventilating','','folder.gif','','1',50,'','','0','0','','',0,'',0,0,0,0,0),(17,0,'Family ,Home & Garden','','folder.gif','','1',0,'','','0','0','','',0,'',0,0,0,0,0),(18,0,'Home Improvement & Interiors','','folder.gif','','1',301,'','','0','0','','',0,'',0,0,0,0,0),(19,0,'Hotels & Restaurants','','folder.gif','','1',64,'','','0','0','','',0,'',0,0,0,0,0),(20,0,'Insurance Agents and Companies','','folder.gif','','1',32,'','','0','0','','',0,'',0,0,0,0,0),(21,0,'Law','','folder.gif','','1',0,'','','0','0','','',0,'',0,0,0,0,0),(22,0,'Lawyers & Legal Consultants','','folder.gif','','1',165,'','','0','0','','',0,'',0,0,0,0,0),(23,0,'Lifestyle & Society','','folder.gif','','1',4,'','','0','0','','',0,'',0,0,0,0,0),(24,0,'Medicine & Medical Services','','folder.gif','','1',12,'','','0','0','','',0,'',0,0,0,0,0),(25,0,'Finance','','folder.gif','','1',17,'','','0','0','','',0,'',0,0,0,0,0),(26,0,'News & Journals','','folder.gif','','1',2,'','','0','0','','',0,'',0,0,0,0,0),(27,0,'Plumbing & Fitting','','folder.gif','','1',45,'','','0','0','','',0,'',0,0,0,0,0),(28,0,'Real Estate & Agents','','folder.gif','','1',31,'','','0','0','','',0,'',0,0,0,0,0),(29,0,'Environment & Technology','','folder.gif','','1',12,'','','0','0','','',0,'',0,0,0,0,0),(30,0,'SEO & SMO Marketing','','folder.gif','','1',23,'','','0','0','','',0,'',0,0,0,0,0),(31,0,'Online Shopping','','folder.gif','','1',50,'','','0','0','','',0,'',0,0,0,0,0),(32,0,'Sports','','folder.gif','','1',0,'','','0','0','','',0,'',0,0,0,0,0),(33,0,'Transportation and Logistics Services','','folder.gif','','1',37,'','','0','0','','',0,'',0,0,0,0,0),(34,0,'Tours & Travel','','folder.gif','','1',17,'','','0','0','','',0,'',0,0,0,0,0),(35,0,'Wedding & Jewellery','','folder.gif','','1',7,'','','0','0','','',0,'',0,0,0,0,0);

--
-- Table structure for table `idx_category_path`
--

CREATE TABLE `idx_category_path` (
  `category_id` mediumint(9) NOT NULL default '0',
  `path` text,
  `path_with_url` text,
  `parents` text,
  PRIMARY KEY  (`category_id`)
) ENGINE=MyISAM DEFAULT CHARSET=latin1;

--
-- Dumping data for table `idx_category_path`
--

INSERT INTO `idx_category_path` VALUES (1,'Arts','<a href=\"http://clickography.org/arts/\" name=\"cat_1\" style=\"\">Arts</a>',';0;'),(2,'Automotive Services','<a href=\"http://clickography.org/automotive-services/\" name=\"cat_2\" style=\"\">Automotive Services</a>',';0;'),(3,'Business Services','<a href=\"http://clickography.org/business-services/\" name=\"cat_3\" style=\"\">Business Services</a>',';0;'),(4,'Jobs & Careers','<a href=\"http://clickography.org/jobs-careers/\" name=\"cat_4\" style=\"\">Jobs & Careers</a>',';0;'),(5,'Clothing & Style','<a href=\"http://clickography.org/clothing-style/\" name=\"cat_5\" style=\"\">Clothing & Style</a>',';0;'),(6,'Communication & Technology','<a href=\"http://clickography.org/communication-technology/\" name=\"cat_6\" style=\"\">Communication & Technology</a>',';0;'),(7,'Internet & computer Services','<a href=\"http://clickography.org/internet-computer-services/\" name=\"cat_7\" style=\"\">Internet & computer Services</a>',';0;'),(8,'Construction and Contractors','<a href=\"http://clickography.org/construction-and-contractors/\" name=\"cat_8\" style=\"\">Construction and Contractors</a>',';0;'),(9,'Dental Care','<a href=\"http://clickography.org/dental-care/\" name=\"cat_9\" style=\"\">Dental Care</a>',';0;'),(10,'Education & Research','<a href=\"http://clickography.org/education-research/\" name=\"cat_10\" style=\"\">Education & Research</a>',';0;'),(11,'Employment Services','<a href=\"http://clickography.org/employment-services/\" name=\"cat_11\" style=\"\">Employment Services</a>',';0;'),(12,'Gift Baskets','<a href=\"http://clickography.org/gift-baskets/\" name=\"cat_12\" style=\"\">Gift Baskets</a>',';0;'),(13,'Hardware & Software Services','<a href=\"http://clickography.org/hardware-software-services/\" name=\"cat_13\" style=\"\">Hardware & Software Services</a>',';0;'),(14,'Health & Medical','<a href=\"http://clickography.org/health-medical/\" name=\"cat_14\" style=\"\">Health & Medical</a>',';0;'),(15,'Healthcare Related','<a href=\"http://clickography.org/healthcare-related/\" name=\"cat_15\" style=\"\">Healthcare Related</a>',';0;'),(16,'Air Conditioning, Heating & Ventilating','<a href=\"http://clickography.org/air-conditioning-heating-ventilating/\" name=\"cat_16\" style=\"\">Air Conditioning, Heating & Ventilating</a>',';0;'),(17,'Family ,Home & Garden','<a href=\"http://clickography.org/family-home-garden/\" name=\"cat_17\" style=\"\">Family ,Home & Garden</a>',';0;'),(18,'Home Improvement & Interiors','<a href=\"http://clickography.org/home-improvement-interiors/\" name=\"cat_18\" style=\"\">Home Improvement & Interiors</a>',';0;'),(19,'Hotels & Restaurants','<a href=\"http://clickography.org/hotels-restaurants/\" name=\"cat_19\" style=\"\">Hotels & Restaurants</a>',';0;'),(20,'Insurance Agents and Companies','<a href=\"http://clickography.org/insurance-agents-and-companies/\" name=\"cat_20\" style=\"\">Insurance Agents and Companies</a>',';0;'),(21,'Law','<a href=\"http://clickography.org/law/\" name=\"cat_21\" style=\"\">Law</a>',';0;'),(22,'Lawyers & Legal Consultants','<a href=\"http://clickography.org/lawyers-legal-consultants/\" name=\"cat_22\" style=\"\">Lawyers & Legal Consultants</a>',';0;'),(23,'Lifestyle & Society','<a href=\"http://clickography.org/lifestyle-society/\" name=\"cat_23\" style=\"\">Lifestyle & Society</a>',';0;'),(24,'Medicine & Medical Services','<a href=\"http://clickography.org/medicine-medical-services/\" name=\"cat_24\" style=\"\">Medicine & Medical Services</a>',';0;'),(25,'Finance','<a href=\"http://clickography.org/finance/\" name=\"cat_25\" style=\"\">Finance</a>',';0;'),(26,'News & Journals','<a href=\"http://clickography.org/news-journals/\" name=\"cat_26\" style=\"\">News & Journals</a>',';0;'),(27,'Plumbing & Fitting','<a href=\"http://clickography.org/plumbing-fitting/\" name=\"cat_27\" style=\"\">Plumbing & Fitting</a>',';0;'),(28,'Real Estate & Agents','<a href=\"http://clickography.org/real-estate-agents/\" name=\"cat_28\" style=\"\">Real Estate & Agents</a>',';0;'),(29,'Environment & Technology','<a href=\"http://clickography.org/environment-technology/\" name=\"cat_29\" style=\"\">Environment & Technology</a>',';0;'),(30,'SEO & SMO Marketing','<a href=\"http://clickography.org/seo-smo-marketing/\" name=\"cat_30\" style=\"\">SEO & SMO Marketing</a>',';0;'),(31,'Online Shopping','<a href=\"http://clickography.org/online-shopping/\" name=\"cat_31\" style=\"\">Online Shopping</a>',';0;'),(32,'Sports','<a href=\"http://clickography.org/sports/\" name=\"cat_32\" style=\"\">Sports</a>',';0;'),(33,'Transportation and Logistics Services','<a href=\"http://clickography.org/transportation-and-logistics-services/\" name=\"cat_33\" style=\"\">Transportation and Logistics Services</a>',';0;'),(34,'Tours & Travel','<a href=\"http://clickography.org/tours-travel/\" name=\"cat_34\" style=\"\">Tours & Travel</a>',';0;'),(35,'Wedding & Jewellery','<a href=\"http://clickography.org/wedding-jewellery/\" name=\"cat_35\" style=\"\">Wedding & Jewellery</a>',';0;');

--
-- Table structure for table `idx_category_suggession`
--

CREATE TABLE `idx_category_suggession` (
  `id_cat_suggession` int(11) NOT NULL auto_increment,
  `parent_id` int(11) default NULL,
  `name` varchar(255) default NULL,
  `category_description` text,
  `date` datetime default NULL,
  PRIMARY KEY  (`id_cat_suggession`)
) ENGINE=MyISAM AUTO_INCREMENT=3 DEFAULT CHARSET=latin1;

--
-- Dumping data for table `idx_category_suggession`
--

INSERT INTO `idx_category_suggession` VALUES (1,9,'Dentist Leesburg VA','LCI Dentistry provides comprehensive dental care in the Leesburg VA area as well as the surrounding communities in Loudoun County. Focusing on cosmetic and general dentistry as well as providing an on-site oral surgeon. Call 703-729-1818','2012-01-24 15:45:44'),(2,28,'Storm shutters','South Florida based company offers Hurricane Shutters, Accordion Shutters, Storm Shutters and Hurricane Proof Windows. Our Hurricane Shutters are approved by the Florida Building Code.','2012-01-25 01:32:10');

--
-- Table structure for table `idx_checkurl`
--

CREATE TABLE `idx_checkurl` (
  `link_id` mediumint(9) NOT NULL default '0',
  `date` date NOT NULL default '0000-00-00',
  `live` char(1) NOT NULL default '',
  `reciprocal_found` char(1) NOT NULL default '',
  PRIMARY KEY  (`link_id`)
) ENGINE=MyISAM DEFAULT CHARSET=latin1;

--
-- Dumping data for table `idx_checkurl`
--


--
-- Table structure for table `idx_cronjobs`
--

CREATE TABLE `idx_cronjobs` (
  `cronjobs_id` int(11) NOT NULL auto_increment,
  `cronjobs_name` varchar(255) default NULL,
  `filename` varchar(255) NOT NULL,
  `schedule` varchar(255) NOT NULL,
  `time` datetime NOT NULL,
  `execution` varchar(1) NOT NULL,
  PRIMARY KEY  (`cronjobs_id`)
) ENGINE=MyISAM AUTO_INCREMENT=4 DEFAULT CHARSET=latin1;

--
-- Dumping data for table `idx_cronjobs`
--

INSERT INTO `idx_cronjobs` VALUES (1,NULL,'clear_templates_c.php','1,*,*,*,*','0000-00-00 00:00:00',''),(2,NULL,'update_tag_cloud.php','*,24,*,*,*','0000-00-00 00:00:00',''),(3,NULL,'clear_rss_cache.php','*,24,*,*,*','0000-00-00 00:00:00','');

--
-- Table structure for table `idx_custom_field`
--

CREATE TABLE `idx_custom_field` (
  `field_name` varchar(32) NOT NULL default '',
  `field_text` varchar(64) NOT NULL default '',
  `field_type` enum('TEXT','TEXTAREA','SELECT','MULTISELECT','CHECKBOX','RADIO','FILE','IMAGE','DATE','DATETIME','RICHEDITOR') NOT NULL default 'TEXT',
  `field_option` text NOT NULL,
  `field_img_width` int(10) unsigned NOT NULL default '0',
  `field_img_height` int(10) unsigned NOT NULL default '0',
  `field_file_size` int(10) unsigned NOT NULL default '0',
  `field_file_extension` varchar(64) NOT NULL default '',
  `required` char(1) NOT NULL default '0',
  `searchable` char(1) NOT NULL default '1',
  `permission` char(1) NOT NULL default '0'
) ENGINE=MyISAM DEFAULT CHARSET=latin1;

--
-- Dumping data for table `idx_custom_field`
--

INSERT INTO `idx_custom_field` VALUES ('image','Image','IMAGE','',0,0,0,'','0','0','2'),('address','Address','TEXT','',0,0,0,'','0','0','0'),('city','City','TEXT','',0,0,0,'','0','0','0'),('state','State','TEXT','',0,0,0,'','0','0','0'),('country','Country','TEXT','',0,0,0,'','0','0','0'),('zip','Zip','TEXT','',0,0,0,'','0','0','0'),('phone','Phone','TEXT','',0,0,0,'','0','0','0'),('fax','Fax','TEXT','',0,0,0,'','0','0','0');

--
-- Table structure for table `idx_default_field`
--

CREATE TABLE `idx_default_field` (
  `field_name` varchar(64) NOT NULL,
  `required` char(1) NOT NULL,
  `visible` char(1) NOT NULL default '1',
  `searchable` char(1) NOT NULL default '1'
) ENGINE=MyISAM DEFAULT CHARSET=latin1;

--
-- Dumping data for table `idx_default_field`
--

INSERT INTO `idx_default_field` VALUES ('title','1','1','1'),('url','1','1','1'),('description','1','1','1'),('keywords','1','1','0'),('contact_name','1','1','1'),('email','1','1','1'),('reciprocal_url','0','0','1');

--
-- Table structure for table `idx_discount_coupon`
--

CREATE TABLE `idx_discount_coupon` (
  `coupon_id` int(11) NOT NULL auto_increment,
  `coupon_code` varchar(255) default NULL,
  `coupon_value` varchar(50) default NULL,
  `link_type` varchar(255) default NULL,
  `start_date` date default NULL,
  `expired_date` date default NULL,
  `expired_usage` int(11) default NULL,
  `usage_count` int(11) default NULL,
  PRIMARY KEY  (`coupon_id`)
) ENGINE=MyISAM DEFAULT CHARSET=latin1;

--
-- Dumping data for table `idx_discount_coupon`
--


--
-- Table structure for table `idx_editor`
--

CREATE TABLE `idx_editor` (
  `username` varchar(20) default NULL,
  `category_id` mediumint(9) default NULL,
  `category` char(1) default NULL,
  `link` char(1) default NULL,
  `review` char(1) default NULL,
  `pick` char(1) default NULL,
  `status` char(1) default NULL,
  `date` date default NULL
) ENGINE=MyISAM DEFAULT CHARSET=latin1;

--
-- Dumping data for table `idx_editor`
--


--
-- Table structure for table `idx_email_template`
--

CREATE TABLE `idx_email_template` (
  `email_template_id` int(10) unsigned NOT NULL auto_increment,
  `name` varchar(255) default NULL,
  `subject` varchar(255) default NULL,
  `body` text,
  `altbody` text,
  PRIMARY KEY  (`email_template_id`)
) ENGINE=MyISAM AUTO_INCREMENT=37 DEFAULT CHARSET=latin1;

--
-- Dumping data for table `idx_email_template`
--



--
-- Table structure for table `idx_favorites`
--

CREATE TABLE `idx_favorites` (
  `favorite_id` int(11) NOT NULL auto_increment,
  `username` varchar(20) default NULL,
  `date` date default NULL,
  `title` varchar(100) default NULL,
  `description` text,
  PRIMARY KEY  (`favorite_id`)
) ENGINE=MyISAM AUTO_INCREMENT=5 DEFAULT CHARSET=latin1;

--
-- Dumping data for table `idx_favorites`
--

INSERT INTO `idx_favorites` VALUES (1,'chungjakep68f93','2011-10-18','My Favorites',NULL),(2,'jaimealfredom95f87','2011-10-19','My Favorites',NULL),(3,'ronaldmariank71t68','2011-10-31','My Favorites',NULL),(4,'gregmartino31w36','2011-11-01','My Favorites',NULL);

--
-- Table structure for table `idx_favorites_detail`
--

CREATE TABLE `idx_favorites_detail` (
  `favorite_id` int(11) default NULL,
  `link_id` mediumint(9) default NULL
) ENGINE=MyISAM DEFAULT CHARSET=latin1;

--
-- Dumping data for table `idx_favorites_detail`
--


--
-- Table structure for table `idx_hook_place`
--

CREATE TABLE `idx_hook_place` (
  `hook_place_id` int(11) NOT NULL auto_increment,
  `filename` varchar(255) default NULL,
  `hookname` varchar(255) default NULL,
  PRIMARY KEY  (`hook_place_id`)
) ENGINE=MyISAM DEFAULT CHARSET=latin1;

--
-- Dumping data for table `idx_hook_place`
--


--
-- Table structure for table `idx_invoice`
--

CREATE TABLE `idx_invoice` (
  `invoice_id` varchar(10) NOT NULL default '',
  `invoice_date` date default NULL,
  `due_date` date default NULL,
  `invoiced_to` text,
  `service` varchar(255) default NULL,
  `description` text,
  `total` double(8,2) default NULL,
  `comment` text,
  `paid` char(1) default NULL,
  `paid_date` date default NULL,
  `email` varchar(255) default NULL,
  PRIMARY KEY  (`invoice_id`)
) ENGINE=MyISAM DEFAULT CHARSET=latin1;

--
-- Dumping data for table `idx_invoice`
--


--
-- Table structure for table `idx_invoice_config`
--

CREATE TABLE `idx_invoice_config` (
  `company` varchar(255) default NULL,
  `contact` varchar(255) default NULL,
  `address` text,
  `phone` varchar(255) default NULL,
  `email` varchar(255) default NULL,
  `currency_symbol` varchar(255) default '$',
  `currency_code` varchar(255) default 'USD'
) ENGINE=MyISAM DEFAULT CHARSET=latin1;

--
-- Dumping data for table `idx_invoice_config`
--

INSERT INTO `idx_invoice_config` VALUES ('Your website / Company','Billing Department','Your address','Your phone #','Billing<name@yourdomain.com>','$','USD');

--
-- Table structure for table `idx_link_temp`
--

CREATE TABLE `idx_link_temp` (
  `vid` mediumint(9) unsigned NOT NULL auto_increment,
  `spam` char(1) NOT NULL default '0',
  `link_id` mediumint(9) default NULL,
  `category_id` mediumint(9) unsigned NOT NULL default '0',
  `title` varchar(100) NOT NULL default '',
  `url` text NOT NULL,
  `description` text NOT NULL,
  `contact_name` varchar(100) NOT NULL default '',
  `email` varchar(100) NOT NULL default '',
  `hits` mediumint(9) default NULL,
  `votes` smallint(6) default NULL,
  `rating` float(4,2) default NULL,
  `date` datetime NOT NULL default '0000-00-00 00:00:00',
  `bid` smallint(6) NOT NULL default '0',
  `new` char(1) default NULL,
  `hot` char(1) default NULL,
  `top_rated` char(1) default NULL,
  `pick` char(1) default NULL,
  `password` varchar(20) default NULL,
  `updated` char(1) default NULL,
  `reviews` smallint(6) default NULL,
  `avg_review` float(4,2) default NULL,
  `last_updated` datetime default NULL,
  `official_review` text,
  `keywords` varchar(255) default NULL,
  `cat1` mediumint(6) NOT NULL default '0',
  `cat2` mediumint(6) NOT NULL default '0',
  `suspended` char(1) NOT NULL default '0',
  `reciprocal_url` varchar(255) default NULL,
  `address` varchar(255) default NULL,
  `city` varchar(255) default NULL,
  `state` varchar(255) default NULL,
  `country` varchar(255) default NULL,
  `zip` varchar(255) default NULL,
  `image` varchar(255) default NULL,
  `phone` varchar(255) default NULL,
  `fax` varchar(255) default NULL,
  PRIMARY KEY  (`vid`)
) ENGINE=MyISAM DEFAULT CHARSET=latin1;

--
-- Dumping data for table `idx_link_temp`
--


--
-- Table structure for table `idx_link_temp_user`
--

CREATE TABLE `idx_link_temp_user` (
  `vid` mediumint(9) unsigned NOT NULL default '0',
  `username` varchar(20) NOT NULL default '',
  PRIMARY KEY  (`vid`)
) ENGINE=MyISAM DEFAULT CHARSET=latin1;

--
-- Dumping data for table `idx_link_temp_user`
--


--
-- Table structure for table `idx_link_user`
--

CREATE TABLE `idx_link_user` (
  `link_id` mediumint(9) unsigned NOT NULL default '0',
  `username` varchar(20) NOT NULL default '',
  PRIMARY KEY  (`link_id`)
) ENGINE=MyISAM DEFAULT CHARSET=latin1;

--
-- Dumping data for table `idx_link_user`
--


--
-- Table structure for table `idx_mailing_list`
--

CREATE TABLE `idx_mailing_list` (
  `email` varchar(50) NOT NULL default '',
  `code` varchar(4) default NULL,
  `status` char(1) default NULL,
  PRIMARY KEY  (`email`)
) ENGINE=MyISAM DEFAULT CHARSET=latin1;

--
-- Dumping data for table `idx_mailing_list`
--


--
-- Table structure for table `idx_message`
--

CREATE TABLE `idx_message` (
  `message_id` smallint(6) NOT NULL auto_increment,
  `date` date default NULL,
  `body` text,
  `subject` varchar(100) default NULL,
  PRIMARY KEY  (`message_id`)
) ENGINE=MyISAM DEFAULT CHARSET=latin1;

--
-- Dumping data for table `idx_message`
--


--
-- Table structure for table `idx_notification`
--

CREATE TABLE `idx_notification` (
  `username` varchar(20) NOT NULL default '',
  `category_id` mediumint(9) NOT NULL default '0'
) ENGINE=MyISAM DEFAULT CHARSET=latin1;

--
-- Dumping data for table `idx_notification`
--


--
-- Table structure for table `idx_pagerank`
--

CREATE TABLE `idx_pagerank` (
  `link_id` mediumint(8) unsigned NOT NULL default '0',
  `engine` char(1) NOT NULL default '',
  `rank` tinyint(4) NOT NULL default '0',
  `last_update` date NOT NULL default '0000-00-00',
  PRIMARY KEY  (`link_id`,`engine`)
) ENGINE=MyISAM DEFAULT CHARSET=latin1;

--
-- Dumping data for table `idx_pagerank`
--

INSERT INTO `idx_pagerank` VALUES (1,'g',0,'2011-11-08'),(82,'g',0,'2012-02-16'),(227,'g',0,'2012-02-16'),(133,'g',0,'2012-02-16'),(145,'g',0,'2012-02-16'),(244,'g',0,'2012-02-16'),(190,'g',0,'2012-02-16'),(89,'g',0,'2012-02-17'),(7,'g',0,'2012-02-17'),(175,'g',0,'2012-02-17'),(150,'g',0,'2011-12-27'),(148,'g',0,'2012-02-17'),(155,'g',0,'2012-02-17'),(123,'g',0,'2012-02-17'),(122,'g',0,'2012-02-17'),(163,'g',0,'2012-02-17'),(132,'g',0,'2012-02-17'),(58,'g',0,'2012-02-16'),(74,'g',0,'2012-02-16'),(32,'g',0,'2012-02-16'),(13,'g',0,'2011-11-14'),(31,'g',0,'2012-02-16'),(22,'g',0,'2012-02-16'),(59,'g',0,'2011-11-14'),(25,'g',0,'2012-02-16'),(20,'g',0,'2012-02-16'),(245,'g',0,'2012-02-16'),(41,'g',0,'2012-01-01'),(61,'g',0,'2012-02-17'),(69,'g',0,'2012-03-03'),(17,'g',0,'2012-02-17'),(144,'g',0,'2012-02-17'),(141,'g',0,'2012-02-17'),(360,'g',0,'2011-12-16'),(16,'g',0,'2012-02-16'),(241,'g',0,'2012-02-16'),(233,'g',0,'2012-01-04'),(379,'g',0,'2012-02-16'),(81,'g',0,'2012-02-16'),(83,'g',0,'2012-02-16'),(202,'g',0,'2012-01-03'),(257,'g',0,'2012-02-16'),(392,'g',0,'2012-02-16'),(296,'g',0,'2012-02-16'),(146,'g',0,'2012-02-16'),(206,'g',0,'2012-02-16'),(221,'g',0,'2012-02-16'),(389,'g',0,'2012-01-03'),(63,'g',0,'2012-02-16'),(35,'g',0,'2011-11-15'),(333,'g',0,'2012-02-16'),(332,'g',0,'2012-02-16'),(330,'g',0,'2012-02-16'),(331,'g',0,'2012-02-16'),(315,'g',0,'2012-02-16'),(334,'g',0,'2012-02-16'),(36,'g',0,'2012-02-09'),(15,'g',0,'2012-02-09'),(73,'g',0,'2012-02-09'),(143,'g',0,'2012-02-09'),(106,'g',0,'2012-02-09'),(172,'g',0,'2012-02-09'),(138,'g',0,'2012-02-09'),(181,'g',0,'2012-02-09'),(185,'g',0,'2012-02-09'),(108,'g',0,'2012-03-03'),(200,'g',0,'2012-03-03'),(110,'g',0,'2012-03-03'),(260,'g',0,'2012-03-03'),(113,'g',0,'2011-11-16'),(286,'g',0,'2011-11-16'),(118,'g',0,'2012-03-03'),(112,'g',0,'2011-11-16'),(56,'g',0,'2012-02-16'),(321,'g',0,'2012-02-16'),(71,'g',0,'2012-02-16'),(65,'g',0,'2011-11-16'),(320,'g',0,'2012-03-03'),(347,'g',0,'2012-03-03'),(335,'g',0,'2012-02-26'),(283,'g',0,'2012-02-16'),(75,'g',0,'2012-02-16'),(21,'g',0,'2012-02-16'),(9,'g',0,'2012-02-01'),(377,'g',0,'2011-12-27'),(352,'g',0,'2012-02-16'),(345,'g',0,'2012-02-16'),(250,'g',0,'2012-02-16'),(11,'g',0,'2012-02-16'),(228,'g',0,'2012-02-16'),(49,'g',0,'2012-02-16'),(272,'g',0,'2012-02-16'),(121,'g',0,'2012-02-16'),(103,'g',0,'2012-02-16'),(100,'g',0,'2012-02-16'),(99,'g',0,'2012-02-16'),(85,'g',0,'2012-02-16'),(57,'g',0,'2012-02-16'),(27,'g',0,'2012-03-03'),(363,'g',0,'2012-02-16'),(341,'g',0,'2012-03-03'),(326,'g',0,'2012-03-03'),(129,'g',0,'2012-03-03'),(128,'g',0,'2012-03-03'),(50,'g',0,'2012-01-31'),(29,'g',0,'2012-03-03'),(3,'g',0,'2012-02-17'),(184,'g',0,'2012-03-03'),(166,'g',0,'2012-01-24'),(142,'g',0,'2012-02-17'),(136,'g',0,'2012-03-03'),(126,'g',0,'2012-03-03'),(117,'g',0,'2012-03-03'),(114,'g',0,'2012-03-03'),(95,'g',0,'2012-03-03'),(80,'g',0,'2012-02-17'),(76,'g',0,'2012-03-03'),(270,'g',0,'2012-03-03'),(261,'g',0,'2012-03-03'),(254,'g',0,'2012-03-03'),(220,'g',0,'2011-12-27'),(216,'g',0,'2012-03-03'),(209,'g',0,'2012-03-03'),(178,'g',0,'2012-03-03'),(115,'g',0,'2012-03-03'),(78,'g',0,'2012-03-03'),(54,'g',0,'2012-03-03'),(370,'g',0,'2012-03-03'),(359,'g',0,'2012-03-03'),(302,'g',0,'2012-03-03'),(291,'g',0,'2012-03-03'),(188,'g',0,'2012-03-03'),(140,'g',0,'2012-03-03'),(137,'g',0,'2012-03-03'),(30,'g',0,'2012-02-16'),(309,'g',0,'2012-02-16'),(243,'g',0,'2012-01-05'),(164,'g',0,'2012-02-16'),(70,'g',0,'2012-02-16'),(60,'g',0,'2012-02-16'),(47,'g',0,'2012-01-05'),(42,'g',0,'2012-02-16'),(39,'g',0,'2012-02-17'),(327,'g',0,'2011-12-16'),(310,'g',0,'2012-02-17'),(299,'g',0,'2012-02-17'),(253,'g',0,'2012-02-18'),(192,'g',0,'2012-01-11'),(187,'g',0,'2012-02-20'),(169,'g',0,'2012-02-18'),(167,'g',0,'2012-02-17'),(339,'g',0,'2012-02-17'),(304,'g',0,'2012-02-17'),(40,'g',0,'2011-12-16'),(14,'g',0,'2012-01-08'),(88,'g',0,'2012-02-16'),(87,'g',0,'2012-02-16'),(86,'g',0,'2012-02-16'),(84,'g',0,'2012-02-16'),(68,'g',0,'2012-02-16'),(67,'g',0,'2012-02-16'),(66,'g',0,'2012-03-03'),(64,'g',0,'2012-03-03'),(37,'g',0,'2012-02-16'),(5,'g',0,'2012-02-16'),(351,'g',0,'2012-02-16'),(262,'g',0,'2012-02-16'),(258,'g',0,'2012-02-16'),(8,'g',0,'2011-11-16'),(151,'g',0,'2012-02-16'),(116,'g',0,'2012-02-01'),(109,'g',0,'2012-02-16'),(72,'g',0,'2012-02-16'),(48,'g',0,'2012-02-16'),(46,'g',0,'2012-02-16'),(43,'g',0,'2011-11-16'),(23,'g',0,'2012-02-16'),(12,'g',0,'2012-02-16'),(62,'g',0,'2012-02-09'),(98,'g',0,'2012-02-16'),(371,'g',0,'2012-02-16'),(294,'g',0,'2012-02-16'),(173,'g',0,'2011-11-16'),(2,'g',0,'2011-12-26'),(96,'g',0,'2011-12-26'),(92,'g',0,'2012-03-03'),(55,'g',0,'2012-03-03'),(38,'g',0,'2012-03-03'),(24,'g',0,'2012-03-03'),(19,'g',0,'2012-03-03'),(18,'g',0,'2012-03-03'),(6,'g',0,'2012-03-03'),(4,'g',0,'2012-02-16'),(90,'g',0,'2012-02-16'),(53,'g',0,'2012-02-16'),(51,'g',0,'2012-01-10'),(45,'g',0,'2012-01-10'),(44,'g',0,'2012-01-25'),(34,'g',0,'2012-01-10'),(28,'g',0,'2012-02-16'),(26,'g',0,'2012-02-16'),(10,'g',0,'2012-01-10'),(318,'g',0,'2012-02-16'),(342,'g',0,'2012-02-16'),(362,'g',0,'2012-02-16'),(388,'g',0,'2012-02-17'),(387,'g',0,'2011-11-22'),(344,'g',0,'2011-11-22'),(313,'g',0,'2011-11-22'),(397,'g',0,'2011-11-22'),(361,'g',0,'2011-11-22'),(396,'g',0,'2011-12-28'),(357,'g',0,'2012-02-16'),(314,'g',0,'2011-11-22'),(391,'g',0,'2012-02-25'),(374,'g',0,'2011-11-22'),(205,'g',0,'2012-02-17'),(52,'g',0,'2011-11-26'),(153,'g',0,'2012-02-16'),(33,'g',0,'2012-03-03'),(544,'g',0,'2012-02-16'),(402,'g',0,'2012-02-16'),(489,'g',0,'2012-01-09'),(520,'g',0,'2011-11-29'),(490,'g',0,'2012-02-16'),(504,'g',0,'2012-02-16'),(558,'g',0,'2012-02-16'),(346,'g',0,'2012-02-16'),(448,'g',0,'2011-11-29'),(472,'g',0,'2012-02-16'),(669,'g',0,'2012-02-16'),(485,'g',0,'2012-02-16'),(546,'g',0,'2012-02-16'),(516,'g',0,'2011-11-29'),(691,'g',0,'2012-03-03'),(673,'g',0,'2012-02-16'),(586,'g',0,'2012-02-16'),(681,'g',0,'2012-02-16'),(649,'g',0,'2012-02-16'),(500,'g',0,'2012-02-16'),(550,'g',0,'2012-02-16'),(740,'g',0,'2012-02-16'),(478,'g',0,'2012-02-16'),(613,'g',0,'2012-02-16'),(507,'g',0,'2012-02-16'),(491,'g',0,'2012-02-16'),(560,'g',0,'2012-02-16'),(437,'g',0,'2012-02-16'),(718,'g',0,'2012-02-16'),(666,'g',0,'2012-02-16'),(403,'g',0,'2012-02-16'),(532,'g',0,'2012-02-16'),(537,'g',0,'2012-02-16'),(683,'g',0,'2012-02-16'),(677,'g',0,'2012-02-16'),(555,'g',0,'2012-02-16'),(580,'g',0,'2012-02-16'),(581,'g',0,'2012-01-10'),(577,'g',0,'2012-02-16'),(559,'g',0,'2012-02-16'),(576,'g',0,'2012-02-16'),(579,'g',0,'2012-02-16'),(439,'g',0,'2011-11-30'),(638,'g',0,'2011-11-30'),(604,'g',0,'2011-11-30'),(593,'g',0,'2011-11-30'),(473,'g',0,'2011-11-30'),(733,'g',0,'2011-11-30'),(792,'g',0,'2011-11-30'),(588,'g',0,'2011-11-30'),(458,'g',0,'2011-11-30'),(454,'g',0,'2011-11-30'),(455,'g',0,'2011-11-30'),(404,'g',0,'2011-11-30'),(456,'g',0,'2011-11-30'),(457,'g',0,'2011-11-30'),(400,'g',0,'2011-11-30'),(492,'g',0,'2011-11-30'),(599,'g',0,'2011-11-30'),(506,'g',0,'2011-11-30'),(475,'g',0,'2011-11-30'),(474,'g',0,'2012-03-03'),(573,'g',0,'2011-11-30'),(399,'g',0,'2011-11-30'),(476,'g',0,'2011-11-30'),(495,'g',0,'2011-11-30'),(531,'g',0,'2011-11-30'),(484,'g',0,'2012-02-17'),(659,'g',0,'2011-12-01'),(533,'g',0,'2011-12-01'),(501,'g',0,'2011-12-01'),(543,'g',0,'2011-12-01'),(561,'g',0,'2011-12-01'),(502,'g',0,'2011-12-01'),(503,'g',0,'2011-12-01'),(542,'g',0,'2011-12-01'),(527,'g',0,'2012-02-17'),(479,'g',0,'2012-03-03'),(530,'g',0,'2012-03-03'),(521,'g',0,'2012-03-03'),(483,'g',0,'2011-12-01'),(534,'g',0,'2011-12-02'),(107,'g',0,'2011-12-12'),(97,'g',0,'2011-12-12'),(101,'g',0,'2011-12-12'),(204,'g',0,'2011-12-12'),(182,'g',0,'2011-12-12'),(180,'g',0,'2011-12-12'),(147,'g',0,'2011-12-12'),(104,'g',0,'2011-12-12'),(139,'g',0,'2011-12-12'),(194,'g',0,'2011-12-12'),(1052,'g',0,'2011-12-12'),(198,'g',0,'2011-12-13'),(191,'g',0,'2012-02-17'),(300,'g',0,'2011-12-13'),(264,'g',0,'2011-12-13'),(219,'g',0,'2011-12-13'),(295,'g',0,'2011-12-13'),(193,'g',0,'2011-12-13'),(700,'g',0,'2012-02-14'),(517,'g',0,'2012-02-14'),(665,'g',0,'2011-12-13'),(266,'g',0,'2012-02-16'),(1075,'g',0,'2011-12-16'),(355,'g',0,'2011-12-16'),(1061,'g',0,'2011-12-16'),(1087,'g',0,'2012-03-03'),(340,'g',0,'2011-12-16'),(693,'g',0,'2011-12-16'),(651,'g',0,'2011-12-16'),(624,'g',0,'2011-12-16'),(674,'g',0,'2011-12-16'),(620,'g',0,'2011-12-16'),(290,'g',0,'2012-03-07'),(408,'g',0,'2012-01-31'),(376,'g',0,'2011-12-16'),(594,'g',0,'2011-12-16'),(614,'g',0,'2011-12-16'),(708,'g',0,'2012-02-16'),(587,'g',0,'2011-12-17'),(664,'g',0,'2012-03-07'),(616,'g',0,'2012-03-07'),(850,'g',0,'2012-03-07'),(696,'g',0,'2011-12-17'),(1068,'g',0,'2011-12-17'),(1066,'g',0,'2011-12-17'),(608,'g',0,'2012-02-16'),(551,'g',0,'2012-03-07'),(617,'g',0,'2012-03-07'),(453,'g',0,'2011-12-17'),(405,'g',0,'2012-02-16'),(623,'g',0,'2012-02-16'),(401,'g',0,'2012-02-16'),(477,'g',0,'2012-02-16'),(654,'g',0,'2011-12-20'),(596,'g',0,'2011-12-20'),(911,'g',0,'2012-02-16'),(991,'g',0,'2012-03-03'),(628,'g',0,'2011-12-20'),(602,'g',0,'2011-12-20'),(660,'g',0,'2011-12-20'),(841,'g',0,'2012-02-16'),(493,'g',0,'2011-12-20'),(595,'g',0,'2011-12-20'),(682,'g',0,'2011-12-20'),(494,'g',0,'2011-12-20'),(1120,'g',0,'2012-02-16'),(945,'g',0,'2011-12-20'),(977,'g',0,'2011-12-20'),(1011,'g',0,'2011-12-20'),(1104,'g',0,'2011-12-20'),(954,'g',0,'2011-12-20'),(1133,'g',0,'2012-02-16'),(462,'g',0,'2012-02-16'),(461,'g',0,'2012-02-16'),(460,'g',0,'2012-02-16'),(769,'g',0,'2011-12-23'),(770,'g',0,'2011-12-23'),(771,'g',0,'2011-12-23'),(768,'g',0,'2011-12-23'),(705,'g',0,'2011-12-26'),(800,'g',0,'2011-12-26'),(686,'g',0,'2011-12-26'),(801,'g',0,'2011-12-26'),(823,'g',0,'2011-12-26'),(836,'g',0,'2011-12-26'),(707,'g',0,'2011-12-26'),(694,'g',0,'2011-12-26'),(688,'g',0,'2011-12-26'),(798,'g',0,'2011-12-26'),(799,'g',0,'2011-12-26'),(685,'g',0,'2012-02-16'),(821,'g',0,'2011-12-26'),(797,'g',0,'2011-12-26'),(803,'g',0,'2011-12-26'),(695,'g',0,'2011-12-26'),(829,'g',0,'2011-12-26'),(783,'g',0,'2011-12-26'),(774,'g',0,'2011-12-26'),(796,'g',0,'2011-12-26'),(779,'g',0,'2011-12-26'),(795,'g',0,'2011-12-26'),(775,'g',0,'2011-12-26'),(793,'g',0,'2011-12-26'),(782,'g',0,'2011-12-26'),(788,'g',0,'2011-12-26'),(1064,'g',0,'2011-12-26'),(794,'g',0,'2011-12-26'),(1137,'g',0,'2011-12-26'),(1055,'g',0,'2011-12-26'),(459,'g',0,'2012-02-16'),(657,'g',0,'2011-12-27'),(661,'g',0,'2011-12-27'),(726,'g',0,'2011-12-27'),(716,'g',0,'2011-12-27'),(684,'g',0,'2011-12-27'),(658,'g',0,'2011-12-27'),(715,'g',0,'2011-12-27'),(679,'g',0,'2011-12-27'),(662,'g',0,'2011-12-27'),(653,'g',0,'2011-12-27'),(880,'g',0,'2011-12-27'),(842,'g',0,'2011-12-27'),(791,'g',0,'2011-12-27'),(892,'g',0,'2011-12-27'),(787,'g',0,'2011-12-27'),(833,'g',0,'2011-12-27'),(785,'g',0,'2011-12-27'),(728,'g',0,'2011-12-27'),(1003,'g',0,'2011-12-27'),(1001,'g',0,'2011-12-27'),(778,'g',0,'2011-12-27'),(900,'g',0,'2011-12-27'),(1032,'g',0,'2011-12-27'),(1033,'g',0,'2011-12-27'),(1031,'g',0,'2011-12-27'),(824,'g',0,'2011-12-27'),(1034,'g',0,'2011-12-27'),(825,'g',0,'2011-12-27'),(826,'g',0,'2011-12-27'),(789,'g',0,'2012-02-04'),(505,'g',0,'2011-12-28'),(1089,'g',0,'2011-12-28'),(1131,'g',0,'2012-02-16'),(1157,'g',0,'2011-12-29'),(1102,'g',0,'2011-12-29'),(1060,'g',0,'2011-12-29'),(899,'g',0,'2011-12-29'),(822,'g',0,'2012-02-07'),(864,'g',0,'2012-02-07'),(547,'g',0,'2011-12-30'),(540,'g',0,'2011-12-30'),(549,'g',0,'2011-12-30'),(569,'g',0,'2011-12-30'),(541,'g',0,'2011-12-30'),(539,'g',0,'2011-12-30'),(1136,'g',0,'2012-02-16'),(562,'g',0,'2011-12-31'),(979,'g',0,'2011-12-31'),(615,'g',0,'2011-12-31'),(956,'g',0,'2011-12-31'),(1094,'g',0,'2011-12-31'),(877,'g',0,'2011-12-31'),(854,'g',0,'2011-12-31'),(1024,'g',0,'2011-12-31'),(883,'g',0,'2012-01-01'),(948,'g',0,'2012-01-01'),(873,'g',0,'2012-01-01'),(949,'g',0,'2012-01-01'),(895,'g',0,'2012-01-01'),(901,'g',0,'2012-01-01'),(896,'g',0,'2012-01-01'),(874,'g',0,'2012-01-01'),(882,'g',0,'2012-01-01'),(875,'g',0,'2012-01-01'),(831,'g',0,'2012-01-01'),(610,'g',0,'2012-01-01'),(1040,'g',0,'2012-01-01'),(1095,'g',0,'2012-01-02'),(597,'g',0,'2012-01-02'),(1250,'g',0,'2012-01-03'),(1189,'g',0,'2012-01-03'),(574,'g',0,'2012-01-04'),(723,'g',0,'2012-01-04'),(720,'g',0,'2012-01-04'),(719,'g',0,'2012-01-04'),(722,'g',0,'2012-01-04'),(721,'g',0,'2012-01-04'),(571,'g',0,'2012-01-04'),(735,'g',0,'2012-01-04'),(575,'g',0,'2012-01-04'),(356,'g',0,'2012-01-04'),(237,'g',0,'2012-01-04'),(239,'g',0,'2012-01-04'),(375,'g',0,'2012-01-04'),(365,'g',0,'2012-01-04'),(348,'g',0,'2012-01-04'),(229,'g',0,'2012-01-04'),(724,'g',0,'2012-01-04'),(323,'g',0,'2012-01-04'),(366,'g',0,'2012-01-04'),(384,'g',0,'2012-01-04'),(378,'g',0,'2012-01-04'),(251,'g',0,'2012-01-04'),(317,'g',0,'2012-01-04'),(242,'g',0,'2012-01-04'),(252,'g',0,'2012-01-04'),(425,'g',0,'2012-01-04'),(267,'g',0,'2012-01-04'),(246,'g',0,'2012-01-04'),(427,'g',0,'2012-03-04'),(255,'g',0,'2012-01-04'),(208,'g',0,'2012-01-04'),(428,'g',0,'2012-03-04'),(268,'g',0,'2012-01-04'),(407,'g',0,'2012-01-04'),(406,'g',0,'2012-01-04'),(263,'g',0,'2012-01-04'),(274,'g',0,'2012-01-04'),(426,'g',0,'2012-03-04'),(285,'g',0,'2012-01-04'),(256,'g',0,'2012-01-04'),(273,'g',0,'2012-01-04'),(236,'g',0,'2012-01-04'),(275,'g',0,'2012-01-04'),(248,'g',0,'2012-01-04'),(247,'g',0,'2012-01-04'),(282,'g',0,'2012-01-04'),(278,'g',0,'2012-01-04'),(1039,'g',0,'2012-01-04'),(288,'g',0,'2012-01-04'),(364,'g',0,'2012-01-04'),(1113,'g',0,'2012-01-04'),(289,'g',0,'2012-01-04'),(325,'g',0,'2012-01-04'),(338,'g',0,'2012-01-04'),(292,'g',0,'2012-01-04'),(316,'g',0,'2012-01-04'),(305,'g',0,'2012-01-04'),(349,'g',0,'2012-01-04'),(298,'g',0,'2012-01-04'),(301,'g',0,'2012-01-04'),(322,'g',0,'2012-01-04'),(214,'g',0,'2012-01-05'),(231,'g',0,'2012-01-05'),(212,'g',0,'2012-01-05'),(210,'g',0,'2012-01-05'),(230,'g',0,'2012-01-05'),(213,'g',0,'2012-01-05'),(234,'g',0,'2012-01-05'),(217,'g',0,'2012-01-05'),(195,'g',0,'2012-01-05'),(199,'g',0,'2012-01-05'),(1140,'g',0,'2012-03-03'),(1103,'g',0,'2012-03-03'),(157,'g',0,'2012-01-05'),(161,'g',0,'2012-01-05'),(1256,'g',0,'2012-02-16'),(1195,'g',0,'2012-01-05'),(156,'g',0,'2012-01-06'),(159,'g',0,'2012-01-06'),(179,'g',0,'2012-01-06'),(158,'g',0,'2012-01-06'),(174,'g',0,'2012-01-06'),(171,'g',0,'2012-01-06'),(160,'g',0,'2012-01-06'),(203,'g',0,'2012-01-06'),(120,'g',0,'2012-02-16'),(211,'g',0,'2012-01-06'),(186,'g',0,'2012-01-06'),(162,'g',0,'2012-01-06'),(215,'g',0,'2012-01-06'),(196,'g',0,'2012-01-07'),(93,'g',0,'2012-02-16'),(183,'g',0,'2012-01-07'),(152,'g',0,'2012-01-07'),(828,'g',0,'2012-02-16'),(743,'g',0,'2012-01-10'),(737,'g',0,'2012-01-10'),(413,'g',0,'2012-01-10'),(410,'g',0,'2012-01-10'),(414,'g',0,'2012-01-10'),(409,'g',0,'2012-01-10'),(111,'g',0,'2012-01-10'),(293,'g',0,'2012-01-10'),(368,'g',0,'2012-01-10'),(336,'g',0,'2012-01-10'),(154,'g',0,'2012-01-10'),(303,'g',0,'2012-01-10'),(119,'g',0,'2012-01-10'),(738,'g',0,'2012-01-10'),(381,'g',0,'2012-01-10'),(739,'g',0,'2012-01-10'),(372,'g',0,'2012-01-10'),(741,'g',0,'2012-01-10'),(745,'g',0,'2012-01-10'),(742,'g',0,'2012-01-10'),(744,'g',0,'2012-01-10'),(411,'g',0,'2012-01-10'),(354,'g',0,'2012-01-10'),(79,'g',0,'2012-01-10'),(105,'g',0,'2012-01-10'),(383,'g',0,'2012-01-10'),(125,'g',0,'2012-01-10'),(367,'g',0,'2012-01-10'),(746,'g',0,'2012-01-10'),(747,'g',0,'2012-01-10'),(373,'g',0,'2012-01-10'),(380,'g',0,'2012-01-10'),(382,'g',0,'2012-01-10'),(837,'g',0,'2012-01-10'),(412,'g',0,'2012-01-10'),(852,'g',0,'2012-03-07'),(849,'g',0,'2012-03-07'),(839,'g',0,'2012-01-11'),(846,'g',0,'2012-01-11'),(845,'g',0,'2012-01-11'),(1349,'g',0,'2012-02-18'),(848,'g',0,'2012-01-11'),(847,'g',0,'2012-01-11'),(1328,'g',0,'2012-03-03'),(840,'g',0,'2012-01-11'),(838,'g',0,'2012-01-11'),(91,'g',0,'2012-01-11'),(134,'g',0,'2012-01-11'),(77,'g',0,'2012-02-16'),(149,'g',0,'2012-01-11'),(1134,'g',0,'2012-01-11'),(271,'g',0,'2012-02-13'),(1268,'g',0,'2012-01-12'),(135,'g',0,'2012-01-13'),(131,'g',0,'2012-01-13'),(94,'g',0,'2012-01-13'),(165,'g',0,'2012-01-13'),(130,'g',0,'2012-01-13'),(168,'g',0,'2012-01-13'),(124,'g',0,'2012-01-13'),(170,'g',0,'2012-01-13'),(127,'g',0,'2012-01-13'),(102,'g',0,'2012-01-13'),(1285,'g',0,'2012-01-13'),(1343,'g',0,'2012-01-13'),(189,'g',0,'2012-01-13'),(353,'g',0,'2012-03-07'),(269,'g',0,'2012-01-13'),(218,'g',0,'2012-01-13'),(281,'g',0,'2012-01-13'),(279,'g',0,'2012-01-13'),(207,'g',0,'2012-01-13'),(395,'g',0,'2012-01-13'),(311,'g',0,'2012-01-13'),(393,'g',0,'2012-01-13'),(176,'g',0,'2012-01-13'),(324,'g',0,'2012-03-07'),(312,'g',0,'2012-01-13'),(394,'g',0,'2012-01-13'),(386,'g',0,'2012-01-13'),(306,'g',0,'2012-01-13'),(369,'g',0,'2012-01-13'),(240,'g',0,'2012-01-13'),(226,'g',0,'2012-01-13'),(177,'g',0,'2012-01-13'),(1240,'g',0,'2012-01-15'),(1326,'g',0,'2012-01-15'),(1335,'g',0,'2012-01-15'),(1112,'g',0,'2012-01-15'),(1241,'g',0,'2012-01-15'),(1294,'g',0,'2012-01-15'),(1385,'g',0,'2012-01-15'),(1100,'g',0,'2012-01-15'),(1295,'g',0,'2012-01-15'),(1367,'g',0,'2012-03-03'),(947,'g',0,'2012-01-17'),(998,'g',0,'2012-01-17'),(856,'g',0,'2012-03-07'),(859,'g',0,'2012-01-19'),(853,'g',0,'2012-01-19'),(858,'g',0,'2012-03-07'),(855,'g',0,'2012-03-07'),(1132,'g',0,'2012-01-19'),(857,'g',0,'2012-03-07'),(1333,'g',0,'2012-01-19'),(1029,'g',0,'2012-01-19'),(763,'g',0,'2012-01-20'),(319,'g',0,'2012-01-20'),(1361,'g',0,'2012-01-21'),(1347,'g',0,'2012-03-03'),(1350,'g',0,'2012-01-22'),(1322,'g',0,'2012-01-22'),(1321,'g',0,'2012-03-03'),(1245,'g',0,'2012-03-03'),(1243,'g',0,'2012-01-22'),(1405,'g',0,'2012-01-22'),(1267,'g',0,'2012-01-22'),(1244,'g',0,'2012-01-22'),(1411,'g',0,'2012-01-22'),(1311,'g',0,'2012-01-22'),(1368,'g',0,'2012-03-03'),(1234,'g',0,'2012-01-22'),(1303,'g',0,'2012-01-22'),(1260,'g',0,'2012-01-22'),(1261,'g',0,'2012-01-22'),(1337,'g',0,'2012-01-22'),(1315,'g',0,'2012-01-22'),(1431,'g',0,'2012-01-22'),(1441,'g',0,'2012-01-22'),(1279,'g',0,'2012-01-22'),(1325,'g',0,'2012-01-22'),(1369,'g',0,'2012-01-22'),(1248,'g',0,'2012-01-22'),(1366,'g',0,'2012-01-23'),(1436,'g',0,'2012-01-24'),(1357,'g',0,'2012-01-24'),(1464,'g',0,'2012-03-03'),(1266,'g',0,'2012-01-27'),(1283,'g',0,'2012-01-28'),(442,'g',0,'2012-01-28'),(446,'g',0,'2012-01-28'),(438,'g',0,'2012-01-28'),(443,'g',0,'2012-01-28'),(441,'g',0,'2012-01-28'),(440,'g',0,'2012-01-28'),(1300,'g',0,'2012-01-28'),(481,'g',0,'2012-03-03'),(480,'g',0,'2012-03-03'),(1130,'g',0,'2012-01-29'),(953,'g',0,'2012-01-29'),(350,'g',0,'2012-01-29'),(568,'g',0,'2012-01-29'),(508,'g',0,'2012-01-30'),(1484,'g',0,'2012-03-03'),(1435,'g',0,'2012-01-31'),(970,'g',0,'2012-01-31'),(1286,'g',0,'2012-01-31'),(1270,'g',0,'2012-01-31'),(1378,'g',0,'2012-01-31'),(1481,'g',0,'2012-01-31'),(1127,'g',0,'2012-01-31'),(1018,'g',0,'2012-01-31'),(1427,'g',0,'2012-01-31'),(1478,'g',0,'2012-01-31'),(1364,'g',0,'2012-02-01'),(1390,'g',0,'2012-02-01'),(1457,'g',0,'2012-02-01'),(1460,'g',0,'2012-02-01'),(1476,'g',0,'2012-02-01'),(1230,'g',0,'2012-02-02'),(1381,'g',0,'2012-02-02'),(1307,'g',0,'2012-02-02'),(1246,'g',0,'2012-02-02'),(1533,'g',0,'2012-02-09'),(1602,'g',0,'2012-02-09'),(1517,'g',0,'2012-02-09'),(637,'g',0,'2012-02-10'),(844,'g',0,'2012-02-10'),(639,'g',0,'2012-02-10'),(780,'g',0,'2012-02-10'),(1544,'g',0,'2012-02-10'),(641,'g',0,'2012-02-10'),(1282,'g',0,'2012-02-10'),(1462,'g',0,'2012-02-11'),(1463,'g',0,'2012-02-11'),(1467,'g',0,'2012-02-11'),(1522,'g',0,'2012-02-11'),(633,'g',0,'2012-02-11'),(646,'g',0,'2012-02-11'),(634,'g',0,'2012-02-11'),(656,'g',0,'2012-02-11'),(621,'g',0,'2012-02-11'),(676,'g',0,'2012-02-11'),(636,'g',0,'2012-02-11'),(632,'g',0,'2012-02-11'),(1433,'g',0,'2012-02-11'),(645,'g',0,'2012-02-11'),(942,'g',0,'2012-02-11'),(950,'g',0,'2012-02-11'),(959,'g',0,'2012-02-11'),(958,'g',0,'2012-02-11'),(962,'g',0,'2012-02-11'),(957,'g',0,'2012-02-11'),(943,'g',0,'2012-02-11'),(941,'g',0,'2012-02-11'),(961,'g',0,'2012-02-11'),(940,'g',0,'2012-02-11'),(924,'g',0,'2012-02-11'),(921,'g',0,'2012-02-11'),(929,'g',0,'2012-02-11'),(925,'g',0,'2012-02-11'),(928,'g',0,'2012-02-11'),(905,'g',0,'2012-02-11'),(927,'g',0,'2012-02-11'),(919,'g',0,'2012-02-11'),(918,'g',0,'2012-02-11'),(920,'g',0,'2012-02-11'),(917,'g',0,'2012-02-11'),(912,'g',0,'2012-02-11'),(922,'g',0,'2012-02-11'),(923,'g',0,'2012-02-11'),(906,'g',0,'2012-02-11'),(915,'g',0,'2012-02-11'),(926,'g',0,'2012-02-11'),(914,'g',0,'2012-02-11'),(913,'g',0,'2012-02-11'),(916,'g',0,'2012-02-11'),(1336,'g',0,'2012-02-11'),(1135,'g',0,'2012-02-11'),(1371,'g',0,'2012-02-11'),(1345,'g',0,'2012-02-11'),(1237,'g',0,'2012-02-11'),(1340,'g',0,'2012-02-12'),(1339,'g',0,'2012-02-12'),(1338,'g',0,'2012-02-12'),(1236,'g',0,'2012-02-12'),(1341,'g',0,'2012-02-12'),(1461,'g',0,'2012-02-13'),(1611,'g',0,'2012-02-13'),(1508,'g',0,'2012-02-13'),(1610,'g',0,'2012-02-13'),(1612,'g',0,'2012-02-13'),(1412,'g',0,'2012-02-13'),(1320,'g',0,'2012-02-13'),(1317,'g',0,'2012-02-14'),(1318,'g',0,'2012-02-14'),(297,'g',0,'2012-02-14'),(265,'g',0,'2012-02-14'),(1407,'g',0,'2012-02-14'),(343,'g',0,'2012-02-14'),(238,'g',0,'2012-02-14'),(528,'g',0,'2012-02-14'),(727,'g',0,'2012-02-14'),(471,'g',0,'2012-02-14'),(545,'g',0,'2012-02-14'),(464,'g',0,'2012-02-14'),(467,'g',0,'2012-02-14'),(470,'g',0,'2012-02-14'),(465,'g',0,'2012-02-14'),(496,'g',0,'2012-02-14'),(703,'g',0,'2012-02-14'),(655,'g',0,'2012-02-14'),(680,'g',0,'2012-02-14'),(835,'g',0,'2012-02-14'),(430,'g',0,'2012-02-14'),(884,'g',0,'2012-02-14'),(968,'g',0,'2012-02-14'),(567,'g',0,'2012-02-14'),(730,'g',0,'2012-02-14'),(701,'g',0,'2012-02-14'),(606,'g',0,'2012-02-14'),(678,'g',0,'2012-02-14'),(860,'g',0,'2012-02-14'),(748,'g',0,'2012-02-14'),(513,'g',0,'2012-02-14'),(548,'g',0,'2012-02-14'),(902,'g',0,'2012-02-14'),(625,'g',0,'2012-02-14'),(876,'g',0,'2012-02-14'),(644,'g',0,'2012-02-14'),(538,'g',0,'2012-02-14'),(307,'g',0,'2012-02-14'),(224,'g',0,'2012-02-14'),(469,'g',0,'2012-02-14'),(466,'g',0,'2012-02-14'),(468,'g',0,'2012-02-14'),(732,'g',0,'2012-02-14'),(689,'g',0,'2012-02-14'),(988,'g',0,'2012-02-14'),(909,'g',0,'2012-02-14'),(908,'g',0,'2012-02-14'),(868,'g',0,'2012-02-14'),(952,'g',0,'2012-02-14'),(910,'g',0,'2012-02-14'),(827,'g',0,'2012-02-14'),(626,'g',0,'2012-02-14'),(714,'g',0,'2012-02-14'),(420,'g',0,'2012-02-14'),(552,'g',0,'2012-02-14'),(524,'g',0,'2012-02-14'),(1065,'g',0,'2012-02-14'),(1126,'g',0,'2012-02-14'),(556,'g',0,'2012-02-14'),(449,'g',0,'2012-02-14'),(419,'g',0,'2012-02-14'),(781,'g',0,'2012-02-14'),(498,'g',0,'2012-02-14'),(790,'g',0,'2012-02-14'),(731,'g',0,'2012-02-14'),(944,'g',0,'2012-02-14'),(802,'g',0,'2012-02-14'),(582,'g',0,'2012-02-14'),(1058,'g',0,'2012-02-14'),(497,'g',0,'2012-02-14'),(642,'g',0,'2012-02-14'),(777,'g',0,'2012-02-14'),(444,'g',0,'2012-02-14'),(499,'g',0,'2012-02-14'),(869,'g',0,'2012-02-14'),(699,'g',0,'2012-02-14'),(1063,'g',0,'2012-02-14'),(447,'g',0,'2012-02-14'),(729,'g',0,'2012-02-14'),(1129,'g',0,'2012-02-14'),(863,'g',0,'2012-02-14'),(422,'g',0,'2012-02-14'),(862,'g',0,'2012-02-14'),(557,'g',0,'2012-02-14'),(672,'g',0,'2012-02-14'),(736,'g',0,'2012-02-14'),(711,'g',0,'2012-02-14'),(643,'g',0,'2012-02-14'),(445,'g',0,'2012-02-14'),(886,'g',0,'2012-02-14'),(887,'g',0,'2012-02-14'),(832,'g',0,'2012-02-14'),(1017,'g',0,'2012-02-14'),(1016,'g',0,'2012-02-14'),(734,'g',0,'2012-02-14'),(563,'g',0,'2012-02-14'),(872,'g',0,'2012-02-14'),(717,'g',0,'2012-02-14'),(861,'g',0,'2012-02-14'),(435,'g',0,'2012-02-14'),(487,'g',0,'2012-02-14'),(423,'g',0,'2012-02-14'),(554,'g',0,'2012-02-14'),(421,'g',0,'2012-02-14'),(995,'g',0,'2012-02-14'),(992,'g',0,'2012-02-14'),(907,'g',0,'2012-02-14'),(1633,'g',0,'2012-02-14'),(1008,'g',0,'2012-02-14'),(891,'g',0,'2012-02-14'),(1009,'g',0,'2012-02-14'),(893,'g',0,'2012-02-14'),(598,'g',0,'2012-02-14'),(434,'g',0,'2012-02-14'),(1619,'g',0,'2012-02-14'),(1625,'g',0,'2012-02-14'),(535,'g',0,'2012-02-14'),(627,'g',0,'2012-02-14'),(668,'g',0,'2012-02-14'),(1621,'g',0,'2012-02-14'),(1620,'g',0,'2012-02-14'),(584,'g',0,'2012-02-14'),(622,'g',0,'2012-02-14'),(725,'g',0,'2012-02-14'),(600,'g',0,'2012-02-14'),(452,'g',0,'2012-02-14'),(601,'g',0,'2012-02-15'),(564,'g',0,'2012-02-15'),(710,'g',0,'2012-02-15'),(980,'g',0,'2012-02-15'),(589,'g',0,'2012-02-15'),(432,'g',0,'2012-02-15'),(585,'g',0,'2012-02-15'),(433,'g',0,'2012-02-15'),(570,'g',0,'2012-02-15'),(565,'g',0,'2012-02-15'),(451,'g',0,'2012-02-15'),(704,'g',0,'2012-02-15'),(690,'g',0,'2012-02-15'),(1616,'g',0,'2012-02-15'),(712,'g',0,'2012-02-15'),(635,'g',0,'2012-02-15'),(675,'g',0,'2012-02-15'),(424,'g',0,'2012-02-15'),(663,'g',0,'2012-02-15'),(1437,'g',0,'2012-02-15'),(572,'g',0,'2012-02-15'),(450,'g',0,'2012-02-15'),(431,'g',0,'2012-02-15'),(605,'g',0,'2012-02-15'),(488,'g',0,'2012-02-15'),(1139,'g',0,'2012-02-15'),(889,'g',0,'2012-02-15'),(784,'g',0,'2012-02-15'),(890,'g',0,'2012-02-15'),(1382,'g',0,'2012-02-15'),(1344,'g',0,'2012-02-15'),(1380,'g',0,'2012-02-15'),(1249,'g',0,'2012-02-15'),(1331,'g',0,'2012-02-15'),(1354,'g',0,'2012-02-15'),(1226,'g',0,'2012-02-15'),(1233,'g',0,'2012-02-15'),(1379,'g',0,'2012-02-15'),(1342,'g',0,'2012-02-15'),(1117,'g',0,'2012-02-15'),(903,'g',0,'2012-02-15'),(1242,'g',0,'2012-02-15'),(1330,'g',0,'2012-02-15'),(904,'g',0,'2012-02-15'),(843,'g',0,'2012-02-15'),(1105,'g',0,'2012-02-15'),(1115,'g',0,'2012-02-15'),(1116,'g',0,'2012-02-15'),(865,'g',0,'2012-02-15'),(878,'g',0,'2012-02-15'),(881,'g',0,'2012-02-15'),(885,'g',0,'2012-02-15'),(867,'g',0,'2012-02-15'),(879,'g',0,'2012-02-15'),(897,'g',0,'2012-02-15'),(1609,'g',0,'2012-02-15'),(1099,'g',0,'2012-02-15'),(1090,'g',0,'2012-02-15'),(1550,'g',0,'2012-02-15'),(1554,'g',0,'2012-02-15'),(1547,'g',0,'2012-02-15'),(1538,'g',0,'2012-02-15'),(1537,'g',0,'2012-02-15'),(1548,'g',0,'2012-02-15'),(1557,'g',0,'2012-02-15'),(1527,'g',0,'2012-02-15'),(463,'g',0,'2012-02-15'),(1647,'g',0,'2012-02-16'),(1553,'g',0,'2012-02-16'),(1549,'g',0,'2012-02-16'),(1312,'g',0,'2012-02-16'),(1535,'g',0,'2012-02-16'),(1623,'g',0,'2012-02-16'),(1513,'g',0,'2012-02-16'),(1479,'g',0,'2012-02-16'),(1551,'g',0,'2012-02-16'),(1430,'g',0,'2012-02-16'),(1560,'g',0,'2012-02-16'),(1521,'g',0,'2012-02-16'),(1520,'g',0,'2012-02-16'),(1454,'g',0,'2012-02-16'),(1459,'g',0,'2012-02-16'),(1348,'g',0,'2012-02-16'),(553,'g',0,'2012-02-16'),(1626,'g',0,'2012-02-16'),(1652,'g',0,'2012-02-16'),(1651,'g',0,'2012-02-16'),(1645,'g',0,'2012-02-16'),(667,'g',0,'2012-02-16'),(1606,'g',0,'2012-02-16'),(197,'g',0,'2012-02-16'),(1649,'g',0,'2012-02-16'),(1646,'g',0,'2012-02-16'),(1629,'g',0,'2012-02-16'),(609,'g',0,'2012-02-16'),(201,'g',0,'2012-02-16'),(223,'g',0,'2012-02-16'),(1624,'g',0,'2012-02-16'),(1030,'g',0,'2012-02-17'),(974,'g',0,'2012-02-17'),(390,'g',0,'2012-02-17'),(692,'g',0,'2012-02-17'),(486,'g',0,'2012-02-17'),(1059,'g',0,'2012-02-17'),(1057,'g',0,'2012-02-17'),(1630,'g',0,'2012-02-17'),(1632,'g',0,'2012-02-17'),(1572,'g',0,'2012-02-17'),(1648,'g',0,'2012-02-18'),(1529,'g',0,'2012-02-18'),(1276,'g',0,'2012-02-18'),(1458,'g',0,'2012-02-18'),(630,'g',0,'2012-02-18'),(1288,'g',0,'2012-02-18'),(1298,'g',0,'2012-02-18'),(1432,'g',0,'2012-02-19'),(1319,'g',0,'2012-02-19'),(1287,'g',0,'2012-02-19'),(1383,'g',0,'2012-02-19'),(951,'g',0,'2012-02-19'),(989,'g',0,'2012-02-19'),(1634,'g',0,'2012-02-19'),(1042,'g',0,'2012-02-19'),(894,'g',0,'2012-02-19'),(1045,'g',0,'2012-02-20'),(591,'g',0,'2012-02-20'),(830,'g',0,'2012-02-20'),(1138,'g',0,'2012-02-20'),(652,'g',0,'2012-02-20'),(1434,'g',0,'2012-02-20'),(706,'g',0,'2012-02-20'),(1650,'g',0,'2012-02-20'),(590,'g',0,'2012-02-20'),(1101,'g',0,'2012-02-20'),(1037,'g',0,'2012-02-20'),(1141,'g',0,'2012-02-20'),(1088,'g',0,'2012-02-20'),(1015,'g',0,'2012-02-20'),(1370,'g',0,'2012-02-21'),(1119,'g',0,'2012-02-21'),(1013,'g',0,'2012-02-21'),(1118,'g',0,'2012-02-21'),(1096,'g',0,'2012-02-21'),(1657,'g',0,'2012-02-21'),(946,'g',0,'2012-02-21'),(1062,'g',0,'2012-02-21'),(578,'g',0,'2012-02-21'),(592,'g',0,'2012-02-21'),(1655,'g',0,'2012-02-21'),(619,'g',0,'2012-02-21'),(618,'g',0,'2012-02-21'),(834,'g',0,'2012-02-21'),(870,'g',0,'2012-02-21'),(960,'g',0,'2012-02-21'),(871,'g',0,'2012-02-21'),(1272,'g',0,'2012-02-21'),(1092,'g',0,'2012-02-21'),(1374,'g',0,'2012-02-21'),(1327,'g',0,'2012-02-21'),(1123,'g',0,'2012-02-21'),(1232,'g',0,'2012-02-21'),(650,'g',0,'2012-02-21'),(607,'g',0,'2012-02-21'),(536,'g',0,'2012-02-21'),(1656,'g',0,'2012-02-21'),(1669,'g',0,'2012-02-21'),(776,'g',0,'2012-02-22'),(1384,'g',0,'2012-02-23'),(1388,'g',0,'2012-02-23'),(1662,'g',0,'2012-02-24'),(1672,'g',0,'2012-02-24'),(1676,'g',0,'2012-02-24'),(1056,'g',0,'2012-02-24'),(1451,'g',0,'2012-02-24'),(1469,'g',0,'2012-02-25'),(515,'g',0,'2012-02-25'),(525,'g',0,'2012-02-25'),(1429,'g',0,'2012-02-25'),(1510,'g',0,'2012-02-25'),(1526,'g',0,'2012-02-25'),(1511,'g',0,'2012-02-25'),(1552,'g',0,'2012-02-25'),(1512,'g',0,'2012-02-25'),(512,'g',0,'2012-02-25'),(511,'g',0,'2012-02-25'),(1604,'g',0,'2012-02-25'),(1425,'g',0,'2012-02-25'),(1675,'g',0,'2012-02-25'),(1608,'g',0,'2012-02-26'),(1642,'g',0,'2012-02-26'),(1605,'g',0,'2012-02-26'),(509,'g',0,'2012-02-26'),(514,'g',0,'2012-02-26'),(1635,'g',0,'2012-02-26'),(1670,'g',0,'2012-02-26'),(510,'g',0,'2012-02-26'),(1636,'g',0,'2012-02-27'),(1674,'g',0,'2012-02-27'),(1671,'g',0,'2012-02-27'),(762,'g',0,'2012-02-28'),(759,'g',0,'2012-02-28'),(756,'g',0,'2012-02-28'),(760,'g',0,'2012-02-28'),(758,'g',0,'2012-02-28'),(755,'g',0,'2012-02-28'),(757,'g',0,'2012-02-28'),(761,'g',0,'2012-02-28'),(1695,'g',0,'2012-03-02'),(1664,'g',0,'2012-03-02'),(1666,'g',0,'2012-03-02'),(1659,'g',0,'2012-03-02'),(1558,'g',0,'2012-03-02'),(1653,'g',0,'2012-03-02'),(1658,'g',0,'2012-03-03'),(1691,'g',0,'2012-03-03'),(1665,'g',0,'2012-03-03'),(1663,'g',0,'2012-03-03'),(1686,'g',0,'2012-03-03'),(1661,'g',0,'2012-03-03'),(1677,'g',0,'2012-03-03'),(1668,'g',0,'2012-03-03'),(1689,'g',0,'2012-03-03'),(1046,'g',0,'2012-03-03'),(1012,'g',0,'2012-03-03'),(1035,'g',0,'2012-03-03'),(1093,'g',0,'2012-03-03'),(429,'g',0,'2012-03-04'),(997,'g',0,'2012-03-06'),(996,'g',0,'2012-03-06'),(994,'g',0,'2012-03-06'),(999,'g',0,'2012-03-06'),(1006,'g',0,'2012-03-06'),(1007,'g',0,'2012-03-06'),(1004,'g',0,'2012-03-06'),(1005,'g',0,'2012-03-06'),(1542,'g',0,'2012-03-06'),(1701,'g',0,'2012-03-06'),(1002,'g',0,'2012-03-06'),(1000,'g',0,'2012-03-06'),(1711,'g',0,'2012-03-06'),(1703,'g',0,'2012-03-07'),(935,'g',0,'2012-03-07'),(931,'g',0,'2012-03-07'),(938,'g',0,'2012-03-07'),(930,'g',0,'2012-03-07'),(936,'g',0,'2012-03-07'),(933,'g',0,'2012-03-07'),(937,'g',0,'2012-03-07'),(932,'g',0,'2012-03-07'),(934,'g',0,'2012-03-07'),(1453,'g',0,'2012-03-07'),(1564,'g',0,'2012-03-07'),(697,'g',0,'2012-03-07'),(702,'g',0,'2012-03-07'),(698,'g',0,'2012-03-07'),(436,'g',0,'2012-03-07'),(687,'g',0,'2012-03-07'),(583,'g',0,'2012-03-07'),(1571,'g',0,'2012-03-07'),(1443,'g',0,'2012-03-07'),(1591,'g',0,'2012-03-07');

--
-- Table structure for table `idx_paid_listing`
--

CREATE TABLE `idx_paid_listing` (
  `link_id` mediumint(9) unsigned NOT NULL default '0',
  `premium` char(1) default NULL,
  `sponsored` char(1) default NULL,
  `expire` datetime default NULL,
  `paid` char(1) default NULL,
  PRIMARY KEY  (`link_id`)
) ENGINE=MyISAM DEFAULT CHARSET=latin1;

--
-- Dumping data for table `idx_paid_listing`
--


--
-- Table structure for table `idx_payment_gateway`
--

CREATE TABLE `idx_payment_gateway` (
  `payment_gateway_id` int(11) NOT NULL auto_increment,
  `name` varchar(100) default NULL,
  `enable` char(1) default NULL,
  `setting` text,
  `invoice_html` text,
  PRIMARY KEY  (`payment_gateway_id`)
) ENGINE=MyISAM AUTO_INCREMENT=9 DEFAULT CHARSET=latin1;

--
-- Dumping data for table `idx_payment_gateway`
--

INSERT INTO `idx_payment_gateway` VALUES (1,'paypal','1','a:2:{s:13:\"payment_email\";s:0:\"\";s:21:\"enable_paypal_sandbox\";s:1:\"0\";}','<p> \r\n	<a href=\'paynow.php?id={$invoice_id}&m=paypal\'><img src=\'http://www.paypal.com/images/x-click-but02.gif\' border=\'0\' alt=\'Make payments with PayPal - it is fast, free and secure!\' /></a> \r\n</p>\r\n'),(2,'2co','0','a:6:{s:6:\"co_sid\";s:5:\"84932\";s:9:\"co_secret\";s:5:\"tango\";s:12:\"co_recurring\";s:1:\"0\";s:9:\"co_prod_1\";s:6:\"100.00\";s:9:\"co_prod_2\";s:6:\"250.00\";s:9:\"co_prod_3\";s:6:\"400.00\";}','<p>\r\n<a href=\'paynow.php?id={$invoice_id}&m=2co\'><img src=\'http://www.2checkout.com/images/overview/btns/25.jpg\' alt=\'Pay Now with 2checkout...\' border=\'0\' /></a> \r\n</p>'),(3,'authorizenet','0','a:2:{s:21:\"authorizenet_login_id\";s:0:\"\";s:21:\"authorizenet_tran_key\";s:0:\"\";}','<p> \r\n<a href=\'paynow.php?id={$invoice_id}&m=authorizenet\'><img src=\'http://www.authorize.net/upload/images/Images/Header/authorizenet_logo.gif\' alt=\'Pay Now with Authorize.Net...\' width=\'99\' height=\'39\' style=\'{border : 1px solid #c0c0c0;}\' /></a>\r\n</p>'),(4,'egold','0','a:2:{s:19:\"egold_payee_account\";s:0:\"\";s:16:\"egold_payee_name\";s:0:\"\";}','<p> \r\n<a href=\'paynow.php?id={$invoice_id}&m=egold\'>\r\n<img src=\'http://www.e-gold.com/gif/paywith.gif\' border=\'0\' alt=\'Pay Now with e-gold...\' />\r\n</a>\r\n</p>'),(5,'moneybookers','0','a:1:{s:18:\"moneybookers_email\";s:0:\"\";}','<p> \r\n<a href=\'paynow.php?id={$invoice_id}&m=paypal\'><img src=\'http://www.moneybookers.com/images/banners/88_en_mb.gif\' border=\'0\' alt=\'Make payments with Moneybookers - it is fast, free and secure!\' /></a> \r\n</p>'),(6,'paypal-subscriptions','0','a:2:{s:13:\"payment_email\";s:0:\"\";s:21:\"enable_paypal_sandbox\";s:1:\"0\";}','<p> \r\n<a href=\'paynow.php?id={$invoice_id}&m=paypal\'><img src=\'https://www.paypal.com/en_US/i/btn/x-click-but20.gif\' border=\'0\' alt=\'Make payments with PayPal - it is fast, free and secure!\' /></a> \r\n</p>'),(7,'alertpay','0','a:2:{s:14:\"alertpay_email\";s:0:\"\";s:23:\"enable_alertpay_sandbox\";s:1:\"0\";}','<p> \r\n<a href=\'paynow.php?id={$invoice_id}&m=alertpay\'>\r\n<img src=\'https://www.alertpay.com/Images/BuyNow/pay_now_3.gif\' border=\'0\' alt=\'Make payments with PayPal - it is fast, free and secure!\' /></a> \r\n</p>'),(8,'alertpay-subcriptions','0','a:2:{s:14:\"alertpay_email\";s:0:\"\";s:23:\"enable_alertpay_sandbox\";s:1:\"0\";}','<p>\r\n<a href=\'paynow.php?id={$invoice_id}&m=alertpay-subcriptions\'>\r\n<img src=\'https://www.alertpay.com/Images/BuyNow/subscribe_now_15.gif\' border=\'0\' alt=\'Make payments with Alert Pay - it is fast, free and secure!\' /></a> \r\n</p>');

--
-- Table structure for table `idx_payment_history`
--

CREATE TABLE `idx_payment_history` (
  `payment_id` int(10) unsigned NOT NULL auto_increment,
  `contact_name` varchar(255) default NULL,
  `email` varchar(255) default NULL,
  `type` varchar(255) default NULL,
  `detail` text,
  `amount` double default NULL,
  `time` datetime default NULL,
  `invoice_id` varchar(10) default NULL,
  PRIMARY KEY  (`payment_id`)
) ENGINE=MyISAM DEFAULT CHARSET=latin1;

--
-- Dumping data for table `idx_payment_history`
--


--
-- Table structure for table `idx_plugin`
--

CREATE TABLE `idx_plugin` (
  `plugin_id` int(11) NOT NULL auto_increment,
  `name` varchar(255) default NULL,
  `plugin_file` varchar(255) default NULL,
  `status` enum('0','1') default NULL,
  `option_plugin` text,
  PRIMARY KEY  (`plugin_id`)
) ENGINE=MyISAM DEFAULT CHARSET=latin1;

--
-- Dumping data for table `idx_plugin`
--


--
-- Table structure for table `idx_review`
--

CREATE TABLE `idx_review` (
  `review_id` mediumint(9) unsigned NOT NULL auto_increment,
  `link_id` mediumint(9) unsigned NOT NULL default '0',
  `review` text NOT NULL,
  `rating` tinyint(3) unsigned NOT NULL default '0',
  `date` date NOT NULL default '0000-00-00',
  `subject` varchar(100) default NULL,
  `status` char(1) default NULL,
  `username` varchar(20) default NULL,
  `name` varchar(20) default NULL,
  `email` varchar(100) default NULL,
  PRIMARY KEY  (`review_id`)
) ENGINE=MyISAM AUTO_INCREMENT=5 DEFAULT CHARSET=latin1;

--
-- Dumping data for table `idx_review`
--

INSERT INTO `idx_review` VALUES (1,335,'they are best :) I like them :)',4,'2012-01-03','Reviews','1','','Shopper','renfred.morris@gmail.com'),(2,335,'great! ',4,'2012-01-03','Reviews','1','','Shopper','gilroy.stevens@gmail.com'),(3,346,'very helpful would recommend their services to future/potential clients',5,'2012-01-03','Reviews','1','','Shopper','renfred.morris@gmail.com'),(4,346,'Very Nice!',5,'2012-01-03','Reviews','1','','Praveen Narra','gilroy.stevens@gmail.com');

--
-- Table structure for table `idx_searchlog`
--

CREATE TABLE `idx_searchlog` (
  `keyword` varchar(100) NOT NULL default '',
  `time` datetime NOT NULL default '0000-00-00 00:00:00',
  `result` mediumint(9) unsigned default NULL,
  `ip` varchar(100) default NULL
) ENGINE=MyISAM DEFAULT CHARSET=latin1;

--
-- Dumping data for table `idx_searchlog`
--

INSERT INTO `idx_searchlog` VALUES ('Antique Pottery Repair','2011-11-24 13:50:56',0,'111.91.96.176'),(' 	http://fineartrestorationstudio.com','2011-11-24 13:51:03',0,'111.91.96.176'),('asphalt paving','2012-01-03 11:22:54',1,'209.137.163.170'),('imparali custom tailors','2012-02-22 00:45:26',0,'39.47.7.196');

--
-- Table structure for table `idx_set_hook_place`
--

CREATE TABLE `idx_set_hook_place` (
  `set_hook_place_id` int(11) NOT NULL auto_increment,
  `plugin` varchar(255) default NULL,
  `set_hook_place` text,
  PRIMARY KEY  (`set_hook_place_id`)
) ENGINE=MyISAM DEFAULT CHARSET=latin1;

--
-- Dumping data for table `idx_set_hook_place`
--


--
-- Table structure for table `idx_setting`
--

CREATE TABLE `idx_setting` (
  `setting_id` int(11) NOT NULL auto_increment,
  `setting_name` varchar(255) default NULL,
  `setting_value` text,
  PRIMARY KEY  (`setting_id`)
) ENGINE=MyISAM AUTO_INCREMENT=55 DEFAULT CHARSET=latin1;

--
-- Dumping data for table `idx_setting`
--

INSERT INTO `idx_setting` VALUES (4,'site_name','clickography.org'),(5,'site_url','http://clickography.org'),(6,'email_address','mader.chovanecx@gmail.com'),(7,'language_code','en_US'),(8,'theme_path','/home/clickogr/public_html/themes/'),(9,'admin_template_path','/home/clickogr/public_html/admin_tpl/'),(10,'plugin_path','/home/clickogr/public_html/plugin/'),(12,'active_theme','_clickography'),(14,'spam_proof','1'),(15,'enable_user_validation','1'),(16,'allowed_file_extension','gif,jpg,png,pdf,zip,doc'),(17,'yahoo_appid',''),(18,'whosonline','600'),(19,'reciprocal_check','0'),(20,'urlcheck_limit','1'),(21,'pagerank_cache','30'),(22,'max_image_width','1024'),(23,'max_image_height','756'),(24,'max_file_size','500'),(25,'only_registered_can_add_link','0'),(26,'only_registered_can_add_review','0'),(27,'db_use_persistent','0'),(28,'paid_link_day_period','30,60,90,180'),(29,'paid_link_price_factor','1,1.5,2,3'),(30,'enable_html_tag','1'),(31,'allowed_html_tag','<b>,<strong>,<i>,<em>,<u>,<pre>,<blockquote>,<ol>,<ul>,<li>,<p>,<span>,<div>,<table>,<tr>,<td>'),(32,'enable_page_compression','0'),(33,'enable_category_ajax','1'),(34,'require_visit_category','0'),(35,'additional_category_price','0.5'),(36,'enable_rating_ajax','1'),(37,'service_nicecoder_avail','1'),(38,'enable_recaptcha','0'),(39,'recaptcha_publickey',''),(40,'recaptcha_privatekey',''),(41,'enable_bidding','0'),(42,'minimum_bid','5'),(43,'bid_increament','1'),(44,'charset','utf-8'),(45,'mailer','mail'),(46,'smtp_auth','0'),(47,'smtp_host',''),(48,'smtp_username',''),(49,'smtp_password',''),(50,'smtp_port','25'),(51,'emailbody_as_html','0'),(52,'indexu_version','2.4'),(53,'tos',''),(54,'submission_guidelines','');

--
-- Table structure for table `idx_tags`
--

CREATE TABLE `idx_tags` (
  `tag` varchar(64) NOT NULL default '',
  `category_id` mediumint(8) unsigned NOT NULL default '0',
  `total` int(11) NOT NULL default '0',
  `tag_path` varchar(64) NOT NULL,
  PRIMARY KEY  (`tag`,`category_id`)
) ENGINE=MyISAM DEFAULT CHARSET=latin1;

--
-- Dumping data for table `idx_tags`
--


--
-- Table structure for table `idx_unavailable`
--

CREATE TABLE `idx_unavailable` (
  `idx_unavailable` int(11) NOT NULL auto_increment,
  `link_id` int(11) default NULL,
  `url` varchar(255) default NULL,
  `who_is` varchar(255) default NULL,
  `note` text,
  `date` datetime default NULL,
  PRIMARY KEY  (`idx_unavailable`)
) ENGINE=MyISAM DEFAULT CHARSET=latin1;

--
-- Dumping data for table `idx_unavailable`
--


--
-- Table structure for table `idx_unavailable_latest`
--

CREATE TABLE `idx_unavailable_latest` (
  `idx_link` int(11) default NULL,
  `record_execution` int(11) default NULL
) ENGINE=MyISAM DEFAULT CHARSET=latin1;

--
-- Dumping data for table `idx_unavailable_latest`
--


--
-- Table structure for table `idx_votes`
--

CREATE TABLE `idx_votes` (
  `link_id` mediumint(9) NOT NULL default '0',
  `ip` varchar(100) default NULL,
  `value` tinyint(4) default NULL
) ENGINE=MyISAM DEFAULT CHARSET=latin1;

--
-- Dumping data for table `idx_votes`
--

INSERT INTO `idx_votes` VALUES (335,'203.92.47.195',5);


