--
-- Host: collectweb.co    Database: collectw_indexu
-- ------------------------------------------------------


--
-- Table structure for table `directory_save_data`
--

CREATE TABLE `directory_save_data` (
  `id` bigint(100) NOT NULL AUTO_INCREMENT,
  `schedule_id` bigint(100) NOT NULL,
  `project_id` bigint(100) NOT NULL,
  `link_id` bigint(100) NOT NULL,
  `confirm_link` text NOT NULL,
  `category_id` int(10) NOT NULL,
  `category_name` varchar(150) NOT NULL,
  PRIMARY KEY (`id`)
) ENGINE=InnoDB DEFAULT CHARSET=latin1;

--
-- Dumping data for table `directory_save_data`
--


--
-- Table structure for table `idx_admin_menu`
--

CREATE TABLE `idx_admin_menu` (
  `menu_id` int(11) NOT NULL AUTO_INCREMENT,
  `parent_id` int(11) DEFAULT NULL,
  `menu_title` varchar(255) DEFAULT NULL,
  `menu_url` varchar(255) DEFAULT NULL,
  `order_number` int(11) DEFAULT NULL,
  PRIMARY KEY (`menu_id`)
) ENGINE=MyISAM AUTO_INCREMENT=85 DEFAULT CHARSET=latin1;

--
-- Dumping data for table `idx_admin_menu`
--



--
-- Table structure for table `idx_bad_link`
--

CREATE TABLE `idx_bad_link` (
  `bad_link_id` mediumint(9) unsigned NOT NULL AUTO_INCREMENT,
  `link_id` mediumint(9) unsigned NOT NULL DEFAULT '0',
  `name` varchar(50) NOT NULL DEFAULT '',
  `email` varchar(50) NOT NULL DEFAULT '',
  `type` tinyint(3) unsigned NOT NULL DEFAULT '0',
  `date` date NOT NULL DEFAULT '0000-00-00',
  PRIMARY KEY (`bad_link_id`)
) ENGINE=MyISAM DEFAULT CHARSET=latin1;

--
-- Dumping data for table `idx_bad_link`
--


--
-- Table structure for table `idx_badwords`
--

CREATE TABLE `idx_badwords` (
  `word` varchar(100) NOT NULL DEFAULT ''
) ENGINE=MyISAM DEFAULT CHARSET=latin1;

--
-- Dumping data for table `idx_badwords`
--


--
-- Table structure for table `idx_blocked_domain`
--

CREATE TABLE `idx_blocked_domain` (
  `blocked_id` int(11) NOT NULL AUTO_INCREMENT,
  `blocked` varchar(255) DEFAULT NULL,
  `type` enum('domain','ip') DEFAULT NULL,
  PRIMARY KEY (`blocked_id`)
) ENGINE=MyISAM AUTO_INCREMENT=6 DEFAULT CHARSET=latin1;

--
-- Dumping data for table `idx_blocked_domain`
--

INSERT INTO `idx_blocked_domain` VALUES (1,'buydomains.com','domain'),(2,'this-domain-for-sale.com ','domain'),(3,'oversee.net','domain'),(4,'eNom','domain'),(5,'sedoparking.com','domain');

--
-- Table structure for table `idx_category`
--

CREATE TABLE `idx_category` (
  `category_id` mediumint(9) unsigned NOT NULL AUTO_INCREMENT,
  `parent_id` mediumint(9) unsigned NOT NULL DEFAULT '0',
  `name` varchar(100) NOT NULL DEFAULT '',
  `description` text NOT NULL,
  `image` varchar(100) DEFAULT NULL,
  `content` text,
  `visible` char(1) DEFAULT NULL,
  `links` mediumint(9) DEFAULT NULL,
  `meta_keyword` text,
  `meta_description` text,
  `permission` char(2) DEFAULT NULL,
  `registered_only` char(1) DEFAULT NULL,
  `header` text NOT NULL,
  `footer` text NOT NULL,
  `related` mediumint(6) NOT NULL DEFAULT '0',
  `page_title` varchar(200) NOT NULL DEFAULT '',
  `hits` int(11) NOT NULL DEFAULT '0',
  `order_num` smallint(6) NOT NULL DEFAULT '0',
  `basic_price` double unsigned NOT NULL DEFAULT '0',
  `premium_price` double unsigned NOT NULL DEFAULT '0',
  `sponsored_price` double unsigned NOT NULL DEFAULT '0',
  PRIMARY KEY (`category_id`)
) ENGINE=MyISAM AUTO_INCREMENT=36 DEFAULT CHARSET=latin1;

--
-- Dumping data for table `idx_category`
--

INSERT INTO `idx_category` VALUES (1,0,'Arts','','folder.gif','','1',16,'','','0','0','','',0,'',0,0,0,0,0),(2,0,'Automotive Services','','folder.gif','','1',42,'','','0','0','','',0,'',0,0,0,0,0),(3,0,'Business Services','','folder.gif','','1',150,'','','0','0','','',0,'',0,0,0,0,0),(4,0,'Jobs & Careers','','folder.gif','','1',2,'','','0','0','','',0,'',0,0,0,0,0),(5,0,'Clothing & Style','','folder.gif','','1',11,'','','0','0','','',0,'',0,0,0,0,0),(6,0,'Communication & Technology','','folder.gif','','1',24,'','','0','0','','',0,'',0,0,0,0,0),(7,0,'Internet & computer Services','','folder.gif','','1',17,'','','0','0','','',0,'',0,0,0,0,0),(8,0,'Construction and Contractors','','folder.gif','','1',70,'','','0','0','','',0,'',0,0,0,0,0),(9,0,'Dental Care','','folder.gif','','1',39,'','','0','0','','',0,'',0,0,0,0,0),(10,0,'Education & Research','','folder.gif','','1',25,'','','0','0','','',0,'',0,0,0,0,0),(11,0,'Employment Services','','folder.gif','','1',2,'','','0','0','','',0,'',0,0,0,0,0),(12,0,'Gift Baskets','','folder.gif','','1',24,'','','0','0','','',0,'',0,0,0,0,0),(13,0,'Hardware & Software Services','','folder.gif','','1',10,'','','0','0','','',0,'',0,0,0,0,0),(14,0,'Health & Medical','','folder.gif','','1',0,'','','0','0','','',0,'',0,0,0,0,0),(15,0,'Healthcare Related','','folder.gif','','1',160,'','','0','0','','',0,'',0,0,0,0,0),(16,0,'Air Conditioning & Heating','','folder.gif','','1',56,'','','0','0','','',0,'',0,0,0,0,0),(17,0,'Home Decor & Garden','','folder.gif','','1',0,'','','0','0','','',0,'',0,0,0,0,0),(18,0,'Home Improvement & Appliances','','folder.gif','','1',301,'','','0','0','','',0,'',0,0,0,0,0),(19,0,'Hotels','','folder.gif','','1',72,'','','0','0','','',0,'',0,0,0,0,0),(20,0,'Insurance Providers','','folder.gif','','1',34,'','','0','0','','',0,'',0,0,0,0,0),(21,0,'Law & Legal','','folder.gif','','1',0,'','','0','0','','',0,'',0,0,0,0,0),(22,0,'Lawyers & Attorneys','','folder.gif','','1',165,'','','0','0','','',0,'',0,0,0,0,0),(23,0,'Lifestyle & Society','','folder.gif','','1',3,'','','0','0','','',0,'',0,0,0,0,0),(24,0,'Medicine & Surgery','','folder.gif','','1',12,'','','0','0','','',0,'',0,0,0,0,0),(25,0,'Finance & Investment','','folder.gif','','1',20,'','','0','0','','',0,'',0,0,0,0,0),(26,0,'News & Media','','folder.gif','','1',2,'','','0','0','','',0,'',0,0,0,0,0),(27,0,'Plumbing Contractors','','folder.gif','','1',47,'','','0','0','','',0,'',0,0,0,0,0),(28,0,'Real Estate & Property','','folder.gif','','1',30,'','','0','0','','',0,'',0,0,0,0,0),(29,0,'Science','','folder.gif','','1',13,'','','0','0','','',0,'',0,0,0,0,0),(30,0,'SEO & SMO Services','','folder.gif','','1',23,'','','0','0','','',0,'',0,0,0,0,0),(31,0,'Shopping and Sales','','folder.gif','','1',55,'','','0','0','','',0,'',0,0,0,0,0),(32,0,'Sports & Recreation','','folder.gif','','1',0,'','','0','0','','',0,'',0,0,0,0,0),(33,0,'Transportation Services','','folder.gif','','1',41,'','','0','0','','',0,'',0,0,0,0,0),(34,0,'Travel & Tour','','folder.gif','','1',19,'','','0','0','','',0,'',0,0,0,0,0),(35,0,'Weddings','','folder.gif','','1',7,'','','0','0','','',0,'',0,0,0,0,0);

--
-- Table structure for table `idx_category_path`
--

CREATE TABLE `idx_category_path` (
  `category_id` mediumint(9) NOT NULL DEFAULT '0',
  `path` text,
  `path_with_url` text,
  `parents` text,
  PRIMARY KEY (`category_id`)
) ENGINE=MyISAM DEFAULT CHARSET=latin1;

--
-- Dumping data for table `idx_category_path`
--

INSERT INTO `idx_category_path` VALUES (1,'Arts','<a href=\"http://collectweb.co/arts/\" name=\"cat_1\" style=\"\">Arts</a>',';0;'),(2,'Automotive Services','<a href=\"http://collectweb.co/automotive-services/\" name=\"cat_2\" style=\"\">Automotive Services</a>',';0;'),(3,'Business Services','<a href=\"http://collectweb.co/business-services/\" name=\"cat_3\" style=\"\">Business Services</a>',';0;'),(4,'Jobs & Careers','<a href=\"http://collectweb.co/jobs-careers/\" name=\"cat_4\" style=\"\">Jobs & Careers</a>',';0;'),(5,'Clothing & Style','<a href=\"http://collectweb.co/clothing-style/\" name=\"cat_5\" style=\"\">Clothing & Style</a>',';0;'),(6,'Communication & Technology','<a href=\"http://collectweb.co/communication-technology/\" name=\"cat_6\" style=\"\">Communication & Technology</a>',';0;'),(7,'Internet & computer Services','<a href=\"http://collectweb.co/internet-computer-services/\" name=\"cat_7\" style=\"\">Internet & computer Services</a>',';0;'),(8,'Construction and Contractors','<a href=\"http://collectweb.co/construction-and-contractors/\" name=\"cat_8\" style=\"\">Construction and Contractors</a>',';0;'),(9,'Dental Care','<a href=\"http://collectweb.co/dental-care/\" name=\"cat_9\" style=\"\">Dental Care</a>',';0;'),(10,'Education & Research','<a href=\"http://collectweb.co/education-research/\" name=\"cat_10\" style=\"\">Education & Research</a>',';0;'),(11,'Employment Services','<a href=\"http://collectweb.co/employment-services/\" name=\"cat_11\" style=\"\">Employment Services</a>',';0;'),(12,'Gift Baskets','<a href=\"http://collectweb.co/gift-baskets/\" name=\"cat_12\" style=\"\">Gift Baskets</a>',';0;'),(13,'Hardware & Software Services','<a href=\"http://collectweb.co/hardware-software-services/\" name=\"cat_13\" style=\"\">Hardware & Software Services</a>',';0;'),(14,'Health & Medical','<a href=\"http://collectweb.co/health-medical/\" name=\"cat_14\" style=\"\">Health & Medical</a>',';0;'),(15,'Healthcare Related','<a href=\"http://collectweb.co/healthcare-related/\" name=\"cat_15\" style=\"\">Healthcare Related</a>',';0;'),(16,'Air Conditioning & Heating','<a href=\"http://collectweb.co/air-conditioning-heating/\" name=\"cat_16\" style=\"\">Air Conditioning & Heating</a>',';0;'),(17,'Home Decor & Garden','<a href=\"http://collectweb.co/home-decor-garden/\" name=\"cat_17\" style=\"\">Home Decor & Garden</a>',';0;'),(18,'Home Improvement & Appliances','<a href=\"http://collectweb.co/home-improvement-appliances/\" name=\"cat_18\" style=\"\">Home Improvement & Appliances</a>',';0;'),(19,'Hotels','<a href=\"http://collectweb.co/hotels/\" name=\"cat_19\" style=\"\">Hotels</a>',';0;'),(20,'Insurance Providers','<a href=\"http://collectweb.co/insurance-providers/\" name=\"cat_20\" style=\"\">Insurance Providers</a>',';0;'),(21,'Law & Legal','<a href=\"http://collectweb.co/law-legal/\" name=\"cat_21\" style=\"\">Law & Legal</a>',';0;'),(22,'Lawyers & Attorneys','<a href=\"http://collectweb.co/lawyers-attorneys/\" name=\"cat_22\" style=\"\">Lawyers & Attorneys</a>',';0;'),(23,'Lifestyle & Society','<a href=\"http://collectweb.co/lifestyle-society/\" name=\"cat_23\" style=\"\">Lifestyle & Society</a>',';0;'),(24,'Medicine & Surgery','<a href=\"http://collectweb.co/medicine-surgery/\" name=\"cat_24\" style=\"\">Medicine & Surgery</a>',';0;'),(25,'Finance & Investment','<a href=\"http://collectweb.co/finance-investment/\" name=\"cat_25\" style=\"\">Finance & Investment</a>',';0;'),(26,'News & Media','<a href=\"http://collectweb.co/news-media/\" name=\"cat_26\" style=\"\">News & Media</a>',';0;'),(27,'Plumbing Contractors','<a href=\"http://collectweb.co/plumbing-contractors/\" name=\"cat_27\" style=\"\">Plumbing Contractors</a>',';0;'),(28,'Real Estate & Property','<a href=\"http://collectweb.co/real-estate-property/\" name=\"cat_28\" style=\"\">Real Estate & Property</a>',';0;'),(29,'Science','<a href=\"http://collectweb.co/science/\" name=\"cat_29\" style=\"\">Science</a>',';0;'),(30,'SEO & SMO Services','<a href=\"http://collectweb.co/seo-smo-services/\" name=\"cat_30\" style=\"\">SEO & SMO Services</a>',';0;'),(31,'Shopping and Sales','<a href=\"http://collectweb.co/shopping-and-sales/\" name=\"cat_31\" style=\"\">Shopping and Sales</a>',';0;'),(32,'Sports & Recreation','<a href=\"http://collectweb.co/sports-recreation/\" name=\"cat_32\" style=\"\">Sports & Recreation</a>',';0;'),(33,'Transportation Services','<a href=\"http://collectweb.co/transportation-services/\" name=\"cat_33\" style=\"\">Transportation Services</a>',';0;'),(34,'Travel & Tour','<a href=\"http://collectweb.co/travel-tour/\" name=\"cat_34\" style=\"\">Travel & Tour</a>',';0;'),(35,'Weddings','<a href=\"http://collectweb.co/weddings/\" name=\"cat_35\" style=\"\">Weddings</a>',';0;');

--
-- Table structure for table `idx_category_suggession`
--

CREATE TABLE `idx_category_suggession` (
  `id_cat_suggession` int(11) NOT NULL AUTO_INCREMENT,
  `parent_id` int(11) DEFAULT NULL,
  `name` varchar(255) DEFAULT NULL,
  `category_description` text,
  `date` datetime DEFAULT NULL,
  PRIMARY KEY (`id_cat_suggession`)
) ENGINE=MyISAM AUTO_INCREMENT=2 DEFAULT CHARSET=latin1;

--
-- Dumping data for table `idx_category_suggession`
--

INSERT INTO `idx_category_suggession` VALUES (1,31,'air yeezy glow ','air yeezy glow free shipping from kokoshoe.com the youtube links http://www.youtube.com/watch?v=QVp-q0NlPhw\r\n','2012-03-03 06:09:50');

--
-- Table structure for table `idx_checkurl`
--

CREATE TABLE `idx_checkurl` (
  `link_id` mediumint(9) NOT NULL DEFAULT '0',
  `date` date NOT NULL DEFAULT '0000-00-00',
  `live` char(1) NOT NULL DEFAULT '',
  `reciprocal_found` char(1) NOT NULL DEFAULT '',
  PRIMARY KEY (`link_id`)
) ENGINE=MyISAM DEFAULT CHARSET=latin1;

--
-- Dumping data for table `idx_checkurl`
--


--
-- Table structure for table `idx_cronjobs`
--

CREATE TABLE `idx_cronjobs` (
  `cronjobs_id` int(11) NOT NULL AUTO_INCREMENT,
  `cronjobs_name` varchar(255) DEFAULT NULL,
  `filename` varchar(255) NOT NULL,
  `schedule` varchar(255) NOT NULL,
  `time` datetime NOT NULL,
  `execution` varchar(1) NOT NULL,
  PRIMARY KEY (`cronjobs_id`)
) ENGINE=MyISAM AUTO_INCREMENT=4 DEFAULT CHARSET=latin1;

--
-- Dumping data for table `idx_cronjobs`
--

INSERT INTO `idx_cronjobs` VALUES (1,NULL,'clear_templates_c.php','1,*,*,*,*','0000-00-00 00:00:00',''),(2,NULL,'update_tag_cloud.php','*,24,*,*,*','0000-00-00 00:00:00',''),(3,NULL,'clear_rss_cache.php','*,24,*,*,*','0000-00-00 00:00:00','');

--
-- Table structure for table `idx_custom_field`
--

CREATE TABLE `idx_custom_field` (
  `field_name` varchar(32) NOT NULL DEFAULT '',
  `field_text` varchar(64) NOT NULL DEFAULT '',
  `field_type` enum('TEXT','TEXTAREA','SELECT','MULTISELECT','CHECKBOX','RADIO','FILE','IMAGE','DATE','DATETIME','RICHEDITOR') NOT NULL DEFAULT 'TEXT',
  `field_option` text NOT NULL,
  `field_img_width` int(10) unsigned NOT NULL DEFAULT '0',
  `field_img_height` int(10) unsigned NOT NULL DEFAULT '0',
  `field_file_size` int(10) unsigned NOT NULL DEFAULT '0',
  `field_file_extension` varchar(64) NOT NULL DEFAULT '',
  `required` char(1) NOT NULL DEFAULT '0',
  `searchable` char(1) NOT NULL DEFAULT '1',
  `permission` char(1) NOT NULL DEFAULT '0'
) ENGINE=MyISAM DEFAULT CHARSET=latin1;

--
-- Dumping data for table `idx_custom_field`
--

INSERT INTO `idx_custom_field` VALUES ('image','Image','IMAGE','',0,0,0,'','0','0','2'),('address','Address','TEXT','',0,0,0,'','0','0','0'),('city','City','TEXT','',0,0,0,'','0','0','0'),('state','State','TEXT','',0,0,0,'','0','0','0'),('country','Country','TEXT','',0,0,0,'','0','0','0'),('zip','Zip','TEXT','',0,0,0,'','0','0','0'),('phone','Phone','TEXT','',0,0,0,'','0','0','0'),('fax','Fax','TEXT','',0,0,0,'','0','0','0');

--
-- Table structure for table `idx_default_field`
--

CREATE TABLE `idx_default_field` (
  `field_name` varchar(64) NOT NULL,
  `required` char(1) NOT NULL,
  `visible` char(1) NOT NULL DEFAULT '1',
  `searchable` char(1) NOT NULL DEFAULT '1'
) ENGINE=MyISAM DEFAULT CHARSET=latin1;

--
-- Dumping data for table `idx_default_field`
--

INSERT INTO `idx_default_field` VALUES ('title','1','1','1'),('url','1','1','1'),('description','1','1','1'),('keywords','1','1','0'),('contact_name','1','1','1'),('email','1','1','1'),('reciprocal_url','0','0','1');

--
-- Table structure for table `idx_discount_coupon`
--

CREATE TABLE `idx_discount_coupon` (
  `coupon_id` int(11) NOT NULL AUTO_INCREMENT,
  `coupon_code` varchar(255) DEFAULT NULL,
  `coupon_value` varchar(50) DEFAULT NULL,
  `link_type` varchar(255) DEFAULT NULL,
  `start_date` date DEFAULT NULL,
  `expired_date` date DEFAULT NULL,
  `expired_usage` int(11) DEFAULT NULL,
  `usage_count` int(11) DEFAULT NULL,
  PRIMARY KEY (`coupon_id`)
) ENGINE=MyISAM DEFAULT CHARSET=latin1;

--
-- Dumping data for table `idx_discount_coupon`
--


--
-- Table structure for table `idx_editor`
--

CREATE TABLE `idx_editor` (
  `username` varchar(20) DEFAULT NULL,
  `category_id` mediumint(9) DEFAULT NULL,
  `category` char(1) DEFAULT NULL,
  `link` char(1) DEFAULT NULL,
  `review` char(1) DEFAULT NULL,
  `pick` char(1) DEFAULT NULL,
  `status` char(1) DEFAULT NULL,
  `date` date DEFAULT NULL
) ENGINE=MyISAM DEFAULT CHARSET=latin1;

--
-- Dumping data for table `idx_editor`
--


--
-- Table structure for table `idx_email_template`
--

CREATE TABLE `idx_email_template` (
  `email_template_id` int(10) unsigned NOT NULL AUTO_INCREMENT,
  `name` varchar(255) DEFAULT NULL,
  `subject` varchar(255) DEFAULT NULL,
  `body` text,
  `altbody` text,
  PRIMARY KEY (`email_template_id`)
) ENGINE=MyISAM AUTO_INCREMENT=37 DEFAULT CHARSET=latin1;

--
-- Dumping data for table `idx_email_template`
--



--
-- Table structure for table `idx_favorites`
--

CREATE TABLE `idx_favorites` (
  `favorite_id` int(11) NOT NULL AUTO_INCREMENT,
  `username` varchar(20) DEFAULT NULL,
  `date` date DEFAULT NULL,
  `title` varchar(100) DEFAULT NULL,
  `description` text,
  PRIMARY KEY (`favorite_id`)
) ENGINE=MyISAM DEFAULT CHARSET=latin1;

--
-- Dumping data for table `idx_favorites`
--


--
-- Table structure for table `idx_favorites_detail`
--

CREATE TABLE `idx_favorites_detail` (
  `favorite_id` int(11) DEFAULT NULL,
  `link_id` mediumint(9) DEFAULT NULL
) ENGINE=MyISAM DEFAULT CHARSET=latin1;

--
-- Dumping data for table `idx_favorites_detail`
--


--
-- Table structure for table `idx_hook_place`
--

CREATE TABLE `idx_hook_place` (
  `hook_place_id` int(11) NOT NULL AUTO_INCREMENT,
  `filename` varchar(255) DEFAULT NULL,
  `hookname` varchar(255) DEFAULT NULL,
  PRIMARY KEY (`hook_place_id`)
) ENGINE=MyISAM DEFAULT CHARSET=latin1;

--
-- Dumping data for table `idx_hook_place`
--


--
-- Table structure for table `idx_invoice`
--

CREATE TABLE `idx_invoice` (
  `invoice_id` varchar(10) NOT NULL DEFAULT '',
  `invoice_date` date DEFAULT NULL,
  `due_date` date DEFAULT NULL,
  `invoiced_to` text,
  `service` varchar(255) DEFAULT NULL,
  `description` text,
  `total` double(8,2) DEFAULT NULL,
  `comment` text,
  `paid` char(1) DEFAULT NULL,
  `paid_date` date DEFAULT NULL,
  `email` varchar(255) DEFAULT NULL,
  PRIMARY KEY (`invoice_id`)
) ENGINE=MyISAM DEFAULT CHARSET=latin1;

--
-- Dumping data for table `idx_invoice`
--


--
-- Table structure for table `idx_invoice_config`
--

CREATE TABLE `idx_invoice_config` (
  `company` varchar(255) DEFAULT NULL,
  `contact` varchar(255) DEFAULT NULL,
  `address` text,
  `phone` varchar(255) DEFAULT NULL,
  `email` varchar(255) DEFAULT NULL,
  `currency_symbol` varchar(255) DEFAULT '$',
  `currency_code` varchar(255) DEFAULT 'USD'
) ENGINE=MyISAM DEFAULT CHARSET=latin1;

--
-- Dumping data for table `idx_invoice_config`
--

INSERT INTO `idx_invoice_config` VALUES ('Your website / Company','Billing Department','Your address','Your phone #','Billing<name@yourdomain.com>','$','USD');

--
-- Table structure for table `idx_link_temp`
--

CREATE TABLE `idx_link_temp` (
  `vid` mediumint(9) unsigned NOT NULL AUTO_INCREMENT,
  `spam` char(1) NOT NULL DEFAULT '0',
  `link_id` mediumint(9) DEFAULT NULL,
  `category_id` mediumint(9) unsigned NOT NULL DEFAULT '0',
  `title` varchar(100) NOT NULL DEFAULT '',
  `url` text NOT NULL,
  `description` text NOT NULL,
  `contact_name` varchar(100) NOT NULL DEFAULT '',
  `email` varchar(100) NOT NULL DEFAULT '',
  `hits` mediumint(9) DEFAULT NULL,
  `votes` smallint(6) DEFAULT NULL,
  `rating` float(4,2) DEFAULT NULL,
  `date` datetime NOT NULL DEFAULT '0000-00-00 00:00:00',
  `bid` smallint(6) NOT NULL DEFAULT '0',
  `new` char(1) DEFAULT NULL,
  `hot` char(1) DEFAULT NULL,
  `top_rated` char(1) DEFAULT NULL,
  `pick` char(1) DEFAULT NULL,
  `password` varchar(20) DEFAULT NULL,
  `updated` char(1) DEFAULT NULL,
  `reviews` smallint(6) DEFAULT NULL,
  `avg_review` float(4,2) DEFAULT NULL,
  `last_updated` datetime DEFAULT NULL,
  `official_review` text,
  `keywords` varchar(255) DEFAULT NULL,
  `cat1` mediumint(6) NOT NULL DEFAULT '0',
  `cat2` mediumint(6) NOT NULL DEFAULT '0',
  `suspended` char(1) NOT NULL DEFAULT '0',
  `reciprocal_url` varchar(255) DEFAULT NULL,
  `address` varchar(255) DEFAULT NULL,
  `city` varchar(255) DEFAULT NULL,
  `state` varchar(255) DEFAULT NULL,
  `country` varchar(255) DEFAULT NULL,
  `zip` varchar(255) DEFAULT NULL,
  `image` varchar(255) DEFAULT NULL,
  `phone` varchar(255) DEFAULT NULL,
  `fax` varchar(255) DEFAULT NULL,
  PRIMARY KEY (`vid`)
) ENGINE=MyISAM DEFAULT CHARSET=latin1;

--
-- Dumping data for table `idx_link_temp`
--


--
-- Table structure for table `idx_link_temp_user`
--

CREATE TABLE `idx_link_temp_user` (
  `vid` mediumint(9) unsigned NOT NULL DEFAULT '0',
  `username` varchar(20) NOT NULL DEFAULT '',
  PRIMARY KEY (`vid`)
) ENGINE=MyISAM DEFAULT CHARSET=latin1;

--
-- Dumping data for table `idx_link_temp_user`
--


--
-- Table structure for table `idx_link_user`
--

CREATE TABLE `idx_link_user` (
  `link_id` mediumint(9) unsigned NOT NULL DEFAULT '0',
  `username` varchar(20) NOT NULL DEFAULT '',
  PRIMARY KEY (`link_id`)
) ENGINE=MyISAM DEFAULT CHARSET=latin1;

--
-- Dumping data for table `idx_link_user`
--


--
-- Table structure for table `idx_mailing_list`
--

CREATE TABLE `idx_mailing_list` (
  `email` varchar(50) NOT NULL DEFAULT '',
  `code` varchar(4) DEFAULT NULL,
  `status` char(1) DEFAULT NULL,
  PRIMARY KEY (`email`)
) ENGINE=MyISAM DEFAULT CHARSET=latin1;

--
-- Dumping data for table `idx_mailing_list`
--


--
-- Table structure for table `idx_message`
--

CREATE TABLE `idx_message` (
  `message_id` smallint(6) NOT NULL AUTO_INCREMENT,
  `date` date DEFAULT NULL,
  `body` text,
  `subject` varchar(100) DEFAULT NULL,
  PRIMARY KEY (`message_id`)
) ENGINE=MyISAM DEFAULT CHARSET=latin1;

--
-- Dumping data for table `idx_message`
--


--
-- Table structure for table `idx_notification`
--

CREATE TABLE `idx_notification` (
  `username` varchar(20) NOT NULL DEFAULT '',
  `category_id` mediumint(9) NOT NULL DEFAULT '0'
) ENGINE=MyISAM DEFAULT CHARSET=latin1;

--
-- Dumping data for table `idx_notification`
--


--
-- Table structure for table `idx_pagerank`
--

CREATE TABLE `idx_pagerank` (
  `link_id` mediumint(8) unsigned NOT NULL DEFAULT '0',
  `engine` char(1) NOT NULL DEFAULT '',
  `rank` tinyint(4) NOT NULL DEFAULT '0',
  `last_update` date NOT NULL DEFAULT '0000-00-00',
  PRIMARY KEY (`link_id`,`engine`)
) ENGINE=MyISAM DEFAULT CHARSET=latin1;

--
-- Dumping data for table `idx_pagerank`
--

INSERT INTO `idx_pagerank` VALUES (2,'g',0,'2012-03-04'),(13,'g',0,'2011-11-04'),(7,'g',0,'2012-02-16'),(5,'g',0,'2012-02-22'),(12,'g',0,'2012-03-04'),(11,'g',0,'2012-03-04'),(6,'g',0,'2012-02-10'),(9,'g',0,'2012-02-21'),(3,'g',0,'2012-02-10'),(4,'g',0,'2012-02-10'),(10,'g',0,'2012-02-10'),(8,'g',0,'2012-02-13'),(1,'g',0,'2012-01-27'),(56,'g',0,'2012-03-04'),(71,'g',0,'2012-02-22'),(40,'g',0,'2012-02-22'),(73,'g',0,'2011-11-15'),(80,'g',0,'2012-03-04'),(107,'g',0,'2011-11-15'),(62,'g',0,'2012-02-22'),(187,'g',0,'2012-03-04'),(36,'g',0,'2012-02-10'),(30,'g',0,'2012-02-10'),(32,'g',0,'2012-02-10'),(58,'g',0,'2012-02-10'),(74,'g',0,'2012-02-10'),(35,'g',0,'2012-02-10'),(59,'g',0,'2012-02-10'),(75,'g',0,'2012-03-02'),(97,'g',0,'2012-03-04'),(117,'g',0,'2012-03-04'),(133,'g',0,'2012-01-24'),(143,'g',0,'2012-03-04'),(149,'g',0,'2012-01-24'),(120,'g',0,'2012-03-04'),(175,'g',0,'2012-01-24'),(29,'g',0,'2012-02-22'),(248,'g',0,'2012-02-22'),(377,'g',0,'2012-02-22'),(122,'g',0,'2012-02-22'),(121,'g',0,'2012-02-22'),(100,'g',0,'2011-11-20'),(101,'g',0,'2012-03-04'),(102,'g',0,'2012-03-04'),(105,'g',0,'2012-03-04'),(110,'g',0,'2012-02-10'),(111,'g',0,'2012-02-22'),(112,'g',0,'2012-02-10'),(114,'g',0,'2012-01-03'),(115,'g',0,'2012-02-10'),(116,'g',0,'2012-02-10'),(119,'g',0,'2012-02-22'),(123,'g',0,'2012-02-10'),(125,'g',0,'2012-02-22'),(126,'g',0,'2012-03-04'),(127,'g',0,'2012-01-24'),(128,'g',0,'2012-02-01'),(14,'g',0,'2012-02-13'),(140,'g',0,'2012-03-04'),(144,'g',0,'2012-03-04'),(145,'g',0,'2012-03-04'),(147,'g',0,'2012-03-04'),(148,'g',0,'2012-03-04'),(15,'g',0,'2012-02-10'),(150,'g',0,'2012-02-22'),(151,'g',0,'2012-03-04'),(152,'g',0,'2012-02-27'),(153,'g',0,'2012-02-10'),(158,'g',0,'2012-02-22'),(16,'g',0,'2012-01-06'),(160,'g',0,'2012-03-04'),(17,'g',0,'2012-02-22'),(179,'g',0,'2012-02-22'),(18,'g',0,'2012-01-03'),(180,'g',0,'2011-11-20'),(189,'g',0,'2012-03-04'),(19,'g',0,'2012-02-22'),(190,'g',0,'2012-02-27'),(195,'g',0,'2012-02-22'),(20,'g',0,'2012-02-22'),(200,'g',0,'2012-02-10'),(202,'g',0,'2012-02-22'),(204,'g',0,'2012-02-10'),(208,'g',0,'2012-02-10'),(21,'g',0,'2011-11-20'),(22,'g',0,'2012-03-04'),(223,'g',0,'2012-02-10'),(23,'g',0,'2012-02-10'),(231,'g',0,'2012-02-27'),(232,'g',0,'2012-02-22'),(24,'g',0,'2012-02-01'),(244,'g',0,'2012-01-27'),(247,'g',0,'2012-02-27'),(25,'g',0,'2012-02-10'),(252,'g',0,'2011-11-20'),(254,'g',0,'2012-02-27'),(255,'g',0,'2012-02-22'),(256,'g',0,'2012-02-22'),(26,'g',0,'2012-02-10'),(262,'g',0,'2012-02-10'),(263,'g',0,'2012-02-10'),(265,'g',0,'2012-02-10'),(267,'g',0,'2012-02-10'),(27,'g',0,'2012-01-27'),(277,'g',0,'2012-03-04'),(28,'g',0,'2012-02-13'),(290,'g',0,'2012-02-10'),(295,'g',0,'2012-03-04'),(299,'g',0,'2012-02-10'),(300,'g',0,'2012-01-27'),(301,'g',0,'2012-03-04'),(31,'g',0,'2012-02-22'),(318,'g',0,'2012-02-10'),(321,'g',0,'2012-02-22'),(336,'g',0,'2012-02-10'),(339,'g',0,'2012-02-22'),(344,'g',0,'2012-02-10'),(345,'g',0,'2012-02-22'),(352,'g',0,'2012-03-04'),(355,'g',0,'2012-02-22'),(363,'g',0,'2012-03-04'),(366,'g',0,'2011-12-25'),(368,'g',0,'2012-01-27'),(37,'g',0,'2012-02-13'),(375,'g',0,'2011-11-20'),(38,'g',0,'2012-02-13'),(39,'g',0,'2012-01-03'),(395,'g',0,'2011-11-20'),(396,'g',0,'2012-01-27'),(41,'g',0,'2012-02-10'),(42,'g',0,'2012-02-22'),(44,'g',0,'2012-01-24'),(45,'g',0,'2012-01-03'),(46,'g',0,'2012-02-22'),(47,'g',0,'2012-02-22'),(48,'g',0,'2012-02-13'),(50,'g',0,'2012-02-22'),(52,'g',0,'2012-01-03'),(53,'g',0,'2011-11-20'),(54,'g',0,'2012-03-04'),(55,'g',0,'2012-02-13'),(57,'g',0,'2012-03-01'),(61,'g',0,'2012-03-04'),(63,'g',0,'2012-02-13'),(64,'g',0,'2012-02-10'),(65,'g',0,'2011-11-20'),(66,'g',0,'2012-02-10'),(67,'g',0,'2012-02-10'),(68,'g',0,'2012-02-10'),(69,'g',0,'2012-03-04'),(72,'g',0,'2012-02-22'),(81,'g',0,'2012-02-10'),(82,'g',0,'2012-02-27'),(83,'g',0,'2012-02-10'),(85,'g',0,'2012-02-10'),(86,'g',0,'2012-03-04'),(87,'g',0,'2012-02-10'),(88,'g',0,'2012-02-10'),(91,'g',0,'2012-02-22'),(95,'g',0,'2012-02-22'),(33,'g',0,'2011-12-23'),(34,'g',0,'2012-02-22'),(51,'g',0,'2011-12-23'),(326,'g',0,'2011-12-23'),(335,'g',0,'2012-02-22'),(356,'g',0,'2012-02-22'),(135,'g',0,'2012-02-22'),(136,'g',0,'2011-12-23'),(43,'g',0,'2012-02-22'),(351,'g',0,'2011-11-21'),(303,'g',0,'2012-03-04'),(312,'g',0,'2012-03-04'),(327,'g',0,'2012-03-04'),(369,'g',0,'2012-03-04'),(207,'g',0,'2012-02-22'),(176,'g',0,'2012-02-22'),(340,'g',0,'2012-02-22'),(320,'g',0,'2012-02-05'),(159,'g',0,'2012-02-22'),(163,'g',0,'2011-11-22'),(113,'g',0,'2011-11-22'),(403,'g',0,'2011-11-22'),(306,'g',0,'2012-02-27'),(289,'g',0,'2011-11-22'),(280,'g',0,'2011-11-22'),(237,'g',0,'2011-11-22'),(361,'g',0,'2012-02-27'),(161,'g',0,'2011-11-22'),(188,'g',0,'2012-03-04'),(164,'g',0,'2012-02-28'),(108,'g',0,'2012-02-22'),(404,'g',0,'2011-11-22'),(129,'g',0,'2012-02-22'),(130,'g',0,'2012-03-03'),(139,'g',0,'2012-02-22'),(155,'g',0,'2012-03-03'),(157,'g',0,'2011-11-22'),(162,'g',0,'2012-03-03'),(77,'g',0,'2011-11-22'),(235,'g',0,'2011-11-22'),(90,'g',0,'2012-02-22'),(291,'g',0,'2011-11-22'),(215,'g',0,'2011-11-22'),(216,'g',0,'2012-03-04'),(402,'g',0,'2011-11-22'),(170,'g',0,'2011-11-22'),(330,'g',0,'2011-11-22'),(168,'g',0,'2011-11-22'),(292,'g',0,'2011-11-22'),(185,'g',0,'2012-03-04'),(360,'g',0,'2011-11-22'),(169,'g',0,'2011-11-22'),(297,'g',0,'2012-02-28'),(79,'g',0,'2011-11-22'),(261,'g',0,'2011-11-22'),(192,'g',0,'2012-02-28'),(165,'g',0,'2011-11-22'),(141,'g',0,'2012-02-28'),(278,'g',0,'2012-02-27'),(287,'g',0,'2011-11-22'),(251,'g',0,'2011-11-22'),(181,'g',0,'2012-03-02'),(219,'g',0,'2012-02-28'),(212,'g',0,'2012-03-04'),(92,'g',0,'2011-11-22'),(250,'g',0,'2011-11-22'),(93,'g',0,'2011-11-23'),(178,'g',0,'2011-11-23'),(124,'g',0,'2011-11-23'),(132,'g',0,'2011-11-23'),(234,'g',0,'2011-11-23'),(156,'g',0,'2011-11-23'),(239,'g',0,'2011-11-23'),(283,'g',0,'2011-11-23'),(347,'g',0,'2011-11-23'),(214,'g',0,'2012-03-04'),(271,'g',0,'2012-02-22'),(89,'g',0,'2012-02-10'),(307,'g',0,'2012-03-07'),(225,'g',0,'2011-11-27'),(246,'g',0,'2012-01-26'),(76,'g',0,'2012-02-10'),(70,'g',0,'2012-03-04'),(259,'g',0,'2012-02-10'),(391,'g',0,'2012-03-04'),(222,'g',0,'2012-01-03'),(211,'g',0,'2012-02-10'),(84,'g',0,'2012-02-13'),(218,'g',0,'2012-02-10'),(60,'g',0,'2012-03-04'),(381,'g',0,'2012-03-04'),(118,'g',0,'2012-02-10'),(49,'g',0,'2012-01-26'),(311,'g',0,'2012-03-04'),(173,'g',0,'2012-03-04'),(266,'g',0,'2012-02-10'),(78,'g',0,'2012-02-10'),(226,'g',0,'2012-02-10'),(172,'g',0,'2012-03-03'),(294,'g',0,'2012-03-04'),(554,'g',0,'2012-02-22'),(411,'g',0,'2012-03-04'),(557,'g',0,'2012-03-04'),(558,'g',0,'2012-02-22'),(410,'g',0,'2011-11-29'),(515,'g',0,'2012-02-01'),(542,'g',0,'2012-02-01'),(578,'g',0,'2012-02-22'),(583,'g',0,'2012-02-10'),(469,'g',0,'2012-02-22'),(587,'g',0,'2012-02-10'),(470,'g',0,'2012-03-04'),(492,'g',0,'2012-02-10'),(553,'g',0,'2012-02-22'),(413,'g',0,'2012-02-27'),(586,'g',0,'2011-12-04'),(544,'g',0,'2012-02-10'),(472,'g',0,'2012-02-22'),(522,'g',0,'2011-12-04'),(610,'g',0,'2012-02-10'),(502,'g',0,'2011-12-04'),(774,'g',0,'2012-02-22'),(637,'g',0,'2012-02-27'),(605,'g',0,'2012-02-10'),(831,'g',0,'2012-02-22'),(697,'g',0,'2012-02-22'),(609,'g',0,'2012-02-10'),(498,'g',0,'2012-02-10'),(608,'g',0,'2012-02-10'),(645,'g',0,'2011-12-04'),(656,'g',0,'2012-03-04'),(606,'g',0,'2012-02-10'),(471,'g',0,'2012-02-22'),(834,'g',0,'2012-01-17'),(407,'g',0,'2011-12-06'),(493,'g',0,'2012-02-22'),(416,'g',0,'2011-12-06'),(731,'g',0,'2012-03-04'),(695,'g',0,'2012-01-09'),(539,'g',0,'2012-02-22'),(615,'g',0,'2012-02-10'),(482,'g',0,'2012-02-10'),(698,'g',0,'2012-02-10'),(538,'g',0,'2012-02-10'),(279,'g',0,'2011-12-07'),(273,'g',0,'2011-12-07'),(305,'g',0,'2011-12-07'),(322,'g',0,'2011-12-07'),(316,'g',0,'2011-12-07'),(293,'g',0,'2011-12-07'),(296,'g',0,'2011-12-07'),(304,'g',0,'2011-12-07'),(308,'g',0,'2011-12-07'),(272,'g',0,'2011-12-07'),(390,'g',0,'2011-12-07'),(435,'g',0,'2011-12-07'),(433,'g',0,'2011-12-07'),(414,'g',0,'2011-12-07'),(437,'g',0,'2011-12-07'),(389,'g',0,'2011-12-07'),(387,'g',0,'2011-12-07'),(434,'g',0,'2011-12-07'),(415,'g',0,'2011-12-07'),(436,'g',0,'2011-12-07'),(98,'g',0,'2011-12-07'),(94,'g',0,'2012-03-04'),(99,'g',0,'2011-12-07'),(167,'g',0,'2011-12-07'),(109,'g',0,'2011-12-07'),(103,'g',0,'2011-12-07'),(166,'g',0,'2011-12-07'),(106,'g',0,'2011-12-07'),(154,'g',0,'2011-12-07'),(146,'g',0,'2011-12-07'),(332,'g',0,'2011-12-07'),(367,'g',0,'2011-12-07'),(385,'g',0,'2011-12-07'),(376,'g',0,'2011-12-07'),(342,'g',0,'2011-12-07'),(379,'g',0,'2011-12-07'),(370,'g',0,'2011-12-07'),(359,'g',0,'2011-12-07'),(325,'g',0,'2011-12-07'),(357,'g',0,'2011-12-07'),(258,'g',0,'2011-12-07'),(186,'g',0,'2011-12-07'),(210,'g',0,'2011-12-07'),(206,'g',0,'2011-12-07'),(227,'g',0,'2011-12-07'),(193,'g',0,'2012-02-16'),(197,'g',0,'2011-12-07'),(203,'g',0,'2011-12-07'),(196,'g',0,'2011-12-07'),(198,'g',0,'2011-12-07'),(221,'g',0,'2011-12-07'),(199,'g',0,'2011-12-08'),(229,'g',0,'2011-12-08'),(194,'g',0,'2011-12-08'),(350,'g',0,'2011-12-08'),(281,'g',0,'2011-12-08'),(201,'g',0,'2011-12-08'),(338,'g',0,'2011-12-08'),(529,'g',0,'2011-12-08'),(310,'g',0,'2011-12-08'),(228,'g',0,'2011-12-08'),(241,'g',0,'2011-12-08'),(337,'g',0,'2011-12-08'),(446,'g',0,'2011-12-08'),(270,'g',0,'2011-12-08'),(451,'g',0,'2012-03-04'),(275,'g',0,'2012-02-10'),(354,'g',0,'2011-12-08'),(276,'g',0,'2012-03-04'),(450,'g',0,'2011-12-08'),(447,'g',0,'2012-03-04'),(449,'g',0,'2011-12-08'),(364,'g',0,'2012-03-04'),(302,'g',0,'2012-03-04'),(315,'g',0,'2012-03-04'),(224,'g',0,'2011-12-08'),(238,'g',0,'2012-02-22'),(285,'g',0,'2012-02-22'),(236,'g',0,'2011-12-08'),(205,'g',0,'2012-02-22'),(253,'g',0,'2012-02-22'),(217,'g',0,'2012-02-22'),(288,'g',0,'2011-12-08'),(213,'g',0,'2011-12-08'),(171,'g',0,'2012-03-04'),(655,'g',0,'2012-03-04'),(673,'g',0,'2011-12-08'),(676,'g',0,'2011-12-08'),(684,'g',0,'2011-12-08'),(667,'g',0,'2011-12-08'),(661,'g',0,'2011-12-08'),(663,'g',0,'2011-12-08'),(659,'g',0,'2011-12-08'),(675,'g',0,'2011-12-08'),(641,'g',0,'2011-12-08'),(260,'g',0,'2011-12-08'),(245,'g',0,'2011-12-08'),(191,'g',0,'2011-12-08'),(268,'g',0,'2011-12-08'),(249,'g',0,'2011-12-08'),(269,'g',0,'2011-12-08'),(282,'g',0,'2011-12-08'),(408,'g',0,'2011-12-09'),(298,'g',0,'2011-12-09'),(624,'g',0,'2011-12-09'),(549,'g',0,'2011-12-09'),(520,'g',0,'2011-12-09'),(264,'g',0,'2011-12-09'),(519,'g',0,'2011-12-09'),(625,'g',0,'2011-12-09'),(956,'g',0,'2011-12-09'),(400,'g',0,'2011-12-14'),(612,'g',0,'2011-12-14'),(242,'g',0,'2011-12-14'),(334,'g',0,'2011-12-14'),(373,'g',0,'2011-12-14'),(331,'g',0,'2011-12-15'),(346,'g',0,'2011-12-15'),(134,'g',0,'2011-12-15'),(1100,'g',0,'2012-03-04'),(233,'g',0,'2011-12-15'),(182,'g',0,'2011-12-15'),(317,'g',0,'2011-12-15'),(394,'g',0,'2011-12-15'),(323,'g',0,'2011-12-15'),(399,'g',0,'2011-12-15'),(257,'g',0,'2011-12-15'),(392,'g',0,'2011-12-15'),(349,'g',0,'2011-12-15'),(358,'g',0,'2011-12-15'),(401,'g',0,'2011-12-15'),(348,'g',0,'2011-12-15'),(353,'g',0,'2011-12-15'),(374,'g',0,'2011-12-15'),(329,'g',0,'2011-12-15'),(220,'g',0,'2011-12-15'),(137,'g',0,'2011-12-15'),(406,'g',0,'2011-12-15'),(284,'g',0,'2011-12-15'),(309,'g',0,'2011-12-15'),(365,'g',0,'2011-12-15'),(371,'g',0,'2011-12-15'),(328,'g',0,'2011-12-15'),(380,'g',0,'2011-12-15'),(495,'g',0,'2011-12-15'),(397,'g',0,'2011-12-15'),(184,'g',0,'2011-12-15'),(131,'g',0,'2011-12-16'),(96,'g',0,'2011-12-16'),(138,'g',0,'2011-12-16'),(314,'g',0,'2011-12-16'),(183,'g',0,'2011-12-16'),(388,'g',0,'2011-12-16'),(588,'g',0,'2011-12-16'),(341,'g',0,'2011-12-16'),(240,'g',0,'2011-12-16'),(386,'g',0,'2012-03-04'),(382,'g',0,'2011-12-16'),(384,'g',0,'2011-12-16'),(274,'g',0,'2011-12-16'),(286,'g',0,'2011-12-16'),(362,'g',0,'2011-12-16'),(398,'g',0,'2011-12-16'),(177,'g',0,'2011-12-16'),(243,'g',0,'2011-12-16'),(333,'g',0,'2012-03-04'),(378,'g',0,'2012-03-04'),(343,'g',0,'2011-12-16'),(383,'g',0,'2011-12-16'),(324,'g',0,'2011-12-16'),(142,'g',0,'2011-12-16'),(209,'g',0,'2011-12-16'),(230,'g',0,'2011-12-16'),(104,'g',0,'2012-02-22'),(313,'g',0,'2011-12-16'),(409,'g',0,'2011-12-16'),(943,'g',0,'2011-12-16'),(372,'g',0,'2011-12-16'),(393,'g',0,'2011-12-16'),(174,'g',0,'2011-12-16'),(462,'g',0,'2011-12-16'),(903,'g',0,'2011-12-16'),(566,'g',0,'2011-12-16'),(445,'g',0,'2011-12-16'),(694,'g',0,'2011-12-16'),(579,'g',0,'2011-12-16'),(319,'g',0,'2011-12-16'),(486,'g',0,'2011-12-17'),(444,'g',0,'2012-02-22'),(485,'g',0,'2012-02-22'),(487,'g',0,'2012-02-22'),(648,'g',0,'2011-12-17'),(647,'g',0,'2011-12-17'),(457,'g',0,'2012-02-22'),(483,'g',0,'2012-02-22'),(405,'g',0,'2012-02-22'),(448,'g',0,'2012-02-22'),(489,'g',0,'2011-12-18'),(488,'g',0,'2011-12-18'),(1151,'g',0,'2012-02-10'),(1150,'g',0,'2012-02-22'),(722,'g',0,'2011-12-22'),(1195,'g',0,'2012-01-27'),(1188,'g',0,'2012-01-27'),(1156,'g',0,'2012-02-05'),(1149,'g',0,'2012-02-10'),(1159,'g',0,'2011-12-29'),(1178,'g',0,'2012-02-10'),(1014,'g',0,'2011-12-31'),(1074,'g',0,'2011-12-31'),(1236,'g',0,'2012-03-04'),(500,'g',0,'2012-01-03'),(494,'g',0,'2012-01-03'),(501,'g',0,'2012-01-03'),(596,'g',0,'2012-01-03'),(499,'g',0,'2012-02-22'),(1064,'g',0,'2012-01-03'),(1194,'g',0,'2012-01-03'),(723,'g',0,'2012-03-04'),(823,'g',0,'2012-02-22'),(523,'g',0,'2012-01-03'),(1092,'g',0,'2012-03-04'),(1200,'g',0,'2012-03-04'),(1018,'g',0,'2012-03-04'),(1133,'g',0,'2012-01-03'),(1001,'g',0,'2012-03-04'),(1199,'g',0,'2012-03-04'),(883,'g',0,'2012-02-22'),(881,'g',0,'2012-02-22'),(945,'g',0,'2012-02-22'),(882,'g',0,'2012-02-22'),(811,'g',0,'2012-02-22'),(438,'g',0,'2012-01-05'),(1096,'g',0,'2012-02-22'),(1095,'g',0,'2012-02-22'),(1094,'g',0,'2012-01-05'),(1093,'g',0,'2012-02-22'),(1259,'g',0,'2012-01-05'),(922,'g',0,'2012-02-22'),(504,'g',0,'2012-03-04'),(646,'g',0,'2012-02-22'),(1252,'g',0,'2012-02-22'),(1067,'g',0,'2012-02-22'),(1125,'g',0,'2012-02-22'),(1141,'g',0,'2012-02-22'),(1297,'g',0,'2012-02-22'),(531,'g',0,'2012-01-09'),(568,'g',0,'2012-01-10'),(565,'g',0,'2012-01-10'),(510,'g',0,'2012-01-10'),(567,'g',0,'2012-01-10'),(575,'g',0,'2012-01-10'),(1269,'g',0,'2012-01-10'),(550,'g',0,'2012-01-10'),(508,'g',0,'2012-03-04'),(689,'g',0,'2012-01-10'),(576,'g',0,'2012-01-10'),(1197,'g',0,'2012-02-22'),(1253,'g',0,'2012-02-22'),(1136,'g',0,'2012-01-11'),(1342,'g',0,'2012-02-22'),(1317,'g',0,'2012-01-12'),(1063,'g',0,'2012-01-12'),(1225,'g',0,'2012-01-12'),(1097,'g',0,'2012-01-12'),(1207,'g',0,'2012-01-12'),(1318,'g',0,'2012-01-12'),(1327,'g',0,'2012-01-12'),(426,'g',0,'2012-02-22'),(421,'g',0,'2012-01-13'),(422,'g',0,'2012-01-13'),(418,'g',0,'2012-01-13'),(417,'g',0,'2012-01-13'),(423,'g',0,'2012-01-13'),(424,'g',0,'2012-01-13'),(419,'g',0,'2012-01-13'),(425,'g',0,'2012-01-13'),(420,'g',0,'2012-01-13'),(1191,'g',0,'2012-01-16'),(1214,'g',0,'2012-01-17'),(509,'g',0,'2012-01-21'),(1357,'g',0,'2012-02-22'),(748,'g',0,'2012-01-25'),(692,'g',0,'2012-01-25'),(715,'g',0,'2012-01-25'),(747,'g',0,'2012-01-25'),(688,'g',0,'2012-01-25'),(691,'g',0,'2012-01-25'),(710,'g',0,'2012-01-25'),(687,'g',0,'2012-01-25'),(760,'g',0,'2012-01-25'),(812,'g',0,'2012-01-25'),(886,'g',0,'2012-01-25'),(878,'g',0,'2012-01-25'),(830,'g',0,'2012-01-25'),(764,'g',0,'2012-01-25'),(836,'g',0,'2012-01-25'),(1423,'g',0,'2012-01-25'),(828,'g',0,'2012-01-25'),(1422,'g',0,'2012-01-25'),(1146,'g',0,'2012-01-25'),(1426,'g',0,'2012-01-27'),(642,'g',0,'2012-03-04'),(622,'g',0,'2012-03-04'),(530,'g',0,'2012-03-04'),(769,'g',0,'2012-03-04'),(617,'g',0,'2012-03-04'),(524,'g',0,'2012-03-04'),(837,'g',0,'2012-01-28'),(649,'g',0,'2012-03-04'),(720,'g',0,'2012-03-04'),(740,'g',0,'2012-01-28'),(734,'g',0,'2012-03-04'),(711,'g',0,'2012-03-04'),(651,'g',0,'2012-03-04'),(650,'g',0,'2012-01-28'),(621,'g',0,'2012-03-04'),(634,'g',0,'2012-01-28'),(585,'g',0,'2012-01-28'),(555,'g',0,'2012-01-28'),(518,'g',0,'2012-01-28'),(597,'g',0,'2012-01-28'),(582,'g',0,'2012-01-28'),(627,'g',0,'2012-01-28'),(584,'g',0,'2012-01-28'),(561,'g',0,'2012-01-28'),(591,'g',0,'2012-01-28'),(991,'g',0,'2012-01-28'),(785,'g',0,'2012-01-29'),(892,'g',0,'2012-03-04'),(898,'g',0,'2012-03-04'),(784,'g',0,'2012-01-29'),(783,'g',0,'2012-01-29'),(901,'g',0,'2012-01-29'),(772,'g',0,'2012-01-29'),(787,'g',0,'2012-01-29'),(788,'g',0,'2012-01-29'),(896,'g',0,'2012-03-04'),(894,'g',0,'2012-03-04'),(827,'g',0,'2012-01-29'),(786,'g',0,'2012-01-29'),(895,'g',0,'2012-03-04'),(900,'g',0,'2012-01-29'),(893,'g',0,'2012-03-04'),(770,'g',0,'2012-01-29'),(899,'g',0,'2012-01-29'),(781,'g',0,'2012-01-29'),(782,'g',0,'2012-01-29'),(735,'g',0,'2012-01-29'),(897,'g',0,'2012-01-29'),(915,'g',0,'2012-01-29'),(916,'g',0,'2012-01-29'),(718,'g',0,'2012-01-29'),(733,'g',0,'2012-01-29'),(759,'g',0,'2012-01-29'),(670,'g',0,'2012-03-04'),(762,'g',0,'2012-01-29'),(672,'g',0,'2012-01-29'),(728,'g',0,'2012-01-29'),(744,'g',0,'2012-01-29'),(729,'g',0,'2012-01-29'),(765,'g',0,'2012-01-29'),(767,'g',0,'2012-01-29'),(1144,'g',0,'2012-03-04'),(1148,'g',0,'2012-03-04'),(1211,'g',0,'2012-03-04'),(1109,'g',0,'2012-01-29'),(1143,'g',0,'2012-01-29'),(1248,'g',0,'2012-01-29'),(1234,'g',0,'2012-03-04'),(1227,'g',0,'2012-01-29'),(1182,'g',0,'2012-01-29'),(1162,'g',0,'2012-01-29'),(1184,'g',0,'2012-01-29'),(1069,'g',0,'2012-01-29'),(1436,'g',0,'2012-02-01'),(1437,'g',0,'2012-02-01'),(1291,'g',0,'2012-02-01'),(1228,'g',0,'2012-02-02'),(997,'g',0,'2012-02-02'),(1073,'g',0,'2012-02-02'),(1205,'g',0,'2012-02-02'),(1110,'g',0,'2012-02-02'),(1072,'g',0,'2012-02-02'),(1186,'g',0,'2012-02-02'),(1179,'g',0,'2012-02-02'),(1218,'g',0,'2012-02-02'),(1229,'g',0,'2012-02-02'),(995,'g',0,'2012-02-02'),(937,'g',0,'2012-02-02'),(946,'g',0,'2012-02-02'),(927,'g',0,'2012-02-02'),(999,'g',0,'2012-02-02'),(941,'g',0,'2012-02-02'),(940,'g',0,'2012-02-02'),(928,'g',0,'2012-02-02'),(1071,'g',0,'2012-02-02'),(1160,'g',0,'2012-02-02'),(1054,'g',0,'2012-02-02'),(1076,'g',0,'2012-02-02'),(925,'g',0,'2012-02-02'),(1226,'g',0,'2012-02-02'),(1078,'g',0,'2012-02-02'),(1061,'g',0,'2012-02-02'),(1046,'g',0,'2012-02-02'),(1105,'g',0,'2012-02-02'),(1023,'g',0,'2012-02-02'),(1056,'g',0,'2012-02-02'),(1044,'g',0,'2012-02-02'),(1224,'g',0,'2012-02-02'),(1152,'g',0,'2012-02-02'),(1204,'g',0,'2012-02-02'),(1183,'g',0,'2012-02-02'),(1223,'g',0,'2012-02-02'),(1232,'g',0,'2012-02-02'),(1181,'g',0,'2012-02-02'),(1098,'g',0,'2012-02-02'),(1062,'g',0,'2012-02-02'),(996,'g',0,'2012-02-02'),(993,'g',0,'2012-02-02'),(1154,'g',0,'2012-02-02'),(1316,'g',0,'2012-02-02'),(1314,'g',0,'2012-02-02'),(939,'g',0,'2012-02-02'),(1032,'g',0,'2012-02-02'),(1334,'g',0,'2012-02-02'),(1313,'g',0,'2012-02-02'),(1356,'g',0,'2012-02-02'),(1299,'g',0,'2012-02-02'),(1359,'g',0,'2012-02-02'),(1343,'g',0,'2012-02-02'),(1246,'g',0,'2012-02-02'),(1102,'g',0,'2012-02-02'),(1402,'g',0,'2012-02-02'),(1201,'g',0,'2012-02-02'),(1066,'g',0,'2012-02-02'),(1036,'g',0,'2012-02-02'),(1012,'g',0,'2012-02-02'),(1244,'g',0,'2012-02-02'),(1065,'g',0,'2012-02-02'),(1057,'g',0,'2012-02-02'),(1155,'g',0,'2012-02-02'),(1099,'g',0,'2012-02-02'),(1438,'g',0,'2012-03-04'),(452,'g',0,'2012-02-05'),(1479,'g',0,'2012-02-06'),(1478,'g',0,'2012-02-07'),(1563,'g',0,'2012-02-11'),(1153,'g',0,'2012-02-12'),(1103,'g',0,'2012-02-13'),(1249,'g',0,'2012-02-13'),(1070,'g',0,'2012-02-13'),(1306,'g',0,'2012-02-13'),(1261,'g',0,'2012-02-13'),(1383,'g',0,'2012-02-13'),(1268,'g',0,'2012-02-13'),(1142,'g',0,'2012-02-13'),(1408,'g',0,'2012-02-13'),(1610,'g',0,'2012-02-14'),(1606,'g',0,'2012-02-14'),(1604,'g',0,'2012-02-14'),(1614,'g',0,'2012-02-15'),(581,'g',0,'2012-02-16'),(517,'g',0,'2012-02-16'),(1607,'g',0,'2012-02-17'),(1198,'g',0,'2012-02-18'),(1157,'g',0,'2012-02-19'),(727,'g',0,'2012-02-19'),(644,'g',0,'2012-02-19'),(652,'g',0,'2012-02-19'),(657,'g',0,'2012-02-19'),(623,'g',0,'2012-02-19'),(681,'g',0,'2012-02-19'),(616,'g',0,'2012-02-19'),(724,'g',0,'2012-02-19'),(1138,'g',0,'2012-02-19'),(572,'g',0,'2012-02-19'),(635,'g',0,'2012-02-19'),(658,'g',0,'2012-02-19'),(640,'g',0,'2012-02-19'),(580,'g',0,'2012-02-19'),(574,'g',0,'2012-02-19'),(564,'g',0,'2012-02-19'),(611,'g',0,'2012-02-19'),(571,'g',0,'2012-02-19'),(654,'g',0,'2012-02-19'),(920,'g',0,'2012-02-19'),(719,'g',0,'2012-02-19'),(713,'g',0,'2012-02-19'),(891,'g',0,'2012-02-19'),(725,'g',0,'2012-02-19'),(674,'g',0,'2012-02-19'),(690,'g',0,'2012-02-19'),(736,'g',0,'2012-02-19'),(918,'g',0,'2012-02-19'),(738,'g',0,'2012-02-19'),(994,'g',0,'2012-02-19'),(726,'g',0,'2012-02-19'),(889,'g',0,'2012-02-19'),(685,'g',0,'2012-02-19'),(990,'g',0,'2012-02-19'),(919,'g',0,'2012-02-19'),(1132,'g',0,'2012-02-19'),(1021,'g',0,'2012-02-19'),(643,'g',0,'2012-02-19'),(660,'g',0,'2012-02-19'),(717,'g',0,'2012-02-19'),(708,'g',0,'2012-02-19'),(714,'g',0,'2012-02-19'),(682,'g',0,'2012-02-19'),(716,'g',0,'2012-02-19'),(712,'g',0,'2012-02-19'),(679,'g',0,'2012-02-19'),(595,'g',0,'2012-02-19'),(563,'g',0,'2012-02-19'),(732,'g',0,'2012-02-19'),(702,'g',0,'2012-02-19'),(766,'g',0,'2012-02-19'),(743,'g',0,'2012-02-19'),(768,'g',0,'2012-02-19'),(678,'g',0,'2012-02-19'),(739,'g',0,'2012-02-19'),(709,'g',0,'2012-02-19'),(1147,'g',0,'2012-02-19'),(701,'g',0,'2012-02-19'),(562,'g',0,'2012-02-19'),(636,'g',0,'2012-02-19'),(536,'g',0,'2012-02-19'),(809,'g',0,'2012-02-19'),(683,'g',0,'2012-02-19'),(631,'g',0,'2012-02-19'),(619,'g',0,'2012-02-19'),(680,'g',0,'2012-02-19'),(620,'g',0,'2012-02-19'),(548,'g',0,'2012-02-19'),(607,'g',0,'2012-02-19'),(514,'g',0,'2012-02-19'),(1127,'g',0,'2012-02-19'),(1130,'g',0,'2012-02-19'),(826,'g',0,'2012-02-19'),(810,'g',0,'2012-02-19'),(917,'g',0,'2012-02-19'),(909,'g',0,'2012-02-19'),(884,'g',0,'2012-02-19'),(914,'g',0,'2012-02-19'),(1137,'g',0,'2012-02-19'),(1190,'g',0,'2012-02-19'),(1193,'g',0,'2012-02-19'),(1139,'g',0,'2012-02-19'),(1439,'g',0,'2012-02-19'),(1622,'g',0,'2012-02-19'),(669,'g',0,'2012-02-20'),(477,'g',0,'2012-02-20'),(481,'g',0,'2012-02-20'),(478,'g',0,'2012-02-20'),(476,'g',0,'2012-02-20'),(480,'g',0,'2012-02-20'),(479,'g',0,'2012-02-20'),(474,'g',0,'2012-02-20'),(475,'g',0,'2012-02-20'),(461,'g',0,'2012-02-20'),(443,'g',0,'2012-02-20'),(454,'g',0,'2012-02-20'),(753,'g',0,'2012-02-20'),(430,'g',0,'2012-02-20'),(429,'g',0,'2012-02-20'),(453,'g',0,'2012-02-20'),(432,'g',0,'2012-02-20'),(505,'g',0,'2012-02-20'),(458,'g',0,'2012-02-20'),(460,'g',0,'2012-02-20'),(442,'g',0,'2012-02-20'),(428,'g',0,'2012-02-20'),(752,'g',0,'2012-02-20'),(440,'g',0,'2012-02-20'),(427,'g',0,'2012-02-20'),(754,'g',0,'2012-02-20'),(602,'g',0,'2012-02-20'),(441,'g',0,'2012-02-20'),(439,'g',0,'2012-02-20'),(598,'g',0,'2012-02-20'),(751,'g',0,'2012-02-20'),(600,'g',0,'2012-02-20'),(431,'g',0,'2012-02-20'),(556,'g',0,'2012-02-20'),(668,'g',0,'2012-02-20'),(665,'g',0,'2012-02-20'),(835,'g',0,'2012-02-20'),(543,'g',0,'2012-02-20'),(730,'g',0,'2012-02-20'),(521,'g',0,'2012-02-20'),(628,'g',0,'2012-02-20'),(496,'g',0,'2012-02-20'),(527,'g',0,'2012-02-20'),(749,'g',0,'2012-02-20'),(677,'g',0,'2012-02-20'),(721,'g',0,'2012-02-20'),(763,'g',0,'2012-02-20'),(526,'g',0,'2012-02-20'),(761,'g',0,'2012-02-20'),(758,'g',0,'2012-02-20'),(776,'g',0,'2012-02-20'),(777,'g',0,'2012-02-20'),(775,'g',0,'2012-02-20'),(756,'g',0,'2012-02-20'),(513,'g',0,'2012-02-20'),(497,'g',0,'2012-02-20'),(755,'g',0,'2012-02-20'),(706,'g',0,'2012-02-20'),(512,'g',0,'2012-02-20'),(699,'g',0,'2012-02-20'),(534,'g',0,'2012-02-20'),(816,'g',0,'2012-02-20'),(666,'g',0,'2012-02-20'),(664,'g',0,'2012-02-20'),(773,'g',0,'2012-02-20'),(820,'g',0,'2012-02-20'),(817,'g',0,'2012-02-20'),(798,'g',0,'2012-02-20'),(653,'g',0,'2012-02-20'),(604,'g',0,'2012-02-20'),(807,'g',0,'2012-02-20'),(456,'g',0,'2012-02-20'),(805,'g',0,'2012-02-20'),(577,'g',0,'2012-02-20'),(780,'g',0,'2012-02-20'),(819,'g',0,'2012-02-20'),(757,'g',0,'2012-02-20'),(801,'g',0,'2012-02-20'),(804,'g',0,'2012-02-20'),(803,'g',0,'2012-02-20'),(799,'g',0,'2012-02-20'),(746,'g',0,'2012-02-20'),(778,'g',0,'2012-02-20'),(818,'g',0,'2012-02-20'),(779,'g',0,'2012-02-20'),(806,'g',0,'2012-02-20'),(821,'g',0,'2012-02-20'),(847,'g',0,'2012-02-20'),(800,'g',0,'2012-02-20'),(1587,'g',0,'2012-02-20'),(802,'g',0,'2012-02-20'),(603,'g',0,'2012-02-20'),(1596,'g',0,'2012-02-20'),(1276,'g',0,'2012-02-21'),(1213,'g',0,'2012-02-21'),(737,'g',0,'2012-02-21'),(638,'g',0,'2012-02-21'),(662,'g',0,'2012-02-21'),(1203,'g',0,'2012-02-21'),(1266,'g',0,'2012-02-21'),(1108,'g',0,'2012-02-21'),(1241,'g',0,'2012-02-21'),(944,'g',0,'2012-02-21'),(1135,'g',0,'2012-02-21'),(1315,'g',0,'2012-02-21'),(1289,'g',0,'2012-02-21'),(1398,'g',0,'2012-02-21'),(1611,'g',0,'2012-02-21'),(1041,'g',0,'2012-02-21'),(1617,'g',0,'2012-02-21'),(1621,'g',0,'2012-02-21'),(793,'g',0,'2012-02-21'),(1219,'g',0,'2012-02-21'),(1303,'g',0,'2012-02-21'),(1435,'g',0,'2012-02-21'),(790,'g',0,'2012-02-21'),(789,'g',0,'2012-02-21'),(794,'g',0,'2012-02-21'),(791,'g',0,'2012-02-21'),(797,'g',0,'2012-02-21'),(796,'g',0,'2012-02-21'),(792,'g',0,'2012-02-21'),(795,'g',0,'2012-02-21'),(491,'g',0,'2012-02-21'),(490,'g',0,'2012-02-21'),(1310,'g',0,'2012-02-21'),(1360,'g',0,'2012-02-21'),(1381,'g',0,'2012-02-21'),(1349,'g',0,'2012-02-21'),(1366,'g',0,'2012-02-21'),(1305,'g',0,'2012-02-21'),(1304,'g',0,'2012-02-21'),(1367,'g',0,'2012-02-21'),(1397,'g',0,'2012-02-21'),(1326,'g',0,'2012-02-21'),(1440,'g',0,'2012-02-21'),(1416,'g',0,'2012-02-21'),(1493,'g',0,'2012-02-21'),(1411,'g',0,'2012-02-21'),(1404,'g',0,'2012-02-21'),(1482,'g',0,'2012-02-21'),(1507,'g',0,'2012-02-21'),(1394,'g',0,'2012-02-21'),(1476,'g',0,'2012-02-21'),(1500,'g',0,'2012-02-21'),(1462,'g',0,'2012-02-21'),(1420,'g',0,'2012-02-22'),(1444,'g',0,'2012-02-22'),(1464,'g',0,'2012-02-22'),(1406,'g',0,'2012-02-22'),(1613,'g',0,'2012-02-22'),(1633,'g',0,'2012-02-22'),(1629,'g',0,'2012-02-22'),(1640,'g',0,'2012-02-22'),(704,'g',0,'2012-02-22'),(1501,'g',0,'2012-02-22'),(1632,'g',0,'2012-02-22'),(1626,'g',0,'2012-02-22'),(1620,'g',0,'2012-02-22'),(1625,'g',0,'2012-02-22'),(1618,'g',0,'2012-02-22'),(1605,'g',0,'2012-02-22'),(473,'g',0,'2012-02-22'),(1140,'g',0,'2012-02-22'),(1615,'g',0,'2012-02-22'),(910,'g',0,'2012-02-22'),(1643,'g',0,'2012-02-22'),(911,'g',0,'2012-02-22'),(1601,'g',0,'2012-02-22'),(936,'g',0,'2012-02-22'),(913,'g',0,'2012-02-22'),(938,'g',0,'2012-02-22'),(953,'g',0,'2012-02-22'),(952,'g',0,'2012-02-22'),(1031,'g',0,'2012-02-22'),(954,'g',0,'2012-02-22'),(955,'g',0,'2012-02-22'),(1035,'g',0,'2012-02-22'),(1038,'g',0,'2012-02-22'),(1637,'g',0,'2012-02-22'),(1634,'g',0,'2012-02-22'),(1639,'g',0,'2012-02-22'),(907,'g',0,'2012-02-22'),(906,'g',0,'2012-02-22'),(1452,'g',0,'2012-02-22'),(1509,'g',0,'2012-02-22'),(845,'g',0,'2012-02-23'),(905,'g',0,'2012-02-23'),(707,'g',0,'2012-02-23'),(825,'g',0,'2012-02-23'),(813,'g',0,'2012-02-23'),(846,'g',0,'2012-02-23'),(888,'g',0,'2012-02-23'),(923,'g',0,'2012-02-23'),(1192,'g',0,'2012-02-23'),(1565,'g',0,'2012-02-23'),(942,'g',0,'2012-02-23'),(948,'g',0,'2012-02-23'),(838,'g',0,'2012-02-23'),(1577,'g',0,'2012-02-23'),(887,'g',0,'2012-02-23'),(1126,'g',0,'2012-02-23'),(879,'g',0,'2012-02-23'),(930,'g',0,'2012-02-23'),(1592,'g',0,'2012-02-23'),(902,'g',0,'2012-02-23'),(848,'g',0,'2012-02-23'),(815,'g',0,'2012-02-23'),(840,'g',0,'2012-02-23'),(924,'g',0,'2012-02-23'),(1591,'g',0,'2012-02-23'),(1271,'g',0,'2012-02-24'),(824,'g',0,'2012-02-24'),(841,'g',0,'2012-02-24'),(880,'g',0,'2012-02-24'),(926,'g',0,'2012-02-24'),(912,'g',0,'2012-02-24'),(1465,'g',0,'2012-02-24'),(1368,'g',0,'2012-02-24'),(1274,'g',0,'2012-02-24'),(843,'g',0,'2012-02-24'),(844,'g',0,'2012-02-24'),(1131,'g',0,'2012-02-24'),(808,'g',0,'2012-02-24'),(839,'g',0,'2012-02-25'),(842,'g',0,'2012-02-25'),(833,'g',0,'2012-02-25'),(1579,'g',0,'2012-02-25'),(1284,'g',0,'2012-02-27'),(589,'g',0,'2012-02-27'),(533,'g',0,'2012-02-27'),(639,'g',0,'2012-02-27'),(1599,'g',0,'2012-02-27'),(559,'g',0,'2012-02-27'),(569,'g',0,'2012-02-27'),(560,'g',0,'2012-02-27'),(570,'g',0,'2012-02-27'),(599,'g',0,'2012-02-27'),(466,'g',0,'2012-02-27'),(528,'g',0,'2012-02-27'),(592,'g',0,'2012-02-27'),(468,'g',0,'2012-02-27'),(412,'g',0,'2012-02-27'),(464,'g',0,'2012-02-27'),(545,'g',0,'2012-02-27'),(1603,'g',0,'2012-02-28'),(540,'g',0,'2012-02-28'),(1424,'g',0,'2012-02-28'),(551,'g',0,'2012-02-28'),(467,'g',0,'2012-02-28'),(630,'g',0,'2012-02-28'),(629,'g',0,'2012-02-28'),(618,'g',0,'2012-02-28'),(613,'g',0,'2012-02-28'),(541,'g',0,'2012-02-28'),(626,'g',0,'2012-02-28'),(537,'g',0,'2012-02-28'),(1630,'g',0,'2012-02-28'),(1642,'g',0,'2012-02-28'),(1646,'g',0,'2012-02-28'),(484,'g',0,'2012-02-28'),(1623,'g',0,'2012-02-28'),(1332,'g',0,'2012-02-28'),(593,'g',0,'2012-02-28'),(590,'g',0,'2012-02-28'),(525,'g',0,'2012-02-28'),(532,'g',0,'2012-02-28'),(503,'g',0,'2012-02-28'),(516,'g',0,'2012-02-28'),(614,'g',0,'2012-02-28'),(601,'g',0,'2012-02-28'),(546,'g',0,'2012-02-28'),(465,'g',0,'2012-02-28'),(1635,'g',0,'2012-02-28'),(1581,'g',0,'2012-02-28'),(1413,'g',0,'2012-02-28'),(1608,'g',0,'2012-02-28'),(1609,'g',0,'2012-02-28'),(1580,'g',0,'2012-02-28'),(981,'g',0,'2012-02-28'),(931,'g',0,'2012-02-29'),(1624,'g',0,'2012-02-29'),(908,'g',0,'2012-02-29'),(1196,'g',0,'2012-02-29'),(1331,'g',0,'2012-02-29'),(1485,'g',0,'2012-02-29'),(1597,'g',0,'2012-02-29'),(750,'g',0,'2012-03-01'),(696,'g',0,'2012-03-01'),(1265,'g',0,'2012-03-01'),(1034,'g',0,'2012-03-01'),(1340,'g',0,'2012-03-01'),(742,'g',0,'2012-03-01'),(741,'g',0,'2012-03-01'),(1290,'g',0,'2012-03-01'),(1350,'g',0,'2012-03-01'),(1250,'g',0,'2012-03-01'),(1058,'g',0,'2012-03-01'),(1362,'g',0,'2012-03-01'),(1448,'g',0,'2012-03-01'),(929,'g',0,'2012-03-01'),(921,'g',0,'2012-03-01'),(934,'g',0,'2012-03-01'),(932,'g',0,'2012-03-01'),(1658,'g',0,'2012-03-01'),(1285,'g',0,'2012-03-02'),(1077,'g',0,'2012-03-02'),(1286,'g',0,'2012-03-02'),(1221,'g',0,'2012-03-02'),(1251,'g',0,'2012-03-02'),(1079,'g',0,'2012-03-02'),(1322,'g',0,'2012-03-02'),(1177,'g',0,'2012-03-02'),(1647,'g',0,'2012-03-02'),(1559,'g',0,'2012-03-03'),(1656,'g',0,'2012-03-04'),(1665,'g',0,'2012-03-04'),(1279,'g',0,'2012-03-04'),(1282,'g',0,'2012-03-04'),(1296,'g',0,'2012-03-04'),(1364,'g',0,'2012-03-04'),(1414,'g',0,'2012-03-04'),(1558,'g',0,'2012-03-04'),(1463,'g',0,'2012-03-04'),(1111,'g',0,'2012-03-04'),(1273,'g',0,'2012-03-04'),(1325,'g',0,'2012-03-04'),(1321,'g',0,'2012-03-04'),(1562,'g',0,'2012-03-04'),(1631,'g',0,'2012-03-04'),(1338,'g',0,'2012-03-04'),(1337,'g',0,'2012-03-04'),(1449,'g',0,'2012-03-04'),(1484,'g',0,'2012-03-04'),(1450,'g',0,'2012-03-04'),(1483,'g',0,'2012-03-04'),(1535,'g',0,'2012-03-04'),(1107,'g',0,'2012-03-04'),(1311,'g',0,'2012-03-04'),(1335,'g',0,'2012-03-04'),(1645,'g',0,'2012-03-04'),(1341,'g',0,'2012-03-06'),(1425,'g',0,'2012-03-06'),(1598,'g',0,'2012-03-07'),(1552,'g',0,'2012-03-07');

--
-- Table structure for table `idx_paid_listing`
--

CREATE TABLE `idx_paid_listing` (
  `link_id` mediumint(9) unsigned NOT NULL DEFAULT '0',
  `premium` char(1) DEFAULT NULL,
  `sponsored` char(1) DEFAULT NULL,
  `expire` datetime DEFAULT NULL,
  `paid` char(1) DEFAULT NULL,
  PRIMARY KEY (`link_id`)
) ENGINE=MyISAM DEFAULT CHARSET=latin1;

--
-- Dumping data for table `idx_paid_listing`
--


--
-- Table structure for table `idx_payment_gateway`
--

CREATE TABLE `idx_payment_gateway` (
  `payment_gateway_id` int(11) NOT NULL AUTO_INCREMENT,
  `name` varchar(100) DEFAULT NULL,
  `enable` char(1) DEFAULT NULL,
  `setting` text,
  `invoice_html` text,
  PRIMARY KEY (`payment_gateway_id`)
) ENGINE=MyISAM AUTO_INCREMENT=9 DEFAULT CHARSET=latin1;

--
-- Dumping data for table `idx_payment_gateway`
--

INSERT INTO `idx_payment_gateway` VALUES (1,'paypal','1','a:2:{s:13:\"payment_email\";s:0:\"\";s:21:\"enable_paypal_sandbox\";s:1:\"0\";}','<p> \r\n	<a href=\'paynow.php?id={$invoice_id}&m=paypal\'><img src=\'http://www.paypal.com/images/x-click-but02.gif\' border=\'0\' alt=\'Make payments with PayPal - it is fast, free and secure!\' /></a> \r\n</p>\r\n'),(2,'2co','0','a:6:{s:6:\"co_sid\";s:5:\"84932\";s:9:\"co_secret\";s:5:\"tango\";s:12:\"co_recurring\";s:1:\"0\";s:9:\"co_prod_1\";s:6:\"100.00\";s:9:\"co_prod_2\";s:6:\"250.00\";s:9:\"co_prod_3\";s:6:\"400.00\";}','<p>\r\n<a href=\'paynow.php?id={$invoice_id}&m=2co\'><img src=\'http://www.2checkout.com/images/overview/btns/25.jpg\' alt=\'Pay Now with 2checkout...\' border=\'0\' /></a> \r\n</p>'),(3,'authorizenet','0','a:2:{s:21:\"authorizenet_login_id\";s:0:\"\";s:21:\"authorizenet_tran_key\";s:0:\"\";}','<p> \r\n<a href=\'paynow.php?id={$invoice_id}&m=authorizenet\'><img src=\'http://www.authorize.net/upload/images/Images/Header/authorizenet_logo.gif\' alt=\'Pay Now with Authorize.Net...\' width=\'99\' height=\'39\' style=\'{border : 1px solid #c0c0c0;}\' /></a>\r\n</p>'),(4,'egold','0','a:2:{s:19:\"egold_payee_account\";s:0:\"\";s:16:\"egold_payee_name\";s:0:\"\";}','<p> \r\n<a href=\'paynow.php?id={$invoice_id}&m=egold\'>\r\n<img src=\'http://www.e-gold.com/gif/paywith.gif\' border=\'0\' alt=\'Pay Now with e-gold...\' />\r\n</a>\r\n</p>'),(5,'moneybookers','0','a:1:{s:18:\"moneybookers_email\";s:0:\"\";}','<p> \r\n<a href=\'paynow.php?id={$invoice_id}&m=paypal\'><img src=\'http://www.moneybookers.com/images/banners/88_en_mb.gif\' border=\'0\' alt=\'Make payments with Moneybookers - it is fast, free and secure!\' /></a> \r\n</p>'),(6,'paypal-subscriptions','0','a:2:{s:13:\"payment_email\";s:0:\"\";s:21:\"enable_paypal_sandbox\";s:1:\"0\";}','<p> \r\n<a href=\'paynow.php?id={$invoice_id}&m=paypal\'><img src=\'https://www.paypal.com/en_US/i/btn/x-click-but20.gif\' border=\'0\' alt=\'Make payments with PayPal - it is fast, free and secure!\' /></a> \r\n</p>'),(7,'alertpay','0','a:2:{s:14:\"alertpay_email\";s:0:\"\";s:23:\"enable_alertpay_sandbox\";s:1:\"0\";}','<p> \r\n<a href=\'paynow.php?id={$invoice_id}&m=alertpay\'>\r\n<img src=\'https://www.alertpay.com/Images/BuyNow/pay_now_3.gif\' border=\'0\' alt=\'Make payments with PayPal - it is fast, free and secure!\' /></a> \r\n</p>'),(8,'alertpay-subcriptions','0','a:2:{s:14:\"alertpay_email\";s:0:\"\";s:23:\"enable_alertpay_sandbox\";s:1:\"0\";}','<p>\r\n<a href=\'paynow.php?id={$invoice_id}&m=alertpay-subcriptions\'>\r\n<img src=\'https://www.alertpay.com/Images/BuyNow/subscribe_now_15.gif\' border=\'0\' alt=\'Make payments with Alert Pay - it is fast, free and secure!\' /></a> \r\n</p>');

--
-- Table structure for table `idx_payment_history`
--

CREATE TABLE `idx_payment_history` (
  `payment_id` int(10) unsigned NOT NULL AUTO_INCREMENT,
  `contact_name` varchar(255) DEFAULT NULL,
  `email` varchar(255) DEFAULT NULL,
  `type` varchar(255) DEFAULT NULL,
  `detail` text,
  `amount` double DEFAULT NULL,
  `time` datetime DEFAULT NULL,
  `invoice_id` varchar(10) DEFAULT NULL,
  PRIMARY KEY (`payment_id`)
) ENGINE=MyISAM DEFAULT CHARSET=latin1;

--
-- Dumping data for table `idx_payment_history`
--


--
-- Table structure for table `idx_plugin`
--

CREATE TABLE `idx_plugin` (
  `plugin_id` int(11) NOT NULL AUTO_INCREMENT,
  `name` varchar(255) DEFAULT NULL,
  `plugin_file` varchar(255) DEFAULT NULL,
  `status` enum('0','1') DEFAULT NULL,
  `option_plugin` text,
  PRIMARY KEY (`plugin_id`)
) ENGINE=MyISAM DEFAULT CHARSET=latin1;

--
-- Dumping data for table `idx_plugin`
--


--
-- Table structure for table `idx_review`
--

CREATE TABLE `idx_review` (
  `review_id` mediumint(9) unsigned NOT NULL AUTO_INCREMENT,
  `link_id` mediumint(9) unsigned NOT NULL DEFAULT '0',
  `review` text NOT NULL,
  `rating` tinyint(3) unsigned NOT NULL DEFAULT '0',
  `date` date NOT NULL DEFAULT '0000-00-00',
  `subject` varchar(100) DEFAULT NULL,
  `status` char(1) DEFAULT NULL,
  `username` varchar(20) DEFAULT NULL,
  `name` varchar(20) DEFAULT NULL,
  `email` varchar(100) DEFAULT NULL,
  PRIMARY KEY (`review_id`)
) ENGINE=MyISAM DEFAULT CHARSET=latin1;

--
-- Dumping data for table `idx_review`
--


--
-- Table structure for table `idx_searchlog`
--

CREATE TABLE `idx_searchlog` (
  `keyword` varchar(100) NOT NULL DEFAULT '',
  `time` datetime NOT NULL DEFAULT '0000-00-00 00:00:00',
  `result` mediumint(9) unsigned DEFAULT NULL,
  `ip` varchar(100) DEFAULT NULL
) ENGINE=MyISAM DEFAULT CHARSET=latin1;

--
-- Dumping data for table `idx_searchlog`
--


--
-- Table structure for table `idx_set_hook_place`
--

CREATE TABLE `idx_set_hook_place` (
  `set_hook_place_id` int(11) NOT NULL AUTO_INCREMENT,
  `plugin` varchar(255) DEFAULT NULL,
  `set_hook_place` text,
  PRIMARY KEY (`set_hook_place_id`)
) ENGINE=MyISAM DEFAULT CHARSET=latin1;

--
-- Dumping data for table `idx_set_hook_place`
--


--
-- Table structure for table `idx_setting`
--

CREATE TABLE `idx_setting` (
  `setting_id` int(11) NOT NULL AUTO_INCREMENT,
  `setting_name` varchar(255) DEFAULT NULL,
  `setting_value` text,
  PRIMARY KEY (`setting_id`)
) ENGINE=MyISAM AUTO_INCREMENT=55 DEFAULT CHARSET=latin1;

--
-- Dumping data for table `idx_setting`
--

INSERT INTO `idx_setting` VALUES (4,'site_name','collectweb.co'),(5,'site_url','http://collectweb.co'),(6,'email_address','brenda.wrage@gmail.com'),(7,'language_code','en_US'),(8,'theme_path','/home/collectw/public_html/themes/'),(9,'admin_template_path','/home/collectw/public_html/admin_tpl/'),(10,'plugin_path','/home/collectw/public_html/plugin/'),(12,'active_theme','_collectweb'),(14,'spam_proof','1'),(15,'enable_user_validation','1'),(16,'allowed_file_extension','gif,jpg,png,pdf,zip,doc'),(17,'yahoo_appid',''),(18,'whosonline','600'),(19,'reciprocal_check','0'),(20,'urlcheck_limit','1'),(21,'pagerank_cache','30'),(22,'max_image_width','1024'),(23,'max_image_height','756'),(24,'max_file_size','500'),(25,'only_registered_can_add_link','0'),(26,'only_registered_can_add_review','0'),(27,'db_use_persistent','0'),(28,'paid_link_day_period','30,60,90,180'),(29,'paid_link_price_factor','1,1.5,2,3'),(30,'enable_html_tag','1'),(31,'allowed_html_tag','<b>,<strong>,<i>,<em>,<u>,<pre>,<blockquote>,<ol>,<ul>,<li>,<p>,<span>,<div>,<table>,<tr>,<td>'),(32,'enable_page_compression','0'),(33,'enable_category_ajax','1'),(34,'require_visit_category','0'),(35,'additional_category_price','0.5'),(36,'enable_rating_ajax','1'),(37,'service_nicecoder_avail','1'),(38,'enable_recaptcha','0'),(39,'recaptcha_publickey',''),(40,'recaptcha_privatekey',''),(41,'enable_bidding','0'),(42,'minimum_bid','5'),(43,'bid_increament','1'),(44,'charset','utf-8'),(45,'mailer','mail'),(46,'smtp_auth','0'),(47,'smtp_host',''),(48,'smtp_username',''),(49,'smtp_password',''),(50,'smtp_port','25'),(51,'emailbody_as_html','0'),(52,'indexu_version','2.4'),(53,'tos',''),(54,'submission_guidelines','');

--
-- Table structure for table `idx_tags`
--

CREATE TABLE `idx_tags` (
  `tag` varchar(64) NOT NULL DEFAULT '',
  `category_id` mediumint(8) unsigned NOT NULL DEFAULT '0',
  `total` int(11) NOT NULL DEFAULT '0',
  `tag_path` varchar(64) NOT NULL,
  PRIMARY KEY (`tag`,`category_id`)
) ENGINE=MyISAM DEFAULT CHARSET=latin1;

--
-- Dumping data for table `idx_tags`
--


--
-- Table structure for table `idx_unavailable`
--

CREATE TABLE `idx_unavailable` (
  `idx_unavailable` int(11) NOT NULL AUTO_INCREMENT,
  `link_id` int(11) DEFAULT NULL,
  `url` varchar(255) DEFAULT NULL,
  `who_is` varchar(255) DEFAULT NULL,
  `note` text,
  `date` datetime DEFAULT NULL,
  PRIMARY KEY (`idx_unavailable`)
) ENGINE=MyISAM DEFAULT CHARSET=latin1;

--
-- Dumping data for table `idx_unavailable`
--


--
-- Table structure for table `idx_unavailable_latest`
--

CREATE TABLE `idx_unavailable_latest` (
  `idx_link` int(11) DEFAULT NULL,
  `record_execution` int(11) DEFAULT NULL
) ENGINE=MyISAM DEFAULT CHARSET=latin1;

--
-- Dumping data for table `idx_unavailable_latest`
--


--
-- Table structure for table `idx_votes`
--

CREATE TABLE `idx_votes` (
  `link_id` mediumint(9) NOT NULL DEFAULT '0',
  `ip` varchar(100) DEFAULT NULL,
  `value` tinyint(4) DEFAULT NULL
) ENGINE=MyISAM DEFAULT CHARSET=latin1;

--
-- Dumping data for table `idx_votes`
--



