--
-- Host: coolweblinks.org    Database: coolwebl_indexu
-- ------------------------------------------------------


--
-- Table structure for table `directory_save_data`
--

CREATE TABLE `directory_save_data` (
  `id` bigint(100) NOT NULL AUTO_INCREMENT,
  `schedule_id` bigint(100) NOT NULL,
  `project_id` bigint(100) NOT NULL,
  `link_id` bigint(100) NOT NULL,
  `confirm_link` text NOT NULL,
  `category_id` int(10) NOT NULL,
  `category_name` varchar(150) NOT NULL,
  PRIMARY KEY (`id`)
) ENGINE=InnoDB DEFAULT CHARSET=latin1;

--
-- Dumping data for table `directory_save_data`
--


--
-- Table structure for table `idx_admin_menu`
--

CREATE TABLE `idx_admin_menu` (
  `menu_id` int(11) NOT NULL AUTO_INCREMENT,
  `parent_id` int(11) DEFAULT NULL,
  `menu_title` varchar(255) DEFAULT NULL,
  `menu_url` varchar(255) DEFAULT NULL,
  `order_number` int(11) DEFAULT NULL,
  PRIMARY KEY (`menu_id`)
) ENGINE=MyISAM AUTO_INCREMENT=85 DEFAULT CHARSET=latin1;

--
-- Dumping data for table `idx_admin_menu`
--



--
-- Table structure for table `idx_bad_link`
--

CREATE TABLE `idx_bad_link` (
  `bad_link_id` mediumint(9) unsigned NOT NULL AUTO_INCREMENT,
  `link_id` mediumint(9) unsigned NOT NULL DEFAULT '0',
  `name` varchar(50) NOT NULL DEFAULT '',
  `email` varchar(50) NOT NULL DEFAULT '',
  `type` tinyint(3) unsigned NOT NULL DEFAULT '0',
  `date` date NOT NULL DEFAULT '0000-00-00',
  PRIMARY KEY (`bad_link_id`)
) ENGINE=MyISAM DEFAULT CHARSET=latin1;

--
-- Dumping data for table `idx_bad_link`
--


--
-- Table structure for table `idx_badwords`
--

CREATE TABLE `idx_badwords` (
  `word` varchar(100) NOT NULL DEFAULT ''
) ENGINE=MyISAM DEFAULT CHARSET=latin1;

--
-- Dumping data for table `idx_badwords`
--


--
-- Table structure for table `idx_blocked_domain`
--

CREATE TABLE `idx_blocked_domain` (
  `blocked_id` int(11) NOT NULL AUTO_INCREMENT,
  `blocked` varchar(255) DEFAULT NULL,
  `type` enum('domain','ip') DEFAULT NULL,
  PRIMARY KEY (`blocked_id`)
) ENGINE=MyISAM AUTO_INCREMENT=6 DEFAULT CHARSET=latin1;

--
-- Dumping data for table `idx_blocked_domain`
--

INSERT INTO `idx_blocked_domain` VALUES (1,'buydomains.com','domain'),(2,'this-domain-for-sale.com ','domain'),(3,'oversee.net','domain'),(4,'eNom','domain'),(5,'sedoparking.com','domain');

--
-- Table structure for table `idx_category`
--

CREATE TABLE `idx_category` (
  `category_id` mediumint(9) unsigned NOT NULL AUTO_INCREMENT,
  `parent_id` mediumint(9) unsigned NOT NULL DEFAULT '0',
  `name` varchar(100) NOT NULL DEFAULT '',
  `description` text NOT NULL,
  `image` varchar(100) DEFAULT NULL,
  `content` text,
  `visible` char(1) DEFAULT NULL,
  `links` mediumint(9) DEFAULT NULL,
  `meta_keyword` text,
  `meta_description` text,
  `permission` char(2) DEFAULT NULL,
  `registered_only` char(1) DEFAULT NULL,
  `header` text NOT NULL,
  `footer` text NOT NULL,
  `related` mediumint(6) NOT NULL DEFAULT '0',
  `page_title` varchar(200) NOT NULL DEFAULT '',
  `hits` int(11) NOT NULL DEFAULT '0',
  `order_num` smallint(6) NOT NULL DEFAULT '0',
  `basic_price` double unsigned NOT NULL DEFAULT '0',
  `premium_price` double unsigned NOT NULL DEFAULT '0',
  `sponsored_price` double unsigned NOT NULL DEFAULT '0',
  PRIMARY KEY (`category_id`)
) ENGINE=MyISAM AUTO_INCREMENT=36 DEFAULT CHARSET=latin1;

--
-- Dumping data for table `idx_category`
--

INSERT INTO `idx_category` VALUES (1,0,'Arts','','folder.gif','','1',24,'','','0','0','','',0,'',0,0,0,0,0),(2,0,'Automotive Services','','folder.gif','','1',49,'','','0','0','','',0,'',0,0,0,0,0),(3,0,'Business Services','','folder.gif','','1',177,'','','0','0','','',0,'',0,0,0,0,0),(4,0,'Jobs & Careers','','folder.gif','','1',2,'','','0','0','','',0,'',0,0,0,0,0),(5,0,'Clothing & Style','','folder.gif','','1',13,'','','0','0','','',0,'',0,0,0,0,0),(6,0,'Communication & Technology','','folder.gif','','1',30,'','','0','0','','',0,'',0,0,0,0,0),(7,0,'Internet & computer Services','','folder.gif','','1',36,'','','0','0','','',0,'',0,0,0,0,0),(8,0,'Construction and Contractors','','folder.gif','','1',91,'','','0','0','','',0,'',0,0,0,0,0),(9,0,'Dental Care','','folder.gif','','1',70,'','','0','0','','',0,'',0,0,0,0,0),(10,0,'Education & Research','','folder.gif','','1',31,'','','0','0','','',0,'',0,0,0,0,0),(11,0,'Employment Services','','folder.gif','','1',0,'','','0','0','','',0,'',0,0,0,0,0),(12,0,'Gift Baskets','','folder.gif','','1',23,'','','0','0','','',0,'',0,0,0,0,0),(13,0,'Hardware & Software Services','','folder.gif','','1',13,'','','0','0','','',0,'',0,0,0,0,0),(14,0,'Health & Medical','','folder.gif','','1',63,'','','0','0','','',0,'',0,0,0,0,0),(15,0,'Healthcare Related','','folder.gif','','1',158,'','','0','0','','',0,'',0,0,0,0,0),(16,0,'Air Conditioning & Heating','','folder.gif','','1',84,'','','0','0','','',0,'',0,0,0,0,0),(17,0,'Home Decor & Garden','','folder.gif','','1',245,'','','0','0','','',0,'',0,0,0,0,0),(18,0,'Home Improvement Services','','folder.gif','','1',93,'','','0','0','','',0,'',0,0,0,0,0),(19,0,'Hotels & Resorts','','folder.gif','','1',64,'','','0','0','','',0,'',1,0,0,0,0),(20,0,'Insurance Services','','folder.gif','','1',31,'','','0','0','','',0,'',0,0,0,0,0),(21,0,'Law Services','','folder.gif','','1',3,'','','0','0','','',0,'',0,0,0,0,0),(22,0,'Lawyers and Law Firms','','folder.gif','','1',212,'','','0','0','','',0,'',0,0,0,0,0),(23,0,'Lifestyle & People','','folder.gif','','1',7,'','','0','0','','',0,'',0,0,0,0,0),(24,0,'Medicine  Facilities','','folder.gif','','1',13,'','','0','0','','',0,'',0,0,0,0,0),(25,0,'Financial Services','','folder.gif','','1',22,'','','0','0','','',0,'',0,0,0,0,0),(26,0,'News','','folder.gif','','1',2,'','','0','0','','',0,'',0,0,0,0,0),(27,0,'Plumbing & Plumbers','','folder.gif','','1',45,'','','0','0','','',0,'',0,0,0,0,0),(28,0,'Real Estate Services','','folder.gif','','1',43,'','','0','0','','',0,'',0,0,0,0,0),(29,0,'Environment & Technology','','folder.gif','','1',7,'','','0','0','','',0,'',0,0,0,0,0),(30,0,'SEO & SMO Marketing','','folder.gif','','1',25,'','','0','0','','',0,'',0,0,0,0,0),(31,0,'Online Shopping','','folder.gif','','1',82,'','','0','0','','',0,'',0,0,0,0,0),(32,0,'Sports','','folder.gif','','1',10,'','','0','0','','',0,'',0,0,0,0,0),(33,0,'Transportation and Logistics Services','','folder.gif','','1',57,'','','0','0','','',0,'',0,0,0,0,0),(34,0,'Tours & Travel','','folder.gif','','1',28,'','','0','0','','',0,'',0,0,0,0,0),(35,0,'Wedding & Jewellery','','folder.gif','','1',12,'','','0','0','','',0,'',0,0,0,0,0);

--
-- Table structure for table `idx_category_path`
--

CREATE TABLE `idx_category_path` (
  `category_id` mediumint(9) NOT NULL DEFAULT '0',
  `path` text,
  `path_with_url` text,
  `parents` text,
  PRIMARY KEY (`category_id`)
) ENGINE=MyISAM DEFAULT CHARSET=latin1;

--
-- Dumping data for table `idx_category_path`
--

INSERT INTO `idx_category_path` VALUES (1,'Arts','<a href=\"http://coolweblinks.org/arts/\" name=\"cat_1\" style=\"\">Arts</a>',';0;'),(2,'Automotive Services','<a href=\"http://coolweblinks.org/automotive-services/\" name=\"cat_2\" style=\"\">Automotive Services</a>',';0;'),(3,'Business Services','<a href=\"http://coolweblinks.org/business-services/\" name=\"cat_3\" style=\"\">Business Services</a>',';0;'),(4,'Jobs & Careers','<a href=\"http://coolweblinks.org/jobs-careers/\" name=\"cat_4\" style=\"\">Jobs & Careers</a>',';0;'),(5,'Clothing & Style','<a href=\"http://coolweblinks.org/clothing-style/\" name=\"cat_5\" style=\"\">Clothing & Style</a>',';0;'),(6,'Communication & Technology','<a href=\"http://coolweblinks.org/communication-technology/\" name=\"cat_6\" style=\"\">Communication & Technology</a>',';0;'),(7,'Internet & computer Services','<a href=\"http://coolweblinks.org/internet-computer-services/\" name=\"cat_7\" style=\"\">Internet & computer Services</a>',';0;'),(8,'Construction and Contractors','<a href=\"http://coolweblinks.org/construction-and-contractors/\" name=\"cat_8\" style=\"\">Construction and Contractors</a>',';0;'),(9,'Dental Care','<a href=\"http://coolweblinks.org/dental-care/\" name=\"cat_9\" style=\"\">Dental Care</a>',';0;'),(10,'Education & Research','<a href=\"http://coolweblinks.org/education-research/\" name=\"cat_10\" style=\"\">Education & Research</a>',';0;'),(11,'Employment Services','<a href=\"http://coolweblinks.org/employment-services/\" name=\"cat_11\" style=\"\">Employment Services</a>',';0;'),(12,'Gift Baskets','<a href=\"http://coolweblinks.org/gift-baskets/\" name=\"cat_12\" style=\"\">Gift Baskets</a>',';0;'),(13,'Hardware & Software Services','<a href=\"http://coolweblinks.org/hardware-software-services/\" name=\"cat_13\" style=\"\">Hardware & Software Services</a>',';0;'),(14,'Health & Medical','<a href=\"http://coolweblinks.org/health-medical/\" name=\"cat_14\" style=\"\">Health & Medical</a>',';0;'),(15,'Healthcare Related','<a href=\"http://coolweblinks.org/healthcare-related/\" name=\"cat_15\" style=\"\">Healthcare Related</a>',';0;'),(16,'Air Conditioning & Heating','<a href=\"http://coolweblinks.org/air-conditioning-heating/\" name=\"cat_16\" style=\"\">Air Conditioning & Heating</a>',';0;'),(17,'Home Decor & Garden','<a href=\"http://coolweblinks.org/home-decor-garden/\" name=\"cat_17\" style=\"\">Home Decor & Garden</a>',';0;'),(18,'Home Improvement Services','<a href=\"http://coolweblinks.org/home-improvement-services/\" name=\"cat_18\" style=\"\">Home Improvement Services</a>',';0;'),(19,'Hotels & Resorts','<a href=\"http://coolweblinks.org/hotels-resorts/\" name=\"cat_19\" style=\"\">Hotels & Resorts</a>',';0;'),(20,'Insurance Services','<a href=\"http://coolweblinks.org/insurance-services/\" name=\"cat_20\" style=\"\">Insurance Services</a>',';0;'),(21,'Law Services','<a href=\"http://coolweblinks.org/law-services/\" name=\"cat_21\" style=\"\">Law Services</a>',';0;'),(22,'Lawyers and Law Firms','<a href=\"http://coolweblinks.org/lawyers-and-law-firms/\" name=\"cat_22\" style=\"\">Lawyers and Law Firms</a>',';0;'),(23,'Lifestyle & People','<a href=\"http://coolweblinks.org/lifestyle-people/\" name=\"cat_23\" style=\"\">Lifestyle & People</a>',';0;'),(24,'Medicine  Facilities','<a href=\"http://coolweblinks.org/medicine-facilities/\" name=\"cat_24\" style=\"\">Medicine  Facilities</a>',';0;'),(25,'Financial Services','<a href=\"http://coolweblinks.org/financial-services/\" name=\"cat_25\" style=\"\">Financial Services</a>',';0;'),(26,'News','<a href=\"http://coolweblinks.org/news/\" name=\"cat_26\" style=\"\">News</a>',';0;'),(27,'Plumbing & Plumbers','<a href=\"http://coolweblinks.org/plumbing-plumbers/\" name=\"cat_27\" style=\"\">Plumbing & Plumbers</a>',';0;'),(28,'Real Estate Services','<a href=\"http://coolweblinks.org/real-estate-services/\" name=\"cat_28\" style=\"\">Real Estate Services</a>',';0;'),(29,'Environment & Technology','<a href=\"http://coolweblinks.org/environment-technology/\" name=\"cat_29\" style=\"\">Environment & Technology</a>',';0;'),(30,'SEO & SMO Marketing','<a href=\"http://coolweblinks.org/seo-smo-marketing/\" name=\"cat_30\" style=\"\">SEO & SMO Marketing</a>',';0;'),(31,'Online Shopping','<a href=\"http://coolweblinks.org/online-shopping/\" name=\"cat_31\" style=\"\">Online Shopping</a>',';0;'),(32,'Sports','<a href=\"http://coolweblinks.org/sports/\" name=\"cat_32\" style=\"\">Sports</a>',';0;'),(33,'Transportation and Logistics Services','<a href=\"http://coolweblinks.org/transportation-and-logistics-services/\" name=\"cat_33\" style=\"\">Transportation and Logistics Services</a>',';0;'),(34,'Tours & Travel','<a href=\"http://coolweblinks.org/tours-travel/\" name=\"cat_34\" style=\"\">Tours & Travel</a>',';0;'),(35,'Wedding & Jewellery','<a href=\"http://coolweblinks.org/wedding-jewellery/\" name=\"cat_35\" style=\"\">Wedding & Jewellery</a>',';0;');

--
-- Table structure for table `idx_category_suggession`
--

CREATE TABLE `idx_category_suggession` (
  `id_cat_suggession` int(11) NOT NULL AUTO_INCREMENT,
  `parent_id` int(11) DEFAULT NULL,
  `name` varchar(255) DEFAULT NULL,
  `category_description` text,
  `date` datetime DEFAULT NULL,
  PRIMARY KEY (`id_cat_suggession`)
) ENGINE=MyISAM AUTO_INCREMENT=4 DEFAULT CHARSET=latin1;

--
-- Dumping data for table `idx_category_suggession`
--

INSERT INTO `idx_category_suggession` VALUES (1,12,'Dolly','Hats off to weovher wrote this up and posted it.','2012-01-11 17:51:51'),(2,15,'Sleep Apnea','Los Angeles Sleep Apnea','2012-01-19 20:30:32'),(3,3,'Accordion shutters','South Florida based company offers Hurricane Shutters, Accordion Shutters, Storm Shutters and Hurricane Proof Windows. Our Hurricane Shutters are approved by the Florida Building Code.','2012-01-25 00:53:30');

--
-- Table structure for table `idx_checkurl`
--

CREATE TABLE `idx_checkurl` (
  `link_id` mediumint(9) NOT NULL DEFAULT '0',
  `date` date NOT NULL DEFAULT '0000-00-00',
  `live` char(1) NOT NULL DEFAULT '',
  `reciprocal_found` char(1) NOT NULL DEFAULT '',
  PRIMARY KEY (`link_id`)
) ENGINE=MyISAM DEFAULT CHARSET=latin1;

--
-- Dumping data for table `idx_checkurl`
--


--
-- Table structure for table `idx_cronjobs`
--

CREATE TABLE `idx_cronjobs` (
  `cronjobs_id` int(11) NOT NULL AUTO_INCREMENT,
  `cronjobs_name` varchar(255) DEFAULT NULL,
  `filename` varchar(255) NOT NULL,
  `schedule` varchar(255) NOT NULL,
  `time` datetime NOT NULL,
  `execution` varchar(1) NOT NULL,
  PRIMARY KEY (`cronjobs_id`)
) ENGINE=MyISAM AUTO_INCREMENT=4 DEFAULT CHARSET=latin1;

--
-- Dumping data for table `idx_cronjobs`
--

INSERT INTO `idx_cronjobs` VALUES (1,NULL,'clear_templates_c.php','1,*,*,*,*','0000-00-00 00:00:00',''),(2,NULL,'update_tag_cloud.php','*,24,*,*,*','0000-00-00 00:00:00',''),(3,NULL,'clear_rss_cache.php','*,24,*,*,*','0000-00-00 00:00:00','');

--
-- Table structure for table `idx_custom_field`
--

CREATE TABLE `idx_custom_field` (
  `field_name` varchar(32) NOT NULL DEFAULT '',
  `field_text` varchar(64) NOT NULL DEFAULT '',
  `field_type` enum('TEXT','TEXTAREA','SELECT','MULTISELECT','CHECKBOX','RADIO','FILE','IMAGE','DATE','DATETIME','RICHEDITOR') NOT NULL DEFAULT 'TEXT',
  `field_option` text NOT NULL,
  `field_img_width` int(10) unsigned NOT NULL DEFAULT '0',
  `field_img_height` int(10) unsigned NOT NULL DEFAULT '0',
  `field_file_size` int(10) unsigned NOT NULL DEFAULT '0',
  `field_file_extension` varchar(64) NOT NULL DEFAULT '',
  `required` char(1) NOT NULL DEFAULT '0',
  `searchable` char(1) NOT NULL DEFAULT '1',
  `permission` char(1) NOT NULL DEFAULT '0'
) ENGINE=MyISAM DEFAULT CHARSET=latin1;

--
-- Dumping data for table `idx_custom_field`
--

INSERT INTO `idx_custom_field` VALUES ('image','Image','IMAGE','',0,0,0,'','0','0','2'),('address','Address','TEXT','',0,0,0,'','0','0','0'),('city','City','TEXT','',0,0,0,'','0','0','0'),('state','State','TEXT','',0,0,0,'','0','0','0'),('country','Country','TEXT','',0,0,0,'','0','0','0'),('zip','Zip','TEXT','',0,0,0,'','0','0','0'),('phone','Phone','TEXT','',0,0,0,'','0','0','0'),('fax','Fax','TEXT','',0,0,0,'','0','0','0');

--
-- Table structure for table `idx_default_field`
--

CREATE TABLE `idx_default_field` (
  `field_name` varchar(64) NOT NULL,
  `required` char(1) NOT NULL,
  `visible` char(1) NOT NULL DEFAULT '1',
  `searchable` char(1) NOT NULL DEFAULT '1'
) ENGINE=MyISAM DEFAULT CHARSET=latin1;

--
-- Dumping data for table `idx_default_field`
--

INSERT INTO `idx_default_field` VALUES ('title','1','1','1'),('url','1','1','1'),('description','1','1','1'),('keywords','1','1','0'),('contact_name','1','1','1'),('email','1','1','1'),('reciprocal_url','0','0','1');

--
-- Table structure for table `idx_discount_coupon`
--

CREATE TABLE `idx_discount_coupon` (
  `coupon_id` int(11) NOT NULL AUTO_INCREMENT,
  `coupon_code` varchar(255) DEFAULT NULL,
  `coupon_value` varchar(50) DEFAULT NULL,
  `link_type` varchar(255) DEFAULT NULL,
  `start_date` date DEFAULT NULL,
  `expired_date` date DEFAULT NULL,
  `expired_usage` int(11) DEFAULT NULL,
  `usage_count` int(11) DEFAULT NULL,
  PRIMARY KEY (`coupon_id`)
) ENGINE=MyISAM DEFAULT CHARSET=latin1;

--
-- Dumping data for table `idx_discount_coupon`
--


--
-- Table structure for table `idx_editor`
--

CREATE TABLE `idx_editor` (
  `username` varchar(20) DEFAULT NULL,
  `category_id` mediumint(9) DEFAULT NULL,
  `category` char(1) DEFAULT NULL,
  `link` char(1) DEFAULT NULL,
  `review` char(1) DEFAULT NULL,
  `pick` char(1) DEFAULT NULL,
  `status` char(1) DEFAULT NULL,
  `date` date DEFAULT NULL
) ENGINE=MyISAM DEFAULT CHARSET=latin1;

--
-- Dumping data for table `idx_editor`
--


--
-- Table structure for table `idx_email_template`
--

CREATE TABLE `idx_email_template` (
  `email_template_id` int(10) unsigned NOT NULL AUTO_INCREMENT,
  `name` varchar(255) DEFAULT NULL,
  `subject` varchar(255) DEFAULT NULL,
  `body` text,
  `altbody` text,
  PRIMARY KEY (`email_template_id`)
) ENGINE=MyISAM AUTO_INCREMENT=37 DEFAULT CHARSET=latin1;

--
-- Dumping data for table `idx_email_template`
--



--
-- Table structure for table `idx_favorites`
--

CREATE TABLE `idx_favorites` (
  `favorite_id` int(11) NOT NULL AUTO_INCREMENT,
  `username` varchar(20) DEFAULT NULL,
  `date` date DEFAULT NULL,
  `title` varchar(100) DEFAULT NULL,
  `description` text,
  PRIMARY KEY (`favorite_id`)
) ENGINE=MyISAM AUTO_INCREMENT=7 DEFAULT CHARSET=latin1;

--
-- Dumping data for table `idx_favorites`
--

INSERT INTO `idx_favorites` VALUES (1,'revolutionarycleanin','2011-09-12','My Favorites',NULL),(2,'robinalex87','2011-10-21','My Favorites',NULL),(3,'psdtoxhtmldesign','2011-10-21','My Favorites',NULL),(4,'hatdump','2011-10-31','My Favorites',NULL),(5,'yonge1','2011-11-15','My Favorites',NULL),(6,'adaptive84','2011-12-07','My Favorites',NULL);

--
-- Table structure for table `idx_favorites_detail`
--

CREATE TABLE `idx_favorites_detail` (
  `favorite_id` int(11) DEFAULT NULL,
  `link_id` mediumint(9) DEFAULT NULL
) ENGINE=MyISAM DEFAULT CHARSET=latin1;

--
-- Dumping data for table `idx_favorites_detail`
--


--
-- Table structure for table `idx_hook_place`
--

CREATE TABLE `idx_hook_place` (
  `hook_place_id` int(11) NOT NULL AUTO_INCREMENT,
  `filename` varchar(255) DEFAULT NULL,
  `hookname` varchar(255) DEFAULT NULL,
  PRIMARY KEY (`hook_place_id`)
) ENGINE=MyISAM DEFAULT CHARSET=latin1;

--
-- Dumping data for table `idx_hook_place`
--


--
-- Table structure for table `idx_invoice`
--

CREATE TABLE `idx_invoice` (
  `invoice_id` varchar(10) NOT NULL DEFAULT '',
  `invoice_date` date DEFAULT NULL,
  `due_date` date DEFAULT NULL,
  `invoiced_to` text,
  `service` varchar(255) DEFAULT NULL,
  `description` text,
  `total` double(8,2) DEFAULT NULL,
  `comment` text,
  `paid` char(1) DEFAULT NULL,
  `paid_date` date DEFAULT NULL,
  `email` varchar(255) DEFAULT NULL,
  PRIMARY KEY (`invoice_id`)
) ENGINE=MyISAM DEFAULT CHARSET=latin1;

--
-- Dumping data for table `idx_invoice`
--


--
-- Table structure for table `idx_invoice_config`
--

CREATE TABLE `idx_invoice_config` (
  `company` varchar(255) DEFAULT NULL,
  `contact` varchar(255) DEFAULT NULL,
  `address` text,
  `phone` varchar(255) DEFAULT NULL,
  `email` varchar(255) DEFAULT NULL,
  `currency_symbol` varchar(255) DEFAULT '$',
  `currency_code` varchar(255) DEFAULT 'USD'
) ENGINE=MyISAM DEFAULT CHARSET=latin1;

--
-- Dumping data for table `idx_invoice_config`
--

INSERT INTO `idx_invoice_config` VALUES ('Your website / Company','Billing Department','Your address','Your phone #','Billing<name@yourdomain.com>','$','USD');

--
-- Table structure for table `idx_link_temp`
--

CREATE TABLE `idx_link_temp` (
  `vid` mediumint(9) unsigned NOT NULL AUTO_INCREMENT,
  `spam` char(1) NOT NULL DEFAULT '0',
  `link_id` mediumint(9) DEFAULT NULL,
  `category_id` mediumint(9) unsigned NOT NULL DEFAULT '0',
  `title` varchar(100) NOT NULL DEFAULT '',
  `url` text NOT NULL,
  `description` text NOT NULL,
  `contact_name` varchar(100) NOT NULL DEFAULT '',
  `email` varchar(100) NOT NULL DEFAULT '',
  `hits` mediumint(9) DEFAULT NULL,
  `votes` smallint(6) DEFAULT NULL,
  `rating` float(4,2) DEFAULT NULL,
  `date` datetime NOT NULL DEFAULT '0000-00-00 00:00:00',
  `bid` smallint(6) NOT NULL DEFAULT '0',
  `new` char(1) DEFAULT NULL,
  `hot` char(1) DEFAULT NULL,
  `top_rated` char(1) DEFAULT NULL,
  `pick` char(1) DEFAULT NULL,
  `password` varchar(20) DEFAULT NULL,
  `updated` char(1) DEFAULT NULL,
  `reviews` smallint(6) DEFAULT NULL,
  `avg_review` float(4,2) DEFAULT NULL,
  `last_updated` datetime DEFAULT NULL,
  `official_review` text,
  `keywords` varchar(255) DEFAULT NULL,
  `cat1` mediumint(6) NOT NULL DEFAULT '0',
  `cat2` mediumint(6) NOT NULL DEFAULT '0',
  `suspended` char(1) NOT NULL DEFAULT '0',
  `reciprocal_url` varchar(255) DEFAULT NULL,
  `address` varchar(255) DEFAULT NULL,
  `city` varchar(255) DEFAULT NULL,
  `state` varchar(255) DEFAULT NULL,
  `country` varchar(255) DEFAULT NULL,
  `zip` varchar(255) DEFAULT NULL,
  `image` varchar(255) DEFAULT NULL,
  `phone` varchar(255) DEFAULT NULL,
  `fax` varchar(255) DEFAULT NULL,
  PRIMARY KEY (`vid`)
) ENGINE=MyISAM DEFAULT CHARSET=latin1;

--
-- Dumping data for table `idx_link_temp`
--


--
-- Table structure for table `idx_link_temp_user`
--

CREATE TABLE `idx_link_temp_user` (
  `vid` mediumint(9) unsigned NOT NULL DEFAULT '0',
  `username` varchar(20) NOT NULL DEFAULT '',
  PRIMARY KEY (`vid`)
) ENGINE=MyISAM DEFAULT CHARSET=latin1;

--
-- Dumping data for table `idx_link_temp_user`
--


--
-- Table structure for table `idx_link_user`
--

CREATE TABLE `idx_link_user` (
  `link_id` mediumint(9) unsigned NOT NULL DEFAULT '0',
  `username` varchar(20) NOT NULL DEFAULT '',
  PRIMARY KEY (`link_id`)
) ENGINE=MyISAM DEFAULT CHARSET=latin1;

--
-- Dumping data for table `idx_link_user`
--

INSERT INTO `idx_link_user` VALUES (4036,'robinalex87'),(4037,'psdtoxhtmldesign'),(7786,'hatdump'),(7788,'yonge1');

--
-- Table structure for table `idx_mailing_list`
--

CREATE TABLE `idx_mailing_list` (
  `email` varchar(50) NOT NULL DEFAULT '',
  `code` varchar(4) DEFAULT NULL,
  `status` char(1) DEFAULT NULL,
  PRIMARY KEY (`email`)
) ENGINE=MyISAM DEFAULT CHARSET=latin1;

--
-- Dumping data for table `idx_mailing_list`
--


--
-- Table structure for table `idx_message`
--

CREATE TABLE `idx_message` (
  `message_id` smallint(6) NOT NULL AUTO_INCREMENT,
  `date` date DEFAULT NULL,
  `body` text,
  `subject` varchar(100) DEFAULT NULL,
  PRIMARY KEY (`message_id`)
) ENGINE=MyISAM DEFAULT CHARSET=latin1;

--
-- Dumping data for table `idx_message`
--


--
-- Table structure for table `idx_notification`
--

CREATE TABLE `idx_notification` (
  `username` varchar(20) NOT NULL DEFAULT '',
  `category_id` mediumint(9) NOT NULL DEFAULT '0'
) ENGINE=MyISAM DEFAULT CHARSET=latin1;

--
-- Dumping data for table `idx_notification`
--


--
-- Table structure for table `idx_pagerank`
--

CREATE TABLE `idx_pagerank` (
  `link_id` mediumint(8) unsigned NOT NULL DEFAULT '0',
  `engine` char(1) NOT NULL DEFAULT '',
  `rank` tinyint(4) NOT NULL DEFAULT '0',
  `last_update` date NOT NULL DEFAULT '0000-00-00',
  PRIMARY KEY (`link_id`,`engine`)
) ENGINE=MyISAM DEFAULT CHARSET=latin1;

--
-- Dumping data for table `idx_pagerank`
--

INSERT INTO `idx_pagerank` VALUES (1,'g',2,'2011-09-29'),(2,'g',0,'2012-03-02'),(5,'g',6,'2011-10-02'),(3,'g',0,'2012-02-22'),(4,'g',0,'2012-03-03'),(6,'g',0,'2012-02-13'),(16,'g',0,'2011-10-15'),(20,'g',0,'2011-10-14'),(11,'g',0,'2011-10-03'),(38,'g',0,'2011-10-03'),(84,'g',0,'2012-03-02'),(10,'g',5,'2011-10-03'),(14,'g',2,'2011-10-03'),(9,'g',0,'2011-10-03'),(37,'g',0,'2011-10-03'),(25,'g',0,'2012-02-16'),(36,'g',2,'2011-10-03'),(28,'g',0,'2011-12-27'),(17,'g',0,'2011-10-14'),(13,'g',0,'2011-10-03'),(26,'g',2,'2011-10-03'),(35,'g',2,'2011-10-03'),(21,'g',0,'2011-10-14'),(19,'g',0,'2012-02-13'),(31,'g',0,'2011-12-29'),(22,'g',0,'2012-02-13'),(30,'g',0,'2012-02-27'),(62,'g',0,'2012-02-13'),(18,'g',4,'2011-10-03'),(7,'g',1,'2011-10-02'),(61,'g',0,'2011-12-29'),(15,'g',2,'2011-09-02'),(23,'g',0,'2012-02-13'),(27,'g',0,'2011-12-29'),(29,'g',0,'2012-02-19'),(32,'g',0,'2012-02-19'),(34,'g',0,'2011-12-29'),(24,'g',0,'2012-02-13'),(33,'g',0,'2012-02-19'),(8,'g',1,'2011-09-03'),(125,'g',2,'2011-09-03'),(119,'g',0,'2011-10-15'),(96,'g',0,'2011-09-03'),(90,'g',0,'2011-10-15'),(113,'g',2,'2011-09-03'),(100,'g',0,'2012-01-02'),(131,'g',2,'2011-09-03'),(58,'g',0,'2012-01-19'),(106,'g',0,'2011-10-15'),(130,'g',3,'2011-10-03'),(112,'g',3,'2011-10-03'),(105,'g',0,'2011-10-03'),(95,'g',3,'2011-10-03'),(89,'g',3,'2011-10-03'),(118,'g',3,'2011-10-03'),(124,'g',3,'2011-10-03'),(104,'g',0,'2011-10-15'),(85,'g',0,'2012-02-16'),(88,'g',0,'2011-10-16'),(12,'g',0,'2011-09-03'),(97,'g',0,'2011-12-21'),(98,'g',0,'2011-12-21'),(54,'g',0,'2011-09-03'),(73,'g',0,'2011-10-15'),(75,'g',2,'2011-09-04'),(76,'g',0,'2011-10-15'),(94,'g',0,'2011-09-04'),(99,'g',0,'2011-10-15'),(91,'g',0,'2012-02-08'),(77,'g',0,'2011-09-04'),(74,'g',0,'2011-10-15'),(367,'g',0,'2012-02-11'),(372,'g',0,'2012-02-22'),(369,'g',0,'2012-02-24'),(381,'g',0,'2012-03-01'),(453,'g',0,'2012-01-17'),(371,'g',0,'2011-12-30'),(452,'g',0,'2011-12-29'),(457,'g',0,'2012-02-19'),(390,'g',0,'2011-12-09'),(456,'g',0,'2011-10-15'),(454,'g',0,'2012-02-22'),(396,'g',2,'2011-09-07'),(525,'g',2,'2011-09-07'),(414,'g',0,'2011-10-16'),(442,'g',1,'2011-09-07'),(537,'g',2,'2011-09-07'),(202,'g',0,'2011-10-16'),(436,'g',0,'2011-10-15'),(424,'g',0,'2011-09-07'),(317,'g',2,'2011-09-07'),(227,'g',0,'2011-10-15'),(455,'g',0,'2012-02-24'),(463,'g',0,'2011-09-07'),(477,'g',2,'2011-09-07'),(473,'g',1,'2011-09-07'),(285,'g',1,'2011-09-07'),(313,'g',2,'2011-09-07'),(389,'g',0,'2011-10-16'),(393,'g',0,'2011-10-15'),(282,'g',0,'2011-10-15'),(286,'g',0,'2011-10-15'),(357,'g',0,'2011-10-15'),(276,'g',2,'2011-09-07'),(303,'g',1,'2011-09-07'),(394,'g',0,'2011-10-15'),(335,'g',2,'2011-09-07'),(255,'g',1,'2011-09-07'),(243,'g',0,'2011-09-07'),(215,'g',2,'2011-09-07'),(401,'g',0,'2011-10-15'),(385,'g',3,'2011-09-07'),(244,'g',3,'2011-09-07'),(301,'g',2,'2011-09-07'),(479,'g',0,'2011-09-07'),(488,'g',0,'2011-10-16'),(288,'g',2,'2011-09-07'),(247,'g',2,'2011-09-07'),(265,'g',0,'2011-09-07'),(355,'g',2,'2011-09-07'),(329,'g',2,'2011-09-07'),(249,'g',1,'2011-09-07'),(446,'g',2,'2011-09-07'),(379,'g',0,'2011-12-21'),(439,'g',0,'2011-10-15'),(464,'g',0,'2011-09-07'),(228,'g',0,'2011-09-07'),(395,'g',0,'2011-10-15'),(427,'g',2,'2011-09-07'),(489,'g',0,'2011-10-15'),(330,'g',0,'2011-10-15'),(245,'g',2,'2011-09-07'),(293,'g',0,'2011-10-15'),(451,'g',2,'2011-09-07'),(399,'g',0,'2011-09-07'),(343,'g',2,'2011-09-07'),(425,'g',3,'2011-09-07'),(475,'g',0,'2011-10-15'),(382,'g',0,'2011-10-16'),(434,'g',0,'2011-10-15'),(438,'g',2,'2011-09-07'),(251,'g',0,'2011-10-15'),(349,'g',0,'2011-10-15'),(433,'g',0,'2011-09-07'),(220,'g',3,'2011-09-07'),(240,'g',2,'2011-09-07'),(209,'g',2,'2011-09-07'),(375,'g',1,'2011-09-07'),(225,'g',1,'2011-09-07'),(241,'g',0,'2011-10-15'),(318,'g',0,'2011-10-15'),(261,'g',1,'2011-09-07'),(237,'g',0,'2011-10-16'),(411,'g',0,'2011-10-15'),(294,'g',0,'2011-09-07'),(341,'g',0,'2011-10-15'),(415,'g',0,'2011-10-15'),(279,'g',1,'2011-09-07'),(274,'g',0,'2011-09-07'),(289,'g',0,'2011-09-07'),(391,'g',0,'2011-10-15'),(413,'g',2,'2011-09-07'),(470,'g',0,'2011-09-07'),(270,'g',0,'2011-09-07'),(624,'g',0,'2011-10-12'),(610,'g',0,'2011-10-12'),(568,'g',0,'2011-10-12'),(582,'g',0,'2011-10-12'),(589,'g',0,'2011-10-12'),(596,'g',0,'2011-10-12'),(235,'g',0,'2011-10-15'),(291,'g',1,'2011-09-07'),(370,'g',0,'2011-12-21'),(280,'g',0,'2011-09-07'),(316,'g',3,'2011-09-07'),(342,'g',0,'2011-09-07'),(271,'g',0,'2011-09-07'),(252,'g',2,'2011-09-07'),(402,'g',2,'2011-09-07'),(467,'g',1,'2011-09-07'),(397,'g',2,'2011-09-07'),(483,'g',0,'2011-10-15'),(491,'g',1,'2011-09-07'),(405,'g',1,'2011-09-07'),(437,'g',3,'2011-09-07'),(507,'g',2,'2011-09-07'),(363,'g',0,'2011-09-07'),(299,'g',2,'2011-09-07'),(268,'g',3,'2011-09-07'),(305,'g',2,'2011-09-07'),(432,'g',0,'2011-09-07'),(364,'g',3,'2011-09-07'),(575,'g',0,'2011-10-12'),(214,'g',3,'2011-09-07'),(448,'g',1,'2011-09-07'),(256,'g',3,'2011-09-07'),(426,'g',2,'2011-09-07'),(617,'g',0,'2011-10-12'),(440,'g',0,'2011-09-07'),(603,'g',0,'2011-10-12'),(377,'g',2,'2011-09-07'),(307,'g',0,'2011-10-15'),(304,'g',0,'2011-10-15'),(519,'g',0,'2011-09-07'),(309,'g',1,'2011-09-07'),(487,'g',2,'2011-09-07'),(238,'g',3,'2011-09-07'),(406,'g',0,'2011-10-15'),(443,'g',3,'2011-09-07'),(388,'g',0,'2011-10-25'),(221,'g',2,'2011-09-07'),(493,'g',2,'2011-09-07'),(450,'g',2,'2011-09-07'),(476,'g',2,'2011-09-07'),(419,'g',0,'2011-09-07'),(312,'g',0,'2011-10-15'),(358,'g',3,'2011-09-07'),(339,'g',1,'2011-09-07'),(417,'g',0,'2011-10-15'),(334,'g',3,'2011-09-07'),(203,'g',2,'2011-09-07'),(321,'g',0,'2011-09-07'),(366,'g',0,'2011-10-15'),(267,'g',1,'2011-09-07'),(495,'g',0,'2011-10-16'),(292,'g',3,'2011-09-07'),(234,'g',2,'2011-09-07'),(494,'g',0,'2011-10-16'),(361,'g',2,'2011-09-07'),(327,'g',1,'2011-09-07'),(465,'g',0,'2011-09-07'),(310,'g',0,'2011-09-07'),(328,'g',3,'2011-09-07'),(384,'g',1,'2011-09-07'),(386,'g',2,'2011-09-07'),(229,'g',2,'2011-09-07'),(409,'g',0,'2011-09-07'),(259,'g',0,'2011-10-16'),(233,'g',2,'2011-09-07'),(196,'g',3,'2011-09-07'),(257,'g',0,'2011-10-15'),(340,'g',0,'2011-10-15'),(323,'g',0,'2011-09-07'),(331,'g',0,'2011-09-07'),(232,'g',0,'2011-10-16'),(283,'g',2,'2011-09-07'),(387,'g',2,'2011-09-07'),(376,'g',3,'2011-09-07'),(295,'g',2,'2011-09-07'),(319,'g',2,'2011-09-07'),(420,'g',0,'2011-10-15'),(428,'g',0,'2011-09-07'),(298,'g',3,'2011-09-07'),(360,'g',2,'2011-09-07'),(347,'g',2,'2011-09-07'),(253,'g',2,'2011-09-07'),(258,'g',2,'2011-09-07'),(348,'g',0,'2011-10-15'),(277,'g',0,'2011-10-15'),(281,'g',2,'2011-09-07'),(449,'g',3,'2011-09-07'),(365,'g',2,'2011-09-07'),(373,'g',2,'2011-09-07'),(226,'g',3,'2011-09-07'),(231,'g',0,'2011-09-07'),(269,'g',0,'2011-09-07'),(354,'g',0,'2011-10-15'),(273,'g',0,'2011-10-15'),(459,'g',2,'2011-09-07'),(336,'g',2,'2011-09-07'),(250,'g',0,'2011-10-15'),(469,'g',2,'2011-09-07'),(418,'g',0,'2011-10-15'),(217,'g',0,'2011-09-07'),(197,'g',2,'2011-09-07'),(408,'g',2,'2011-09-07'),(543,'g',2,'2011-09-07'),(501,'g',2,'2011-09-07'),(359,'g',2,'2011-09-07'),(445,'g',0,'2011-09-07'),(287,'g',2,'2011-09-07'),(325,'g',2,'2011-09-07'),(223,'g',0,'2011-09-07'),(297,'g',0,'2011-10-15'),(324,'g',2,'2011-09-07'),(315,'g',1,'2011-09-07'),(513,'g',0,'2011-10-15'),(461,'g',0,'2011-10-15'),(430,'g',1,'2011-09-07'),(208,'g',3,'2011-09-07'),(471,'g',2,'2011-09-07'),(346,'g',3,'2011-09-07'),(407,'g',2,'2011-09-07'),(262,'g',3,'2011-09-07'),(458,'g',0,'2012-01-02'),(345,'g',1,'2011-09-07'),(264,'g',0,'2011-09-07'),(337,'g',0,'2011-10-15'),(403,'g',0,'2011-10-15'),(380,'g',0,'2011-10-24'),(431,'g',3,'2011-09-07'),(531,'g',2,'2011-09-07'),(275,'g',2,'2011-09-07'),(485,'g',1,'2011-09-07'),(352,'g',3,'2011-09-07'),(311,'g',2,'2011-09-07'),(322,'g',0,'2011-10-15'),(263,'g',0,'2011-10-16'),(400,'g',0,'2011-10-15'),(482,'g',0,'2011-10-15'),(421,'g',0,'2011-12-19'),(333,'g',1,'2011-09-07'),(481,'g',2,'2011-09-07'),(422,'g',0,'2011-10-15'),(378,'g',2,'2011-09-07'),(306,'g',2,'2011-09-07'),(353,'g',2,'2011-09-07'),(412,'g',3,'2011-09-07'),(246,'g',0,'2011-09-07'),(444,'g',2,'2011-09-07'),(239,'g',2,'2011-09-07'),(555,'g',0,'2012-02-24'),(636,'g',0,'2011-10-15'),(632,'g',0,'2011-09-10'),(874,'g',0,'2012-02-23'),(641,'g',0,'2012-02-19'),(633,'g',2,'2011-09-10'),(644,'g',0,'2011-10-15'),(648,'g',0,'2011-10-15'),(966,'g',4,'2011-09-12'),(1956,'g',2,'2011-09-12'),(873,'g',0,'2011-12-29'),(1380,'g',4,'2011-09-13'),(2177,'g',3,'2011-09-14'),(1998,'g',6,'2011-09-14'),(93,'g',2,'2011-09-16'),(83,'g',2,'2011-09-16'),(81,'g',0,'2011-09-16'),(87,'g',0,'2011-09-16'),(122,'g',2,'2011-09-16'),(101,'g',0,'2012-02-25'),(116,'g',2,'2011-09-16'),(110,'g',0,'2011-09-16'),(103,'g',0,'2011-09-16'),(128,'g',2,'2011-09-16'),(1092,'g',2,'2011-09-16'),(1132,'g',2,'2011-09-16'),(1124,'g',2,'2011-09-16'),(1108,'g',2,'2011-09-16'),(1100,'g',2,'2011-09-16'),(1156,'g',2,'2011-09-16'),(1140,'g',2,'2011-09-16'),(1116,'g',2,'2011-09-16'),(1148,'g',2,'2011-09-16'),(1164,'g',2,'2011-09-16'),(1981,'g',0,'2011-09-16'),(492,'g',0,'2011-09-16'),(462,'g',3,'2011-09-16'),(474,'g',3,'2011-09-16'),(498,'g',3,'2011-09-16'),(480,'g',3,'2011-09-16'),(504,'g',3,'2011-09-16'),(486,'g',3,'2011-09-16'),(468,'g',3,'2011-09-16'),(2189,'g',2,'2011-09-17'),(2191,'g',2,'2011-09-17'),(2192,'g',2,'2011-09-18'),(1773,'g',0,'2011-09-18'),(2194,'g',2,'2011-09-18'),(2193,'g',0,'2011-09-18'),(2238,'g',0,'2012-02-12'),(2223,'g',0,'2011-10-25'),(2225,'g',0,'2011-10-25'),(1801,'g',0,'2011-09-18'),(1803,'g',3,'2011-09-18'),(2240,'g',0,'2012-02-18'),(2230,'g',0,'2011-10-24'),(2222,'g',2,'2011-09-19'),(2239,'g',0,'2011-10-31'),(1792,'g',2,'2011-09-19'),(2236,'g',0,'2011-12-28'),(2229,'g',0,'2011-12-27'),(2183,'g',2,'2011-09-20'),(2179,'g',3,'2011-09-20'),(2178,'g',3,'2011-09-20'),(2180,'g',2,'2011-09-20'),(2182,'g',2,'2011-09-20'),(2181,'g',2,'2011-09-20'),(2241,'g',0,'2012-01-26'),(2811,'g',0,'2012-02-18'),(2876,'g',0,'2011-10-30'),(2833,'g',3,'2011-09-23'),(2832,'g',0,'2011-09-23'),(2856,'g',0,'2012-01-20'),(1774,'g',2,'2011-09-24'),(2921,'g',0,'2011-11-02'),(2941,'g',0,'2011-12-27'),(2944,'g',0,'2011-12-23'),(2932,'g',0,'2011-11-03'),(2933,'g',0,'2011-11-03'),(1172,'g',2,'2011-09-25'),(1196,'g',2,'2011-09-25'),(1685,'g',0,'2011-09-25'),(1389,'g',0,'2011-09-25'),(2406,'g',2,'2011-09-25'),(2373,'g',2,'2011-09-25'),(1501,'g',2,'2011-09-25'),(2047,'g',2,'2011-09-25'),(2446,'g',0,'2011-09-25'),(1308,'g',2,'2011-09-25'),(1693,'g',2,'2011-09-25'),(2363,'g',2,'2011-09-25'),(1804,'g',2,'2011-09-25'),(1982,'g',2,'2011-09-25'),(1276,'g',0,'2011-09-25'),(1252,'g',2,'2011-09-25'),(2426,'g',2,'2011-09-25'),(2416,'g',2,'2011-09-25'),(1300,'g',2,'2011-09-25'),(1268,'g',0,'2011-09-25'),(1653,'g',2,'2011-09-25'),(1844,'g',2,'2011-09-25'),(1364,'g',2,'2011-09-25'),(1677,'g',0,'2011-09-25'),(1709,'g',2,'2011-09-25'),(2948,'g',0,'2012-02-05'),(2928,'g',0,'2012-02-12'),(2926,'g',0,'2012-02-12'),(1557,'g',0,'2011-09-25'),(1316,'g',0,'2011-09-25'),(1733,'g',2,'2011-09-25'),(1228,'g',2,'2011-09-25'),(1884,'g',2,'2011-09-25'),(1236,'g',2,'2011-09-25'),(1701,'g',2,'2011-09-25'),(1517,'g',0,'2011-09-25'),(1348,'g',2,'2011-09-25'),(1244,'g',0,'2011-09-25'),(2031,'g',2,'2011-09-25'),(1565,'g',2,'2011-09-25'),(1741,'g',0,'2011-09-25'),(1876,'g',2,'2011-09-25'),(1381,'g',2,'2011-09-25'),(1999,'g',0,'2011-09-25'),(1669,'g',0,'2011-09-25'),(1549,'g',2,'2011-09-25'),(2456,'g',2,'2011-09-25'),(2015,'g',2,'2011-09-25'),(1332,'g',2,'2011-09-25'),(1812,'g',2,'2011-09-25'),(1260,'g',2,'2011-09-25'),(1397,'g',2,'2011-09-25'),(1749,'g',2,'2011-09-25'),(1292,'g',0,'2011-09-25'),(1188,'g',0,'2011-09-25'),(2476,'g',2,'2011-09-25'),(2935,'g',2,'2011-09-25'),(1775,'g',1,'2011-09-25'),(1324,'g',2,'2011-09-25'),(1356,'g',0,'2011-09-25'),(2901,'g',0,'2011-09-25'),(2900,'g',0,'2011-11-01'),(2868,'g',0,'2011-09-25'),(2893,'g',0,'2011-09-25'),(2598,'g',2,'2011-09-25'),(2770,'g',2,'2011-09-25'),(2872,'g',0,'2011-09-25'),(2708,'g',2,'2011-09-25'),(2906,'g',0,'2011-10-31'),(2864,'g',2,'2011-09-25'),(2548,'g',2,'2011-09-25'),(2801,'g',2,'2011-09-25'),(2914,'g',0,'2011-09-25'),(2919,'g',2,'2011-09-25'),(2688,'g',2,'2011-09-25'),(2845,'g',2,'2011-09-25'),(2889,'g',2,'2011-09-25'),(2526,'g',2,'2011-09-25'),(2890,'g',2,'2011-09-25'),(2859,'g',2,'2011-09-25'),(2867,'g',2,'2011-09-25'),(2875,'g',2,'2011-09-25'),(2436,'g',2,'2011-09-25'),(2912,'g',2,'2011-09-25'),(2910,'g',2,'2011-09-25'),(2812,'g',2,'2011-09-25'),(2924,'g',2,'2011-09-25'),(2873,'g',0,'2011-09-25'),(2791,'g',2,'2011-09-25'),(2939,'g',2,'2011-09-25'),(2668,'g',0,'2011-09-25'),(2891,'g',0,'2011-11-01'),(2888,'g',2,'2011-09-25'),(2466,'g',2,'2011-09-25'),(2880,'g',0,'2011-09-25'),(2902,'g',0,'2011-11-01'),(2881,'g',2,'2011-09-25'),(2678,'g',2,'2011-09-25'),(2877,'g',0,'2011-09-25'),(2568,'g',2,'2011-09-25'),(2738,'g',2,'2011-09-25'),(2536,'g',2,'2011-09-25'),(2909,'g',0,'2011-09-25'),(2882,'g',2,'2011-09-25'),(2916,'g',2,'2011-09-25'),(2863,'g',2,'2011-09-25'),(2874,'g',2,'2011-09-25'),(2905,'g',0,'2011-11-03'),(2866,'g',0,'2011-09-25'),(2907,'g',0,'2011-09-25'),(2883,'g',2,'2011-09-25'),(2506,'g',2,'2011-09-25'),(2618,'g',2,'2011-09-25'),(2853,'g',0,'2011-09-25'),(2608,'g',0,'2011-09-25'),(2858,'g',0,'2011-09-25'),(2749,'g',2,'2011-09-25'),(2918,'g',0,'2011-09-25'),(2879,'g',2,'2011-09-25'),(2885,'g',0,'2011-09-25'),(2854,'g',2,'2011-09-25'),(2848,'g',2,'2011-09-25'),(2862,'g',2,'2011-09-25'),(2903,'g',0,'2011-11-03'),(2904,'g',2,'2011-09-25'),(2728,'g',2,'2011-09-25'),(2638,'g',2,'2011-09-25'),(2894,'g',2,'2011-09-25'),(2865,'g',2,'2011-09-25'),(2648,'g',2,'2011-09-25'),(2870,'g',2,'2011-09-25'),(2760,'g',2,'2011-09-25'),(2931,'g',2,'2011-09-25'),(2886,'g',2,'2011-09-25'),(2578,'g',2,'2011-09-25'),(2869,'g',2,'2011-09-25'),(2857,'g',2,'2011-09-25'),(2849,'g',2,'2011-09-25'),(2780,'g',2,'2011-09-25'),(2895,'g',2,'2011-09-25'),(2897,'g',0,'2011-09-25'),(2908,'g',2,'2011-09-25'),(2887,'g',2,'2011-09-25'),(2860,'g',2,'2011-09-25'),(1784,'g',2,'2011-09-25'),(1776,'g',2,'2011-09-25'),(1793,'g',2,'2011-09-25'),(1372,'g',0,'2011-09-25'),(2396,'g',2,'2011-09-25'),(2855,'g',0,'2011-09-25'),(1828,'g',0,'2011-09-25'),(2913,'g',2,'2011-09-25'),(2039,'g',2,'2011-09-25'),(1212,'g',2,'2011-09-25'),(1717,'g',2,'2011-09-25'),(1541,'g',2,'2011-09-25'),(1836,'g',2,'2011-09-25'),(2386,'g',2,'2011-09-25'),(1340,'g',0,'2011-09-25'),(2861,'g',2,'2011-09-25'),(2899,'g',0,'2011-09-25'),(2850,'g',2,'2011-09-25'),(2896,'g',2,'2011-09-25'),(2822,'g',2,'2011-09-25'),(2878,'g',2,'2011-09-25'),(2922,'g',2,'2011-09-25'),(2936,'g',0,'2011-09-25'),(2884,'g',2,'2011-09-25'),(2920,'g',2,'2011-09-25'),(2917,'g',2,'2011-09-25'),(2927,'g',2,'2011-09-25'),(2911,'g',2,'2011-09-25'),(2930,'g',0,'2011-09-25'),(2658,'g',2,'2011-09-25'),(2698,'g',2,'2011-09-25'),(2871,'g',2,'2011-09-25'),(2847,'g',2,'2011-09-25'),(2938,'g',2,'2011-09-25'),(2892,'g',2,'2011-09-25'),(1509,'g',2,'2011-09-25'),(1284,'g',2,'2011-09-25'),(1725,'g',2,'2011-09-25'),(1533,'g',0,'2011-09-25'),(1820,'g',2,'2011-09-25'),(2628,'g',2,'2011-09-25'),(1525,'g',2,'2011-09-25'),(1220,'g',2,'2011-09-25'),(1990,'g',2,'2011-09-25'),(1180,'g',2,'2011-09-25'),(1661,'g',2,'2011-09-25'),(1860,'g',2,'2011-09-25'),(1757,'g',2,'2011-09-25'),(1852,'g',2,'2011-09-25'),(1405,'g',2,'2011-09-25'),(1973,'g',2,'2011-09-25'),(2007,'g',2,'2011-09-25'),(1765,'g',2,'2011-09-25'),(1204,'g',2,'2011-09-25'),(2023,'g',2,'2011-09-25'),(1493,'g',2,'2011-09-25'),(1868,'g',2,'2011-09-25'),(2835,'g',0,'2011-10-30'),(2846,'g',2,'2011-09-25'),(2718,'g',0,'2011-09-25'),(2851,'g',2,'2011-09-25'),(2852,'g',2,'2011-09-25'),(2496,'g',2,'2011-09-25'),(2486,'g',2,'2011-09-25'),(2915,'g',0,'2011-09-25'),(2898,'g',0,'2011-11-01'),(2516,'g',2,'2011-09-25'),(2588,'g',0,'2011-09-25'),(2558,'g',2,'2011-09-25'),(2975,'g',0,'2011-09-26'),(3021,'g',0,'2011-12-27'),(3023,'g',1,'2011-09-26'),(2969,'g',0,'2011-11-02'),(2971,'g',0,'2011-12-23'),(3016,'g',0,'2012-02-12'),(3058,'g',0,'2012-01-01'),(3083,'g',3,'2011-09-29'),(3095,'g',0,'2012-02-09'),(3287,'g',0,'2011-12-31'),(3263,'g',0,'2012-02-18'),(3161,'g',2,'2011-10-01'),(3111,'g',1,'2011-10-01'),(3123,'g',0,'2011-11-03'),(3102,'g',3,'2011-10-01'),(3105,'g',0,'2011-12-27'),(3129,'g',2,'2011-10-01'),(3116,'g',0,'2012-01-21'),(3109,'g',2,'2011-10-01'),(3160,'g',0,'2011-12-23'),(3120,'g',0,'2011-12-27'),(3174,'g',0,'2012-01-02'),(3189,'g',3,'2011-10-02'),(3152,'g',0,'2011-10-02'),(3122,'g',0,'2012-02-07'),(3159,'g',0,'2012-02-23'),(3132,'g',0,'2012-02-18'),(3290,'g',0,'2011-12-30'),(3156,'g',0,'2011-10-02'),(3302,'g',0,'2012-01-19'),(3153,'g',2,'2011-10-02'),(499,'g',2,'2011-10-02'),(549,'g',2,'2011-10-02'),(3180,'g',0,'2011-10-02'),(556,'g',2,'2011-10-02'),(562,'g',2,'2011-10-02'),(590,'g',2,'2011-10-02'),(583,'g',0,'2011-10-02'),(511,'g',0,'2011-10-02'),(505,'g',0,'2011-10-02'),(569,'g',2,'2011-10-02'),(576,'g',2,'2011-10-02'),(3264,'g',0,'2012-02-09'),(79,'g',2,'2011-10-02'),(80,'g',2,'2011-10-03'),(86,'g',2,'2011-10-03'),(78,'g',2,'2011-10-03'),(3293,'g',0,'2012-01-11'),(3292,'g',0,'2012-01-11'),(3244,'g',0,'2012-01-11'),(3299,'g',0,'2012-01-11'),(82,'g',2,'2011-10-03'),(3467,'g',3,'2011-10-04'),(3463,'g',0,'2011-10-04'),(3468,'g',0,'2011-10-04'),(3456,'g',0,'2011-12-30'),(3459,'g',0,'2011-10-04'),(3462,'g',3,'2011-10-05'),(3455,'g',0,'2011-12-30'),(3460,'g',0,'2011-10-05'),(3470,'g',3,'2011-10-05'),(43,'g',2,'2011-10-05'),(46,'g',2,'2011-10-05'),(45,'g',2,'2011-10-05'),(44,'g',2,'2011-10-05'),(40,'g',2,'2011-10-05'),(42,'g',2,'2011-10-05'),(47,'g',2,'2011-10-05'),(39,'g',2,'2011-10-05'),(41,'g',2,'2011-10-05'),(48,'g',2,'2011-10-05'),(211,'g',2,'2011-10-05'),(207,'g',1,'2011-10-05'),(179,'g',2,'2011-10-05'),(193,'g',2,'2011-10-05'),(173,'g',2,'2011-10-05'),(143,'g',2,'2011-10-05'),(175,'g',2,'2011-10-05'),(155,'g',2,'2011-10-05'),(161,'g',2,'2011-10-05'),(157,'g',2,'2011-10-05'),(163,'g',2,'2011-10-05'),(205,'g',0,'2011-10-05'),(187,'g',2,'2011-10-05'),(185,'g',0,'2011-10-05'),(213,'g',1,'2011-10-05'),(210,'g',2,'2011-10-05'),(201,'g',1,'2011-10-05'),(198,'g',2,'2011-10-05'),(195,'g',1,'2011-10-05'),(222,'g',2,'2011-10-05'),(199,'g',2,'2011-10-05'),(216,'g',0,'2011-10-05'),(169,'g',2,'2011-10-05'),(191,'g',2,'2011-10-05'),(167,'g',2,'2011-10-05'),(219,'g',1,'2011-10-05'),(181,'g',0,'2011-10-05'),(204,'g',2,'2011-10-05'),(137,'g',2,'2011-10-05'),(149,'g',2,'2011-10-05'),(3453,'g',0,'2012-02-18'),(516,'g',0,'2011-10-07'),(534,'g',0,'2011-10-07'),(552,'g',0,'2011-10-07'),(773,'g',0,'2011-10-07'),(510,'g',0,'2011-10-07'),(771,'g',0,'2011-10-07'),(809,'g',0,'2011-10-07'),(744,'g',0,'2011-10-07'),(762,'g',0,'2011-10-07'),(780,'g',0,'2011-10-07'),(816,'g',0,'2011-10-07'),(753,'g',0,'2011-10-07'),(825,'g',0,'2011-10-07'),(789,'g',0,'2011-10-07'),(798,'g',0,'2011-10-07'),(807,'g',0,'2011-10-07'),(728,'g',0,'2011-10-07'),(528,'g',0,'2011-10-07'),(522,'g',0,'2011-10-07'),(540,'g',0,'2011-10-07'),(782,'g',0,'2011-10-07'),(764,'g',0,'2011-10-07'),(800,'g',0,'2011-10-07'),(746,'g',0,'2011-10-07'),(791,'g',0,'2011-10-07'),(737,'g',0,'2011-10-07'),(755,'g',0,'2011-10-07'),(559,'g',0,'2011-10-07'),(565,'g',0,'2011-10-07'),(546,'g',0,'2011-10-07'),(148,'g',0,'2011-10-07'),(166,'g',0,'2011-10-07'),(142,'g',0,'2011-10-07'),(154,'g',0,'2011-10-07'),(136,'g',0,'2011-10-07'),(184,'g',0,'2011-10-07'),(178,'g',0,'2011-10-07'),(160,'g',0,'2011-10-07'),(172,'g',0,'2011-10-07'),(190,'g',0,'2011-10-07'),(3562,'g',0,'2011-12-31'),(3554,'g',0,'2012-01-01'),(3522,'g',0,'2012-01-01'),(3533,'g',0,'2012-02-18'),(3541,'g',0,'2012-03-01'),(3531,'g',0,'2012-03-01'),(3538,'g',0,'2012-02-18'),(3559,'g',0,'2012-02-18'),(3508,'g',0,'2012-01-01'),(3524,'g',0,'2012-01-02'),(3518,'g',0,'2012-02-07'),(3564,'g',0,'2011-10-09'),(3530,'g',0,'2012-03-04'),(3547,'g',0,'2012-02-07'),(3514,'g',0,'2012-01-11'),(3501,'g',0,'2012-02-18'),(3513,'g',0,'2012-02-07'),(3525,'g',0,'2012-01-02'),(985,'g',0,'2011-10-09'),(930,'g',0,'2011-10-09'),(957,'g',0,'2011-10-09'),(976,'g',0,'2011-10-09'),(967,'g',0,'2011-10-09'),(939,'g',0,'2011-10-09'),(948,'g',0,'2011-10-09'),(994,'g',0,'2011-10-09'),(1011,'g',0,'2011-10-09'),(1003,'g',0,'2011-10-09'),(3521,'g',0,'2012-01-11'),(3572,'g',0,'2011-12-31'),(3517,'g',0,'2012-01-20'),(3556,'g',0,'2012-03-01'),(3543,'g',0,'2012-01-20'),(1068,'g',0,'2011-10-09'),(1052,'g',0,'2011-10-09'),(1012,'g',0,'2011-10-09'),(1084,'g',0,'2011-10-09'),(1020,'g',0,'2011-10-09'),(1036,'g',0,'2011-10-09'),(1060,'g',0,'2011-10-09'),(1076,'g',0,'2011-10-09'),(3505,'g',0,'2012-01-20'),(1028,'g',0,'2011-10-09'),(1044,'g',0,'2011-10-09'),(3546,'g',0,'2012-02-23'),(3520,'g',0,'2012-02-23'),(3548,'g',0,'2012-02-23'),(3545,'g',0,'2012-02-23'),(3582,'g',0,'2012-02-28'),(3515,'g',0,'2012-02-28'),(3566,'g',0,'2012-02-28'),(3537,'g',0,'2011-12-30'),(3507,'g',0,'2012-02-28'),(3717,'g',0,'2012-02-07'),(3695,'g',0,'2012-02-07'),(3721,'g',0,'2012-02-18'),(3739,'g',0,'2012-02-18'),(3646,'g',0,'2012-02-18'),(3637,'g',0,'2011-12-31'),(3644,'g',0,'2012-02-18'),(3707,'g',0,'2011-10-15'),(3871,'g',0,'2012-01-01'),(3608,'g',0,'2012-01-01'),(3595,'g',0,'2012-01-11'),(3645,'g',0,'2011-10-16'),(3626,'g',0,'2012-01-11'),(3788,'g',0,'2011-12-30'),(3601,'g',0,'2012-01-11'),(3650,'g',0,'2011-10-16'),(3628,'g',0,'2011-12-30'),(3747,'g',0,'2011-10-16'),(3660,'g',0,'2011-10-16'),(3630,'g',0,'2011-10-16'),(3890,'g',0,'2011-10-16'),(3893,'g',0,'2011-10-16'),(3605,'g',0,'2012-01-01'),(3647,'g',0,'2012-01-01'),(3799,'g',0,'2011-12-12'),(3769,'g',0,'2012-01-22'),(3665,'g',0,'2012-02-27'),(3609,'g',0,'2012-01-20'),(3619,'g',0,'2011-10-16'),(3722,'g',0,'2011-12-30'),(3864,'g',0,'2012-01-02'),(3789,'g',0,'2011-12-30'),(3624,'g',0,'2011-12-23'),(3642,'g',0,'2012-02-18'),(3643,'g',0,'2011-12-31'),(3824,'g',0,'2012-01-26'),(3829,'g',0,'2011-12-31'),(3819,'g',0,'2012-03-01'),(3770,'g',0,'2012-01-01'),(3774,'g',0,'2012-02-20'),(3766,'g',0,'2012-02-20'),(3655,'g',0,'2012-01-26'),(3207,'g',0,'2011-10-16'),(3013,'g',0,'2011-10-16'),(3313,'g',0,'2011-10-16'),(3307,'g',0,'2011-10-16'),(3046,'g',0,'2011-10-16'),(2735,'g',0,'2011-10-16'),(3027,'g',0,'2011-10-16'),(3310,'g',0,'2011-10-16'),(3232,'g',0,'2011-10-16'),(2974,'g',0,'2011-10-16'),(2745,'g',0,'2011-10-16'),(2725,'g',0,'2011-10-16'),(2981,'g',0,'2011-10-16'),(3210,'g',0,'2011-10-16'),(3212,'g',0,'2011-10-16'),(3200,'g',0,'2011-10-16'),(2972,'g',0,'2011-10-16'),(3042,'g',0,'2011-10-16'),(3266,'g',0,'2011-10-16'),(3213,'g',0,'2011-10-17'),(3214,'g',0,'2011-10-17'),(2965,'g',0,'2011-10-17'),(3194,'g',0,'2011-10-17'),(3205,'g',0,'2011-10-17'),(3026,'g',0,'2011-10-17'),(3216,'g',0,'2011-10-17'),(3958,'g',0,'2012-02-23'),(3941,'g',0,'2012-02-23'),(3984,'g',0,'2012-02-28'),(3989,'g',0,'2011-10-17'),(3974,'g',0,'2012-02-23'),(2134,'g',0,'2011-10-17'),(3311,'g',0,'2011-10-17'),(3039,'g',0,'2011-10-17'),(3314,'g',0,'2011-10-17'),(3183,'g',0,'2011-10-17'),(3308,'g',0,'2011-10-17'),(2968,'g',0,'2011-10-17'),(3041,'g',0,'2011-10-17'),(2979,'g',0,'2011-10-17'),(3185,'g',0,'2011-10-17'),(3047,'g',0,'2011-10-17'),(3022,'g',0,'2011-10-17'),(3025,'g',0,'2011-10-17'),(3209,'g',0,'2011-10-17'),(3306,'g',0,'2011-10-17'),(3043,'g',0,'2011-10-17'),(2176,'g',0,'2011-10-17'),(2980,'g',0,'2011-10-17'),(3014,'g',0,'2011-10-17'),(3020,'g',0,'2011-10-17'),(3045,'g',0,'2011-10-17'),(2150,'g',0,'2011-10-17'),(3309,'g',0,'2011-10-17'),(2966,'g',0,'2011-10-17'),(3249,'g',0,'2011-10-17'),(3846,'g',0,'2011-12-17'),(4006,'g',0,'2012-02-20'),(2777,'g',0,'2011-10-17'),(4018,'g',0,'2012-01-24'),(3224,'g',0,'2011-10-17'),(2967,'g',0,'2011-10-17'),(2715,'g',0,'2011-10-17'),(2756,'g',0,'2011-10-17'),(2982,'g',0,'2011-10-17'),(3028,'g',0,'2011-10-17'),(3044,'g',0,'2011-10-17'),(3173,'g',0,'2011-10-17'),(3211,'g',0,'2011-10-17'),(2685,'g',0,'2011-10-17'),(3040,'g',0,'2011-10-17'),(3186,'g',0,'2011-10-17'),(3048,'g',0,'2011-10-17'),(2767,'g',0,'2011-10-17'),(3238,'g',0,'2011-10-17'),(2695,'g',0,'2011-10-17'),(3305,'g',0,'2011-10-17'),(2159,'g',0,'2011-10-17'),(2705,'g',0,'2011-10-17'),(3203,'g',0,'2011-10-17'),(2142,'g',0,'2011-10-17'),(3206,'g',0,'2011-10-17'),(3208,'g',0,'2011-10-17'),(3017,'g',0,'2011-10-17'),(3202,'g',0,'2011-10-17'),(3218,'g',0,'2011-10-17'),(3304,'g',0,'2011-10-17'),(2168,'g',0,'2011-10-17'),(3236,'g',0,'2011-10-17'),(3259,'g',0,'2011-10-17'),(3219,'g',0,'2011-10-17'),(3018,'g',0,'2011-10-17'),(3215,'g',0,'2011-10-17'),(3955,'g',0,'2012-01-01'),(3926,'g',0,'2012-01-01'),(3977,'g',0,'2011-10-19'),(3563,'g',0,'2012-01-24'),(3692,'g',0,'2011-12-31'),(3723,'g',0,'2011-12-31'),(2228,'g',0,'2011-10-19'),(2839,'g',0,'2011-10-19'),(2836,'g',0,'2011-10-19'),(2970,'g',0,'2012-03-01'),(2934,'g',0,'2011-10-19'),(2973,'g',0,'2011-10-19'),(2945,'g',0,'2012-02-18'),(108,'g',0,'2012-02-16'),(646,'g',0,'2012-02-25'),(368,'g',0,'2012-02-25'),(2224,'g',0,'2011-12-31'),(3749,'g',0,'2011-10-20'),(3706,'g',0,'2012-02-28'),(3128,'g',0,'2011-12-31'),(3195,'g',0,'2011-12-31'),(2837,'g',0,'2011-12-31'),(3680,'g',0,'2012-01-11'),(2925,'g',0,'2011-12-31'),(2231,'g',0,'2011-10-20'),(2226,'g',0,'2012-02-22'),(2227,'g',0,'2012-01-19'),(3831,'g',0,'2011-10-20'),(2952,'g',0,'2011-10-20'),(3294,'g',0,'2012-02-21'),(2235,'g',0,'2012-02-09'),(3502,'g',0,'2012-02-09'),(2221,'g',0,'2012-02-09'),(3565,'g',0,'2011-10-20'),(634,'g',0,'2012-02-21'),(3496,'g',0,'2012-01-17'),(3553,'g',0,'2012-02-09'),(3301,'g',0,'2012-02-21'),(2840,'g',0,'2012-02-21'),(3822,'g',0,'2011-12-30'),(3569,'g',0,'2012-02-09'),(3550,'g',0,'2011-10-20'),(3843,'g',0,'2012-02-17'),(3495,'g',0,'2011-10-20'),(3959,'g',0,'2011-10-20'),(4019,'g',0,'2012-03-01'),(3732,'g',0,'2012-02-01'),(4027,'g',0,'2011-10-20'),(3882,'g',0,'2012-01-27'),(3623,'g',0,'2011-10-20'),(3946,'g',0,'2011-10-20'),(3678,'g',0,'2011-10-20'),(3848,'g',0,'2011-10-20'),(3800,'g',0,'2011-10-20'),(3840,'g',0,'2011-10-20'),(3835,'g',0,'2011-10-20'),(3736,'g',0,'2011-10-20'),(3454,'g',0,'2011-10-20'),(3834,'g',0,'2011-10-20'),(3860,'g',0,'2011-10-20'),(3735,'g',0,'2011-10-20'),(3925,'g',0,'2011-10-20'),(3558,'g',0,'2011-10-20'),(3762,'g',0,'2011-10-20'),(3714,'g',0,'2011-10-20'),(3905,'g',0,'2011-10-20'),(3742,'g',0,'2011-10-20'),(3870,'g',0,'2011-10-20'),(3919,'g',0,'2011-10-20'),(3877,'g',0,'2011-10-20'),(3798,'g',0,'2011-10-20'),(3827,'g',0,'2011-10-20'),(3755,'g',0,'2011-10-20'),(3873,'g',0,'2011-10-20'),(3828,'g',0,'2012-01-01'),(3809,'g',0,'2011-10-20'),(3844,'g',0,'2012-03-03'),(3965,'g',0,'2011-10-20'),(3912,'g',0,'2011-10-20'),(3803,'g',0,'2011-10-20'),(3638,'g',0,'2011-10-20'),(3825,'g',0,'2011-10-20'),(3853,'g',0,'2011-10-20'),(3903,'g',0,'2011-10-20'),(3649,'g',0,'2011-10-20'),(3854,'g',0,'2011-10-20'),(3230,'g',0,'2011-10-20'),(3542,'g',0,'2012-02-18'),(3833,'g',0,'2012-02-18'),(3949,'g',0,'2011-10-20'),(3672,'g',0,'2012-02-18'),(3686,'g',0,'2012-02-18'),(3804,'g',0,'2012-02-18'),(3752,'g',0,'2011-10-20'),(3710,'g',0,'2012-02-18'),(3743,'g',0,'2012-02-18'),(3940,'g',0,'2012-01-27'),(3746,'g',0,'2012-02-18'),(3966,'g',0,'2011-10-20'),(3500,'g',0,'2012-02-18'),(3651,'g',0,'2011-10-20'),(3953,'g',0,'2012-03-02'),(3612,'g',0,'2011-10-20'),(3920,'g',0,'2011-10-20'),(3653,'g',0,'2011-10-20'),(4021,'g',0,'2011-10-20'),(3802,'g',0,'2012-02-01'),(3783,'g',0,'2012-02-09'),(3818,'g',0,'2012-01-27'),(3103,'g',0,'2011-10-20'),(3171,'g',0,'2011-10-20'),(3124,'g',0,'2011-10-20'),(3106,'g',0,'2011-10-20'),(2234,'g',0,'2012-02-19'),(2233,'g',0,'2011-10-20'),(2844,'g',0,'2012-02-18'),(3118,'g',0,'2011-10-20'),(2219,'g',0,'2011-10-20'),(4026,'g',0,'2011-10-20'),(3625,'g',0,'2011-10-20'),(3759,'g',0,'2012-02-01'),(3778,'g',0,'2011-10-20'),(3836,'g',0,'2012-01-01'),(3881,'g',0,'2011-10-20'),(3155,'g',0,'2011-10-20'),(3894,'g',0,'2012-03-05'),(3611,'g',0,'2011-10-20'),(3932,'g',0,'2011-10-20'),(3738,'g',0,'2012-02-17'),(3724,'g',0,'2011-10-20'),(4002,'g',0,'2012-01-27'),(3991,'g',0,'2012-02-18'),(2842,'g',0,'2011-10-21'),(3536,'g',0,'2011-12-19'),(3838,'g',0,'2011-12-19'),(3418,'g',0,'2012-02-16'),(3652,'g',0,'2012-02-16'),(3795,'g',0,'2012-02-16'),(3549,'g',0,'2012-02-16'),(3839,'g',0,'2011-10-21'),(995,'g',0,'2012-01-02'),(3539,'g',0,'2012-01-02'),(3639,'g',0,'2011-12-23'),(3768,'g',0,'2012-01-02'),(3975,'g',0,'2012-01-02'),(3110,'g',0,'2012-01-02'),(3634,'g',0,'2012-01-02'),(3985,'g',0,'2011-10-21'),(4036,'g',0,'2011-10-21'),(4037,'g',0,'2011-10-21'),(3921,'g',0,'2011-10-21'),(3973,'g',0,'2011-10-21'),(4003,'g',0,'2012-01-23'),(3998,'g',0,'2011-10-21'),(3990,'g',0,'2011-10-21'),(3969,'g',0,'2011-10-21'),(3999,'g',0,'2011-10-21'),(3939,'g',0,'2012-02-24'),(3995,'g',0,'2011-10-21'),(4012,'g',0,'2011-11-24'),(3915,'g',0,'2011-10-21'),(3771,'g',0,'2011-10-21'),(4020,'g',0,'2012-02-25'),(3961,'g',0,'2011-12-15'),(3820,'g',0,'2011-12-15'),(3897,'g',0,'2011-10-21'),(3896,'g',0,'2011-12-16'),(3621,'g',0,'2012-01-09'),(3872,'g',0,'2011-10-21'),(3862,'g',0,'2011-10-21'),(3557,'g',0,'2012-01-09'),(4001,'g',0,'2011-10-21'),(4005,'g',0,'2011-10-21'),(3883,'g',0,'2011-10-21'),(3629,'g',0,'2012-01-09'),(3603,'g',0,'2012-02-27'),(4009,'g',0,'2012-01-22'),(3519,'g',0,'2012-01-09'),(3972,'g',0,'2012-02-19'),(4034,'g',0,'2011-10-21'),(3164,'g',0,'2012-01-01'),(3178,'g',0,'2012-01-01'),(3201,'g',0,'2012-01-22'),(3245,'g',0,'2012-01-22'),(3187,'g',0,'2012-01-01'),(3297,'g',0,'2012-01-22'),(3312,'g',0,'2012-01-22'),(3346,'g',0,'2012-01-22'),(3504,'g',0,'2012-01-22'),(3494,'g',0,'2012-01-22'),(3509,'g',0,'2012-01-22'),(3506,'g',0,'2012-01-22'),(3527,'g',0,'2012-02-10'),(3516,'g',0,'2012-01-22'),(3523,'g',0,'2012-02-10'),(3528,'g',0,'2012-02-10'),(3024,'g',0,'2011-11-24'),(3184,'g',0,'2012-01-01'),(3190,'g',0,'2012-01-01'),(3555,'g',0,'2012-01-25'),(3540,'g',0,'2012-02-10'),(3534,'g',0,'2012-02-10'),(3571,'g',0,'2011-10-21'),(3583,'g',0,'2012-01-25'),(3633,'g',0,'2012-01-26'),(3510,'g',0,'2012-01-22'),(3596,'g',0,'2012-01-25'),(3648,'g',0,'2012-01-26'),(3662,'g',0,'2012-01-06'),(3669,'g',0,'2012-01-06'),(3689,'g',0,'2012-01-06'),(3690,'g',0,'2012-01-06'),(3700,'g',0,'2012-01-06'),(3727,'g',0,'2011-12-07'),(3705,'g',0,'2012-01-06'),(3532,'g',0,'2012-02-10'),(3560,'g',0,'2012-01-25'),(3598,'g',0,'2012-01-25'),(3740,'g',0,'2011-12-07'),(3779,'g',0,'2011-12-07'),(3786,'g',0,'2011-12-07'),(3733,'g',0,'2011-12-07'),(3781,'g',0,'2011-12-07'),(3787,'g',0,'2011-12-07'),(3792,'g',0,'2011-12-06'),(3640,'g',0,'2012-01-27'),(3703,'g',0,'2012-01-06'),(3767,'g',0,'2011-12-07'),(3729,'g',0,'2011-12-07'),(3791,'g',0,'2011-12-07'),(4008,'g',0,'2011-10-21'),(4011,'g',0,'2011-10-21'),(3913,'g',0,'2012-02-28'),(3526,'g',0,'2012-01-09'),(3627,'g',0,'2012-01-09'),(3865,'g',0,'2011-10-21'),(3845,'g',0,'2011-10-21'),(3591,'g',0,'2012-03-04'),(3830,'g',0,'2011-10-21'),(3675,'g',0,'2012-01-25'),(3741,'g',0,'2011-10-21'),(3765,'g',0,'2011-12-15'),(3859,'g',0,'2011-10-22'),(3956,'g',0,'2011-10-22'),(3930,'g',0,'2011-10-22'),(3796,'g',0,'2011-12-16'),(3760,'g',0,'2011-12-16'),(3904,'g',0,'2011-12-15'),(3420,'g',0,'2012-02-24'),(3348,'g',0,'2012-02-24'),(3425,'g',0,'2011-12-30'),(3419,'g',0,'2012-02-24'),(3498,'g',0,'2011-10-23'),(3283,'g',0,'2011-10-24'),(3529,'g',0,'2011-10-24'),(6844,'g',0,'2012-03-01'),(6915,'g',0,'2011-10-27'),(6746,'g',0,'2011-10-27'),(6849,'g',0,'2011-10-27'),(6782,'g',0,'2011-10-27'),(6873,'g',0,'2011-10-27'),(6866,'g',0,'2011-10-27'),(6267,'g',0,'2011-10-27'),(6170,'g',0,'2011-10-27'),(6016,'g',0,'2011-10-27'),(5968,'g',0,'2011-10-27'),(6057,'g',0,'2011-10-27'),(6279,'g',0,'2011-10-27'),(6073,'g',0,'2011-10-27'),(5999,'g',0,'2011-10-27'),(6022,'g',0,'2011-10-27'),(6032,'g',0,'2011-10-27'),(6803,'g',0,'2011-10-27'),(6848,'g',0,'2011-10-27'),(6881,'g',0,'2011-10-27'),(6813,'g',0,'2011-10-28'),(6736,'g',0,'2011-10-28'),(6733,'g',0,'2011-10-28'),(6735,'g',0,'2011-10-28'),(6726,'g',0,'2012-03-01'),(6720,'g',0,'2011-10-28'),(6714,'g',0,'2012-03-01'),(6721,'g',0,'2011-10-28'),(6722,'g',0,'2011-10-28'),(6637,'g',0,'2011-10-28'),(6862,'g',0,'2011-10-28'),(6910,'g',0,'2011-10-28'),(6853,'g',0,'2012-02-22'),(6872,'g',0,'2011-10-28'),(6925,'g',0,'2011-10-28'),(6858,'g',0,'2011-10-28'),(6854,'g',0,'2011-10-28'),(6913,'g',0,'2012-02-22'),(6470,'g',0,'2011-10-28'),(4972,'g',0,'2011-10-28'),(6885,'g',0,'2012-02-23'),(6464,'g',0,'2011-12-09'),(6884,'g',0,'2011-10-28'),(6898,'g',0,'2011-12-01'),(6091,'g',0,'2012-01-17'),(6903,'g',0,'2011-12-01'),(6080,'g',0,'2011-12-09'),(6888,'g',0,'2011-10-28'),(6887,'g',0,'2011-12-01'),(6134,'g',0,'2011-12-09'),(4732,'g',0,'2011-10-28'),(6469,'g',0,'2011-12-09'),(5913,'g',0,'2011-10-28'),(6871,'g',0,'2011-12-01'),(6869,'g',0,'2011-12-01'),(6879,'g',0,'2011-12-01'),(6852,'g',0,'2011-12-01'),(5744,'g',0,'2011-10-28'),(5644,'g',0,'2011-10-28'),(5433,'g',0,'2011-10-28'),(6258,'g',0,'2011-10-28'),(5931,'g',0,'2011-10-28'),(6904,'g',0,'2011-10-28'),(6874,'g',0,'2011-12-01'),(6468,'g',0,'2012-01-17'),(6615,'g',0,'2011-10-28'),(6868,'g',0,'2012-02-24'),(6748,'g',0,'2011-10-28'),(6403,'g',0,'2011-10-28'),(4790,'g',0,'2011-10-28'),(6911,'g',0,'2011-12-01'),(6492,'g',0,'2011-10-28'),(6291,'g',0,'2011-12-09'),(6474,'g',0,'2011-12-09'),(6924,'g',0,'2011-10-29'),(6921,'g',0,'2011-10-29'),(6896,'g',0,'2011-10-29'),(6928,'g',0,'2011-10-29'),(6889,'g',0,'2011-10-29'),(6878,'g',0,'2011-10-29'),(6930,'g',0,'2011-10-29'),(6905,'g',0,'2011-10-29'),(6865,'g',0,'2011-10-29'),(6831,'g',0,'2011-10-29'),(6660,'g',0,'2011-10-29'),(6186,'g',0,'2011-10-29'),(6140,'g',0,'2011-10-29'),(6663,'g',0,'2011-10-29'),(6514,'g',0,'2011-10-29'),(6037,'g',0,'2011-10-29'),(6664,'g',0,'2011-10-29'),(6658,'g',0,'2011-12-15'),(6875,'g',0,'2011-10-29'),(6363,'g',0,'2011-10-29'),(6747,'g',0,'2011-10-29'),(6097,'g',0,'2011-10-29'),(6751,'g',0,'2011-10-29'),(6842,'g',0,'2011-10-29'),(6755,'g',0,'2011-10-29'),(6605,'g',0,'2011-10-29'),(6297,'g',0,'2011-10-29'),(6471,'g',0,'2011-10-29'),(6742,'g',0,'2012-02-07'),(6211,'g',0,'2011-10-31'),(6184,'g',0,'2011-10-31'),(6330,'g',0,'2011-10-31'),(6187,'g',0,'2012-01-01'),(6246,'g',0,'2011-10-31'),(6419,'g',0,'2011-10-31'),(6242,'g',0,'2011-10-31'),(6410,'g',0,'2011-10-31'),(6237,'g',0,'2011-10-31'),(6245,'g',0,'2011-10-31'),(6727,'g',0,'2011-10-31'),(6656,'g',0,'2011-10-31'),(6657,'g',0,'2011-10-31'),(6652,'g',0,'2011-10-31'),(6598,'g',0,'2011-10-31'),(6909,'g',0,'2011-10-31'),(6597,'g',0,'2011-10-31'),(6650,'g',0,'2012-03-02'),(6541,'g',0,'2011-10-31'),(6540,'g',0,'2011-10-31'),(6368,'g',0,'2011-10-31'),(6542,'g',0,'2011-10-31'),(6544,'g',0,'2011-12-19'),(6051,'g',0,'2011-10-31'),(6209,'g',0,'2011-10-31'),(5400,'g',0,'2011-10-31'),(5905,'g',0,'2011-10-31'),(6631,'g',0,'2011-11-02'),(6912,'g',0,'2011-11-02'),(6784,'g',0,'2011-11-02'),(6400,'g',0,'2011-11-02'),(5873,'g',0,'2011-11-02'),(6399,'g',0,'2011-11-02'),(5955,'g',0,'2011-11-02'),(5701,'g',0,'2011-11-02'),(6048,'g',0,'2011-11-02'),(6499,'g',0,'2011-11-02'),(6801,'g',0,'2011-11-02'),(6850,'g',0,'2011-11-02'),(6761,'g',0,'2011-11-02'),(6222,'g',0,'2011-11-02'),(6918,'g',0,'2011-11-02'),(6927,'g',0,'2011-11-02'),(6890,'g',0,'2011-11-02'),(5608,'g',0,'2011-11-02'),(5974,'g',0,'2011-11-02'),(6771,'g',0,'2011-11-02'),(6926,'g',0,'2011-11-02'),(6753,'g',0,'2011-11-02'),(6223,'g',0,'2011-11-02'),(6899,'g',0,'2011-11-02'),(6396,'g',0,'2011-11-02'),(6916,'g',0,'2011-11-02'),(5600,'g',0,'2011-11-02'),(6398,'g',0,'2011-11-02'),(6433,'g',0,'2011-11-02'),(5986,'g',0,'2011-11-02'),(6775,'g',0,'2011-11-02'),(5890,'g',0,'2011-11-02'),(6038,'g',0,'2011-11-02'),(6196,'g',0,'2011-11-02'),(6124,'g',0,'2011-11-02'),(6190,'g',0,'2011-11-02'),(6129,'g',0,'2011-12-19'),(6191,'g',0,'2011-11-02'),(6201,'g',0,'2011-11-02'),(6180,'g',0,'2011-11-02'),(6240,'g',0,'2011-11-02'),(6763,'g',0,'2012-02-01'),(6150,'g',0,'2011-11-02'),(6231,'g',0,'2011-11-02'),(6859,'g',0,'2011-11-02'),(6922,'g',0,'2011-11-02'),(6293,'g',0,'2011-11-02'),(6781,'g',0,'2011-11-02'),(6219,'g',0,'2011-11-02'),(6610,'g',0,'2011-11-02'),(6226,'g',0,'2012-02-28'),(6444,'g',0,'2011-11-02'),(6907,'g',0,'2012-02-13'),(6891,'g',0,'2011-11-02'),(6815,'g',0,'2011-11-02'),(6500,'g',0,'2011-11-02'),(6214,'g',0,'2011-11-02'),(6055,'g',0,'2012-01-20'),(6336,'g',0,'2011-11-02'),(6886,'g',0,'2011-11-02'),(6622,'g',0,'2011-11-02'),(6906,'g',0,'2011-11-02'),(6407,'g',0,'2011-11-02'),(6863,'g',0,'2011-11-02'),(6929,'g',0,'2011-11-02'),(6867,'g',0,'2011-11-02'),(6719,'g',0,'2011-11-02'),(6581,'g',0,'2011-11-02'),(6857,'g',0,'2011-11-02'),(6920,'g',0,'2011-11-02'),(6723,'g',0,'2011-11-02'),(6932,'g',0,'2011-11-02'),(6589,'g',0,'2011-11-02'),(6769,'g',0,'2011-11-02'),(6919,'g',0,'2011-12-29'),(6931,'g',0,'2011-12-29'),(6793,'g',0,'2011-11-02'),(5458,'g',0,'2011-11-02'),(6923,'g',0,'2011-11-02'),(6767,'g',0,'2011-11-02'),(6882,'g',0,'2011-11-02'),(6617,'g',0,'2011-11-02'),(6766,'g',0,'2011-11-02'),(6612,'g',0,'2011-11-02'),(6602,'g',0,'2011-12-09'),(6376,'g',0,'2011-11-02'),(6174,'g',0,'2011-11-02'),(6608,'g',0,'2011-12-09'),(6613,'g',0,'2011-11-02'),(6914,'g',0,'2011-11-02'),(6416,'g',0,'2011-12-09'),(6448,'g',0,'2011-11-02'),(6756,'g',0,'2012-02-27'),(6415,'g',0,'2011-12-09'),(6439,'g',0,'2011-11-02'),(6607,'g',0,'2011-12-09'),(6864,'g',0,'2011-11-02'),(4990,'g',0,'2011-11-02'),(6436,'g',0,'2011-11-02'),(6933,'g',0,'2011-11-02'),(5783,'g',0,'2011-11-02'),(6737,'g',0,'2011-11-02'),(6616,'g',0,'2012-02-27'),(6254,'g',0,'2011-11-02'),(6450,'g',0,'2011-12-09'),(6621,'g',0,'2011-11-02'),(5852,'g',0,'2011-11-02'),(5303,'g',0,'2011-11-02'),(4573,'g',0,'2011-11-02'),(6870,'g',0,'2011-11-02'),(5465,'g',0,'2011-11-02'),(6772,'g',0,'2011-11-02'),(6883,'g',0,'2011-11-02'),(6438,'g',0,'2012-01-17'),(6177,'g',0,'2012-02-21'),(6908,'g',0,'2011-11-02'),(6917,'g',0,'2011-11-02'),(6567,'g',0,'2011-11-02'),(6606,'g',0,'2012-02-11'),(6473,'g',0,'2011-11-02'),(5381,'g',0,'2011-11-03'),(5390,'g',0,'2011-11-03'),(5766,'g',0,'2011-11-03'),(5560,'g',0,'2011-11-03'),(5866,'g',0,'2011-11-03'),(5860,'g',0,'2011-11-03'),(5372,'g',0,'2011-11-03'),(5691,'g',0,'2011-11-03'),(5510,'g',0,'2011-11-03'),(5695,'g',0,'2011-11-03'),(3773,'g',0,'2012-01-25'),(3772,'g',0,'2012-01-25'),(3849,'g',0,'2012-02-04'),(3914,'g',0,'2012-02-20'),(3923,'g',0,'2011-11-04'),(3970,'g',0,'2012-02-18'),(3987,'g',0,'2011-11-04'),(4025,'g',0,'2012-02-04'),(3976,'g',0,'2012-02-18'),(7702,'g',0,'2012-02-04'),(4050,'g',0,'2011-11-04'),(4069,'g',0,'2011-11-04'),(3192,'g',0,'2011-11-04'),(3551,'g',0,'2011-11-04'),(3273,'g',0,'2011-11-04'),(3275,'g',0,'2011-11-04'),(3552,'g',0,'2011-11-04'),(3278,'g',0,'2011-11-04'),(5690,'g',0,'2011-11-05'),(5680,'g',0,'2011-11-05'),(5556,'g',0,'2011-11-05'),(5662,'g',0,'2011-11-05'),(5749,'g',0,'2011-11-05'),(5245,'g',0,'2011-11-06'),(5365,'g',0,'2011-11-06'),(5243,'g',0,'2011-11-06'),(5264,'g',0,'2011-11-06'),(5313,'g',0,'2011-11-06'),(5426,'g',0,'2011-11-06'),(5376,'g',0,'2011-11-06'),(5289,'g',0,'2011-11-06'),(5380,'g',0,'2011-11-06'),(5335,'g',0,'2011-11-06'),(5488,'g',0,'2011-11-06'),(5437,'g',0,'2011-11-06'),(5445,'g',0,'2011-11-06'),(5427,'g',0,'2011-11-06'),(5481,'g',0,'2011-11-06'),(5459,'g',0,'2011-11-06'),(5462,'g',0,'2011-11-06'),(5454,'g',0,'2011-11-06'),(5434,'g',0,'2011-11-06'),(5441,'g',0,'2011-11-06'),(6515,'g',0,'2011-11-06'),(6390,'g',0,'2011-11-06'),(6503,'g',0,'2011-11-06'),(6532,'g',0,'2011-11-06'),(6533,'g',0,'2011-11-06'),(6461,'g',0,'2011-11-06'),(6421,'g',0,'2011-11-06'),(6395,'g',0,'2011-11-06'),(6527,'g',0,'2011-11-06'),(6466,'g',0,'2011-11-06'),(4557,'g',0,'2011-11-06'),(4568,'g',0,'2011-11-06'),(4559,'g',0,'2011-11-06'),(4594,'g',0,'2011-11-06'),(4613,'g',0,'2011-11-06'),(4566,'g',0,'2011-11-06'),(4577,'g',0,'2011-11-06'),(4567,'g',0,'2011-11-06'),(4608,'g',0,'2011-11-06'),(4565,'g',0,'2011-11-06'),(3981,'g',0,'2012-02-29'),(3816,'g',0,'2011-11-07'),(3780,'g',0,'2011-11-07'),(3980,'g',0,'2011-11-07'),(3979,'g',0,'2011-11-07'),(3968,'g',0,'2011-11-07'),(3978,'g',0,'2011-11-07'),(3599,'g',0,'2011-11-07'),(3806,'g',0,'2011-11-07'),(3632,'g',0,'2012-03-03'),(3938,'g',0,'2011-11-07'),(3937,'g',0,'2011-11-07'),(3935,'g',0,'2011-11-07'),(3936,'g',0,'2011-11-07'),(3945,'g',0,'2011-11-07'),(3775,'g',0,'2011-11-07'),(3933,'g',0,'2011-11-07'),(3922,'g',0,'2011-11-07'),(3817,'g',0,'2011-11-07'),(4014,'g',0,'2012-03-01'),(3050,'g',0,'2011-11-08'),(3052,'g',0,'2011-11-08'),(3049,'g',0,'2011-11-08'),(3055,'g',0,'2011-11-08'),(3053,'g',0,'2011-11-08'),(3051,'g',0,'2011-11-08'),(3054,'g',0,'2011-11-08'),(5389,'g',0,'2011-11-08'),(5511,'g',0,'2011-11-08'),(5542,'g',0,'2011-11-08'),(5396,'g',0,'2011-11-08'),(5399,'g',0,'2011-11-08'),(5366,'g',0,'2011-11-08'),(5443,'g',0,'2011-11-08'),(5339,'g',0,'2011-11-08'),(5534,'g',0,'2011-11-08'),(5506,'g',0,'2011-11-08'),(6161,'g',0,'2011-11-08'),(6164,'g',0,'2011-11-08'),(6147,'g',0,'2012-02-19'),(2995,'g',0,'2011-11-08'),(6151,'g',0,'2011-11-08'),(6155,'g',0,'2011-11-08'),(6139,'g',0,'2011-11-08'),(2990,'g',0,'2011-11-08'),(2994,'g',0,'2012-02-25'),(2993,'g',0,'2012-02-21'),(2996,'g',0,'2011-11-08'),(2992,'g',0,'2011-11-08'),(2991,'g',0,'2012-02-19'),(2997,'g',0,'2011-11-08'),(2989,'g',0,'2011-11-08'),(6144,'g',0,'2011-11-08'),(6135,'g',0,'2011-11-08'),(2998,'g',0,'2012-02-20'),(6142,'g',0,'2011-11-08'),(6162,'g',0,'2011-11-08'),(2962,'g',0,'2011-11-08'),(3030,'g',0,'2011-11-08'),(2964,'g',0,'2011-11-08'),(3031,'g',0,'2011-11-08'),(3035,'g',0,'2011-11-08'),(3032,'g',0,'2011-11-08'),(3029,'g',0,'2011-11-08'),(2963,'g',0,'2011-11-08'),(3033,'g',0,'2011-11-08'),(4084,'g',0,'2011-11-08'),(3034,'g',0,'2011-11-08'),(3007,'g',0,'2011-11-08'),(3005,'g',0,'2011-11-08'),(2985,'g',0,'2012-02-20'),(3006,'g',0,'2011-11-08'),(3002,'g',0,'2011-11-08'),(3001,'g',0,'2011-11-08'),(2986,'g',0,'2011-11-08'),(2999,'g',0,'2011-11-08'),(2988,'g',0,'2011-11-08'),(2987,'g',0,'2011-11-08'),(2983,'g',0,'2011-11-08'),(3004,'g',0,'2011-11-08'),(2984,'g',0,'2011-11-08'),(3008,'g',0,'2011-11-08'),(3000,'g',0,'2012-02-18'),(3003,'g',0,'2012-02-18'),(5915,'g',0,'2011-11-08'),(5887,'g',0,'2011-11-08'),(5900,'g',0,'2011-11-08'),(5854,'g',0,'2011-11-08'),(5848,'g',0,'2011-11-08'),(5893,'g',0,'2011-11-08'),(5920,'g',0,'2011-11-08'),(5881,'g',0,'2011-11-08'),(5898,'g',0,'2011-11-08'),(5764,'g',0,'2011-11-08'),(5791,'g',0,'2011-11-08'),(5778,'g',0,'2011-11-08'),(5785,'g',0,'2011-11-08'),(5786,'g',0,'2011-11-08'),(5813,'g',0,'2011-11-08'),(5804,'g',0,'2011-11-08'),(5880,'g',0,'2011-11-08'),(5894,'g',0,'2011-11-08'),(5933,'g',0,'2011-11-08'),(5907,'g',0,'2011-11-08'),(3085,'g',0,'2011-11-09'),(3079,'g',0,'2011-11-09'),(3084,'g',0,'2011-11-09'),(3080,'g',0,'2011-11-09'),(3089,'g',0,'2011-11-09'),(3081,'g',0,'2011-11-09'),(3086,'g',0,'2011-11-09'),(3082,'g',0,'2011-11-09'),(3088,'g',0,'2011-11-09'),(3087,'g',0,'2011-11-09'),(3061,'g',0,'2011-11-09'),(3063,'g',0,'2011-11-09'),(3068,'g',0,'2011-11-09'),(3057,'g',0,'2011-11-09'),(3066,'g',0,'2011-11-09'),(3056,'g',0,'2011-11-09'),(3067,'g',0,'2011-11-09'),(3062,'g',0,'2011-11-09'),(3065,'g',0,'2011-11-09'),(3060,'g',0,'2011-11-09'),(3144,'g',0,'2011-11-09'),(3141,'g',0,'2011-11-09'),(3146,'g',0,'2011-11-09'),(3145,'g',0,'2011-11-09'),(3140,'g',0,'2011-11-09'),(3143,'g',0,'2011-11-09'),(3142,'g',0,'2011-11-09'),(3139,'g',0,'2011-11-09'),(3138,'g',0,'2011-11-09'),(3147,'g',0,'2011-11-09'),(3137,'g',0,'2011-11-09'),(3127,'g',0,'2011-11-09'),(3099,'g',0,'2011-11-09'),(3133,'g',0,'2011-11-09'),(3096,'g',0,'2011-11-09'),(3075,'g',0,'2011-11-09'),(3134,'g',0,'2011-11-09'),(3094,'g',0,'2011-11-09'),(3101,'g',0,'2011-11-09'),(3113,'g',0,'2011-11-09'),(2950,'g',0,'2011-11-09'),(2942,'g',0,'2011-11-09'),(2947,'g',0,'2011-11-09'),(2949,'g',0,'2011-11-09'),(2943,'g',0,'2011-11-09'),(2946,'g',0,'2011-11-09'),(3078,'g',0,'2011-11-09'),(2940,'g',0,'2011-11-09'),(3070,'g',0,'2011-11-09'),(3073,'g',0,'2011-11-09'),(3076,'g',0,'2011-11-09'),(3072,'g',0,'2011-11-09'),(3077,'g',0,'2011-11-09'),(3071,'g',0,'2011-11-09'),(3074,'g',0,'2011-11-09'),(3093,'g',0,'2011-11-09'),(3069,'g',0,'2011-11-09'),(3135,'g',0,'2011-11-09'),(3097,'g',0,'2011-11-09'),(3136,'g',0,'2011-11-09'),(3091,'g',0,'2011-11-09'),(3092,'g',0,'2011-11-09'),(3098,'g',0,'2011-11-09'),(3090,'g',0,'2011-11-09'),(3100,'g',0,'2011-11-09'),(3115,'g',0,'2011-11-09'),(3108,'g',0,'2011-11-09'),(6819,'g',0,'2011-11-09'),(6739,'g',0,'2011-11-09'),(6836,'g',0,'2011-11-09'),(6834,'g',0,'2011-11-09'),(6830,'g',0,'2012-02-13'),(6731,'g',0,'2011-11-09'),(6809,'g',0,'2011-11-09'),(6817,'g',0,'2011-11-09'),(6833,'g',0,'2011-11-10'),(6749,'g',0,'2011-11-10'),(7788,'g',0,'2011-11-15'),(5192,'g',0,'2011-11-16'),(5214,'g',0,'2011-11-16'),(5004,'g',0,'2011-11-16'),(5006,'g',0,'2011-11-16'),(5316,'g',0,'2011-11-16'),(5027,'g',0,'2011-11-16'),(5371,'g',0,'2011-11-16'),(5173,'g',0,'2011-11-16'),(5309,'g',0,'2011-11-16'),(5362,'g',0,'2011-11-16'),(6501,'g',0,'2011-11-17'),(6624,'g',0,'2011-11-17'),(6316,'g',0,'2011-11-17'),(6529,'g',0,'2011-11-17'),(6486,'g',0,'2011-11-17'),(6290,'g',0,'2011-11-17'),(6522,'g',0,'2011-11-17'),(6477,'g',0,'2011-11-17'),(6422,'g',0,'2011-11-17'),(6425,'g',0,'2011-11-19'),(6413,'g',0,'2011-11-19'),(6402,'g',0,'2011-11-19'),(6431,'g',0,'2011-11-19'),(6379,'g',0,'2011-11-19'),(6274,'g',0,'2011-11-19'),(6354,'g',0,'2011-11-19'),(6346,'g',0,'2011-11-19'),(6386,'g',0,'2011-11-19'),(7816,'g',0,'2011-11-21'),(7835,'g',0,'2011-11-21'),(7809,'g',0,'2011-11-21'),(7817,'g',0,'2011-11-21'),(7812,'g',0,'2011-11-21'),(7875,'g',0,'2011-11-21'),(7872,'g',0,'2011-11-22'),(7848,'g',0,'2011-11-22'),(6259,'g',0,'2011-11-22'),(6262,'g',0,'2011-11-22'),(6643,'g',0,'2011-11-22'),(4587,'g',0,'2011-11-22'),(7736,'g',0,'2012-02-20'),(7585,'g',0,'2011-11-22'),(7517,'g',0,'2011-11-22'),(6326,'g',0,'2011-11-22'),(6375,'g',0,'2011-11-22'),(6389,'g',0,'2011-11-22'),(6387,'g',0,'2011-11-22'),(6307,'g',0,'2011-11-22'),(6268,'g',0,'2011-11-22'),(6778,'g',0,'2011-11-22'),(6556,'g',0,'2011-11-22'),(6270,'g',0,'2011-11-22'),(6585,'g',0,'2011-11-22'),(5028,'g',0,'2011-11-22'),(4156,'g',0,'2011-11-22'),(7786,'g',0,'2011-11-22'),(5345,'g',0,'2011-11-22'),(5012,'g',0,'2011-11-22'),(7769,'g',0,'2011-11-22'),(7325,'g',0,'2011-11-22'),(7708,'g',0,'2011-11-22'),(7417,'g',0,'2011-11-22'),(3983,'g',0,'2011-11-22'),(7144,'g',0,'2011-11-22'),(7591,'g',0,'2011-11-22'),(7595,'g',0,'2011-11-22'),(7692,'g',0,'2011-11-22'),(3982,'g',0,'2011-11-22'),(6341,'g',0,'2011-11-22'),(6347,'g',0,'2011-11-22'),(6345,'g',0,'2011-11-22'),(6329,'g',0,'2011-11-22'),(6335,'g',0,'2011-11-22'),(6340,'g',0,'2011-11-22'),(6342,'g',0,'2011-11-22'),(6337,'g',0,'2011-11-22'),(6332,'g',0,'2011-11-22'),(6105,'g',0,'2011-11-22'),(6074,'g',0,'2011-11-22'),(6034,'g',0,'2011-11-22'),(6066,'g',0,'2011-11-22'),(6077,'g',0,'2011-11-22'),(6000,'g',0,'2011-11-22'),(6117,'g',0,'2011-11-22'),(6054,'g',0,'2011-11-22'),(6064,'g',0,'2011-11-22'),(6008,'g',0,'2011-11-22'),(6019,'g',0,'2011-11-22'),(6115,'g',0,'2011-11-22'),(6119,'g',0,'2011-11-22'),(6087,'g',0,'2011-11-22'),(6108,'g',0,'2011-11-22'),(5997,'g',0,'2012-02-18'),(5940,'g',0,'2011-11-22'),(6090,'g',0,'2011-11-22'),(5951,'g',0,'2011-11-22'),(6018,'g',0,'2012-02-18'),(6118,'g',0,'2011-11-22'),(6089,'g',0,'2011-11-22'),(6086,'g',0,'2011-11-22'),(6002,'g',0,'2012-02-20'),(6102,'g',0,'2012-02-18'),(6009,'g',0,'2011-11-22'),(5996,'g',0,'2011-11-22'),(6114,'g',0,'2011-11-22'),(6044,'g',0,'2012-02-19'),(6285,'g',0,'2011-11-22'),(6352,'g',0,'2011-11-22'),(6045,'g',0,'2011-11-22'),(6716,'g',0,'2011-11-22'),(6725,'g',0,'2011-11-22'),(4885,'g',0,'2011-11-22'),(4184,'g',0,'2011-11-22'),(4290,'g',0,'2011-11-22'),(7768,'g',0,'2011-11-22'),(7588,'g',0,'2011-11-22'),(4022,'g',0,'2011-11-22'),(3986,'g',0,'2011-11-22'),(6109,'g',0,'2011-11-22'),(6043,'g',0,'2011-11-22'),(6010,'g',0,'2011-11-22'),(6007,'g',0,'2011-11-22'),(6005,'g',0,'2011-11-22'),(6110,'g',0,'2011-11-22'),(6025,'g',0,'2011-11-22'),(6014,'g',0,'2012-02-25'),(6132,'g',0,'2011-11-22'),(5964,'g',0,'2011-11-22'),(5761,'g',0,'2011-11-22'),(5684,'g',0,'2011-11-22'),(5676,'g',0,'2011-11-22'),(5755,'g',0,'2011-11-22'),(5733,'g',0,'2011-11-22'),(5746,'g',0,'2011-11-22'),(5710,'g',0,'2011-11-22'),(5754,'g',0,'2011-11-22'),(5740,'g',0,'2011-11-22'),(5747,'g',0,'2011-11-22'),(7319,'g',0,'2011-11-22'),(7365,'g',0,'2011-11-22'),(7308,'g',0,'2011-11-22'),(7147,'g',0,'2011-11-22'),(7123,'g',0,'2011-11-22'),(7122,'g',0,'2011-11-22'),(7362,'g',0,'2011-11-22'),(7126,'g',0,'2011-11-22'),(7140,'g',0,'2011-11-22'),(7157,'g',0,'2011-11-22'),(7310,'g',0,'2011-11-22'),(7360,'g',0,'2011-11-22'),(7371,'g',0,'2011-11-22'),(7313,'g',0,'2011-11-22'),(7128,'g',0,'2011-11-22'),(7326,'g',0,'2011-11-22'),(7303,'g',0,'2011-11-22'),(7119,'g',0,'2011-11-22'),(7341,'g',0,'2011-11-22'),(7332,'g',0,'2011-11-22'),(7151,'g',0,'2011-11-22'),(7315,'g',0,'2011-11-22'),(7334,'g',0,'2011-11-22'),(7369,'g',0,'2011-11-22'),(7333,'g',0,'2011-11-22'),(7372,'g',0,'2011-11-22'),(7366,'g',0,'2011-11-22'),(7301,'g',0,'2011-11-22'),(3909,'g',0,'2011-11-22'),(7306,'g',0,'2011-11-22'),(7121,'g',0,'2011-11-22'),(7790,'g',0,'2011-11-23'),(7885,'g',0,'2011-11-23'),(7759,'g',0,'2012-02-19'),(3808,'g',0,'2011-11-24'),(3801,'g',0,'2011-11-24'),(4029,'g',0,'2012-01-02'),(5299,'g',0,'2011-11-27'),(5301,'g',0,'2011-11-27'),(5284,'g',0,'2011-11-27'),(5237,'g',0,'2011-11-27'),(5199,'g',0,'2011-11-27'),(5150,'g',0,'2011-11-27'),(5288,'g',0,'2011-11-27'),(5235,'g',0,'2011-11-27'),(5179,'g',0,'2011-11-27'),(5255,'g',0,'2011-11-27'),(7690,'g',0,'2011-11-28'),(7582,'g',0,'2012-03-01'),(7309,'g',0,'2011-11-28'),(7211,'g',0,'2012-03-01'),(7587,'g',0,'2011-11-28'),(7579,'g',0,'2011-11-28'),(7082,'g',0,'2011-11-28'),(7404,'g',0,'2011-11-28'),(4431,'g',0,'2011-11-28'),(4393,'g',0,'2011-11-28'),(7009,'g',0,'2011-11-28'),(7138,'g',0,'2012-02-20'),(7124,'g',0,'2011-11-28'),(7208,'g',0,'2011-11-28'),(6944,'g',0,'2011-11-28'),(7581,'g',0,'2011-11-28'),(7212,'g',0,'2011-11-28'),(7627,'g',0,'2011-11-28'),(7508,'g',0,'2011-11-28'),(7230,'g',0,'2011-11-28'),(7219,'g',0,'2011-11-28'),(7103,'g',0,'2011-11-28'),(7171,'g',0,'2011-11-28'),(7051,'g',0,'2011-11-28'),(7044,'g',0,'2011-11-28'),(7022,'g',0,'2011-11-28'),(7080,'g',0,'2011-11-28'),(7166,'g',0,'2011-11-28'),(7214,'g',0,'2011-11-28'),(7019,'g',0,'2011-11-28'),(8193,'g',0,'2011-11-28'),(8192,'g',0,'2011-11-28'),(8028,'g',0,'2011-11-28'),(6467,'g',0,'2011-11-28'),(6508,'g',0,'2011-11-28'),(6465,'g',0,'2011-11-28'),(6518,'g',0,'2011-11-28'),(6502,'g',0,'2011-11-28'),(6506,'g',0,'2011-11-28'),(6510,'g',0,'2011-11-28'),(6507,'g',0,'2011-11-28'),(6480,'g',0,'2011-11-28'),(6512,'g',0,'2011-11-28'),(4067,'g',0,'2011-11-28'),(4066,'g',0,'2011-11-29'),(4048,'g',0,'2011-11-29'),(5949,'g',0,'2011-11-29'),(6172,'g',0,'2011-11-29'),(6012,'g',0,'2011-11-29'),(6099,'g',0,'2011-11-29'),(6081,'g',0,'2012-02-21'),(5984,'g',0,'2011-11-29'),(7924,'g',0,'2011-11-29'),(8017,'g',0,'2011-11-29'),(6067,'g',0,'2011-11-29'),(7801,'g',0,'2011-11-29'),(6165,'g',0,'2011-11-29'),(6069,'g',0,'2011-11-29'),(6070,'g',0,'2011-11-29'),(4897,'g',0,'2011-11-29'),(5081,'g',0,'2012-01-02'),(5141,'g',0,'2011-11-29'),(5183,'g',0,'2011-11-29'),(5190,'g',0,'2011-11-29'),(5034,'g',0,'2011-11-29'),(4983,'g',0,'2011-11-29'),(4902,'g',0,'2011-11-29'),(5124,'g',0,'2011-11-29'),(5001,'g',0,'2011-11-29'),(5428,'g',0,'2011-11-29'),(5432,'g',0,'2011-11-29'),(5295,'g',0,'2011-11-29'),(5442,'g',0,'2011-11-29'),(5280,'g',0,'2011-11-29'),(5435,'g',0,'2011-11-29'),(5291,'g',0,'2011-11-29'),(5384,'g',0,'2011-11-29'),(5285,'g',0,'2011-11-29'),(5278,'g',0,'2011-11-29'),(7285,'g',0,'2011-11-29'),(7104,'g',0,'2011-11-29'),(7384,'g',0,'2011-11-29'),(7050,'g',0,'2011-11-29'),(7493,'g',0,'2011-11-29'),(7025,'g',0,'2011-11-29'),(7026,'g',0,'2012-01-27'),(7031,'g',0,'2011-11-29'),(7565,'g',0,'2011-11-29'),(7902,'g',0,'2011-11-29'),(8085,'g',0,'2012-01-27'),(8039,'g',0,'2012-01-27'),(7687,'g',0,'2011-11-29'),(7573,'g',0,'2011-11-29'),(7569,'g',0,'2011-11-29'),(7787,'g',0,'2011-11-29'),(7568,'g',0,'2012-01-27'),(7892,'g',0,'2011-11-29'),(4272,'g',0,'2011-11-29'),(4375,'g',0,'2011-11-29'),(4142,'g',0,'2011-11-29'),(4516,'g',0,'2011-11-29'),(4270,'g',0,'2011-11-29'),(4383,'g',0,'2011-11-29'),(4343,'g',0,'2011-11-29'),(4138,'g',0,'2011-11-29'),(4273,'g',0,'2011-11-29'),(4165,'g',0,'2011-11-29'),(4244,'g',0,'2011-11-29'),(4560,'g',0,'2011-11-29'),(4169,'g',0,'2011-11-29'),(4917,'g',0,'2011-11-29'),(4853,'g',0,'2011-11-29'),(5368,'g',0,'2011-11-29'),(5361,'g',0,'2011-11-29'),(4873,'g',0,'2011-11-29'),(5202,'g',0,'2011-11-29'),(4921,'g',0,'2011-11-29'),(5148,'g',0,'2011-11-29'),(4723,'g',0,'2011-11-29'),(5209,'g',0,'2011-11-29'),(7475,'g',0,'2011-11-30'),(7018,'g',0,'2011-11-30'),(7043,'g',0,'2011-11-30'),(3964,'g',0,'2011-11-30'),(7023,'g',0,'2011-11-30'),(4007,'g',0,'2011-11-30'),(7081,'g',0,'2011-11-30'),(7015,'g',0,'2011-11-30'),(7367,'g',0,'2011-11-30'),(7269,'g',0,'2011-11-30'),(7560,'g',0,'2011-11-30'),(8094,'g',0,'2011-11-30'),(8148,'g',0,'2011-11-30'),(7562,'g',0,'2011-11-30'),(7553,'g',0,'2011-11-30'),(8149,'g',0,'2011-11-30'),(8150,'g',0,'2011-11-30'),(7684,'g',0,'2011-11-30'),(7556,'g',0,'2011-11-30'),(7749,'g',0,'2011-11-30'),(5422,'g',0,'2011-11-30'),(5417,'g',0,'2011-11-30'),(5447,'g',0,'2011-11-30'),(5431,'g',0,'2011-11-30'),(5425,'g',0,'2011-11-30'),(5438,'g',0,'2011-11-30'),(5430,'g',0,'2011-11-30'),(5563,'g',0,'2011-11-30'),(5484,'g',0,'2011-11-30'),(5559,'g',0,'2011-11-30'),(7935,'g',0,'2011-11-30'),(8134,'g',0,'2012-01-01'),(7793,'g',0,'2011-11-30'),(7916,'g',0,'2012-02-16'),(8178,'g',0,'2011-11-30'),(4139,'g',0,'2011-11-30'),(4724,'g',0,'2011-11-30'),(4245,'g',0,'2011-11-30'),(4113,'g',0,'2011-11-30'),(4524,'g',0,'2011-11-30'),(4511,'g',0,'2011-11-30'),(4553,'g',0,'2011-11-30'),(7932,'g',0,'2011-12-01'),(6851,'g',0,'2011-12-01'),(6860,'g',0,'2012-02-13'),(6861,'g',0,'2011-12-01'),(6838,'g',0,'2012-02-13'),(6855,'g',0,'2011-12-01'),(6847,'g',0,'2011-12-01'),(6846,'g',0,'2011-12-01'),(6840,'g',0,'2011-12-01'),(6856,'g',0,'2011-12-01'),(6843,'g',0,'2011-12-01'),(7828,'g',0,'2011-12-01'),(7946,'g',0,'2011-12-01'),(7920,'g',0,'2011-12-01'),(7829,'g',0,'2011-12-01'),(7915,'g',0,'2011-12-01'),(7949,'g',0,'2011-12-01'),(7947,'g',0,'2011-12-01'),(7827,'g',0,'2011-12-01'),(7948,'g',0,'2011-12-01'),(7914,'g',0,'2011-12-01'),(4103,'g',0,'2011-12-01'),(4096,'g',0,'2011-12-01'),(4093,'g',0,'2011-12-01'),(4100,'g',0,'2011-12-01'),(4098,'g',0,'2011-12-01'),(4112,'g',0,'2011-12-01'),(4094,'g',0,'2011-12-01'),(7358,'g',0,'2011-12-01'),(6987,'g',0,'2011-12-01'),(7247,'g',0,'2011-12-01'),(4114,'g',0,'2011-12-01'),(4108,'g',0,'2011-12-01'),(7112,'g',0,'2011-12-01'),(7355,'g',0,'2012-01-02'),(7092,'g',0,'2011-12-03'),(7091,'g',0,'2011-12-03'),(7098,'g',0,'2011-12-03'),(7086,'g',0,'2011-12-03'),(7095,'g',0,'2011-12-03'),(7093,'g',0,'2011-12-03'),(7087,'g',0,'2011-12-03'),(7108,'g',0,'2011-12-03'),(7106,'g',0,'2011-12-03'),(7100,'g',0,'2011-12-03'),(8022,'g',0,'2012-02-19'),(8021,'g',0,'2012-02-19'),(7913,'g',0,'2012-02-19'),(8098,'g',0,'2012-02-19'),(7380,'g',0,'2011-12-06'),(8079,'g',0,'2011-12-06'),(8075,'g',0,'2011-12-06'),(7910,'g',0,'2011-12-06'),(8077,'g',0,'2011-12-06'),(8078,'g',0,'2011-12-06'),(7394,'g',0,'2011-12-06'),(7772,'g',0,'2011-12-06'),(7400,'g',0,'2011-12-06'),(7653,'g',0,'2011-12-06'),(7648,'g',0,'2011-12-06'),(8076,'g',0,'2011-12-06'),(7364,'g',0,'2011-12-06'),(7911,'g',0,'2011-12-06'),(3837,'g',0,'2011-12-07'),(3811,'g',0,'2011-12-07'),(8096,'g',0,'2011-12-07'),(6266,'g',0,'2011-12-07'),(7813,'g',0,'2011-12-07'),(7739,'g',0,'2011-12-07'),(6296,'g',0,'2011-12-07'),(6288,'g',0,'2011-12-07'),(6287,'g',0,'2011-12-07'),(3892,'g',0,'2011-12-07'),(3869,'g',0,'2011-12-07'),(8086,'g',0,'2011-12-07'),(3812,'g',0,'2011-12-07'),(3814,'g',0,'2011-12-07'),(8095,'g',0,'2011-12-07'),(6304,'g',0,'2011-12-07'),(7936,'g',0,'2011-12-07'),(6294,'g',0,'2011-12-07'),(6271,'g',0,'2011-12-07'),(6265,'g',0,'2011-12-07'),(6295,'g',0,'2011-12-07'),(7814,'g',0,'2011-12-07'),(6292,'g',0,'2011-12-07'),(8071,'g',0,'2011-12-07'),(3810,'g',0,'2011-12-07'),(8097,'g',0,'2011-12-07'),(7937,'g',0,'2011-12-07'),(6412,'g',0,'2011-12-08'),(6397,'g',0,'2011-12-08'),(6224,'g',0,'2011-12-08'),(6283,'g',0,'2011-12-08'),(6388,'g',0,'2011-12-08'),(6392,'g',0,'2011-12-08'),(6394,'g',0,'2011-12-08'),(6116,'g',0,'2011-12-08'),(6406,'g',0,'2011-12-08'),(6204,'g',0,'2011-12-08'),(7933,'g',0,'2011-12-08'),(7931,'g',0,'2011-12-08'),(7934,'g',0,'2011-12-08'),(7930,'g',0,'2012-01-19'),(7938,'g',0,'2011-12-08'),(7939,'g',0,'2011-12-08'),(5685,'g',0,'2011-12-09'),(5675,'g',0,'2011-12-09'),(5862,'g',0,'2011-12-09'),(5758,'g',0,'2011-12-09'),(5686,'g',0,'2011-12-09'),(5844,'g',0,'2011-12-09'),(5942,'g',0,'2011-12-09'),(6041,'g',0,'2011-12-09'),(5379,'g',0,'2011-12-09'),(5828,'g',0,'2011-12-09'),(5505,'g',0,'2011-12-09'),(5889,'g',0,'2011-12-09'),(6039,'g',0,'2011-12-09'),(5401,'g',0,'2011-12-09'),(5967,'g',0,'2011-12-09'),(5455,'g',0,'2011-12-09'),(5554,'g',0,'2011-12-09'),(6101,'g',0,'2011-12-09'),(5391,'g',0,'2011-12-09'),(6126,'g',0,'2011-12-09'),(3197,'g',0,'2011-12-10'),(3716,'g',0,'2011-12-10'),(3606,'g',0,'2011-12-10'),(3568,'g',0,'2011-12-10'),(3191,'g',0,'2011-12-10'),(3720,'g',0,'2011-12-10'),(3685,'g',0,'2011-12-10'),(3604,'g',0,'2011-12-10'),(3636,'g',0,'2011-12-10'),(8037,'g',0,'2011-12-12'),(7953,'g',0,'2011-12-12'),(8165,'g',0,'2011-12-12'),(8169,'g',0,'2011-12-12'),(8070,'g',0,'2011-12-12'),(8087,'g',0,'2011-12-12'),(7926,'g',0,'2011-12-12'),(8014,'g',0,'2011-12-12'),(7744,'g',0,'2011-12-12'),(7762,'g',0,'2011-12-12'),(7748,'g',0,'2011-12-12'),(7336,'g',0,'2011-12-12'),(7435,'g',0,'2011-12-12'),(7760,'g',0,'2011-12-12'),(7564,'g',0,'2011-12-12'),(7376,'g',0,'2011-12-12'),(7724,'g',0,'2011-12-12'),(7723,'g',0,'2011-12-12'),(6893,'g',0,'2012-02-13'),(6895,'g',0,'2012-02-13'),(8080,'g',0,'2011-12-12'),(8126,'g',0,'2011-12-12'),(8125,'g',0,'2011-12-12'),(8082,'g',0,'2011-12-12'),(6475,'g',0,'2011-12-13'),(6790,'g',0,'2012-02-16'),(6773,'g',0,'2011-12-13'),(6798,'g',0,'2012-02-16'),(6447,'g',0,'2011-12-13'),(5956,'g',0,'2011-12-14'),(4729,'g',0,'2011-12-14'),(6049,'g',0,'2011-12-14'),(5087,'g',0,'2011-12-14'),(5075,'g',0,'2011-12-14'),(6626,'g',0,'2012-01-19'),(6675,'g',0,'2012-01-19'),(7711,'g',0,'2011-12-14'),(3900,'g',0,'2011-12-14'),(7735,'g',0,'2011-12-14'),(6634,'g',0,'2012-02-24'),(4004,'g',0,'2011-12-15'),(7715,'g',0,'2011-12-15'),(7414,'g',0,'2011-12-15'),(7343,'g',0,'2011-12-15'),(7720,'g',0,'2011-12-15'),(3758,'g',0,'2011-12-15'),(6642,'g',0,'2012-02-24'),(8047,'g',0,'2011-12-15'),(3889,'g',0,'2011-12-15'),(3902,'g',0,'2011-12-15'),(3841,'g',0,'2011-12-15'),(7559,'g',0,'2011-12-15'),(3993,'g',0,'2011-12-15'),(7763,'g',0,'2011-12-15'),(6706,'g',0,'2012-02-24'),(3878,'g',0,'2012-02-18'),(3737,'g',0,'2011-12-15'),(3879,'g',0,'2011-12-15'),(3962,'g',0,'2011-12-15'),(3868,'g',0,'2011-12-15'),(7572,'g',0,'2011-12-15'),(3681,'g',0,'2011-12-15'),(3694,'g',0,'2011-12-15'),(3696,'g',0,'2011-12-15'),(3668,'g',0,'2011-12-15'),(3676,'g',0,'2011-12-15'),(3683,'g',0,'2011-12-15'),(3697,'g',0,'2011-12-15'),(6030,'g',0,'2012-02-23'),(5988,'g',0,'2012-02-23'),(5812,'g',0,'2011-12-15'),(3754,'g',0,'2011-12-15'),(3753,'g',0,'2011-12-15'),(3588,'g',0,'2011-12-15'),(6734,'g',0,'2012-02-24'),(6682,'g',0,'2012-02-24'),(8042,'g',0,'2011-12-15'),(3906,'g',0,'2011-12-15'),(7422,'g',0,'2011-12-15'),(3832,'g',0,'2011-12-15'),(8011,'g',0,'2011-12-15'),(7706,'g',0,'2012-02-20'),(3891,'g',0,'2011-12-15'),(3971,'g',0,'2011-12-15'),(7593,'g',0,'2011-12-15'),(7447,'g',0,'2011-12-15'),(3899,'g',0,'2011-12-16'),(7596,'g',0,'2011-12-16'),(6618,'g',0,'2012-01-19'),(7756,'g',0,'2011-12-16'),(3826,'g',0,'2011-12-16'),(3885,'g',0,'2011-12-16'),(7441,'g',0,'2011-12-16'),(3898,'g',0,'2011-12-16'),(7700,'g',0,'2011-12-16'),(8040,'g',0,'2011-12-16'),(7721,'g',0,'2012-02-20'),(7704,'g',0,'2011-12-16'),(3858,'g',0,'2011-12-16'),(3967,'g',0,'2011-12-16'),(7747,'g',0,'2011-12-16'),(7551,'g',0,'2011-12-16'),(7389,'g',0,'2012-02-07'),(7941,'g',0,'2011-12-16'),(6497,'g',0,'2012-02-25'),(6489,'g',0,'2012-02-25'),(7974,'g',0,'2012-01-19'),(7918,'g',0,'2011-12-17'),(8237,'g',0,'2011-12-17'),(8229,'g',0,'2011-12-17'),(7971,'g',0,'2012-01-19'),(7942,'g',0,'2012-01-19'),(6524,'g',0,'2012-02-27'),(7994,'g',0,'2011-12-18'),(8008,'g',0,'2011-12-18'),(7991,'g',0,'2011-12-18'),(8006,'g',0,'2011-12-18'),(7993,'g',0,'2011-12-18'),(7989,'g',0,'2011-12-18'),(7992,'g',0,'2011-12-18'),(8007,'g',0,'2011-12-18'),(7995,'g',0,'2011-12-18'),(7990,'g',0,'2011-12-18'),(6085,'g',0,'2012-01-19'),(6718,'g',0,'2012-01-19'),(6417,'g',0,'2012-01-19'),(6035,'g',0,'2012-01-19'),(6072,'g',0,'2012-01-19'),(6690,'g',0,'2012-01-19'),(6814,'g',0,'2012-01-19'),(6666,'g',0,'2011-12-18'),(6698,'g',0,'2011-12-18'),(6750,'g',0,'2012-02-24'),(6783,'g',0,'2012-02-24'),(6568,'g',0,'2011-12-19'),(6587,'g',0,'2012-03-02'),(6579,'g',0,'2012-03-02'),(6558,'g',0,'2011-12-19'),(6572,'g',0,'2012-03-02'),(6552,'g',0,'2011-12-19'),(6595,'g',0,'2012-03-02'),(7923,'g',0,'2011-12-19'),(8069,'g',0,'2011-12-19'),(8117,'g',0,'2011-12-19'),(7958,'g',0,'2011-12-19'),(8189,'g',0,'2011-12-19'),(7919,'g',0,'2011-12-19'),(8309,'g',0,'2012-02-16'),(8152,'g',0,'2011-12-20'),(8122,'g',0,'2011-12-20'),(8290,'g',0,'2011-12-20'),(8066,'g',0,'2011-12-20'),(8088,'g',0,'2011-12-20'),(8084,'g',0,'2011-12-20'),(8111,'g',0,'2011-12-20'),(8101,'g',0,'2011-12-20'),(8211,'g',0,'2011-12-20'),(8302,'g',0,'2011-12-20'),(8280,'g',0,'2011-12-20'),(8289,'g',0,'2011-12-20'),(8287,'g',0,'2011-12-20'),(8288,'g',0,'2011-12-20'),(8286,'g',0,'2011-12-20'),(8282,'g',0,'2011-12-21'),(8268,'g',0,'2011-12-21'),(7462,'g',0,'2011-12-22'),(7484,'g',0,'2011-12-22'),(7496,'g',0,'2011-12-22'),(7453,'g',0,'2011-12-22'),(7466,'g',0,'2011-12-22'),(7471,'g',0,'2011-12-22'),(7458,'g',0,'2011-12-22'),(7479,'g',0,'2011-12-22'),(7477,'g',0,'2011-12-22'),(7255,'g',0,'2011-12-22'),(7512,'g',0,'2011-12-22'),(7507,'g',0,'2011-12-22'),(7753,'g',0,'2011-12-22'),(7520,'g',0,'2011-12-22'),(7542,'g',0,'2011-12-22'),(7501,'g',0,'2011-12-22'),(8041,'g',0,'2011-12-22'),(8034,'g',0,'2011-12-22'),(8033,'g',0,'2011-12-22'),(8114,'g',0,'2011-12-22'),(8032,'g',0,'2011-12-22'),(8074,'g',0,'2011-12-22'),(8073,'g',0,'2011-12-22'),(8035,'g',0,'2011-12-22'),(8052,'g',0,'2011-12-22'),(8058,'g',0,'2011-12-22'),(8055,'g',0,'2011-12-22'),(8056,'g',0,'2011-12-22'),(6822,'g',0,'2012-02-19'),(6876,'g',0,'2012-02-19'),(8057,'g',0,'2011-12-22'),(8053,'g',0,'2011-12-22'),(8102,'g',0,'2011-12-22'),(8113,'g',0,'2011-12-23'),(2547,'g',0,'2012-01-23'),(8185,'g',0,'2011-12-24'),(8146,'g',0,'2011-12-24'),(8194,'g',0,'2011-12-24'),(8170,'g',0,'2011-12-24'),(8182,'g',0,'2011-12-24'),(8154,'g',0,'2011-12-24'),(8159,'g',0,'2011-12-24'),(8116,'g',0,'2011-12-24'),(8121,'g',0,'2011-12-24'),(8068,'g',0,'2011-12-24'),(8060,'g',0,'2011-12-24'),(8065,'g',0,'2011-12-24'),(8067,'g',0,'2011-12-24'),(8062,'g',0,'2011-12-24'),(8204,'g',0,'2011-12-24'),(8059,'g',0,'2011-12-24'),(4010,'g',0,'2011-12-24'),(7205,'g',0,'2011-12-24'),(4016,'g',0,'2011-12-24'),(7197,'g',0,'2011-12-24'),(8061,'g',0,'2011-12-24'),(7154,'g',0,'2011-12-24'),(7163,'g',0,'2011-12-24'),(3997,'g',0,'2011-12-24'),(7174,'g',0,'2011-12-24'),(7188,'g',0,'2011-12-24'),(7146,'g',0,'2011-12-25'),(8177,'g',0,'2011-12-25'),(8190,'g',0,'2011-12-25'),(8171,'g',0,'2011-12-25'),(8184,'g',0,'2011-12-25'),(8338,'g',0,'2012-02-19'),(7978,'g',0,'2011-12-25'),(7980,'g',0,'2011-12-25'),(8265,'g',0,'2011-12-25'),(7979,'g',0,'2011-12-25'),(8294,'g',0,'2011-12-25'),(8285,'g',0,'2011-12-25'),(8281,'g',0,'2011-12-26'),(8284,'g',0,'2011-12-26'),(8315,'g',0,'2011-12-26'),(8317,'g',0,'2011-12-26'),(8266,'g',0,'2011-12-26'),(8183,'g',0,'2011-12-26'),(8209,'g',0,'2011-12-26'),(8210,'g',0,'2011-12-26'),(8208,'g',0,'2011-12-26'),(8181,'g',0,'2011-12-26'),(8172,'g',0,'2011-12-26'),(7267,'g',0,'2011-12-26'),(7261,'g',0,'2011-12-26'),(7248,'g',0,'2011-12-26'),(8292,'g',0,'2011-12-26'),(7925,'g',0,'2011-12-26'),(7742,'g',0,'2011-12-26'),(8310,'g',0,'2011-12-27'),(7764,'g',0,'2011-12-27'),(8369,'g',0,'2012-03-02'),(8274,'g',0,'2011-12-27'),(8291,'g',0,'2011-12-27'),(8167,'g',0,'2011-12-27'),(8118,'g',0,'2011-12-27'),(8130,'g',0,'2011-12-27'),(8155,'g',0,'2011-12-27'),(8132,'g',0,'2011-12-27'),(8050,'g',0,'2011-12-27'),(8207,'g',0,'2011-12-27'),(3793,'g',0,'2011-12-27'),(3797,'g',0,'2011-12-27'),(3931,'g',0,'2011-12-27'),(3784,'g',0,'2011-12-27'),(3823,'g',0,'2011-12-27'),(8348,'g',0,'2012-02-27'),(3924,'g',0,'2011-12-27'),(3782,'g',0,'2011-12-27'),(7750,'g',0,'2011-12-27'),(7281,'g',0,'2011-12-27'),(8311,'g',0,'2011-12-27'),(3785,'g',0,'2011-12-27'),(3794,'g',0,'2011-12-27'),(3888,'g',0,'2011-12-27'),(7921,'g',0,'2011-12-27'),(8355,'g',0,'2012-02-25'),(8354,'g',0,'2012-01-30'),(8359,'g',0,'2012-01-30'),(8349,'g',0,'2012-01-30'),(8360,'g',0,'2012-01-30'),(8346,'g',0,'2012-01-30'),(8373,'g',0,'2012-01-30'),(8362,'g',0,'2012-01-30'),(8382,'g',0,'2012-01-30'),(8333,'g',0,'2012-02-29'),(8092,'g',0,'2011-12-28'),(8142,'g',0,'2011-12-28'),(8128,'g',0,'2011-12-28'),(8145,'g',0,'2011-12-28'),(8108,'g',0,'2011-12-28'),(8133,'g',0,'2011-12-28'),(8143,'g',0,'2011-12-28'),(8127,'g',0,'2011-12-28'),(8139,'g',0,'2011-12-28'),(8138,'g',0,'2011-12-28'),(7959,'g',0,'2011-12-28'),(8001,'g',0,'2011-12-28'),(8064,'g',0,'2011-12-28'),(7940,'g',0,'2011-12-28'),(8004,'g',0,'2011-12-28'),(8090,'g',0,'2011-12-28'),(8091,'g',0,'2011-12-28'),(7977,'g',0,'2011-12-28'),(8345,'g',0,'2012-02-15'),(8357,'g',0,'2012-02-15'),(8374,'g',0,'2012-02-15'),(8375,'g',0,'2012-02-15'),(8378,'g',0,'2012-02-15'),(8383,'g',0,'2012-02-15'),(8395,'g',0,'2012-02-15'),(8332,'g',0,'2011-12-29'),(8335,'g',0,'2011-12-29'),(8350,'g',0,'2012-02-13'),(8365,'g',0,'2012-02-13'),(8368,'g',0,'2012-02-13'),(8393,'g',0,'2012-03-02'),(8371,'g',0,'2012-02-13'),(8367,'g',0,'2012-02-13'),(8261,'g',0,'2012-02-07'),(8260,'g',0,'2012-02-07'),(8259,'g',0,'2012-02-07'),(8258,'g',0,'2012-02-07'),(8257,'g',0,'2012-02-07'),(8256,'g',0,'2012-02-07'),(8254,'g',0,'2012-01-28'),(8253,'g',0,'2011-12-29'),(8255,'g',0,'2012-02-07'),(8386,'g',0,'2011-12-29'),(5970,'g',0,'2011-12-29'),(8385,'g',0,'2012-01-30'),(8400,'g',0,'2012-02-27'),(3916,'g',0,'2011-12-29'),(3927,'g',0,'2011-12-29'),(3687,'g',0,'2011-12-29'),(3693,'g',0,'2011-12-29'),(8397,'g',0,'2011-12-29'),(3131,'g',0,'2011-12-29'),(4017,'g',0,'2011-12-29'),(4035,'g',0,'2011-12-29'),(4000,'g',0,'2011-12-29'),(4033,'g',0,'2011-12-29'),(6948,'g',0,'2011-12-29'),(8398,'g',0,'2012-02-11'),(4031,'g',0,'2011-12-29'),(8384,'g',0,'2011-12-29'),(4028,'g',0,'2011-12-29'),(3994,'g',0,'2011-12-29'),(8392,'g',0,'2012-02-11'),(8389,'g',0,'2011-12-29'),(4032,'g',0,'2011-12-29'),(3996,'g',0,'2011-12-29'),(8381,'g',0,'2011-12-30'),(8351,'g',0,'2012-03-01'),(8363,'g',0,'2012-03-01'),(8394,'g',0,'2012-03-01'),(8370,'g',0,'2012-03-01'),(8405,'g',0,'2012-02-13'),(8390,'g',0,'2012-02-13'),(8160,'g',0,'2011-12-30'),(8163,'g',0,'2011-12-30'),(8212,'g',0,'2011-12-30'),(8388,'g',0,'2012-03-01'),(8372,'g',0,'2012-02-18'),(8399,'g',0,'2012-02-01'),(8364,'g',0,'2012-02-24'),(8366,'g',0,'2012-03-01'),(8358,'g',0,'2012-02-12'),(8387,'g',0,'2012-02-12'),(8379,'g',0,'2012-02-18'),(3270,'g',0,'2011-12-31'),(8406,'g',0,'2012-02-16'),(8347,'g',0,'2012-02-08'),(3951,'g',0,'2011-12-31'),(3866,'g',0,'2011-12-31'),(3842,'g',0,'2011-12-31'),(4023,'g',0,'2011-12-31'),(3855,'g',0,'2011-12-31'),(3807,'g',0,'2011-12-31'),(3887,'g',0,'2011-12-31'),(3917,'g',0,'2011-12-31'),(3908,'g',0,'2011-12-31'),(3851,'g',0,'2011-12-31'),(7944,'g',0,'2011-12-31'),(8206,'g',0,'2011-12-31'),(8313,'g',0,'2011-12-31'),(8089,'g',0,'2011-12-31'),(8072,'g',0,'2011-12-31'),(7960,'g',0,'2011-12-31'),(8361,'g',0,'2012-02-16'),(7956,'g',0,'2011-12-31'),(8029,'g',0,'2011-12-31'),(8063,'g',0,'2011-12-31'),(8263,'g',0,'2011-12-31'),(8283,'g',0,'2011-12-31'),(7943,'g',0,'2011-12-31'),(8329,'g',0,'2012-01-01'),(8352,'g',0,'2012-02-16'),(8353,'g',0,'2012-02-16'),(8356,'g',0,'2012-02-16'),(8231,'g',0,'2012-01-01'),(6956,'g',0,'2012-01-01'),(8238,'g',0,'2012-02-10'),(8376,'g',0,'2012-02-20'),(8339,'g',0,'2012-01-01'),(8331,'g',0,'2012-01-01'),(7232,'g',0,'2012-01-02'),(7321,'g',0,'2012-01-02'),(8391,'g',0,'2012-01-02'),(8411,'g',0,'2012-01-02'),(8402,'g',0,'2012-02-15'),(3280,'g',0,'2012-01-03'),(8340,'g',0,'2012-01-03'),(8424,'g',0,'2012-02-29'),(8409,'g',0,'2012-03-01'),(8421,'g',0,'2012-01-07'),(8412,'g',0,'2012-02-11'),(8428,'g',0,'2012-02-25'),(8420,'g',0,'2012-02-25'),(8422,'g',0,'2012-01-08'),(8431,'g',0,'2012-02-16'),(7314,'g',0,'2012-01-08'),(8457,'g',0,'2012-02-25'),(3947,'g',0,'2012-01-09'),(7287,'g',0,'2012-01-09'),(7576,'g',0,'2012-01-09'),(7967,'g',0,'2012-01-09'),(7945,'g',0,'2012-01-09'),(3910,'g',0,'2012-01-09'),(7490,'g',0,'2012-01-09'),(7962,'g',0,'2012-01-09'),(3907,'g',0,'2012-01-10'),(7964,'g',0,'2012-01-10'),(7966,'g',0,'2012-01-10'),(8269,'g',0,'2012-01-10'),(7954,'g',0,'2012-01-10'),(7965,'g',0,'2012-01-10'),(3884,'g',0,'2012-01-10'),(7961,'g',0,'2012-01-10'),(8343,'g',0,'2012-01-10'),(3988,'g',0,'2012-01-10'),(3895,'g',0,'2012-01-10'),(3863,'g',0,'2012-01-10'),(3761,'g',0,'2012-01-10'),(3745,'g',0,'2012-01-10'),(3852,'g',0,'2012-01-10'),(3875,'g',0,'2012-01-10'),(3847,'g',0,'2012-01-10'),(3805,'g',0,'2012-01-10'),(3744,'g',0,'2012-01-10'),(8330,'g',0,'2012-01-10'),(3876,'g',0,'2012-01-10'),(8413,'g',0,'2012-02-15'),(8429,'g',0,'2012-02-10'),(8408,'g',0,'2012-02-15'),(8467,'g',0,'2012-02-28'),(8433,'g',0,'2012-03-01'),(8174,'g',0,'2012-01-11'),(8135,'g',0,'2012-01-11'),(8173,'g',0,'2012-01-11'),(7955,'g',0,'2012-01-11'),(8136,'g',0,'2012-01-11'),(8175,'g',0,'2012-01-11'),(8168,'g',0,'2012-01-11'),(8414,'g',0,'2012-02-20'),(8176,'g',0,'2012-01-12'),(8129,'g',0,'2012-01-12'),(5965,'g',0,'2012-01-12'),(7076,'g',0,'2012-01-12'),(8442,'g',0,'2012-01-12'),(8468,'g',0,'2012-01-12'),(7225,'g',0,'2012-01-12'),(6973,'g',0,'2012-01-12'),(7034,'g',0,'2012-01-12'),(6977,'g',0,'2012-01-12'),(7042,'g',0,'2012-01-12'),(8435,'g',0,'2012-02-25'),(8440,'g',0,'2012-02-25'),(8463,'g',0,'2012-02-25'),(6962,'g',0,'2012-01-12'),(7069,'g',0,'2012-01-12'),(3162,'g',0,'2012-01-12'),(3150,'g',0,'2012-01-12'),(3168,'g',0,'2012-01-12'),(3251,'g',0,'2012-01-12'),(3157,'g',0,'2012-01-12'),(8430,'g',0,'2012-02-13'),(8436,'g',0,'2012-02-21'),(8456,'g',0,'2012-02-21'),(8188,'g',0,'2012-01-15'),(8303,'g',0,'2012-01-15'),(8314,'g',0,'2012-01-15'),(8318,'g',0,'2012-01-15'),(8306,'g',0,'2012-01-15'),(8326,'g',0,'2012-01-15'),(8305,'g',0,'2012-01-15'),(8319,'g',0,'2012-01-15'),(8304,'g',0,'2012-01-15'),(8081,'g',0,'2012-01-15'),(8016,'g',0,'2012-01-15'),(8344,'g',0,'2012-01-15'),(8119,'g',0,'2012-01-15'),(8051,'g',0,'2012-01-15'),(8023,'g',0,'2012-01-15'),(8158,'g',0,'2012-01-15'),(8107,'g',0,'2012-01-15'),(8478,'g',0,'2012-02-29'),(8476,'g',0,'2012-01-16'),(8490,'g',0,'2012-01-16'),(8491,'g',0,'2012-01-16'),(8187,'g',0,'2012-01-16'),(8469,'g',0,'2012-01-17'),(8477,'g',0,'2012-01-17'),(8479,'g',0,'2012-01-17'),(8308,'g',0,'2012-01-17'),(3059,'g',0,'2012-01-19'),(2929,'g',0,'2012-01-19'),(8038,'g',0,'2012-01-19'),(8202,'g',0,'2012-01-19'),(8019,'g',0,'2012-01-19'),(8299,'g',0,'2012-01-19'),(8137,'g',0,'2012-01-19'),(8300,'g',0,'2012-01-19'),(8093,'g',0,'2012-01-19'),(8106,'g',0,'2012-01-19'),(8026,'g',0,'2012-01-19'),(8036,'g',0,'2012-01-19'),(8334,'g',0,'2012-01-19'),(8341,'g',0,'2012-01-19'),(7982,'g',0,'2012-02-19'),(7983,'g',0,'2012-02-20'),(7981,'g',0,'2012-01-19'),(8497,'g',0,'2012-01-20'),(8487,'g',0,'2012-01-20'),(8446,'g',0,'2012-02-27'),(8506,'g',0,'2012-02-25'),(5856,'g',0,'2012-02-22'),(5975,'g',0,'2012-02-22'),(2937,'g',0,'2012-01-21'),(3015,'g',0,'2012-01-21'),(5875,'g',0,'2012-02-22'),(8486,'g',0,'2012-02-27'),(8432,'g',0,'2012-01-21'),(8513,'g',0,'2012-02-23'),(8534,'g',0,'2012-02-21'),(8496,'g',0,'2012-02-20'),(7101,'g',0,'2012-01-21'),(8473,'g',0,'2012-02-23'),(8533,'g',0,'2012-02-27'),(8489,'g',0,'2012-02-23'),(8522,'g',0,'2012-01-22'),(8010,'g',0,'2012-01-22'),(7107,'g',0,'2012-01-22'),(8445,'g',0,'2012-02-27'),(8443,'g',0,'2012-02-27'),(8009,'g',0,'2012-01-22'),(8530,'g',0,'2012-01-22'),(8500,'g',0,'2012-01-22'),(8509,'g',0,'2012-01-22'),(8524,'g',0,'2012-01-22'),(8504,'g',0,'2012-01-22'),(8495,'g',0,'2012-02-28'),(8531,'g',0,'2012-02-28'),(8521,'g',0,'2012-02-28'),(3158,'g',0,'2012-01-23'),(8232,'g',0,'2012-01-23'),(2841,'g',0,'2012-01-23'),(8234,'g',0,'2012-01-23'),(2843,'g',0,'2012-01-23'),(3064,'g',0,'2012-01-23'),(3148,'g',0,'2012-01-23'),(3114,'g',0,'2012-01-23'),(2838,'g',0,'2012-01-23'),(3682,'g',0,'2012-01-23'),(3677,'g',0,'2012-01-23'),(3667,'g',0,'2012-01-23'),(8321,'g',0,'2012-01-23'),(3654,'g',0,'2012-01-23'),(3671,'g',0,'2012-01-23'),(3673,'g',0,'2012-01-23'),(3684,'g',0,'2012-01-23'),(3663,'g',0,'2012-01-23'),(3593,'g',0,'2012-01-23'),(3670,'g',0,'2012-01-23'),(3250,'g',0,'2012-01-23'),(3581,'g',0,'2012-01-23'),(3457,'g',0,'2012-01-23'),(3610,'g',0,'2012-01-23'),(3659,'g',0,'2012-01-23'),(3584,'g',0,'2012-01-23'),(3607,'g',0,'2012-01-23'),(3166,'g',0,'2012-01-23'),(3602,'g',0,'2012-01-23'),(3511,'g',0,'2012-01-23'),(3620,'g',0,'2012-01-23'),(3594,'g',0,'2012-01-23'),(3656,'g',0,'2012-01-23'),(3282,'g',0,'2012-01-23'),(3666,'g',0,'2012-01-23'),(3661,'g',0,'2012-01-23'),(3286,'g',0,'2012-01-23'),(3614,'g',0,'2012-01-23'),(3188,'g',0,'2012-01-23'),(3658,'g',0,'2012-01-23'),(3664,'g',0,'2012-01-23'),(3225,'g',0,'2012-01-23'),(3181,'g',0,'2012-01-23'),(3281,'g',0,'2012-01-23'),(3246,'g',0,'2012-01-23'),(3177,'g',0,'2012-01-23'),(3176,'g',0,'2012-01-23'),(3674,'g',0,'2012-01-23'),(3688,'g',0,'2012-01-23'),(3679,'g',0,'2012-01-23'),(8453,'g',0,'2012-01-23'),(8426,'g',0,'2012-01-24'),(8425,'g',0,'2012-01-24'),(8419,'g',0,'2012-01-24'),(8407,'g',0,'2012-01-24'),(8415,'g',0,'2012-01-24'),(8549,'g',0,'2012-02-27'),(8545,'g',0,'2012-01-25'),(3567,'g',0,'2012-01-25'),(3570,'g',0,'2012-01-25'),(3561,'g',0,'2012-01-25'),(3616,'g',0,'2012-01-25'),(3613,'g',0,'2012-01-25'),(3615,'g',0,'2012-01-25'),(3777,'g',0,'2012-01-25'),(3776,'g',0,'2012-01-25'),(8539,'g',0,'2012-01-25'),(8537,'g',0,'2012-01-25'),(8538,'g',0,'2012-01-25'),(3618,'g',0,'2012-01-25'),(8540,'g',0,'2012-01-25'),(3592,'g',0,'2012-01-25'),(3600,'g',0,'2012-01-25'),(3580,'g',0,'2012-01-25'),(8474,'g',0,'2012-01-25'),(3597,'g',0,'2012-01-25'),(8542,'g',0,'2012-02-27'),(3590,'g',0,'2012-01-25'),(3589,'g',0,'2012-01-25'),(3617,'g',0,'2012-01-25'),(8543,'g',0,'2012-01-25'),(8541,'g',0,'2012-01-25'),(8557,'g',0,'2012-01-25'),(8560,'g',0,'2012-02-25'),(7725,'g',0,'2012-01-26'),(8248,'g',0,'2012-01-27'),(8249,'g',0,'2012-01-27'),(8252,'g',0,'2012-01-27'),(8561,'g',0,'2012-01-27'),(8251,'g',0,'2012-01-27'),(8250,'g',0,'2012-01-27'),(6167,'g',0,'2012-01-28'),(6806,'g',0,'2012-01-28'),(6535,'g',0,'2012-01-28'),(3378,'g',0,'2012-01-29'),(3497,'g',0,'2012-01-30'),(3691,'g',0,'2012-01-30'),(3503,'g',0,'2012-01-30'),(3493,'g',0,'2012-01-30'),(3512,'g',0,'2012-01-30'),(3790,'g',0,'2012-01-30'),(3635,'g',0,'2012-01-30'),(3117,'g',0,'2012-01-30'),(3163,'g',0,'2012-01-30'),(3121,'g',0,'2012-01-30'),(3125,'g',0,'2012-01-30'),(3112,'g',0,'2012-01-30'),(3104,'g',0,'2012-01-30'),(3169,'g',0,'2012-01-30'),(3165,'g',0,'2012-01-30'),(3119,'g',0,'2012-01-30'),(3130,'g',0,'2012-01-30'),(8599,'g',0,'2012-03-01'),(8595,'g',0,'2012-02-01'),(8584,'g',0,'2012-02-01'),(8588,'g',0,'2012-02-01'),(8598,'g',0,'2012-02-01'),(8597,'g',0,'2012-02-02'),(8589,'g',0,'2012-02-04'),(8220,'g',0,'2012-02-04'),(8481,'g',0,'2012-02-04'),(7781,'g',0,'2012-02-05'),(7777,'g',0,'2012-02-05'),(7774,'g',0,'2012-02-05'),(8322,'g',0,'2012-02-05'),(8320,'g',0,'2012-02-05'),(7780,'g',0,'2012-02-05'),(7782,'g',0,'2012-02-05'),(8316,'g',0,'2012-02-05'),(8312,'g',0,'2012-02-05'),(8459,'g',0,'2012-02-05'),(8616,'g',0,'2012-02-05'),(8562,'g',0,'2012-02-05'),(3734,'g',0,'2012-02-06'),(3715,'g',0,'2012-02-06'),(3631,'g',0,'2012-02-06'),(8607,'g',0,'2012-02-07'),(8612,'g',0,'2012-02-07'),(8641,'g',0,'2012-02-08'),(8642,'g',0,'2012-02-09'),(8644,'g',0,'2012-02-09'),(8583,'g',0,'2012-02-09'),(8627,'g',0,'2012-02-09'),(8643,'g',0,'2012-02-09'),(8581,'g',0,'2012-02-09'),(8637,'g',0,'2012-02-09'),(8555,'g',0,'2012-02-09'),(8626,'g',0,'2012-02-09'),(8645,'g',0,'2012-02-09'),(8157,'g',0,'2012-02-10'),(8166,'g',0,'2012-02-10'),(8633,'g',0,'2012-02-10'),(8648,'g',0,'2012-02-10'),(8465,'g',0,'2012-02-11'),(8622,'g',0,'2012-02-12'),(8639,'g',0,'2012-02-12'),(8544,'g',0,'2012-02-12'),(8651,'g',0,'2012-02-13'),(3374,'g',0,'2012-02-14'),(3373,'g',0,'2012-02-14'),(3363,'g',0,'2012-02-14'),(3357,'g',0,'2012-02-14'),(3364,'g',0,'2012-02-14'),(3361,'g',0,'2012-02-14'),(3375,'g',0,'2012-02-14'),(3372,'g',0,'2012-02-14'),(3368,'g',0,'2012-02-14'),(3369,'g',0,'2012-02-14'),(3358,'g',0,'2012-02-14'),(3362,'g',0,'2012-02-14'),(3356,'g',0,'2012-02-14'),(3365,'g',0,'2012-02-14'),(3371,'g',0,'2012-02-14'),(3370,'g',0,'2012-02-14'),(3359,'g',0,'2012-02-14'),(3367,'g',0,'2012-02-14'),(3366,'g',0,'2012-02-14'),(3360,'g',0,'2012-02-14'),(3344,'g',0,'2012-02-14'),(3345,'g',0,'2012-02-14'),(3351,'g',0,'2012-02-14'),(3355,'g',0,'2012-02-14'),(3380,'g',0,'2012-02-14'),(3386,'g',0,'2012-02-14'),(3350,'g',0,'2012-02-14'),(3383,'g',0,'2012-02-14'),(3354,'g',0,'2012-02-14'),(3382,'g',0,'2012-02-14'),(3377,'g',0,'2012-02-14'),(3384,'g',0,'2012-02-14'),(3381,'g',0,'2012-02-14'),(3379,'g',0,'2012-02-14'),(3353,'g',0,'2012-02-14'),(3376,'g',0,'2012-02-14'),(3349,'g',0,'2012-02-14'),(3352,'g',0,'2012-02-14'),(3385,'g',0,'2012-02-14'),(8662,'g',0,'2012-02-14'),(8659,'g',0,'2012-02-15'),(3400,'g',0,'2012-02-15'),(3401,'g',0,'2012-02-15'),(3397,'g',0,'2012-02-15'),(3405,'g',0,'2012-02-15'),(3406,'g',0,'2012-02-15'),(3398,'g',0,'2012-02-15'),(3404,'g',0,'2012-02-15'),(3399,'g',0,'2012-02-15'),(3403,'g',0,'2012-02-15'),(3402,'g',0,'2012-02-15'),(3393,'g',0,'2012-02-15'),(3416,'g',0,'2012-02-15'),(3394,'g',0,'2012-02-15'),(3412,'g',0,'2012-02-15'),(3427,'g',0,'2012-02-15'),(3396,'g',0,'2012-02-15'),(3424,'g',0,'2012-02-15'),(3392,'g',0,'2012-02-16'),(8377,'g',0,'2012-02-16'),(8671,'g',0,'2012-02-16'),(3395,'g',0,'2012-02-16'),(3423,'g',0,'2012-02-16'),(3415,'g',0,'2012-02-16'),(3421,'g',0,'2012-02-16'),(3411,'g',0,'2012-02-16'),(3422,'g',0,'2012-02-16'),(3410,'g',0,'2012-02-16'),(3413,'g',0,'2012-02-16'),(3390,'g',0,'2012-02-16'),(3414,'g',0,'2012-02-16'),(3391,'g',0,'2012-02-16'),(3426,'g',0,'2012-02-16'),(3388,'g',0,'2012-02-16'),(3387,'g',0,'2012-02-16'),(3417,'g',0,'2012-02-16'),(3389,'g',0,'2012-02-16'),(3408,'g',0,'2012-02-16'),(3409,'g',0,'2012-02-16'),(3407,'g',0,'2012-02-16'),(3719,'g',0,'2012-02-17'),(3712,'g',0,'2012-02-17'),(3657,'g',0,'2012-02-17'),(8396,'g',0,'2012-02-17'),(3728,'g',0,'2012-02-17'),(3725,'g',0,'2012-02-17'),(3731,'g',0,'2012-02-17'),(8328,'g',0,'2012-02-17'),(3718,'g',0,'2012-02-17'),(3709,'g',0,'2012-02-17'),(3699,'g',0,'2012-02-17'),(3730,'g',0,'2012-02-17'),(7707,'g',0,'2012-02-17'),(7714,'g',0,'2012-02-17'),(7746,'g',0,'2012-02-17'),(3764,'g',0,'2012-02-17'),(7738,'g',0,'2012-02-17'),(3815,'g',0,'2012-02-17'),(3857,'g',0,'2012-02-17'),(7718,'g',0,'2012-02-17'),(3948,'g',0,'2012-02-17'),(7130,'g',0,'2012-02-17'),(3944,'g',0,'2012-02-17'),(3751,'g',0,'2012-02-17'),(3952,'g',0,'2012-02-17'),(3901,'g',0,'2012-02-17'),(3963,'g',0,'2012-02-17'),(3911,'g',0,'2012-02-17'),(3918,'g',0,'2012-02-17'),(7716,'g',0,'2012-02-17'),(3856,'g',0,'2012-02-17'),(7601,'g',0,'2012-02-17'),(7059,'g',0,'2012-02-17'),(8336,'g',0,'2012-02-17'),(3641,'g',0,'2012-02-17'),(7737,'g',0,'2012-02-17'),(3750,'g',0,'2012-02-17'),(7717,'g',0,'2012-02-17'),(8559,'g',0,'2012-02-18'),(3928,'g',0,'2012-02-18'),(3713,'g',0,'2012-02-18'),(8342,'g',0,'2012-02-18'),(3339,'g',0,'2012-02-19'),(3343,'g',0,'2012-02-19'),(3341,'g',0,'2012-02-19'),(3338,'g',0,'2012-02-19'),(3336,'g',0,'2012-02-19'),(3340,'g',0,'2012-02-19'),(3334,'g',0,'2012-02-19'),(3342,'g',0,'2012-02-19'),(3335,'g',0,'2012-02-19'),(3337,'g',0,'2012-02-19'),(8657,'g',0,'2012-02-19'),(8647,'g',0,'2012-02-19'),(8646,'g',0,'2012-02-19'),(8448,'g',0,'2012-02-20'),(8697,'g',0,'2012-02-23'),(8687,'g',0,'2012-02-24'),(3957,'g',0,'2012-02-24'),(8695,'g',0,'2012-02-24'),(8690,'g',0,'2012-02-24'),(8688,'g',0,'2012-02-24'),(8691,'g',0,'2012-02-24'),(3757,'g',0,'2012-02-25'),(3763,'g',0,'2012-02-25'),(8546,'g',0,'2012-02-25'),(3701,'g',0,'2012-02-25'),(8676,'g',0,'2012-02-25'),(7765,'g',0,'2012-02-25'),(8696,'g',0,'2012-02-25'),(7053,'g',0,'2012-02-25'),(7998,'g',0,'2012-02-25'),(7731,'g',0,'2012-02-25'),(7586,'g',0,'2012-02-25'),(3929,'g',0,'2012-02-25'),(8002,'g',0,'2012-02-25'),(7712,'g',0,'2012-02-25'),(3992,'g',0,'2012-02-25'),(8673,'g',0,'2012-02-25'),(8689,'g',0,'2012-02-25'),(7743,'g',0,'2012-02-25'),(8264,'g',0,'2012-02-25'),(7726,'g',0,'2012-02-25'),(8025,'g',0,'2012-02-25'),(8054,'g',0,'2012-02-25'),(7604,'g',0,'2012-02-25'),(7999,'g',0,'2012-02-25'),(7758,'g',0,'2012-02-25'),(7984,'g',0,'2012-02-25'),(8694,'g',0,'2012-02-25'),(7997,'g',0,'2012-02-25'),(8046,'g',0,'2012-02-25'),(8667,'g',0,'2012-02-25'),(7722,'g',0,'2012-02-25'),(8267,'g',0,'2012-02-25'),(7730,'g',0,'2012-02-25'),(8668,'g',0,'2012-02-25'),(8682,'g',0,'2012-02-25'),(7950,'g',0,'2012-02-25'),(7241,'g',0,'2012-02-25'),(8692,'g',0,'2012-02-25'),(8000,'g',0,'2012-02-25'),(8048,'g',0,'2012-02-25'),(8245,'g',0,'2012-02-25'),(8325,'g',0,'2012-02-25'),(7608,'g',0,'2012-02-25'),(7300,'g',0,'2012-02-25'),(7382,'g',0,'2012-02-25'),(7727,'g',0,'2012-02-25'),(8123,'g',0,'2012-02-25'),(8199,'g',0,'2012-02-25'),(8665,'g',0,'2012-02-25'),(7975,'g',0,'2012-02-25'),(7912,'g',0,'2012-02-25'),(7761,'g',0,'2012-02-25'),(8203,'g',0,'2012-02-25'),(8239,'g',0,'2012-02-25'),(7405,'g',0,'2012-02-25'),(8005,'g',0,'2012-02-25'),(8031,'g',0,'2012-02-25'),(7766,'g',0,'2012-02-25'),(8275,'g',0,'2012-02-25'),(8147,'g',0,'2012-02-25'),(8236,'g',0,'2012-02-25'),(8144,'g',0,'2012-02-25'),(8161,'g',0,'2012-02-25'),(7973,'g',0,'2012-02-25'),(8666,'g',0,'2012-02-25'),(8179,'g',0,'2012-02-25'),(7292,'g',0,'2012-02-25'),(8120,'g',0,'2012-02-25'),(8115,'g',0,'2012-02-25'),(8103,'g',0,'2012-02-25'),(8235,'g',0,'2012-02-25'),(3702,'g',0,'2012-02-25'),(8272,'g',0,'2012-02-25'),(8044,'g',0,'2012-02-25'),(7952,'g',0,'2012-02-25'),(8003,'g',0,'2012-02-25'),(8301,'g',0,'2012-02-25'),(7985,'g',0,'2012-02-25'),(7996,'g',0,'2012-02-25'),(8323,'g',0,'2012-02-25'),(8244,'g',0,'2012-02-25'),(8324,'g',0,'2012-02-25'),(8045,'g',0,'2012-02-25'),(8186,'g',0,'2012-02-25'),(8693,'g',0,'2012-02-25'),(4013,'g',0,'2012-02-25'),(8683,'g',0,'2012-02-25'),(8104,'g',0,'2012-02-25'),(8674,'g',0,'2012-02-25'),(8200,'g',0,'2012-02-25'),(8246,'g',0,'2012-02-25'),(8660,'g',0,'2012-02-25'),(8198,'g',0,'2012-02-25'),(8655,'g',0,'2012-02-25'),(8217,'g',0,'2012-02-25'),(8043,'g',0,'2012-02-25'),(7968,'g',0,'2012-02-25'),(7410,'g',0,'2012-02-25'),(6940,'g',0,'2012-02-25'),(8197,'g',0,'2012-02-25'),(8027,'g',0,'2012-02-25'),(8153,'g',0,'2012-02-25'),(8219,'g',0,'2012-02-25'),(8262,'g',0,'2012-02-25'),(8151,'g',0,'2012-02-25'),(8141,'g',0,'2012-02-25'),(7733,'g',0,'2012-02-25'),(7276,'g',0,'2012-02-25'),(8162,'g',0,'2012-02-25'),(7988,'g',0,'2012-02-25'),(8195,'g',0,'2012-02-25'),(7428,'g',0,'2012-02-26'),(8293,'g',0,'2012-02-26'),(8216,'g',0,'2012-02-26'),(8241,'g',0,'2012-02-26'),(8131,'g',0,'2012-02-26'),(8664,'g',0,'2012-02-26'),(8015,'g',0,'2012-02-26'),(8049,'g',0,'2012-02-26'),(8653,'g',0,'2012-02-26'),(8327,'g',0,'2012-02-26'),(8201,'g',0,'2012-02-26'),(7745,'g',0,'2012-02-26'),(8030,'g',0,'2012-02-26'),(7114,'g',0,'2012-02-26'),(8652,'g',0,'2012-02-26'),(7754,'g',0,'2012-02-26'),(8670,'g',0,'2012-02-26'),(7328,'g',0,'2012-02-26'),(4015,'g',0,'2012-02-26'),(3711,'g',0,'2012-02-26'),(8164,'g',0,'2012-02-26'),(8684,'g',0,'2012-02-26'),(7732,'g',0,'2012-02-26'),(7755,'g',0,'2012-02-26'),(8024,'g',0,'2012-02-26'),(7751,'g',0,'2012-02-26'),(8221,'g',0,'2012-02-26'),(7729,'g',0,'2012-02-26'),(8678,'g',0,'2012-02-26'),(8279,'g',0,'2012-02-26'),(8140,'g',0,'2012-02-26'),(8013,'g',0,'2012-02-26'),(8656,'g',0,'2012-02-26'),(8124,'g',0,'2012-02-26'),(3698,'g',0,'2012-02-26'),(8675,'g',0,'2012-02-26'),(3748,'g',0,'2012-02-26'),(3726,'g',0,'2012-02-26'),(4024,'g',0,'2012-02-26'),(7970,'g',0,'2012-02-26'),(8020,'g',0,'2012-02-26'),(8273,'g',0,'2012-02-26'),(8271,'g',0,'2012-02-26'),(7963,'g',0,'2012-02-26'),(6995,'g',0,'2012-02-26'),(7183,'g',0,'2012-02-26'),(8669,'g',0,'2012-02-26'),(8661,'g',0,'2012-02-26'),(8191,'g',0,'2012-02-26'),(7957,'g',0,'2012-02-26'),(8018,'g',0,'2012-02-26'),(8112,'g',0,'2012-02-26'),(8685,'g',0,'2012-02-26'),(8270,'g',0,'2012-02-26'),(3954,'g',0,'2012-02-26'),(6984,'g',0,'2012-02-26'),(3708,'g',0,'2012-02-26'),(8109,'g',0,'2012-02-26'),(7713,'g',0,'2012-02-26'),(8214,'g',0,'2012-02-26'),(7011,'g',0,'2012-02-26'),(8243,'g',0,'2012-02-26'),(7972,'g',0,'2012-02-26'),(8215,'g',0,'2012-02-26'),(8672,'g',0,'2012-02-26'),(7987,'g',0,'2012-02-26'),(7976,'g',0,'2012-02-26'),(7719,'g',0,'2012-02-26'),(8222,'g',0,'2012-02-26'),(8099,'g',0,'2012-02-26'),(7986,'g',0,'2012-02-26'),(8218,'g',0,'2012-02-26'),(8298,'g',0,'2012-02-26'),(8213,'g',0,'2012-02-26'),(7728,'g',0,'2012-02-26'),(7951,'g',0,'2012-02-26'),(8677,'g',0,'2012-02-26'),(8110,'g',0,'2012-02-26'),(8196,'g',0,'2012-02-26'),(8307,'g',0,'2012-02-26'),(8247,'g',0,'2012-02-26'),(8083,'g',0,'2012-02-27'),(8100,'g',0,'2012-02-27'),(8180,'g',0,'2012-02-27'),(8716,'g',0,'2012-02-28'),(8717,'g',0,'2012-02-28'),(8410,'g',0,'2012-02-29'),(8416,'g',0,'2012-02-29'),(8438,'g',0,'2012-02-29'),(8418,'g',0,'2012-02-29'),(8427,'g',0,'2012-02-29'),(8423,'g',0,'2012-02-29'),(8417,'g',0,'2012-02-29'),(8434,'g',0,'2012-02-29'),(8437,'g',0,'2012-02-29'),(8450,'g',0,'2012-02-29'),(8460,'g',0,'2012-02-29'),(8488,'g',0,'2012-02-29'),(8439,'g',0,'2012-02-29'),(8480,'g',0,'2012-02-29'),(8462,'g',0,'2012-02-29'),(8706,'g',0,'2012-03-01'),(8734,'g',0,'2012-03-02'),(8729,'g',0,'2012-03-02'),(8233,'g',0,'2012-03-02'),(8721,'g',0,'2012-03-02'),(8722,'g',0,'2012-03-02'),(8741,'g',0,'2012-03-04');

--
-- Table structure for table `idx_paid_listing`
--

CREATE TABLE `idx_paid_listing` (
  `link_id` mediumint(9) unsigned NOT NULL DEFAULT '0',
  `premium` char(1) DEFAULT NULL,
  `sponsored` char(1) DEFAULT NULL,
  `expire` datetime DEFAULT NULL,
  `paid` char(1) DEFAULT NULL,
  PRIMARY KEY (`link_id`)
) ENGINE=MyISAM DEFAULT CHARSET=latin1;

--
-- Dumping data for table `idx_paid_listing`
--


--
-- Table structure for table `idx_payment_gateway`
--

CREATE TABLE `idx_payment_gateway` (
  `payment_gateway_id` int(11) NOT NULL AUTO_INCREMENT,
  `name` varchar(100) DEFAULT NULL,
  `enable` char(1) DEFAULT NULL,
  `setting` text,
  `invoice_html` text,
  PRIMARY KEY (`payment_gateway_id`)
) ENGINE=MyISAM AUTO_INCREMENT=9 DEFAULT CHARSET=latin1;

--
-- Dumping data for table `idx_payment_gateway`
--

INSERT INTO `idx_payment_gateway` VALUES (1,'paypal','1','a:2:{s:13:\"payment_email\";s:0:\"\";s:21:\"enable_paypal_sandbox\";s:1:\"0\";}','<p> \r\n	<a href=\'paynow.php?id={$invoice_id}&m=paypal\'><img src=\'http://www.paypal.com/images/x-click-but02.gif\' border=\'0\' alt=\'Make payments with PayPal - it is fast, free and secure!\' /></a> \r\n</p>\r\n'),(2,'2co','0','a:6:{s:6:\"co_sid\";s:5:\"84932\";s:9:\"co_secret\";s:5:\"tango\";s:12:\"co_recurring\";s:1:\"0\";s:9:\"co_prod_1\";s:6:\"100.00\";s:9:\"co_prod_2\";s:6:\"250.00\";s:9:\"co_prod_3\";s:6:\"400.00\";}','<p>\r\n<a href=\'paynow.php?id={$invoice_id}&m=2co\'><img src=\'http://www.2checkout.com/images/overview/btns/25.jpg\' alt=\'Pay Now with 2checkout...\' border=\'0\' /></a> \r\n</p>'),(3,'authorizenet','0','a:2:{s:21:\"authorizenet_login_id\";s:0:\"\";s:21:\"authorizenet_tran_key\";s:0:\"\";}','<p> \r\n<a href=\'paynow.php?id={$invoice_id}&m=authorizenet\'><img src=\'http://www.authorize.net/upload/images/Images/Header/authorizenet_logo.gif\' alt=\'Pay Now with Authorize.Net...\' width=\'99\' height=\'39\' style=\'{border : 1px solid #c0c0c0;}\' /></a>\r\n</p>'),(4,'egold','0','a:2:{s:19:\"egold_payee_account\";s:0:\"\";s:16:\"egold_payee_name\";s:0:\"\";}','<p> \r\n<a href=\'paynow.php?id={$invoice_id}&m=egold\'>\r\n<img src=\'http://www.e-gold.com/gif/paywith.gif\' border=\'0\' alt=\'Pay Now with e-gold...\' />\r\n</a>\r\n</p>'),(5,'moneybookers','0','a:1:{s:18:\"moneybookers_email\";s:0:\"\";}','<p> \r\n<a href=\'paynow.php?id={$invoice_id}&m=paypal\'><img src=\'http://www.moneybookers.com/images/banners/88_en_mb.gif\' border=\'0\' alt=\'Make payments with Moneybookers - it is fast, free and secure!\' /></a> \r\n</p>'),(6,'paypal-subscriptions','0','a:2:{s:13:\"payment_email\";s:0:\"\";s:21:\"enable_paypal_sandbox\";s:1:\"0\";}','<p> \r\n<a href=\'paynow.php?id={$invoice_id}&m=paypal\'><img src=\'https://www.paypal.com/en_US/i/btn/x-click-but20.gif\' border=\'0\' alt=\'Make payments with PayPal - it is fast, free and secure!\' /></a> \r\n</p>'),(7,'alertpay','0','a:2:{s:14:\"alertpay_email\";s:0:\"\";s:23:\"enable_alertpay_sandbox\";s:1:\"0\";}','<p> \r\n<a href=\'paynow.php?id={$invoice_id}&m=alertpay\'>\r\n<img src=\'https://www.alertpay.com/Images/BuyNow/pay_now_3.gif\' border=\'0\' alt=\'Make payments with PayPal - it is fast, free and secure!\' /></a> \r\n</p>'),(8,'alertpay-subcriptions','0','a:2:{s:14:\"alertpay_email\";s:0:\"\";s:23:\"enable_alertpay_sandbox\";s:1:\"0\";}','<p>\r\n<a href=\'paynow.php?id={$invoice_id}&m=alertpay-subcriptions\'>\r\n<img src=\'https://www.alertpay.com/Images/BuyNow/subscribe_now_15.gif\' border=\'0\' alt=\'Make payments with Alert Pay - it is fast, free and secure!\' /></a> \r\n</p>');

--
-- Table structure for table `idx_payment_history`
--

CREATE TABLE `idx_payment_history` (
  `payment_id` int(10) unsigned NOT NULL AUTO_INCREMENT,
  `contact_name` varchar(255) DEFAULT NULL,
  `email` varchar(255) DEFAULT NULL,
  `type` varchar(255) DEFAULT NULL,
  `detail` text,
  `amount` double DEFAULT NULL,
  `time` datetime DEFAULT NULL,
  `invoice_id` varchar(10) DEFAULT NULL,
  PRIMARY KEY (`payment_id`)
) ENGINE=MyISAM DEFAULT CHARSET=latin1;

--
-- Dumping data for table `idx_payment_history`
--


--
-- Table structure for table `idx_pl_sociable`
--

CREATE TABLE `idx_pl_sociable` (
  `sb_id` int(11) NOT NULL AUTO_INCREMENT,
  `sb_name` varchar(255) CHARACTER SET utf8 DEFAULT NULL,
  `sb_url` varchar(255) CHARACTER SET utf8 DEFAULT NULL,
  `sb_icon` varchar(255) CHARACTER SET utf8 DEFAULT NULL,
  `sb_enable` char(1) CHARACTER SET utf8 DEFAULT '0',
  PRIMARY KEY (`sb_id`)
) ENGINE=MyISAM AUTO_INCREMENT=90 DEFAULT CHARSET=latin1;

--
-- Dumping data for table `idx_pl_sociable`
--

INSERT INTO `idx_pl_sociable` VALUES (1,'BarraPunto','http://barrapunto.com/submit.pl?subj=TITLE&amp;story=PERMALINK','barrapunto.png','0'),(2,'Bitacoras.com','http://bitacoras.com/anotaciones/PERMALINK','bitacoras.png','0'),(3,'BlinkList','http://www.blinklist.com/index.php?Action=Blink/addblink.php&amp;Url=PERMALINK&amp;Title=TITLE','blinklist.png','0'),(4,'blogmarks','http://blogmarks.net/my/new.php?mini=1&amp;simple=1&amp;url=PERMALINK&amp;title=TITLE','blogmarks.png','0'),(5,'Blogosphere News','http://www.blogospherenews.com/submit.php?url=PERMALINK&amp;title=TITLE','blogospherenews.png','0'),(6,'blogtercimlap','http://cimlap.blogter.hu/index.php?action=suggest_link&amp;title=TITLE&amp;url=PERMALINK','blogter.png','0'),(7,'Faves','http://faves.com/Authoring.aspx?u=PERMALINK&amp;title=TITLE','bluedot.png','0'),(8,'connotea','http://www.connotea.org/addpopup?continue=confirm&amp;uri=PERMALINK&amp;title=TITLE&amp;description=EXCERPT','connotea.png','0'),(9,'Current','http://current.com/clipper.htm?url=PERMALINK&amp;title=TITLE','current.png','0'),(10,'del.icio.us','http://delicious.com/post?url=PERMALINK&amp;title=TITLE&amp;notes=EXCERPT','delicious.png','0'),(11,'Digg','http://digg.com/submit?phase=2&amp;url=PERMALINK&amp;title=TITLE&amp;bodytext=EXCERPT','digg.png','1'),(12,'Diigo','http://www.diigo.com/post?url=PERMALINK&amp;title=TITLE','diigo.png','0'),(13,'DotNetKicks','http://www.dotnetkicks.com/kick/?url=PERMALINK&amp;title=TITLE','dotnetkicks.png','0'),(14,'DZone','http://www.dzone.com/links/add.html?url=PERMALINK&amp;title=TITLE','dzone.png','0'),(15,'eKudos','http://www.ekudos.nl/artikel/nieuw?url=PERMALINK&amp;title=TITLE&amp;desc=EXCERPT','ekudos.png','0'),(16,'email','mailto:?subject=TITLE&amp;body=PERMALINK','email_link.png','0'),(17,'Facebook','http://www.facebook.com/share.php?u=PERMALINK&amp;t=TITLE','facebook.png','1'),(18,'Fark','http://cgi.fark.com/cgi/fark/farkit.pl?h=TITLE&amp;u=PERMALINK','fark.png','0'),(19,'Fleck','http://beta3.fleck.com/bookmarklet.php?url=PERMALINK&amp;title=TITLE','fleck.png','0'),(20,'FriendFeed','http://www.friendfeed.com/share?title=TITLE&amp;link=PERMALINK','friendfeed.png','0'),(21,'FSDaily','http://www.fsdaily.com/submit?url=PERMALINK&amp;title=TITLE','fsdaily.png','0'),(22,'Global Grind','http://globalgrind.com/submission/submit.aspx?url=PERMALINK&amp;type=Article&amp;title=TITLE','globalgrind.png','0'),(23,'Google','http://www.google.com/bookmarks/mark?op=edit&amp;bkmk=PERMALINK&amp;title=TITLE&amp;annotation=EXCERPT','googlebookmark.png','0'),(24,'Gwar','http://www.gwar.pl/DodajGwar.html?u=PERMALINK','gwar.png','0'),(25,'HackerNews','http://news.ycombinator.com/submitlink?u=PERMALINK&amp;t=TITLE','hackernews.png','0'),(26,'Haohao','http://www.haohaoreport.com/submit.php?url=PERMALINK&amp;title=TITLE','haohao.png','0'),(27,'HealthRanker','http://healthranker.com/submit.php?url=PERMALINK&amp;title=TITLE','healthranker.png','0'),(28,'HelloTxt','http://hellotxt.com/?status=TITLE+PERMALINK','hellotxt.png','0'),(29,'Hemidemi','http://www.hemidemi.com/user_bookmark/new?title=TITLE&amp;url=PERMALINK','hemidemi.png','0'),(30,'Hyves','http://www.hyves.nl/profilemanage/add/tips/?name=TITLE&amp;text=EXCERPT+PERMALINK&amp;rating=5','hyves.png','0'),(31,'Identi.ca','http://identi.ca/notice/new?status_textarea=PERMALINK','identica.png','0'),(32,'IndianPad','http://www.indianpad.com/submit.php?url=PERMALINK','indianpad.png','0'),(33,'Internetmedia','http://internetmedia.hu/submit.php?url=PERMALINK','im.png','0'),(34,'Kirtsy','http://www.kirtsy.com/submit.php?url=PERMALINK&amp;title=TITLE','kirtsy.png','0'),(35,'laaik.it','http://laaik.it/NewStoryCompact.aspx?uri=PERMALINK&amp;headline=TITLE&amp;cat=5e082fcc-8a3b-47e2-acec-fdf64ff19d12','laaikit.png','0'),(36,'LinkArena','http://linkarena.com/bookmarks/addlink/?url=PERMALINK&amp;title=TITLE','linkarena.png','0'),(37,'LinkaGoGo','http://www.linkagogo.com/go/AddNoPopup?url=PERMALINK&amp;title=TITLE','linkagogo.png','0'),(38,'LinkedIn','http://www.linkedin.com/shareArticle?mini=true&amp;url=PERMALINK&amp;title=TITLE&amp;source=BLOGNAME&amp;summary=EXCERPT','linkedin.png','0'),(39,'Linkter','http://www.linkter.hu/index.php?action=suggest_link&amp;url=PERMALINK&amp;title=TITLE','linkter.png','0'),(40,'Live','https://favorites.live.com/quickadd.aspx?marklet=1&amp;url=PERMALINK&amp;title=TITLE','live.png','0'),(41,'Meneame','http://meneame.net/submit.php?url=PERMALINK','meneame.png','0'),(42,'MisterWong','http://www.mister-wong.com/addurl/?bm_url=PERMALINK&amp;bm_description=TITLE&amp;plugin=soc','misterwong.png','0'),(43,'MisterWong.DE','http://www.mister-wong.de/addurl/?bm_url=PERMALINK&amp;bm_description=TITLE&amp;plugin=soc','misterwong.png','0'),(44,'Mixx','http://www.mixx.com/submit?page_url=PERMALINK&amp;title=TITLE','mixx.png','0'),(45,'muti','http://www.muti.co.za/submit?url=PERMALINK&amp;title=TITLE','muti.png','0'),(46,'MyShare','http://myshare.url.com.tw/index.php?func=newurl&amp;url=PERMALINK&amp;desc=TITLE','myshare.png','0'),(47,'MySpace','http://www.myspace.com/Modules/PostTo/Pages/?u=PERMALINK&amp;t=TITLE','myspace.png','0'),(48,'MSNReporter','http://reporter.nl.msn.com/?fn=contribute&amp;Title=TITLE&amp;URL=PERMALINK&amp;cat_id=6&amp;tag_id=31&amp;Remark=EXCERPT','msnreporter.png','0'),(49,'N4G','http://www.n4g.com/tips.aspx?url=PERMALINK&amp;title=TITLE','n4g.png','0'),(50,'Netvibes','http://www.netvibes.com/share?title=TITLE&amp;url=PERMALINK','netvibes.png','0'),(51,'NewsVine','http://www.newsvine.com/_tools/seed&amp;save?u=PERMALINK&amp;h=TITLE','newsvine.png','0'),(52,'Netvouz','http://www.netvouz.com/action/submitBookmark?url=PERMALINK&amp;title=TITLE&amp;popup=no','netvouz.png','0'),(53,'NuJIJ','http://nujij.nl/jij.lynkx?t=TITLE&amp;u=PERMALINK&amp;b=EXCERPT','nujij.png','0'),(54,'Ping.fm','http://ping.fm/ref/?link=PERMALINK&amp;title=TITLE&amp;body=EXCERPT','ping.png','0'),(55,'Posterous','http://posterous.com/share?linkto=PERMALINK&amp;title=TITLE&amp;selection=EXCERPT','posterous.png','0'),(56,'PDF','http://www.printfriendly.com/print?url=PERMALINK&amp;partner=sociable','pdf.png','0'),(57,'Print','http://www.printfriendly.com/print?url=PERMALINK&amp;partner=sociable','printfriendly.png','0'),(58,'Propeller','http://www.propeller.com/submit/?url=PERMALINK','propeller.png','0'),(59,'Ratimarks','http://ratimarks.org/bookmarks.php/?action=add&address=PERMALINK&amp;title=TITLE','ratimarks.png','0'),(60,'Rec6','http://rec6.via6.com/link.php?url=PERMALINK&amp;=TITLE','rec6.png','0'),(61,'Reddit','http://reddit.com/submit?url=PERMALINK&amp;title=TITLE','reddit.png','0'),(62,'RSS','FEEDLINK','rss.png','0'),(63,'Scoopeo','http://www.scoopeo.com/scoop/new?newurl=PERMALINK&amp;title=TITLE','scoopeo.png','0'),(64,'Segnalo','http://segnalo.alice.it/post.html.php?url=PERMALINK&amp;title=TITLE','segnalo.png','0'),(65,'Simpy','http://www.simpy.com/simpy/LinkAdd.do?href=PERMALINK&amp;title=TITLE','simpy.png','0'),(66,'Slashdot','http://slashdot.org/bookmark.pl?title=TITLE&amp;url=PERMALINK','slashdot.png','0'),(67,'Socialogs','http://socialogs.com/add_story.php?story_url=PERMALINK&amp;story_title=TITLE','socialogs.png','0'),(68,'SphereIt','http://www.sphere.com/search?q=sphereit:PERMALINK&amp;title=TITLE','sphere.png','0'),(69,'Sphinn','http://sphinn.com/index.php?c=post&amp;m=submit&amp;link=PERMALINK','sphinn.png','0'),(70,'StumbleUpon','http://www.stumbleupon.com/submit?url=PERMALINK&amp;title=TITLE','stumbleupon.png','0'),(71,'Techmeme','http://twitter.com/home/?status=tip%20@Techmeme%20PERMALINK%20TITLE','techmeme.png','0'),(72,'Technorati','http://technorati.com/faves?add=PERMALINK','technorati.png','1'),(73,'ThisNext','http://www.thisnext.com/pick/new/submit/sociable/?url=PERMALINK&amp;name=TITLE','thisnext.png','0'),(74,'Tipd','http://tipd.com/submit.php?url=PERMALINK','tipd.png','0'),(75,'Tumblr','http://www.tumblr.com/share?v=3&amp;u=PERMALINK&amp;t=TITLE&amp;s=EXCERPT','tumblr.png','0'),(76,'Twitter','http://twitter.com/home?status=TITLE%20-%20PERMALINK','twitter.png','1'),(77,'Upnews','http://www.upnews.it/submit?url=PERMALINK&amp;title=TITLE','upnews.png','0'),(78,'Webnews.de','http://www.webnews.de/einstellen?url=PERMALINK&amp;title=TITLE','webnews.png','0'),(79,'Webride','http://webride.org/discuss/split.php?uri=PERMALINK&amp;title=TITLE','webride.png','0'),(80,'Wikio','http://www.wikio.com/vote?url=PERMALINK','wikio.png','0'),(81,'Wikio FR','http://www.wikio.fr/vote?url=PERMALINK','wikio.png','0'),(82,'Wikio IT','http://www.wikio.it/vote?url=PERMALINK','wikio.png','0'),(83,'Wists','http://wists.com/s.php?c=&amp;r=PERMALINK&amp;title=TITLE','wists.png','0'),(84,'Wykop','http://www.wykop.pl/dodaj?url=PERMALINK','wykop.png','0'),(85,'Xerpi','http://www.xerpi.com/block/add_link_from_extension?url=PERMALINK&amp;title=TITLE','xerpi.png','0'),(86,'YahooBuzz','http://buzz.yahoo.com/submit/?submitUrl=PERMALINK&amp;submitHeadline=TITLE&amp;submitSummary=EXCERPT&amp;submitCategory=science&amp;submitAssetType=text','yahoobuzz.png','0'),(87,'Yahoo! Bookmarks','http://bookmarks.yahoo.com/toolbar/savebm?u=PERMALINK&amp;t=TITLE&opener=bm&amp;ei=UTF-8&amp;d=EXCERPT','yahoomyweb.png','0'),(88,'Yigg','http://yigg.de/neu?exturl=PERMALINK&amp;exttitle=TITLE','yiggit.png','0'),(89,'Blogplay','http://blogplay.com','blogplay.png','0');

--
-- Table structure for table `idx_pl_twitter_account`
--

CREATE TABLE `idx_pl_twitter_account` (
  `ck` varchar(255) CHARACTER SET utf8 DEFAULT NULL,
  `cs` varchar(255) CHARACTER SET utf8 DEFAULT NULL,
  `at` varchar(255) CHARACTER SET utf8 DEFAULT NULL,
  `ats` varchar(255) CHARACTER SET utf8 DEFAULT NULL
) ENGINE=MyISAM DEFAULT CHARSET=latin1;

--
-- Dumping data for table `idx_pl_twitter_account`
--

INSERT INTO `idx_pl_twitter_account` VALUES ('CR4K1zgEPMTlIIQrpneZQ','URo97umj4d8jQKeKgxP23mfmrfKd2haUowxhqBH1Fg0','356947110-Ga3ZCYZFbmNQTOALS0dZ8vSRCA7RwIUw4plMFaD4','r3Pylr9I2WhiRXqH84TIbJX9jZSZ4WbQoEz637mqM');

--
-- Table structure for table `idx_plugin`
--

CREATE TABLE `idx_plugin` (
  `plugin_id` int(11) NOT NULL AUTO_INCREMENT,
  `name` varchar(255) DEFAULT NULL,
  `plugin_file` varchar(255) DEFAULT NULL,
  `status` enum('0','1') DEFAULT NULL,
  `option_plugin` text,
  PRIMARY KEY (`plugin_id`)
) ENGINE=MyISAM AUTO_INCREMENT=3 DEFAULT CHARSET=latin1;

--
-- Dumping data for table `idx_plugin`
--

INSERT INTO `idx_plugin` VALUES (1,'AutoTweet','twitter_auto_tweet/twitter_auto_tweet.php','1',NULL),(2,'Sociable','sociable/sociable.php','1',NULL);

--
-- Table structure for table `idx_review`
--

CREATE TABLE `idx_review` (
  `review_id` mediumint(9) unsigned NOT NULL AUTO_INCREMENT,
  `link_id` mediumint(9) unsigned NOT NULL DEFAULT '0',
  `review` text NOT NULL,
  `rating` tinyint(3) unsigned NOT NULL DEFAULT '0',
  `date` date NOT NULL DEFAULT '0000-00-00',
  `subject` varchar(100) DEFAULT NULL,
  `status` char(1) DEFAULT NULL,
  `username` varchar(20) DEFAULT NULL,
  `name` varchar(20) DEFAULT NULL,
  `email` varchar(100) DEFAULT NULL,
  PRIMARY KEY (`review_id`)
) ENGINE=MyISAM DEFAULT CHARSET=latin1;

--
-- Dumping data for table `idx_review`
--


--
-- Table structure for table `idx_searchlog`
--

CREATE TABLE `idx_searchlog` (
  `keyword` varchar(100) NOT NULL DEFAULT '',
  `time` datetime NOT NULL DEFAULT '0000-00-00 00:00:00',
  `result` mediumint(9) unsigned DEFAULT NULL,
  `ip` varchar(100) DEFAULT NULL
) ENGINE=MyISAM DEFAULT CHARSET=latin1;

--
-- Dumping data for table `idx_searchlog`
--

INSERT INTO `idx_searchlog` VALUES ('psdtoxhtmldesign.com','2011-10-21 09:52:51',1,'122.161.150.9'),('perfecto','2011-10-25 21:29:56',0,'67.86.109.105'),('Yonge Florist Toronto','2011-11-15 12:53:23',1,'59.90.205.26'),('360 technologies','2012-01-27 16:40:45',1,'207.200.44.67'),('webcomic','2012-01-27 16:41:34',0,'207.200.44.67'),('comic','2012-01-27 16:41:39',0,'207.200.44.67'),('cartoon','2012-01-27 16:41:43',0,'207.200.44.67');

--
-- Table structure for table `idx_set_hook_place`
--

CREATE TABLE `idx_set_hook_place` (
  `set_hook_place_id` int(11) NOT NULL AUTO_INCREMENT,
  `plugin` varchar(255) DEFAULT NULL,
  `set_hook_place` text,
  PRIMARY KEY (`set_hook_place_id`)
) ENGINE=MyISAM DEFAULT CHARSET=latin1;

--
-- Dumping data for table `idx_set_hook_place`
--


--
-- Table structure for table `idx_setting`
--

CREATE TABLE `idx_setting` (
  `setting_id` int(11) NOT NULL AUTO_INCREMENT,
  `setting_name` varchar(255) DEFAULT NULL,
  `setting_value` text,
  PRIMARY KEY (`setting_id`)
) ENGINE=MyISAM AUTO_INCREMENT=55 DEFAULT CHARSET=latin1;

--
-- Dumping data for table `idx_setting`
--

INSERT INTO `idx_setting` VALUES (4,'site_name','coolweblinks.org'),(5,'site_url','http://coolweblinks.org'),(6,'email_address','amaya.mcevilly@gmail.com'),(7,'language_code','en_US'),(8,'theme_path','/home/coolwebl/public_html/themes/'),(9,'admin_template_path','/home/coolwebl/public_html/admin_tpl/'),(10,'plugin_path','/home/coolwebl/public_html/plugin/'),(12,'active_theme','_coolweblinks'),(14,'spam_proof','1'),(15,'enable_user_validation','1'),(16,'allowed_file_extension','gif,jpg,png,pdf,zip,doc'),(17,'yahoo_appid',''),(18,'whosonline','600'),(19,'reciprocal_check','0'),(20,'urlcheck_limit','1'),(21,'pagerank_cache','30'),(22,'max_image_width','1024'),(23,'max_image_height','756'),(24,'max_file_size','500'),(25,'only_registered_can_add_link','0'),(26,'only_registered_can_add_review','0'),(27,'db_use_persistent','0'),(28,'paid_link_day_period','30,60,90,180'),(29,'paid_link_price_factor','1,1.5,2,3'),(30,'enable_html_tag','1'),(31,'allowed_html_tag','<b>,<strong>,<i>,<em>,<u>,<pre>,<blockquote>,<ol>,<ul>,<li>,<p>,<span>,<div>,<table>,<tr>,<td>'),(32,'enable_page_compression','0'),(33,'enable_category_ajax','1'),(34,'require_visit_category','0'),(35,'additional_category_price','0.5'),(36,'enable_rating_ajax','1'),(37,'service_nicecoder_avail','1'),(38,'enable_recaptcha','0'),(39,'recaptcha_publickey',''),(40,'recaptcha_privatekey',''),(41,'enable_bidding','0'),(42,'minimum_bid','5'),(43,'bid_increament','1'),(44,'charset','utf-8'),(45,'mailer','mail'),(46,'smtp_auth','0'),(47,'smtp_host',''),(48,'smtp_username',''),(49,'smtp_password',''),(50,'smtp_port','25'),(51,'emailbody_as_html','0'),(52,'indexu_version','2.4'),(53,'tos',''),(54,'submission_guidelines','');

--
-- Table structure for table `idx_tags`
--

CREATE TABLE `idx_tags` (
  `tag` varchar(64) NOT NULL DEFAULT '',
  `category_id` mediumint(8) unsigned NOT NULL DEFAULT '0',
  `total` int(11) NOT NULL DEFAULT '0',
  `tag_path` varchar(64) NOT NULL,
  PRIMARY KEY (`tag`,`category_id`)
) ENGINE=MyISAM DEFAULT CHARSET=latin1;

--
-- Dumping data for table `idx_tags`
--


--
-- Table structure for table `idx_unavailable`
--

CREATE TABLE `idx_unavailable` (
  `idx_unavailable` int(11) NOT NULL AUTO_INCREMENT,
  `link_id` int(11) DEFAULT NULL,
  `url` varchar(255) DEFAULT NULL,
  `who_is` varchar(255) DEFAULT NULL,
  `note` text,
  `date` datetime DEFAULT NULL,
  PRIMARY KEY (`idx_unavailable`)
) ENGINE=MyISAM DEFAULT CHARSET=latin1;

--
-- Dumping data for table `idx_unavailable`
--


--
-- Table structure for table `idx_unavailable_latest`
--

CREATE TABLE `idx_unavailable_latest` (
  `idx_link` int(11) DEFAULT NULL,
  `record_execution` int(11) DEFAULT NULL
) ENGINE=MyISAM DEFAULT CHARSET=latin1;

--
-- Dumping data for table `idx_unavailable_latest`
--


--
-- Table structure for table `idx_votes`
--

CREATE TABLE `idx_votes` (
  `link_id` mediumint(9) NOT NULL DEFAULT '0',
  `ip` varchar(100) DEFAULT NULL,
  `value` tinyint(4) DEFAULT NULL
) ENGINE=MyISAM DEFAULT CHARSET=latin1;

--
-- Dumping data for table `idx_votes`
--



