--
-- Host: coolweblinkx.com    Database: coolweb1_indexu
-- ------------------------------------------------------


--
-- Table structure for table `directory_save_data`
--

CREATE TABLE `directory_save_data` (
  `id` bigint(100) NOT NULL AUTO_INCREMENT,
  `schedule_id` bigint(100) NOT NULL,
  `project_id` bigint(100) NOT NULL,
  `link_id` bigint(100) NOT NULL,
  `confirm_link` text NOT NULL,
  `category_id` int(10) NOT NULL,
  `category_name` varchar(150) NOT NULL,
  PRIMARY KEY (`id`)
) ENGINE=InnoDB DEFAULT CHARSET=latin1;

--
-- Dumping data for table `directory_save_data`
--


--
-- Table structure for table `idx_admin_menu`
--

CREATE TABLE `idx_admin_menu` (
  `menu_id` int(11) NOT NULL AUTO_INCREMENT,
  `parent_id` int(11) DEFAULT NULL,
  `menu_title` varchar(255) DEFAULT NULL,
  `menu_url` varchar(255) DEFAULT NULL,
  `order_number` int(11) DEFAULT NULL,
  PRIMARY KEY (`menu_id`)
) ENGINE=MyISAM AUTO_INCREMENT=85 DEFAULT CHARSET=latin1;

--
-- Dumping data for table `idx_admin_menu`
--



--
-- Table structure for table `idx_bad_link`
--

CREATE TABLE `idx_bad_link` (
  `bad_link_id` mediumint(9) unsigned NOT NULL AUTO_INCREMENT,
  `link_id` mediumint(9) unsigned NOT NULL DEFAULT '0',
  `name` varchar(50) NOT NULL DEFAULT '',
  `email` varchar(50) NOT NULL DEFAULT '',
  `type` tinyint(3) unsigned NOT NULL DEFAULT '0',
  `date` date NOT NULL DEFAULT '0000-00-00',
  PRIMARY KEY (`bad_link_id`)
) ENGINE=MyISAM DEFAULT CHARSET=latin1;

--
-- Dumping data for table `idx_bad_link`
--


--
-- Table structure for table `idx_badwords`
--

CREATE TABLE `idx_badwords` (
  `word` varchar(100) NOT NULL DEFAULT ''
) ENGINE=MyISAM DEFAULT CHARSET=latin1;

--
-- Dumping data for table `idx_badwords`
--


--
-- Table structure for table `idx_blocked_domain`
--

CREATE TABLE `idx_blocked_domain` (
  `blocked_id` int(11) NOT NULL AUTO_INCREMENT,
  `blocked` varchar(255) DEFAULT NULL,
  `type` enum('domain','ip') DEFAULT NULL,
  PRIMARY KEY (`blocked_id`)
) ENGINE=MyISAM AUTO_INCREMENT=6 DEFAULT CHARSET=latin1;

--
-- Dumping data for table `idx_blocked_domain`
--

INSERT INTO `idx_blocked_domain` VALUES (1,'buydomains.com','domain'),(2,'this-domain-for-sale.com ','domain'),(3,'oversee.net','domain'),(4,'eNom','domain'),(5,'sedoparking.com','domain');

--
-- Table structure for table `idx_category`
--

CREATE TABLE `idx_category` (
  `category_id` mediumint(9) unsigned NOT NULL AUTO_INCREMENT,
  `parent_id` mediumint(9) unsigned NOT NULL DEFAULT '0',
  `name` varchar(100) NOT NULL DEFAULT '',
  `description` text NOT NULL,
  `image` varchar(100) DEFAULT NULL,
  `content` text,
  `visible` char(1) DEFAULT NULL,
  `links` mediumint(9) DEFAULT NULL,
  `meta_keyword` text,
  `meta_description` text,
  `permission` char(2) DEFAULT NULL,
  `registered_only` char(1) DEFAULT NULL,
  `header` text NOT NULL,
  `footer` text NOT NULL,
  `related` mediumint(6) NOT NULL DEFAULT '0',
  `page_title` varchar(200) NOT NULL DEFAULT '',
  `hits` int(11) NOT NULL DEFAULT '0',
  `order_num` smallint(6) NOT NULL DEFAULT '0',
  `basic_price` double unsigned NOT NULL DEFAULT '0',
  `premium_price` double unsigned NOT NULL DEFAULT '0',
  `sponsored_price` double unsigned NOT NULL DEFAULT '0',
  PRIMARY KEY (`category_id`)
) ENGINE=MyISAM AUTO_INCREMENT=36 DEFAULT CHARSET=latin1;

--
-- Dumping data for table `idx_category`
--

INSERT INTO `idx_category` VALUES (1,0,'Arts & Humanities','','folder.gif','','1',25,'','','0','0','','',0,'',0,0,0,0,0),(2,0,'Automobile industry','','folder.gif','','1',47,'','','0','0','','',0,'',0,0,0,0,0),(3,0,'Business & Economy','','folder.gif','','1',179,'','','0','0','','',0,'',0,0,0,0,0),(4,0,'Careers','','folder.gif','','1',2,'','','0','0','','',0,'',0,0,0,0,0),(5,0,'Clothing & Fashion','','folder.gif','','1',14,'','','0','0','','',0,'',0,0,0,0,0),(6,0,'Mass Communications','','folder.gif','','1',19,'','','0','0','','',0,'',0,0,0,0,0),(7,0,'Computers & IT','','folder.gif','','1',36,'','','0','0','','',0,'',0,0,0,0,0),(8,0,'Construction Services','','folder.gif','','1',91,'','','0','0','','',0,'',0,0,0,0,0),(9,0,'Dental Health','','folder.gif','','1',135,'','','0','0','','',0,'',0,0,0,0,0),(10,0,'Education & Training','','folder.gif','','1',31,'','','0','0','','',0,'',0,0,0,0,0),(11,0,'Employment & Recruitment','','folder.gif','','1',0,'','','0','0','','',0,'',0,0,0,0,0),(12,0,'Gifts & Novelties','','folder.gif','','1',22,'','','0','0','','',0,'',0,0,0,0,0),(13,0,'Software & Hardware','','folder.gif','','1',12,'','','0','0','','',0,'',0,0,0,0,0),(14,0,'Health Services','','folder.gif','','1',0,'','','0','0','','',0,'',0,0,0,0,0),(15,0,'Healthcare Industry','','folder.gif','','1',158,'','','0','0','','',0,'',0,0,0,0,0),(16,0,'Heating, Ventilating and Air Conditioning','','folder.gif','','1',89,'','','0','0','','',0,'',0,0,0,0,0),(17,0,'Home & Garden Making','','folder.gif','','1',250,'','','0','0','','',0,'',0,0,0,0,0),(18,0,'Home Improvement','','folder.gif','','1',94,'','','0','0','','',0,'',0,0,0,0,0),(19,0,'Hotels & Motels','','folder.gif','','1',73,'','','0','0','','',0,'',0,0,0,0,0),(20,0,'Insurance','','folder.gif','','1',31,'','','0','0','','',0,'',0,0,0,0,0),(21,0,'Law & Politics','','folder.gif','','1',3,'','','0','0','','',0,'',0,0,0,0,0),(22,0,'Lawyers','','folder.gif','','1',214,'','','0','0','','',0,'',0,0,0,0,0),(23,0,'Lifestyle & Relationships','','folder.gif','','1',7,'','','0','0','','',0,'',0,0,0,0,0),(24,0,'Medicine','','folder.gif','','1',13,'','','0','0','','',0,'',0,0,0,0,0),(25,0,'Money & Finance','','folder.gif','','1',26,'','','0','0','','',0,'',0,0,0,0,0),(26,0,'News & Issues','','folder.gif','','1',2,'','','0','0','','',0,'',0,0,0,0,0),(27,0,'Plumbing','','folder.gif','','1',45,'','','0','0','','',0,'',0,0,0,0,0),(28,0,'Real Estate','','folder.gif','','1',41,'','','0','0','','',0,'',0,0,0,0,0),(29,0,'Science & Technology','','folder.gif','','1',17,'','','0','0','','',0,'',0,0,0,0,0),(30,0,'SEO & SMO','','folder.gif','','1',25,'','','0','0','','',0,'',0,0,0,0,0),(31,0,'Shopping','','folder.gif','','1',80,'','','0','0','','',0,'',0,0,0,0,0),(32,0,'Sports & Games','','folder.gif','','1',10,'','','0','0','','',0,'',0,0,0,0,0),(33,0,'Transportation and Logistics','','folder.gif','','1',61,'','','0','0','','',0,'',0,0,0,0,0),(34,0,'Travel','','folder.gif','','1',27,'','','0','0','','',0,'',0,0,0,0,0),(35,0,'Wedding','','folder.gif','','1',13,'','','0','0','','',0,'',0,0,0,0,0);

--
-- Table structure for table `idx_category_path`
--

CREATE TABLE `idx_category_path` (
  `category_id` mediumint(9) NOT NULL DEFAULT '0',
  `path` text,
  `path_with_url` text,
  `parents` text,
  PRIMARY KEY (`category_id`)
) ENGINE=MyISAM DEFAULT CHARSET=latin1;

--
-- Dumping data for table `idx_category_path`
--

INSERT INTO `idx_category_path` VALUES (1,'Arts & Humanities','<a href=\"http://coolweblinkx.com/arts-humanities/\" name=\"cat_1\" style=\"\">Arts & Humanities</a>',';0;'),(2,'Automobile industry','<a href=\"http://coolweblinkx.com/automobile-industry/\" name=\"cat_2\" style=\"\">Automobile industry</a>',';0;'),(3,'Business & Economy','<a href=\"http://coolweblinkx.com/business-economy/\" name=\"cat_3\" style=\"\">Business & Economy</a>',';0;'),(4,'Careers','<a href=\"http://coolweblinkx.com/careers/\" name=\"cat_4\" style=\"\">Careers</a>',';0;'),(5,'Clothing & Fashion','<a href=\"http://coolweblinkx.com/clothing-fashion/\" name=\"cat_5\" style=\"\">Clothing & Fashion</a>',';0;'),(6,'Mass Communications','<a href=\"http://coolweblinkx.com/mass-communications/\" name=\"cat_6\" style=\"\">Mass Communications</a>',';0;'),(7,'Computers & IT','<a href=\"http://coolweblinkx.com/computers-it/\" name=\"cat_7\" style=\"\">Computers & IT</a>',';0;'),(8,'Construction Services','<a href=\"http://coolweblinkx.com/construction-services/\" name=\"cat_8\" style=\"\">Construction Services</a>',';0;'),(9,'Dental Health','<a href=\"http://coolweblinkx.com/dental-health/\" name=\"cat_9\" style=\"\">Dental Health</a>',';0;'),(10,'Education & Training','<a href=\"http://coolweblinkx.com/education-training/\" name=\"cat_10\" style=\"\">Education & Training</a>',';0;'),(11,'Employment & Recruitment','<a href=\"http://coolweblinkx.com/employment-recruitment/\" name=\"cat_11\" style=\"\">Employment & Recruitment</a>',';0;'),(12,'Gifts & Novelties','<a href=\"http://coolweblinkx.com/gifts-novelties/\" name=\"cat_12\" style=\"\">Gifts & Novelties</a>',';0;'),(13,'Software & Hardware','<a href=\"http://coolweblinkx.com/software-hardware/\" name=\"cat_13\" style=\"\">Software & Hardware</a>',';0;'),(14,'Health Services','<a href=\"http://coolweblinkx.com/health-services/\" name=\"cat_14\" style=\"\">Health Services</a>',';0;'),(15,'Healthcare Industry','<a href=\"http://coolweblinkx.com/healthcare-industry/\" name=\"cat_15\" style=\"\">Healthcare Industry</a>',';0;'),(16,'Heating, Ventilating and Air Conditioning','<a href=\"http://coolweblinkx.com/heating-ventilating-and-air-conditioning/\" name=\"cat_16\" style=\"\">Heating, Ventilating and Air Conditioning</a>',';0;'),(17,'Home & Garden Making','<a href=\"http://coolweblinkx.com/home-garden-making/\" name=\"cat_17\" style=\"\">Home & Garden Making</a>',';0;'),(18,'Home Improvement','<a href=\"http://coolweblinkx.com/home-improvement/\" name=\"cat_18\" style=\"\">Home Improvement</a>',';0;'),(19,'Hotels & Motels','<a href=\"http://coolweblinkx.com/hotels-motels/\" name=\"cat_19\" style=\"\">Hotels & Motels</a>',';0;'),(20,'Insurance','<a href=\"http://coolweblinkx.com/insurance/\" name=\"cat_20\" style=\"\">Insurance</a>',';0;'),(21,'Law & Politics','<a href=\"http://coolweblinkx.com/law-politics/\" name=\"cat_21\" style=\"\">Law & Politics</a>',';0;'),(22,'Lawyers','<a href=\"http://coolweblinkx.com/lawyers/\" name=\"cat_22\" style=\"\">Lawyers</a>',';0;'),(23,'Lifestyle & Relationships','<a href=\"http://coolweblinkx.com/lifestyle-relationships/\" name=\"cat_23\" style=\"\">Lifestyle & Relationships</a>',';0;'),(24,'Medicine','<a href=\"http://coolweblinkx.com/medicine/\" name=\"cat_24\" style=\"\">Medicine</a>',';0;'),(25,'Money & Finance','<a href=\"http://coolweblinkx.com/money-finance/\" name=\"cat_25\" style=\"\">Money & Finance</a>',';0;'),(26,'News & Issues','<a href=\"http://coolweblinkx.com/news-issues/\" name=\"cat_26\" style=\"\">News & Issues</a>',';0;'),(27,'Plumbing','<a href=\"http://coolweblinkx.com/plumbing/\" name=\"cat_27\" style=\"\">Plumbing</a>',';0;'),(28,'Real Estate','<a href=\"http://coolweblinkx.com/real-estate/\" name=\"cat_28\" style=\"\">Real Estate</a>',';0;'),(29,'Science & Technology','<a href=\"http://coolweblinkx.com/science-technology/\" name=\"cat_29\" style=\"\">Science & Technology</a>',';0;'),(30,'SEO & SMO','<a href=\"http://coolweblinkx.com/seo-smo/\" name=\"cat_30\" style=\"\">SEO & SMO</a>',';0;'),(31,'Shopping','<a href=\"http://coolweblinkx.com/shopping/\" name=\"cat_31\" style=\"\">Shopping</a>',';0;'),(32,'Sports & Games','<a href=\"http://coolweblinkx.com/sports-games/\" name=\"cat_32\" style=\"\">Sports & Games</a>',';0;'),(33,'Transportation and Logistics','<a href=\"http://coolweblinkx.com/transportation-and-logistics/\" name=\"cat_33\" style=\"\">Transportation and Logistics</a>',';0;'),(34,'Travel','<a href=\"http://coolweblinkx.com/travel/\" name=\"cat_34\" style=\"\">Travel</a>',';0;'),(35,'Wedding','<a href=\"http://coolweblinkx.com/wedding/\" name=\"cat_35\" style=\"\">Wedding</a>',';0;');

--
-- Table structure for table `idx_category_suggession`
--

CREATE TABLE `idx_category_suggession` (
  `id_cat_suggession` int(11) NOT NULL AUTO_INCREMENT,
  `parent_id` int(11) DEFAULT NULL,
  `name` varchar(255) DEFAULT NULL,
  `category_description` text,
  `date` datetime DEFAULT NULL,
  PRIMARY KEY (`id_cat_suggession`)
) ENGINE=MyISAM AUTO_INCREMENT=5 DEFAULT CHARSET=latin1;

--
-- Dumping data for table `idx_category_suggession`
--

INSERT INTO `idx_category_suggession` VALUES (1,3,'Catering Equipment','top quality stainless steel fabrications and made to measure kitchen solutions for both domestic and commercial kitchens, including custom made stainless splashbacks, stainless steel worktops, catering tables, food preparation tables, Shelving, Microwave shelves, Door kick plates, and many more items. http://www.bespokecaterquip.co.uk/','2011-12-22 06:12:20'),(2,3,'Smoking Shelters','UK\'s Leading Manufacturer Of Smoking Shelters & Cigarette Bins. http://www.shelters-r-us.co.uk/  \r\n','2011-12-22 06:13:02'),(3,27,'plumbing, heating and maintenance','D.R.C. Bardwell covers a wide range of services including plumbing, heating and maintenance. From complete bathrooms, under floor heating to emergency callouts we pride ourselves on the quality of workmanship and excellent service based in Norwich. http://www.plumbingandheatingnorwich.co.uk/\r\n\r\n','2011-12-22 06:13:41'),(4,23,'Online Dating','\r\nLotsofloves.com is a completely free online dating site which allows you to meet your perfect partner. Providing a brilliant matching service which allows you to instant message, send instant winks, create your own dating profile, use web cam video chat, visit chat rooms, upload photos, create friends lists and enjoy safe dating with friends only facilities.\r\n','2011-12-22 06:14:54');

--
-- Table structure for table `idx_checkurl`
--

CREATE TABLE `idx_checkurl` (
  `link_id` mediumint(9) NOT NULL DEFAULT '0',
  `date` date NOT NULL DEFAULT '0000-00-00',
  `live` char(1) NOT NULL DEFAULT '',
  `reciprocal_found` char(1) NOT NULL DEFAULT '',
  PRIMARY KEY (`link_id`)
) ENGINE=MyISAM DEFAULT CHARSET=latin1;

--
-- Dumping data for table `idx_checkurl`
--


--
-- Table structure for table `idx_cronjobs`
--

CREATE TABLE `idx_cronjobs` (
  `cronjobs_id` int(11) NOT NULL AUTO_INCREMENT,
  `cronjobs_name` varchar(255) DEFAULT NULL,
  `filename` varchar(255) NOT NULL,
  `schedule` varchar(255) NOT NULL,
  `time` datetime NOT NULL,
  `execution` varchar(1) NOT NULL,
  PRIMARY KEY (`cronjobs_id`)
) ENGINE=MyISAM AUTO_INCREMENT=4 DEFAULT CHARSET=latin1;

--
-- Dumping data for table `idx_cronjobs`
--

INSERT INTO `idx_cronjobs` VALUES (1,NULL,'clear_templates_c.php','1,*,*,*,*','0000-00-00 00:00:00',''),(2,NULL,'update_tag_cloud.php','*,24,*,*,*','0000-00-00 00:00:00',''),(3,NULL,'clear_rss_cache.php','*,24,*,*,*','0000-00-00 00:00:00','');

--
-- Table structure for table `idx_custom_field`
--

CREATE TABLE `idx_custom_field` (
  `field_name` varchar(32) NOT NULL DEFAULT '',
  `field_text` varchar(64) NOT NULL DEFAULT '',
  `field_type` enum('TEXT','TEXTAREA','SELECT','MULTISELECT','CHECKBOX','RADIO','FILE','IMAGE','DATE','DATETIME','RICHEDITOR') NOT NULL DEFAULT 'TEXT',
  `field_option` text NOT NULL,
  `field_img_width` int(10) unsigned NOT NULL DEFAULT '0',
  `field_img_height` int(10) unsigned NOT NULL DEFAULT '0',
  `field_file_size` int(10) unsigned NOT NULL DEFAULT '0',
  `field_file_extension` varchar(64) NOT NULL DEFAULT '',
  `required` char(1) NOT NULL DEFAULT '0',
  `searchable` char(1) NOT NULL DEFAULT '1',
  `permission` char(1) NOT NULL DEFAULT '0'
) ENGINE=MyISAM DEFAULT CHARSET=latin1;

--
-- Dumping data for table `idx_custom_field`
--

INSERT INTO `idx_custom_field` VALUES ('image','Image','IMAGE','',0,0,0,'','0','0','2'),('address','Address','TEXT','',0,0,0,'','0','0','0'),('city','City','TEXT','',0,0,0,'','0','0','0'),('state','State','TEXT','',0,0,0,'','0','0','0'),('country','Country','TEXT','',0,0,0,'','0','0','0'),('zip','Zip','TEXT','',0,0,0,'','0','0','0'),('phone','Phone','TEXT','',0,0,0,'','0','0','0'),('fax','Fax','TEXT','',0,0,0,'','0','0','0');

--
-- Table structure for table `idx_default_field`
--

CREATE TABLE `idx_default_field` (
  `field_name` varchar(64) NOT NULL,
  `required` char(1) NOT NULL,
  `visible` char(1) NOT NULL DEFAULT '1',
  `searchable` char(1) NOT NULL DEFAULT '1'
) ENGINE=MyISAM DEFAULT CHARSET=latin1;

--
-- Dumping data for table `idx_default_field`
--

INSERT INTO `idx_default_field` VALUES ('title','1','1','1'),('url','1','1','1'),('description','1','1','1'),('keywords','1','1','0'),('contact_name','1','1','1'),('email','1','1','1'),('reciprocal_url','0','0','1');

--
-- Table structure for table `idx_discount_coupon`
--

CREATE TABLE `idx_discount_coupon` (
  `coupon_id` int(11) NOT NULL AUTO_INCREMENT,
  `coupon_code` varchar(255) DEFAULT NULL,
  `coupon_value` varchar(50) DEFAULT NULL,
  `link_type` varchar(255) DEFAULT NULL,
  `start_date` date DEFAULT NULL,
  `expired_date` date DEFAULT NULL,
  `expired_usage` int(11) DEFAULT NULL,
  `usage_count` int(11) DEFAULT NULL,
  PRIMARY KEY (`coupon_id`)
) ENGINE=MyISAM DEFAULT CHARSET=latin1;

--
-- Dumping data for table `idx_discount_coupon`
--


--
-- Table structure for table `idx_editor`
--

CREATE TABLE `idx_editor` (
  `username` varchar(20) DEFAULT NULL,
  `category_id` mediumint(9) DEFAULT NULL,
  `category` char(1) DEFAULT NULL,
  `link` char(1) DEFAULT NULL,
  `review` char(1) DEFAULT NULL,
  `pick` char(1) DEFAULT NULL,
  `status` char(1) DEFAULT NULL,
  `date` date DEFAULT NULL
) ENGINE=MyISAM DEFAULT CHARSET=latin1;

--
-- Dumping data for table `idx_editor`
--


--
-- Table structure for table `idx_email_template`
--

CREATE TABLE `idx_email_template` (
  `email_template_id` int(10) unsigned NOT NULL AUTO_INCREMENT,
  `name` varchar(255) DEFAULT NULL,
  `subject` varchar(255) DEFAULT NULL,
  `body` text,
  `altbody` text,
  PRIMARY KEY (`email_template_id`)
) ENGINE=MyISAM AUTO_INCREMENT=37 DEFAULT CHARSET=latin1;

--
-- Dumping data for table `idx_email_template`
--



--
-- Table structure for table `idx_favorites`
--

CREATE TABLE `idx_favorites` (
  `favorite_id` int(11) NOT NULL AUTO_INCREMENT,
  `username` varchar(20) DEFAULT NULL,
  `date` date DEFAULT NULL,
  `title` varchar(100) DEFAULT NULL,
  `description` text,
  PRIMARY KEY (`favorite_id`)
) ENGINE=MyISAM AUTO_INCREMENT=7 DEFAULT CHARSET=latin1;

--
-- Dumping data for table `idx_favorites`
--

INSERT INTO `idx_favorites` VALUES (1,'terencebrendl64w64','2011-10-18','My Favorites',NULL),(2,'lowellsammyi53b32','2011-10-19','My Favorites',NULL),(3,'robinalex87','2011-10-21','My Favorites',NULL),(4,'salvatoretrir62t39','2011-10-31','My Favorites',NULL),(5,'judsonterrelb77u65','2011-11-02','My Favorites',NULL),(6,'adaptive84','2011-12-07','My Favorites',NULL);

--
-- Table structure for table `idx_favorites_detail`
--

CREATE TABLE `idx_favorites_detail` (
  `favorite_id` int(11) DEFAULT NULL,
  `link_id` mediumint(9) DEFAULT NULL
) ENGINE=MyISAM DEFAULT CHARSET=latin1;

--
-- Dumping data for table `idx_favorites_detail`
--


--
-- Table structure for table `idx_hook_place`
--

CREATE TABLE `idx_hook_place` (
  `hook_place_id` int(11) NOT NULL AUTO_INCREMENT,
  `filename` varchar(255) DEFAULT NULL,
  `hookname` varchar(255) DEFAULT NULL,
  PRIMARY KEY (`hook_place_id`)
) ENGINE=MyISAM DEFAULT CHARSET=latin1;

--
-- Dumping data for table `idx_hook_place`
--


--
-- Table structure for table `idx_invoice`
--

CREATE TABLE `idx_invoice` (
  `invoice_id` varchar(10) NOT NULL DEFAULT '',
  `invoice_date` date DEFAULT NULL,
  `due_date` date DEFAULT NULL,
  `invoiced_to` text,
  `service` varchar(255) DEFAULT NULL,
  `description` text,
  `total` double(8,2) DEFAULT NULL,
  `comment` text,
  `paid` char(1) DEFAULT NULL,
  `paid_date` date DEFAULT NULL,
  `email` varchar(255) DEFAULT NULL,
  PRIMARY KEY (`invoice_id`)
) ENGINE=MyISAM DEFAULT CHARSET=latin1;

--
-- Dumping data for table `idx_invoice`
--


--
-- Table structure for table `idx_invoice_config`
--

CREATE TABLE `idx_invoice_config` (
  `company` varchar(255) DEFAULT NULL,
  `contact` varchar(255) DEFAULT NULL,
  `address` text,
  `phone` varchar(255) DEFAULT NULL,
  `email` varchar(255) DEFAULT NULL,
  `currency_symbol` varchar(255) DEFAULT '$',
  `currency_code` varchar(255) DEFAULT 'USD'
) ENGINE=MyISAM DEFAULT CHARSET=latin1;

--
-- Dumping data for table `idx_invoice_config`
--

INSERT INTO `idx_invoice_config` VALUES ('Your website / Company','Billing Department','Your address','Your phone #','Billing<name@yourdomain.com>','$','USD');

--
-- Table structure for table `idx_link_temp`
--

CREATE TABLE `idx_link_temp` (
  `vid` mediumint(9) unsigned NOT NULL AUTO_INCREMENT,
  `spam` char(1) NOT NULL DEFAULT '0',
  `link_id` mediumint(9) DEFAULT NULL,
  `category_id` mediumint(9) unsigned NOT NULL DEFAULT '0',
  `title` varchar(100) NOT NULL DEFAULT '',
  `url` text NOT NULL,
  `description` text NOT NULL,
  `contact_name` varchar(100) NOT NULL DEFAULT '',
  `email` varchar(100) NOT NULL DEFAULT '',
  `hits` mediumint(9) DEFAULT NULL,
  `votes` smallint(6) DEFAULT NULL,
  `rating` float(4,2) DEFAULT NULL,
  `date` datetime NOT NULL DEFAULT '0000-00-00 00:00:00',
  `bid` smallint(6) NOT NULL DEFAULT '0',
  `new` char(1) DEFAULT NULL,
  `hot` char(1) DEFAULT NULL,
  `top_rated` char(1) DEFAULT NULL,
  `pick` char(1) DEFAULT NULL,
  `password` varchar(20) DEFAULT NULL,
  `updated` char(1) DEFAULT NULL,
  `reviews` smallint(6) DEFAULT NULL,
  `avg_review` float(4,2) DEFAULT NULL,
  `last_updated` datetime DEFAULT NULL,
  `official_review` text,
  `keywords` varchar(255) DEFAULT NULL,
  `cat1` mediumint(6) NOT NULL DEFAULT '0',
  `cat2` mediumint(6) NOT NULL DEFAULT '0',
  `suspended` char(1) NOT NULL DEFAULT '0',
  `reciprocal_url` varchar(255) DEFAULT NULL,
  `address` varchar(255) DEFAULT NULL,
  `city` varchar(255) DEFAULT NULL,
  `state` varchar(255) DEFAULT NULL,
  `country` varchar(255) DEFAULT NULL,
  `zip` varchar(255) DEFAULT NULL,
  `image` varchar(255) DEFAULT NULL,
  `phone` varchar(255) DEFAULT NULL,
  `fax` varchar(255) DEFAULT NULL,
  PRIMARY KEY (`vid`)
) ENGINE=MyISAM DEFAULT CHARSET=latin1;

--
-- Dumping data for table `idx_link_temp`
--


--
-- Table structure for table `idx_link_temp_user`
--

CREATE TABLE `idx_link_temp_user` (
  `vid` mediumint(9) unsigned NOT NULL DEFAULT '0',
  `username` varchar(20) NOT NULL DEFAULT '',
  PRIMARY KEY (`vid`)
) ENGINE=MyISAM DEFAULT CHARSET=latin1;

--
-- Dumping data for table `idx_link_temp_user`
--


--
-- Table structure for table `idx_link_user`
--

CREATE TABLE `idx_link_user` (
  `link_id` mediumint(9) unsigned NOT NULL DEFAULT '0',
  `username` varchar(20) NOT NULL DEFAULT '',
  PRIMARY KEY (`link_id`)
) ENGINE=MyISAM DEFAULT CHARSET=latin1;

--
-- Dumping data for table `idx_link_user`
--

INSERT INTO `idx_link_user` VALUES (3903,'robinalex87');

--
-- Table structure for table `idx_mailing_list`
--

CREATE TABLE `idx_mailing_list` (
  `email` varchar(50) NOT NULL DEFAULT '',
  `code` varchar(4) DEFAULT NULL,
  `status` char(1) DEFAULT NULL,
  PRIMARY KEY (`email`)
) ENGINE=MyISAM DEFAULT CHARSET=latin1;

--
-- Dumping data for table `idx_mailing_list`
--


--
-- Table structure for table `idx_message`
--

CREATE TABLE `idx_message` (
  `message_id` smallint(6) NOT NULL AUTO_INCREMENT,
  `date` date DEFAULT NULL,
  `body` text,
  `subject` varchar(100) DEFAULT NULL,
  PRIMARY KEY (`message_id`)
) ENGINE=MyISAM DEFAULT CHARSET=latin1;

--
-- Dumping data for table `idx_message`
--


--
-- Table structure for table `idx_notification`
--

CREATE TABLE `idx_notification` (
  `username` varchar(20) NOT NULL DEFAULT '',
  `category_id` mediumint(9) NOT NULL DEFAULT '0'
) ENGINE=MyISAM DEFAULT CHARSET=latin1;

--
-- Dumping data for table `idx_notification`
--


--
-- Table structure for table `idx_pagerank`
--

CREATE TABLE `idx_pagerank` (
  `link_id` mediumint(8) unsigned NOT NULL DEFAULT '0',
  `engine` char(1) NOT NULL DEFAULT '',
  `rank` tinyint(4) NOT NULL DEFAULT '0',
  `last_update` date NOT NULL DEFAULT '0000-00-00',
  PRIMARY KEY (`link_id`,`engine`)
) ENGINE=MyISAM DEFAULT CHARSET=latin1;

--
-- Dumping data for table `idx_pagerank`
--

INSERT INTO `idx_pagerank` VALUES (1,'g',0,'2012-02-14'),(3,'g',2,'2011-08-30'),(17,'g',0,'2012-02-12'),(12,'g',0,'2011-10-25'),(30,'g',0,'2011-10-15'),(26,'g',0,'2011-10-15'),(5,'g',0,'2011-10-25'),(2,'g',0,'2012-02-12'),(76,'g',2,'2011-09-05'),(62,'g',2,'2011-09-05'),(79,'g',2,'2011-09-05'),(77,'g',0,'2011-09-05'),(80,'g',2,'2011-09-05'),(72,'g',2,'2011-09-05'),(67,'g',0,'2011-09-05'),(85,'g',2,'2011-09-05'),(68,'g',0,'2011-09-05'),(75,'g',0,'2011-09-05'),(69,'g',0,'2011-09-05'),(63,'g',2,'2011-09-05'),(71,'g',2,'2011-09-05'),(8,'g',0,'2012-01-24'),(6,'g',0,'2011-09-05'),(9,'g',0,'2011-09-05'),(11,'g',0,'2011-09-05'),(16,'g',1,'2011-09-05'),(15,'g',1,'2011-09-05'),(14,'g',0,'2011-10-15'),(70,'g',2,'2011-09-05'),(73,'g',0,'2011-09-05'),(66,'g',2,'2011-09-05'),(4,'g',6,'2011-09-05'),(74,'g',2,'2011-09-05'),(81,'g',2,'2011-09-05'),(61,'g',0,'2011-10-25'),(78,'g',2,'2011-09-05'),(97,'g',2,'2011-09-05'),(90,'g',0,'2011-09-05'),(82,'g',2,'2011-09-05'),(29,'g',3,'2011-09-08'),(10,'g',2,'2011-09-09'),(1365,'g',4,'2011-09-11'),(1393,'g',0,'2012-02-14'),(490,'g',0,'2012-02-09'),(324,'g',0,'2011-10-25'),(2252,'g',3,'2011-09-15'),(98,'g',2,'2011-09-19'),(86,'g',2,'2011-09-19'),(91,'g',2,'2011-09-19'),(84,'g',2,'2011-09-19'),(126,'g',0,'2011-09-19'),(132,'g',2,'2011-09-19'),(107,'g',0,'2011-09-19'),(114,'g',0,'2011-09-19'),(120,'g',0,'2011-09-19'),(105,'g',0,'2011-10-31'),(2281,'g',0,'2011-10-31'),(2279,'g',0,'2012-02-05'),(335,'g',0,'2011-11-03'),(2056,'g',1,'2011-09-20'),(2058,'g',0,'2011-09-20'),(2285,'g',0,'2011-11-03'),(800,'g',2,'2011-09-21'),(840,'g',2,'2011-09-21'),(880,'g',0,'2011-09-21'),(798,'g',5,'2011-09-21'),(820,'g',2,'2011-09-21'),(850,'g',2,'2011-09-21'),(860,'g',2,'2011-09-21'),(810,'g',0,'2011-09-21'),(870,'g',2,'2011-09-21'),(830,'g',0,'2011-09-21'),(2918,'g',3,'2011-09-23'),(2917,'g',0,'2011-09-23'),(104,'g',0,'2012-02-05'),(3050,'g',0,'2012-02-12'),(320,'g',0,'2012-02-12'),(345,'g',2,'2011-09-29'),(2297,'g',0,'2012-02-12'),(2278,'g',0,'2012-02-12'),(2045,'g',2,'2011-09-29'),(2294,'g',2,'2011-09-29'),(2965,'g',1,'2011-09-29'),(3118,'g',0,'2012-02-09'),(797,'g',2,'2011-09-30'),(794,'g',0,'2011-09-30'),(3015,'g',1,'2011-09-30'),(95,'g',0,'2011-09-30'),(796,'g',1,'2011-09-30'),(488,'g',0,'2012-02-12'),(2296,'g',2,'2011-09-30'),(3012,'g',2,'2011-09-30'),(3175,'g',0,'2012-02-12'),(3162,'g',2,'2011-09-30'),(2024,'g',0,'2011-10-01'),(94,'g',2,'2011-10-01'),(110,'g',2,'2011-10-01'),(89,'g',0,'2011-10-01'),(123,'g',0,'2011-10-01'),(99,'g',1,'2011-10-01'),(129,'g',2,'2011-10-01'),(2292,'g',2,'2011-10-01'),(2275,'g',2,'2011-10-01'),(25,'g',4,'2011-10-01'),(96,'g',3,'2011-10-01'),(117,'g',2,'2011-10-01'),(2674,'g',2,'2011-10-01'),(101,'g',2,'2011-10-01'),(2685,'g',2,'2011-10-01'),(491,'g',1,'2011-10-01'),(88,'g',3,'2011-10-01'),(540,'g',1,'2011-10-02'),(92,'g',0,'2011-10-02'),(135,'g',2,'2011-10-02'),(87,'g',2,'2011-10-02'),(2291,'g',1,'2011-10-02'),(57,'g',0,'2011-10-02'),(47,'g',2,'2011-10-03'),(40,'g',2,'2011-10-03'),(45,'g',0,'2011-10-03'),(43,'g',2,'2011-10-03'),(41,'g',2,'2011-10-03'),(42,'g',2,'2011-10-03'),(49,'g',0,'2011-10-03'),(48,'g',2,'2011-10-03'),(44,'g',2,'2011-10-03'),(46,'g',0,'2011-10-03'),(595,'g',0,'2011-10-07'),(585,'g',0,'2011-10-07'),(911,'g',0,'2011-10-07'),(511,'g',0,'2011-10-07'),(685,'g',0,'2011-10-07'),(545,'g',0,'2011-10-07'),(655,'g',0,'2011-10-07'),(2283,'g',0,'2012-01-09'),(675,'g',0,'2011-10-07'),(635,'g',0,'2011-10-07'),(665,'g',0,'2011-10-07'),(931,'g',0,'2012-01-19'),(890,'g',0,'2011-10-07'),(3164,'g',0,'2012-01-09'),(921,'g',0,'2011-10-07'),(2916,'g',0,'2011-10-07'),(625,'g',0,'2011-10-07'),(519,'g',0,'2011-10-07'),(3244,'g',0,'2012-01-09'),(530,'g',0,'2011-10-07'),(2930,'g',0,'2012-02-27'),(605,'g',0,'2011-10-07'),(565,'g',0,'2011-10-07'),(3171,'g',0,'2012-01-09'),(2289,'g',0,'2012-01-09'),(645,'g',0,'2011-10-07'),(615,'g',0,'2011-10-07'),(555,'g',0,'2011-10-07'),(575,'g',0,'2011-10-07'),(503,'g',0,'2011-10-07'),(495,'g',0,'2011-10-07'),(901,'g',0,'2011-10-07'),(1355,'g',0,'2011-10-08'),(1402,'g',0,'2011-10-08'),(1383,'g',0,'2011-10-08'),(1429,'g',0,'2011-10-08'),(1337,'g',0,'2011-10-08'),(1274,'g',0,'2011-10-08'),(1374,'g',0,'2011-10-08'),(1392,'g',0,'2011-10-08'),(1292,'g',0,'2011-10-08'),(1310,'g',0,'2011-10-08'),(1265,'g',0,'2011-10-08'),(1301,'g',0,'2011-10-08'),(1283,'g',0,'2011-10-08'),(1319,'g',0,'2011-10-08'),(1328,'g',0,'2011-10-08'),(1364,'g',0,'2011-10-08'),(1256,'g',0,'2011-10-08'),(1424,'g',0,'2011-10-08'),(1346,'g',0,'2011-10-08'),(1411,'g',0,'2011-10-08'),(13,'g',0,'2011-10-08'),(319,'g',0,'2011-10-08'),(811,'g',0,'2011-10-09'),(334,'g',0,'2011-10-09'),(801,'g',0,'2011-10-09'),(3335,'g',0,'2011-10-09'),(821,'g',0,'2011-10-09'),(323,'g',0,'2011-10-09'),(831,'g',0,'2011-10-09'),(333,'g',0,'2011-10-09'),(861,'g',0,'2011-10-09'),(344,'g',0,'2011-10-09'),(342,'g',0,'2011-10-09'),(851,'g',0,'2011-10-09'),(841,'g',0,'2011-10-09'),(871,'g',0,'2011-10-09'),(786,'g',0,'2011-10-09'),(37,'g',0,'2011-10-09'),(35,'g',0,'2011-10-09'),(19,'g',0,'2011-10-09'),(23,'g',0,'2011-10-09'),(36,'g',0,'2011-10-09'),(39,'g',0,'2011-10-09'),(22,'g',0,'2011-10-09'),(20,'g',0,'2011-10-09'),(18,'g',0,'2011-10-09'),(38,'g',0,'2011-10-09'),(326,'g',0,'2011-10-09'),(343,'g',0,'2011-10-09'),(339,'g',0,'2011-10-09'),(776,'g',0,'2011-10-09'),(330,'g',0,'2011-10-09'),(787,'g',0,'2011-10-09'),(767,'g',0,'2011-10-09'),(805,'g',0,'2011-10-09'),(777,'g',0,'2011-10-09'),(770,'g',0,'2011-10-10'),(780,'g',0,'2011-10-10'),(760,'g',0,'2011-10-10'),(790,'g',0,'2011-10-10'),(757,'g',0,'2011-10-10'),(802,'g',0,'2011-10-10'),(3346,'g',0,'2011-10-13'),(3328,'g',0,'2011-10-13'),(3250,'g',0,'2011-10-13'),(3302,'g',0,'2011-10-13'),(3322,'g',0,'2011-10-13'),(3314,'g',0,'2011-10-13'),(3174,'g',0,'2011-10-13'),(3159,'g',0,'2011-10-13'),(593,'g',0,'2011-10-14'),(623,'g',0,'2011-10-14'),(643,'g',0,'2011-10-14'),(2882,'g',0,'2011-10-14'),(2871,'g',0,'2011-10-14'),(2842,'g',0,'2011-10-14'),(2829,'g',0,'2011-10-14'),(2893,'g',0,'2011-10-14'),(613,'g',0,'2011-10-14'),(653,'g',0,'2011-10-14'),(673,'g',0,'2011-10-14'),(633,'g',0,'2011-10-14'),(2817,'g',0,'2011-10-14'),(2806,'g',0,'2011-10-14'),(2905,'g',0,'2011-10-14'),(583,'g',0,'2011-10-14'),(663,'g',0,'2011-10-14'),(2853,'g',0,'2011-10-14'),(603,'g',0,'2011-10-14'),(2864,'g',0,'2011-10-14'),(745,'g',0,'2011-10-16'),(705,'g',0,'2011-10-16'),(409,'g',0,'2011-10-16'),(3720,'g',0,'2011-10-16'),(3364,'g',0,'2011-10-16'),(2875,'g',0,'2011-10-16'),(2909,'g',0,'2011-10-16'),(3321,'g',0,'2011-10-16'),(2898,'g',0,'2011-10-16'),(2886,'g',0,'2011-10-16'),(3161,'g',0,'2011-10-16'),(785,'g',0,'2011-10-16'),(3590,'g',0,'2011-10-16'),(2923,'g',0,'2011-10-16'),(155,'g',0,'2011-10-16'),(374,'g',0,'2011-10-16'),(2046,'g',0,'2011-10-16'),(2253,'g',0,'2011-10-16'),(2255,'g',0,'2011-10-16'),(2256,'g',0,'2011-10-16'),(2257,'g',0,'2011-10-16'),(2254,'g',0,'2011-10-16'),(167,'g',0,'2011-10-16'),(2251,'g',0,'2011-10-16'),(715,'g',0,'2011-10-16'),(417,'g',0,'2011-10-16'),(381,'g',0,'2011-10-16'),(735,'g',0,'2011-10-16'),(191,'g',0,'2011-10-16'),(765,'g',0,'2011-10-16'),(402,'g',0,'2011-10-16'),(185,'g',0,'2011-10-16'),(353,'g',0,'2011-10-16'),(388,'g',0,'2011-10-16'),(173,'g',0,'2011-10-16'),(695,'g',0,'2011-10-16'),(395,'g',0,'2011-10-16'),(808,'g',0,'2011-10-16'),(480,'g',0,'2011-10-16'),(438,'g',0,'2011-10-16'),(424,'g',0,'2011-10-16'),(929,'g',0,'2011-10-16'),(452,'g',0,'2011-10-16'),(948,'g',0,'2011-10-16'),(828,'g',0,'2011-10-16'),(919,'g',0,'2011-10-16'),(868,'g',0,'2011-10-16'),(783,'g',0,'2011-10-16'),(898,'g',0,'2011-10-16'),(3299,'g',0,'2011-10-16'),(858,'g',0,'2011-10-16'),(3305,'g',0,'2011-10-16'),(3251,'g',0,'2011-10-17'),(3307,'g',0,'2011-10-17'),(888,'g',0,'2011-10-17'),(959,'g',0,'2011-10-17'),(878,'g',0,'2011-10-17'),(977,'g',0,'2011-10-17'),(939,'g',0,'2011-10-17'),(431,'g',0,'2011-10-17'),(793,'g',0,'2011-10-17'),(466,'g',0,'2011-10-17'),(775,'g',0,'2011-10-17'),(909,'g',0,'2011-10-17'),(493,'g',0,'2012-01-19'),(838,'g',0,'2011-10-17'),(179,'g',0,'2011-10-17'),(968,'g',0,'2011-10-17'),(367,'g',0,'2011-10-17'),(459,'g',0,'2011-10-17'),(445,'g',0,'2011-10-17'),(161,'g',0,'2011-10-17'),(755,'g',0,'2011-10-17'),(848,'g',0,'2011-10-17'),(473,'g',0,'2011-10-17'),(725,'g',0,'2011-10-17'),(360,'g',0,'2011-10-17'),(818,'g',0,'2011-10-17'),(197,'g',0,'2011-10-17'),(149,'g',0,'2011-10-17'),(203,'g',0,'2011-10-17'),(3759,'g',0,'2011-10-18'),(3682,'g',0,'2011-10-18'),(3306,'g',0,'2011-10-18'),(3754,'g',0,'2011-10-18'),(3876,'g',0,'2011-10-18'),(3903,'g',0,'2011-10-25'),(3877,'g',0,'2011-10-28'),(6688,'g',0,'2011-10-30'),(6728,'g',0,'2011-10-30'),(6742,'g',0,'2011-10-30'),(6605,'g',0,'2011-10-30'),(6648,'g',0,'2011-10-30'),(6617,'g',0,'2011-10-30'),(6706,'g',0,'2011-10-30'),(6594,'g',0,'2011-10-30'),(6765,'g',0,'2011-10-30'),(5830,'g',0,'2011-10-30'),(5183,'g',0,'2011-10-30'),(6238,'g',0,'2011-10-30'),(5417,'g',0,'2011-10-30'),(6323,'g',0,'2011-10-30'),(5326,'g',0,'2011-10-30'),(5527,'g',0,'2011-10-30'),(6568,'g',0,'2011-10-30'),(5850,'g',0,'2011-10-30'),(6671,'g',0,'2011-10-30'),(5846,'g',0,'2011-11-01'),(6162,'g',0,'2011-11-01'),(6628,'g',0,'2011-11-01'),(6737,'g',0,'2011-11-01'),(5983,'g',0,'2011-11-01'),(6230,'g',0,'2011-11-01'),(5995,'g',0,'2011-11-01'),(6767,'g',0,'2011-11-01'),(6315,'g',0,'2011-11-01'),(5922,'g',0,'2011-11-01'),(11015,'g',0,'2011-11-03'),(10852,'g',0,'2011-11-03'),(10819,'g',0,'2011-11-03'),(10884,'g',0,'2011-11-03'),(11101,'g',0,'2011-11-03'),(11126,'g',0,'2011-11-03'),(10840,'g',0,'2011-11-03'),(10865,'g',0,'2011-11-03'),(10824,'g',0,'2011-11-03'),(11027,'g',0,'2011-11-03'),(6633,'g',0,'2011-11-03'),(6636,'g',0,'2012-01-09'),(6621,'g',0,'2011-11-03'),(6604,'g',0,'2011-11-03'),(6661,'g',0,'2011-11-03'),(6626,'g',0,'2011-11-03'),(6591,'g',0,'2011-11-03'),(6614,'g',0,'2011-11-03'),(6599,'g',0,'2011-11-03'),(6640,'g',0,'2011-11-03'),(6385,'g',0,'2011-11-03'),(6441,'g',0,'2011-11-03'),(6473,'g',0,'2011-11-03'),(6464,'g',0,'2011-11-03'),(6395,'g',0,'2011-11-03'),(6404,'g',0,'2011-11-03'),(6417,'g',0,'2011-11-03'),(6523,'g',0,'2011-11-03'),(6387,'g',0,'2011-11-03'),(6504,'g',0,'2011-11-03'),(6345,'g',0,'2011-11-05'),(6376,'g',0,'2011-11-05'),(6388,'g',0,'2011-11-05'),(6372,'g',0,'2011-11-05'),(6352,'g',0,'2011-11-05'),(6358,'g',0,'2011-11-05'),(6343,'g',0,'2011-11-05'),(6380,'g',0,'2011-11-05'),(6369,'g',0,'2011-11-05'),(5530,'g',0,'2011-11-05'),(5538,'g',0,'2011-11-05'),(5501,'g',0,'2011-11-05'),(5479,'g',0,'2011-11-05'),(5521,'g',0,'2011-11-05'),(5518,'g',0,'2011-11-05'),(5508,'g',0,'2011-11-05'),(5488,'g',0,'2011-11-05'),(5474,'g',0,'2011-11-05'),(5507,'g',0,'2011-11-05'),(6489,'g',0,'2011-11-05'),(6634,'g',0,'2011-11-06'),(6402,'g',0,'2011-11-06'),(5986,'g',0,'2011-11-06'),(6571,'g',0,'2011-11-06'),(5957,'g',0,'2011-11-06'),(6330,'g',0,'2011-11-06'),(6527,'g',0,'2011-11-06'),(6570,'g',0,'2011-11-06'),(6561,'g',0,'2011-11-06'),(6535,'g',0,'2011-11-06'),(6610,'g',0,'2011-11-06'),(6596,'g',0,'2011-11-06'),(6603,'g',0,'2011-11-06'),(6623,'g',0,'2011-11-06'),(6533,'g',0,'2011-11-06'),(6616,'g',0,'2011-11-06'),(6654,'g',0,'2011-11-07'),(6420,'g',0,'2011-11-07'),(6611,'g',0,'2011-11-07'),(6695,'g',0,'2011-11-07'),(6710,'g',0,'2011-11-07'),(6746,'g',0,'2011-11-07'),(6723,'g',0,'2011-11-07'),(6492,'g',0,'2011-11-07'),(6560,'g',0,'2011-11-07'),(6615,'g',0,'2011-11-07'),(5878,'g',0,'2011-11-07'),(6758,'g',0,'2011-11-07'),(6694,'g',0,'2011-11-07'),(9543,'g',0,'2011-11-07'),(6569,'g',0,'2011-11-07'),(9050,'g',0,'2011-11-07'),(9656,'g',0,'2011-11-07'),(6685,'g',0,'2011-11-07'),(9327,'g',0,'2011-11-07'),(6554,'g',0,'2011-11-07'),(8818,'g',0,'2011-11-07'),(6483,'g',0,'2011-11-07'),(9563,'g',0,'2011-11-07'),(6683,'g',0,'2011-11-07'),(9686,'g',0,'2011-11-07'),(6574,'g',0,'2011-11-07'),(9774,'g',0,'2011-11-07'),(9921,'g',0,'2011-11-07'),(9646,'g',0,'2011-11-07'),(9516,'g',0,'2011-11-07'),(9676,'g',0,'2011-11-07'),(9900,'g',0,'2011-11-07'),(9849,'g',0,'2011-11-07'),(9559,'g',0,'2011-11-07'),(9886,'g',0,'2011-11-07'),(9745,'g',0,'2011-11-07'),(9771,'g',0,'2011-11-07'),(9727,'g',0,'2011-11-07'),(9830,'g',0,'2011-11-07'),(9875,'g',0,'2011-11-07'),(6532,'g',0,'2011-11-07'),(9438,'g',0,'2011-11-07'),(9622,'g',0,'2011-11-07'),(8776,'g',0,'2011-11-07'),(9550,'g',0,'2011-11-07'),(9521,'g',0,'2011-11-07'),(10144,'g',0,'2011-11-07'),(6692,'g',0,'2011-11-07'),(10108,'g',0,'2011-11-07'),(6736,'g',0,'2011-11-07'),(7126,'g',0,'2011-11-08'),(10128,'g',0,'2011-11-08'),(10257,'g',0,'2011-11-08'),(6965,'g',0,'2011-11-08'),(10375,'g',0,'2011-11-08'),(10029,'g',0,'2011-11-08'),(6979,'g',0,'2011-11-08'),(10544,'g',0,'2011-11-08'),(7006,'g',0,'2011-11-08'),(9283,'g',0,'2011-11-08'),(9306,'g',0,'2011-11-08'),(9494,'g',0,'2011-11-08'),(10567,'g',0,'2011-11-08'),(9463,'g',0,'2011-11-08'),(10682,'g',0,'2011-11-08'),(10629,'g',0,'2011-11-08'),(9445,'g',0,'2011-11-08'),(10297,'g',0,'2011-11-08'),(6946,'g',0,'2011-11-08'),(9450,'g',0,'2011-11-08'),(6934,'g',0,'2011-11-08'),(10547,'g',0,'2011-11-08'),(9308,'g',0,'2011-11-08'),(7245,'g',0,'2011-11-08'),(12582,'g',0,'2011-11-08'),(4554,'g',0,'2011-11-08'),(12459,'g',0,'2011-11-08'),(12538,'g',0,'2011-11-08'),(4624,'g',0,'2011-11-08'),(12391,'g',0,'2011-11-08'),(12542,'g',0,'2011-11-08'),(4830,'g',0,'2011-11-08'),(2928,'g',0,'2011-11-08'),(4304,'g',0,'2011-11-08'),(3270,'g',0,'2011-11-08'),(4668,'g',0,'2011-11-08'),(4189,'g',0,'2011-11-08'),(4886,'g',0,'2011-11-08'),(12732,'g',0,'2011-11-08'),(6920,'g',0,'2011-11-08'),(9349,'g',0,'2011-11-08'),(4358,'g',0,'2011-11-08'),(9240,'g',0,'2011-11-08'),(12388,'g',0,'2011-11-08'),(7267,'g',0,'2011-11-08'),(12440,'g',0,'2011-11-08'),(10437,'g',0,'2011-11-08'),(9418,'g',0,'2011-11-08'),(10576,'g',0,'2011-11-08'),(12609,'g',0,'2011-11-08'),(12604,'g',0,'2011-11-08'),(6900,'g',0,'2011-11-08'),(6578,'g',0,'2011-11-08'),(6271,'g',0,'2011-11-08'),(4455,'g',0,'2011-11-08'),(5431,'g',0,'2011-11-08'),(6405,'g',0,'2011-11-08'),(6027,'g',0,'2011-11-08'),(6590,'g',0,'2011-11-08'),(4593,'g',0,'2011-11-08'),(5100,'g',0,'2011-11-08'),(15802,'g',0,'2011-11-08'),(15765,'g',0,'2011-11-08'),(15751,'g',0,'2011-11-08'),(15767,'g',0,'2011-11-08'),(15772,'g',0,'2011-11-08'),(15755,'g',0,'2011-11-08'),(15782,'g',0,'2011-11-08'),(15797,'g',0,'2011-11-08'),(15789,'g',0,'2011-11-08'),(15796,'g',0,'2011-11-08'),(5696,'g',0,'2011-11-15'),(5572,'g',0,'2011-11-15'),(5573,'g',0,'2011-11-15'),(5399,'g',0,'2011-11-15'),(5411,'g',0,'2011-11-15'),(5335,'g',0,'2011-11-15'),(5405,'g',0,'2011-11-15'),(5595,'g',0,'2011-11-15'),(5587,'g',0,'2011-11-15'),(5351,'g',0,'2011-11-15'),(6682,'g',0,'2011-11-16'),(6734,'g',0,'2011-11-16'),(6744,'g',0,'2011-11-16'),(6690,'g',0,'2011-11-16'),(6766,'g',0,'2011-11-16'),(16099,'g',0,'2011-11-17'),(16108,'g',0,'2011-11-17'),(16119,'g',0,'2011-11-17'),(16145,'g',0,'2011-11-17'),(16096,'g',0,'2011-11-17'),(5955,'g',0,'2011-11-17'),(5037,'g',0,'2011-11-17'),(5593,'g',0,'2011-11-17'),(5775,'g',0,'2011-11-17'),(5108,'g',0,'2011-11-17'),(6609,'g',0,'2011-11-17'),(6288,'g',0,'2011-11-17'),(5020,'g',0,'2011-11-17'),(6248,'g',0,'2011-11-17'),(16080,'g',0,'2011-11-17'),(16094,'g',0,'2011-11-17'),(16122,'g',0,'2011-11-17'),(16136,'g',0,'2011-11-17'),(16116,'g',0,'2011-11-17'),(6705,'g',0,'2011-11-17'),(6684,'g',0,'2011-11-17'),(6496,'g',0,'2011-11-17'),(6753,'g',0,'2011-11-17'),(6639,'g',0,'2011-11-17'),(6506,'g',0,'2011-11-17'),(6739,'g',0,'2011-11-17'),(6472,'g',0,'2011-11-17'),(6756,'g',0,'2011-11-17'),(6503,'g',0,'2011-11-18'),(6439,'g',0,'2011-11-19'),(5944,'g',0,'2011-11-19'),(6145,'g',0,'2011-11-19'),(6399,'g',0,'2011-11-19'),(6261,'g',0,'2011-11-19'),(5663,'g',0,'2011-11-19'),(6576,'g',0,'2011-11-19'),(6735,'g',0,'2011-11-21'),(321,'g',0,'2011-11-21'),(542,'g',0,'2011-11-21'),(6629,'g',0,'2011-11-21'),(6588,'g',0,'2011-11-21'),(6553,'g',0,'2011-11-21'),(6750,'g',0,'2011-11-21'),(6272,'g',0,'2011-11-21'),(6326,'g',0,'2011-11-21'),(3869,'g',0,'2011-11-21'),(3902,'g',0,'2011-11-21'),(3870,'g',0,'2011-11-21'),(6625,'g',0,'2011-11-21'),(6585,'g',0,'2011-11-21'),(6660,'g',0,'2011-11-21'),(6589,'g',0,'2011-11-21'),(6759,'g',0,'2011-11-21'),(6715,'g',0,'2011-11-21'),(6666,'g',0,'2011-11-21'),(6752,'g',0,'2011-11-21'),(6597,'g',0,'2011-11-21'),(11803,'g',0,'2011-11-21'),(16588,'g',0,'2011-11-21'),(16587,'g',0,'2011-11-21'),(16723,'g',0,'2011-11-22'),(16558,'g',0,'2011-11-22'),(11829,'g',0,'2011-11-22'),(16633,'g',0,'2011-11-22'),(16518,'g',0,'2011-11-22'),(11780,'g',0,'2011-11-22'),(16480,'g',0,'2011-11-22'),(16728,'g',0,'2011-11-22'),(16511,'g',0,'2011-11-22'),(16623,'g',0,'2011-11-22'),(16601,'g',0,'2011-11-22'),(16477,'g',0,'2011-11-22'),(11792,'g',0,'2011-11-22'),(11727,'g',0,'2011-11-22'),(16619,'g',0,'2011-11-22'),(5924,'g',0,'2011-11-22'),(5839,'g',0,'2011-11-22'),(5828,'g',0,'2011-11-22'),(5891,'g',0,'2011-11-22'),(5913,'g',0,'2011-11-22'),(5902,'g',0,'2011-11-22'),(5729,'g',0,'2011-11-22'),(5938,'g',0,'2011-11-22'),(5818,'g',0,'2011-11-22'),(5325,'g',0,'2011-11-24'),(5296,'g',0,'2011-11-24'),(6575,'g',0,'2011-11-24'),(5241,'g',0,'2011-11-24'),(6721,'g',0,'2011-11-24'),(5212,'g',0,'2011-11-24'),(6281,'g',0,'2011-11-24'),(5313,'g',0,'2011-11-24'),(5248,'g',0,'2011-11-24'),(6470,'g',0,'2011-11-24'),(6740,'g',0,'2011-11-24'),(6733,'g',0,'2011-11-24'),(6722,'g',0,'2011-11-24'),(6676,'g',0,'2011-11-24'),(6662,'g',0,'2011-11-24'),(6724,'g',0,'2011-11-24'),(6741,'g',0,'2011-11-24'),(6749,'g',0,'2011-11-24'),(6437,'g',0,'2011-11-24'),(6452,'g',0,'2011-11-24'),(6500,'g',0,'2011-11-24'),(6624,'g',0,'2011-11-24'),(6381,'g',0,'2011-11-24'),(6732,'g',0,'2011-11-24'),(6383,'g',0,'2011-11-24'),(6719,'g',0,'2011-11-24'),(6573,'g',0,'2011-11-24'),(6764,'g',0,'2011-11-24'),(6637,'g',0,'2011-11-24'),(6693,'g',0,'2011-11-24'),(6675,'g',0,'2011-11-24'),(6697,'g',0,'2011-11-24'),(6556,'g',0,'2011-11-24'),(6577,'g',0,'2011-11-24'),(6608,'g',0,'2011-11-24'),(6681,'g',0,'2011-11-24'),(6659,'g',0,'2011-11-24'),(6572,'g',0,'2011-11-24'),(5062,'g',0,'2011-11-24'),(5333,'g',0,'2011-11-24'),(5265,'g',0,'2011-11-24'),(4958,'g',0,'2011-11-24'),(4931,'g',0,'2011-11-24'),(5057,'g',0,'2011-11-24'),(5236,'g',0,'2011-11-24'),(5056,'g',0,'2011-11-24'),(5194,'g',0,'2011-11-24'),(5114,'g',0,'2011-11-24'),(3612,'g',0,'2011-11-24'),(3647,'g',0,'2011-11-24'),(6183,'g',0,'2011-11-24'),(6262,'g',0,'2011-11-24'),(6224,'g',0,'2011-11-24'),(6188,'g',0,'2011-11-24'),(6197,'g',0,'2011-11-24'),(6212,'g',0,'2011-11-24'),(6227,'g',0,'2011-11-24'),(6178,'g',0,'2011-11-24'),(6278,'g',0,'2011-11-24'),(6269,'g',0,'2011-11-24'),(416,'g',0,'2011-11-24'),(6431,'g',0,'2011-11-24'),(6547,'g',0,'2011-11-24'),(6386,'g',0,'2011-11-24'),(6479,'g',0,'2011-11-24'),(6430,'g',0,'2011-11-24'),(6530,'g',0,'2011-11-24'),(6467,'g',0,'2011-11-24'),(6513,'g',0,'2011-11-24'),(6436,'g',0,'2011-11-24'),(33,'g',0,'2011-11-25'),(32,'g',0,'2011-11-25'),(28,'g',0,'2011-11-25'),(6645,'g',0,'2011-11-25'),(6679,'g',0,'2011-11-25'),(6602,'g',0,'2011-11-25'),(6581,'g',0,'2011-11-25'),(6580,'g',0,'2011-11-25'),(6321,'g',0,'2011-11-25'),(6329,'g',0,'2011-11-25'),(6366,'g',0,'2011-11-25'),(6363,'g',0,'2011-11-25'),(6320,'g',0,'2011-11-25'),(6297,'g',0,'2011-11-25'),(6378,'g',0,'2011-11-25'),(6339,'g',0,'2011-11-25'),(6328,'g',0,'2011-11-25'),(6344,'g',0,'2011-11-25'),(5939,'g',0,'2011-11-25'),(5941,'g',0,'2011-11-25'),(6103,'g',0,'2011-11-25'),(6097,'g',0,'2011-11-25'),(5925,'g',0,'2011-11-25'),(5971,'g',0,'2011-11-25'),(6017,'g',0,'2011-11-25'),(6081,'g',0,'2011-11-25'),(6043,'g',0,'2011-11-25'),(6070,'g',0,'2011-11-25'),(6601,'g',0,'2011-11-25'),(6595,'g',0,'2011-11-25'),(6612,'g',0,'2011-11-25'),(6587,'g',0,'2011-11-25'),(6567,'g',0,'2011-11-25'),(6555,'g',0,'2011-11-25'),(6565,'g',0,'2011-11-25'),(6606,'g',0,'2011-11-25'),(6713,'g',0,'2011-11-25'),(6674,'g',0,'2011-11-25'),(6709,'g',0,'2011-11-25'),(5272,'g',0,'2011-11-25'),(5271,'g',0,'2011-11-25'),(5151,'g',0,'2011-11-25'),(5144,'g',0,'2011-11-25'),(5137,'g',0,'2011-11-25'),(5158,'g',0,'2011-11-26'),(5156,'g',0,'2011-11-26'),(5150,'g',0,'2011-11-26'),(5169,'g',0,'2011-11-26'),(5163,'g',0,'2011-11-26'),(11580,'g',0,'2011-11-26'),(16440,'g',0,'2011-11-26'),(16721,'g',0,'2011-11-26'),(16420,'g',0,'2011-11-26'),(16603,'g',0,'2011-11-26'),(11639,'g',0,'2011-11-26'),(16669,'g',0,'2011-11-26'),(16565,'g',0,'2011-11-26'),(16718,'g',0,'2011-11-26'),(16567,'g',0,'2011-11-26'),(16444,'g',0,'2011-11-26'),(16591,'g',0,'2011-11-26'),(16397,'g',0,'2011-11-26'),(16621,'g',0,'2011-11-26'),(16719,'g',0,'2011-11-26'),(12180,'g',0,'2011-11-26'),(11473,'g',0,'2011-11-26'),(12229,'g',0,'2011-11-26'),(12174,'g',0,'2011-11-26'),(12250,'g',0,'2011-11-26'),(12101,'g',0,'2011-11-26'),(11698,'g',0,'2011-11-26'),(12100,'g',0,'2011-11-26'),(16528,'g',0,'2011-11-26'),(12307,'g',0,'2011-11-26'),(11899,'g',0,'2011-11-27'),(16716,'g',0,'2011-11-27'),(16610,'g',0,'2011-11-27'),(16693,'g',0,'2011-11-27'),(16555,'g',0,'2011-11-27'),(16617,'g',0,'2011-11-27'),(6163,'g',0,'2011-11-28'),(6113,'g',0,'2011-11-28'),(6146,'g',0,'2011-11-28'),(6139,'g',0,'2011-11-28'),(6166,'g',0,'2011-11-28'),(6120,'g',0,'2011-11-28'),(6134,'g',0,'2011-11-28'),(6160,'g',0,'2011-11-28'),(6133,'g',0,'2011-11-28'),(6105,'g',0,'2011-11-28'),(6394,'g',0,'2011-11-29'),(6359,'g',0,'2011-11-29'),(6370,'g',0,'2011-11-29'),(5962,'g',0,'2011-11-29'),(5966,'g',0,'2011-11-29'),(5950,'g',0,'2011-11-29'),(5970,'g',0,'2011-11-29'),(5958,'g',0,'2011-11-29'),(6119,'g',0,'2011-11-29'),(9006,'g',0,'2011-11-30'),(8870,'g',0,'2011-11-30'),(9174,'g',0,'2011-11-30'),(8679,'g',0,'2011-11-30'),(8556,'g',0,'2011-11-30'),(8737,'g',0,'2011-11-30'),(9206,'g',0,'2011-11-30'),(8759,'g',0,'2011-11-30'),(8719,'g',0,'2011-11-30'),(8963,'g',0,'2011-11-30'),(16568,'g',0,'2011-12-01'),(16515,'g',0,'2011-12-01'),(16529,'g',0,'2011-12-01'),(16456,'g',0,'2011-12-01'),(16433,'g',0,'2011-12-01'),(16368,'g',0,'2011-12-01'),(16556,'g',0,'2011-12-01'),(16533,'g',0,'2011-12-01'),(16540,'g',0,'2011-12-01'),(16524,'g',0,'2011-12-01'),(16490,'g',0,'2011-12-01'),(16525,'g',0,'2011-12-01'),(16545,'g',0,'2011-12-01'),(16569,'g',0,'2011-12-01'),(16541,'g',0,'2011-12-01'),(16504,'g',0,'2011-12-01'),(16351,'g',0,'2011-12-01'),(16576,'g',0,'2011-12-01'),(16563,'g',0,'2011-12-01'),(16381,'g',0,'2011-12-01'),(16406,'g',0,'2011-12-01'),(16571,'g',0,'2011-12-01'),(16557,'g',0,'2011-12-01'),(16538,'g',0,'2011-12-01'),(16500,'g',0,'2011-12-01'),(16549,'g',0,'2011-12-01'),(16663,'g',0,'2011-12-02'),(16642,'g',0,'2011-12-02'),(16698,'g',0,'2011-12-02'),(16722,'g',0,'2011-12-02'),(16704,'g',0,'2011-12-02'),(16726,'g',0,'2011-12-02'),(16700,'g',0,'2011-12-02'),(16674,'g',0,'2011-12-02'),(16609,'g',0,'2011-12-02'),(16582,'g',0,'2011-12-02'),(16658,'g',0,'2011-12-02'),(16600,'g',0,'2011-12-02'),(16599,'g',0,'2011-12-02'),(16594,'g',0,'2011-12-02'),(16631,'g',0,'2011-12-02'),(16580,'g',0,'2011-12-02'),(16604,'g',0,'2011-12-02'),(16579,'g',0,'2011-12-02'),(16646,'g',0,'2011-12-02'),(16710,'g',0,'2011-12-02'),(16650,'g',0,'2011-12-02'),(5974,'g',0,'2011-12-02'),(3316,'g',0,'2011-12-02'),(6687,'g',0,'2011-12-02'),(5992,'g',0,'2011-12-02'),(4942,'g',0,'2011-12-02'),(5795,'g',0,'2011-12-02'),(5387,'g',0,'2011-12-02'),(4712,'g',0,'2011-12-02'),(3605,'g',0,'2011-12-02'),(17490,'g',0,'2011-12-02'),(17572,'g',0,'2011-12-02'),(17506,'g',0,'2011-12-02'),(17491,'g',0,'2011-12-02'),(17631,'g',0,'2011-12-02'),(17402,'g',0,'2011-12-02'),(17569,'g',0,'2011-12-02'),(17464,'g',0,'2011-12-02'),(17492,'g',0,'2011-12-02'),(17405,'g',0,'2011-12-02'),(11602,'g',0,'2011-12-03'),(11758,'g',0,'2011-12-03'),(11635,'g',0,'2011-12-03'),(3790,'g',0,'2011-12-12'),(3798,'g',0,'2011-12-12'),(3792,'g',0,'2011-12-12'),(3796,'g',0,'2011-12-12'),(3786,'g',0,'2011-12-12'),(3782,'g',0,'2011-12-12'),(3789,'g',0,'2011-12-12'),(3793,'g',0,'2011-12-12'),(3783,'g',0,'2011-12-12'),(3785,'g',0,'2011-12-12'),(3178,'g',0,'2011-12-12'),(3340,'g',0,'2011-12-12'),(3298,'g',0,'2011-12-12'),(3203,'g',0,'2011-12-12'),(3205,'g',0,'2011-12-12'),(3390,'g',0,'2011-12-12'),(3357,'g',0,'2011-12-12'),(3360,'g',0,'2011-12-12'),(3438,'g',0,'2011-12-12'),(3352,'g',0,'2011-12-12'),(3645,'g',0,'2011-12-12'),(3643,'g',0,'2011-12-12'),(3649,'g',0,'2011-12-12'),(3613,'g',0,'2011-12-12'),(3655,'g',0,'2011-12-12'),(3648,'g',0,'2011-12-12'),(3629,'g',0,'2011-12-12'),(3662,'g',0,'2011-12-12'),(3618,'g',0,'2011-12-12'),(3481,'g',0,'2011-12-12'),(13122,'g',0,'2011-12-13'),(13168,'g',0,'2011-12-13'),(12758,'g',0,'2011-12-13'),(12186,'g',0,'2011-12-13'),(12710,'g',0,'2011-12-13'),(12806,'g',0,'2011-12-13'),(13026,'g',0,'2011-12-13'),(12238,'g',0,'2011-12-13'),(12219,'g',0,'2011-12-13'),(12296,'g',0,'2011-12-13'),(3326,'g',0,'2011-12-13'),(3342,'g',0,'2011-12-13'),(3394,'g',0,'2011-12-13'),(3351,'g',0,'2011-12-13'),(3423,'g',0,'2011-12-13'),(3358,'g',0,'2011-12-13'),(3350,'g',0,'2011-12-13'),(3334,'g',0,'2011-12-13'),(3391,'g',0,'2011-12-13'),(3355,'g',0,'2011-12-13'),(9407,'g',0,'2011-12-13'),(3606,'g',0,'2011-12-13'),(3659,'g',0,'2011-12-13'),(3604,'g',0,'2011-12-13'),(3588,'g',0,'2011-12-13'),(9915,'g',0,'2011-12-13'),(10236,'g',0,'2011-12-13'),(13314,'g',0,'2011-12-13'),(3825,'g',0,'2011-12-14'),(9268,'g',0,'2011-12-14'),(3868,'g',0,'2011-12-14'),(9252,'g',0,'2011-12-14'),(9292,'g',0,'2011-12-14'),(9232,'g',0,'2011-12-14'),(8937,'g',0,'2011-12-14'),(9197,'g',0,'2011-12-14'),(18063,'g',0,'2011-12-14'),(16767,'g',0,'2011-12-14'),(17997,'g',0,'2011-12-14'),(16778,'g',0,'2011-12-14'),(16751,'g',0,'2011-12-14'),(16765,'g',0,'2011-12-14'),(16756,'g',0,'2011-12-14'),(17908,'g',0,'2011-12-14'),(17892,'g',0,'2011-12-14'),(6446,'g',0,'2011-12-15'),(3735,'g',0,'2011-12-15'),(3781,'g',0,'2011-12-15'),(3788,'g',0,'2011-12-15'),(3704,'g',0,'2011-12-15'),(3709,'g',0,'2011-12-15'),(3718,'g',0,'2011-12-15'),(3767,'g',0,'2011-12-15'),(3705,'g',0,'2011-12-15'),(3753,'g',0,'2011-12-15'),(3760,'g',0,'2011-12-15'),(65,'g',0,'2011-12-15'),(3901,'g',0,'2011-12-16'),(12261,'g',0,'2011-12-16'),(13486,'g',0,'2011-12-16'),(12615,'g',0,'2011-12-16'),(13753,'g',0,'2011-12-16'),(12768,'g',0,'2011-12-16'),(12933,'g',0,'2011-12-16'),(13733,'g',0,'2011-12-16'),(12901,'g',0,'2011-12-16'),(12849,'g',0,'2011-12-16'),(31,'g',0,'2011-12-16'),(6768,'g',0,'2011-12-16'),(12625,'g',0,'2011-12-16'),(11455,'g',0,'2011-12-16'),(13064,'g',0,'2011-12-16'),(18096,'g',0,'2011-12-16'),(13083,'g',0,'2011-12-16'),(12644,'g',0,'2011-12-16'),(12606,'g',0,'2011-12-16'),(11439,'g',0,'2011-12-16'),(11627,'g',0,'2011-12-16'),(12206,'g',0,'2011-12-16'),(17949,'g',0,'2011-12-17'),(14987,'g',0,'2011-12-17'),(14903,'g',0,'2011-12-17'),(14970,'g',0,'2011-12-17'),(14894,'g',0,'2011-12-17'),(17786,'g',0,'2011-12-17'),(16398,'g',0,'2011-12-17'),(17955,'g',0,'2011-12-17'),(14910,'g',0,'2011-12-17'),(14937,'g',0,'2011-12-17'),(3349,'g',0,'2011-12-17'),(3304,'g',0,'2011-12-17'),(3330,'g',0,'2011-12-17'),(3347,'g',0,'2011-12-17'),(3320,'g',0,'2011-12-17'),(3751,'g',0,'2011-12-17'),(3429,'g',0,'2011-12-17'),(3365,'g',0,'2011-12-17'),(3694,'g',0,'2011-12-17'),(3834,'g',0,'2011-12-17'),(3896,'g',0,'2011-12-18'),(3691,'g',0,'2011-12-18'),(8072,'g',0,'2011-12-18'),(3708,'g',0,'2011-12-18'),(3851,'g',0,'2011-12-18'),(3740,'g',0,'2011-12-18'),(9360,'g',0,'2011-12-18'),(3693,'g',0,'2011-12-18'),(11421,'g',0,'2011-12-18'),(14269,'g',0,'2011-12-18'),(15109,'g',0,'2011-12-18'),(12587,'g',0,'2011-12-18'),(10800,'g',0,'2011-12-18'),(12129,'g',0,'2011-12-18'),(11158,'g',0,'2011-12-18'),(12184,'g',0,'2011-12-18'),(13714,'g',0,'2011-12-18'),(13519,'g',0,'2011-12-18'),(11572,'g',0,'2011-12-18'),(2288,'g',0,'2011-12-25'),(2280,'g',0,'2011-12-25'),(112,'g',0,'2011-12-26'),(102,'g',0,'2011-12-26'),(6707,'g',0,'2011-12-26'),(6505,'g',0,'2011-12-26'),(6730,'g',0,'2011-12-26'),(3763,'g',0,'2012-01-02'),(3762,'g',0,'2012-01-02'),(3710,'g',0,'2012-01-02'),(3761,'g',0,'2012-01-02'),(3617,'g',0,'2012-01-02'),(3428,'g',0,'2012-01-02'),(3765,'g',0,'2012-01-02'),(3406,'g',0,'2012-01-02'),(3840,'g',0,'2012-01-02'),(3757,'g',0,'2012-01-02'),(3263,'g',0,'2012-01-09'),(3311,'g',0,'2012-01-09'),(3308,'g',0,'2012-01-09'),(3268,'g',0,'2012-01-09'),(3301,'g',0,'2012-01-09'),(17980,'g',0,'2012-01-10'),(17984,'g',0,'2012-01-10'),(18026,'g',0,'2012-01-10'),(18248,'g',0,'2012-01-10'),(16182,'g',0,'2012-01-10'),(12490,'g',0,'2012-01-10'),(17781,'g',0,'2012-01-10'),(12470,'g',0,'2012-01-10'),(17905,'g',0,'2012-01-10'),(17858,'g',0,'2012-01-10'),(12720,'g',0,'2012-01-10'),(12372,'g',0,'2012-01-10'),(18273,'g',0,'2012-01-10'),(16310,'g',0,'2012-01-10'),(15790,'g',0,'2012-01-10'),(16289,'g',0,'2012-01-10'),(16268,'g',0,'2012-01-10'),(16238,'g',0,'2012-01-10'),(16279,'g',0,'2012-01-10'),(15382,'g',0,'2012-01-10'),(16301,'g',0,'2012-01-10'),(16253,'g',0,'2012-01-10'),(15399,'g',0,'2012-01-10'),(17988,'g',0,'2012-01-12'),(17993,'g',0,'2012-01-12'),(17956,'g',0,'2012-01-12'),(17992,'g',0,'2012-01-12'),(17994,'g',0,'2012-01-12'),(17995,'g',0,'2012-01-12'),(18294,'g',0,'2012-01-15'),(18188,'g',0,'2012-01-15'),(14886,'g',0,'2012-01-15'),(17836,'g',0,'2012-01-16'),(18014,'g',0,'2012-01-16'),(18237,'g',0,'2012-01-16'),(17847,'g',0,'2012-01-16'),(15127,'g',0,'2012-01-16'),(18296,'g',0,'2012-01-16'),(18015,'g',0,'2012-01-16'),(18272,'g',0,'2012-01-16'),(16412,'g',0,'2012-01-16'),(6242,'g',0,'2012-01-16'),(3331,'g',0,'2012-01-16'),(3025,'g',0,'2012-01-16'),(2286,'g',0,'2012-01-16'),(3248,'g',0,'2012-01-16'),(18300,'g',0,'2012-01-16'),(10464,'g',0,'2012-01-16'),(6481,'g',0,'2012-01-17'),(18298,'g',0,'2012-01-17'),(18308,'g',0,'2012-01-17'),(18310,'g',0,'2012-01-17'),(3848,'g',0,'2012-01-22'),(3852,'g',0,'2012-01-22'),(3819,'g',0,'2012-01-22'),(3822,'g',0,'2012-01-22'),(3809,'g',0,'2012-01-22'),(3824,'g',0,'2012-01-22'),(3808,'g',0,'2012-01-22'),(3846,'g',0,'2012-01-22'),(8637,'g',0,'2012-01-22'),(7857,'g',0,'2012-01-22'),(8916,'g',0,'2012-01-22'),(18171,'g',0,'2012-01-22'),(18324,'g',0,'2012-01-22'),(18168,'g',0,'2012-01-22'),(18318,'g',0,'2012-01-22'),(18163,'g',0,'2012-01-22'),(18372,'g',0,'2012-01-22'),(18319,'g',0,'2012-01-22'),(3727,'g',0,'2012-01-26'),(3602,'g',0,'2012-01-26'),(3650,'g',0,'2012-01-26'),(3632,'g',0,'2012-01-26'),(3733,'g',0,'2012-01-26'),(3725,'g',0,'2012-01-26'),(3732,'g',0,'2012-01-26'),(3599,'g',0,'2012-01-26'),(3687,'g',0,'2012-01-26'),(18368,'g',0,'2012-01-26'),(11532,'g',0,'2012-01-26'),(10780,'g',0,'2012-01-26'),(18267,'g',0,'2012-01-29'),(16471,'g',0,'2012-01-29'),(18255,'g',0,'2012-01-29'),(18235,'g',0,'2012-01-29'),(16449,'g',0,'2012-01-29'),(18260,'g',0,'2012-01-29'),(18189,'g',0,'2012-01-29'),(16494,'g',0,'2012-01-29'),(18270,'g',0,'2012-01-29'),(18210,'g',0,'2012-01-29'),(18452,'g',0,'2012-02-01'),(18386,'g',0,'2012-02-01'),(3652,'g',0,'2012-02-01'),(3836,'g',0,'2012-02-01'),(3814,'g',0,'2012-02-01'),(3657,'g',0,'2012-02-01'),(18339,'g',0,'2012-02-01'),(12951,'g',0,'2012-02-01'),(18153,'g',0,'2012-02-01'),(18202,'g',0,'2012-02-03'),(18075,'g',0,'2012-02-03'),(16696,'g',0,'2012-02-03'),(18076,'g',0,'2012-02-03'),(18116,'g',0,'2012-02-03'),(17789,'g',0,'2012-02-03'),(18192,'g',0,'2012-02-03'),(18204,'g',0,'2012-02-03'),(3168,'g',0,'2012-02-05'),(2925,'g',0,'2012-02-05'),(2931,'g',0,'2012-02-05'),(18345,'g',0,'2012-02-05'),(18311,'g',0,'2012-02-05'),(18072,'g',0,'2012-02-05'),(15161,'g',0,'2012-02-09'),(3483,'g',0,'2012-02-09'),(3407,'g',0,'2012-02-09'),(3559,'g',0,'2012-02-09'),(3553,'g',0,'2012-02-09'),(3297,'g',0,'2012-02-09'),(3554,'g',0,'2012-02-09'),(18450,'g',0,'2012-02-11'),(18240,'g',0,'2012-02-11'),(17998,'g',0,'2012-02-11'),(11340,'g',0,'2012-02-11'),(3443,'g',0,'2012-02-11'),(3766,'g',0,'2012-02-11'),(7062,'g',0,'2012-02-11'),(3664,'g',0,'2012-02-11'),(3663,'g',0,'2012-02-11'),(18080,'g',0,'2012-02-14'),(17780,'g',0,'2012-02-14'),(17788,'g',0,'2012-02-14'),(17787,'g',0,'2012-02-14'),(7442,'g',0,'2012-02-15'),(8141,'g',0,'2012-02-15'),(7739,'g',0,'2012-02-15'),(7964,'g',0,'2012-02-15'),(7983,'g',0,'2012-02-15'),(18469,'g',0,'2012-02-15'),(18133,'g',0,'2012-02-15'),(18331,'g',0,'2012-02-15'),(18152,'g',0,'2012-02-15'),(18328,'g',0,'2012-02-15'),(34,'g',0,'2012-02-16'),(3607,'g',0,'2012-02-16'),(3771,'g',0,'2012-02-16'),(18527,'g',0,'2012-02-16'),(11265,'g',0,'2012-02-16'),(18504,'g',0,'2012-02-16'),(18119,'g',0,'2012-02-16'),(8008,'g',0,'2012-02-19'),(3858,'g',0,'2012-02-19'),(14436,'g',0,'2012-02-19'),(11588,'g',0,'2012-02-21'),(18180,'g',0,'2012-02-23'),(3430,'g',0,'2012-02-23'),(3416,'g',0,'2012-02-23'),(3418,'g',0,'2012-02-23'),(3419,'g',0,'2012-02-23'),(3425,'g',0,'2012-02-23'),(3413,'g',0,'2012-02-23'),(3426,'g',0,'2012-02-23'),(3421,'g',0,'2012-02-23'),(3411,'g',0,'2012-02-23'),(3414,'g',0,'2012-02-23'),(3444,'g',0,'2012-02-23'),(3459,'g',0,'2012-02-23'),(3441,'g',0,'2012-02-23'),(3439,'g',0,'2012-02-23'),(3432,'g',0,'2012-02-23'),(3437,'g',0,'2012-02-23'),(3460,'g',0,'2012-02-23'),(3461,'g',0,'2012-02-23'),(3457,'g',0,'2012-02-24'),(3436,'g',0,'2012-02-24'),(322,'g',0,'2012-02-24'),(3124,'g',0,'2012-02-24'),(3700,'g',0,'2012-02-24'),(3698,'g',0,'2012-02-24'),(3697,'g',0,'2012-02-24'),(3670,'g',0,'2012-02-24'),(3695,'g',0,'2012-02-24'),(3359,'g',0,'2012-02-24'),(3702,'g',0,'2012-02-24'),(3706,'g',0,'2012-02-24'),(3469,'g',0,'2012-02-24'),(3467,'g',0,'2012-02-24'),(3468,'g',0,'2012-02-24'),(3463,'g',0,'2012-02-24'),(3462,'g',0,'2012-02-24'),(3470,'g',0,'2012-02-24'),(3464,'g',0,'2012-02-24'),(3466,'g',0,'2012-02-24'),(3471,'g',0,'2012-02-24'),(3465,'g',0,'2012-02-24'),(11396,'g',0,'2012-02-27'),(11285,'g',0,'2012-03-01'),(16350,'g',0,'2012-03-06');

--
-- Table structure for table `idx_paid_listing`
--

CREATE TABLE `idx_paid_listing` (
  `link_id` mediumint(9) unsigned NOT NULL DEFAULT '0',
  `premium` char(1) DEFAULT NULL,
  `sponsored` char(1) DEFAULT NULL,
  `expire` datetime DEFAULT NULL,
  `paid` char(1) DEFAULT NULL,
  PRIMARY KEY (`link_id`)
) ENGINE=MyISAM DEFAULT CHARSET=latin1;

--
-- Dumping data for table `idx_paid_listing`
--


--
-- Table structure for table `idx_payment_gateway`
--

CREATE TABLE `idx_payment_gateway` (
  `payment_gateway_id` int(11) NOT NULL AUTO_INCREMENT,
  `name` varchar(100) DEFAULT NULL,
  `enable` char(1) DEFAULT NULL,
  `setting` text,
  `invoice_html` text,
  PRIMARY KEY (`payment_gateway_id`)
) ENGINE=MyISAM AUTO_INCREMENT=9 DEFAULT CHARSET=latin1;

--
-- Dumping data for table `idx_payment_gateway`
--

INSERT INTO `idx_payment_gateway` VALUES (1,'paypal','1','a:2:{s:13:\"payment_email\";s:0:\"\";s:21:\"enable_paypal_sandbox\";s:1:\"0\";}','<p> \r\n	<a href=\'paynow.php?id={$invoice_id}&m=paypal\'><img src=\'http://www.paypal.com/images/x-click-but02.gif\' border=\'0\' alt=\'Make payments with PayPal - it is fast, free and secure!\' /></a> \r\n</p>\r\n'),(2,'2co','0','a:6:{s:6:\"co_sid\";s:5:\"84932\";s:9:\"co_secret\";s:5:\"tango\";s:12:\"co_recurring\";s:1:\"0\";s:9:\"co_prod_1\";s:6:\"100.00\";s:9:\"co_prod_2\";s:6:\"250.00\";s:9:\"co_prod_3\";s:6:\"400.00\";}','<p>\r\n<a href=\'paynow.php?id={$invoice_id}&m=2co\'><img src=\'http://www.2checkout.com/images/overview/btns/25.jpg\' alt=\'Pay Now with 2checkout...\' border=\'0\' /></a> \r\n</p>'),(3,'authorizenet','0','a:2:{s:21:\"authorizenet_login_id\";s:0:\"\";s:21:\"authorizenet_tran_key\";s:0:\"\";}','<p> \r\n<a href=\'paynow.php?id={$invoice_id}&m=authorizenet\'><img src=\'http://www.authorize.net/upload/images/Images/Header/authorizenet_logo.gif\' alt=\'Pay Now with Authorize.Net...\' width=\'99\' height=\'39\' style=\'{border : 1px solid #c0c0c0;}\' /></a>\r\n</p>'),(4,'egold','0','a:2:{s:19:\"egold_payee_account\";s:0:\"\";s:16:\"egold_payee_name\";s:0:\"\";}','<p> \r\n<a href=\'paynow.php?id={$invoice_id}&m=egold\'>\r\n<img src=\'http://www.e-gold.com/gif/paywith.gif\' border=\'0\' alt=\'Pay Now with e-gold...\' />\r\n</a>\r\n</p>'),(5,'moneybookers','0','a:1:{s:18:\"moneybookers_email\";s:0:\"\";}','<p> \r\n<a href=\'paynow.php?id={$invoice_id}&m=paypal\'><img src=\'http://www.moneybookers.com/images/banners/88_en_mb.gif\' border=\'0\' alt=\'Make payments with Moneybookers - it is fast, free and secure!\' /></a> \r\n</p>'),(6,'paypal-subscriptions','0','a:2:{s:13:\"payment_email\";s:0:\"\";s:21:\"enable_paypal_sandbox\";s:1:\"0\";}','<p> \r\n<a href=\'paynow.php?id={$invoice_id}&m=paypal\'><img src=\'https://www.paypal.com/en_US/i/btn/x-click-but20.gif\' border=\'0\' alt=\'Make payments with PayPal - it is fast, free and secure!\' /></a> \r\n</p>'),(7,'alertpay','0','a:2:{s:14:\"alertpay_email\";s:0:\"\";s:23:\"enable_alertpay_sandbox\";s:1:\"0\";}','<p> \r\n<a href=\'paynow.php?id={$invoice_id}&m=alertpay\'>\r\n<img src=\'https://www.alertpay.com/Images/BuyNow/pay_now_3.gif\' border=\'0\' alt=\'Make payments with PayPal - it is fast, free and secure!\' /></a> \r\n</p>'),(8,'alertpay-subcriptions','0','a:2:{s:14:\"alertpay_email\";s:0:\"\";s:23:\"enable_alertpay_sandbox\";s:1:\"0\";}','<p>\r\n<a href=\'paynow.php?id={$invoice_id}&m=alertpay-subcriptions\'>\r\n<img src=\'https://www.alertpay.com/Images/BuyNow/subscribe_now_15.gif\' border=\'0\' alt=\'Make payments with Alert Pay - it is fast, free and secure!\' /></a> \r\n</p>');

--
-- Table structure for table `idx_payment_history`
--

CREATE TABLE `idx_payment_history` (
  `payment_id` int(10) unsigned NOT NULL AUTO_INCREMENT,
  `contact_name` varchar(255) DEFAULT NULL,
  `email` varchar(255) DEFAULT NULL,
  `type` varchar(255) DEFAULT NULL,
  `detail` text,
  `amount` double DEFAULT NULL,
  `time` datetime DEFAULT NULL,
  `invoice_id` varchar(10) DEFAULT NULL,
  PRIMARY KEY (`payment_id`)
) ENGINE=MyISAM DEFAULT CHARSET=latin1;

--
-- Dumping data for table `idx_payment_history`
--


--
-- Table structure for table `idx_pl_sociable`
--

CREATE TABLE `idx_pl_sociable` (
  `sb_id` int(11) NOT NULL AUTO_INCREMENT,
  `sb_name` varchar(255) CHARACTER SET utf8 DEFAULT NULL,
  `sb_url` varchar(255) CHARACTER SET utf8 DEFAULT NULL,
  `sb_icon` varchar(255) CHARACTER SET utf8 DEFAULT NULL,
  `sb_enable` char(1) CHARACTER SET utf8 DEFAULT '0',
  PRIMARY KEY (`sb_id`)
) ENGINE=MyISAM AUTO_INCREMENT=90 DEFAULT CHARSET=latin1;

--
-- Dumping data for table `idx_pl_sociable`
--

INSERT INTO `idx_pl_sociable` VALUES (1,'BarraPunto','http://barrapunto.com/submit.pl?subj=TITLE&amp;story=PERMALINK','barrapunto.png','0'),(2,'Bitacoras.com','http://bitacoras.com/anotaciones/PERMALINK','bitacoras.png','0'),(3,'BlinkList','http://www.blinklist.com/index.php?Action=Blink/addblink.php&amp;Url=PERMALINK&amp;Title=TITLE','blinklist.png','0'),(4,'blogmarks','http://blogmarks.net/my/new.php?mini=1&amp;simple=1&amp;url=PERMALINK&amp;title=TITLE','blogmarks.png','0'),(5,'Blogosphere News','http://www.blogospherenews.com/submit.php?url=PERMALINK&amp;title=TITLE','blogospherenews.png','0'),(6,'blogtercimlap','http://cimlap.blogter.hu/index.php?action=suggest_link&amp;title=TITLE&amp;url=PERMALINK','blogter.png','0'),(7,'Faves','http://faves.com/Authoring.aspx?u=PERMALINK&amp;title=TITLE','bluedot.png','0'),(8,'connotea','http://www.connotea.org/addpopup?continue=confirm&amp;uri=PERMALINK&amp;title=TITLE&amp;description=EXCERPT','connotea.png','0'),(9,'Current','http://current.com/clipper.htm?url=PERMALINK&amp;title=TITLE','current.png','0'),(10,'del.icio.us','http://delicious.com/post?url=PERMALINK&amp;title=TITLE&amp;notes=EXCERPT','delicious.png','0'),(11,'Digg','http://digg.com/submit?phase=2&amp;url=PERMALINK&amp;title=TITLE&amp;bodytext=EXCERPT','digg.png','1'),(12,'Diigo','http://www.diigo.com/post?url=PERMALINK&amp;title=TITLE','diigo.png','0'),(13,'DotNetKicks','http://www.dotnetkicks.com/kick/?url=PERMALINK&amp;title=TITLE','dotnetkicks.png','0'),(14,'DZone','http://www.dzone.com/links/add.html?url=PERMALINK&amp;title=TITLE','dzone.png','0'),(15,'eKudos','http://www.ekudos.nl/artikel/nieuw?url=PERMALINK&amp;title=TITLE&amp;desc=EXCERPT','ekudos.png','0'),(16,'email','mailto:?subject=TITLE&amp;body=PERMALINK','email_link.png','0'),(17,'Facebook','http://www.facebook.com/share.php?u=PERMALINK&amp;t=TITLE','facebook.png','1'),(18,'Fark','http://cgi.fark.com/cgi/fark/farkit.pl?h=TITLE&amp;u=PERMALINK','fark.png','0'),(19,'Fleck','http://beta3.fleck.com/bookmarklet.php?url=PERMALINK&amp;title=TITLE','fleck.png','0'),(20,'FriendFeed','http://www.friendfeed.com/share?title=TITLE&amp;link=PERMALINK','friendfeed.png','0'),(21,'FSDaily','http://www.fsdaily.com/submit?url=PERMALINK&amp;title=TITLE','fsdaily.png','0'),(22,'Global Grind','http://globalgrind.com/submission/submit.aspx?url=PERMALINK&amp;type=Article&amp;title=TITLE','globalgrind.png','0'),(23,'Google','http://www.google.com/bookmarks/mark?op=edit&amp;bkmk=PERMALINK&amp;title=TITLE&amp;annotation=EXCERPT','googlebookmark.png','0'),(24,'Gwar','http://www.gwar.pl/DodajGwar.html?u=PERMALINK','gwar.png','0'),(25,'HackerNews','http://news.ycombinator.com/submitlink?u=PERMALINK&amp;t=TITLE','hackernews.png','0'),(26,'Haohao','http://www.haohaoreport.com/submit.php?url=PERMALINK&amp;title=TITLE','haohao.png','0'),(27,'HealthRanker','http://healthranker.com/submit.php?url=PERMALINK&amp;title=TITLE','healthranker.png','0'),(28,'HelloTxt','http://hellotxt.com/?status=TITLE+PERMALINK','hellotxt.png','0'),(29,'Hemidemi','http://www.hemidemi.com/user_bookmark/new?title=TITLE&amp;url=PERMALINK','hemidemi.png','0'),(30,'Hyves','http://www.hyves.nl/profilemanage/add/tips/?name=TITLE&amp;text=EXCERPT+PERMALINK&amp;rating=5','hyves.png','0'),(31,'Identi.ca','http://identi.ca/notice/new?status_textarea=PERMALINK','identica.png','0'),(32,'IndianPad','http://www.indianpad.com/submit.php?url=PERMALINK','indianpad.png','0'),(33,'Internetmedia','http://internetmedia.hu/submit.php?url=PERMALINK','im.png','0'),(34,'Kirtsy','http://www.kirtsy.com/submit.php?url=PERMALINK&amp;title=TITLE','kirtsy.png','0'),(35,'laaik.it','http://laaik.it/NewStoryCompact.aspx?uri=PERMALINK&amp;headline=TITLE&amp;cat=5e082fcc-8a3b-47e2-acec-fdf64ff19d12','laaikit.png','0'),(36,'LinkArena','http://linkarena.com/bookmarks/addlink/?url=PERMALINK&amp;title=TITLE','linkarena.png','0'),(37,'LinkaGoGo','http://www.linkagogo.com/go/AddNoPopup?url=PERMALINK&amp;title=TITLE','linkagogo.png','0'),(38,'LinkedIn','http://www.linkedin.com/shareArticle?mini=true&amp;url=PERMALINK&amp;title=TITLE&amp;source=BLOGNAME&amp;summary=EXCERPT','linkedin.png','0'),(39,'Linkter','http://www.linkter.hu/index.php?action=suggest_link&amp;url=PERMALINK&amp;title=TITLE','linkter.png','0'),(40,'Live','https://favorites.live.com/quickadd.aspx?marklet=1&amp;url=PERMALINK&amp;title=TITLE','live.png','0'),(41,'Meneame','http://meneame.net/submit.php?url=PERMALINK','meneame.png','0'),(42,'MisterWong','http://www.mister-wong.com/addurl/?bm_url=PERMALINK&amp;bm_description=TITLE&amp;plugin=soc','misterwong.png','0'),(43,'MisterWong.DE','http://www.mister-wong.de/addurl/?bm_url=PERMALINK&amp;bm_description=TITLE&amp;plugin=soc','misterwong.png','0'),(44,'Mixx','http://www.mixx.com/submit?page_url=PERMALINK&amp;title=TITLE','mixx.png','0'),(45,'muti','http://www.muti.co.za/submit?url=PERMALINK&amp;title=TITLE','muti.png','0'),(46,'MyShare','http://myshare.url.com.tw/index.php?func=newurl&amp;url=PERMALINK&amp;desc=TITLE','myshare.png','0'),(47,'MySpace','http://www.myspace.com/Modules/PostTo/Pages/?u=PERMALINK&amp;t=TITLE','myspace.png','0'),(48,'MSNReporter','http://reporter.nl.msn.com/?fn=contribute&amp;Title=TITLE&amp;URL=PERMALINK&amp;cat_id=6&amp;tag_id=31&amp;Remark=EXCERPT','msnreporter.png','0'),(49,'N4G','http://www.n4g.com/tips.aspx?url=PERMALINK&amp;title=TITLE','n4g.png','0'),(50,'Netvibes','http://www.netvibes.com/share?title=TITLE&amp;url=PERMALINK','netvibes.png','0'),(51,'NewsVine','http://www.newsvine.com/_tools/seed&amp;save?u=PERMALINK&amp;h=TITLE','newsvine.png','0'),(52,'Netvouz','http://www.netvouz.com/action/submitBookmark?url=PERMALINK&amp;title=TITLE&amp;popup=no','netvouz.png','0'),(53,'NuJIJ','http://nujij.nl/jij.lynkx?t=TITLE&amp;u=PERMALINK&amp;b=EXCERPT','nujij.png','0'),(54,'Ping.fm','http://ping.fm/ref/?link=PERMALINK&amp;title=TITLE&amp;body=EXCERPT','ping.png','0'),(55,'Posterous','http://posterous.com/share?linkto=PERMALINK&amp;title=TITLE&amp;selection=EXCERPT','posterous.png','0'),(56,'PDF','http://www.printfriendly.com/print?url=PERMALINK&amp;partner=sociable','pdf.png','0'),(57,'Print','http://www.printfriendly.com/print?url=PERMALINK&amp;partner=sociable','printfriendly.png','0'),(58,'Propeller','http://www.propeller.com/submit/?url=PERMALINK','propeller.png','0'),(59,'Ratimarks','http://ratimarks.org/bookmarks.php/?action=add&address=PERMALINK&amp;title=TITLE','ratimarks.png','0'),(60,'Rec6','http://rec6.via6.com/link.php?url=PERMALINK&amp;=TITLE','rec6.png','0'),(61,'Reddit','http://reddit.com/submit?url=PERMALINK&amp;title=TITLE','reddit.png','0'),(62,'RSS','FEEDLINK','rss.png','0'),(63,'Scoopeo','http://www.scoopeo.com/scoop/new?newurl=PERMALINK&amp;title=TITLE','scoopeo.png','0'),(64,'Segnalo','http://segnalo.alice.it/post.html.php?url=PERMALINK&amp;title=TITLE','segnalo.png','0'),(65,'Simpy','http://www.simpy.com/simpy/LinkAdd.do?href=PERMALINK&amp;title=TITLE','simpy.png','0'),(66,'Slashdot','http://slashdot.org/bookmark.pl?title=TITLE&amp;url=PERMALINK','slashdot.png','0'),(67,'Socialogs','http://socialogs.com/add_story.php?story_url=PERMALINK&amp;story_title=TITLE','socialogs.png','0'),(68,'SphereIt','http://www.sphere.com/search?q=sphereit:PERMALINK&amp;title=TITLE','sphere.png','0'),(69,'Sphinn','http://sphinn.com/index.php?c=post&amp;m=submit&amp;link=PERMALINK','sphinn.png','0'),(70,'StumbleUpon','http://www.stumbleupon.com/submit?url=PERMALINK&amp;title=TITLE','stumbleupon.png','0'),(71,'Techmeme','http://twitter.com/home/?status=tip%20@Techmeme%20PERMALINK%20TITLE','techmeme.png','0'),(72,'Technorati','http://technorati.com/faves?add=PERMALINK','technorati.png','1'),(73,'ThisNext','http://www.thisnext.com/pick/new/submit/sociable/?url=PERMALINK&amp;name=TITLE','thisnext.png','0'),(74,'Tipd','http://tipd.com/submit.php?url=PERMALINK','tipd.png','0'),(75,'Tumblr','http://www.tumblr.com/share?v=3&amp;u=PERMALINK&amp;t=TITLE&amp;s=EXCERPT','tumblr.png','0'),(76,'Twitter','http://twitter.com/home?status=TITLE%20-%20PERMALINK','twitter.png','1'),(77,'Upnews','http://www.upnews.it/submit?url=PERMALINK&amp;title=TITLE','upnews.png','0'),(78,'Webnews.de','http://www.webnews.de/einstellen?url=PERMALINK&amp;title=TITLE','webnews.png','0'),(79,'Webride','http://webride.org/discuss/split.php?uri=PERMALINK&amp;title=TITLE','webride.png','0'),(80,'Wikio','http://www.wikio.com/vote?url=PERMALINK','wikio.png','0'),(81,'Wikio FR','http://www.wikio.fr/vote?url=PERMALINK','wikio.png','0'),(82,'Wikio IT','http://www.wikio.it/vote?url=PERMALINK','wikio.png','0'),(83,'Wists','http://wists.com/s.php?c=&amp;r=PERMALINK&amp;title=TITLE','wists.png','0'),(84,'Wykop','http://www.wykop.pl/dodaj?url=PERMALINK','wykop.png','0'),(85,'Xerpi','http://www.xerpi.com/block/add_link_from_extension?url=PERMALINK&amp;title=TITLE','xerpi.png','0'),(86,'YahooBuzz','http://buzz.yahoo.com/submit/?submitUrl=PERMALINK&amp;submitHeadline=TITLE&amp;submitSummary=EXCERPT&amp;submitCategory=science&amp;submitAssetType=text','yahoobuzz.png','0'),(87,'Yahoo! Bookmarks','http://bookmarks.yahoo.com/toolbar/savebm?u=PERMALINK&amp;t=TITLE&opener=bm&amp;ei=UTF-8&amp;d=EXCERPT','yahoomyweb.png','0'),(88,'Yigg','http://yigg.de/neu?exturl=PERMALINK&amp;exttitle=TITLE','yiggit.png','0'),(89,'Blogplay','http://blogplay.com','blogplay.png','0');

--
-- Table structure for table `idx_pl_twitter_account`
--

CREATE TABLE `idx_pl_twitter_account` (
  `ck` varchar(255) CHARACTER SET utf8 DEFAULT NULL,
  `cs` varchar(255) CHARACTER SET utf8 DEFAULT NULL,
  `at` varchar(255) CHARACTER SET utf8 DEFAULT NULL,
  `ats` varchar(255) CHARACTER SET utf8 DEFAULT NULL
) ENGINE=MyISAM DEFAULT CHARSET=latin1;

--
-- Dumping data for table `idx_pl_twitter_account`
--

INSERT INTO `idx_pl_twitter_account` VALUES ('Ht4JmMR3vEeqH52eB8Dg','SWQkwam88lSZMgk90HhGvczmLauIwuds5wk5tNcq3c','https://api.twitter.com/oauth/authorize','https://api.twitter.com/oauth/access_token');

--
-- Table structure for table `idx_plugin`
--

CREATE TABLE `idx_plugin` (
  `plugin_id` int(11) NOT NULL AUTO_INCREMENT,
  `name` varchar(255) DEFAULT NULL,
  `plugin_file` varchar(255) DEFAULT NULL,
  `status` enum('0','1') DEFAULT NULL,
  `option_plugin` text,
  PRIMARY KEY (`plugin_id`)
) ENGINE=MyISAM AUTO_INCREMENT=3 DEFAULT CHARSET=latin1;

--
-- Dumping data for table `idx_plugin`
--

INSERT INTO `idx_plugin` VALUES (1,'AutoTweet','twitter_auto_tweet/twitter_auto_tweet.php','1',NULL),(2,'Sociable','sociable/sociable.php','1',NULL);

--
-- Table structure for table `idx_review`
--

CREATE TABLE `idx_review` (
  `review_id` mediumint(9) unsigned NOT NULL AUTO_INCREMENT,
  `link_id` mediumint(9) unsigned NOT NULL DEFAULT '0',
  `review` text NOT NULL,
  `rating` tinyint(3) unsigned NOT NULL DEFAULT '0',
  `date` date NOT NULL DEFAULT '0000-00-00',
  `subject` varchar(100) DEFAULT NULL,
  `status` char(1) DEFAULT NULL,
  `username` varchar(20) DEFAULT NULL,
  `name` varchar(20) DEFAULT NULL,
  `email` varchar(100) DEFAULT NULL,
  PRIMARY KEY (`review_id`)
) ENGINE=MyISAM DEFAULT CHARSET=latin1;

--
-- Dumping data for table `idx_review`
--


--
-- Table structure for table `idx_searchlog`
--

CREATE TABLE `idx_searchlog` (
  `keyword` varchar(100) NOT NULL DEFAULT '',
  `time` datetime NOT NULL DEFAULT '0000-00-00 00:00:00',
  `result` mediumint(9) unsigned DEFAULT NULL,
  `ip` varchar(100) DEFAULT NULL
) ENGINE=MyISAM DEFAULT CHARSET=latin1;

--
-- Dumping data for table `idx_searchlog`
--


--
-- Table structure for table `idx_set_hook_place`
--

CREATE TABLE `idx_set_hook_place` (
  `set_hook_place_id` int(11) NOT NULL AUTO_INCREMENT,
  `plugin` varchar(255) DEFAULT NULL,
  `set_hook_place` text,
  PRIMARY KEY (`set_hook_place_id`)
) ENGINE=MyISAM DEFAULT CHARSET=latin1;

--
-- Dumping data for table `idx_set_hook_place`
--


--
-- Table structure for table `idx_setting`
--

CREATE TABLE `idx_setting` (
  `setting_id` int(11) NOT NULL AUTO_INCREMENT,
  `setting_name` varchar(255) DEFAULT NULL,
  `setting_value` text,
  PRIMARY KEY (`setting_id`)
) ENGINE=MyISAM AUTO_INCREMENT=55 DEFAULT CHARSET=latin1;

--
-- Dumping data for table `idx_setting`
--

INSERT INTO `idx_setting` VALUES (4,'site_name','coolweblinkx.com'),(5,'site_url','http://coolweblinkx.com'),(6,'email_address','amiya.verdejo@gmail.com'),(7,'language_code','en_US'),(8,'theme_path','/home/coolweb1/public_html/themes/'),(9,'admin_template_path','/home/coolweb1/public_html/admin_tpl/'),(10,'plugin_path','/home/coolweb1/public_html/plugin/'),(12,'active_theme','_coolweblinkx'),(14,'spam_proof','1'),(15,'enable_user_validation','1'),(16,'allowed_file_extension','gif,jpg,png,pdf,zip,doc'),(17,'yahoo_appid',''),(18,'whosonline','600'),(19,'reciprocal_check','0'),(20,'urlcheck_limit','1'),(21,'pagerank_cache','30'),(22,'max_image_width','1024'),(23,'max_image_height','756'),(24,'max_file_size','500'),(25,'only_registered_can_add_link','0'),(26,'only_registered_can_add_review','0'),(27,'db_use_persistent','0'),(28,'paid_link_day_period','30,60,90,180'),(29,'paid_link_price_factor','1,1.5,2,3'),(30,'enable_html_tag','1'),(31,'allowed_html_tag','<b>,<strong>,<i>,<em>,<u>,<pre>,<blockquote>,<ol>,<ul>,<li>,<p>,<span>,<div>,<table>,<tr>,<td>'),(32,'enable_page_compression','0'),(33,'enable_category_ajax','1'),(34,'require_visit_category','0'),(35,'additional_category_price','0.5'),(36,'enable_rating_ajax','1'),(37,'service_nicecoder_avail','1'),(38,'enable_recaptcha','0'),(39,'recaptcha_publickey',''),(40,'recaptcha_privatekey',''),(41,'enable_bidding','0'),(42,'minimum_bid','5'),(43,'bid_increament','1'),(44,'charset','utf-8'),(45,'mailer','mail'),(46,'smtp_auth','0'),(47,'smtp_host',''),(48,'smtp_username',''),(49,'smtp_password',''),(50,'smtp_port','25'),(51,'emailbody_as_html','0'),(52,'indexu_version','2.4'),(53,'tos',''),(54,'submission_guidelines','');

--
-- Table structure for table `idx_tags`
--

CREATE TABLE `idx_tags` (
  `tag` varchar(64) NOT NULL DEFAULT '',
  `category_id` mediumint(8) unsigned NOT NULL DEFAULT '0',
  `total` int(11) NOT NULL DEFAULT '0',
  `tag_path` varchar(64) NOT NULL,
  PRIMARY KEY (`tag`,`category_id`)
) ENGINE=MyISAM DEFAULT CHARSET=latin1;

--
-- Dumping data for table `idx_tags`
--


--
-- Table structure for table `idx_unavailable`
--

CREATE TABLE `idx_unavailable` (
  `idx_unavailable` int(11) NOT NULL AUTO_INCREMENT,
  `link_id` int(11) DEFAULT NULL,
  `url` varchar(255) DEFAULT NULL,
  `who_is` varchar(255) DEFAULT NULL,
  `note` text,
  `date` datetime DEFAULT NULL,
  PRIMARY KEY (`idx_unavailable`)
) ENGINE=MyISAM DEFAULT CHARSET=latin1;

--
-- Dumping data for table `idx_unavailable`
--


--
-- Table structure for table `idx_unavailable_latest`
--

CREATE TABLE `idx_unavailable_latest` (
  `idx_link` int(11) DEFAULT NULL,
  `record_execution` int(11) DEFAULT NULL
) ENGINE=MyISAM DEFAULT CHARSET=latin1;

--
-- Dumping data for table `idx_unavailable_latest`
--


--
-- Table structure for table `idx_votes`
--

CREATE TABLE `idx_votes` (
  `link_id` mediumint(9) NOT NULL DEFAULT '0',
  `ip` varchar(100) DEFAULT NULL,
  `value` tinyint(4) DEFAULT NULL
) ENGINE=MyISAM DEFAULT CHARSET=latin1;

--
-- Dumping data for table `idx_votes`
--



