--
-- Host: directory24x7.org    Database: directo_db
-- ------------------------------------------------------


--
-- Table structure for table `directory_save_data`
--

CREATE TABLE `directory_save_data` (
  `id` bigint(100) NOT NULL AUTO_INCREMENT,
  `schedule_id` bigint(100) NOT NULL,
  `project_id` bigint(100) NOT NULL,
  `link_id` bigint(100) NOT NULL,
  `confirm_link` text NOT NULL,
  `category_id` int(10) NOT NULL,
  `category_name` varchar(150) NOT NULL,
  PRIMARY KEY (`id`)
) ENGINE=InnoDB DEFAULT CHARSET=latin1;

--
-- Dumping data for table `directory_save_data`
--


--
-- Table structure for table `idx_admin_menu`
--

CREATE TABLE `idx_admin_menu` (
  `menu_id` int(11) NOT NULL AUTO_INCREMENT,
  `parent_id` int(11) DEFAULT NULL,
  `menu_title` varchar(255) DEFAULT NULL,
  `menu_url` varchar(255) DEFAULT NULL,
  `order_number` int(11) DEFAULT NULL,
  PRIMARY KEY (`menu_id`)
) ENGINE=MyISAM AUTO_INCREMENT=85 DEFAULT CHARSET=latin1;

--
-- Dumping data for table `idx_admin_menu`
--



--
-- Table structure for table `idx_bad_link`
--

CREATE TABLE `idx_bad_link` (
  `bad_link_id` mediumint(9) unsigned NOT NULL AUTO_INCREMENT,
  `link_id` mediumint(9) unsigned NOT NULL DEFAULT '0',
  `name` varchar(50) NOT NULL DEFAULT '',
  `email` varchar(50) NOT NULL DEFAULT '',
  `type` tinyint(3) unsigned NOT NULL DEFAULT '0',
  `date` date NOT NULL DEFAULT '0000-00-00',
  PRIMARY KEY (`bad_link_id`)
) ENGINE=MyISAM DEFAULT CHARSET=latin1;

--
-- Dumping data for table `idx_bad_link`
--


--
-- Table structure for table `idx_badwords`
--

CREATE TABLE `idx_badwords` (
  `word` varchar(100) NOT NULL DEFAULT ''
) ENGINE=MyISAM DEFAULT CHARSET=latin1;

--
-- Dumping data for table `idx_badwords`
--


--
-- Table structure for table `idx_blocked_domain`
--

CREATE TABLE `idx_blocked_domain` (
  `blocked_id` int(11) NOT NULL AUTO_INCREMENT,
  `blocked` varchar(255) DEFAULT NULL,
  `type` enum('domain','ip') DEFAULT NULL,
  PRIMARY KEY (`blocked_id`)
) ENGINE=MyISAM AUTO_INCREMENT=6 DEFAULT CHARSET=latin1;

--
-- Dumping data for table `idx_blocked_domain`
--

INSERT INTO `idx_blocked_domain` VALUES (1,'buydomains.com','domain'),(2,'this-domain-for-sale.com ','domain'),(3,'oversee.net','domain'),(4,'eNom','domain'),(5,'sedoparking.com','domain');

--
-- Table structure for table `idx_category`
--

CREATE TABLE `idx_category` (
  `category_id` mediumint(9) unsigned NOT NULL AUTO_INCREMENT,
  `parent_id` mediumint(9) unsigned NOT NULL DEFAULT '0',
  `name` varchar(100) NOT NULL DEFAULT '',
  `description` text NOT NULL,
  `image` varchar(100) DEFAULT NULL,
  `content` text,
  `visible` char(1) DEFAULT NULL,
  `links` mediumint(9) DEFAULT NULL,
  `meta_keyword` text,
  `meta_description` text,
  `permission` char(2) DEFAULT NULL,
  `registered_only` char(1) DEFAULT NULL,
  `header` text NOT NULL,
  `footer` text NOT NULL,
  `related` mediumint(6) NOT NULL DEFAULT '0',
  `page_title` varchar(200) NOT NULL DEFAULT '',
  `hits` int(11) NOT NULL DEFAULT '0',
  `order_num` smallint(6) NOT NULL DEFAULT '0',
  `basic_price` double unsigned NOT NULL DEFAULT '0',
  `premium_price` double unsigned NOT NULL DEFAULT '0',
  `sponsored_price` double unsigned NOT NULL DEFAULT '0',
  PRIMARY KEY (`category_id`)
) ENGINE=MyISAM AUTO_INCREMENT=36 DEFAULT CHARSET=latin1;

--
-- Dumping data for table `idx_category`
--

INSERT INTO `idx_category` VALUES (1,0,'Arts & Humanities','','folder.gif','','1',23,'','','0','0','','',0,'',0,0,0,0,0),(2,0,'Automobile industry','','folder.gif','','1',59,'','','0','0','','',0,'',0,0,0,0,0),(3,0,'Business & Economy','','folder.gif','','1',201,'','','0','0','','',0,'',0,0,0,0,0),(4,0,'Careers','','folder.gif','','1',2,'','','0','0','','',0,'',0,0,0,0,0),(5,0,'Clothing & Fashion','','folder.gif','','1',15,'','','0','0','','',0,'',0,0,0,0,0),(6,0,'Mass Communications','','folder.gif','','1',26,'','','0','0','','',0,'',0,0,0,0,0),(7,0,'Computers & IT','','folder.gif','','1',40,'','','0','0','','',0,'',0,0,0,0,0),(8,0,'Construction and Remodeling','','folder.gif','','1',95,'','','0','0','','',0,'',0,0,0,0,0),(9,0,'Dental','','folder.gif','','1',82,'','','0','0','','',0,'',0,0,0,0,0),(10,0,'Education & Colleges','','folder.gif','','1',32,'','','0','0','','',0,'',0,0,0,0,0),(11,0,'Employment & Staffing','','folder.gif','','1',0,'','','0','0','','',0,'',0,0,0,0,0),(12,0,'Gifts & Stationery','','folder.gif','','1',26,'','','0','0','','',0,'',0,0,0,0,0),(13,0,'Hardware & Software Systems','','folder.gif','','1',12,'','','0','0','','',0,'',0,0,0,0,0),(14,0,'Health Resources','','folder.gif','','1',65,'','','0','0','','',0,'',0,0,0,0,0),(15,0,'Healthcare Industry','','folder.gif','','1',155,'','','0','0','','',0,'',0,0,0,0,0),(16,0,'Heating, Ventilating and Air Conditioning','','folder.gif','','1',95,'','','0','0','','',0,'',0,0,0,0,0),(17,0,'Home & Garden Making','','folder.gif','','1',246,'','','0','0','','',0,'',0,0,0,0,0),(18,0,'Home Improvement & Appliances ','','folder.gif','','1',114,'','','0','0','','',0,'',0,0,0,0,0),(19,0,'Hotels ','','folder.gif','','1',101,'','','0','0','','',0,'',0,0,0,0,0),(20,0,'Insurance Providers','','folder.gif','','1',36,'','','0','0','','',0,'',0,0,0,0,0),(21,0,'Law & Legal','','folder.gif','','1',3,'','','0','0','','',0,'',0,0,0,0,0),(22,0,'Lawyers & Attorneys','','folder.gif','','1',220,'','','0','0','','',0,'',0,0,0,0,0),(23,0,'Lifestyle & Society','','folder.gif','','1',7,'','','0','0','','',0,'',0,0,0,0,0),(24,0,'Medicine & Surgery','','folder.gif','','1',13,'','','0','0','','',0,'',0,0,0,0,0),(25,0,'Finance & Investment','','folder.gif','','1',28,'','','0','0','','',0,'',0,0,0,0,0),(26,0,'News & Media','','folder.gif','','1',2,'','','0','0','','',0,'',0,0,0,0,0),(27,0,'Plumbing Contractors','','folder.gif','','1',51,'','','0','0','','',0,'',0,0,0,0,0),(28,0,'Real Estate & Property','','folder.gif','','1',45,'','','0','0','','',0,'',0,0,0,0,0),(29,0,'Science ','','folder.gif','','1',17,'','','0','0','','',0,'',0,0,0,0,0),(30,0,'SEO & SMO','','folder.gif','','1',27,'','','0','0','','',0,'',0,0,0,0,0),(31,0,'Shopping and Sales','','folder.gif','','1',84,'','','0','0','','',0,'',0,0,0,0,0),(32,0,'Sports & Recreation','','folder.gif','','1',10,'','','0','0','','',0,'',0,0,0,0,0),(33,0,'Transportation Services','','folder.gif','','1',64,'','','0','0','','',0,'',0,0,0,0,0),(34,0,'Travel & Tour','','folder.gif','','1',28,'','','0','0','','',0,'',0,0,0,0,0),(35,0,'Weddings','','folder.gif','','1',18,'','','0','0','','',0,'',0,0,0,0,0);

--
-- Table structure for table `idx_category_path`
--

CREATE TABLE `idx_category_path` (
  `category_id` mediumint(9) NOT NULL DEFAULT '0',
  `path` text,
  `path_with_url` text,
  `parents` text,
  PRIMARY KEY (`category_id`)
) ENGINE=MyISAM DEFAULT CHARSET=latin1;

--
-- Dumping data for table `idx_category_path`
--

INSERT INTO `idx_category_path` VALUES (1,'Arts & Humanities','<a href=\"http://directory24x7.org/arts-humanities/\" name=\"cat_1\" style=\"\">Arts & Humanities</a>',';0;'),(2,'Automobile industry','<a href=\"http://directory24x7.org/automobile-industry/\" name=\"cat_2\" style=\"\">Automobile industry</a>',';0;'),(3,'Business & Economy','<a href=\"http://directory24x7.org/business-economy/\" name=\"cat_3\" style=\"\">Business & Economy</a>',';0;'),(4,'Careers','<a href=\"http://directory24x7.org/careers/\" name=\"cat_4\" style=\"\">Careers</a>',';0;'),(5,'Clothing & Fashion','<a href=\"http://directory24x7.org/clothing-fashion/\" name=\"cat_5\" style=\"\">Clothing & Fashion</a>',';0;'),(6,'Mass Communications','<a href=\"http://directory24x7.org/mass-communications/\" name=\"cat_6\" style=\"\">Mass Communications</a>',';0;'),(7,'Computers & IT','<a href=\"http://directory24x7.org/computers-it/\" name=\"cat_7\" style=\"\">Computers & IT</a>',';0;'),(8,'Construction and Remodeling','<a href=\"http://directory24x7.org/construction-and-remodeling/\" name=\"cat_8\" style=\"\">Construction and Remodeling</a>',';0;'),(9,'Dental','<a href=\"http://directory24x7.org/dental/\" name=\"cat_9\" style=\"\">Dental</a>',';0;'),(10,'Education & Colleges','<a href=\"http://directory24x7.org/education-colleges/\" name=\"cat_10\" style=\"\">Education & Colleges</a>',';0;'),(11,'Employment & Staffing','<a href=\"http://directory24x7.org/employment-staffing/\" name=\"cat_11\" style=\"\">Employment & Staffing</a>',';0;'),(12,'Gifts & Stationery','<a href=\"http://directory24x7.org/gifts-stationery/\" name=\"cat_12\" style=\"\">Gifts & Stationery</a>',';0;'),(13,'Hardware & Software Systems','<a href=\"http://directory24x7.org/hardware-software-systems/\" name=\"cat_13\" style=\"\">Hardware & Software Systems</a>',';0;'),(14,'Health Resources','<a href=\"http://directory24x7.org/health-resources/\" name=\"cat_14\" style=\"\">Health Resources</a>',';0;'),(15,'Healthcare Industry','<a href=\"http://directory24x7.org/healthcare-industry/\" name=\"cat_15\" style=\"\">Healthcare Industry</a>',';0;'),(16,'Heating, Ventilating and Air Conditioning','<a href=\"http://directory24x7.org/heating-ventilating-and-air-conditioning/\" name=\"cat_16\" style=\"\">Heating, Ventilating and Air Conditioning</a>',';0;'),(17,'Home & Garden Making','<a href=\"http://directory24x7.org/home-garden-making/\" name=\"cat_17\" style=\"\">Home & Garden Making</a>',';0;'),(18,'Home Improvement & Appliances ','<a href=\"http://directory24x7.org/home-improvement-appliances/\" name=\"cat_18\" style=\"\">Home Improvement & Appliances </a>',';0;'),(19,'Hotels ','<a href=\"http://directory24x7.org/hotels/\" name=\"cat_19\" style=\"\">Hotels </a>',';0;'),(20,'Insurance Providers','<a href=\"http://directory24x7.org/insurance-providers/\" name=\"cat_20\" style=\"\">Insurance Providers</a>',';0;'),(21,'Law & Legal','<a href=\"http://directory24x7.org/law-legal/\" name=\"cat_21\" style=\"\">Law & Legal</a>',';0;'),(22,'Lawyers & Attorneys','<a href=\"http://directory24x7.org/lawyers-attorneys/\" name=\"cat_22\" style=\"\">Lawyers & Attorneys</a>',';0;'),(23,'Lifestyle & Society','<a href=\"http://directory24x7.org/lifestyle-society/\" name=\"cat_23\" style=\"\">Lifestyle & Society</a>',';0;'),(24,'Medicine & Surgery','<a href=\"http://directory24x7.org/medicine-surgery/\" name=\"cat_24\" style=\"\">Medicine & Surgery</a>',';0;'),(25,'Finance & Investment','<a href=\"http://directory24x7.org/finance-investment/\" name=\"cat_25\" style=\"\">Finance & Investment</a>',';0;'),(26,'News & Media','<a href=\"http://directory24x7.org/news-media/\" name=\"cat_26\" style=\"\">News & Media</a>',';0;'),(27,'Plumbing Contractors','<a href=\"http://directory24x7.org/plumbing-contractors/\" name=\"cat_27\" style=\"\">Plumbing Contractors</a>',';0;'),(28,'Real Estate & Property','<a href=\"http://directory24x7.org/real-estate-property/\" name=\"cat_28\" style=\"\">Real Estate & Property</a>',';0;'),(29,'Science ','<a href=\"http://directory24x7.org/science/\" name=\"cat_29\" style=\"\">Science </a>',';0;'),(30,'SEO & SMO','<a href=\"http://directory24x7.org/seo-smo/\" name=\"cat_30\" style=\"\">SEO & SMO</a>',';0;'),(31,'Shopping and Sales','<a href=\"http://directory24x7.org/shopping-and-sales/\" name=\"cat_31\" style=\"\">Shopping and Sales</a>',';0;'),(32,'Sports & Recreation','<a href=\"http://directory24x7.org/sports-recreation/\" name=\"cat_32\" style=\"\">Sports & Recreation</a>',';0;'),(33,'Transportation Services','<a href=\"http://directory24x7.org/transportation-services/\" name=\"cat_33\" style=\"\">Transportation Services</a>',';0;'),(34,'Travel & Tour','<a href=\"http://directory24x7.org/travel-tour/\" name=\"cat_34\" style=\"\">Travel & Tour</a>',';0;'),(35,'Weddings','<a href=\"http://directory24x7.org/weddings/\" name=\"cat_35\" style=\"\">Weddings</a>',';0;');

--
-- Table structure for table `idx_category_suggession`
--

CREATE TABLE `idx_category_suggession` (
  `id_cat_suggession` int(11) NOT NULL AUTO_INCREMENT,
  `parent_id` int(11) DEFAULT NULL,
  `name` varchar(255) DEFAULT NULL,
  `category_description` text,
  `date` datetime DEFAULT NULL,
  PRIMARY KEY (`id_cat_suggession`)
) ENGINE=MyISAM AUTO_INCREMENT=2 DEFAULT CHARSET=latin1;

--
-- Dumping data for table `idx_category_suggession`
--

INSERT INTO `idx_category_suggession` VALUES (1,3,'Hurricane shutters','South Florida based company offers Hurricane Shutters, Accordion Shutters, Storm Shutters and Hurricane Proof Windows. Our Hurricane Shutters are approved by the Florida Building Code.','2012-01-26 08:32:41');

--
-- Table structure for table `idx_checkurl`
--

CREATE TABLE `idx_checkurl` (
  `link_id` mediumint(9) NOT NULL DEFAULT '0',
  `date` date NOT NULL DEFAULT '0000-00-00',
  `live` char(1) NOT NULL DEFAULT '',
  `reciprocal_found` char(1) NOT NULL DEFAULT '',
  PRIMARY KEY (`link_id`)
) ENGINE=MyISAM DEFAULT CHARSET=latin1;

--
-- Dumping data for table `idx_checkurl`
--


--
-- Table structure for table `idx_cronjobs`
--

CREATE TABLE `idx_cronjobs` (
  `cronjobs_id` int(11) NOT NULL AUTO_INCREMENT,
  `cronjobs_name` varchar(255) DEFAULT NULL,
  `filename` varchar(255) NOT NULL,
  `schedule` varchar(255) NOT NULL,
  `time` datetime NOT NULL,
  `execution` varchar(1) NOT NULL,
  PRIMARY KEY (`cronjobs_id`)
) ENGINE=MyISAM AUTO_INCREMENT=4 DEFAULT CHARSET=latin1;

--
-- Dumping data for table `idx_cronjobs`
--

INSERT INTO `idx_cronjobs` VALUES (1,NULL,'clear_templates_c.php','1,*,*,*,*','0000-00-00 00:00:00',''),(2,NULL,'update_tag_cloud.php','*,24,*,*,*','0000-00-00 00:00:00',''),(3,NULL,'clear_rss_cache.php','*,24,*,*,*','0000-00-00 00:00:00','');

--
-- Table structure for table `idx_custom_field`
--

CREATE TABLE `idx_custom_field` (
  `field_name` varchar(32) NOT NULL DEFAULT '',
  `field_text` varchar(64) NOT NULL DEFAULT '',
  `field_type` enum('TEXT','TEXTAREA','SELECT','MULTISELECT','CHECKBOX','RADIO','FILE','IMAGE','DATE','DATETIME','RICHEDITOR') NOT NULL DEFAULT 'TEXT',
  `field_option` text NOT NULL,
  `field_img_width` int(10) unsigned NOT NULL DEFAULT '0',
  `field_img_height` int(10) unsigned NOT NULL DEFAULT '0',
  `field_file_size` int(10) unsigned NOT NULL DEFAULT '0',
  `field_file_extension` varchar(64) NOT NULL DEFAULT '',
  `required` char(1) NOT NULL DEFAULT '0',
  `searchable` char(1) NOT NULL DEFAULT '1',
  `permission` char(1) NOT NULL DEFAULT '0'
) ENGINE=MyISAM DEFAULT CHARSET=latin1;

--
-- Dumping data for table `idx_custom_field`
--

INSERT INTO `idx_custom_field` VALUES ('image','Image','IMAGE','',0,0,0,'','0','0','2'),('address','Address','TEXT','',0,0,0,'','0','0','0'),('city','City','TEXT','',0,0,0,'','0','0','0'),('state','State','TEXT','',0,0,0,'','0','0','0'),('country','Country','TEXT','',0,0,0,'','0','0','0'),('zip','Zip','TEXT','',0,0,0,'','0','0','0'),('phone','Phone','TEXT','',0,0,0,'','0','0','0'),('fax','Fax','TEXT','',0,0,0,'','0','0','0');

--
-- Table structure for table `idx_default_field`
--

CREATE TABLE `idx_default_field` (
  `field_name` varchar(64) NOT NULL,
  `required` char(1) NOT NULL,
  `visible` char(1) NOT NULL DEFAULT '1',
  `searchable` char(1) NOT NULL DEFAULT '1'
) ENGINE=MyISAM DEFAULT CHARSET=latin1;

--
-- Dumping data for table `idx_default_field`
--

INSERT INTO `idx_default_field` VALUES ('title','1','1','1'),('url','1','1','1'),('description','1','1','1'),('keywords','1','1','0'),('contact_name','1','1','1'),('email','1','1','1'),('reciprocal_url','0','0','1');

--
-- Table structure for table `idx_discount_coupon`
--

CREATE TABLE `idx_discount_coupon` (
  `coupon_id` int(11) NOT NULL AUTO_INCREMENT,
  `coupon_code` varchar(255) DEFAULT NULL,
  `coupon_value` varchar(50) DEFAULT NULL,
  `link_type` varchar(255) DEFAULT NULL,
  `start_date` date DEFAULT NULL,
  `expired_date` date DEFAULT NULL,
  `expired_usage` int(11) DEFAULT NULL,
  `usage_count` int(11) DEFAULT NULL,
  PRIMARY KEY (`coupon_id`)
) ENGINE=MyISAM DEFAULT CHARSET=latin1;

--
-- Dumping data for table `idx_discount_coupon`
--


--
-- Table structure for table `idx_editor`
--

CREATE TABLE `idx_editor` (
  `username` varchar(20) DEFAULT NULL,
  `category_id` mediumint(9) DEFAULT NULL,
  `category` char(1) DEFAULT NULL,
  `link` char(1) DEFAULT NULL,
  `review` char(1) DEFAULT NULL,
  `pick` char(1) DEFAULT NULL,
  `status` char(1) DEFAULT NULL,
  `date` date DEFAULT NULL
) ENGINE=MyISAM DEFAULT CHARSET=latin1;

--
-- Dumping data for table `idx_editor`
--


--
-- Table structure for table `idx_email_template`
--

CREATE TABLE `idx_email_template` (
  `email_template_id` int(10) unsigned NOT NULL AUTO_INCREMENT,
  `name` varchar(255) DEFAULT NULL,
  `subject` varchar(255) DEFAULT NULL,
  `body` text,
  `altbody` text,
  PRIMARY KEY (`email_template_id`)
) ENGINE=MyISAM AUTO_INCREMENT=37 DEFAULT CHARSET=latin1;

--
-- Dumping data for table `idx_email_template`
--



--
-- Table structure for table `idx_favorites`
--

CREATE TABLE `idx_favorites` (
  `favorite_id` int(11) NOT NULL AUTO_INCREMENT,
  `username` varchar(20) DEFAULT NULL,
  `date` date DEFAULT NULL,
  `title` varchar(100) DEFAULT NULL,
  `description` text,
  PRIMARY KEY (`favorite_id`)
) ENGINE=MyISAM AUTO_INCREMENT=9 DEFAULT CHARSET=latin1;

--
-- Dumping data for table `idx_favorites`
--

INSERT INTO `idx_favorites` VALUES (1,'chrispatrickl87i90','2011-10-18','My Favorites',NULL),(2,'luciochristix11y78','2011-10-19','My Favorites',NULL),(3,'commercialecolights4','2011-10-19','My Favorites',NULL),(4,'chancefredere62k76','2011-10-31','My Favorites',NULL),(5,'dustytyreey25h97','2011-11-02','My Favorites',NULL),(6,'magikandreea','2011-11-03','My Favorites',NULL),(7,'spascan','2011-11-03','My Favorites',NULL),(8,'adaptive84','2011-12-07','My Favorites',NULL);

--
-- Table structure for table `idx_favorites_detail`
--

CREATE TABLE `idx_favorites_detail` (
  `favorite_id` int(11) DEFAULT NULL,
  `link_id` mediumint(9) DEFAULT NULL
) ENGINE=MyISAM DEFAULT CHARSET=latin1;

--
-- Dumping data for table `idx_favorites_detail`
--


--
-- Table structure for table `idx_hook_place`
--

CREATE TABLE `idx_hook_place` (
  `hook_place_id` int(11) NOT NULL AUTO_INCREMENT,
  `filename` varchar(255) DEFAULT NULL,
  `hookname` varchar(255) DEFAULT NULL,
  PRIMARY KEY (`hook_place_id`)
) ENGINE=MyISAM DEFAULT CHARSET=latin1;

--
-- Dumping data for table `idx_hook_place`
--


--
-- Table structure for table `idx_invoice`
--

CREATE TABLE `idx_invoice` (
  `invoice_id` varchar(10) NOT NULL DEFAULT '',
  `invoice_date` date DEFAULT NULL,
  `due_date` date DEFAULT NULL,
  `invoiced_to` text,
  `service` varchar(255) DEFAULT NULL,
  `description` text,
  `total` double(8,2) DEFAULT NULL,
  `comment` text,
  `paid` char(1) DEFAULT NULL,
  `paid_date` date DEFAULT NULL,
  `email` varchar(255) DEFAULT NULL,
  PRIMARY KEY (`invoice_id`)
) ENGINE=MyISAM DEFAULT CHARSET=latin1;

--
-- Dumping data for table `idx_invoice`
--


--
-- Table structure for table `idx_invoice_config`
--

CREATE TABLE `idx_invoice_config` (
  `company` varchar(255) DEFAULT NULL,
  `contact` varchar(255) DEFAULT NULL,
  `address` text,
  `phone` varchar(255) DEFAULT NULL,
  `email` varchar(255) DEFAULT NULL,
  `currency_symbol` varchar(255) DEFAULT '$',
  `currency_code` varchar(255) DEFAULT 'USD'
) ENGINE=MyISAM DEFAULT CHARSET=latin1;

--
-- Dumping data for table `idx_invoice_config`
--

INSERT INTO `idx_invoice_config` VALUES ('Your website / Company','Billing Department','Your address','Your phone #','Billing<name@yourdomain.com>','$','USD');

--
-- Table structure for table `idx_link_temp`
--

CREATE TABLE `idx_link_temp` (
  `vid` mediumint(9) unsigned NOT NULL AUTO_INCREMENT,
  `spam` char(1) NOT NULL DEFAULT '0',
  `link_id` mediumint(9) DEFAULT NULL,
  `category_id` mediumint(9) unsigned NOT NULL DEFAULT '0',
  `title` varchar(100) NOT NULL DEFAULT '',
  `url` text NOT NULL,
  `description` text NOT NULL,
  `contact_name` varchar(100) NOT NULL DEFAULT '',
  `email` varchar(100) NOT NULL DEFAULT '',
  `hits` mediumint(9) DEFAULT NULL,
  `votes` smallint(6) DEFAULT NULL,
  `rating` float(4,2) DEFAULT NULL,
  `date` datetime NOT NULL DEFAULT '0000-00-00 00:00:00',
  `bid` smallint(6) NOT NULL DEFAULT '0',
  `new` char(1) DEFAULT NULL,
  `hot` char(1) DEFAULT NULL,
  `top_rated` char(1) DEFAULT NULL,
  `pick` char(1) DEFAULT NULL,
  `password` varchar(20) DEFAULT NULL,
  `updated` char(1) DEFAULT NULL,
  `reviews` smallint(6) DEFAULT NULL,
  `avg_review` float(4,2) DEFAULT NULL,
  `last_updated` datetime DEFAULT NULL,
  `official_review` text,
  `keywords` varchar(255) DEFAULT NULL,
  `cat1` mediumint(6) NOT NULL DEFAULT '0',
  `cat2` mediumint(6) NOT NULL DEFAULT '0',
  `suspended` char(1) NOT NULL DEFAULT '0',
  `reciprocal_url` varchar(255) DEFAULT NULL,
  `address` varchar(255) DEFAULT NULL,
  `city` varchar(255) DEFAULT NULL,
  `state` varchar(255) DEFAULT NULL,
  `country` varchar(255) DEFAULT NULL,
  `zip` varchar(255) DEFAULT NULL,
  `image` varchar(255) DEFAULT NULL,
  `phone` varchar(255) DEFAULT NULL,
  `fax` varchar(255) DEFAULT NULL,
  PRIMARY KEY (`vid`)
) ENGINE=MyISAM DEFAULT CHARSET=latin1;

--
-- Dumping data for table `idx_link_temp`
--


--
-- Table structure for table `idx_link_temp_user`
--

CREATE TABLE `idx_link_temp_user` (
  `vid` mediumint(9) unsigned NOT NULL DEFAULT '0',
  `username` varchar(20) NOT NULL DEFAULT '',
  PRIMARY KEY (`vid`)
) ENGINE=MyISAM DEFAULT CHARSET=latin1;

--
-- Dumping data for table `idx_link_temp_user`
--


--
-- Table structure for table `idx_link_user`
--

CREATE TABLE `idx_link_user` (
  `link_id` mediumint(9) unsigned NOT NULL DEFAULT '0',
  `username` varchar(20) NOT NULL DEFAULT '',
  PRIMARY KEY (`link_id`)
) ENGINE=MyISAM DEFAULT CHARSET=latin1;

--
-- Dumping data for table `idx_link_user`
--

INSERT INTO `idx_link_user` VALUES (5408,'magikandreea'),(5409,'spascan'),(5410,'magikandreea'),(5411,'magikandreea'),(5540,'magikandreea'),(5541,'magikandreea'),(6108,'magikandreea'),(6154,'magikandreea');

--
-- Table structure for table `idx_mailing_list`
--

CREATE TABLE `idx_mailing_list` (
  `email` varchar(50) NOT NULL DEFAULT '',
  `code` varchar(4) DEFAULT NULL,
  `status` char(1) DEFAULT NULL,
  PRIMARY KEY (`email`)
) ENGINE=MyISAM DEFAULT CHARSET=latin1;

--
-- Dumping data for table `idx_mailing_list`
--


--
-- Table structure for table `idx_message`
--

CREATE TABLE `idx_message` (
  `message_id` smallint(6) NOT NULL AUTO_INCREMENT,
  `date` date DEFAULT NULL,
  `body` text,
  `subject` varchar(100) DEFAULT NULL,
  PRIMARY KEY (`message_id`)
) ENGINE=MyISAM DEFAULT CHARSET=latin1;

--
-- Dumping data for table `idx_message`
--


--
-- Table structure for table `idx_notification`
--

CREATE TABLE `idx_notification` (
  `username` varchar(20) NOT NULL DEFAULT '',
  `category_id` mediumint(9) NOT NULL DEFAULT '0'
) ENGINE=MyISAM DEFAULT CHARSET=latin1;

--
-- Dumping data for table `idx_notification`
--


--
-- Table structure for table `idx_pagerank`
--

CREATE TABLE `idx_pagerank` (
  `link_id` mediumint(8) unsigned NOT NULL DEFAULT '0',
  `engine` char(1) NOT NULL DEFAULT '',
  `rank` tinyint(4) NOT NULL DEFAULT '0',
  `last_update` date NOT NULL DEFAULT '0000-00-00',
  PRIMARY KEY (`link_id`,`engine`)
) ENGINE=MyISAM DEFAULT CHARSET=latin1;

--
-- Dumping data for table `idx_pagerank`
--

INSERT INTO `idx_pagerank` VALUES (1,'g',0,'2011-10-14'),(2,'g',9,'2011-09-26'),(47,'g',2,'2011-10-01'),(90,'g',2,'2011-10-02'),(66,'g',2,'2011-10-02'),(206,'g',5,'2011-10-02'),(173,'g',2,'2011-10-02'),(61,'g',3,'2011-10-02'),(111,'g',0,'2011-10-02'),(240,'g',0,'2011-10-03'),(187,'g',3,'2011-10-03'),(142,'g',2,'2011-10-03'),(114,'g',2,'2011-10-03'),(170,'g',1,'2011-10-03'),(238,'g',0,'2011-10-03'),(122,'g',2,'2011-10-03'),(237,'g',0,'2011-10-03'),(235,'g',0,'2011-10-03'),(65,'g',0,'2011-10-03'),(75,'g',0,'2011-10-03'),(68,'g',0,'2011-10-03'),(38,'g',2,'2011-10-03'),(74,'g',3,'2011-10-03'),(51,'g',4,'2011-10-03'),(37,'g',0,'2011-10-03'),(35,'g',0,'2011-10-03'),(40,'g',0,'2011-10-03'),(33,'g',2,'2011-10-03'),(101,'g',0,'2011-11-11'),(136,'g',0,'2011-10-03'),(100,'g',2,'2011-10-03'),(148,'g',0,'2011-10-03'),(119,'g',0,'2011-10-03'),(41,'g',1,'2011-10-03'),(83,'g',2,'2011-10-03'),(139,'g',0,'2011-11-08'),(163,'g',2,'2011-10-03'),(116,'g',0,'2011-10-03'),(92,'g',0,'2011-11-11'),(86,'g',0,'2011-10-03'),(155,'g',0,'2012-03-07'),(188,'g',0,'2012-03-07'),(169,'g',0,'2012-03-07'),(191,'g',2,'2011-10-03'),(104,'g',2,'2011-10-03'),(135,'g',2,'2011-10-03'),(230,'g',0,'2012-03-07'),(165,'g',2,'2011-10-03'),(87,'g',0,'2011-10-03'),(71,'g',2,'2011-10-03'),(63,'g',0,'2012-02-26'),(42,'g',0,'2011-11-07'),(46,'g',0,'2011-10-03'),(44,'g',0,'2011-10-03'),(49,'g',2,'2011-10-03'),(48,'g',0,'2011-10-03'),(24,'g',3,'2011-10-03'),(45,'g',5,'2011-10-03'),(109,'g',0,'2011-11-07'),(128,'g',2,'2011-10-03'),(133,'g',0,'2011-10-03'),(5,'g',3,'2011-10-03'),(32,'g',3,'2011-10-03'),(43,'g',1,'2011-10-03'),(198,'g',0,'2012-03-05'),(153,'g',2,'2011-10-03'),(156,'g',0,'2011-10-03'),(190,'g',0,'2011-10-04'),(4,'g',4,'2011-10-04'),(262,'g',3,'2011-10-04'),(157,'g',4,'2011-10-04'),(194,'g',0,'2012-02-15'),(167,'g',0,'2011-10-04'),(193,'g',0,'2012-02-15'),(250,'g',3,'2011-10-04'),(137,'g',4,'2011-10-04'),(201,'g',0,'2012-02-15'),(288,'g',3,'2011-10-04'),(82,'g',0,'2012-02-19'),(203,'g',0,'2012-02-19'),(241,'g',0,'2012-02-19'),(69,'g',0,'2011-10-04'),(93,'g',2,'2011-10-04'),(103,'g',3,'2011-10-04'),(115,'g',0,'2011-10-04'),(129,'g',0,'2011-10-04'),(108,'g',0,'2011-10-04'),(123,'g',3,'2011-10-04'),(121,'g',0,'2011-10-04'),(105,'g',3,'2011-10-04'),(141,'g',0,'2011-10-04'),(39,'g',2,'2011-10-04'),(168,'g',0,'2011-10-04'),(197,'g',4,'2011-10-04'),(381,'g',3,'2011-10-04'),(355,'g',3,'2011-10-04'),(323,'g',3,'2011-10-04'),(158,'g',0,'2012-03-04'),(375,'g',3,'2011-10-04'),(138,'g',2,'2011-10-04'),(88,'g',3,'2011-10-04'),(78,'g',3,'2011-10-04'),(285,'g',2,'2011-10-04'),(319,'g',0,'2011-10-04'),(368,'g',2,'2011-10-04'),(34,'g',0,'2011-10-04'),(73,'g',2,'2011-10-04'),(89,'g',1,'2011-10-04'),(67,'g',1,'2011-10-04'),(152,'g',0,'2012-03-04'),(131,'g',1,'2011-10-04'),(107,'g',0,'2011-11-11'),(112,'g',0,'2011-11-11'),(151,'g',1,'2011-10-04'),(132,'g',2,'2011-10-04'),(96,'g',0,'2012-02-14'),(263,'g',2,'2011-10-04'),(140,'g',0,'2012-02-14'),(255,'g',3,'2011-10-04'),(267,'g',0,'2011-10-04'),(273,'g',3,'2011-10-04'),(232,'g',0,'2012-02-14'),(120,'g',3,'2011-10-04'),(272,'g',3,'2011-10-04'),(118,'g',0,'2012-02-14'),(175,'g',2,'2011-10-04'),(174,'g',1,'2011-10-04'),(183,'g',0,'2012-03-05'),(181,'g',0,'2012-03-05'),(177,'g',0,'2012-03-05'),(180,'g',0,'2012-03-05'),(176,'g',2,'2011-10-04'),(182,'g',1,'2011-10-04'),(179,'g',3,'2011-10-04'),(178,'g',0,'2012-03-05'),(357,'g',2,'2011-10-05'),(289,'g',0,'2011-10-06'),(265,'g',0,'2011-10-06'),(393,'g',0,'2012-02-19'),(478,'g',0,'2011-10-07'),(405,'g',0,'2012-02-19'),(448,'g',0,'2011-10-07'),(490,'g',0,'2011-10-07'),(436,'g',0,'2011-10-07'),(386,'g',0,'2012-03-07'),(531,'g',0,'2011-10-08'),(583,'g',0,'2011-10-08'),(629,'g',0,'2011-10-08'),(576,'g',0,'2011-10-08'),(577,'g',0,'2011-10-08'),(639,'g',0,'2011-10-08'),(620,'g',0,'2011-10-08'),(6,'g',0,'2011-10-08'),(9,'g',0,'2011-10-08'),(7,'g',0,'2011-10-08'),(8,'g',0,'2011-10-08'),(3,'g',0,'2011-10-08'),(52,'g',0,'2011-10-08'),(10,'g',0,'2011-10-08'),(77,'g',0,'2011-10-08'),(56,'g',0,'2011-10-08'),(13,'g',0,'2011-10-08'),(11,'g',0,'2011-10-08'),(12,'g',0,'2011-10-08'),(62,'g',0,'2011-10-08'),(55,'g',0,'2011-10-08'),(578,'g',0,'2011-10-08'),(171,'g',0,'2011-10-08'),(601,'g',0,'2011-10-08'),(585,'g',0,'2011-11-11'),(588,'g',0,'2011-10-08'),(630,'g',0,'2011-10-08'),(59,'g',0,'2012-02-21'),(64,'g',0,'2011-10-08'),(54,'g',0,'2012-02-21'),(60,'g',0,'2012-02-21'),(58,'g',0,'2012-02-21'),(50,'g',0,'2011-10-08'),(126,'g',0,'2011-10-08'),(251,'g',0,'2011-10-08'),(146,'g',0,'2012-02-21'),(110,'g',0,'2012-02-21'),(532,'g',0,'2011-10-08'),(683,'g',0,'2011-10-08'),(616,'g',0,'2011-10-08'),(311,'g',0,'2011-10-10'),(268,'g',0,'2011-10-10'),(574,'g',0,'2011-10-10'),(252,'g',0,'2011-10-10'),(294,'g',0,'2011-10-10'),(297,'g',0,'2011-10-10'),(266,'g',0,'2011-10-10'),(314,'g',0,'2011-10-10'),(253,'g',0,'2011-10-10'),(117,'g',0,'2011-10-11'),(477,'g',0,'2011-10-11'),(392,'g',0,'2011-10-11'),(638,'g',0,'2011-10-11'),(435,'g',0,'2011-10-11'),(72,'g',0,'2011-10-11'),(145,'g',0,'2012-02-29'),(189,'g',0,'2011-10-11'),(259,'g',0,'2011-10-11'),(231,'g',0,'2012-02-29'),(280,'g',0,'2011-10-11'),(199,'g',0,'2012-02-29'),(281,'g',0,'2011-10-11'),(310,'g',0,'2011-10-11'),(125,'g',0,'2011-10-11'),(799,'g',0,'2011-10-12'),(801,'g',0,'2011-10-13'),(798,'g',0,'2011-10-13'),(70,'g',0,'2011-10-13'),(76,'g',0,'2011-10-13'),(25,'g',0,'2011-10-13'),(57,'g',0,'2011-10-13'),(36,'g',0,'2011-10-13'),(53,'g',0,'2011-10-13'),(102,'g',0,'2011-10-13'),(144,'g',0,'2011-10-13'),(124,'g',0,'2011-10-13'),(783,'g',0,'2011-10-18'),(789,'g',0,'2011-10-18'),(885,'g',0,'2011-10-18'),(1021,'g',0,'2011-10-19'),(334,'g',0,'2011-10-19'),(364,'g',0,'2012-02-29'),(378,'g',0,'2012-02-29'),(403,'g',0,'2011-10-19'),(385,'g',0,'2012-02-29'),(411,'g',0,'2012-03-07'),(389,'g',0,'2012-03-07'),(918,'g',0,'2011-10-20'),(691,'g',0,'2011-10-20'),(878,'g',0,'2011-10-20'),(660,'g',0,'2011-10-20'),(809,'g',0,'2011-10-20'),(842,'g',0,'2011-10-20'),(1154,'g',0,'2011-10-20'),(888,'g',0,'2011-10-21'),(1103,'g',0,'2011-10-22'),(1030,'g',0,'2011-10-22'),(977,'g',0,'2011-10-22'),(796,'g',0,'2011-10-22'),(1134,'g',0,'2011-10-22'),(911,'g',0,'2011-10-22'),(793,'g',0,'2011-10-22'),(828,'g',0,'2011-10-23'),(993,'g',0,'2011-10-23'),(871,'g',0,'2011-10-23'),(1143,'g',0,'2011-10-23'),(1057,'g',0,'2011-10-23'),(666,'g',0,'2011-10-23'),(686,'g',0,'2011-10-23'),(824,'g',0,'2011-10-23'),(994,'g',0,'2011-10-23'),(960,'g',0,'2011-10-23'),(1027,'g',0,'2011-10-23'),(377,'g',0,'2011-10-23'),(464,'g',0,'2011-10-23'),(1357,'g',0,'2011-10-28'),(1355,'g',0,'2011-10-28'),(1403,'g',0,'2011-10-28'),(1405,'g',0,'2011-10-28'),(688,'g',0,'2011-10-28'),(345,'g',0,'2011-10-28'),(850,'g',0,'2011-10-28'),(1370,'g',0,'2011-10-28'),(1396,'g',0,'2011-10-28'),(1423,'g',0,'2011-10-28'),(1197,'g',0,'2011-10-28'),(2493,'g',0,'2011-10-29'),(1306,'g',0,'2011-10-29'),(1307,'g',0,'2011-10-29'),(2080,'g',0,'2011-10-29'),(1704,'g',0,'2011-10-29'),(2079,'g',0,'2011-10-29'),(1703,'g',0,'2011-10-29'),(1408,'g',0,'2011-10-29'),(1402,'g',0,'2011-10-29'),(1424,'g',0,'2011-10-29'),(1412,'g',0,'2011-10-29'),(1411,'g',0,'2011-10-29'),(1414,'g',0,'2011-10-29'),(1410,'g',0,'2011-10-29'),(1400,'g',0,'2011-10-29'),(1360,'g',0,'2011-10-29'),(1207,'g',0,'2011-10-29'),(1334,'g',0,'2011-10-29'),(1390,'g',0,'2011-10-29'),(303,'g',0,'2011-10-30'),(1218,'g',0,'2011-10-30'),(1406,'g',0,'2011-10-30'),(1343,'g',0,'2011-10-30'),(1362,'g',0,'2011-10-30'),(1356,'g',0,'2011-10-30'),(831,'g',0,'2011-10-30'),(827,'g',0,'2011-10-30'),(893,'g',0,'2011-10-30'),(787,'g',0,'2011-10-30'),(806,'g',0,'2011-10-30'),(1245,'g',0,'2011-10-30'),(1415,'g',0,'2011-10-31'),(1381,'g',0,'2011-10-31'),(1317,'g',0,'2011-10-31'),(1367,'g',0,'2011-11-02'),(1364,'g',0,'2011-11-02'),(1277,'g',0,'2011-11-02'),(1118,'g',0,'2011-11-04'),(1151,'g',0,'2011-11-04'),(1137,'g',0,'2011-11-04'),(1175,'g',0,'2011-11-04'),(778,'g',0,'2011-11-06'),(865,'g',0,'2011-11-06'),(791,'g',0,'2011-11-06'),(817,'g',0,'2011-11-06'),(838,'g',0,'2011-11-06'),(835,'g',0,'2011-11-06'),(840,'g',0,'2011-11-06'),(887,'g',0,'2011-11-06'),(877,'g',0,'2011-11-06'),(1179,'g',0,'2011-11-06'),(2188,'g',0,'2011-11-07'),(3177,'g',0,'2011-11-07'),(2307,'g',0,'2011-11-07'),(3166,'g',0,'2011-11-07'),(2090,'g',0,'2011-11-07'),(1974,'g',0,'2011-11-07'),(2586,'g',0,'2011-11-07'),(3235,'g',0,'2011-11-07'),(3163,'g',0,'2011-11-07'),(2957,'g',0,'2011-11-07'),(604,'g',0,'2011-11-07'),(1216,'g',0,'2011-11-08'),(1228,'g',0,'2011-11-08'),(1232,'g',0,'2011-11-08'),(1243,'g',0,'2011-11-08'),(1262,'g',0,'2011-11-08'),(1261,'g',0,'2011-11-08'),(1256,'g',0,'2011-11-08'),(1227,'g',0,'2011-11-08'),(1257,'g',0,'2011-11-08'),(1249,'g',0,'2011-11-08'),(1217,'g',0,'2011-11-08'),(1327,'g',0,'2011-11-08'),(1398,'g',0,'2011-11-08'),(520,'g',0,'2012-02-13'),(524,'g',0,'2011-11-09'),(515,'g',0,'2011-11-09'),(522,'g',0,'2011-11-09'),(518,'g',0,'2012-02-13'),(523,'g',0,'2011-11-09'),(517,'g',0,'2011-11-09'),(514,'g',0,'2011-11-09'),(519,'g',0,'2011-11-09'),(516,'g',0,'2011-11-09'),(91,'g',0,'2011-11-11'),(1394,'g',0,'2011-11-11'),(858,'g',0,'2011-11-11'),(1086,'g',0,'2012-01-04'),(1005,'g',0,'2011-11-11'),(5367,'g',0,'2011-11-11'),(387,'g',0,'2011-11-11'),(5404,'g',0,'2011-11-11'),(5409,'g',0,'2011-11-11'),(5410,'g',0,'2011-11-12'),(1420,'g',0,'2011-11-14'),(1421,'g',0,'2011-11-14'),(1138,'g',0,'2011-11-16'),(1169,'g',0,'2011-11-16'),(1538,'g',0,'2011-11-16'),(1144,'g',0,'2011-11-16'),(1511,'g',0,'2011-11-16'),(1485,'g',0,'2011-11-16'),(1132,'g',0,'2011-11-16'),(1172,'g',0,'2011-11-16'),(1456,'g',0,'2011-11-16'),(1098,'g',0,'2011-11-16'),(1097,'g',0,'2011-11-16'),(1102,'g',0,'2011-11-16'),(1081,'g',0,'2011-11-16'),(1223,'g',0,'2011-11-16'),(1222,'g',0,'2011-11-16'),(1353,'g',0,'2011-11-16'),(1229,'g',0,'2011-11-16'),(1123,'g',0,'2011-11-16'),(1077,'g',0,'2011-11-16'),(1127,'g',0,'2011-11-16'),(1079,'g',0,'2011-11-16'),(1089,'g',0,'2011-11-16'),(1109,'g',0,'2011-11-16'),(1535,'g',0,'2011-11-16'),(635,'g',0,'2011-11-17'),(627,'g',0,'2011-11-17'),(469,'g',0,'2011-11-17'),(1282,'g',0,'2011-11-17'),(1280,'g',0,'2011-11-17'),(1188,'g',0,'2011-11-17'),(1279,'g',0,'2011-11-17'),(1278,'g',0,'2011-11-17'),(1281,'g',0,'2011-11-17'),(1181,'g',0,'2011-11-17'),(1425,'g',0,'2011-11-18'),(1409,'g',0,'2011-11-18'),(1376,'g',0,'2011-11-18'),(1361,'g',0,'2011-11-18'),(1359,'g',0,'2011-11-18'),(1210,'g',0,'2011-11-18'),(1426,'g',0,'2011-11-19'),(1418,'g',0,'2011-11-19'),(1395,'g',0,'2011-11-19'),(1384,'g',0,'2011-11-20'),(1397,'g',0,'2011-11-20'),(1339,'g',0,'2011-11-20'),(1422,'g',0,'2011-11-20'),(1304,'g',0,'2011-11-20'),(5443,'g',0,'2011-11-22'),(5444,'g',0,'2011-11-22'),(5427,'g',0,'2011-11-22'),(5456,'g',0,'2011-11-22'),(5419,'g',0,'2011-11-22'),(5447,'g',0,'2011-11-22'),(5437,'g',0,'2011-11-22'),(5440,'g',0,'2011-11-22'),(643,'g',0,'2011-11-24'),(645,'g',0,'2011-11-24'),(1201,'g',0,'2011-11-24'),(1407,'g',0,'2011-11-24'),(1368,'g',0,'2011-11-24'),(247,'g',0,'2011-11-24'),(640,'g',0,'2011-11-24'),(1352,'g',0,'2011-11-24'),(1427,'g',0,'2011-11-24'),(1399,'g',0,'2011-11-24'),(1437,'g',0,'2011-11-24'),(1417,'g',0,'2011-11-24'),(1206,'g',0,'2011-11-24'),(1192,'g',0,'2011-11-24'),(1200,'g',0,'2011-11-24'),(5751,'g',0,'2011-11-24'),(1263,'g',0,'2011-11-25'),(1372,'g',0,'2011-11-25'),(1419,'g',0,'2011-11-25'),(1274,'g',0,'2011-11-25'),(1198,'g',0,'2011-11-25'),(1308,'g',0,'2011-11-25'),(1214,'g',0,'2011-11-25'),(1205,'g',0,'2011-11-25'),(1401,'g',0,'2011-11-25'),(1204,'g',0,'2011-11-25'),(1378,'g',0,'2011-11-25'),(1404,'g',0,'2011-11-26'),(1375,'g',0,'2011-11-26'),(1388,'g',0,'2011-11-26'),(909,'g',0,'2011-11-27'),(821,'g',0,'2011-11-27'),(549,'g',0,'2011-11-27'),(571,'g',0,'2011-11-27'),(906,'g',0,'2011-11-27'),(907,'g',0,'2011-11-27'),(905,'g',0,'2011-11-27'),(899,'g',0,'2011-11-27'),(1350,'g',0,'2011-11-27'),(1331,'g',0,'2011-11-27'),(847,'g',0,'2011-11-29'),(860,'g',0,'2011-11-29'),(1003,'g',0,'2011-11-29'),(1303,'g',0,'2011-11-29'),(1237,'g',0,'2011-11-29'),(1049,'g',0,'2011-11-29'),(1276,'g',0,'2011-11-29'),(1041,'g',0,'2011-11-29'),(1316,'g',0,'2011-11-29'),(1348,'g',0,'2011-11-29'),(5815,'g',0,'2011-12-01'),(5822,'g',0,'2011-12-01'),(5817,'g',0,'2011-12-01'),(5823,'g',0,'2011-12-01'),(5819,'g',0,'2011-12-01'),(5816,'g',0,'2011-12-01'),(5824,'g',0,'2011-12-01'),(5818,'g',0,'2011-12-01'),(5821,'g',0,'2011-12-01'),(5820,'g',0,'2011-12-01'),(211,'g',0,'2011-12-05'),(185,'g',0,'2011-12-05'),(210,'g',0,'2011-12-05'),(184,'g',0,'2011-12-05'),(186,'g',0,'2011-12-05'),(209,'g',0,'2011-12-05'),(212,'g',0,'2011-12-05'),(213,'g',0,'2011-12-05'),(208,'g',0,'2011-12-05'),(674,'g',0,'2011-12-07'),(819,'g',0,'2011-12-07'),(862,'g',0,'2011-12-07'),(802,'g',0,'2011-12-07'),(1230,'g',0,'2011-12-07'),(1314,'g',0,'2011-12-07'),(1374,'g',0,'2011-12-07'),(1313,'g',0,'2011-12-07'),(938,'g',0,'2011-12-09'),(647,'g',0,'2011-12-09'),(605,'g',0,'2011-12-09'),(943,'g',0,'2011-12-09'),(940,'g',0,'2011-12-09'),(687,'g',0,'2011-12-09'),(931,'g',0,'2011-12-09'),(950,'g',0,'2011-12-09'),(684,'g',0,'2011-12-09'),(956,'g',0,'2011-12-09'),(946,'g',0,'2011-12-09'),(936,'g',0,'2011-12-09'),(935,'g',0,'2011-12-09'),(953,'g',0,'2011-12-09'),(681,'g',0,'2011-12-09'),(934,'g',0,'2011-12-09'),(1124,'g',0,'2011-12-09'),(1092,'g',0,'2011-12-09'),(1168,'g',0,'2011-12-09'),(1087,'g',0,'2011-12-09'),(1082,'g',0,'2011-12-09'),(1539,'g',0,'2011-12-09'),(1657,'g',0,'2011-12-09'),(1542,'g',0,'2011-12-09'),(1656,'g',0,'2011-12-09'),(1163,'g',0,'2011-12-09'),(1724,'g',0,'2011-12-09'),(1474,'g',0,'2011-12-09'),(1148,'g',0,'2011-12-09'),(1614,'g',0,'2011-12-09'),(1604,'g',0,'2011-12-09'),(1115,'g',0,'2011-12-09'),(1544,'g',0,'2011-12-09'),(1941,'g',0,'2011-12-09'),(2146,'g',0,'2011-12-09'),(2048,'g',0,'2011-12-09'),(1122,'g',0,'2011-12-09'),(1672,'g',0,'2011-12-09'),(1757,'g',0,'2011-12-09'),(2271,'g',0,'2011-12-09'),(1392,'g',0,'2011-12-09'),(1416,'g',0,'2011-12-09'),(1413,'g',0,'2011-12-09'),(1387,'g',0,'2011-12-09'),(1045,'g',0,'2011-12-10'),(1029,'g',0,'2011-12-10'),(1040,'g',0,'2011-12-10'),(1015,'g',0,'2011-12-10'),(1036,'g',0,'2011-12-10'),(1069,'g',0,'2011-12-10'),(1010,'g',0,'2011-12-10'),(1006,'g',0,'2011-12-10'),(1032,'g',0,'2011-12-10'),(1059,'g',0,'2011-12-10'),(1250,'g',0,'2011-12-11'),(1252,'g',0,'2011-12-11'),(1254,'g',0,'2011-12-11'),(1255,'g',0,'2011-12-11'),(1253,'g',0,'2011-12-11'),(1224,'g',0,'2011-12-11'),(1246,'g',0,'2011-12-11'),(1251,'g',0,'2011-12-11'),(1258,'g',0,'2011-12-11'),(1182,'g',0,'2011-12-11'),(883,'g',0,'2011-12-12'),(908,'g',0,'2011-12-12'),(856,'g',0,'2011-12-12'),(2414,'g',0,'2011-12-13'),(2544,'g',0,'2011-12-13'),(2121,'g',0,'2011-12-13'),(2404,'g',0,'2011-12-13'),(2463,'g',0,'2011-12-13'),(1590,'g',0,'2011-12-13'),(1599,'g',0,'2011-12-13'),(1593,'g',0,'2011-12-13'),(2453,'g',0,'2011-12-13'),(1600,'g',0,'2011-12-13'),(372,'g',0,'2011-12-13'),(360,'g',0,'2011-12-13'),(356,'g',0,'2011-12-13'),(341,'g',0,'2011-12-13'),(324,'g',0,'2011-12-13'),(347,'g',0,'2011-12-13'),(370,'g',0,'2011-12-14'),(825,'g',0,'2011-12-14'),(394,'g',0,'2011-12-14'),(807,'g',0,'2011-12-15'),(327,'g',0,'2011-12-15'),(336,'g',0,'2011-12-15'),(6051,'g',0,'2011-12-16'),(306,'g',0,'2011-12-17'),(521,'g',0,'2011-12-17'),(388,'g',0,'2011-12-17'),(1180,'g',0,'2011-12-17'),(869,'g',0,'2011-12-17'),(959,'g',0,'2011-12-18'),(897,'g',0,'2011-12-18'),(844,'g',0,'2011-12-18'),(776,'g',0,'2011-12-18'),(939,'g',0,'2011-12-18'),(785,'g',0,'2011-12-18'),(846,'g',0,'2011-12-18'),(874,'g',0,'2011-12-18'),(880,'g',0,'2011-12-18'),(894,'g',0,'2011-12-18'),(870,'g',0,'2011-12-18'),(600,'g',0,'2011-12-18'),(826,'g',0,'2011-12-18'),(818,'g',0,'2011-12-18'),(836,'g',0,'2011-12-18'),(80,'g',0,'2011-12-19'),(79,'g',0,'2011-12-19'),(1597,'g',0,'2011-12-19'),(4230,'g',0,'2011-12-19'),(3934,'g',0,'2011-12-19'),(1589,'g',0,'2011-12-19'),(3533,'g',0,'2011-12-19'),(4157,'g',0,'2011-12-19'),(1603,'g',0,'2011-12-19'),(4079,'g',0,'2011-12-19'),(848,'g',0,'2011-12-19'),(849,'g',0,'2011-12-19'),(657,'g',0,'2011-12-19'),(854,'g',0,'2011-12-19'),(852,'g',0,'2011-12-19'),(459,'g',0,'2011-12-19'),(2443,'g',0,'2011-12-20'),(5741,'g',0,'2011-12-20'),(1162,'g',0,'2011-12-20'),(6057,'g',0,'2011-12-20'),(1058,'g',0,'2011-12-20'),(5631,'g',0,'2011-12-20'),(5665,'g',0,'2011-12-20'),(1117,'g',0,'2012-02-26'),(5575,'g',0,'2011-12-20'),(5558,'g',0,'2011-12-20'),(5398,'g',0,'2011-12-20'),(5683,'g',0,'2011-12-20'),(5668,'g',0,'2011-12-20'),(5031,'g',0,'2011-12-20'),(1050,'g',0,'2011-12-20'),(6083,'g',0,'2011-12-21'),(461,'g',0,'2011-12-21'),(6004,'g',0,'2011-12-21'),(992,'g',0,'2011-12-24'),(1012,'g',0,'2011-12-24'),(3578,'g',0,'2011-12-25'),(2936,'g',0,'2011-12-25'),(3554,'g',0,'2011-12-25'),(2966,'g',0,'2011-12-25'),(2958,'g',0,'2011-12-25'),(3550,'g',0,'2011-12-25'),(3485,'g',0,'2011-12-25'),(2946,'g',0,'2011-12-25'),(3962,'g',0,'2011-12-25'),(3523,'g',0,'2011-12-25'),(5996,'g',0,'2011-12-26'),(1017,'g',0,'2012-01-04'),(1076,'g',0,'2012-01-04'),(1043,'g',0,'2012-01-04'),(1174,'g',0,'2012-01-04'),(1018,'g',0,'2012-01-04'),(1125,'g',0,'2012-01-04'),(1034,'g',0,'2012-01-04'),(1083,'g',0,'2012-01-04'),(1035,'g',0,'2012-01-04'),(861,'g',0,'2012-01-09'),(1025,'g',0,'2012-01-15'),(792,'g',0,'2012-01-16'),(788,'g',0,'2012-01-16'),(786,'g',0,'2012-01-16'),(794,'g',0,'2012-01-16'),(790,'g',0,'2012-01-16'),(795,'g',0,'2012-01-16'),(6121,'g',0,'2012-02-23'),(1020,'g',0,'2012-01-17'),(988,'g',0,'2012-01-21'),(963,'g',0,'2012-01-21'),(800,'g',0,'2012-01-21'),(2807,'g',0,'2012-01-21'),(2816,'g',0,'2012-01-21'),(853,'g',0,'2012-01-22'),(855,'g',0,'2012-01-22'),(902,'g',0,'2012-01-22'),(896,'g',0,'2012-01-22'),(149,'g',0,'2012-01-30'),(192,'g',0,'2012-01-30'),(143,'g',0,'2012-01-30'),(6228,'g',0,'2012-02-01'),(204,'g',0,'2012-02-01'),(205,'g',0,'2012-02-01'),(207,'g',0,'2012-02-01'),(382,'g',0,'2012-02-01'),(409,'g',0,'2012-02-01'),(414,'g',0,'2012-02-01'),(397,'g',0,'2012-02-01'),(246,'g',0,'2012-02-01'),(1185,'g',0,'2012-02-01'),(1187,'g',0,'2012-02-01'),(891,'g',0,'2012-02-02'),(2986,'g',0,'2012-02-02'),(1176,'g',0,'2012-02-02'),(2975,'g',0,'2012-02-02'),(1164,'g',0,'2012-02-02'),(6295,'g',0,'2012-02-02'),(1177,'g',0,'2012-02-02'),(1178,'g',0,'2012-02-02'),(1161,'g',0,'2012-02-02'),(975,'g',0,'2012-02-07'),(958,'g',0,'2012-02-07'),(973,'g',0,'2012-02-07'),(957,'g',0,'2012-02-07'),(968,'g',0,'2012-02-07'),(998,'g',0,'2012-02-07'),(1000,'g',0,'2012-02-07'),(1004,'g',0,'2012-02-07'),(1028,'g',0,'2012-02-07'),(1013,'g',0,'2012-02-07'),(202,'g',0,'2012-02-07'),(200,'g',0,'2012-02-07'),(195,'g',0,'2012-02-07'),(6305,'g',0,'2012-02-10'),(6307,'g',0,'2012-02-10'),(6292,'g',0,'2012-02-10'),(6346,'g',0,'2012-02-10'),(6313,'g',0,'2012-02-10'),(3889,'g',0,'2012-02-11'),(6174,'g',0,'2012-02-11'),(4110,'g',0,'2012-02-11'),(6149,'g',0,'2012-02-11'),(6156,'g',0,'2012-02-11'),(4102,'g',0,'2012-02-11'),(3770,'g',0,'2012-02-11'),(3796,'g',0,'2012-02-11'),(6152,'g',0,'2012-02-11'),(6151,'g',0,'2012-02-11'),(513,'g',0,'2012-02-12'),(2643,'g',0,'2012-02-12'),(6320,'g',0,'2012-02-12'),(6354,'g',0,'2012-02-12'),(6310,'g',0,'2012-02-12'),(6425,'g',0,'2012-02-12'),(6353,'g',0,'2012-02-12'),(2655,'g',0,'2012-02-12'),(6389,'g',0,'2012-02-12'),(6357,'g',0,'2012-02-12'),(6423,'g',0,'2012-02-12'),(512,'g',0,'2012-02-13'),(508,'g',0,'2012-02-13'),(462,'g',0,'2012-02-13'),(467,'g',0,'2012-02-13'),(6413,'g',0,'2012-02-14'),(6401,'g',0,'2012-02-14'),(239,'g',0,'2012-02-15'),(248,'g',0,'2012-02-15'),(196,'g',0,'2012-02-15'),(229,'g',0,'2012-02-15'),(913,'g',0,'2012-02-15'),(6351,'g',0,'2012-02-16'),(3762,'g',0,'2012-02-16'),(5387,'g',0,'2012-02-16'),(6326,'g',0,'2012-02-16'),(5401,'g',0,'2012-02-16'),(6258,'g',0,'2012-02-16'),(1153,'g',0,'2012-02-16'),(5571,'g',0,'2012-02-16'),(1601,'g',0,'2012-02-16'),(1602,'g',0,'2012-02-16'),(587,'g',0,'2012-02-16'),(626,'g',0,'2012-02-17'),(694,'g',0,'2012-02-17'),(658,'g',0,'2012-02-17'),(5674,'g',0,'2012-02-17'),(5680,'g',0,'2012-02-17'),(5672,'g',0,'2012-02-17'),(5676,'g',0,'2012-02-17'),(3679,'g',0,'2012-02-17'),(6068,'g',0,'2012-02-18'),(1585,'g',0,'2012-02-18'),(2391,'g',0,'2012-02-18'),(6061,'g',0,'2012-02-18'),(5642,'g',0,'2012-02-18'),(2751,'g',0,'2012-02-18'),(1135,'g',0,'2012-02-18'),(1107,'g',0,'2012-02-18'),(6123,'g',0,'2012-02-18'),(5644,'g',0,'2012-02-18'),(5678,'g',0,'2012-02-18'),(5675,'g',0,'2012-02-18'),(5681,'g',0,'2012-02-18'),(5677,'g',0,'2012-02-18'),(5679,'g',0,'2012-02-18'),(5673,'g',0,'2012-02-18'),(6415,'g',0,'2012-02-19'),(226,'g',0,'2012-02-19'),(941,'g',0,'2012-02-20'),(1104,'g',0,'2012-02-20'),(1019,'g',0,'2012-02-20'),(1094,'g',0,'2012-02-20'),(1090,'g',0,'2012-02-20'),(1008,'g',0,'2012-02-20'),(1031,'g',0,'2012-02-20'),(1014,'g',0,'2012-02-20'),(1016,'g',0,'2012-02-20'),(1106,'g',0,'2012-02-20'),(6412,'g',0,'2012-02-20'),(651,'g',0,'2012-02-21'),(636,'g',0,'2012-02-21'),(6462,'g',0,'2012-02-21'),(634,'g',0,'2012-02-21'),(6421,'g',0,'2012-02-26'),(4399,'g',0,'2012-02-26'),(5767,'g',0,'2012-02-26'),(6200,'g',0,'2012-02-26'),(4638,'g',0,'2012-02-26'),(6358,'g',0,'2012-02-26'),(822,'g',0,'2012-02-26'),(808,'g',0,'2012-02-26'),(652,'g',0,'2012-02-26'),(933,'g',0,'2012-02-26'),(864,'g',0,'2012-02-26'),(872,'g',0,'2012-02-26'),(6301,'g',0,'2012-02-26'),(1130,'g',0,'2012-02-26'),(1167,'g',0,'2012-02-26'),(1084,'g',0,'2012-02-26'),(1592,'g',0,'2012-02-26'),(2330,'g',0,'2012-02-26'),(1588,'g',0,'2012-02-26'),(690,'g',0,'2012-02-26'),(662,'g',0,'2012-02-26'),(895,'g',0,'2012-02-27'),(1170,'g',0,'2012-02-27'),(669,'g',0,'2012-02-27'),(1594,'g',0,'2012-02-27'),(1048,'g',0,'2012-02-27'),(2995,'g',0,'2012-02-27'),(6422,'g',0,'2012-02-27'),(1116,'g',0,'2012-02-28'),(1171,'g',0,'2012-02-28'),(1150,'g',0,'2012-02-28'),(1591,'g',0,'2012-02-28'),(1085,'g',0,'2012-02-28'),(6408,'g',0,'2012-02-28'),(983,'g',0,'2012-02-28'),(966,'g',0,'2012-02-28'),(982,'g',0,'2012-02-28'),(970,'g',0,'2012-02-28'),(984,'g',0,'2012-02-28'),(972,'g',0,'2012-02-28'),(996,'g',0,'2012-02-28'),(990,'g',0,'2012-02-28'),(1002,'g',0,'2012-02-28'),(5937,'g',0,'2012-02-29'),(5898,'g',0,'2012-02-29'),(2703,'g',0,'2012-02-29'),(220,'g',0,'2012-02-29'),(223,'g',0,'2012-02-29'),(216,'g',0,'2012-02-29'),(215,'g',0,'2012-02-29'),(221,'g',0,'2012-02-29'),(6134,'g',0,'2012-02-29'),(219,'g',0,'2012-02-29'),(5936,'g',0,'2012-02-29'),(5984,'g',0,'2012-02-29'),(214,'g',0,'2012-03-01'),(222,'g',0,'2012-03-01'),(217,'g',0,'2012-03-01'),(218,'g',0,'2012-03-01'),(942,'g',0,'2012-03-01'),(962,'g',0,'2012-03-01'),(928,'g',0,'2012-03-01'),(964,'g',0,'2012-03-01'),(923,'g',0,'2012-03-01'),(932,'g',0,'2012-03-01'),(952,'g',0,'2012-03-01'),(949,'g',0,'2012-03-01'),(965,'g',0,'2012-03-01'),(1053,'g',0,'2012-03-01'),(4455,'g',0,'2012-03-01'),(623,'g',0,'2012-03-02'),(622,'g',0,'2012-03-02'),(533,'g',0,'2012-03-02'),(581,'g',0,'2012-03-02'),(614,'g',0,'2012-03-02'),(610,'g',0,'2012-03-02'),(6378,'g',0,'2012-03-02'),(6227,'g',0,'2012-03-02'),(633,'g',0,'2012-03-02'),(641,'g',0,'2012-03-02'),(631,'g',0,'2012-03-02'),(5997,'g',0,'2012-03-02'),(6010,'g',0,'2012-03-02'),(6012,'g',0,'2012-03-02'),(6022,'g',0,'2012-03-02'),(6017,'g',0,'2012-03-02'),(823,'g',0,'2012-03-02'),(837,'g',0,'2012-03-02'),(989,'g',0,'2012-03-02'),(967,'g',0,'2012-03-02'),(980,'g',0,'2012-03-02'),(920,'g',0,'2012-03-02'),(755,'g',0,'2012-03-02'),(832,'g',0,'2012-03-02'),(829,'g',0,'2012-03-02'),(782,'g',0,'2012-03-02'),(777,'g',0,'2012-03-02'),(948,'g',0,'2012-03-02'),(999,'g',0,'2012-03-02'),(765,'g',0,'2012-03-02'),(752,'g',0,'2012-03-02'),(761,'g',0,'2012-03-02'),(763,'g',0,'2012-03-02'),(758,'g',0,'2012-03-02'),(760,'g',0,'2012-03-02'),(749,'g',0,'2012-03-02'),(766,'g',0,'2012-03-02'),(770,'g',0,'2012-03-02'),(756,'g',0,'2012-03-02'),(747,'g',0,'2012-03-02'),(754,'g',0,'2012-03-02'),(762,'g',0,'2012-03-02'),(769,'g',0,'2012-03-02'),(768,'g',0,'2012-03-02'),(779,'g',0,'2012-03-02'),(753,'g',0,'2012-03-02'),(757,'g',0,'2012-03-02'),(759,'g',0,'2012-03-02'),(764,'g',0,'2012-03-02'),(750,'g',0,'2012-03-02'),(746,'g',0,'2012-03-02'),(748,'g',0,'2012-03-02'),(767,'g',0,'2012-03-02'),(945,'g',0,'2012-03-02'),(5650,'g',0,'2012-03-02'),(5913,'g',0,'2012-03-02'),(1001,'g',0,'2012-03-02'),(5750,'g',0,'2012-03-02'),(5645,'g',0,'2012-03-02'),(5843,'g',0,'2012-03-02'),(5725,'g',0,'2012-03-02'),(5261,'g',0,'2012-03-02'),(5256,'g',0,'2012-03-02'),(5977,'g',0,'2012-03-02'),(5233,'g',0,'2012-03-02'),(5646,'g',0,'2012-03-02'),(4999,'g',0,'2012-03-02'),(5915,'g',0,'2012-03-02'),(5244,'g',0,'2012-03-02'),(4977,'g',0,'2012-03-02'),(5926,'g',0,'2012-03-02'),(5651,'g',0,'2012-03-02'),(5739,'g',0,'2012-03-02'),(5694,'g',0,'2012-03-02'),(5162,'g',0,'2012-03-02'),(4816,'g',0,'2012-03-02'),(5278,'g',0,'2012-03-02'),(5907,'g',0,'2012-03-02'),(5861,'g',0,'2012-03-02'),(5831,'g',0,'2012-03-02'),(5732,'g',0,'2012-03-02'),(5361,'g',0,'2012-03-02'),(5918,'g',0,'2012-03-02'),(5712,'g',0,'2012-03-02'),(5733,'g',0,'2012-03-02'),(5860,'g',0,'2012-03-02'),(5921,'g',0,'2012-03-02'),(5990,'g',0,'2012-03-02'),(5706,'g',0,'2012-03-02'),(5721,'g',0,'2012-03-02'),(5919,'g',0,'2012-03-02'),(5719,'g',0,'2012-03-02'),(1066,'g',0,'2012-03-02'),(5648,'g',0,'2012-03-02'),(228,'g',0,'2012-03-04'),(227,'g',0,'2012-03-04'),(224,'g',0,'2012-03-04'),(225,'g',0,'2012-03-04'),(937,'g',0,'2012-03-04'),(981,'g',0,'2012-03-04'),(978,'g',0,'2012-03-04'),(1052,'g',0,'2012-03-04'),(1047,'g',0,'2012-03-04'),(1078,'g',0,'2012-03-04'),(1007,'g',0,'2012-03-04'),(6409,'g',0,'2012-03-04'),(6433,'g',0,'2012-03-04'),(1142,'g',0,'2012-03-04'),(4010,'g',0,'2012-03-05'),(6257,'g',0,'2012-03-06'),(4551,'g',0,'2012-03-06'),(5850,'g',0,'2012-03-06'),(6167,'g',0,'2012-03-06'),(5388,'g',0,'2012-03-06'),(5781,'g',0,'2012-03-06'),(5855,'g',0,'2012-03-06'),(6383,'g',0,'2012-03-07'),(6411,'g',0,'2012-03-07');

--
-- Table structure for table `idx_paid_listing`
--

CREATE TABLE `idx_paid_listing` (
  `link_id` mediumint(9) unsigned NOT NULL DEFAULT '0',
  `premium` char(1) DEFAULT NULL,
  `sponsored` char(1) DEFAULT NULL,
  `expire` datetime DEFAULT NULL,
  `paid` char(1) DEFAULT NULL,
  PRIMARY KEY (`link_id`)
) ENGINE=MyISAM DEFAULT CHARSET=latin1;

--
-- Dumping data for table `idx_paid_listing`
--


--
-- Table structure for table `idx_payment_gateway`
--

CREATE TABLE `idx_payment_gateway` (
  `payment_gateway_id` int(11) NOT NULL AUTO_INCREMENT,
  `name` varchar(100) DEFAULT NULL,
  `enable` char(1) DEFAULT NULL,
  `setting` text,
  `invoice_html` text,
  PRIMARY KEY (`payment_gateway_id`)
) ENGINE=MyISAM AUTO_INCREMENT=9 DEFAULT CHARSET=latin1;

--
-- Dumping data for table `idx_payment_gateway`
--

INSERT INTO `idx_payment_gateway` VALUES (1,'paypal','1','a:2:{s:13:\"payment_email\";s:0:\"\";s:21:\"enable_paypal_sandbox\";s:1:\"0\";}','<p> \r\n	<a href=\'paynow.php?id={$invoice_id}&m=paypal\'><img src=\'http://www.paypal.com/images/x-click-but02.gif\' border=\'0\' alt=\'Make payments with PayPal - it is fast, free and secure!\' /></a> \r\n</p>\r\n'),(2,'2co','0','a:6:{s:6:\"co_sid\";s:5:\"84932\";s:9:\"co_secret\";s:5:\"tango\";s:12:\"co_recurring\";s:1:\"0\";s:9:\"co_prod_1\";s:6:\"100.00\";s:9:\"co_prod_2\";s:6:\"250.00\";s:9:\"co_prod_3\";s:6:\"400.00\";}','<p>\r\n<a href=\'paynow.php?id={$invoice_id}&m=2co\'><img src=\'http://www.2checkout.com/images/overview/btns/25.jpg\' alt=\'Pay Now with 2checkout...\' border=\'0\' /></a> \r\n</p>'),(3,'authorizenet','0','a:2:{s:21:\"authorizenet_login_id\";s:0:\"\";s:21:\"authorizenet_tran_key\";s:0:\"\";}','<p> \r\n<a href=\'paynow.php?id={$invoice_id}&m=authorizenet\'><img src=\'http://www.authorize.net/upload/images/Images/Header/authorizenet_logo.gif\' alt=\'Pay Now with Authorize.Net...\' width=\'99\' height=\'39\' style=\'{border : 1px solid #c0c0c0;}\' /></a>\r\n</p>'),(4,'egold','0','a:2:{s:19:\"egold_payee_account\";s:0:\"\";s:16:\"egold_payee_name\";s:0:\"\";}','<p> \r\n<a href=\'paynow.php?id={$invoice_id}&m=egold\'>\r\n<img src=\'http://www.e-gold.com/gif/paywith.gif\' border=\'0\' alt=\'Pay Now with e-gold...\' />\r\n</a>\r\n</p>'),(5,'moneybookers','0','a:1:{s:18:\"moneybookers_email\";s:0:\"\";}','<p> \r\n<a href=\'paynow.php?id={$invoice_id}&m=paypal\'><img src=\'http://www.moneybookers.com/images/banners/88_en_mb.gif\' border=\'0\' alt=\'Make payments with Moneybookers - it is fast, free and secure!\' /></a> \r\n</p>'),(6,'paypal-subscriptions','0','a:2:{s:13:\"payment_email\";s:0:\"\";s:21:\"enable_paypal_sandbox\";s:1:\"0\";}','<p> \r\n<a href=\'paynow.php?id={$invoice_id}&m=paypal\'><img src=\'https://www.paypal.com/en_US/i/btn/x-click-but20.gif\' border=\'0\' alt=\'Make payments with PayPal - it is fast, free and secure!\' /></a> \r\n</p>'),(7,'alertpay','0','a:2:{s:14:\"alertpay_email\";s:0:\"\";s:23:\"enable_alertpay_sandbox\";s:1:\"0\";}','<p> \r\n<a href=\'paynow.php?id={$invoice_id}&m=alertpay\'>\r\n<img src=\'https://www.alertpay.com/Images/BuyNow/pay_now_3.gif\' border=\'0\' alt=\'Make payments with PayPal - it is fast, free and secure!\' /></a> \r\n</p>'),(8,'alertpay-subcriptions','0','a:2:{s:14:\"alertpay_email\";s:0:\"\";s:23:\"enable_alertpay_sandbox\";s:1:\"0\";}','<p>\r\n<a href=\'paynow.php?id={$invoice_id}&m=alertpay-subcriptions\'>\r\n<img src=\'https://www.alertpay.com/Images/BuyNow/subscribe_now_15.gif\' border=\'0\' alt=\'Make payments with Alert Pay - it is fast, free and secure!\' /></a> \r\n</p>');

--
-- Table structure for table `idx_payment_history`
--

CREATE TABLE `idx_payment_history` (
  `payment_id` int(10) unsigned NOT NULL AUTO_INCREMENT,
  `contact_name` varchar(255) DEFAULT NULL,
  `email` varchar(255) DEFAULT NULL,
  `type` varchar(255) DEFAULT NULL,
  `detail` text,
  `amount` double DEFAULT NULL,
  `time` datetime DEFAULT NULL,
  `invoice_id` varchar(10) DEFAULT NULL,
  PRIMARY KEY (`payment_id`)
) ENGINE=MyISAM DEFAULT CHARSET=latin1;

--
-- Dumping data for table `idx_payment_history`
--


--
-- Table structure for table `idx_pl_sociable`
--

CREATE TABLE `idx_pl_sociable` (
  `sb_id` int(11) NOT NULL AUTO_INCREMENT,
  `sb_name` varchar(255) CHARACTER SET utf8 DEFAULT NULL,
  `sb_url` varchar(255) CHARACTER SET utf8 DEFAULT NULL,
  `sb_icon` varchar(255) CHARACTER SET utf8 DEFAULT NULL,
  `sb_enable` char(1) CHARACTER SET utf8 DEFAULT '0',
  PRIMARY KEY (`sb_id`)
) ENGINE=MyISAM AUTO_INCREMENT=90 DEFAULT CHARSET=latin1;

--
-- Dumping data for table `idx_pl_sociable`
--

INSERT INTO `idx_pl_sociable` VALUES (1,'BarraPunto','http://barrapunto.com/submit.pl?subj=TITLE&amp;story=PERMALINK','barrapunto.png','0'),(2,'Bitacoras.com','http://bitacoras.com/anotaciones/PERMALINK','bitacoras.png','0'),(3,'BlinkList','http://www.blinklist.com/index.php?Action=Blink/addblink.php&amp;Url=PERMALINK&amp;Title=TITLE','blinklist.png','0'),(4,'blogmarks','http://blogmarks.net/my/new.php?mini=1&amp;simple=1&amp;url=PERMALINK&amp;title=TITLE','blogmarks.png','0'),(5,'Blogosphere News','http://www.blogospherenews.com/submit.php?url=PERMALINK&amp;title=TITLE','blogospherenews.png','0'),(6,'blogtercimlap','http://cimlap.blogter.hu/index.php?action=suggest_link&amp;title=TITLE&amp;url=PERMALINK','blogter.png','0'),(7,'Faves','http://faves.com/Authoring.aspx?u=PERMALINK&amp;title=TITLE','bluedot.png','0'),(8,'connotea','http://www.connotea.org/addpopup?continue=confirm&amp;uri=PERMALINK&amp;title=TITLE&amp;description=EXCERPT','connotea.png','0'),(9,'Current','http://current.com/clipper.htm?url=PERMALINK&amp;title=TITLE','current.png','0'),(10,'del.icio.us','http://delicious.com/post?url=PERMALINK&amp;title=TITLE&amp;notes=EXCERPT','delicious.png','0'),(11,'Digg','http://digg.com/submit?phase=2&amp;url=PERMALINK&amp;title=TITLE&amp;bodytext=EXCERPT','digg.png','1'),(12,'Diigo','http://www.diigo.com/post?url=PERMALINK&amp;title=TITLE','diigo.png','0'),(13,'DotNetKicks','http://www.dotnetkicks.com/kick/?url=PERMALINK&amp;title=TITLE','dotnetkicks.png','0'),(14,'DZone','http://www.dzone.com/links/add.html?url=PERMALINK&amp;title=TITLE','dzone.png','0'),(15,'eKudos','http://www.ekudos.nl/artikel/nieuw?url=PERMALINK&amp;title=TITLE&amp;desc=EXCERPT','ekudos.png','0'),(16,'email','mailto:?subject=TITLE&amp;body=PERMALINK','email_link.png','0'),(17,'Facebook','http://www.facebook.com/share.php?u=PERMALINK&amp;t=TITLE','facebook.png','1'),(18,'Fark','http://cgi.fark.com/cgi/fark/farkit.pl?h=TITLE&amp;u=PERMALINK','fark.png','0'),(19,'Fleck','http://beta3.fleck.com/bookmarklet.php?url=PERMALINK&amp;title=TITLE','fleck.png','0'),(20,'FriendFeed','http://www.friendfeed.com/share?title=TITLE&amp;link=PERMALINK','friendfeed.png','0'),(21,'FSDaily','http://www.fsdaily.com/submit?url=PERMALINK&amp;title=TITLE','fsdaily.png','0'),(22,'Global Grind','http://globalgrind.com/submission/submit.aspx?url=PERMALINK&amp;type=Article&amp;title=TITLE','globalgrind.png','0'),(23,'Google','http://www.google.com/bookmarks/mark?op=edit&amp;bkmk=PERMALINK&amp;title=TITLE&amp;annotation=EXCERPT','googlebookmark.png','0'),(24,'Gwar','http://www.gwar.pl/DodajGwar.html?u=PERMALINK','gwar.png','0'),(25,'HackerNews','http://news.ycombinator.com/submitlink?u=PERMALINK&amp;t=TITLE','hackernews.png','0'),(26,'Haohao','http://www.haohaoreport.com/submit.php?url=PERMALINK&amp;title=TITLE','haohao.png','0'),(27,'HealthRanker','http://healthranker.com/submit.php?url=PERMALINK&amp;title=TITLE','healthranker.png','0'),(28,'HelloTxt','http://hellotxt.com/?status=TITLE+PERMALINK','hellotxt.png','0'),(29,'Hemidemi','http://www.hemidemi.com/user_bookmark/new?title=TITLE&amp;url=PERMALINK','hemidemi.png','0'),(30,'Hyves','http://www.hyves.nl/profilemanage/add/tips/?name=TITLE&amp;text=EXCERPT+PERMALINK&amp;rating=5','hyves.png','0'),(31,'Identi.ca','http://identi.ca/notice/new?status_textarea=PERMALINK','identica.png','0'),(32,'IndianPad','http://www.indianpad.com/submit.php?url=PERMALINK','indianpad.png','0'),(33,'Internetmedia','http://internetmedia.hu/submit.php?url=PERMALINK','im.png','0'),(34,'Kirtsy','http://www.kirtsy.com/submit.php?url=PERMALINK&amp;title=TITLE','kirtsy.png','0'),(35,'laaik.it','http://laaik.it/NewStoryCompact.aspx?uri=PERMALINK&amp;headline=TITLE&amp;cat=5e082fcc-8a3b-47e2-acec-fdf64ff19d12','laaikit.png','0'),(36,'LinkArena','http://linkarena.com/bookmarks/addlink/?url=PERMALINK&amp;title=TITLE','linkarena.png','0'),(37,'LinkaGoGo','http://www.linkagogo.com/go/AddNoPopup?url=PERMALINK&amp;title=TITLE','linkagogo.png','0'),(38,'LinkedIn','http://www.linkedin.com/shareArticle?mini=true&amp;url=PERMALINK&amp;title=TITLE&amp;source=BLOGNAME&amp;summary=EXCERPT','linkedin.png','0'),(39,'Linkter','http://www.linkter.hu/index.php?action=suggest_link&amp;url=PERMALINK&amp;title=TITLE','linkter.png','0'),(40,'Live','https://favorites.live.com/quickadd.aspx?marklet=1&amp;url=PERMALINK&amp;title=TITLE','live.png','0'),(41,'Meneame','http://meneame.net/submit.php?url=PERMALINK','meneame.png','0'),(42,'MisterWong','http://www.mister-wong.com/addurl/?bm_url=PERMALINK&amp;bm_description=TITLE&amp;plugin=soc','misterwong.png','0'),(43,'MisterWong.DE','http://www.mister-wong.de/addurl/?bm_url=PERMALINK&amp;bm_description=TITLE&amp;plugin=soc','misterwong.png','0'),(44,'Mixx','http://www.mixx.com/submit?page_url=PERMALINK&amp;title=TITLE','mixx.png','0'),(45,'muti','http://www.muti.co.za/submit?url=PERMALINK&amp;title=TITLE','muti.png','0'),(46,'MyShare','http://myshare.url.com.tw/index.php?func=newurl&amp;url=PERMALINK&amp;desc=TITLE','myshare.png','0'),(47,'MySpace','http://www.myspace.com/Modules/PostTo/Pages/?u=PERMALINK&amp;t=TITLE','myspace.png','0'),(48,'MSNReporter','http://reporter.nl.msn.com/?fn=contribute&amp;Title=TITLE&amp;URL=PERMALINK&amp;cat_id=6&amp;tag_id=31&amp;Remark=EXCERPT','msnreporter.png','0'),(49,'N4G','http://www.n4g.com/tips.aspx?url=PERMALINK&amp;title=TITLE','n4g.png','0'),(50,'Netvibes','http://www.netvibes.com/share?title=TITLE&amp;url=PERMALINK','netvibes.png','0'),(51,'NewsVine','http://www.newsvine.com/_tools/seed&amp;save?u=PERMALINK&amp;h=TITLE','newsvine.png','0'),(52,'Netvouz','http://www.netvouz.com/action/submitBookmark?url=PERMALINK&amp;title=TITLE&amp;popup=no','netvouz.png','0'),(53,'NuJIJ','http://nujij.nl/jij.lynkx?t=TITLE&amp;u=PERMALINK&amp;b=EXCERPT','nujij.png','0'),(54,'Ping.fm','http://ping.fm/ref/?link=PERMALINK&amp;title=TITLE&amp;body=EXCERPT','ping.png','0'),(55,'Posterous','http://posterous.com/share?linkto=PERMALINK&amp;title=TITLE&amp;selection=EXCERPT','posterous.png','0'),(56,'PDF','http://www.printfriendly.com/print?url=PERMALINK&amp;partner=sociable','pdf.png','0'),(57,'Print','http://www.printfriendly.com/print?url=PERMALINK&amp;partner=sociable','printfriendly.png','0'),(58,'Propeller','http://www.propeller.com/submit/?url=PERMALINK','propeller.png','0'),(59,'Ratimarks','http://ratimarks.org/bookmarks.php/?action=add&address=PERMALINK&amp;title=TITLE','ratimarks.png','0'),(60,'Rec6','http://rec6.via6.com/link.php?url=PERMALINK&amp;=TITLE','rec6.png','0'),(61,'Reddit','http://reddit.com/submit?url=PERMALINK&amp;title=TITLE','reddit.png','0'),(62,'RSS','FEEDLINK','rss.png','0'),(63,'Scoopeo','http://www.scoopeo.com/scoop/new?newurl=PERMALINK&amp;title=TITLE','scoopeo.png','0'),(64,'Segnalo','http://segnalo.alice.it/post.html.php?url=PERMALINK&amp;title=TITLE','segnalo.png','0'),(65,'Simpy','http://www.simpy.com/simpy/LinkAdd.do?href=PERMALINK&amp;title=TITLE','simpy.png','0'),(66,'Slashdot','http://slashdot.org/bookmark.pl?title=TITLE&amp;url=PERMALINK','slashdot.png','0'),(67,'Socialogs','http://socialogs.com/add_story.php?story_url=PERMALINK&amp;story_title=TITLE','socialogs.png','0'),(68,'SphereIt','http://www.sphere.com/search?q=sphereit:PERMALINK&amp;title=TITLE','sphere.png','0'),(69,'Sphinn','http://sphinn.com/index.php?c=post&amp;m=submit&amp;link=PERMALINK','sphinn.png','0'),(70,'StumbleUpon','http://www.stumbleupon.com/submit?url=PERMALINK&amp;title=TITLE','stumbleupon.png','0'),(71,'Techmeme','http://twitter.com/home/?status=tip%20@Techmeme%20PERMALINK%20TITLE','techmeme.png','0'),(72,'Technorati','http://technorati.com/faves?add=PERMALINK','technorati.png','1'),(73,'ThisNext','http://www.thisnext.com/pick/new/submit/sociable/?url=PERMALINK&amp;name=TITLE','thisnext.png','0'),(74,'Tipd','http://tipd.com/submit.php?url=PERMALINK','tipd.png','0'),(75,'Tumblr','http://www.tumblr.com/share?v=3&amp;u=PERMALINK&amp;t=TITLE&amp;s=EXCERPT','tumblr.png','0'),(76,'Twitter','http://twitter.com/home?status=TITLE%20-%20PERMALINK','twitter.png','1'),(77,'Upnews','http://www.upnews.it/submit?url=PERMALINK&amp;title=TITLE','upnews.png','0'),(78,'Webnews.de','http://www.webnews.de/einstellen?url=PERMALINK&amp;title=TITLE','webnews.png','0'),(79,'Webride','http://webride.org/discuss/split.php?uri=PERMALINK&amp;title=TITLE','webride.png','0'),(80,'Wikio','http://www.wikio.com/vote?url=PERMALINK','wikio.png','0'),(81,'Wikio FR','http://www.wikio.fr/vote?url=PERMALINK','wikio.png','0'),(82,'Wikio IT','http://www.wikio.it/vote?url=PERMALINK','wikio.png','0'),(83,'Wists','http://wists.com/s.php?c=&amp;r=PERMALINK&amp;title=TITLE','wists.png','0'),(84,'Wykop','http://www.wykop.pl/dodaj?url=PERMALINK','wykop.png','0'),(85,'Xerpi','http://www.xerpi.com/block/add_link_from_extension?url=PERMALINK&amp;title=TITLE','xerpi.png','0'),(86,'YahooBuzz','http://buzz.yahoo.com/submit/?submitUrl=PERMALINK&amp;submitHeadline=TITLE&amp;submitSummary=EXCERPT&amp;submitCategory=science&amp;submitAssetType=text','yahoobuzz.png','0'),(87,'Yahoo! Bookmarks','http://bookmarks.yahoo.com/toolbar/savebm?u=PERMALINK&amp;t=TITLE&opener=bm&amp;ei=UTF-8&amp;d=EXCERPT','yahoomyweb.png','0'),(88,'Yigg','http://yigg.de/neu?exturl=PERMALINK&amp;exttitle=TITLE','yiggit.png','0'),(89,'Blogplay','http://blogplay.com','blogplay.png','0');

--
-- Table structure for table `idx_pl_twitter_account`
--

CREATE TABLE `idx_pl_twitter_account` (
  `ck` varchar(255) CHARACTER SET utf8 DEFAULT NULL,
  `cs` varchar(255) CHARACTER SET utf8 DEFAULT NULL,
  `at` varchar(255) CHARACTER SET utf8 DEFAULT NULL,
  `ats` varchar(255) CHARACTER SET utf8 DEFAULT NULL
) ENGINE=MyISAM DEFAULT CHARSET=latin1;

--
-- Dumping data for table `idx_pl_twitter_account`
--

INSERT INTO `idx_pl_twitter_account` VALUES ('AuWIrNsHF78tcFUyxqsw','xxiAtc1CRmZGhXfV0A5kz31KZZhrWHZqFhSwRmzng4','https://api.twitter.com/oauth/authorize','https://api.twitter.com/oauth/access_token');

--
-- Table structure for table `idx_plugin`
--

CREATE TABLE `idx_plugin` (
  `plugin_id` int(11) NOT NULL AUTO_INCREMENT,
  `name` varchar(255) DEFAULT NULL,
  `plugin_file` varchar(255) DEFAULT NULL,
  `status` enum('0','1') DEFAULT NULL,
  `option_plugin` text,
  PRIMARY KEY (`plugin_id`)
) ENGINE=MyISAM AUTO_INCREMENT=3 DEFAULT CHARSET=latin1;

--
-- Dumping data for table `idx_plugin`
--

INSERT INTO `idx_plugin` VALUES (1,'AutoTweet','twitter_auto_tweet/twitter_auto_tweet.php','1',NULL),(2,'Sociable','sociable/sociable.php','1',NULL);

--
-- Table structure for table `idx_review`
--

CREATE TABLE `idx_review` (
  `review_id` mediumint(9) unsigned NOT NULL AUTO_INCREMENT,
  `link_id` mediumint(9) unsigned NOT NULL DEFAULT '0',
  `review` text NOT NULL,
  `rating` tinyint(3) unsigned NOT NULL DEFAULT '0',
  `date` date NOT NULL DEFAULT '0000-00-00',
  `subject` varchar(100) DEFAULT NULL,
  `status` char(1) DEFAULT NULL,
  `username` varchar(20) DEFAULT NULL,
  `name` varchar(20) DEFAULT NULL,
  `email` varchar(100) DEFAULT NULL,
  PRIMARY KEY (`review_id`)
) ENGINE=MyISAM AUTO_INCREMENT=2 DEFAULT CHARSET=latin1;

--
-- Dumping data for table `idx_review`
--

INSERT INTO `idx_review` VALUES (1,1,'i need buy pr7 backlinbk,can you help me',3,'2011-08-30','i need buy pr7 backlinbk','0','','forex','gisha.org@hotmail.com');

--
-- Table structure for table `idx_searchlog`
--

CREATE TABLE `idx_searchlog` (
  `keyword` varchar(100) NOT NULL DEFAULT '',
  `time` datetime NOT NULL DEFAULT '0000-00-00 00:00:00',
  `result` mediumint(9) unsigned DEFAULT NULL,
  `ip` varchar(100) DEFAULT NULL
) ENGINE=MyISAM DEFAULT CHARSET=latin1;

--
-- Dumping data for table `idx_searchlog`
--


--
-- Table structure for table `idx_set_hook_place`
--

CREATE TABLE `idx_set_hook_place` (
  `set_hook_place_id` int(11) NOT NULL AUTO_INCREMENT,
  `plugin` varchar(255) DEFAULT NULL,
  `set_hook_place` text,
  PRIMARY KEY (`set_hook_place_id`)
) ENGINE=MyISAM DEFAULT CHARSET=latin1;

--
-- Dumping data for table `idx_set_hook_place`
--


--
-- Table structure for table `idx_setting`
--

CREATE TABLE `idx_setting` (
  `setting_id` int(11) NOT NULL AUTO_INCREMENT,
  `setting_name` varchar(255) DEFAULT NULL,
  `setting_value` text,
  PRIMARY KEY (`setting_id`)
) ENGINE=MyISAM AUTO_INCREMENT=55 DEFAULT CHARSET=latin1;

--
-- Dumping data for table `idx_setting`
--

INSERT INTO `idx_setting` VALUES (4,'site_name','directory24x7.org '),(5,'site_url','http://directory24x7.org'),(6,'email_address','ally.demirx@gmail.com'),(7,'language_code','en_US'),(8,'theme_path','/home/directo/public_html/themes/'),(9,'admin_template_path','/home/directo/public_html/admin_tpl/'),(10,'plugin_path','/home/directo/public_html/plugin/'),(12,'active_theme','_directory24x7'),(14,'spam_proof','1'),(15,'enable_user_validation','1'),(16,'allowed_file_extension','gif,jpg,png,pdf,zip,doc'),(17,'yahoo_appid',''),(18,'whosonline','600'),(19,'reciprocal_check','0'),(20,'urlcheck_limit','1'),(21,'pagerank_cache','30'),(22,'max_image_width','1024'),(23,'max_image_height','756'),(24,'max_file_size','500'),(25,'only_registered_can_add_link','0'),(26,'only_registered_can_add_review','0'),(27,'db_use_persistent','0'),(28,'paid_link_day_period','30,60,90,180'),(29,'paid_link_price_factor','1,1.5,2,3'),(30,'enable_html_tag','1'),(31,'allowed_html_tag','<b>,<strong>,<i>,<em>,<u>,<pre>,<blockquote>,<ol>,<ul>,<li>,<p>,<span>,<div>,<table>,<tr>,<td>'),(32,'enable_page_compression','0'),(33,'enable_category_ajax','1'),(34,'require_visit_category','0'),(35,'additional_category_price','0.5'),(36,'enable_rating_ajax','1'),(37,'service_nicecoder_avail','1'),(38,'enable_recaptcha','0'),(39,'recaptcha_publickey',''),(40,'recaptcha_privatekey',''),(41,'enable_bidding','0'),(42,'minimum_bid','5'),(43,'bid_increament','1'),(44,'charset','utf-8'),(45,'mailer','mail'),(46,'smtp_auth','0'),(47,'smtp_host',''),(48,'smtp_username',''),(49,'smtp_password',''),(50,'smtp_port','25'),(51,'emailbody_as_html','0'),(52,'indexu_version','2.4'),(53,'tos',''),(54,'submission_guidelines','');

--
-- Table structure for table `idx_tags`
--

CREATE TABLE `idx_tags` (
  `tag` varchar(64) NOT NULL DEFAULT '',
  `category_id` mediumint(8) unsigned NOT NULL DEFAULT '0',
  `total` int(11) NOT NULL DEFAULT '0',
  `tag_path` varchar(64) NOT NULL,
  PRIMARY KEY (`tag`,`category_id`)
) ENGINE=MyISAM DEFAULT CHARSET=latin1;

--
-- Dumping data for table `idx_tags`
--


--
-- Table structure for table `idx_unavailable`
--

CREATE TABLE `idx_unavailable` (
  `idx_unavailable` int(11) NOT NULL AUTO_INCREMENT,
  `link_id` int(11) DEFAULT NULL,
  `url` varchar(255) DEFAULT NULL,
  `who_is` varchar(255) DEFAULT NULL,
  `note` text,
  `date` datetime DEFAULT NULL,
  PRIMARY KEY (`idx_unavailable`)
) ENGINE=MyISAM DEFAULT CHARSET=latin1;

--
-- Dumping data for table `idx_unavailable`
--


--
-- Table structure for table `idx_unavailable_latest`
--

CREATE TABLE `idx_unavailable_latest` (
  `idx_link` int(11) DEFAULT NULL,
  `record_execution` int(11) DEFAULT NULL
) ENGINE=MyISAM DEFAULT CHARSET=latin1;

--
-- Dumping data for table `idx_unavailable_latest`
--


--
-- Table structure for table `idx_votes`
--

CREATE TABLE `idx_votes` (
  `link_id` mediumint(9) NOT NULL DEFAULT '0',
  `ip` varchar(100) DEFAULT NULL,
  `value` tinyint(4) DEFAULT NULL
) ENGINE=MyISAM DEFAULT CHARSET=latin1;

--
-- Dumping data for table `idx_votes`
--

INSERT INTO `idx_votes` VALUES (139,'203.92.47.195',5);


