--
-- Host: directoryscape.net    Database: directuu_db
-- ------------------------------------------------------


--
-- Table structure for table `directory_save_data`
--

CREATE TABLE `directory_save_data` (
  `id` bigint(100) NOT NULL AUTO_INCREMENT,
  `schedule_id` bigint(100) NOT NULL,
  `project_id` bigint(100) NOT NULL,
  `link_id` bigint(100) NOT NULL,
  `confirm_link` text NOT NULL,
  `category_id` int(10) NOT NULL,
  `category_name` varchar(150) NOT NULL,
  PRIMARY KEY (`id`)
) ENGINE=InnoDB DEFAULT CHARSET=latin1;

--
-- Dumping data for table `directory_save_data`
--


--
-- Table structure for table `idx_admin_menu`
--

CREATE TABLE `idx_admin_menu` (
  `menu_id` int(11) NOT NULL AUTO_INCREMENT,
  `parent_id` int(11) DEFAULT NULL,
  `menu_title` varchar(255) DEFAULT NULL,
  `menu_url` varchar(255) DEFAULT NULL,
  `order_number` int(11) DEFAULT NULL,
  PRIMARY KEY (`menu_id`)
) ENGINE=MyISAM AUTO_INCREMENT=85 DEFAULT CHARSET=latin1;

--
-- Dumping data for table `idx_admin_menu`
--



--
-- Table structure for table `idx_bad_link`
--

CREATE TABLE `idx_bad_link` (
  `bad_link_id` mediumint(9) unsigned NOT NULL AUTO_INCREMENT,
  `link_id` mediumint(9) unsigned NOT NULL DEFAULT '0',
  `name` varchar(50) NOT NULL DEFAULT '',
  `email` varchar(50) NOT NULL DEFAULT '',
  `type` tinyint(3) unsigned NOT NULL DEFAULT '0',
  `date` date NOT NULL DEFAULT '0000-00-00',
  PRIMARY KEY (`bad_link_id`)
) ENGINE=MyISAM DEFAULT CHARSET=latin1;

--
-- Dumping data for table `idx_bad_link`
--


--
-- Table structure for table `idx_badwords`
--

CREATE TABLE `idx_badwords` (
  `word` varchar(100) NOT NULL DEFAULT ''
) ENGINE=MyISAM DEFAULT CHARSET=latin1;

--
-- Dumping data for table `idx_badwords`
--


--
-- Table structure for table `idx_blocked_domain`
--

CREATE TABLE `idx_blocked_domain` (
  `blocked_id` int(11) NOT NULL AUTO_INCREMENT,
  `blocked` varchar(255) DEFAULT NULL,
  `type` enum('domain','ip') DEFAULT NULL,
  PRIMARY KEY (`blocked_id`)
) ENGINE=MyISAM AUTO_INCREMENT=6 DEFAULT CHARSET=latin1;

--
-- Dumping data for table `idx_blocked_domain`
--

INSERT INTO `idx_blocked_domain` VALUES (1,'buydomains.com','domain'),(2,'this-domain-for-sale.com ','domain'),(3,'oversee.net','domain'),(4,'eNom','domain'),(5,'sedoparking.com','domain');

--
-- Table structure for table `idx_category`
--

CREATE TABLE `idx_category` (
  `category_id` mediumint(9) unsigned NOT NULL AUTO_INCREMENT,
  `parent_id` mediumint(9) unsigned NOT NULL DEFAULT '0',
  `name` varchar(100) NOT NULL DEFAULT '',
  `description` text NOT NULL,
  `image` varchar(100) DEFAULT NULL,
  `content` text,
  `visible` char(1) DEFAULT NULL,
  `links` mediumint(9) DEFAULT NULL,
  `meta_keyword` text,
  `meta_description` text,
  `permission` char(2) DEFAULT NULL,
  `registered_only` char(1) DEFAULT NULL,
  `header` text NOT NULL,
  `footer` text NOT NULL,
  `related` mediumint(6) NOT NULL DEFAULT '0',
  `page_title` varchar(200) NOT NULL DEFAULT '',
  `hits` int(11) NOT NULL DEFAULT '0',
  `order_num` smallint(6) NOT NULL DEFAULT '0',
  `basic_price` double unsigned NOT NULL DEFAULT '0',
  `premium_price` double unsigned NOT NULL DEFAULT '0',
  `sponsored_price` double unsigned NOT NULL DEFAULT '0',
  PRIMARY KEY (`category_id`)
) ENGINE=MyISAM AUTO_INCREMENT=36 DEFAULT CHARSET=latin1;

--
-- Dumping data for table `idx_category`
--

INSERT INTO `idx_category` VALUES (1,0,'Arts ','','folder.gif','','1',7,'','','0','0','','',0,'',0,0,0,0,0),(2,0,'Automotive Services','','folder.gif','','1',9,'','','0','0','','',0,'',0,0,0,0,0),(3,0,'Business Services','','folder.gif','','1',38,'','','0','0','','',0,'',0,0,0,0,0),(4,0,'Jobs & Careers','','folder.gif','','1',1,'','','0','0','','',0,'',0,0,0,0,0),(5,0,'Clothing & Style','','folder.gif','','1',7,'','','0','0','','',0,'',0,0,0,0,0),(6,0,'Communication & Technology','','folder.gif','','1',6,'','','0','0','','',0,'',0,0,0,0,0),(7,0,'Internet & computer Services','','folder.gif','','1',4,'','','0','0','','',0,'',0,0,0,0,0),(8,0,'Construction and Remodeling','','folder.gif','','1',17,'','','0','0','','',0,'',0,0,0,0,0),(9,0,'Dental Directories','','folder.gif','','1',37,'','','0','0','','',0,'',0,0,0,0,0),(10,0,'Education & Colleges','','folder.gif','','1',7,'','','0','0','','',0,'',0,0,0,0,0),(11,0,'Employment & Staffing','','folder.gif','','1',0,'','','0','0','','',0,'',0,0,0,0,0),(12,0,'Gifts & Stationery','','folder.gif','','1',3,'','','0','0','','',0,'',0,0,0,0,0),(13,0,'Hardware & Software Systems','','folder.gif','','1',4,'','','0','0','','',0,'',0,0,0,0,0),(14,0,'Health Resources','','folder.gif','','1',25,'','','0','0','','',0,'',0,0,0,0,0),(15,0,'Healthcare Related','','folder.gif','','1',17,'','','0','0','','',0,'',0,0,0,0,0),(16,0,'Air Conditioning & Heating','','folder.gif','','1',25,'','','0','0','','',0,'',0,0,0,0,0),(17,0,'Home Decor & Garden ','','folder.gif','','1',56,'','','0','0','','',0,'',0,0,0,0,0),(18,0,'Home Improvement Services','','folder.gif','','1',7,'','','0','0','','',0,'',0,0,0,0,0),(19,0,'Hotels & Resorts','','folder.gif','','1',9,'','','0','0','','',0,'',0,0,0,0,0),(20,0,'Insurance Services','','folder.gif','','1',9,'','','1','0','','',0,'',0,0,0,0,0),(21,0,'Law Services','','folder.gif','','1',0,'','','1','0','','',0,'',0,0,0,0,0),(22,0,'Lawyers and Law Firms','','folder.gif','','1',64,'','','1','0','','',0,'',0,0,0,0,0),(23,0,'Lifestyle & People','','folder.gif','','1',3,'','','1','0','','',0,'',0,0,0,0,0),(24,0,'Medicine  Facilities','','folder.gif','','1',5,'','','1','0','','',0,'',0,0,0,0,0),(25,0,'Financial Services','','folder.gif','','1',0,'','','1','0','','',0,'',0,0,0,0,0),(26,0,'News','','folder.gif','','1',0,'','','1','0','','',0,'',0,0,0,0,0),(27,0,'Plumbing & Plumbers','','folder.gif','','1',11,'','','1','0','','',0,'',0,0,0,0,0),(28,0,'Real Estate Services','','folder.gif','','1',11,'','','1','0','','',0,'',0,0,0,0,0),(29,0,'Technology & Science','','folder.gif','','1',2,'','','1','0','','',0,'',0,0,0,0,0),(30,0,'SEO Services','','folder.gif','','1',6,'','','1','0','','',0,'',0,0,0,0,0),(31,0,'Shopping and Fashion','','folder.gif','','1',17,'','','1','0','','',0,'',0,0,0,0,0),(32,0,'Games & Sports','','folder.gif','','1',2,'','','1','0','','',0,'',0,0,0,0,0),(33,0,'Transport & Freight Forwarding','','folder.gif','','1',11,'','','1','0','','',0,'',0,0,0,0,0),(34,0,'Travel & Vacations','','folder.gif','','1',4,'','','1','0','','',0,'',0,0,0,0,0),(35,0,'Wedding Accessories','','folder.gif','','1',4,'','','1','0','','',0,'',0,0,0,0,0);

--
-- Table structure for table `idx_category_path`
--

CREATE TABLE `idx_category_path` (
  `category_id` mediumint(9) NOT NULL DEFAULT '0',
  `path` text,
  `path_with_url` text,
  `parents` text,
  PRIMARY KEY (`category_id`)
) ENGINE=MyISAM DEFAULT CHARSET=latin1;

--
-- Dumping data for table `idx_category_path`
--

INSERT INTO `idx_category_path` VALUES (1,'Arts ','<a href=\"http://directoryscape.net/arts/\" name=\"cat_1\" style=\"\">Arts </a>',';0;'),(2,'Automotive Services','<a href=\"http://directoryscape.net/automotive-services/\" name=\"cat_2\" style=\"\">Automotive Services</a>',';0;'),(3,'Business Services','<a href=\"http://directoryscape.net/business-services/\" name=\"cat_3\" style=\"\">Business Services</a>',';0;'),(4,'Jobs & Careers','<a href=\"http://directoryscape.net/jobs-careers/\" name=\"cat_4\" style=\"\">Jobs & Careers</a>',';0;'),(5,'Clothing & Style','<a href=\"http://directoryscape.net/clothing-style/\" name=\"cat_5\" style=\"\">Clothing & Style</a>',';0;'),(6,'Communication & Technology','<a href=\"http://directoryscape.net/communication-technology/\" name=\"cat_6\" style=\"\">Communication & Technology</a>',';0;'),(7,'Internet & computer Services','<a href=\"http://directoryscape.net/internet-computer-services/\" name=\"cat_7\" style=\"\">Internet & computer Services</a>',';0;'),(8,'Construction and Remodeling','<a href=\"http://directoryscape.net/construction-and-remodeling/\" name=\"cat_8\" style=\"\">Construction and Remodeling</a>',';0;'),(9,'Dental Directories','<a href=\"http://directoryscape.net/dental-directories/\" name=\"cat_9\" style=\"\">Dental Directories</a>',';0;'),(10,'Education & Colleges','<a href=\"http://directoryscape.net/education-colleges/\" name=\"cat_10\" style=\"\">Education & Colleges</a>',';0;'),(11,'Employment & Staffing','<a href=\"http://directoryscape.net/employment-staffing/\" name=\"cat_11\" style=\"\">Employment & Staffing</a>',';0;'),(12,'Gifts & Stationery','<a href=\"http://directoryscape.net/gifts-stationery/\" name=\"cat_12\" style=\"\">Gifts & Stationery</a>',';0;'),(13,'Hardware & Software Systems','<a href=\"http://directoryscape.net/hardware-software-systems/\" name=\"cat_13\" style=\"\">Hardware & Software Systems</a>',';0;'),(14,'Health Resources','<a href=\"http://directoryscape.net/health-resources/\" name=\"cat_14\" style=\"\">Health Resources</a>',';0;'),(15,'Healthcare Related','<a href=\"http://directoryscape.net/healthcare-related/\" name=\"cat_15\" style=\"\">Healthcare Related</a>',';0;'),(16,'Air Conditioning & Heating','<a href=\"http://directoryscape.net/air-conditioning-heating/\" name=\"cat_16\" style=\"\">Air Conditioning & Heating</a>',';0;'),(17,'Home Decor & Garden ','<a href=\"http://directoryscape.net/home-decor-garden/\" name=\"cat_17\" style=\"\">Home Decor & Garden </a>',';0;'),(18,'Home Improvement Services','<a href=\"http://directoryscape.net/home-improvement-services/\" name=\"cat_18\" style=\"\">Home Improvement Services</a>',';0;'),(19,'Hotels & Resorts','<a href=\"http://directoryscape.net/hotels-resorts/\" name=\"cat_19\" style=\"\">Hotels & Resorts</a>',';0;'),(20,'Insurance Services','<a href=\"http://directoryscape.net/insurance-services/\" name=\"cat_20\" style=\"\">Insurance Services</a>',';0;'),(21,'Law Services','<a href=\"http://directoryscape.net/law-services/\" name=\"cat_21\" style=\"\">Law Services</a>',';0;'),(22,'Lawyers and Law Firms','<a href=\"http://directoryscape.net/lawyers-and-law-firms/\" name=\"cat_22\" style=\"\">Lawyers and Law Firms</a>',';0;'),(23,'Lifestyle & People','<a href=\"http://directoryscape.net/lifestyle-people/\" name=\"cat_23\" style=\"\">Lifestyle & People</a>',';0;'),(24,'Medicine  Facilities','<a href=\"http://directoryscape.net/medicine-facilities/\" name=\"cat_24\" style=\"\">Medicine  Facilities</a>',';0;'),(25,'Financial Services','<a href=\"http://directoryscape.net/financial-services/\" name=\"cat_25\" style=\"\">Financial Services</a>',';0;'),(26,'News','<a href=\"http://directoryscape.net/news/\" name=\"cat_26\" style=\"\">News</a>',';0;'),(27,'Plumbing & Plumbers','<a href=\"http://directoryscape.net/plumbing-plumbers/\" name=\"cat_27\" style=\"\">Plumbing & Plumbers</a>',';0;'),(28,'Real Estate Services','<a href=\"http://directoryscape.net/real-estate-services/\" name=\"cat_28\" style=\"\">Real Estate Services</a>',';0;'),(29,'Technology & Science','<a href=\"http://directoryscape.net/technology-science/\" name=\"cat_29\" style=\"\">Technology & Science</a>',';0;'),(30,'SEO Services','<a href=\"http://directoryscape.net/seo-services/\" name=\"cat_30\" style=\"\">SEO Services</a>',';0;'),(31,'Shopping and Fashion','<a href=\"http://directoryscape.net/shopping-and-fashion/\" name=\"cat_31\" style=\"\">Shopping and Fashion</a>',';0;'),(32,'Games & Sports','<a href=\"http://directoryscape.net/games-sports/\" name=\"cat_32\" style=\"\">Games & Sports</a>',';0;'),(33,'Transport & Freight Forwarding','<a href=\"http://directoryscape.net/transport-freight-forwarding/\" name=\"cat_33\" style=\"\">Transport & Freight Forwarding</a>',';0;'),(34,'Travel & Vacations','<a href=\"http://directoryscape.net/travel-vacations/\" name=\"cat_34\" style=\"\">Travel & Vacations</a>',';0;'),(35,'Wedding Accessories','<a href=\"http://directoryscape.net/wedding-accessories/\" name=\"cat_35\" style=\"\">Wedding Accessories</a>',';0;');

--
-- Table structure for table `idx_category_suggession`
--

CREATE TABLE `idx_category_suggession` (
  `id_cat_suggession` int(11) NOT NULL AUTO_INCREMENT,
  `parent_id` int(11) DEFAULT NULL,
  `name` varchar(255) DEFAULT NULL,
  `category_description` text,
  `date` datetime DEFAULT NULL,
  PRIMARY KEY (`id_cat_suggession`)
) ENGINE=MyISAM AUTO_INCREMENT=4 DEFAULT CHARSET=latin1;

--
-- Dumping data for table `idx_category_suggession`
--

INSERT INTO `idx_category_suggession` VALUES (1,21,'medical malpractice','Duffy Duffy Law’s mission is to advocate for patients who are harmed by medical malpractice, negligence or personal injury. For more details contact us on 516.394.4200.','2012-02-29 15:14:20'),(2,15,'Yoshitaka','They will grant the documentation seecnsary for shipping overseas, like a bill of lading, load classifications, licenses, permits etc. You just get your load to the pier or airport.','2012-03-04 09:25:26'),(3,0,'Fountain Valley cab','Fountain Valley cab. The Yellow Cab Company staff can provide efficient paratransit transportation around Tustin.\r\n','2012-03-06 05:38:47');

--
-- Table structure for table `idx_checkurl`
--

CREATE TABLE `idx_checkurl` (
  `link_id` mediumint(9) NOT NULL DEFAULT '0',
  `date` date NOT NULL DEFAULT '0000-00-00',
  `live` char(1) NOT NULL DEFAULT '',
  `reciprocal_found` char(1) NOT NULL DEFAULT '',
  PRIMARY KEY (`link_id`)
) ENGINE=MyISAM DEFAULT CHARSET=latin1;

--
-- Dumping data for table `idx_checkurl`
--


--
-- Table structure for table `idx_cronjobs`
--

CREATE TABLE `idx_cronjobs` (
  `cronjobs_id` int(11) NOT NULL AUTO_INCREMENT,
  `cronjobs_name` varchar(255) DEFAULT NULL,
  `filename` varchar(255) NOT NULL,
  `schedule` varchar(255) NOT NULL,
  `time` datetime NOT NULL,
  `execution` varchar(1) NOT NULL,
  PRIMARY KEY (`cronjobs_id`)
) ENGINE=MyISAM AUTO_INCREMENT=4 DEFAULT CHARSET=latin1;

--
-- Dumping data for table `idx_cronjobs`
--

INSERT INTO `idx_cronjobs` VALUES (1,NULL,'clear_templates_c.php','1,*,*,*,*','0000-00-00 00:00:00',''),(2,NULL,'update_tag_cloud.php','*,24,*,*,*','0000-00-00 00:00:00',''),(3,NULL,'clear_rss_cache.php','*,24,*,*,*','0000-00-00 00:00:00','');

--
-- Table structure for table `idx_custom_field`
--

CREATE TABLE `idx_custom_field` (
  `field_name` varchar(32) NOT NULL DEFAULT '',
  `field_text` varchar(64) NOT NULL DEFAULT '',
  `field_type` enum('TEXT','TEXTAREA','SELECT','MULTISELECT','CHECKBOX','RADIO','FILE','IMAGE','DATE','DATETIME','RICHEDITOR') NOT NULL DEFAULT 'TEXT',
  `field_option` text NOT NULL,
  `field_img_width` int(10) unsigned NOT NULL DEFAULT '0',
  `field_img_height` int(10) unsigned NOT NULL DEFAULT '0',
  `field_file_size` int(10) unsigned NOT NULL DEFAULT '0',
  `field_file_extension` varchar(64) NOT NULL DEFAULT '',
  `required` char(1) NOT NULL DEFAULT '0',
  `searchable` char(1) NOT NULL DEFAULT '1',
  `permission` char(1) NOT NULL DEFAULT '0'
) ENGINE=MyISAM DEFAULT CHARSET=latin1;

--
-- Dumping data for table `idx_custom_field`
--

INSERT INTO `idx_custom_field` VALUES ('image','Image','IMAGE','',0,0,0,'','0','0','2'),('address','Address','TEXT','',0,0,0,'','0','0','0'),('city','City','TEXT','',0,0,0,'','0','0','0'),('state','State','TEXT','',0,0,0,'','0','0','0'),('country','Country','TEXT','',0,0,0,'','0','0','0'),('zip','Zip','TEXT','',0,0,0,'','0','0','0'),('phone','Phone','TEXT','',0,0,0,'','0','0','0'),('fax','Fax','TEXT','',0,0,0,'','0','0','0');

--
-- Table structure for table `idx_default_field`
--

CREATE TABLE `idx_default_field` (
  `field_name` varchar(64) NOT NULL,
  `required` char(1) NOT NULL,
  `visible` char(1) NOT NULL DEFAULT '1',
  `searchable` char(1) NOT NULL DEFAULT '1'
) ENGINE=MyISAM DEFAULT CHARSET=latin1;

--
-- Dumping data for table `idx_default_field`
--

INSERT INTO `idx_default_field` VALUES ('title','1','1','1'),('url','1','1','1'),('description','1','1','1'),('keywords','1','1','0'),('contact_name','1','1','1'),('email','1','1','1'),('reciprocal_url','0','0','1');

--
-- Table structure for table `idx_discount_coupon`
--

CREATE TABLE `idx_discount_coupon` (
  `coupon_id` int(11) NOT NULL AUTO_INCREMENT,
  `coupon_code` varchar(255) DEFAULT NULL,
  `coupon_value` varchar(50) DEFAULT NULL,
  `link_type` varchar(255) DEFAULT NULL,
  `start_date` date DEFAULT NULL,
  `expired_date` date DEFAULT NULL,
  `expired_usage` int(11) DEFAULT NULL,
  `usage_count` int(11) DEFAULT NULL,
  PRIMARY KEY (`coupon_id`)
) ENGINE=MyISAM DEFAULT CHARSET=latin1;

--
-- Dumping data for table `idx_discount_coupon`
--


--
-- Table structure for table `idx_editor`
--

CREATE TABLE `idx_editor` (
  `username` varchar(20) DEFAULT NULL,
  `category_id` mediumint(9) DEFAULT NULL,
  `category` char(1) DEFAULT NULL,
  `link` char(1) DEFAULT NULL,
  `review` char(1) DEFAULT NULL,
  `pick` char(1) DEFAULT NULL,
  `status` char(1) DEFAULT NULL,
  `date` date DEFAULT NULL
) ENGINE=MyISAM DEFAULT CHARSET=latin1;

--
-- Dumping data for table `idx_editor`
--


--
-- Table structure for table `idx_email_template`
--

CREATE TABLE `idx_email_template` (
  `email_template_id` int(10) unsigned NOT NULL AUTO_INCREMENT,
  `name` varchar(255) DEFAULT NULL,
  `subject` varchar(255) DEFAULT NULL,
  `body` text,
  `altbody` text,
  PRIMARY KEY (`email_template_id`)
) ENGINE=MyISAM AUTO_INCREMENT=37 DEFAULT CHARSET=latin1;

--
-- Dumping data for table `idx_email_template`
--



--
-- Table structure for table `idx_favorites`
--

CREATE TABLE `idx_favorites` (
  `favorite_id` int(11) NOT NULL AUTO_INCREMENT,
  `username` varchar(20) DEFAULT NULL,
  `date` date DEFAULT NULL,
  `title` varchar(100) DEFAULT NULL,
  `description` text,
  PRIMARY KEY (`favorite_id`)
) ENGINE=MyISAM AUTO_INCREMENT=6 DEFAULT CHARSET=latin1;

--
-- Dumping data for table `idx_favorites`
--

INSERT INTO `idx_favorites` VALUES (1,'erickgarlandf99n24','2011-10-18','My Favorites',NULL),(2,'floydmosheg21q21','2011-10-19','My Favorites',NULL),(3,'robertpauls98q35','2011-10-31','My Favorites',NULL),(4,'carldanieli22c52','2011-11-02','My Favorites',NULL),(5,'adaptive84','2011-12-07','My Favorites',NULL);

--
-- Table structure for table `idx_favorites_detail`
--

CREATE TABLE `idx_favorites_detail` (
  `favorite_id` int(11) DEFAULT NULL,
  `link_id` mediumint(9) DEFAULT NULL
) ENGINE=MyISAM DEFAULT CHARSET=latin1;

--
-- Dumping data for table `idx_favorites_detail`
--


--
-- Table structure for table `idx_hook_place`
--

CREATE TABLE `idx_hook_place` (
  `hook_place_id` int(11) NOT NULL AUTO_INCREMENT,
  `filename` varchar(255) DEFAULT NULL,
  `hookname` varchar(255) DEFAULT NULL,
  PRIMARY KEY (`hook_place_id`)
) ENGINE=MyISAM DEFAULT CHARSET=latin1;

--
-- Dumping data for table `idx_hook_place`
--


--
-- Table structure for table `idx_invoice`
--

CREATE TABLE `idx_invoice` (
  `invoice_id` varchar(10) NOT NULL DEFAULT '',
  `invoice_date` date DEFAULT NULL,
  `due_date` date DEFAULT NULL,
  `invoiced_to` text,
  `service` varchar(255) DEFAULT NULL,
  `description` text,
  `total` double(8,2) DEFAULT NULL,
  `comment` text,
  `paid` char(1) DEFAULT NULL,
  `paid_date` date DEFAULT NULL,
  `email` varchar(255) DEFAULT NULL,
  PRIMARY KEY (`invoice_id`)
) ENGINE=MyISAM DEFAULT CHARSET=latin1;

--
-- Dumping data for table `idx_invoice`
--


--
-- Table structure for table `idx_invoice_config`
--

CREATE TABLE `idx_invoice_config` (
  `company` varchar(255) DEFAULT NULL,
  `contact` varchar(255) DEFAULT NULL,
  `address` text,
  `phone` varchar(255) DEFAULT NULL,
  `email` varchar(255) DEFAULT NULL,
  `currency_symbol` varchar(255) DEFAULT '$',
  `currency_code` varchar(255) DEFAULT 'USD'
) ENGINE=MyISAM DEFAULT CHARSET=latin1;

--
-- Dumping data for table `idx_invoice_config`
--

INSERT INTO `idx_invoice_config` VALUES ('Your website / Company','Billing Department','Your address','Your phone #','Billing<name@yourdomain.com>','$','USD');

--
-- Table structure for table `idx_link_temp`
--

CREATE TABLE `idx_link_temp` (
  `vid` mediumint(9) unsigned NOT NULL AUTO_INCREMENT,
  `spam` char(1) NOT NULL DEFAULT '0',
  `link_id` mediumint(9) DEFAULT NULL,
  `category_id` mediumint(9) unsigned NOT NULL DEFAULT '0',
  `title` varchar(100) NOT NULL DEFAULT '',
  `url` text NOT NULL,
  `description` text NOT NULL,
  `contact_name` varchar(100) NOT NULL DEFAULT '',
  `email` varchar(100) NOT NULL DEFAULT '',
  `hits` mediumint(9) DEFAULT NULL,
  `votes` smallint(6) DEFAULT NULL,
  `rating` float(4,2) DEFAULT NULL,
  `date` datetime NOT NULL DEFAULT '0000-00-00 00:00:00',
  `bid` smallint(6) NOT NULL DEFAULT '0',
  `new` char(1) DEFAULT NULL,
  `hot` char(1) DEFAULT NULL,
  `top_rated` char(1) DEFAULT NULL,
  `pick` char(1) DEFAULT NULL,
  `password` varchar(20) DEFAULT NULL,
  `updated` char(1) DEFAULT NULL,
  `reviews` smallint(6) DEFAULT NULL,
  `avg_review` float(4,2) DEFAULT NULL,
  `last_updated` datetime DEFAULT NULL,
  `official_review` text,
  `keywords` varchar(255) DEFAULT NULL,
  `cat1` mediumint(6) NOT NULL DEFAULT '0',
  `cat2` mediumint(6) NOT NULL DEFAULT '0',
  `suspended` char(1) NOT NULL DEFAULT '0',
  `reciprocal_url` varchar(255) DEFAULT NULL,
  `address` varchar(255) DEFAULT NULL,
  `city` varchar(255) DEFAULT NULL,
  `state` varchar(255) DEFAULT NULL,
  `country` varchar(255) DEFAULT NULL,
  `zip` varchar(255) DEFAULT NULL,
  `image` varchar(255) DEFAULT NULL,
  `phone` varchar(255) DEFAULT NULL,
  `fax` varchar(255) DEFAULT NULL,
  PRIMARY KEY (`vid`)
) ENGINE=MyISAM DEFAULT CHARSET=latin1;

--
-- Dumping data for table `idx_link_temp`
--


--
-- Table structure for table `idx_link_temp_user`
--

CREATE TABLE `idx_link_temp_user` (
  `vid` mediumint(9) unsigned NOT NULL DEFAULT '0',
  `username` varchar(20) NOT NULL DEFAULT '',
  PRIMARY KEY (`vid`)
) ENGINE=MyISAM DEFAULT CHARSET=latin1;

--
-- Dumping data for table `idx_link_temp_user`
--


--
-- Table structure for table `idx_link_user`
--

CREATE TABLE `idx_link_user` (
  `link_id` mediumint(9) unsigned NOT NULL DEFAULT '0',
  `username` varchar(20) NOT NULL DEFAULT '',
  PRIMARY KEY (`link_id`)
) ENGINE=MyISAM DEFAULT CHARSET=latin1;

--
-- Dumping data for table `idx_link_user`
--


--
-- Table structure for table `idx_mailing_list`
--

CREATE TABLE `idx_mailing_list` (
  `email` varchar(50) NOT NULL DEFAULT '',
  `code` varchar(4) DEFAULT NULL,
  `status` char(1) DEFAULT NULL,
  PRIMARY KEY (`email`)
) ENGINE=MyISAM DEFAULT CHARSET=latin1;

--
-- Dumping data for table `idx_mailing_list`
--


--
-- Table structure for table `idx_message`
--

CREATE TABLE `idx_message` (
  `message_id` smallint(6) NOT NULL AUTO_INCREMENT,
  `date` date DEFAULT NULL,
  `body` text,
  `subject` varchar(100) DEFAULT NULL,
  PRIMARY KEY (`message_id`)
) ENGINE=MyISAM DEFAULT CHARSET=latin1;

--
-- Dumping data for table `idx_message`
--


--
-- Table structure for table `idx_notification`
--

CREATE TABLE `idx_notification` (
  `username` varchar(20) NOT NULL DEFAULT '',
  `category_id` mediumint(9) NOT NULL DEFAULT '0'
) ENGINE=MyISAM DEFAULT CHARSET=latin1;

--
-- Dumping data for table `idx_notification`
--


--
-- Table structure for table `idx_pagerank`
--

CREATE TABLE `idx_pagerank` (
  `link_id` mediumint(8) unsigned NOT NULL DEFAULT '0',
  `engine` char(1) NOT NULL DEFAULT '',
  `rank` tinyint(4) NOT NULL DEFAULT '0',
  `last_update` date NOT NULL DEFAULT '0000-00-00',
  PRIMARY KEY (`link_id`,`engine`)
) ENGINE=MyISAM DEFAULT CHARSET=latin1;

--
-- Dumping data for table `idx_pagerank`
--

INSERT INTO `idx_pagerank` VALUES (1,'g',6,'2011-09-12'),(3,'g',6,'2011-09-13'),(2,'g',6,'2011-09-13'),(8,'g',2,'2011-09-18'),(7,'g',2,'2011-09-18'),(6,'g',2,'2011-09-18'),(5,'g',0,'2011-09-18'),(9,'g',2,'2011-09-18'),(4,'g',2,'2011-09-18'),(10,'g',0,'2011-09-18'),(19,'g',0,'2012-02-15'),(28,'g',0,'2011-11-03'),(31,'g',0,'2011-11-17'),(24,'g',2,'2011-09-20'),(29,'g',0,'2011-11-30'),(21,'g',2,'2011-09-20'),(20,'g',0,'2011-09-20'),(23,'g',0,'2011-12-28'),(26,'g',0,'2011-10-23'),(32,'g',0,'2011-10-20'),(30,'g',0,'2011-12-05'),(22,'g',0,'2011-09-20'),(25,'g',0,'2011-10-23'),(15,'g',1,'2011-09-20'),(14,'g',2,'2011-09-20'),(17,'g',3,'2011-09-20'),(18,'g',4,'2011-09-20'),(27,'g',0,'2011-10-23'),(33,'g',6,'2011-09-20'),(34,'g',3,'2011-09-20'),(36,'g',0,'2011-09-20'),(12,'g',0,'2011-09-20'),(11,'g',0,'2011-09-20'),(35,'g',0,'2011-09-20'),(13,'g',0,'2011-09-20'),(16,'g',0,'2011-09-20'),(60,'g',0,'2011-09-22'),(39,'g',0,'2011-09-23'),(37,'g',0,'2011-09-24'),(150,'g',1,'2011-09-25'),(174,'g',0,'2012-01-31'),(78,'g',0,'2011-09-26'),(185,'g',0,'2011-09-26'),(128,'g',1,'2011-09-26'),(62,'g',0,'2011-09-26'),(88,'g',0,'2011-09-26'),(69,'g',0,'2011-09-26'),(159,'g',2,'2011-09-26'),(169,'g',0,'2012-01-31'),(330,'g',0,'2012-01-22'),(242,'g',1,'2011-09-28'),(319,'g',1,'2011-09-28'),(292,'g',0,'2012-01-31'),(214,'g',2,'2011-09-28'),(44,'g',2,'2011-09-28'),(41,'g',4,'2011-09-28'),(45,'g',3,'2011-09-28'),(38,'g',0,'2011-09-28'),(70,'g',0,'2011-09-28'),(220,'g',0,'2012-01-31'),(46,'g',3,'2011-09-28'),(71,'g',2,'2011-09-28'),(42,'g',0,'2011-09-28'),(198,'g',0,'2012-01-31'),(297,'g',1,'2011-09-28'),(255,'g',2,'2011-09-29'),(195,'g',0,'2012-01-31'),(140,'g',1,'2011-09-29'),(160,'g',0,'2012-02-28'),(133,'g',3,'2011-09-29'),(163,'g',1,'2011-09-29'),(172,'g',0,'2012-01-27'),(146,'g',0,'2012-01-27'),(177,'g',0,'2012-01-27'),(115,'g',2,'2011-09-29'),(156,'g',1,'2011-09-29'),(125,'g',0,'2011-09-29'),(274,'g',2,'2011-09-29'),(275,'g',0,'2012-01-31'),(256,'g',1,'2011-10-01'),(83,'g',2,'2011-10-01'),(51,'g',3,'2011-10-01'),(89,'g',2,'2011-10-01'),(61,'g',4,'2011-10-01'),(94,'g',3,'2011-10-01'),(101,'g',0,'2011-11-12'),(137,'g',3,'2011-10-01'),(107,'g',4,'2011-10-01'),(66,'g',1,'2011-10-01'),(50,'g',0,'2011-10-01'),(57,'g',2,'2011-10-01'),(52,'g',5,'2011-10-01'),(53,'g',0,'2011-10-01'),(120,'g',4,'2011-10-01'),(170,'g',0,'2012-02-13'),(154,'g',1,'2011-10-01'),(350,'g',0,'2012-02-13'),(304,'g',0,'2011-10-01'),(427,'g',0,'2011-11-17'),(317,'g',0,'2012-02-13'),(439,'g',0,'2011-11-12'),(276,'g',0,'2011-10-01'),(126,'g',3,'2011-10-01'),(294,'g',3,'2011-10-01'),(329,'g',0,'2012-02-27'),(318,'g',3,'2011-10-01'),(407,'g',0,'2011-11-03'),(188,'g',0,'2011-10-02'),(479,'g',0,'2011-11-12'),(645,'g',0,'2011-11-15'),(568,'g',3,'2011-10-06'),(627,'g',0,'2011-10-06'),(601,'g',0,'2011-10-06'),(337,'g',0,'2011-11-17'),(413,'g',0,'2011-10-07'),(345,'g',0,'2012-02-13'),(393,'g',0,'2012-02-13'),(405,'g',0,'2011-11-17'),(381,'g',0,'2012-02-13'),(102,'g',0,'2011-10-07'),(91,'g',0,'2011-10-08'),(352,'g',0,'2011-10-08'),(81,'g',0,'2011-10-09'),(97,'g',0,'2011-10-09'),(86,'g',0,'2011-10-09'),(49,'g',0,'2011-10-09'),(105,'g',0,'2011-11-29'),(186,'g',0,'2011-11-29'),(155,'g',0,'2012-02-16'),(173,'g',0,'2011-10-09'),(135,'g',0,'2011-10-09'),(124,'g',0,'2011-10-09'),(489,'g',0,'2011-10-09'),(540,'g',0,'2011-11-17'),(533,'g',0,'2011-11-17'),(534,'g',0,'2011-11-17'),(1126,'g',0,'2011-10-10'),(1134,'g',0,'2011-10-10'),(1174,'g',0,'2011-10-10'),(1113,'g',0,'2011-10-10'),(342,'g',0,'2012-01-31'),(208,'g',0,'2012-01-31'),(262,'g',0,'2011-10-10'),(1095,'g',0,'2011-10-10'),(1159,'g',0,'2012-02-28'),(148,'g',0,'2011-10-10'),(166,'g',0,'2012-01-31'),(378,'g',0,'2012-01-24'),(85,'g',0,'2011-10-10'),(1148,'g',0,'2011-11-25'),(1091,'g',0,'2011-12-07'),(1130,'g',0,'2012-02-15'),(116,'g',0,'2011-10-10'),(99,'g',0,'2011-11-11'),(68,'g',0,'2011-10-10'),(212,'g',0,'2012-02-13'),(108,'g',0,'2011-10-10'),(176,'g',0,'2011-10-10'),(109,'g',0,'2011-10-10'),(103,'g',0,'2011-10-10'),(331,'g',0,'2012-02-13'),(1129,'g',0,'2011-11-21'),(110,'g',0,'2011-10-10'),(93,'g',0,'2011-10-10'),(426,'g',0,'2011-11-17'),(111,'g',0,'2011-10-10'),(184,'g',0,'2012-01-05'),(192,'g',0,'2011-10-10'),(74,'g',0,'2011-10-10'),(1094,'g',0,'2011-10-10'),(153,'g',0,'2012-02-09'),(132,'g',0,'2011-10-10'),(121,'g',0,'2011-10-10'),(197,'g',0,'2011-10-10'),(76,'g',0,'2011-10-10'),(382,'g',0,'2012-02-13'),(1169,'g',0,'2011-11-12'),(1120,'g',0,'2011-10-10'),(1182,'g',0,'2011-10-10'),(1157,'g',0,'2011-11-15'),(1155,'g',0,'2011-10-10'),(56,'g',0,'2011-10-10'),(72,'g',0,'2011-10-10'),(145,'g',0,'2012-02-13'),(263,'g',0,'2011-10-10'),(187,'g',0,'2012-02-13'),(162,'g',0,'2012-02-13'),(1117,'g',0,'2011-11-21'),(1125,'g',0,'2011-11-15'),(215,'g',0,'2012-01-19'),(1164,'g',0,'2011-10-10'),(1153,'g',0,'2011-11-17'),(209,'g',0,'2011-10-10'),(130,'g',0,'2011-10-10'),(63,'g',0,'2011-10-10'),(204,'g',0,'2011-11-14'),(506,'g',0,'2011-11-12'),(531,'g',0,'2011-10-10'),(1136,'g',0,'2012-02-13'),(293,'g',0,'2011-10-10'),(321,'g',0,'2011-10-10'),(543,'g',0,'2011-11-17'),(67,'g',0,'2011-10-10'),(1166,'g',0,'2011-10-10'),(1150,'g',0,'2011-11-17'),(47,'g',0,'2011-10-10'),(167,'g',0,'2011-10-10'),(207,'g',0,'2011-10-10'),(1145,'g',0,'2011-11-17'),(243,'g',0,'2011-10-10'),(1149,'g',0,'2012-01-04'),(168,'g',0,'2011-10-10'),(233,'g',0,'2011-10-10'),(96,'g',0,'2011-10-10'),(182,'g',0,'2012-01-15'),(1132,'g',0,'2011-10-10'),(1119,'g',0,'2011-10-10'),(1176,'g',0,'2011-10-10'),(59,'g',0,'2011-10-11'),(181,'g',0,'2012-02-09'),(84,'g',0,'2011-10-11'),(48,'g',0,'2011-10-11'),(54,'g',0,'2011-10-11'),(213,'g',0,'2012-02-28'),(1143,'g',0,'2011-10-11'),(40,'g',0,'2011-10-11'),(1137,'g',0,'2011-10-11'),(422,'g',0,'2011-10-11'),(73,'g',0,'2011-10-11'),(142,'g',0,'2011-10-11'),(136,'g',0,'2011-11-14'),(339,'g',0,'2011-11-14'),(1156,'g',0,'2012-02-13'),(1172,'g',0,'2011-10-11'),(79,'g',0,'2011-10-11'),(43,'g',0,'2011-10-11'),(1127,'g',0,'2012-02-16'),(196,'g',0,'2011-10-11'),(58,'g',0,'2011-10-11'),(82,'g',0,'2011-10-11'),(171,'g',0,'2011-10-11'),(205,'g',0,'2011-10-11'),(1097,'g',0,'2011-10-11'),(1142,'g',0,'2012-02-13'),(106,'g',0,'2011-10-11'),(528,'g',0,'2011-11-12'),(1158,'g',0,'2011-10-11'),(123,'g',0,'2011-10-11'),(77,'g',0,'2011-10-11'),(347,'g',0,'2012-01-03'),(451,'g',0,'2011-10-11'),(64,'g',0,'2011-10-11'),(87,'g',0,'2011-10-11'),(1092,'g',0,'2011-12-07'),(65,'g',0,'2011-10-11'),(334,'g',0,'2012-01-16'),(416,'g',0,'2011-11-16'),(227,'g',0,'2011-10-11'),(300,'g',0,'2011-10-11'),(1214,'g',0,'2012-02-15'),(1222,'g',0,'2012-02-13'),(1404,'g',0,'2012-03-01'),(1429,'g',0,'2012-01-05'),(1506,'g',0,'2012-01-05'),(1246,'g',0,'2012-03-01'),(1430,'g',0,'2011-10-15'),(1447,'g',0,'2011-12-07'),(1224,'g',0,'2012-02-13'),(1408,'g',0,'2012-02-14'),(1378,'g',0,'2012-02-14'),(1210,'g',0,'2012-02-13'),(1361,'g',0,'2012-01-16'),(1287,'g',0,'2012-01-16'),(1318,'g',0,'2012-03-06'),(457,'g',0,'2011-10-16'),(440,'g',0,'2011-10-16'),(529,'g',0,'2011-10-16'),(395,'g',0,'2011-10-16'),(438,'g',0,'2011-10-16'),(411,'g',0,'2011-10-16'),(421,'g',0,'2011-10-16'),(391,'g',0,'2012-01-31'),(394,'g',0,'2012-01-25'),(538,'g',0,'2011-10-16'),(431,'g',0,'2011-10-17'),(452,'g',0,'2011-10-17'),(285,'g',0,'2011-10-17'),(1101,'g',0,'2011-10-17'),(1316,'g',0,'2012-03-04'),(453,'g',0,'2011-10-17'),(157,'g',0,'2012-02-28'),(1434,'g',0,'2011-12-20'),(1244,'g',0,'2012-01-31'),(1375,'g',0,'2012-02-28'),(1435,'g',0,'2012-01-25'),(1236,'g',0,'2012-01-09'),(1237,'g',0,'2012-01-09'),(1218,'g',0,'2012-02-13'),(1384,'g',0,'2012-02-13'),(1362,'g',0,'2011-10-17'),(1254,'g',0,'2011-10-17'),(1183,'g',0,'2012-01-31'),(1249,'g',0,'2012-01-27'),(1454,'g',0,'2011-10-17'),(1239,'g',0,'2012-02-13'),(1380,'g',0,'2012-02-13'),(1240,'g',0,'2012-01-09'),(1231,'g',0,'2012-01-09'),(1334,'g',0,'2012-02-28'),(1235,'g',0,'2012-01-09'),(461,'g',0,'2011-10-17'),(343,'g',0,'2012-02-13'),(349,'g',0,'2012-02-15'),(443,'g',0,'2011-10-17'),(490,'g',0,'2011-10-17'),(346,'g',0,'2012-02-28'),(287,'g',0,'2012-02-13'),(218,'g',0,'2011-10-17'),(383,'g',0,'2011-10-17'),(444,'g',0,'2011-10-17'),(1104,'g',0,'2011-10-17'),(351,'g',0,'2012-03-06'),(1100,'g',0,'2011-10-17'),(268,'g',0,'2011-10-17'),(437,'g',0,'2011-10-17'),(419,'g',0,'2011-10-17'),(449,'g',0,'2011-10-17'),(223,'g',0,'2012-02-13'),(458,'g',0,'2011-10-17'),(301,'g',0,'2012-02-13'),(1102,'g',0,'2011-10-17'),(1099,'g',0,'2011-10-17'),(252,'g',0,'2011-10-17'),(341,'g',0,'2012-01-31'),(387,'g',0,'2012-01-20'),(348,'g',0,'2012-01-31'),(1133,'g',0,'2012-02-08'),(1472,'g',0,'2012-01-06'),(326,'g',0,'2012-02-13'),(1233,'g',0,'2012-02-28'),(1377,'g',0,'2012-01-28'),(1151,'g',0,'2011-12-16'),(1504,'g',0,'2012-01-28'),(397,'g',0,'2011-11-22'),(1228,'g',0,'2012-01-20'),(1490,'g',0,'2012-02-13'),(1445,'g',0,'2011-11-22'),(1411,'g',0,'2012-02-16'),(100,'g',0,'2011-12-05'),(113,'g',0,'2011-12-05'),(139,'g',0,'2011-10-20'),(158,'g',0,'2012-01-04'),(179,'g',0,'2012-01-03'),(164,'g',0,'2012-01-31'),(191,'g',0,'2012-01-31'),(189,'g',0,'2012-02-23'),(282,'g',0,'2012-01-31'),(1327,'g',0,'2012-02-13'),(409,'g',0,'2011-11-21'),(428,'g',0,'2011-11-21'),(390,'g',0,'2012-01-05'),(1206,'g',0,'2012-02-13'),(401,'g',0,'2011-11-21'),(1173,'g',0,'2011-10-20'),(1209,'g',0,'2012-02-13'),(1503,'g',0,'2012-02-13'),(1354,'g',0,'2011-11-22'),(1508,'g',0,'2012-02-15'),(396,'g',0,'2011-11-21'),(1360,'g',0,'2012-02-13'),(1479,'g',0,'2012-02-16'),(327,'g',0,'2012-02-09'),(1507,'g',0,'2012-02-16'),(1437,'g',0,'2012-02-16'),(403,'g',0,'2011-11-21'),(1241,'g',0,'2012-02-13'),(206,'g',0,'2012-02-09'),(1302,'g',0,'2011-10-20'),(269,'g',0,'2012-02-09'),(408,'g',0,'2011-11-21'),(1184,'g',0,'2012-02-09'),(200,'g',0,'2012-02-09'),(398,'g',0,'2011-11-21'),(1428,'g',0,'2012-02-13'),(1381,'g',0,'2012-02-13'),(1290,'g',0,'2012-02-15'),(1260,'g',0,'2012-01-31'),(1312,'g',0,'2012-02-15'),(1342,'g',0,'2012-01-09'),(567,'g',0,'2011-10-21'),(1513,'g',0,'2011-10-21'),(210,'g',0,'2012-01-27'),(332,'g',0,'2012-01-27'),(284,'g',0,'2012-01-22'),(303,'g',0,'2012-01-27'),(199,'g',0,'2012-01-24'),(322,'g',0,'2012-01-18'),(1356,'g',0,'2011-10-21'),(1339,'g',0,'2011-10-21'),(1367,'g',0,'2011-10-21'),(1310,'g',0,'2012-02-17'),(1365,'g',0,'2011-10-21'),(1368,'g',0,'2011-10-21'),(1363,'g',0,'2011-10-21'),(1329,'g',0,'2011-10-21'),(1340,'g',0,'2011-10-21'),(1366,'g',0,'2011-10-21'),(1398,'g',0,'2011-10-22'),(1440,'g',0,'2011-12-23'),(1317,'g',0,'2012-01-04'),(1438,'g',0,'2012-01-16'),(1397,'g',0,'2012-02-16'),(477,'g',0,'2011-10-23'),(1107,'g',0,'2011-10-23'),(1110,'g',0,'2011-10-23'),(1090,'g',0,'2012-02-13'),(1196,'g',0,'2011-10-23'),(1202,'g',0,'2012-02-08'),(1220,'g',0,'2012-02-08'),(1276,'g',0,'2012-02-08'),(542,'g',0,'2011-12-16'),(385,'g',0,'2011-10-23'),(1179,'g',0,'2011-10-23'),(1175,'g',0,'2011-10-23'),(1114,'g',0,'2011-12-16'),(306,'g',0,'2012-02-13'),(1163,'g',0,'2011-10-23'),(535,'g',0,'2011-12-16'),(1108,'g',0,'2012-02-13'),(456,'g',0,'2011-11-29'),(328,'g',0,'2012-02-13'),(338,'g',0,'2012-02-28'),(412,'g',0,'2011-11-29'),(134,'g',0,'2011-10-24'),(289,'g',0,'2012-02-13'),(141,'g',0,'2012-01-31'),(151,'g',0,'2012-01-31'),(104,'g',0,'2011-10-24'),(98,'g',0,'2011-10-24'),(149,'g',0,'2011-10-24'),(175,'g',0,'2012-01-31'),(320,'g',0,'2012-02-13'),(1301,'g',0,'2011-10-24'),(147,'g',0,'2012-01-31'),(143,'g',0,'2012-01-31'),(384,'g',0,'2012-02-13'),(420,'g',0,'2011-10-26'),(423,'g',0,'2011-10-26'),(446,'g',0,'2011-10-26'),(389,'g',0,'2012-02-16'),(2160,'g',0,'2011-12-01'),(2161,'g',0,'2011-10-26'),(2158,'g',0,'2011-10-26'),(2159,'g',0,'2011-12-01'),(2188,'g',0,'2011-10-26'),(298,'g',0,'2012-02-17'),(2182,'g',0,'2011-10-26'),(2190,'g',0,'2011-12-10'),(2108,'g',0,'2011-10-26'),(2183,'g',0,'2011-10-26'),(2110,'g',0,'2011-10-26'),(2186,'g',0,'2011-12-05'),(2114,'g',0,'2011-10-26'),(2067,'g',0,'2011-10-26'),(2191,'g',0,'2011-10-26'),(2112,'g',0,'2011-10-26'),(2109,'g',0,'2011-10-26'),(2069,'g',0,'2011-10-26'),(2116,'g',0,'2011-10-26'),(2106,'g',0,'2011-10-26'),(2187,'g',0,'2011-10-26'),(2115,'g',0,'2011-10-26'),(2185,'g',0,'2011-12-05'),(2111,'g',0,'2011-10-26'),(1741,'g',0,'2011-10-26'),(2066,'g',0,'2011-10-26'),(2113,'g',0,'2011-10-26'),(2184,'g',0,'2011-10-26'),(2068,'g',0,'2011-10-26'),(1740,'g',0,'2011-10-26'),(224,'g',0,'2012-01-31'),(225,'g',0,'2012-01-31'),(221,'g',0,'2012-01-31'),(2189,'g',0,'2011-10-26'),(2121,'g',0,'2011-10-26'),(2198,'g',0,'2011-10-26'),(2199,'g',0,'2011-10-26'),(1756,'g',0,'2011-10-26'),(2120,'g',0,'2011-10-26'),(2202,'g',0,'2011-10-26'),(2118,'g',0,'2011-10-26'),(2117,'g',0,'2011-10-26'),(2197,'g',0,'2011-10-26'),(2194,'g',0,'2011-10-26'),(2192,'g',0,'2011-10-26'),(2195,'g',0,'2011-10-26'),(2193,'g',0,'2011-12-05'),(2200,'g',0,'2011-10-26'),(2119,'g',0,'2011-10-26'),(1742,'g',0,'2011-10-26'),(2196,'g',0,'2011-10-26'),(1780,'g',0,'2011-10-27'),(2181,'g',0,'2011-12-05'),(2059,'g',0,'2011-10-27'),(1859,'g',0,'2011-10-27'),(1822,'g',0,'2011-10-27'),(1763,'g',0,'2011-10-27'),(1783,'g',0,'2011-10-27'),(1784,'g',0,'2011-10-27'),(2177,'g',0,'2011-10-27'),(2050,'g',0,'2011-10-27'),(1748,'g',0,'2011-10-27'),(2085,'g',0,'2011-10-27'),(945,'g',0,'2011-10-27'),(931,'g',0,'2011-10-27'),(926,'g',0,'2011-10-27'),(652,'g',0,'2011-10-27'),(507,'g',0,'2011-10-27'),(1309,'g',0,'2012-02-09'),(2218,'g',0,'2011-12-05'),(2170,'g',0,'2011-12-10'),(2171,'g',0,'2011-12-10'),(2135,'g',0,'2011-12-10'),(2167,'g',0,'2011-12-10'),(2207,'g',0,'2011-12-10'),(2166,'g',0,'2011-12-10'),(2172,'g',0,'2011-12-10'),(2168,'g',0,'2011-12-10'),(2169,'g',0,'2011-12-10'),(2224,'g',0,'2011-10-27'),(2051,'g',0,'2011-10-27'),(2087,'g',0,'2011-10-27'),(1959,'g',0,'2011-10-27'),(2096,'g',0,'2011-10-27'),(1778,'g',0,'2011-10-27'),(2214,'g',0,'2011-10-27'),(2220,'g',0,'2011-10-27'),(2236,'g',0,'2011-10-27'),(2237,'g',0,'2011-10-27'),(1767,'g',0,'2011-10-27'),(2212,'g',0,'2011-12-05'),(2215,'g',0,'2011-12-05'),(1789,'g',0,'2011-12-05'),(2180,'g',0,'2011-12-05'),(2092,'g',0,'2011-10-28'),(2127,'g',0,'2011-10-28'),(2134,'g',0,'2011-10-28'),(2243,'g',0,'2011-10-28'),(2250,'g',0,'2011-10-28'),(2089,'g',0,'2011-10-28'),(2226,'g',0,'2011-10-28'),(1691,'g',0,'2011-10-28'),(1973,'g',0,'2011-10-28'),(1648,'g',0,'2011-10-28'),(2132,'g',0,'2011-10-28'),(1690,'g',0,'2011-10-28'),(1995,'g',0,'2011-10-28'),(1728,'g',0,'2011-10-28'),(1668,'g',0,'2011-10-28'),(1962,'g',0,'2011-10-28'),(2099,'g',0,'2011-10-28'),(1617,'g',0,'2011-10-28'),(2248,'g',0,'2011-10-28'),(1938,'g',0,'2011-12-01'),(2143,'g',0,'2011-11-27'),(2164,'g',0,'2011-10-28'),(1953,'g',0,'2011-10-28'),(2090,'g',0,'2011-10-28'),(1924,'g',0,'2011-12-15'),(1649,'g',0,'2011-10-28'),(1542,'g',0,'2011-10-28'),(1603,'g',0,'2011-10-28'),(1596,'g',0,'2011-10-28'),(2144,'g',0,'2011-11-27'),(2145,'g',0,'2011-11-27'),(2165,'g',0,'2011-11-27'),(2023,'g',0,'2011-12-01'),(2234,'g',0,'2011-12-06'),(1624,'g',0,'2011-12-01'),(2142,'g',0,'2011-12-06'),(2148,'g',0,'2011-12-06'),(1781,'g',0,'2011-10-29'),(2241,'g',0,'2011-12-06'),(2175,'g',0,'2011-10-29'),(1750,'g',0,'2011-12-01'),(2022,'g',0,'2011-12-01'),(2141,'g',0,'2011-12-06'),(1786,'g',0,'2011-12-01'),(2097,'g',0,'2011-10-29'),(1752,'g',0,'2011-12-01'),(2239,'g',0,'2011-12-06'),(1788,'g',0,'2011-12-01'),(1760,'g',0,'2011-10-29'),(2216,'g',0,'2011-10-29'),(1862,'g',0,'2011-10-29'),(1889,'g',0,'2011-10-29'),(2079,'g',0,'2011-10-29'),(1765,'g',0,'2011-10-29'),(2013,'g',0,'2011-10-29'),(2150,'g',0,'2011-10-29'),(1732,'g',0,'2011-10-29'),(2223,'g',0,'2011-10-30'),(1896,'g',0,'2011-10-30'),(2086,'g',0,'2011-10-30'),(1876,'g',0,'2011-10-30'),(2232,'g',0,'2011-11-30'),(2233,'g',0,'2011-10-31'),(2235,'g',0,'2011-12-05'),(2245,'g',0,'2011-10-31'),(2244,'g',0,'2011-10-31'),(2249,'g',0,'2011-10-31'),(2246,'g',0,'2011-10-31'),(2242,'g',0,'2011-11-30'),(2247,'g',0,'2011-12-05'),(1779,'g',0,'2011-11-01'),(2091,'g',0,'2011-11-01'),(2157,'g',0,'2011-11-01'),(1746,'g',0,'2011-11-01'),(1772,'g',0,'2011-11-01'),(1771,'g',0,'2011-11-01'),(1770,'g',0,'2011-11-01'),(1773,'g',0,'2011-11-01'),(1774,'g',0,'2011-11-01'),(2154,'g',0,'2011-11-02'),(2221,'g',0,'2011-11-02'),(2229,'g',0,'2011-11-02'),(2131,'g',0,'2011-12-05'),(2227,'g',0,'2011-11-02'),(2217,'g',0,'2011-11-02'),(2179,'g',0,'2011-12-05'),(2238,'g',0,'2011-12-05'),(2228,'g',0,'2011-11-02'),(2231,'g',0,'2011-11-02'),(2230,'g',0,'2011-11-02'),(2155,'g',0,'2011-12-05'),(2137,'g',0,'2011-12-05'),(1642,'g',0,'2011-11-02'),(1685,'g',0,'2011-11-02'),(1754,'g',0,'2011-11-02'),(2225,'g',0,'2011-11-02'),(1970,'g',0,'2011-11-02'),(2156,'g',0,'2011-11-02'),(2163,'g',0,'2011-11-02'),(2219,'g',0,'2011-11-02'),(2093,'g',0,'2011-11-02'),(2103,'g',0,'2011-11-02'),(1790,'g',0,'2011-11-02'),(2240,'g',0,'2011-11-02'),(1625,'g',0,'2011-11-02'),(1655,'g',0,'2011-11-02'),(2107,'g',0,'2011-11-02'),(1631,'g',0,'2011-11-02'),(2162,'g',0,'2011-11-02'),(1956,'g',0,'2011-12-16'),(2174,'g',0,'2011-11-02'),(2149,'g',0,'2011-11-02'),(2151,'g',0,'2011-11-02'),(2222,'g',0,'2011-11-02'),(2173,'g',0,'2011-11-02'),(202,'g',0,'2012-01-31'),(1764,'g',0,'2011-11-02'),(1762,'g',0,'2011-11-02'),(3118,'g',0,'2011-12-16'),(2035,'g',0,'2011-11-04'),(2034,'g',0,'2011-11-04'),(2104,'g',0,'2011-11-04'),(2102,'g',0,'2011-11-04'),(2032,'g',0,'2011-11-04'),(2100,'g',0,'2011-11-04'),(2101,'g',0,'2011-11-04'),(2098,'g',0,'2011-11-04'),(2105,'g',0,'2011-11-04'),(2203,'g',0,'2011-11-04'),(2213,'g',0,'2011-11-04'),(2201,'g',0,'2011-11-04'),(2088,'g',0,'2011-11-04'),(2095,'g',0,'2011-11-04'),(2094,'g',0,'2011-11-04'),(2211,'g',0,'2011-11-04'),(2208,'g',0,'2011-11-04'),(2206,'g',0,'2011-11-04'),(2204,'g',0,'2011-11-04'),(2210,'g',0,'2011-11-05'),(2058,'g',0,'2011-11-05'),(2047,'g',0,'2011-11-05'),(2209,'g',0,'2011-11-05'),(2078,'g',0,'2011-11-05'),(2077,'g',0,'2011-11-05'),(2081,'g',0,'2011-11-05'),(2082,'g',0,'2011-11-05'),(2083,'g',0,'2011-11-05'),(2084,'g',0,'2011-11-05'),(2080,'g',0,'2011-11-05'),(2205,'g',0,'2011-11-05'),(278,'g',0,'2012-02-13'),(1751,'g',0,'2011-11-05'),(1749,'g',0,'2011-11-05'),(2072,'g',0,'2011-11-05'),(2071,'g',0,'2011-11-05'),(2073,'g',0,'2011-11-05'),(2027,'g',0,'2011-11-06'),(1960,'g',0,'2011-11-06'),(2038,'g',0,'2011-11-06'),(2053,'g',0,'2011-11-06'),(1735,'g',0,'2011-11-06'),(2070,'g',0,'2011-11-06'),(1768,'g',0,'2011-11-06'),(344,'g',0,'2012-02-23'),(1766,'g',0,'2011-11-06'),(1776,'g',0,'2011-11-07'),(2136,'g',0,'2011-11-07'),(1737,'g',0,'2011-11-07'),(2061,'g',0,'2011-11-07'),(2057,'g',0,'2011-11-07'),(359,'g',0,'2012-01-27'),(356,'g',0,'2012-02-28'),(357,'g',0,'2012-01-27'),(358,'g',0,'2012-01-27'),(360,'g',0,'2012-01-27'),(2054,'g',0,'2011-11-07'),(2056,'g',0,'2011-11-07'),(2055,'g',0,'2011-11-07'),(1885,'g',0,'2011-11-09'),(2043,'g',0,'2011-11-10'),(1971,'g',0,'2011-11-10'),(1891,'g',0,'2011-11-10'),(1644,'g',0,'2011-11-10'),(1860,'g',0,'2011-11-10'),(1888,'g',0,'2011-11-10'),(2044,'g',0,'2011-11-10'),(1687,'g',0,'2011-11-10'),(1866,'g',0,'2011-11-10'),(2835,'g',0,'2011-11-10'),(2842,'g',0,'2011-11-10'),(2824,'g',0,'2011-11-10'),(2838,'g',0,'2011-11-11'),(2830,'g',0,'2011-11-11'),(2828,'g',0,'2011-11-11'),(2834,'g',0,'2011-11-11'),(2823,'g',0,'2011-11-11'),(2820,'g',0,'2011-11-11'),(2839,'g',0,'2011-11-11'),(2276,'g',0,'2011-11-14'),(2275,'g',0,'2011-11-14'),(1562,'g',0,'2011-11-14'),(3182,'g',0,'2011-11-17'),(3172,'g',0,'2011-11-17'),(434,'g',0,'2011-11-21'),(495,'g',0,'2011-11-21'),(418,'g',0,'2011-11-21'),(415,'g',0,'2011-11-21'),(522,'g',0,'2011-11-21'),(512,'g',0,'2012-02-28'),(1572,'g',0,'2011-11-21'),(1734,'g',0,'2011-11-21'),(1636,'g',0,'2011-11-21'),(1565,'g',0,'2011-11-21'),(2012,'g',0,'2011-11-21'),(1678,'g',0,'2011-11-21'),(2036,'g',0,'2011-11-21'),(2014,'g',0,'2011-11-21'),(2037,'g',0,'2011-11-21'),(1731,'g',0,'2011-11-21'),(1967,'g',0,'2011-11-21'),(1990,'g',0,'2011-11-21'),(1997,'g',0,'2011-11-21'),(429,'g',0,'2011-11-21'),(1722,'g',0,'2011-11-21'),(1733,'g',0,'2011-11-21'),(424,'g',0,'2011-11-21'),(2046,'g',0,'2011-11-21'),(1712,'g',0,'2011-11-22'),(1999,'g',0,'2011-11-22'),(1965,'g',0,'2011-11-22'),(1710,'g',0,'2011-11-22'),(2045,'g',0,'2011-11-22'),(1984,'g',0,'2011-11-22'),(1983,'g',0,'2011-11-22'),(1969,'g',0,'2011-11-22'),(2049,'g',0,'2011-11-22'),(2075,'g',0,'2011-11-22'),(2048,'g',0,'2011-11-22'),(1499,'g',0,'2011-11-22'),(2899,'g',0,'2011-11-24'),(2870,'g',0,'2011-11-24'),(2906,'g',0,'2011-11-24'),(2898,'g',0,'2011-11-24'),(2888,'g',0,'2011-11-24'),(2864,'g',0,'2011-11-24'),(2889,'g',0,'2011-11-24'),(2897,'g',0,'2011-11-24'),(2893,'g',0,'2011-11-24'),(2892,'g',0,'2011-11-24'),(368,'g',0,'2012-01-02'),(366,'g',0,'2012-01-02'),(372,'g',0,'2012-01-02'),(370,'g',0,'2012-01-02'),(364,'g',0,'2012-03-03'),(371,'g',0,'2012-01-02'),(363,'g',0,'2012-01-02'),(373,'g',0,'2012-01-02'),(362,'g',0,'2012-01-02'),(365,'g',0,'2012-01-02'),(469,'g',0,'2011-11-26'),(778,'g',0,'2011-11-26'),(367,'g',0,'2012-01-02'),(361,'g',0,'2012-01-02'),(375,'g',0,'2012-01-02'),(374,'g',0,'2012-01-02'),(1523,'g',0,'2011-11-26'),(2011,'g',0,'2011-11-26'),(1152,'g',0,'2011-11-26'),(1118,'g',0,'2012-02-29'),(1753,'g',0,'2011-11-26'),(1215,'g',0,'2012-03-03'),(1121,'g',0,'2012-03-06'),(1170,'g',0,'2011-11-26'),(1146,'g',0,'2011-11-26'),(1165,'g',0,'2011-11-26'),(1745,'g',0,'2011-11-26'),(1197,'g',0,'2011-11-26'),(2028,'g',0,'2011-11-26'),(1199,'g',0,'2011-11-26'),(1234,'g',0,'2011-11-26'),(1106,'g',0,'2011-11-26'),(1124,'g',0,'2012-01-02'),(1122,'g',0,'2011-11-26'),(376,'g',0,'2012-01-02'),(369,'g',0,'2012-01-02'),(1144,'g',0,'2011-11-26'),(1229,'g',0,'2012-01-02'),(1135,'g',0,'2011-11-26'),(1533,'g',0,'2011-11-26'),(2140,'g',0,'2011-11-26'),(1795,'g',0,'2011-11-26'),(2125,'g',0,'2011-11-26'),(1198,'g',0,'2011-11-26'),(1568,'g',0,'2011-11-26'),(1761,'g',0,'2011-11-26'),(2006,'g',0,'2011-11-26'),(2123,'g',0,'2011-11-26'),(2007,'g',0,'2011-11-26'),(1227,'g',0,'2011-11-26'),(1116,'g',0,'2011-11-26'),(1286,'g',0,'2012-01-02'),(1181,'g',0,'2011-11-26'),(1589,'g',0,'2011-11-26'),(1216,'g',0,'2012-01-02'),(1755,'g',0,'2011-11-26'),(1190,'g',0,'2011-11-26'),(1747,'g',0,'2011-11-26'),(2005,'g',0,'2011-11-26'),(1584,'g',0,'2011-11-26'),(1139,'g',0,'2011-11-26'),(1103,'g',0,'2011-11-26'),(2008,'g',0,'2011-11-26'),(1128,'g',0,'2011-11-26'),(1915,'g',0,'2011-11-26'),(1140,'g',0,'2011-11-26'),(1905,'g',0,'2011-11-26'),(1115,'g',0,'2012-01-02'),(1357,'g',0,'2012-01-02'),(1109,'g',0,'2011-11-26'),(3135,'g',0,'2011-11-27'),(3136,'g',0,'2011-11-27'),(3177,'g',0,'2011-11-27'),(3186,'g',0,'2011-11-27'),(3132,'g',0,'2011-11-27'),(3181,'g',0,'2011-11-27'),(3169,'g',0,'2011-11-27'),(3130,'g',0,'2011-11-27'),(1848,'g',0,'2011-11-29'),(1845,'g',0,'2011-11-29'),(1743,'g',0,'2011-11-29'),(1842,'g',0,'2011-11-29'),(1846,'g',0,'2011-11-29'),(1838,'g',0,'2011-11-29'),(2065,'g',0,'2011-11-29'),(1834,'g',0,'2011-11-29'),(2064,'g',0,'2011-11-29'),(1832,'g',0,'2011-11-29'),(1836,'g',0,'2011-11-29'),(1830,'g',0,'2011-11-29'),(1840,'g',0,'2011-11-29'),(2052,'g',0,'2011-11-29'),(1738,'g',0,'2011-11-29'),(1736,'g',0,'2011-11-29'),(2039,'g',0,'2011-11-29'),(2062,'g',0,'2011-11-29'),(2063,'g',0,'2011-11-29'),(2041,'g',0,'2011-11-29'),(2471,'g',0,'2011-12-06'),(2724,'g',0,'2012-02-28'),(2666,'g',0,'2011-12-06'),(2748,'g',0,'2011-12-06'),(2786,'g',0,'2011-12-06'),(2745,'g',0,'2011-12-06'),(2503,'g',0,'2011-12-06'),(2540,'g',0,'2011-12-06'),(3388,'g',0,'2011-12-06'),(1230,'g',0,'2012-02-13'),(1232,'g',0,'2011-12-07'),(1226,'g',0,'2012-02-16'),(3273,'g',0,'2011-12-07'),(3286,'g',0,'2011-12-07'),(3347,'g',0,'2011-12-07'),(541,'g',0,'2011-12-09'),(1913,'g',0,'2011-12-12'),(3116,'g',0,'2011-12-12'),(1939,'g',0,'2011-12-12'),(2946,'g',0,'2011-12-13'),(2840,'g',0,'2011-12-13'),(2575,'g',0,'2011-12-13'),(1477,'g',0,'2011-12-13'),(2952,'g',0,'2011-12-13'),(1446,'g',0,'2011-12-13'),(2875,'g',0,'2011-12-13'),(2459,'g',0,'2011-12-13'),(2465,'g',0,'2011-12-13'),(1511,'g',0,'2011-12-13'),(1972,'g',0,'2011-12-13'),(1912,'g',0,'2011-12-13'),(1968,'g',0,'2011-12-13'),(193,'g',0,'2011-12-13'),(1918,'g',0,'2011-12-13'),(1975,'g',0,'2011-12-13'),(1974,'g',0,'2011-12-13'),(1964,'g',0,'2011-12-13'),(2730,'g',0,'2011-12-13'),(1966,'g',0,'2011-12-14'),(3424,'g',0,'2011-12-14'),(3438,'g',0,'2011-12-14'),(333,'g',0,'2012-01-31'),(335,'g',0,'2012-01-31'),(2744,'g',0,'2011-12-14'),(2738,'g',0,'2011-12-14'),(2538,'g',0,'2011-12-14'),(1201,'g',0,'2011-12-15'),(2904,'g',0,'2011-12-15'),(1487,'g',0,'2012-02-28'),(1457,'g',0,'2012-02-08'),(1296,'g',0,'2011-12-15'),(1383,'g',0,'2012-02-08'),(1449,'g',0,'2012-01-16'),(1305,'g',0,'2012-01-16'),(1392,'g',0,'2012-02-20'),(1373,'g',0,'2011-12-15'),(1405,'g',0,'2011-12-15'),(1419,'g',0,'2011-12-15'),(1471,'g',0,'2011-12-15'),(2664,'g',0,'2011-12-15'),(1343,'g',0,'2011-12-15'),(1217,'g',0,'2012-02-16'),(1271,'g',0,'2011-12-15'),(1262,'g',0,'2012-02-17'),(3086,'g',0,'2012-01-16'),(2826,'g',0,'2011-12-15'),(2678,'g',0,'2011-12-15'),(1370,'g',0,'2011-12-15'),(1416,'g',0,'2012-02-16'),(2846,'g',0,'2011-12-15'),(1332,'g',0,'2012-02-13'),(2751,'g',0,'2011-12-15'),(1281,'g',0,'2011-12-15'),(3064,'g',0,'2011-12-15'),(1349,'g',0,'2012-02-13'),(1336,'g',0,'2011-12-15'),(1204,'g',0,'2012-01-31'),(1138,'g',0,'2011-12-15'),(1167,'g',0,'2011-12-15'),(2832,'g',0,'2011-12-15'),(1385,'g',0,'2011-12-15'),(1491,'g',0,'2011-12-16'),(1321,'g',0,'2012-02-28'),(1245,'g',0,'2011-12-16'),(1274,'g',0,'2012-02-28'),(3117,'g',0,'2011-12-16'),(2934,'g',0,'2011-12-16'),(1162,'g',0,'2011-12-16'),(2551,'g',0,'2011-12-16'),(1551,'g',0,'2012-01-31'),(1131,'g',0,'2011-12-16'),(1455,'g',0,'2011-12-16'),(1492,'g',0,'2011-12-16'),(2341,'g',0,'2011-12-16'),(1442,'g',0,'2012-02-16'),(2524,'g',0,'2011-12-16'),(1389,'g',0,'2012-02-16'),(2671,'g',0,'2011-12-16'),(1431,'g',0,'2011-12-16'),(1247,'g',0,'2011-12-16'),(1282,'g',0,'2011-12-16'),(2965,'g',0,'2011-12-16'),(1331,'g',0,'2012-01-16'),(1901,'g',0,'2011-12-16'),(1189,'g',0,'2012-02-16'),(1927,'g',0,'2011-12-16'),(1453,'g',0,'2011-12-16'),(1473,'g',0,'2011-12-16'),(1192,'g',0,'2011-12-16'),(2441,'g',0,'2011-12-16'),(2492,'g',0,'2011-12-16'),(2437,'g',0,'2011-12-16'),(1200,'g',0,'2011-12-16'),(3040,'g',0,'2011-12-16'),(1494,'g',0,'2012-02-13'),(1922,'g',0,'2011-12-16'),(1929,'g',0,'2011-12-16'),(1466,'g',0,'2012-02-16'),(2837,'g',0,'2011-12-16'),(1382,'g',0,'2012-02-08'),(1386,'g',0,'2011-12-16'),(1243,'g',0,'2012-01-16'),(1467,'g',0,'2011-12-16'),(1161,'g',0,'2012-02-13'),(1355,'g',0,'2011-12-16'),(1223,'g',0,'2012-01-31'),(1914,'g',0,'2011-12-16'),(1387,'g',0,'2012-02-28'),(1341,'g',0,'2012-02-28'),(1338,'g',0,'2012-02-28'),(1225,'g',0,'2012-02-17'),(1483,'g',0,'2011-12-16'),(2703,'g',0,'2011-12-16'),(1495,'g',0,'2012-02-13'),(3192,'g',0,'2011-12-16'),(3289,'g',0,'2011-12-16'),(3344,'g',0,'2011-12-16'),(3370,'g',0,'2011-12-16'),(3365,'g',0,'2011-12-16'),(3269,'g',0,'2011-12-16'),(3359,'g',0,'2011-12-16'),(3200,'g',0,'2012-02-08'),(3272,'g',0,'2011-12-16'),(1427,'g',0,'2012-02-28'),(3374,'g',0,'2011-12-16'),(1344,'g',0,'2011-12-16'),(1288,'g',0,'2011-12-16'),(1409,'g',0,'2011-12-16'),(2927,'g',0,'2011-12-16'),(1353,'g',0,'2011-12-16'),(2443,'g',0,'2011-12-16'),(1350,'g',0,'2011-12-16'),(3371,'g',0,'2011-12-16'),(2499,'g',0,'2011-12-16'),(1480,'g',0,'2011-12-16'),(1470,'g',0,'2011-12-16'),(1414,'g',0,'2011-12-16'),(1484,'g',0,'2011-12-16'),(2434,'g',0,'2011-12-16'),(3055,'g',0,'2011-12-16'),(2940,'g',0,'2011-12-16'),(2909,'g',0,'2011-12-16'),(3299,'g',0,'2011-12-16'),(3353,'g',0,'2011-12-16'),(3366,'g',0,'2011-12-16'),(3352,'g',0,'2011-12-16'),(3211,'g',0,'2011-12-16'),(3210,'g',0,'2011-12-16'),(3205,'g',0,'2011-12-16'),(3204,'g',0,'2011-12-16'),(3195,'g',0,'2011-12-16'),(3206,'g',0,'2011-12-16'),(3207,'g',0,'2011-12-16'),(3209,'g',0,'2011-12-16'),(3263,'g',0,'2011-12-16'),(3290,'g',0,'2011-12-16'),(3227,'g',0,'2011-12-16'),(3232,'g',0,'2011-12-16'),(3281,'g',0,'2011-12-16'),(3229,'g',0,'2011-12-16'),(3313,'g',0,'2011-12-16'),(1509,'g',0,'2012-02-28'),(2774,'g',0,'2011-12-16'),(1436,'g',0,'2011-12-16'),(1352,'g',0,'2011-12-16'),(1303,'g',0,'2011-12-16'),(1371,'g',0,'2011-12-17'),(1493,'g',0,'2012-01-16'),(1268,'g',0,'2012-01-16'),(1219,'g',0,'2011-12-17'),(2845,'g',0,'2011-12-17'),(3089,'g',0,'2011-12-17'),(1439,'g',0,'2011-12-17'),(1221,'g',0,'2012-01-31'),(1911,'g',0,'2011-12-17'),(1925,'g',0,'2011-12-17'),(1460,'g',0,'2011-12-17'),(1426,'g',0,'2012-02-16'),(3093,'g',0,'2011-12-17'),(3277,'g',0,'2011-12-17'),(3266,'g',0,'2011-12-17'),(3271,'g',0,'2011-12-17'),(3208,'g',0,'2011-12-17'),(3228,'g',0,'2011-12-17'),(3320,'g',0,'2011-12-17'),(3288,'g',0,'2011-12-17'),(3265,'g',0,'2011-12-17'),(3262,'g',0,'2011-12-17'),(3322,'g',0,'2012-02-16'),(3376,'g',0,'2011-12-18'),(3122,'g',0,'2011-12-19'),(3375,'g',0,'2011-12-19'),(3123,'g',0,'2011-12-19'),(3080,'g',0,'2011-12-19'),(3251,'g',0,'2012-02-13'),(3243,'g',0,'2012-02-13'),(3234,'g',0,'2011-12-20'),(340,'g',0,'2012-01-31'),(1351,'g',0,'2012-01-27'),(1399,'g',0,'2012-01-27'),(1450,'g',0,'2012-01-27'),(1417,'g',0,'2012-01-27'),(1459,'g',0,'2012-01-27'),(1510,'g',0,'2012-01-27'),(1474,'g',0,'2012-01-27'),(1463,'g',0,'2012-01-27'),(2609,'g',0,'2012-01-27'),(2450,'g',0,'2012-01-27'),(1315,'g',0,'2011-12-21'),(1311,'g',0,'2011-12-21'),(1205,'g',0,'2012-02-16'),(1207,'g',0,'2012-02-13'),(3774,'g',0,'2011-12-22'),(1441,'g',0,'2011-12-22'),(3307,'g',0,'2011-12-23'),(3450,'g',0,'2012-01-28'),(858,'g',0,'2011-12-24'),(721,'g',0,'2011-12-24'),(823,'g',0,'2011-12-24'),(847,'g',0,'2011-12-24'),(835,'g',0,'2011-12-24'),(764,'g',0,'2011-12-24'),(760,'g',0,'2011-12-24'),(724,'g',0,'2011-12-24'),(747,'g',0,'2011-12-24'),(755,'g',0,'2011-12-24'),(1270,'g',0,'2011-12-24'),(556,'g',0,'2012-02-23'),(1257,'g',0,'2011-12-24'),(392,'g',0,'2012-02-23'),(388,'g',0,'2012-02-23'),(1185,'g',0,'2011-12-24'),(1264,'g',0,'2012-01-31'),(1273,'g',0,'2011-12-24'),(1251,'g',0,'2011-12-24'),(1258,'g',0,'2011-12-24'),(3784,'g',0,'2011-12-24'),(1269,'g',0,'2011-12-24'),(1252,'g',0,'2011-12-24'),(1267,'g',0,'2011-12-24'),(1266,'g',0,'2011-12-24'),(1261,'g',0,'2011-12-24'),(1263,'g',0,'2011-12-24'),(1259,'g',0,'2011-12-24'),(1265,'g',0,'2011-12-24'),(1253,'g',0,'2011-12-24'),(1272,'g',0,'2012-01-31'),(1277,'g',0,'2012-01-31'),(1283,'g',0,'2011-12-24'),(1279,'g',0,'2012-02-09'),(1278,'g',0,'2011-12-24'),(1280,'g',0,'2011-12-24'),(1275,'g',0,'2011-12-24'),(1425,'g',0,'2011-12-25'),(1421,'g',0,'2011-12-25'),(3770,'g',0,'2011-12-25'),(3407,'g',0,'2011-12-25'),(1423,'g',0,'2011-12-25'),(1418,'g',0,'2011-12-25'),(1420,'g',0,'2011-12-25'),(1422,'g',0,'2011-12-25'),(1391,'g',0,'2012-02-09'),(3772,'g',0,'2011-12-25'),(3773,'g',0,'2011-12-25'),(3783,'g',0,'2011-12-25'),(1393,'g',0,'2012-02-09'),(3769,'g',0,'2011-12-25'),(1394,'g',0,'2012-02-09'),(1390,'g',0,'2011-12-25'),(1395,'g',0,'2011-12-25'),(3768,'g',0,'2011-12-25'),(1388,'g',0,'2011-12-25'),(3771,'g',0,'2011-12-25'),(1424,'g',0,'2011-12-25'),(3767,'g',0,'2011-12-25'),(3786,'g',0,'2011-12-25'),(3785,'g',0,'2011-12-25'),(3787,'g',0,'2011-12-25'),(3790,'g',0,'2011-12-25'),(3789,'g',0,'2011-12-25'),(1512,'g',0,'2011-12-25'),(3788,'g',0,'2011-12-25'),(893,'g',0,'2011-12-25'),(902,'g',0,'2011-12-25'),(977,'g',0,'2011-12-25'),(971,'g',0,'2011-12-25'),(874,'g',0,'2011-12-25'),(969,'g',0,'2011-12-25'),(975,'g',0,'2011-12-25'),(981,'g',0,'2011-12-25'),(973,'g',0,'2011-12-25'),(1324,'g',0,'2011-12-26'),(1323,'g',0,'2011-12-26'),(1325,'g',0,'2011-12-26'),(1322,'g',0,'2011-12-26'),(1320,'g',0,'2011-12-26'),(3314,'g',0,'2011-12-26'),(309,'g',0,'2011-12-26'),(1299,'g',0,'2011-12-26'),(1304,'g',0,'2011-12-26'),(311,'g',0,'2011-12-26'),(324,'g',0,'2011-12-26'),(1298,'g',0,'2011-12-26'),(1300,'g',0,'2011-12-26'),(1297,'g',0,'2011-12-26'),(1306,'g',0,'2011-12-26'),(3881,'g',0,'2011-12-27'),(3894,'g',0,'2011-12-27'),(3398,'g',0,'2011-12-27'),(3440,'g',0,'2011-12-27'),(3276,'g',0,'2011-12-27'),(3373,'g',0,'2011-12-27'),(3848,'g',0,'2011-12-27'),(1486,'g',0,'2012-02-28'),(3362,'g',0,'2011-12-27'),(1112,'g',0,'2011-12-28'),(3851,'g',0,'2011-12-28'),(3350,'g',0,'2012-02-06'),(3340,'g',0,'2011-12-28'),(3825,'g',0,'2011-12-28'),(3864,'g',0,'2011-12-28'),(3879,'g',0,'2011-12-28'),(3824,'g',0,'2011-12-28'),(1284,'g',0,'2011-12-28'),(1285,'g',0,'2011-12-28'),(3876,'g',0,'2011-12-29'),(1396,'g',0,'2011-12-29'),(1400,'g',0,'2011-12-29'),(1410,'g',0,'2011-12-29'),(1401,'g',0,'2011-12-29'),(1292,'g',0,'2012-02-09'),(1291,'g',0,'2012-02-09'),(1289,'g',0,'2012-02-09'),(1402,'g',0,'2012-02-06'),(1403,'g',0,'2012-02-06'),(1448,'g',0,'2012-02-06'),(1500,'g',0,'2012-02-06'),(1433,'g',0,'2012-02-06'),(1406,'g',0,'2012-02-09'),(3032,'g',0,'2012-02-06'),(1369,'g',0,'2012-02-06'),(2841,'g',0,'2012-02-06'),(2990,'g',0,'2012-02-06'),(3045,'g',0,'2012-02-06'),(3859,'g',0,'2011-12-29'),(3882,'g',0,'2011-12-29'),(1294,'g',0,'2011-12-29'),(1295,'g',0,'2011-12-29'),(1293,'g',0,'2011-12-29'),(3844,'g',0,'2011-12-29'),(3886,'g',0,'2011-12-29'),(3869,'g',0,'2011-12-29'),(3843,'g',0,'2011-12-29'),(3842,'g',0,'2011-12-29'),(3837,'g',0,'2011-12-29'),(3872,'g',0,'2011-12-29'),(3830,'g',0,'2011-12-29'),(3845,'g',0,'2011-12-29'),(3822,'g',0,'2011-12-29'),(3862,'g',0,'2011-12-29'),(3840,'g',0,'2011-12-29'),(3870,'g',0,'2011-12-29'),(3817,'g',0,'2011-12-29'),(3820,'g',0,'2011-12-29'),(3828,'g',0,'2011-12-29'),(3897,'g',0,'2011-12-30'),(3852,'g',0,'2011-12-30'),(717,'g',0,'2011-12-31'),(668,'g',0,'2011-12-31'),(701,'g',0,'2011-12-31'),(565,'g',0,'2011-12-31'),(713,'g',0,'2011-12-31'),(709,'g',0,'2011-12-31'),(665,'g',0,'2011-12-31'),(705,'g',0,'2011-12-31'),(1326,'g',0,'2011-12-31'),(1376,'g',0,'2011-12-31'),(1308,'g',0,'2011-12-31'),(1333,'g',0,'2011-12-31'),(1313,'g',0,'2011-12-31'),(1328,'g',0,'2011-12-31'),(1379,'g',0,'2011-12-31'),(1330,'g',0,'2011-12-31'),(1307,'g',0,'2011-12-31'),(3860,'g',0,'2011-12-31'),(3893,'g',0,'2011-12-31'),(272,'g',0,'2012-02-13'),(672,'g',0,'2011-12-31'),(1374,'g',0,'2011-12-31'),(988,'g',0,'2011-12-31'),(991,'g',0,'2011-12-31'),(985,'g',0,'2011-12-31'),(3901,'g',0,'2011-12-31'),(3899,'g',0,'2012-02-13'),(1105,'g',0,'2011-12-31'),(3900,'g',0,'2011-12-31'),(1096,'g',0,'2011-12-31'),(1475,'g',0,'2011-12-31'),(1443,'g',0,'2011-12-31'),(1444,'g',0,'2011-12-31'),(1476,'g',0,'2012-02-16'),(1478,'g',0,'2011-12-31'),(1238,'g',0,'2011-12-31'),(1412,'g',0,'2011-12-31'),(1413,'g',0,'2011-12-31'),(1407,'g',0,'2011-12-31'),(3878,'g',0,'2012-01-01'),(3871,'g',0,'2012-01-01'),(3797,'g',0,'2012-01-01'),(3794,'g',0,'2012-01-01'),(3796,'g',0,'2012-01-01'),(3873,'g',0,'2012-01-01'),(3877,'g',0,'2012-01-01'),(3875,'g',0,'2012-01-01'),(3798,'g',0,'2012-01-01'),(3799,'g',0,'2012-01-01'),(3791,'g',0,'2012-01-01'),(3800,'g',0,'2012-01-01'),(3792,'g',0,'2012-01-01'),(3793,'g',0,'2012-01-01'),(1468,'g',0,'2012-01-01'),(3874,'g',0,'2012-01-01'),(3880,'g',0,'2012-01-01'),(3795,'g',0,'2012-01-01'),(1464,'g',0,'2012-01-01'),(1462,'g',0,'2012-01-01'),(1465,'g',0,'2012-01-01'),(3809,'g',0,'2012-01-01'),(3805,'g',0,'2012-01-01'),(3801,'g',0,'2012-01-01'),(3807,'g',0,'2012-01-01'),(3806,'g',0,'2012-01-01'),(3804,'g',0,'2012-01-01'),(3802,'g',0,'2012-01-01'),(3803,'g',0,'2012-01-01'),(3808,'g',0,'2012-01-01'),(3866,'g',0,'2012-01-01'),(3865,'g',0,'2012-02-28'),(3863,'g',0,'2012-01-01'),(3867,'g',0,'2012-01-01'),(3868,'g',0,'2012-01-01'),(3810,'g',0,'2012-01-01'),(3861,'g',0,'2012-01-01'),(3821,'g',0,'2012-01-01'),(3836,'g',0,'2012-01-01'),(3829,'g',0,'2012-01-01'),(3835,'g',0,'2012-01-01'),(3826,'g',0,'2012-01-01'),(3827,'g',0,'2012-01-01'),(3838,'g',0,'2012-01-01'),(3833,'g',0,'2012-01-01'),(3834,'g',0,'2012-01-01'),(3831,'g',0,'2012-01-01'),(3823,'g',0,'2012-01-01'),(3832,'g',0,'2012-01-01'),(3816,'g',0,'2012-01-01'),(3812,'g',0,'2012-01-01'),(3814,'g',0,'2012-01-01'),(3815,'g',0,'2012-01-01'),(3811,'g',0,'2012-01-01'),(3813,'g',0,'2012-01-01'),(3818,'g',0,'2012-01-01'),(3819,'g',0,'2012-01-01'),(3896,'g',0,'2012-01-01'),(1497,'g',0,'2012-02-13'),(1498,'g',0,'2012-02-13'),(1496,'g',0,'2012-02-16'),(3225,'g',0,'2012-02-09'),(3212,'g',0,'2012-02-09'),(3382,'g',0,'2012-02-09'),(3908,'g',0,'2012-01-03'),(3939,'g',0,'2012-01-03'),(3940,'g',0,'2012-01-03'),(3965,'g',0,'2012-01-04'),(3945,'g',0,'2012-01-05'),(3993,'g',0,'2012-01-05'),(4002,'g',0,'2012-01-05'),(3956,'g',0,'2012-01-05'),(3954,'g',0,'2012-01-05'),(3934,'g',0,'2012-01-05'),(3904,'g',0,'2012-01-05'),(3947,'g',0,'2012-01-05'),(3979,'g',0,'2012-01-05'),(3909,'g',0,'2012-01-05'),(3911,'g',0,'2012-01-05'),(3915,'g',0,'2012-01-05'),(3997,'g',0,'2012-01-05'),(3960,'g',0,'2012-01-05'),(3972,'g',0,'2012-01-05'),(3927,'g',0,'2012-01-05'),(1212,'g',0,'2012-01-07'),(560,'g',0,'2012-01-08'),(377,'g',0,'2012-02-23'),(3998,'g',0,'2012-01-08'),(3985,'g',0,'2012-01-08'),(3857,'g',0,'2012-01-08'),(4066,'g',0,'2012-01-10'),(4095,'g',0,'2012-01-10'),(4060,'g',0,'2012-01-11'),(4109,'g',0,'2012-01-12'),(4093,'g',0,'2012-01-12'),(4127,'g',0,'2012-01-12'),(4069,'g',0,'2012-01-14'),(1242,'g',0,'2012-01-15'),(1335,'g',0,'2012-01-16'),(4179,'g',0,'2012-01-17'),(4187,'g',0,'2012-01-18'),(4174,'g',0,'2012-01-18'),(4198,'g',0,'2012-01-18'),(4199,'g',0,'2012-01-18'),(4181,'g',0,'2012-01-18'),(4170,'g',0,'2012-01-18'),(4180,'g',0,'2012-01-18'),(4192,'g',0,'2012-01-18'),(4123,'g',0,'2012-02-28'),(4256,'g',0,'2012-01-22'),(4213,'g',0,'2012-01-22'),(4207,'g',0,'2012-01-22'),(4194,'g',0,'2012-01-22'),(4137,'g',0,'2012-02-28'),(4215,'g',0,'2012-01-22'),(4209,'g',0,'2012-01-22'),(4176,'g',0,'2012-01-23'),(4252,'g',0,'2012-01-23'),(4314,'g',0,'2012-01-27'),(4315,'g',0,'2012-01-27'),(3261,'g',0,'2012-02-28'),(4274,'g',0,'2012-01-27'),(4304,'g',0,'2012-01-27'),(4287,'g',0,'2012-01-27'),(386,'g',0,'2012-01-27'),(295,'g',0,'2012-02-29'),(1347,'g',0,'2012-01-27'),(1346,'g',0,'2012-01-27'),(1345,'g',0,'2012-01-27'),(1372,'g',0,'2012-01-27'),(1248,'g',0,'2012-01-27'),(1213,'g',0,'2012-01-27'),(1208,'g',0,'2012-01-27'),(1203,'g',0,'2012-01-27'),(1211,'g',0,'2012-01-27'),(1250,'g',0,'2012-01-27'),(1482,'g',0,'2012-01-27'),(1488,'g',0,'2012-01-27'),(4311,'g',0,'2012-01-27'),(3907,'g',0,'2012-01-27'),(3297,'g',0,'2012-01-27'),(1359,'g',0,'2012-01-27'),(1348,'g',0,'2012-01-27'),(1358,'g',0,'2012-01-27'),(1364,'g',0,'2012-01-27'),(4335,'g',0,'2012-01-28'),(4337,'g',0,'2012-01-28'),(4276,'g',0,'2012-01-28'),(4251,'g',0,'2012-01-31'),(4363,'g',0,'2012-01-31'),(4244,'g',0,'2012-01-31'),(4391,'g',0,'2012-02-01'),(4455,'g',0,'2012-02-01'),(4406,'g',0,'2012-02-01'),(4373,'g',0,'2012-02-01'),(4434,'g',0,'2012-02-01'),(4457,'g',0,'2012-02-02'),(4372,'g',0,'2012-02-02'),(4436,'g',0,'2012-02-02'),(4462,'g',0,'2012-02-02'),(4465,'g',0,'2012-02-02'),(4468,'g',0,'2012-02-02'),(4442,'g',0,'2012-02-02'),(4471,'g',0,'2012-02-02'),(4383,'g',0,'2012-02-02'),(4401,'g',0,'2012-02-02'),(4447,'g',0,'2012-02-02'),(4469,'g',0,'2012-02-02'),(4439,'g',0,'2012-02-02'),(4466,'g',0,'2012-02-02'),(4429,'g',0,'2012-02-02'),(4463,'g',0,'2012-02-02'),(4356,'g',0,'2012-02-02'),(4420,'g',0,'2012-02-02'),(4425,'g',0,'2012-02-02'),(4348,'g',0,'2012-02-03'),(4547,'g',0,'2012-02-06'),(4549,'g',0,'2012-02-07'),(4553,'g',0,'2012-02-07'),(4607,'g',0,'2012-02-08'),(4603,'g',0,'2012-02-09'),(4615,'g',0,'2012-02-09'),(4600,'g',0,'2012-02-09'),(4610,'g',0,'2012-02-09'),(4557,'g',0,'2012-02-09'),(4562,'g',0,'2012-02-09'),(4541,'g',0,'2012-02-09'),(4556,'g',0,'2012-02-10'),(4612,'g',0,'2012-02-11'),(4538,'g',0,'2012-02-14'),(4554,'g',0,'2012-02-15'),(4644,'g',0,'2012-02-15'),(4637,'g',0,'2012-02-15'),(4646,'g',0,'2012-02-15'),(4636,'g',0,'2012-02-15'),(4643,'g',0,'2012-02-16'),(4647,'g',0,'2012-02-16'),(4652,'g',0,'2012-02-17'),(4645,'g',0,'2012-02-18'),(4635,'g',0,'2012-02-18'),(4651,'g',0,'2012-02-18'),(4649,'g',0,'2012-02-18'),(4640,'g',0,'2012-02-18'),(4641,'g',0,'2012-02-18'),(1489,'g',0,'2012-02-21'),(4661,'g',0,'2012-02-22'),(4662,'g',0,'2012-02-26'),(4657,'g',0,'2012-02-26'),(4544,'g',0,'2012-02-26'),(4659,'g',0,'2012-02-26'),(4655,'g',0,'2012-02-26'),(4658,'g',0,'2012-02-26'),(4660,'g',0,'2012-02-26'),(1485,'g',0,'2012-02-26'),(1452,'g',0,'2012-02-26'),(4663,'g',0,'2012-02-26'),(4656,'g',0,'2012-02-26'),(4654,'g',0,'2012-02-26'),(4653,'g',0,'2012-02-26'),(4665,'g',0,'2012-02-27'),(2588,'g',0,'2012-02-27'),(1451,'g',0,'2012-02-27'),(4552,'g',0,'2012-02-27'),(4688,'g',0,'2012-02-28'),(4677,'g',0,'2012-02-28'),(4678,'g',0,'2012-02-28'),(4675,'g',0,'2012-02-28'),(4685,'g',0,'2012-02-28'),(4683,'g',0,'2012-02-28'),(4676,'g',0,'2012-02-28'),(4555,'g',0,'2012-02-29'),(4673,'g',0,'2012-02-29'),(4700,'g',0,'2012-03-02'),(4682,'g',0,'2012-03-04'),(4696,'g',0,'2012-03-04'),(4695,'g',0,'2012-03-04'),(4697,'g',0,'2012-03-04'),(4672,'g',0,'2012-03-04'),(4693,'g',0,'2012-03-04'),(4674,'g',0,'2012-03-04'),(4692,'g',0,'2012-03-04'),(4680,'g',0,'2012-03-04'),(4691,'g',0,'2012-03-04'),(4690,'g',0,'2012-03-04'),(4681,'g',0,'2012-03-04'),(4720,'g',0,'2012-03-06');

--
-- Table structure for table `idx_paid_listing`
--

CREATE TABLE `idx_paid_listing` (
  `link_id` mediumint(9) unsigned NOT NULL DEFAULT '0',
  `premium` char(1) DEFAULT NULL,
  `sponsored` char(1) DEFAULT NULL,
  `expire` datetime DEFAULT NULL,
  `paid` char(1) DEFAULT NULL,
  PRIMARY KEY (`link_id`)
) ENGINE=MyISAM DEFAULT CHARSET=latin1;

--
-- Dumping data for table `idx_paid_listing`
--


--
-- Table structure for table `idx_payment_gateway`
--

CREATE TABLE `idx_payment_gateway` (
  `payment_gateway_id` int(11) NOT NULL AUTO_INCREMENT,
  `name` varchar(100) DEFAULT NULL,
  `enable` char(1) DEFAULT NULL,
  `setting` text,
  `invoice_html` text,
  PRIMARY KEY (`payment_gateway_id`)
) ENGINE=MyISAM AUTO_INCREMENT=9 DEFAULT CHARSET=latin1;

--
-- Dumping data for table `idx_payment_gateway`
--

INSERT INTO `idx_payment_gateway` VALUES (1,'paypal','1','a:2:{s:13:\"payment_email\";s:0:\"\";s:21:\"enable_paypal_sandbox\";s:1:\"0\";}','<p> \r\n	<a href=\'paynow.php?id={$invoice_id}&m=paypal\'><img src=\'http://www.paypal.com/images/x-click-but02.gif\' border=\'0\' alt=\'Make payments with PayPal - it is fast, free and secure!\' /></a> \r\n</p>\r\n'),(2,'2co','0','a:6:{s:6:\"co_sid\";s:5:\"84932\";s:9:\"co_secret\";s:5:\"tango\";s:12:\"co_recurring\";s:1:\"0\";s:9:\"co_prod_1\";s:6:\"100.00\";s:9:\"co_prod_2\";s:6:\"250.00\";s:9:\"co_prod_3\";s:6:\"400.00\";}','<p>\r\n<a href=\'paynow.php?id={$invoice_id}&m=2co\'><img src=\'http://www.2checkout.com/images/overview/btns/25.jpg\' alt=\'Pay Now with 2checkout...\' border=\'0\' /></a> \r\n</p>'),(3,'authorizenet','0','a:2:{s:21:\"authorizenet_login_id\";s:0:\"\";s:21:\"authorizenet_tran_key\";s:0:\"\";}','<p> \r\n<a href=\'paynow.php?id={$invoice_id}&m=authorizenet\'><img src=\'http://www.authorize.net/upload/images/Images/Header/authorizenet_logo.gif\' alt=\'Pay Now with Authorize.Net...\' width=\'99\' height=\'39\' style=\'{border : 1px solid #c0c0c0;}\' /></a>\r\n</p>'),(4,'egold','0','a:2:{s:19:\"egold_payee_account\";s:0:\"\";s:16:\"egold_payee_name\";s:0:\"\";}','<p> \r\n<a href=\'paynow.php?id={$invoice_id}&m=egold\'>\r\n<img src=\'http://www.e-gold.com/gif/paywith.gif\' border=\'0\' alt=\'Pay Now with e-gold...\' />\r\n</a>\r\n</p>'),(5,'moneybookers','0','a:1:{s:18:\"moneybookers_email\";s:0:\"\";}','<p> \r\n<a href=\'paynow.php?id={$invoice_id}&m=paypal\'><img src=\'http://www.moneybookers.com/images/banners/88_en_mb.gif\' border=\'0\' alt=\'Make payments with Moneybookers - it is fast, free and secure!\' /></a> \r\n</p>'),(6,'paypal-subscriptions','0','a:2:{s:13:\"payment_email\";s:0:\"\";s:21:\"enable_paypal_sandbox\";s:1:\"0\";}','<p> \r\n<a href=\'paynow.php?id={$invoice_id}&m=paypal\'><img src=\'https://www.paypal.com/en_US/i/btn/x-click-but20.gif\' border=\'0\' alt=\'Make payments with PayPal - it is fast, free and secure!\' /></a> \r\n</p>'),(7,'alertpay','0','a:2:{s:14:\"alertpay_email\";s:0:\"\";s:23:\"enable_alertpay_sandbox\";s:1:\"0\";}','<p> \r\n<a href=\'paynow.php?id={$invoice_id}&m=alertpay\'>\r\n<img src=\'https://www.alertpay.com/Images/BuyNow/pay_now_3.gif\' border=\'0\' alt=\'Make payments with PayPal - it is fast, free and secure!\' /></a> \r\n</p>'),(8,'alertpay-subcriptions','0','a:2:{s:14:\"alertpay_email\";s:0:\"\";s:23:\"enable_alertpay_sandbox\";s:1:\"0\";}','<p>\r\n<a href=\'paynow.php?id={$invoice_id}&m=alertpay-subcriptions\'>\r\n<img src=\'https://www.alertpay.com/Images/BuyNow/subscribe_now_15.gif\' border=\'0\' alt=\'Make payments with Alert Pay - it is fast, free and secure!\' /></a> \r\n</p>');

--
-- Table structure for table `idx_payment_history`
--

CREATE TABLE `idx_payment_history` (
  `payment_id` int(10) unsigned NOT NULL AUTO_INCREMENT,
  `contact_name` varchar(255) DEFAULT NULL,
  `email` varchar(255) DEFAULT NULL,
  `type` varchar(255) DEFAULT NULL,
  `detail` text,
  `amount` double DEFAULT NULL,
  `time` datetime DEFAULT NULL,
  `invoice_id` varchar(10) DEFAULT NULL,
  PRIMARY KEY (`payment_id`)
) ENGINE=MyISAM DEFAULT CHARSET=latin1;

--
-- Dumping data for table `idx_payment_history`
--


--
-- Table structure for table `idx_pl_sociable`
--

CREATE TABLE `idx_pl_sociable` (
  `sb_id` int(11) NOT NULL AUTO_INCREMENT,
  `sb_name` varchar(255) CHARACTER SET utf8 DEFAULT NULL,
  `sb_url` varchar(255) CHARACTER SET utf8 DEFAULT NULL,
  `sb_icon` varchar(255) CHARACTER SET utf8 DEFAULT NULL,
  `sb_enable` char(1) CHARACTER SET utf8 DEFAULT '0',
  PRIMARY KEY (`sb_id`)
) ENGINE=MyISAM AUTO_INCREMENT=90 DEFAULT CHARSET=latin1;

--
-- Dumping data for table `idx_pl_sociable`
--

INSERT INTO `idx_pl_sociable` VALUES (1,'BarraPunto','http://barrapunto.com/submit.pl?subj=TITLE&amp;story=PERMALINK','barrapunto.png','0'),(2,'Bitacoras.com','http://bitacoras.com/anotaciones/PERMALINK','bitacoras.png','0'),(3,'BlinkList','http://www.blinklist.com/index.php?Action=Blink/addblink.php&amp;Url=PERMALINK&amp;Title=TITLE','blinklist.png','0'),(4,'blogmarks','http://blogmarks.net/my/new.php?mini=1&amp;simple=1&amp;url=PERMALINK&amp;title=TITLE','blogmarks.png','0'),(5,'Blogosphere News','http://www.blogospherenews.com/submit.php?url=PERMALINK&amp;title=TITLE','blogospherenews.png','0'),(6,'blogtercimlap','http://cimlap.blogter.hu/index.php?action=suggest_link&amp;title=TITLE&amp;url=PERMALINK','blogter.png','0'),(7,'Faves','http://faves.com/Authoring.aspx?u=PERMALINK&amp;title=TITLE','bluedot.png','0'),(8,'connotea','http://www.connotea.org/addpopup?continue=confirm&amp;uri=PERMALINK&amp;title=TITLE&amp;description=EXCERPT','connotea.png','0'),(9,'Current','http://current.com/clipper.htm?url=PERMALINK&amp;title=TITLE','current.png','0'),(10,'del.icio.us','http://delicious.com/post?url=PERMALINK&amp;title=TITLE&amp;notes=EXCERPT','delicious.png','0'),(11,'Digg','http://digg.com/submit?phase=2&amp;url=PERMALINK&amp;title=TITLE&amp;bodytext=EXCERPT','digg.png','1'),(12,'Diigo','http://www.diigo.com/post?url=PERMALINK&amp;title=TITLE','diigo.png','0'),(13,'DotNetKicks','http://www.dotnetkicks.com/kick/?url=PERMALINK&amp;title=TITLE','dotnetkicks.png','0'),(14,'DZone','http://www.dzone.com/links/add.html?url=PERMALINK&amp;title=TITLE','dzone.png','0'),(15,'eKudos','http://www.ekudos.nl/artikel/nieuw?url=PERMALINK&amp;title=TITLE&amp;desc=EXCERPT','ekudos.png','0'),(16,'email','mailto:?subject=TITLE&amp;body=PERMALINK','email_link.png','0'),(17,'Facebook','http://www.facebook.com/share.php?u=PERMALINK&amp;t=TITLE','facebook.png','1'),(18,'Fark','http://cgi.fark.com/cgi/fark/farkit.pl?h=TITLE&amp;u=PERMALINK','fark.png','0'),(19,'Fleck','http://beta3.fleck.com/bookmarklet.php?url=PERMALINK&amp;title=TITLE','fleck.png','0'),(20,'FriendFeed','http://www.friendfeed.com/share?title=TITLE&amp;link=PERMALINK','friendfeed.png','0'),(21,'FSDaily','http://www.fsdaily.com/submit?url=PERMALINK&amp;title=TITLE','fsdaily.png','0'),(22,'Global Grind','http://globalgrind.com/submission/submit.aspx?url=PERMALINK&amp;type=Article&amp;title=TITLE','globalgrind.png','0'),(23,'Google','http://www.google.com/bookmarks/mark?op=edit&amp;bkmk=PERMALINK&amp;title=TITLE&amp;annotation=EXCERPT','googlebookmark.png','0'),(24,'Gwar','http://www.gwar.pl/DodajGwar.html?u=PERMALINK','gwar.png','0'),(25,'HackerNews','http://news.ycombinator.com/submitlink?u=PERMALINK&amp;t=TITLE','hackernews.png','0'),(26,'Haohao','http://www.haohaoreport.com/submit.php?url=PERMALINK&amp;title=TITLE','haohao.png','0'),(27,'HealthRanker','http://healthranker.com/submit.php?url=PERMALINK&amp;title=TITLE','healthranker.png','0'),(28,'HelloTxt','http://hellotxt.com/?status=TITLE+PERMALINK','hellotxt.png','0'),(29,'Hemidemi','http://www.hemidemi.com/user_bookmark/new?title=TITLE&amp;url=PERMALINK','hemidemi.png','0'),(30,'Hyves','http://www.hyves.nl/profilemanage/add/tips/?name=TITLE&amp;text=EXCERPT+PERMALINK&amp;rating=5','hyves.png','0'),(31,'Identi.ca','http://identi.ca/notice/new?status_textarea=PERMALINK','identica.png','0'),(32,'IndianPad','http://www.indianpad.com/submit.php?url=PERMALINK','indianpad.png','0'),(33,'Internetmedia','http://internetmedia.hu/submit.php?url=PERMALINK','im.png','0'),(34,'Kirtsy','http://www.kirtsy.com/submit.php?url=PERMALINK&amp;title=TITLE','kirtsy.png','0'),(35,'laaik.it','http://laaik.it/NewStoryCompact.aspx?uri=PERMALINK&amp;headline=TITLE&amp;cat=5e082fcc-8a3b-47e2-acec-fdf64ff19d12','laaikit.png','0'),(36,'LinkArena','http://linkarena.com/bookmarks/addlink/?url=PERMALINK&amp;title=TITLE','linkarena.png','0'),(37,'LinkaGoGo','http://www.linkagogo.com/go/AddNoPopup?url=PERMALINK&amp;title=TITLE','linkagogo.png','0'),(38,'LinkedIn','http://www.linkedin.com/shareArticle?mini=true&amp;url=PERMALINK&amp;title=TITLE&amp;source=BLOGNAME&amp;summary=EXCERPT','linkedin.png','0'),(39,'Linkter','http://www.linkter.hu/index.php?action=suggest_link&amp;url=PERMALINK&amp;title=TITLE','linkter.png','0'),(40,'Live','https://favorites.live.com/quickadd.aspx?marklet=1&amp;url=PERMALINK&amp;title=TITLE','live.png','0'),(41,'Meneame','http://meneame.net/submit.php?url=PERMALINK','meneame.png','0'),(42,'MisterWong','http://www.mister-wong.com/addurl/?bm_url=PERMALINK&amp;bm_description=TITLE&amp;plugin=soc','misterwong.png','0'),(43,'MisterWong.DE','http://www.mister-wong.de/addurl/?bm_url=PERMALINK&amp;bm_description=TITLE&amp;plugin=soc','misterwong.png','0'),(44,'Mixx','http://www.mixx.com/submit?page_url=PERMALINK&amp;title=TITLE','mixx.png','0'),(45,'muti','http://www.muti.co.za/submit?url=PERMALINK&amp;title=TITLE','muti.png','0'),(46,'MyShare','http://myshare.url.com.tw/index.php?func=newurl&amp;url=PERMALINK&amp;desc=TITLE','myshare.png','0'),(47,'MySpace','http://www.myspace.com/Modules/PostTo/Pages/?u=PERMALINK&amp;t=TITLE','myspace.png','0'),(48,'MSNReporter','http://reporter.nl.msn.com/?fn=contribute&amp;Title=TITLE&amp;URL=PERMALINK&amp;cat_id=6&amp;tag_id=31&amp;Remark=EXCERPT','msnreporter.png','0'),(49,'N4G','http://www.n4g.com/tips.aspx?url=PERMALINK&amp;title=TITLE','n4g.png','0'),(50,'Netvibes','http://www.netvibes.com/share?title=TITLE&amp;url=PERMALINK','netvibes.png','0'),(51,'NewsVine','http://www.newsvine.com/_tools/seed&amp;save?u=PERMALINK&amp;h=TITLE','newsvine.png','0'),(52,'Netvouz','http://www.netvouz.com/action/submitBookmark?url=PERMALINK&amp;title=TITLE&amp;popup=no','netvouz.png','0'),(53,'NuJIJ','http://nujij.nl/jij.lynkx?t=TITLE&amp;u=PERMALINK&amp;b=EXCERPT','nujij.png','0'),(54,'Ping.fm','http://ping.fm/ref/?link=PERMALINK&amp;title=TITLE&amp;body=EXCERPT','ping.png','0'),(55,'Posterous','http://posterous.com/share?linkto=PERMALINK&amp;title=TITLE&amp;selection=EXCERPT','posterous.png','0'),(56,'PDF','http://www.printfriendly.com/print?url=PERMALINK&amp;partner=sociable','pdf.png','0'),(57,'Print','http://www.printfriendly.com/print?url=PERMALINK&amp;partner=sociable','printfriendly.png','0'),(58,'Propeller','http://www.propeller.com/submit/?url=PERMALINK','propeller.png','0'),(59,'Ratimarks','http://ratimarks.org/bookmarks.php/?action=add&address=PERMALINK&amp;title=TITLE','ratimarks.png','0'),(60,'Rec6','http://rec6.via6.com/link.php?url=PERMALINK&amp;=TITLE','rec6.png','0'),(61,'Reddit','http://reddit.com/submit?url=PERMALINK&amp;title=TITLE','reddit.png','0'),(62,'RSS','FEEDLINK','rss.png','0'),(63,'Scoopeo','http://www.scoopeo.com/scoop/new?newurl=PERMALINK&amp;title=TITLE','scoopeo.png','0'),(64,'Segnalo','http://segnalo.alice.it/post.html.php?url=PERMALINK&amp;title=TITLE','segnalo.png','0'),(65,'Simpy','http://www.simpy.com/simpy/LinkAdd.do?href=PERMALINK&amp;title=TITLE','simpy.png','0'),(66,'Slashdot','http://slashdot.org/bookmark.pl?title=TITLE&amp;url=PERMALINK','slashdot.png','0'),(67,'Socialogs','http://socialogs.com/add_story.php?story_url=PERMALINK&amp;story_title=TITLE','socialogs.png','0'),(68,'SphereIt','http://www.sphere.com/search?q=sphereit:PERMALINK&amp;title=TITLE','sphere.png','0'),(69,'Sphinn','http://sphinn.com/index.php?c=post&amp;m=submit&amp;link=PERMALINK','sphinn.png','0'),(70,'StumbleUpon','http://www.stumbleupon.com/submit?url=PERMALINK&amp;title=TITLE','stumbleupon.png','0'),(71,'Techmeme','http://twitter.com/home/?status=tip%20@Techmeme%20PERMALINK%20TITLE','techmeme.png','0'),(72,'Technorati','http://technorati.com/faves?add=PERMALINK','technorati.png','1'),(73,'ThisNext','http://www.thisnext.com/pick/new/submit/sociable/?url=PERMALINK&amp;name=TITLE','thisnext.png','0'),(74,'Tipd','http://tipd.com/submit.php?url=PERMALINK','tipd.png','0'),(75,'Tumblr','http://www.tumblr.com/share?v=3&amp;u=PERMALINK&amp;t=TITLE&amp;s=EXCERPT','tumblr.png','0'),(76,'Twitter','http://twitter.com/home?status=TITLE%20-%20PERMALINK','twitter.png','1'),(77,'Upnews','http://www.upnews.it/submit?url=PERMALINK&amp;title=TITLE','upnews.png','0'),(78,'Webnews.de','http://www.webnews.de/einstellen?url=PERMALINK&amp;title=TITLE','webnews.png','0'),(79,'Webride','http://webride.org/discuss/split.php?uri=PERMALINK&amp;title=TITLE','webride.png','0'),(80,'Wikio','http://www.wikio.com/vote?url=PERMALINK','wikio.png','0'),(81,'Wikio FR','http://www.wikio.fr/vote?url=PERMALINK','wikio.png','0'),(82,'Wikio IT','http://www.wikio.it/vote?url=PERMALINK','wikio.png','0'),(83,'Wists','http://wists.com/s.php?c=&amp;r=PERMALINK&amp;title=TITLE','wists.png','0'),(84,'Wykop','http://www.wykop.pl/dodaj?url=PERMALINK','wykop.png','0'),(85,'Xerpi','http://www.xerpi.com/block/add_link_from_extension?url=PERMALINK&amp;title=TITLE','xerpi.png','0'),(86,'YahooBuzz','http://buzz.yahoo.com/submit/?submitUrl=PERMALINK&amp;submitHeadline=TITLE&amp;submitSummary=EXCERPT&amp;submitCategory=science&amp;submitAssetType=text','yahoobuzz.png','0'),(87,'Yahoo! Bookmarks','http://bookmarks.yahoo.com/toolbar/savebm?u=PERMALINK&amp;t=TITLE&opener=bm&amp;ei=UTF-8&amp;d=EXCERPT','yahoomyweb.png','0'),(88,'Yigg','http://yigg.de/neu?exturl=PERMALINK&amp;exttitle=TITLE','yiggit.png','0'),(89,'Blogplay','http://blogplay.com','blogplay.png','0');

--
-- Table structure for table `idx_pl_twitter_account`
--

CREATE TABLE `idx_pl_twitter_account` (
  `ck` varchar(255) CHARACTER SET utf8 DEFAULT NULL,
  `cs` varchar(255) CHARACTER SET utf8 DEFAULT NULL,
  `at` varchar(255) CHARACTER SET utf8 DEFAULT NULL,
  `ats` varchar(255) CHARACTER SET utf8 DEFAULT NULL
) ENGINE=MyISAM DEFAULT CHARSET=latin1;

--
-- Dumping data for table `idx_pl_twitter_account`
--

INSERT INTO `idx_pl_twitter_account` VALUES ('JrcGb6Xc4s6UKf0tv4sCjw','ALglrmx7HMMXgHXfbFuxS4RGiCC5Jkmk7ozNgjNNw','https://api.twitter.com/oauth/authorize','https://api.twitter.com/oauth/access_token');

--
-- Table structure for table `idx_plugin`
--

CREATE TABLE `idx_plugin` (
  `plugin_id` int(11) NOT NULL AUTO_INCREMENT,
  `name` varchar(255) DEFAULT NULL,
  `plugin_file` varchar(255) DEFAULT NULL,
  `status` enum('0','1') DEFAULT NULL,
  `option_plugin` text,
  PRIMARY KEY (`plugin_id`)
) ENGINE=MyISAM AUTO_INCREMENT=3 DEFAULT CHARSET=latin1;

--
-- Dumping data for table `idx_plugin`
--

INSERT INTO `idx_plugin` VALUES (1,'AutoTweet','twitter_auto_tweet/twitter_auto_tweet.php','1',NULL),(2,'Sociable','sociable/sociable.php','1',NULL);

--
-- Table structure for table `idx_review`
--

CREATE TABLE `idx_review` (
  `review_id` mediumint(9) unsigned NOT NULL AUTO_INCREMENT,
  `link_id` mediumint(9) unsigned NOT NULL DEFAULT '0',
  `review` text NOT NULL,
  `rating` tinyint(3) unsigned NOT NULL DEFAULT '0',
  `date` date NOT NULL DEFAULT '0000-00-00',
  `subject` varchar(100) DEFAULT NULL,
  `status` char(1) DEFAULT NULL,
  `username` varchar(20) DEFAULT NULL,
  `name` varchar(20) DEFAULT NULL,
  `email` varchar(100) DEFAULT NULL,
  PRIMARY KEY (`review_id`)
) ENGINE=MyISAM DEFAULT CHARSET=latin1;

--
-- Dumping data for table `idx_review`
--


--
-- Table structure for table `idx_searchlog`
--

CREATE TABLE `idx_searchlog` (
  `keyword` varchar(100) NOT NULL DEFAULT '',
  `time` datetime NOT NULL DEFAULT '0000-00-00 00:00:00',
  `result` mediumint(9) unsigned DEFAULT NULL,
  `ip` varchar(100) DEFAULT NULL
) ENGINE=MyISAM DEFAULT CHARSET=latin1;

--
-- Dumping data for table `idx_searchlog`
--


--
-- Table structure for table `idx_set_hook_place`
--

CREATE TABLE `idx_set_hook_place` (
  `set_hook_place_id` int(11) NOT NULL AUTO_INCREMENT,
  `plugin` varchar(255) DEFAULT NULL,
  `set_hook_place` text,
  PRIMARY KEY (`set_hook_place_id`)
) ENGINE=MyISAM DEFAULT CHARSET=latin1;

--
-- Dumping data for table `idx_set_hook_place`
--


--
-- Table structure for table `idx_setting`
--

CREATE TABLE `idx_setting` (
  `setting_id` int(11) NOT NULL AUTO_INCREMENT,
  `setting_name` varchar(255) DEFAULT NULL,
  `setting_value` text,
  PRIMARY KEY (`setting_id`)
) ENGINE=MyISAM AUTO_INCREMENT=55 DEFAULT CHARSET=latin1;

--
-- Dumping data for table `idx_setting`
--

INSERT INTO `idx_setting` VALUES (4,'site_name','directoryscape.net '),(5,'site_url','http://directoryscape.net'),(6,'email_address','allyson.serge@gmail.com'),(7,'language_code','en_US'),(8,'theme_path','/home/directuu/public_html/themes/'),(9,'admin_template_path','/home/directuu/public_html/admin_tpl/'),(10,'plugin_path','/home/directuu/public_html/plugin/'),(12,'active_theme','_directoryscape'),(14,'spam_proof','1'),(15,'enable_user_validation','1'),(16,'allowed_file_extension','gif,jpg,png,pdf,zip,doc'),(17,'yahoo_appid',''),(18,'whosonline','600'),(19,'reciprocal_check','0'),(20,'urlcheck_limit','1'),(21,'pagerank_cache','30'),(22,'max_image_width','1024'),(23,'max_image_height','756'),(24,'max_file_size','500'),(25,'only_registered_can_add_link','0'),(26,'only_registered_can_add_review','0'),(27,'db_use_persistent','0'),(28,'paid_link_day_period','30,60,90,180'),(29,'paid_link_price_factor','1,1.5,2,3'),(30,'enable_html_tag','1'),(31,'allowed_html_tag','<b>,<strong>,<i>,<em>,<u>,<pre>,<blockquote>,<ol>,<ul>,<li>,<p>,<span>,<div>,<table>,<tr>,<td>'),(32,'enable_page_compression','0'),(33,'enable_category_ajax','1'),(34,'require_visit_category','0'),(35,'additional_category_price','0.5'),(36,'enable_rating_ajax','1'),(37,'service_nicecoder_avail','1'),(38,'enable_recaptcha','0'),(39,'recaptcha_publickey',''),(40,'recaptcha_privatekey',''),(41,'enable_bidding','0'),(42,'minimum_bid','5'),(43,'bid_increament','1'),(44,'charset','utf-8'),(45,'mailer','mail'),(46,'smtp_auth','0'),(47,'smtp_host',''),(48,'smtp_username',''),(49,'smtp_password',''),(50,'smtp_port','25'),(51,'emailbody_as_html','0'),(52,'indexu_version','2.4'),(53,'tos',''),(54,'submission_guidelines','');

--
-- Table structure for table `idx_tags`
--

CREATE TABLE `idx_tags` (
  `tag` varchar(64) NOT NULL DEFAULT '',
  `category_id` mediumint(8) unsigned NOT NULL DEFAULT '0',
  `total` int(11) NOT NULL DEFAULT '0',
  `tag_path` varchar(64) NOT NULL,
  PRIMARY KEY (`tag`,`category_id`)
) ENGINE=MyISAM DEFAULT CHARSET=latin1;

--
-- Dumping data for table `idx_tags`
--


--
-- Table structure for table `idx_unavailable`
--

CREATE TABLE `idx_unavailable` (
  `idx_unavailable` int(11) NOT NULL AUTO_INCREMENT,
  `link_id` int(11) DEFAULT NULL,
  `url` varchar(255) DEFAULT NULL,
  `who_is` varchar(255) DEFAULT NULL,
  `note` text,
  `date` datetime DEFAULT NULL,
  PRIMARY KEY (`idx_unavailable`)
) ENGINE=MyISAM DEFAULT CHARSET=latin1;

--
-- Dumping data for table `idx_unavailable`
--


--
-- Table structure for table `idx_unavailable_latest`
--

CREATE TABLE `idx_unavailable_latest` (
  `idx_link` int(11) DEFAULT NULL,
  `record_execution` int(11) DEFAULT NULL
) ENGINE=MyISAM DEFAULT CHARSET=latin1;

--
-- Dumping data for table `idx_unavailable_latest`
--


--
-- Table structure for table `idx_votes`
--

CREATE TABLE `idx_votes` (
  `link_id` mediumint(9) NOT NULL DEFAULT '0',
  `ip` varchar(100) DEFAULT NULL,
  `value` tinyint(4) DEFAULT NULL
) ENGINE=MyISAM DEFAULT CHARSET=latin1;

--
-- Dumping data for table `idx_votes`
--



