--
-- Host: directoryvilla.org    Database: directgg_indexu
-- ------------------------------------------------------


--
-- Table structure for table `directory_save_data`
--

CREATE TABLE `directory_save_data` (
  `id` bigint(100) NOT NULL AUTO_INCREMENT,
  `schedule_id` bigint(100) NOT NULL,
  `project_id` bigint(100) NOT NULL,
  `link_id` bigint(100) NOT NULL,
  `confirm_link` text NOT NULL,
  `category_id` int(10) NOT NULL,
  `category_name` varchar(150) NOT NULL,
  PRIMARY KEY (`id`)
) ENGINE=InnoDB DEFAULT CHARSET=latin1;

--
-- Dumping data for table `directory_save_data`
--


--
-- Table structure for table `idx_admin_menu`
--

CREATE TABLE `idx_admin_menu` (
  `menu_id` int(11) NOT NULL AUTO_INCREMENT,
  `parent_id` int(11) DEFAULT NULL,
  `menu_title` varchar(255) DEFAULT NULL,
  `menu_url` varchar(255) DEFAULT NULL,
  `order_number` int(11) DEFAULT NULL,
  PRIMARY KEY (`menu_id`)
) ENGINE=MyISAM AUTO_INCREMENT=85 DEFAULT CHARSET=latin1;

--
-- Dumping data for table `idx_admin_menu`
--



--
-- Table structure for table `idx_bad_link`
--

CREATE TABLE `idx_bad_link` (
  `bad_link_id` mediumint(9) unsigned NOT NULL AUTO_INCREMENT,
  `link_id` mediumint(9) unsigned NOT NULL DEFAULT '0',
  `name` varchar(50) NOT NULL DEFAULT '',
  `email` varchar(50) NOT NULL DEFAULT '',
  `type` tinyint(3) unsigned NOT NULL DEFAULT '0',
  `date` date NOT NULL DEFAULT '0000-00-00',
  PRIMARY KEY (`bad_link_id`)
) ENGINE=MyISAM DEFAULT CHARSET=latin1;

--
-- Dumping data for table `idx_bad_link`
--


--
-- Table structure for table `idx_badwords`
--

CREATE TABLE `idx_badwords` (
  `word` varchar(100) NOT NULL DEFAULT ''
) ENGINE=MyISAM DEFAULT CHARSET=latin1;

--
-- Dumping data for table `idx_badwords`
--


--
-- Table structure for table `idx_blocked_domain`
--

CREATE TABLE `idx_blocked_domain` (
  `blocked_id` int(11) NOT NULL AUTO_INCREMENT,
  `blocked` varchar(255) DEFAULT NULL,
  `type` enum('domain','ip') DEFAULT NULL,
  PRIMARY KEY (`blocked_id`)
) ENGINE=MyISAM AUTO_INCREMENT=6 DEFAULT CHARSET=latin1;

--
-- Dumping data for table `idx_blocked_domain`
--

INSERT INTO `idx_blocked_domain` VALUES (1,'buydomains.com','domain'),(2,'this-domain-for-sale.com ','domain'),(3,'oversee.net','domain'),(4,'eNom','domain'),(5,'sedoparking.com','domain');

--
-- Table structure for table `idx_category`
--

CREATE TABLE `idx_category` (
  `category_id` mediumint(9) unsigned NOT NULL AUTO_INCREMENT,
  `parent_id` mediumint(9) unsigned NOT NULL DEFAULT '0',
  `name` varchar(100) NOT NULL DEFAULT '',
  `description` text NOT NULL,
  `image` varchar(100) DEFAULT NULL,
  `content` text,
  `visible` char(1) DEFAULT NULL,
  `links` mediumint(9) DEFAULT NULL,
  `meta_keyword` text,
  `meta_description` text,
  `permission` char(2) DEFAULT NULL,
  `registered_only` char(1) DEFAULT NULL,
  `header` text NOT NULL,
  `footer` text NOT NULL,
  `related` mediumint(6) NOT NULL DEFAULT '0',
  `page_title` varchar(200) NOT NULL DEFAULT '',
  `hits` int(11) NOT NULL DEFAULT '0',
  `order_num` smallint(6) NOT NULL DEFAULT '0',
  `basic_price` double unsigned NOT NULL DEFAULT '0',
  `premium_price` double unsigned NOT NULL DEFAULT '0',
  `sponsored_price` double unsigned NOT NULL DEFAULT '0',
  PRIMARY KEY (`category_id`)
) ENGINE=MyISAM AUTO_INCREMENT=36 DEFAULT CHARSET=latin1;

--
-- Dumping data for table `idx_category`
--

INSERT INTO `idx_category` VALUES (1,0,'Arts & Humanities','','folder.gif','','1',24,'','','0','0','','',0,'',8,0,0,0,0),(2,0,'Automobile industry','','folder.gif','','1',55,'','','0','0','','',0,'',0,0,0,0,0),(3,0,'Business & Economy','','folder.gif','','1',208,'','','0','0','','',0,'',5,0,0,0,0),(4,0,'Careers','','folder.gif','','1',2,'','','0','0','','',0,'',0,0,0,0,0),(5,0,'Clothing & Fashion','','folder.gif','','1',13,'','','0','0','','',0,'',1,0,0,0,0),(6,0,'Mass Communications','','folder.gif','','1',26,'','','0','0','','',0,'',0,0,0,0,0),(7,0,'Computers & IT','','folder.gif','','1',37,'','','0','0','','',0,'',2,0,0,0,0),(8,0,'Construction Services','','folder.gif','','1',93,'','','0','0','','',0,'',1,0,0,0,0),(9,0,'Dental','','folder.gif','','1',82,'','','0','0','','',0,'',1,0,0,0,0),(10,0,'Education & Training','','folder.gif','','1',32,'','','0','0','','',0,'',0,0,0,0,0),(11,0,'Employment & Recruitment','','folder.gif','','1',0,'','','0','0','','',0,'',0,0,0,0,0),(12,0,'Gifts & Novelties','','folder.gif','','1',25,'','','0','0','','',0,'',2,0,0,0,0),(13,0,'Software & Hardware','','folder.gif','','1',11,'','','0','0','','',0,'',0,0,0,0,0),(14,0,'Health Services','','folder.gif','','1',61,'','','0','0','','',0,'',1,0,0,0,0),(15,0,'Healthcare Industry','','folder.gif','','1',156,'','','0','0','','',0,'',0,0,0,0,0),(16,0,'Heating, Ventilating and Air Conditioning','','folder.gif','','1',91,'','','0','0','','',0,'',0,0,0,0,0),(17,0,'Home & Garden Making','','folder.gif','','1',251,'','','0','0','','',0,'',1,0,0,0,0),(18,0,'Home Improvement & Appliances','','folder.gif','','1',106,'','','0','0','','',0,'',0,0,0,0,0),(19,0,'Hotels','','folder.gif','','1',108,'','','0','0','','',0,'',1,0,0,0,0),(20,0,'Insurance Providers','','folder.gif','','1',35,'','','0','0','','',0,'',2,0,0,0,0),(21,0,'Law & Legal','','folder.gif','','1',3,'','','0','0','','',0,'',2,0,0,0,0),(22,0,'Lawyers & Legal Consultants','','folder.gif','','1',215,'','','0','0','','',0,'',0,0,0,0,0),(23,0,'Lifestyle & Society','','folder.gif','','1',7,'','','0','0','','',0,'',1,0,0,0,0),(24,0,'Medicine & Medical Services','','folder.gif','','1',12,'','','0','0','','',0,'',0,0,0,0,0),(25,0,'Finance','','folder.gif','','1',26,'','','0','0','','',0,'',3,0,0,0,0),(26,0,'News & Journals','','folder.gif','','1',2,'','','0','0','','',0,'',0,0,0,0,0),(27,0,'Plumbing & Fitting','','folder.gif','','1',50,'','','0','0','','',0,'',1,0,0,0,0),(28,0,'Real Estate & Agents','','folder.gif','','1',44,'','','0','0','','',0,'',0,0,0,0,0),(29,0,'Science','','folder.gif','','1',16,'','','0','0','','',0,'',0,0,0,0,0),(30,0,'SEO Services','','folder.gif','','1',27,'','','0','0','','',0,'',2,0,0,0,0),(31,0,'Shopping and Sales','','folder.gif','','1',83,'','','0','0','','',0,'',0,0,0,0,0),(32,0,'Sports & Recreation','','folder.gif','','1',10,'','','0','0','','',0,'',1,0,0,0,0),(33,0,'Transportation Services','','folder.gif','','1',59,'','','0','0','','',0,'',1,0,0,0,0),(34,0,'Travel & Tour','','folder.gif','','1',29,'','','0','0','','',0,'',2,0,0,0,0),(35,0,'Weddings','','folder.gif','','1',14,'','','0','0','','',0,'',1,0,0,0,0);

--
-- Table structure for table `idx_category_path`
--

CREATE TABLE `idx_category_path` (
  `category_id` mediumint(9) NOT NULL DEFAULT '0',
  `path` text,
  `path_with_url` text,
  `parents` text,
  PRIMARY KEY (`category_id`)
) ENGINE=MyISAM DEFAULT CHARSET=latin1;

--
-- Dumping data for table `idx_category_path`
--

INSERT INTO `idx_category_path` VALUES (1,'Arts & Humanities','<a href=\"http://directoryvilla.org/arts-humanities/\" name=\"cat_1\" style=\"\">Arts & Humanities</a>',';0;'),(2,'Automobile industry','<a href=\"http://directoryvilla.org/automobile-industry/\" name=\"cat_2\" style=\"\">Automobile industry</a>',';0;'),(3,'Business & Economy','<a href=\"http://directoryvilla.org/business-economy/\" name=\"cat_3\" style=\"\">Business & Economy</a>',';0;'),(4,'Careers','<a href=\"http://directoryvilla.org/careers/\" name=\"cat_4\" style=\"\">Careers</a>',';0;'),(5,'Clothing & Fashion','<a href=\"http://directoryvilla.org/clothing-fashion/\" name=\"cat_5\" style=\"\">Clothing & Fashion</a>',';0;'),(6,'Mass Communications','<a href=\"http://directoryvilla.org/mass-communications/\" name=\"cat_6\" style=\"\">Mass Communications</a>',';0;'),(7,'Computers & IT','<a href=\"http://directoryvilla.org/computers-it/\" name=\"cat_7\" style=\"\">Computers & IT</a>',';0;'),(8,'Construction Services','<a href=\"http://directoryvilla.org/construction-services/\" name=\"cat_8\" style=\"\">Construction Services</a>',';0;'),(9,'Dental','<a href=\"http://directoryvilla.org/dental/\" name=\"cat_9\" style=\"\">Dental</a>',';0;'),(10,'Education & Training','<a href=\"http://directoryvilla.org/education-training/\" name=\"cat_10\" style=\"\">Education & Training</a>',';0;'),(11,'Employment & Recruitment','<a href=\"http://directoryvilla.org/employment-recruitment/\" name=\"cat_11\" style=\"\">Employment & Recruitment</a>',';0;'),(12,'Gifts & Novelties','<a href=\"http://directoryvilla.org/gifts-novelties/\" name=\"cat_12\" style=\"\">Gifts & Novelties</a>',';0;'),(13,'Software & Hardware','<a href=\"http://directoryvilla.org/software-hardware/\" name=\"cat_13\" style=\"\">Software & Hardware</a>',';0;'),(14,'Health Services','<a href=\"http://directoryvilla.org/health-services/\" name=\"cat_14\" style=\"\">Health Services</a>',';0;'),(15,'Healthcare Industry','<a href=\"http://directoryvilla.org/healthcare-industry/\" name=\"cat_15\" style=\"\">Healthcare Industry</a>',';0;'),(16,'Heating, Ventilating and Air Conditioning','<a href=\"http://directoryvilla.org/heating-ventilating-and-air-conditioning/\" name=\"cat_16\" style=\"\">Heating, Ventilating and Air Conditioning</a>',';0;'),(17,'Home & Garden Making','<a href=\"http://directoryvilla.org/home-garden-making/\" name=\"cat_17\" style=\"\">Home & Garden Making</a>',';0;'),(18,'Home Improvement & Appliances','<a href=\"http://directoryvilla.org/home-improvement-appliances/\" name=\"cat_18\" style=\"\">Home Improvement & Appliances</a>',';0;'),(19,'Hotels','<a href=\"http://directoryvilla.org/hotels/\" name=\"cat_19\" style=\"\">Hotels</a>',';0;'),(20,'Insurance Providers','<a href=\"http://directoryvilla.org/insurance-providers/\" name=\"cat_20\" style=\"\">Insurance Providers</a>',';0;'),(21,'Law & Legal','<a href=\"http://directoryvilla.org/law-legal/\" name=\"cat_21\" style=\"\">Law & Legal</a>',';0;'),(22,'Lawyers & Legal Consultants','<a href=\"http://directoryvilla.org/lawyers-legal-consultants/\" name=\"cat_22\" style=\"\">Lawyers & Legal Consultants</a>',';0;'),(23,'Lifestyle & Society','<a href=\"http://directoryvilla.org/lifestyle-society/\" name=\"cat_23\" style=\"\">Lifestyle & Society</a>',';0;'),(24,'Medicine & Medical Services','<a href=\"http://directoryvilla.org/medicine-medical-services/\" name=\"cat_24\" style=\"\">Medicine & Medical Services</a>',';0;'),(25,'Finance','<a href=\"http://directoryvilla.org/finance/\" name=\"cat_25\" style=\"\">Finance</a>',';0;'),(26,'News & Journals','<a href=\"http://directoryvilla.org/news-journals/\" name=\"cat_26\" style=\"\">News & Journals</a>',';0;'),(27,'Plumbing & Fitting','<a href=\"http://directoryvilla.org/plumbing-fitting/\" name=\"cat_27\" style=\"\">Plumbing & Fitting</a>',';0;'),(28,'Real Estate & Agents','<a href=\"http://directoryvilla.org/real-estate-agents/\" name=\"cat_28\" style=\"\">Real Estate & Agents</a>',';0;'),(29,'Science','<a href=\"http://directoryvilla.org/science/\" name=\"cat_29\" style=\"\">Science</a>',';0;'),(30,'SEO Services','<a href=\"http://directoryvilla.org/seo-services/\" name=\"cat_30\" style=\"\">SEO Services</a>',';0;'),(31,'Shopping and Sales','<a href=\"http://directoryvilla.org/shopping-and-sales/\" name=\"cat_31\" style=\"\">Shopping and Sales</a>',';0;'),(32,'Sports & Recreation','<a href=\"http://directoryvilla.org/sports-recreation/\" name=\"cat_32\" style=\"\">Sports & Recreation</a>',';0;'),(33,'Transportation Services','<a href=\"http://directoryvilla.org/transportation-services/\" name=\"cat_33\" style=\"\">Transportation Services</a>',';0;'),(34,'Travel & Tour','<a href=\"http://directoryvilla.org/travel-tour/\" name=\"cat_34\" style=\"\">Travel & Tour</a>',';0;'),(35,'Weddings','<a href=\"http://directoryvilla.org/weddings/\" name=\"cat_35\" style=\"\">Weddings</a>',';0;');

--
-- Table structure for table `idx_category_suggession`
--

CREATE TABLE `idx_category_suggession` (
  `id_cat_suggession` int(11) NOT NULL AUTO_INCREMENT,
  `parent_id` int(11) DEFAULT NULL,
  `name` varchar(255) DEFAULT NULL,
  `category_description` text,
  `date` datetime DEFAULT NULL,
  PRIMARY KEY (`id_cat_suggession`)
) ENGINE=MyISAM AUTO_INCREMENT=4 DEFAULT CHARSET=latin1;

--
-- Dumping data for table `idx_category_suggession`
--

INSERT INTO `idx_category_suggession` VALUES (1,15,'Tracy','This forum needed sahking up and you\'ve just done that. Great post!','2011-11-13 03:38:26'),(2,12,'Buy Gifts Online, Unique Gift Ideas for Men & Women, Best Online Gift Store. ','Best online gift store to shop for unique gift ideas for men & women,gifts for teens, birthday gifts for kids,best gifts for all occasions, gifts by category and many more.\r\n','2011-11-19 14:44:25'),(3,14,'allonbell','Are you looking for best dentists at Little Falls, NJ 07424 ? Then Ulanet Dental is the best dental clinic in Little Falls in New Jersey. These guys are well equipped with latest therapies about all types of dental treatment.http://ulanetdental.com','2011-12-04 14:51:11');

--
-- Table structure for table `idx_checkurl`
--

CREATE TABLE `idx_checkurl` (
  `link_id` mediumint(9) NOT NULL DEFAULT '0',
  `date` date NOT NULL DEFAULT '0000-00-00',
  `live` char(1) NOT NULL DEFAULT '',
  `reciprocal_found` char(1) NOT NULL DEFAULT '',
  PRIMARY KEY (`link_id`)
) ENGINE=MyISAM DEFAULT CHARSET=latin1;

--
-- Dumping data for table `idx_checkurl`
--


--
-- Table structure for table `idx_cronjobs`
--

CREATE TABLE `idx_cronjobs` (
  `cronjobs_id` int(11) NOT NULL AUTO_INCREMENT,
  `cronjobs_name` varchar(255) DEFAULT NULL,
  `filename` varchar(255) NOT NULL,
  `schedule` varchar(255) NOT NULL,
  `time` datetime NOT NULL,
  `execution` varchar(1) NOT NULL,
  PRIMARY KEY (`cronjobs_id`)
) ENGINE=MyISAM AUTO_INCREMENT=4 DEFAULT CHARSET=latin1;

--
-- Dumping data for table `idx_cronjobs`
--

INSERT INTO `idx_cronjobs` VALUES (1,NULL,'clear_templates_c.php','1,*,*,*,*','0000-00-00 00:00:00',''),(2,NULL,'update_tag_cloud.php','*,24,*,*,*','0000-00-00 00:00:00',''),(3,NULL,'clear_rss_cache.php','*,24,*,*,*','0000-00-00 00:00:00','');

--
-- Table structure for table `idx_custom_field`
--

CREATE TABLE `idx_custom_field` (
  `field_name` varchar(32) NOT NULL DEFAULT '',
  `field_text` varchar(64) NOT NULL DEFAULT '',
  `field_type` enum('TEXT','TEXTAREA','SELECT','MULTISELECT','CHECKBOX','RADIO','FILE','IMAGE','DATE','DATETIME','RICHEDITOR') NOT NULL DEFAULT 'TEXT',
  `field_option` text NOT NULL,
  `field_img_width` int(10) unsigned NOT NULL DEFAULT '0',
  `field_img_height` int(10) unsigned NOT NULL DEFAULT '0',
  `field_file_size` int(10) unsigned NOT NULL DEFAULT '0',
  `field_file_extension` varchar(64) NOT NULL DEFAULT '',
  `required` char(1) NOT NULL DEFAULT '0',
  `searchable` char(1) NOT NULL DEFAULT '1',
  `permission` char(1) NOT NULL DEFAULT '0'
) ENGINE=MyISAM DEFAULT CHARSET=latin1;

--
-- Dumping data for table `idx_custom_field`
--

INSERT INTO `idx_custom_field` VALUES ('image','Image','IMAGE','',0,0,0,'','0','0','2'),('address','Address','TEXT','',0,0,0,'','0','0','0'),('city','City','TEXT','',0,0,0,'','0','0','0'),('state','State','TEXT','',0,0,0,'','0','0','0'),('country','Country','TEXT','',0,0,0,'','0','0','0'),('zip','Zip','TEXT','',0,0,0,'','0','0','0'),('phone','Phone','TEXT','',0,0,0,'','0','0','0'),('fax','Fax','TEXT','',0,0,0,'','0','0','0');

--
-- Table structure for table `idx_default_field`
--

CREATE TABLE `idx_default_field` (
  `field_name` varchar(64) NOT NULL,
  `required` char(1) NOT NULL,
  `visible` char(1) NOT NULL DEFAULT '1',
  `searchable` char(1) NOT NULL DEFAULT '1'
) ENGINE=MyISAM DEFAULT CHARSET=latin1;

--
-- Dumping data for table `idx_default_field`
--

INSERT INTO `idx_default_field` VALUES ('title','1','1','1'),('url','1','1','1'),('description','1','1','1'),('keywords','1','1','0'),('contact_name','1','1','1'),('email','1','1','1'),('reciprocal_url','0','0','1');

--
-- Table structure for table `idx_discount_coupon`
--

CREATE TABLE `idx_discount_coupon` (
  `coupon_id` int(11) NOT NULL AUTO_INCREMENT,
  `coupon_code` varchar(255) DEFAULT NULL,
  `coupon_value` varchar(50) DEFAULT NULL,
  `link_type` varchar(255) DEFAULT NULL,
  `start_date` date DEFAULT NULL,
  `expired_date` date DEFAULT NULL,
  `expired_usage` int(11) DEFAULT NULL,
  `usage_count` int(11) DEFAULT NULL,
  PRIMARY KEY (`coupon_id`)
) ENGINE=MyISAM DEFAULT CHARSET=latin1;

--
-- Dumping data for table `idx_discount_coupon`
--


--
-- Table structure for table `idx_editor`
--

CREATE TABLE `idx_editor` (
  `username` varchar(20) DEFAULT NULL,
  `category_id` mediumint(9) DEFAULT NULL,
  `category` char(1) DEFAULT NULL,
  `link` char(1) DEFAULT NULL,
  `review` char(1) DEFAULT NULL,
  `pick` char(1) DEFAULT NULL,
  `status` char(1) DEFAULT NULL,
  `date` date DEFAULT NULL
) ENGINE=MyISAM DEFAULT CHARSET=latin1;

--
-- Dumping data for table `idx_editor`
--


--
-- Table structure for table `idx_email_template`
--

CREATE TABLE `idx_email_template` (
  `email_template_id` int(10) unsigned NOT NULL AUTO_INCREMENT,
  `name` varchar(255) DEFAULT NULL,
  `subject` varchar(255) DEFAULT NULL,
  `body` text,
  `altbody` text,
  PRIMARY KEY (`email_template_id`)
) ENGINE=MyISAM AUTO_INCREMENT=37 DEFAULT CHARSET=latin1;

--
-- Dumping data for table `idx_email_template`
--



--
-- Table structure for table `idx_favorites`
--

CREATE TABLE `idx_favorites` (
  `favorite_id` int(11) NOT NULL AUTO_INCREMENT,
  `username` varchar(20) DEFAULT NULL,
  `date` date DEFAULT NULL,
  `title` varchar(100) DEFAULT NULL,
  `description` text,
  PRIMARY KEY (`favorite_id`)
) ENGINE=MyISAM AUTO_INCREMENT=5 DEFAULT CHARSET=latin1;

--
-- Dumping data for table `idx_favorites`
--

INSERT INTO `idx_favorites` VALUES (1,'leroyfloydi25d74','2011-10-18','My Favorites',NULL),(2,'judeothai31k52','2011-10-19','My Favorites',NULL),(3,'brunowaltere56r72','2011-11-02','My Favorites',NULL),(4,'adaptive84','2011-12-07','My Favorites',NULL);

--
-- Table structure for table `idx_favorites_detail`
--

CREATE TABLE `idx_favorites_detail` (
  `favorite_id` int(11) DEFAULT NULL,
  `link_id` mediumint(9) DEFAULT NULL
) ENGINE=MyISAM DEFAULT CHARSET=latin1;

--
-- Dumping data for table `idx_favorites_detail`
--


--
-- Table structure for table `idx_hook_place`
--

CREATE TABLE `idx_hook_place` (
  `hook_place_id` int(11) NOT NULL AUTO_INCREMENT,
  `filename` varchar(255) DEFAULT NULL,
  `hookname` varchar(255) DEFAULT NULL,
  PRIMARY KEY (`hook_place_id`)
) ENGINE=MyISAM DEFAULT CHARSET=latin1;

--
-- Dumping data for table `idx_hook_place`
--


--
-- Table structure for table `idx_invoice`
--

CREATE TABLE `idx_invoice` (
  `invoice_id` varchar(10) NOT NULL DEFAULT '',
  `invoice_date` date DEFAULT NULL,
  `due_date` date DEFAULT NULL,
  `invoiced_to` text,
  `service` varchar(255) DEFAULT NULL,
  `description` text,
  `total` double(8,2) DEFAULT NULL,
  `comment` text,
  `paid` char(1) DEFAULT NULL,
  `paid_date` date DEFAULT NULL,
  `email` varchar(255) DEFAULT NULL,
  PRIMARY KEY (`invoice_id`)
) ENGINE=MyISAM DEFAULT CHARSET=latin1;

--
-- Dumping data for table `idx_invoice`
--


--
-- Table structure for table `idx_invoice_config`
--

CREATE TABLE `idx_invoice_config` (
  `company` varchar(255) DEFAULT NULL,
  `contact` varchar(255) DEFAULT NULL,
  `address` text,
  `phone` varchar(255) DEFAULT NULL,
  `email` varchar(255) DEFAULT NULL,
  `currency_symbol` varchar(255) DEFAULT '$',
  `currency_code` varchar(255) DEFAULT 'USD'
) ENGINE=MyISAM DEFAULT CHARSET=latin1;

--
-- Dumping data for table `idx_invoice_config`
--

INSERT INTO `idx_invoice_config` VALUES ('Your website / Company','Billing Department','Your address','Your phone #','Billing<name@yourdomain.com>','$','USD');

--
-- Table structure for table `idx_link_temp`
--

CREATE TABLE `idx_link_temp` (
  `vid` mediumint(9) unsigned NOT NULL AUTO_INCREMENT,
  `spam` char(1) NOT NULL DEFAULT '0',
  `link_id` mediumint(9) DEFAULT NULL,
  `category_id` mediumint(9) unsigned NOT NULL DEFAULT '0',
  `title` varchar(100) NOT NULL DEFAULT '',
  `url` text NOT NULL,
  `description` text NOT NULL,
  `contact_name` varchar(100) NOT NULL DEFAULT '',
  `email` varchar(100) NOT NULL DEFAULT '',
  `hits` mediumint(9) DEFAULT NULL,
  `votes` smallint(6) DEFAULT NULL,
  `rating` float(4,2) DEFAULT NULL,
  `date` datetime NOT NULL DEFAULT '0000-00-00 00:00:00',
  `bid` smallint(6) NOT NULL DEFAULT '0',
  `new` char(1) DEFAULT NULL,
  `hot` char(1) DEFAULT NULL,
  `top_rated` char(1) DEFAULT NULL,
  `pick` char(1) DEFAULT NULL,
  `password` varchar(20) DEFAULT NULL,
  `updated` char(1) DEFAULT NULL,
  `reviews` smallint(6) DEFAULT NULL,
  `avg_review` float(4,2) DEFAULT NULL,
  `last_updated` datetime DEFAULT NULL,
  `official_review` text,
  `keywords` varchar(255) DEFAULT NULL,
  `cat1` mediumint(6) NOT NULL DEFAULT '0',
  `cat2` mediumint(6) NOT NULL DEFAULT '0',
  `suspended` char(1) NOT NULL DEFAULT '0',
  `reciprocal_url` varchar(255) DEFAULT NULL,
  `address` varchar(255) DEFAULT NULL,
  `city` varchar(255) DEFAULT NULL,
  `state` varchar(255) DEFAULT NULL,
  `country` varchar(255) DEFAULT NULL,
  `zip` varchar(255) DEFAULT NULL,
  `image` varchar(255) DEFAULT NULL,
  `phone` varchar(255) DEFAULT NULL,
  `fax` varchar(255) DEFAULT NULL,
  PRIMARY KEY (`vid`)
) ENGINE=MyISAM DEFAULT CHARSET=latin1;

--
-- Dumping data for table `idx_link_temp`
--


--
-- Table structure for table `idx_link_temp_user`
--

CREATE TABLE `idx_link_temp_user` (
  `vid` mediumint(9) unsigned NOT NULL DEFAULT '0',
  `username` varchar(20) NOT NULL DEFAULT '',
  PRIMARY KEY (`vid`)
) ENGINE=MyISAM DEFAULT CHARSET=latin1;

--
-- Dumping data for table `idx_link_temp_user`
--


--
-- Table structure for table `idx_link_user`
--

CREATE TABLE `idx_link_user` (
  `link_id` mediumint(9) unsigned NOT NULL DEFAULT '0',
  `username` varchar(20) NOT NULL DEFAULT '',
  PRIMARY KEY (`link_id`)
) ENGINE=MyISAM DEFAULT CHARSET=latin1;

--
-- Dumping data for table `idx_link_user`
--


--
-- Table structure for table `idx_mailing_list`
--

CREATE TABLE `idx_mailing_list` (
  `email` varchar(50) NOT NULL DEFAULT '',
  `code` varchar(4) DEFAULT NULL,
  `status` char(1) DEFAULT NULL,
  PRIMARY KEY (`email`)
) ENGINE=MyISAM DEFAULT CHARSET=latin1;

--
-- Dumping data for table `idx_mailing_list`
--


--
-- Table structure for table `idx_message`
--

CREATE TABLE `idx_message` (
  `message_id` smallint(6) NOT NULL AUTO_INCREMENT,
  `date` date DEFAULT NULL,
  `body` text,
  `subject` varchar(100) DEFAULT NULL,
  PRIMARY KEY (`message_id`)
) ENGINE=MyISAM DEFAULT CHARSET=latin1;

--
-- Dumping data for table `idx_message`
--


--
-- Table structure for table `idx_notification`
--

CREATE TABLE `idx_notification` (
  `username` varchar(20) NOT NULL DEFAULT '',
  `category_id` mediumint(9) NOT NULL DEFAULT '0'
) ENGINE=MyISAM DEFAULT CHARSET=latin1;

--
-- Dumping data for table `idx_notification`
--


--
-- Table structure for table `idx_pagerank`
--

CREATE TABLE `idx_pagerank` (
  `link_id` mediumint(8) unsigned NOT NULL DEFAULT '0',
  `engine` char(1) NOT NULL DEFAULT '',
  `rank` tinyint(4) NOT NULL DEFAULT '0',
  `last_update` date NOT NULL DEFAULT '0000-00-00',
  PRIMARY KEY (`link_id`,`engine`)
) ENGINE=MyISAM DEFAULT CHARSET=latin1;

--
-- Dumping data for table `idx_pagerank`
--

INSERT INTO `idx_pagerank` VALUES (1,'g',0,'2011-09-16'),(2,'g',6,'2011-09-16'),(3,'g',3,'2011-09-19'),(9,'g',2,'2011-09-19'),(8,'g',2,'2011-09-19'),(5,'g',0,'2011-09-19'),(10,'g',0,'2011-09-20'),(19,'g',0,'2012-02-29'),(6,'g',2,'2011-09-20'),(4,'g',2,'2011-09-20'),(7,'g',2,'2011-09-20'),(18,'g',0,'2012-02-29'),(17,'g',0,'2012-02-29'),(49,'g',0,'2011-09-23'),(38,'g',0,'2012-02-29'),(103,'g',0,'2012-02-29'),(133,'g',0,'2012-02-29'),(107,'g',3,'2011-09-23'),(125,'g',0,'2012-02-29'),(44,'g',5,'2011-09-24'),(43,'g',0,'2011-09-24'),(68,'g',0,'2012-01-04'),(136,'g',4,'2011-09-24'),(134,'g',0,'2012-01-04'),(22,'g',0,'2012-02-28'),(48,'g',2,'2011-09-25'),(123,'g',0,'2012-02-28'),(115,'g',0,'2012-01-04'),(69,'g',0,'2012-01-04'),(131,'g',0,'2012-02-28'),(100,'g',0,'2011-09-25'),(30,'g',0,'2012-02-28'),(63,'g',0,'2012-01-03'),(73,'g',0,'2012-02-28'),(56,'g',0,'2012-01-04'),(58,'g',0,'2012-01-03'),(92,'g',0,'2012-01-03'),(94,'g',0,'2012-01-04'),(89,'g',0,'2012-02-28'),(86,'g',0,'2012-02-13'),(132,'g',0,'2012-02-28'),(120,'g',0,'2012-02-28'),(112,'g',0,'2012-02-13'),(98,'g',0,'2012-02-13'),(62,'g',0,'2012-02-28'),(74,'g',0,'2012-02-28'),(128,'g',0,'2012-02-28'),(127,'g',0,'2011-11-12'),(97,'g',0,'2012-02-13'),(91,'g',0,'2012-01-03'),(121,'g',0,'2012-02-28'),(108,'g',0,'2011-09-26'),(126,'g',0,'2011-11-17'),(45,'g',0,'2011-09-26'),(47,'g',0,'2011-09-26'),(139,'g',0,'2012-02-29'),(84,'g',0,'2012-01-04'),(59,'g',0,'2012-01-04'),(64,'g',0,'2012-03-03'),(20,'g',0,'2012-02-07'),(76,'g',0,'2012-01-04'),(82,'g',0,'2012-02-29'),(67,'g',0,'2012-01-04'),(61,'g',0,'2012-01-04'),(72,'g',0,'2012-02-13'),(33,'g',0,'2012-01-03'),(41,'g',0,'2011-11-17'),(65,'g',0,'2012-02-28'),(32,'g',0,'2012-02-13'),(57,'g',0,'2012-01-03'),(28,'g',0,'2012-02-13'),(50,'g',0,'2011-09-28'),(60,'g',0,'2012-02-13'),(31,'g',0,'2012-02-13'),(42,'g',1,'2011-09-28'),(53,'g',0,'2012-02-28'),(46,'g',2,'2011-09-28'),(99,'g',0,'2012-02-29'),(70,'g',0,'2011-11-07'),(39,'g',0,'2012-01-16'),(35,'g',0,'2012-01-16'),(52,'g',0,'2012-02-29'),(78,'g',0,'2012-02-29'),(80,'g',0,'2012-01-16'),(117,'g',0,'2012-02-29'),(130,'g',0,'2012-02-29'),(145,'g',0,'2012-02-29'),(95,'g',0,'2012-02-29'),(25,'g',3,'2011-09-29'),(27,'g',6,'2011-09-29'),(55,'g',0,'2012-02-17'),(14,'g',0,'2011-09-29'),(11,'g',2,'2011-09-29'),(102,'g',2,'2011-09-29'),(81,'g',0,'2012-02-09'),(26,'g',3,'2011-09-29'),(37,'g',0,'2012-02-29'),(24,'g',0,'2011-09-29'),(23,'g',6,'2011-09-29'),(16,'g',0,'2011-09-29'),(118,'g',0,'2012-01-03'),(12,'g',1,'2011-09-29'),(79,'g',0,'2012-02-09'),(13,'g',1,'2011-09-29'),(75,'g',0,'2012-01-04'),(129,'g',0,'2012-02-14'),(29,'g',0,'2012-02-09'),(138,'g',2,'2011-09-30'),(83,'g',0,'2012-02-29'),(15,'g',4,'2011-09-30'),(40,'g',0,'2012-02-29'),(113,'g',0,'2012-01-04'),(109,'g',0,'2012-01-30'),(36,'g',0,'2012-02-07'),(85,'g',0,'2012-02-07'),(96,'g',0,'2012-02-07'),(153,'g',0,'2012-02-07'),(106,'g',0,'2012-02-07'),(122,'g',0,'2012-02-07'),(114,'g',0,'2012-02-07'),(116,'g',0,'2012-02-07'),(150,'g',0,'2012-02-07'),(101,'g',4,'2011-10-03'),(157,'g',0,'2012-02-14'),(235,'g',0,'2012-02-14'),(247,'g',0,'2012-02-14'),(185,'g',0,'2012-02-29'),(187,'g',0,'2011-12-26'),(223,'g',0,'2012-02-26'),(206,'g',0,'2012-01-04'),(140,'g',0,'2012-01-04'),(212,'g',0,'2012-02-29'),(220,'g',0,'2012-02-29'),(182,'g',0,'2012-02-29'),(245,'g',0,'2012-01-04'),(144,'g',0,'2011-11-18'),(152,'g',0,'2012-02-29'),(199,'g',0,'2012-01-04'),(227,'g',0,'2012-02-29'),(190,'g',0,'2012-01-16'),(219,'g',0,'2012-01-16'),(263,'g',0,'2012-01-16'),(146,'g',0,'2012-01-03'),(192,'g',0,'2012-02-29'),(137,'g',0,'2011-10-04'),(210,'g',0,'2012-02-29'),(183,'g',0,'2012-02-09'),(258,'g',0,'2012-02-17'),(93,'g',0,'2012-02-26'),(71,'g',0,'2012-01-18'),(124,'g',0,'2012-02-25'),(204,'g',0,'2012-02-29'),(110,'g',0,'2012-02-26'),(87,'g',0,'2012-02-29'),(104,'g',3,'2011-10-04'),(34,'g',0,'2012-02-26'),(119,'g',0,'2012-02-28'),(231,'g',0,'2012-01-03'),(215,'g',0,'2012-02-26'),(201,'g',0,'2012-01-13'),(135,'g',0,'2012-02-26'),(77,'g',0,'2012-02-26'),(197,'g',0,'2012-02-29'),(181,'g',0,'2012-01-03'),(208,'g',0,'2012-02-29'),(234,'g',0,'2012-02-29'),(200,'g',0,'2012-03-03'),(90,'g',0,'2012-01-04'),(143,'g',0,'2011-11-17'),(261,'g',0,'2012-01-03'),(253,'g',0,'2012-02-29'),(203,'g',0,'2012-02-28'),(111,'g',0,'2012-02-29'),(189,'g',0,'2012-02-07'),(66,'g',0,'2012-02-29'),(228,'g',0,'2012-01-03'),(54,'g',0,'2012-02-29'),(21,'g',0,'2012-02-25'),(216,'g',0,'2012-02-29'),(230,'g',0,'2012-02-29'),(202,'g',0,'2012-02-29'),(196,'g',0,'2012-02-29'),(51,'g',3,'2011-10-05'),(142,'g',0,'2012-02-17'),(236,'g',0,'2012-02-26'),(105,'g',3,'2011-10-05'),(214,'g',0,'2012-02-29'),(88,'g',0,'2012-02-29'),(380,'g',0,'2011-10-06'),(434,'g',0,'2011-10-06'),(302,'g',0,'2011-10-06'),(475,'g',0,'2011-10-06'),(448,'g',0,'2011-10-06'),(431,'g',0,'2011-10-06'),(459,'g',0,'2011-10-06'),(457,'g',0,'2011-10-06'),(319,'g',0,'2011-10-06'),(322,'g',0,'2011-10-06'),(549,'g',0,'2011-10-06'),(517,'g',0,'2011-10-07'),(382,'g',0,'2011-10-07'),(304,'g',0,'2011-10-07'),(461,'g',0,'2011-10-07'),(483,'g',0,'2011-10-07'),(437,'g',0,'2011-10-07'),(473,'g',0,'2011-10-07'),(564,'g',0,'2011-10-07'),(419,'g',0,'2011-10-07'),(616,'g',0,'2011-10-07'),(528,'g',0,'2011-10-07'),(939,'g',0,'2011-10-07'),(369,'g',0,'2011-10-07'),(626,'g',0,'2011-10-07'),(442,'g',0,'2011-10-07'),(441,'g',0,'2011-10-07'),(656,'g',0,'2011-10-07'),(768,'g',0,'2011-10-07'),(432,'g',0,'2011-10-07'),(893,'g',0,'2011-10-07'),(841,'g',0,'2012-02-29'),(427,'g',0,'2011-10-08'),(648,'g',0,'2011-10-08'),(958,'g',0,'2011-10-08'),(346,'g',0,'2011-10-08'),(519,'g',0,'2011-10-08'),(664,'g',0,'2011-10-08'),(413,'g',0,'2011-10-09'),(412,'g',0,'2011-10-09'),(395,'g',0,'2011-10-09'),(387,'g',0,'2011-10-09'),(328,'g',0,'2011-10-09'),(307,'g',0,'2011-10-09'),(337,'g',0,'2011-10-09'),(257,'g',0,'2012-01-04'),(410,'g',0,'2011-10-09'),(314,'g',0,'2011-10-09'),(1163,'g',0,'2012-02-03'),(1176,'g',0,'2012-02-03'),(1189,'g',0,'2012-02-03'),(1245,'g',0,'2012-02-03'),(1337,'g',0,'2012-01-04'),(1216,'g',0,'2012-02-14'),(1155,'g',0,'2012-02-14'),(1156,'g',0,'2012-02-14'),(1236,'g',0,'2012-02-14'),(1312,'g',0,'2012-01-03'),(1200,'g',0,'2012-02-12'),(1147,'g',0,'2012-02-23'),(1212,'g',0,'2012-02-23'),(1182,'g',0,'2012-02-26'),(1242,'g',0,'2012-02-07'),(1168,'g',0,'2012-02-07'),(590,'g',0,'2011-10-13'),(422,'g',0,'2011-10-14'),(283,'g',0,'2011-10-14'),(965,'g',0,'2011-10-14'),(325,'g',0,'2011-10-14'),(985,'g',0,'2011-11-27'),(773,'g',0,'2011-10-14'),(1015,'g',0,'2012-03-06'),(795,'g',0,'2011-10-14'),(946,'g',0,'2011-10-14'),(877,'g',0,'2011-10-14'),(246,'g',0,'2012-01-21'),(218,'g',0,'2012-02-29'),(229,'g',0,'2012-02-29'),(863,'g',0,'2011-11-18'),(435,'g',0,'2011-10-14'),(248,'g',0,'2012-02-28'),(907,'g',0,'2011-10-14'),(264,'g',0,'2012-01-26'),(984,'g',0,'2011-11-27'),(269,'g',0,'2011-10-14'),(1181,'g',0,'2012-02-03'),(1179,'g',0,'2012-01-05'),(1178,'g',0,'2012-02-29'),(1151,'g',0,'2012-02-29'),(1153,'g',0,'2011-12-26'),(1139,'g',0,'2012-02-12'),(1170,'g',0,'2012-01-04'),(1220,'g',0,'2012-01-04'),(931,'g',0,'2011-10-16'),(885,'g',0,'2011-10-16'),(988,'g',0,'2012-03-05'),(886,'g',0,'2011-10-16'),(932,'g',0,'2011-10-16'),(1187,'g',0,'2012-01-04'),(1140,'g',0,'2012-01-03'),(935,'g',0,'2011-10-16'),(954,'g',0,'2011-10-16'),(880,'g',0,'2011-10-16'),(980,'g',0,'2011-10-16'),(983,'g',0,'2011-10-16'),(265,'g',0,'2012-01-05'),(981,'g',0,'2011-10-16'),(260,'g',0,'2012-02-29'),(982,'g',0,'2011-10-16'),(156,'g',0,'2012-02-07'),(184,'g',0,'2011-11-18'),(306,'g',0,'2011-10-16'),(158,'g',0,'2012-01-20'),(256,'g',0,'2012-01-20'),(259,'g',0,'2011-10-16'),(224,'g',0,'2012-01-26'),(326,'g',0,'2011-10-17'),(239,'g',0,'2012-01-25'),(251,'g',0,'2012-02-20'),(277,'g',0,'2011-10-17'),(270,'g',0,'2011-10-17'),(273,'g',0,'2011-10-17'),(274,'g',0,'2011-10-17'),(275,'g',0,'2011-10-17'),(267,'g',0,'2012-01-10'),(272,'g',0,'2011-10-17'),(1162,'g',0,'2012-02-17'),(276,'g',0,'2011-10-17'),(1354,'g',0,'2012-02-03'),(1378,'g',0,'2012-02-17'),(1533,'g',0,'2012-02-03'),(1347,'g',0,'2012-02-17'),(1407,'g',0,'2012-02-03'),(1364,'g',0,'2012-02-17'),(1222,'g',0,'2012-02-17'),(1410,'g',0,'2012-02-14'),(1345,'g',0,'2012-02-17'),(1165,'g',0,'2012-02-29'),(1313,'g',0,'2012-03-03'),(1172,'g',0,'2012-02-29'),(1196,'g',0,'2012-02-29'),(1282,'g',0,'2012-01-04'),(278,'g',0,'2011-10-17'),(271,'g',0,'2011-10-17'),(1132,'g',0,'2012-02-29'),(1258,'g',0,'2012-02-29'),(1271,'g',0,'2012-02-29'),(1255,'g',0,'2012-02-29'),(1240,'g',0,'2012-02-29'),(1250,'g',0,'2012-02-29'),(1266,'g',0,'2012-02-29'),(1273,'g',0,'2012-01-04'),(1198,'g',0,'2012-02-29'),(281,'g',0,'2011-10-17'),(268,'g',0,'2011-10-17'),(321,'g',0,'2011-10-17'),(1382,'g',0,'2012-03-03'),(1490,'g',0,'2012-02-29'),(1486,'g',0,'2011-12-26'),(1395,'g',0,'2012-02-29'),(1483,'g',0,'2012-02-29'),(1145,'g',0,'2012-02-20'),(1285,'g',0,'2012-02-29'),(1208,'g',0,'2011-12-20'),(1149,'g',0,'2012-02-20'),(1307,'g',0,'2012-02-29'),(1180,'g',0,'2012-02-29'),(1534,'g',0,'2012-02-29'),(481,'g',0,'2012-02-29'),(784,'g',0,'2012-02-29'),(1017,'g',0,'2012-02-29'),(1093,'g',0,'2012-02-29'),(1088,'g',0,'2012-02-29'),(1303,'g',0,'2012-01-19'),(1087,'g',0,'2012-02-29'),(1126,'g',0,'2012-02-29'),(1125,'g',0,'2012-02-29'),(1211,'g',0,'2012-02-29'),(1248,'g',0,'2012-02-29'),(1246,'g',0,'2012-01-05'),(1253,'g',0,'2012-02-16'),(1249,'g',0,'2012-01-04'),(1254,'g',0,'2012-01-04'),(1256,'g',0,'2012-02-16'),(1257,'g',0,'2012-01-04'),(1244,'g',0,'2012-02-29'),(1251,'g',0,'2012-01-04'),(1329,'g',0,'2012-02-29'),(1234,'g',0,'2012-01-04'),(831,'g',0,'2012-01-04'),(1235,'g',0,'2012-02-29'),(1311,'g',0,'2012-02-29'),(1237,'g',0,'2012-02-29'),(780,'g',0,'2012-02-29'),(1193,'g',0,'2012-02-29'),(1229,'g',0,'2012-01-04'),(1233,'g',0,'2012-02-29'),(1270,'g',0,'2012-01-05'),(1146,'g',0,'2012-02-29'),(1218,'g',0,'2012-01-05'),(1420,'g',0,'2012-01-05'),(1346,'g',0,'2012-02-06'),(869,'g',0,'2012-02-29'),(1152,'g',0,'2012-02-29'),(726,'g',0,'2012-02-29'),(852,'g',0,'2012-02-29'),(847,'g',0,'2012-02-29'),(1504,'g',0,'2012-02-23'),(1226,'g',0,'2012-02-28'),(1375,'g',0,'2012-02-17'),(1380,'g',0,'2012-03-03'),(1503,'g',0,'2012-02-20'),(1344,'g',0,'2011-12-14'),(1569,'g',0,'2012-02-17'),(1532,'g',0,'2012-02-17'),(1396,'g',0,'2012-02-22'),(1174,'g',0,'2012-02-28'),(1322,'g',0,'2012-02-17'),(1564,'g',0,'2012-02-17'),(1516,'g',0,'2012-02-17'),(1231,'g',0,'2012-02-28'),(1352,'g',0,'2012-02-28'),(1373,'g',0,'2012-02-28'),(1391,'g',0,'2012-02-17'),(1374,'g',0,'2012-02-17'),(1197,'g',0,'2012-01-04'),(1215,'g',0,'2012-02-26'),(735,'g',0,'2012-02-29'),(141,'g',0,'2012-02-28'),(241,'g',0,'2012-02-28'),(160,'g',0,'2012-01-06'),(159,'g',0,'2012-01-06'),(1510,'g',0,'2012-02-07'),(250,'g',0,'2012-01-04'),(154,'g',0,'2012-02-28'),(254,'g',0,'2012-02-26'),(155,'g',0,'2012-01-06'),(233,'g',0,'2012-02-28'),(249,'g',0,'2012-02-29'),(163,'g',0,'2012-02-20'),(207,'g',0,'2012-02-28'),(1376,'g',0,'2012-02-07'),(148,'g',0,'2012-02-28'),(989,'g',0,'2012-01-04'),(1414,'g',0,'2012-02-12'),(1383,'g',0,'2012-02-12'),(1385,'g',0,'2012-02-12'),(1406,'g',0,'2012-02-12'),(1389,'g',0,'2012-02-12'),(1415,'g',0,'2012-02-12'),(1417,'g',0,'2012-02-12'),(1409,'g',0,'2012-02-12'),(1419,'g',0,'2012-02-13'),(1428,'g',0,'2012-02-13'),(1426,'g',0,'2012-01-07'),(1429,'g',0,'2012-02-17'),(1425,'g',0,'2012-02-13'),(1427,'g',0,'2012-01-07'),(1430,'g',0,'2012-02-13'),(1432,'g',0,'2012-01-07'),(1381,'g',0,'2012-02-12'),(1413,'g',0,'2012-02-12'),(987,'g',0,'2012-01-04'),(1436,'g',0,'2012-01-07'),(1435,'g',0,'2012-01-07'),(1441,'g',0,'2012-01-07'),(1440,'g',0,'2012-01-07'),(1442,'g',0,'2012-01-07'),(1443,'g',0,'2012-01-07'),(1447,'g',0,'2012-01-07'),(1444,'g',0,'2012-01-07'),(1453,'g',0,'2012-03-07'),(1446,'g',0,'2012-01-07'),(1540,'g',0,'2012-02-12'),(1548,'g',0,'2012-02-12'),(1541,'g',0,'2012-01-06'),(1422,'g',0,'2012-02-13'),(1423,'g',0,'2012-02-13'),(1434,'g',0,'2012-01-07'),(1433,'g',0,'2012-01-07'),(1437,'g',0,'2012-01-07'),(1438,'g',0,'2012-01-07'),(1439,'g',0,'2012-01-07'),(1445,'g',0,'2012-01-07'),(1575,'g',0,'2011-11-29'),(990,'g',0,'2012-02-29'),(1134,'g',0,'2012-01-04'),(729,'g',0,'2012-01-04'),(992,'g',0,'2012-01-04'),(149,'g',0,'2012-02-28'),(225,'g',0,'2012-02-28'),(161,'g',0,'2012-01-06'),(162,'g',0,'2011-12-27'),(1199,'g',0,'2012-01-03'),(1186,'g',0,'2012-02-27'),(875,'g',0,'2012-02-25'),(1121,'g',0,'2012-01-04'),(1133,'g',0,'2012-02-25'),(854,'g',0,'2012-02-25'),(743,'g',0,'2012-01-04'),(1124,'g',0,'2012-01-04'),(737,'g',0,'2011-12-16'),(746,'g',0,'2012-03-01'),(732,'g',0,'2012-03-04'),(790,'g',0,'2011-12-16'),(776,'g',0,'2012-03-04'),(787,'g',0,'2012-01-02'),(744,'g',0,'2012-03-04'),(778,'g',0,'2011-12-16'),(739,'g',0,'2012-01-02'),(167,'g',0,'2012-01-06'),(166,'g',0,'2012-01-07'),(164,'g',0,'2012-01-06'),(198,'g',0,'2011-10-26'),(165,'g',0,'2012-01-06'),(169,'g',0,'2012-01-07'),(168,'g',0,'2012-01-06'),(170,'g',0,'2012-01-06'),(186,'g',0,'2011-10-26'),(151,'g',0,'2011-10-26'),(188,'g',0,'2012-02-29'),(1683,'g',0,'2011-10-26'),(1601,'g',0,'2011-10-26'),(2282,'g',0,'2011-10-26'),(1658,'g',0,'2011-10-26'),(1747,'g',0,'2011-10-26'),(1691,'g',0,'2011-10-26'),(2210,'g',0,'2011-12-06'),(2264,'g',0,'2011-12-06'),(2217,'g',0,'2011-12-06'),(2225,'g',0,'2011-12-06'),(2221,'g',0,'2011-12-06'),(2218,'g',0,'2011-12-06'),(2213,'g',0,'2011-12-06'),(2273,'g',0,'2011-10-27'),(180,'g',0,'2012-01-10'),(147,'g',0,'2011-12-16'),(2055,'g',0,'2011-11-29'),(2145,'g',0,'2011-11-29'),(2080,'g',0,'2011-11-27'),(2049,'g',0,'2011-11-29'),(1985,'g',0,'2011-11-29'),(1593,'g',0,'2011-11-29'),(1875,'g',0,'2011-11-29'),(1989,'g',0,'2011-11-29'),(1642,'g',0,'2011-11-29'),(1812,'g',0,'2011-10-27'),(2285,'g',0,'2011-11-27'),(1805,'g',0,'2011-11-27'),(2255,'g',0,'2011-12-02'),(2274,'g',0,'2011-10-27'),(2260,'g',0,'2011-10-27'),(2279,'g',0,'2011-10-27'),(2250,'g',0,'2011-10-27'),(2284,'g',0,'2011-10-27'),(2277,'g',0,'2011-10-27'),(2276,'g',0,'2011-10-27'),(2266,'g',0,'2011-10-27'),(2253,'g',0,'2011-10-27'),(1992,'g',0,'2011-11-29'),(2244,'g',0,'2011-11-29'),(2238,'g',0,'2011-11-29'),(2214,'g',0,'2011-11-29'),(1794,'g',0,'2011-11-29'),(2119,'g',0,'2011-11-29'),(2063,'g',0,'2011-10-27'),(1917,'g',0,'2011-10-27'),(1995,'g',0,'2011-10-27'),(1980,'g',0,'2011-10-27'),(1740,'g',0,'2011-11-27'),(1647,'g',0,'2011-11-27'),(1712,'g',0,'2011-11-27'),(1939,'g',0,'2011-11-27'),(1919,'g',0,'2011-11-27'),(2007,'g',0,'2011-11-27'),(2082,'g',0,'2011-11-27'),(1982,'g',0,'2011-11-27'),(2212,'g',0,'2011-11-27'),(2002,'g',0,'2011-11-27'),(1943,'g',0,'2011-11-27'),(1807,'g',0,'2011-10-28'),(2042,'g',0,'2011-10-28'),(2172,'g',0,'2011-12-02'),(2072,'g',0,'2011-12-02'),(2154,'g',0,'2011-12-02'),(2141,'g',0,'2011-12-02'),(2164,'g',0,'2011-12-02'),(2268,'g',0,'2011-12-02'),(2150,'g',0,'2011-10-28'),(1778,'g',0,'2011-10-28'),(1806,'g',0,'2011-10-28'),(1742,'g',0,'2011-10-28'),(1869,'g',0,'2011-10-28'),(2263,'g',0,'2011-12-01'),(1663,'g',0,'2011-10-28'),(1684,'g',0,'2011-10-28'),(2256,'g',0,'2011-10-28'),(2006,'g',0,'2011-11-27'),(2275,'g',0,'2011-12-01'),(1661,'g',0,'2011-10-28'),(1621,'g',0,'2011-10-28'),(1724,'g',0,'2011-10-28'),(1659,'g',0,'2011-10-28'),(2251,'g',0,'2011-10-28'),(2252,'g',0,'2011-10-28'),(2249,'g',0,'2011-10-28'),(1584,'g',0,'2011-10-29'),(1692,'g',0,'2011-10-29'),(1655,'g',0,'2011-10-29'),(1657,'g',0,'2011-10-29'),(1720,'g',0,'2011-10-29'),(1624,'g',0,'2011-10-29'),(2265,'g',0,'2011-11-30'),(2281,'g',0,'2011-11-30'),(1841,'g',0,'2011-10-29'),(1789,'g',0,'2011-10-30'),(1853,'g',0,'2011-10-30'),(2060,'g',0,'2011-10-30'),(1993,'g',0,'2011-10-30'),(2283,'g',0,'2011-10-30'),(1928,'g',0,'2011-10-30'),(1865,'g',0,'2011-10-30'),(2187,'g',0,'2011-10-30'),(1586,'g',0,'2011-10-30'),(2059,'g',0,'2011-10-30'),(2118,'g',0,'2011-10-30'),(2601,'g',0,'2011-10-30'),(3239,'g',0,'2011-10-30'),(1628,'g',0,'2011-10-30'),(2362,'g',0,'2011-10-30'),(1639,'g',0,'2011-11-01'),(2269,'g',0,'2011-11-01'),(2236,'g',0,'2011-11-01'),(2177,'g',0,'2011-12-05'),(1705,'g',0,'2011-11-01'),(2254,'g',0,'2011-12-05'),(2112,'g',0,'2011-12-05'),(2280,'g',0,'2011-12-05'),(2183,'g',0,'2011-12-05'),(2152,'g',0,'2011-12-05'),(2195,'g',0,'2011-11-01'),(2262,'g',0,'2011-11-01'),(2064,'g',0,'2011-12-05'),(2952,'g',0,'2011-11-02'),(1927,'g',0,'2011-11-02'),(1925,'g',0,'2011-11-02'),(1990,'g',0,'2011-11-02'),(3048,'g',0,'2011-11-02'),(1988,'g',0,'2011-11-02'),(2941,'g',0,'2011-11-02'),(1622,'g',0,'2011-11-02'),(1587,'g',0,'2011-11-02'),(1768,'g',0,'2011-11-02'),(1583,'g',0,'2011-11-02'),(2258,'g',0,'2011-11-02'),(2270,'g',0,'2011-11-02'),(1708,'g',0,'2011-11-02'),(1721,'g',0,'2011-11-02'),(1630,'g',0,'2011-11-02'),(2193,'g',0,'2011-11-02'),(1798,'g',0,'2011-11-02'),(1688,'g',0,'2011-11-02'),(2076,'g',0,'2011-11-02'),(2094,'g',0,'2011-11-02'),(1596,'g',0,'2011-11-02'),(1648,'g',0,'2011-11-02'),(1755,'g',0,'2011-11-02'),(2157,'g',0,'2011-11-02'),(2259,'g',0,'2011-11-03'),(2271,'g',0,'2011-11-03'),(1791,'g',0,'2011-11-04'),(2241,'g',0,'2011-11-04'),(2248,'g',0,'2011-11-04'),(1769,'g',0,'2011-11-04'),(1760,'g',0,'2011-11-04'),(1790,'g',0,'2011-11-04'),(1777,'g',0,'2011-11-04'),(1767,'g',0,'2011-11-04'),(1779,'g',0,'2011-11-04'),(1770,'g',0,'2011-11-04'),(1785,'g',0,'2011-11-04'),(1650,'g',0,'2011-11-04'),(1597,'g',0,'2011-11-04'),(1668,'g',0,'2011-11-04'),(1606,'g',0,'2011-11-04'),(1707,'g',0,'2011-11-04'),(1641,'g',0,'2011-11-04'),(2261,'g',0,'2011-11-04'),(2278,'g',0,'2011-11-04'),(2267,'g',0,'2011-11-04'),(2257,'g',0,'2011-11-04'),(1577,'g',0,'2011-11-05'),(6084,'g',0,'2011-11-05'),(6095,'g',0,'2011-11-06'),(6062,'g',0,'2011-11-06'),(1766,'g',0,'2011-11-06'),(1765,'g',0,'2011-11-06'),(1715,'g',0,'2011-11-06'),(1758,'g',0,'2011-11-06'),(1748,'g',0,'2011-11-06'),(1782,'g',0,'2011-11-06'),(1749,'g',0,'2011-11-06'),(2240,'g',0,'2011-11-06'),(1781,'g',0,'2011-11-06'),(1787,'g',0,'2011-11-06'),(1613,'g',0,'2011-11-06'),(2482,'g',0,'2011-11-06'),(3928,'g',0,'2012-01-03'),(2734,'g',0,'2011-11-06'),(1676,'g',0,'2011-11-06'),(3350,'g',0,'2011-11-06'),(2143,'g',0,'2011-11-06'),(3748,'g',0,'2011-11-06'),(2216,'g',0,'2011-11-06'),(2272,'g',0,'2011-11-06'),(3660,'g',0,'2011-11-07'),(4012,'g',0,'2011-11-07'),(3849,'g',0,'2011-11-07'),(3902,'g',0,'2011-11-07'),(3819,'g',0,'2011-11-07'),(3787,'g',0,'2011-11-07'),(3691,'g',0,'2011-11-07'),(3616,'g',0,'2011-11-07'),(3817,'g',0,'2011-11-07'),(3847,'g',0,'2011-11-07'),(3257,'g',0,'2011-11-07'),(3247,'g',0,'2011-11-07'),(3131,'g',0,'2011-11-07'),(3188,'g',0,'2011-11-07'),(3244,'g',0,'2011-11-07'),(3242,'g',0,'2011-11-07'),(3252,'g',0,'2011-11-07'),(3078,'g',0,'2011-11-07'),(3240,'g',0,'2011-11-07'),(3236,'g',0,'2011-11-07'),(1858,'g',0,'2011-11-08'),(1822,'g',0,'2011-11-08'),(1879,'g',0,'2011-11-08'),(1824,'g',0,'2011-11-08'),(3022,'g',0,'2011-11-08'),(3083,'g',0,'2011-11-08'),(1818,'g',0,'2011-11-08'),(2946,'g',0,'2011-11-08'),(1854,'g',0,'2011-11-08'),(2917,'g',0,'2011-11-08'),(2660,'g',0,'2011-11-08'),(1877,'g',0,'2011-11-08'),(1820,'g',0,'2011-11-08'),(1881,'g',0,'2011-11-08'),(3152,'g',0,'2011-11-08'),(2899,'g',0,'2011-11-08'),(2799,'g',0,'2011-11-08'),(2791,'g',0,'2011-11-08'),(1826,'g',0,'2011-11-08'),(3036,'g',0,'2011-11-08'),(1511,'g',0,'2012-01-04'),(2507,'g',0,'2011-11-08'),(1361,'g',0,'2012-01-04'),(2635,'g',0,'2011-11-08'),(1482,'g',0,'2012-01-04'),(2612,'g',0,'2011-11-08'),(2466,'g',0,'2011-11-08'),(1458,'g',0,'2012-01-04'),(2374,'g',0,'2011-11-08'),(2334,'g',0,'2011-11-08'),(811,'g',0,'2012-02-15'),(814,'g',0,'2012-01-04'),(806,'g',0,'2012-01-04'),(1891,'g',0,'2011-11-08'),(1774,'g',0,'2011-11-08'),(1719,'g',0,'2011-11-08'),(1669,'g',0,'2011-11-08'),(1184,'g',0,'2012-01-04'),(1786,'g',0,'2011-11-08'),(1356,'g',0,'2012-01-04'),(1185,'g',0,'2012-01-04'),(1360,'g',0,'2012-01-04'),(1838,'g',0,'2011-11-08'),(1828,'g',0,'2011-11-08'),(1978,'g',0,'2011-11-08'),(1916,'g',0,'2011-11-08'),(1733,'g',0,'2011-11-08'),(1357,'g',0,'2012-01-04'),(1885,'g',0,'2011-11-08'),(1887,'g',0,'2011-11-08'),(1915,'g',0,'2011-11-08'),(1929,'g',0,'2011-11-08'),(1972,'g',0,'2011-11-08'),(1883,'g',0,'2011-11-08'),(1910,'g',0,'2011-11-08'),(1889,'g',0,'2011-11-08'),(2109,'g',0,'2011-11-09'),(2146,'g',0,'2011-11-09'),(2133,'g',0,'2011-11-09'),(2123,'g',0,'2011-11-09'),(2163,'g',0,'2011-11-09'),(2130,'g',0,'2011-11-09'),(2197,'g',0,'2011-11-09'),(2075,'g',0,'2011-11-09'),(2079,'g',0,'2011-11-09'),(2078,'g',0,'2011-11-09'),(252,'g',0,'2012-01-10'),(262,'g',0,'2012-01-10'),(244,'g',0,'2012-01-10'),(255,'g',0,'2012-01-10'),(266,'g',0,'2012-01-07'),(1623,'g',0,'2011-11-09'),(1605,'g',0,'2011-11-09'),(1585,'g',0,'2011-11-09'),(1619,'g',0,'2011-11-09'),(1604,'g',0,'2011-11-09'),(179,'g',0,'2012-01-06'),(175,'g',0,'2012-01-06'),(174,'g',0,'2011-12-24'),(177,'g',0,'2012-02-12'),(173,'g',0,'2012-01-06'),(178,'g',0,'2012-02-12'),(176,'g',0,'2012-01-06'),(1598,'g',0,'2011-11-09'),(1589,'g',0,'2011-11-09'),(1603,'g',0,'2011-11-09'),(1836,'g',0,'2011-11-11'),(1804,'g',0,'2011-11-11'),(1803,'g',0,'2011-11-11'),(1137,'g',0,'2011-12-15'),(1141,'g',0,'2011-12-16'),(1142,'g',0,'2011-12-15'),(1138,'g',0,'2011-12-16'),(1495,'g',0,'2012-01-06'),(1500,'g',0,'2011-11-13'),(1469,'g',0,'2012-02-13'),(1224,'g',0,'2012-02-27'),(1520,'g',0,'2012-01-06'),(1530,'g',0,'2012-01-06'),(1405,'g',0,'2011-11-13'),(1399,'g',0,'2011-11-13'),(1286,'g',0,'2012-02-12'),(1386,'g',0,'2012-02-12'),(1284,'g',0,'2011-11-13'),(1508,'g',0,'2011-11-13'),(1499,'g',0,'2011-11-13'),(1287,'g',0,'2012-02-12'),(1464,'g',0,'2012-01-04'),(1556,'g',0,'2012-02-29'),(1454,'g',0,'2012-01-03'),(1355,'g',0,'2012-01-04'),(1411,'g',0,'2012-01-04'),(1424,'g',0,'2012-02-29'),(1472,'g',0,'2012-02-29'),(1463,'g',0,'2012-01-04'),(1513,'g',0,'2012-02-29'),(1476,'g',0,'2012-01-04'),(1412,'g',0,'2012-02-27'),(1203,'g',0,'2012-02-25'),(1421,'g',0,'2012-01-03'),(1497,'g',0,'2011-11-14'),(1351,'g',0,'2012-02-29'),(1408,'g',0,'2012-01-03'),(1517,'g',0,'2012-02-29'),(1350,'g',0,'2012-01-04'),(1363,'g',0,'2012-02-29'),(1518,'g',0,'2012-02-29'),(1332,'g',0,'2012-02-29'),(1343,'g',0,'2012-01-04'),(1366,'g',0,'2012-01-05'),(1479,'g',0,'2012-01-04'),(853,'g',0,'2011-11-14'),(1002,'g',0,'2012-01-10'),(1006,'g',0,'2012-03-04'),(856,'g',0,'2011-11-14'),(1009,'g',0,'2012-01-10'),(857,'g',0,'2011-12-27'),(1005,'g',0,'2012-01-10'),(872,'g',0,'2011-12-27'),(866,'g',0,'2011-12-27'),(838,'g',0,'2011-11-14'),(1010,'g',0,'2012-01-10'),(879,'g',0,'2011-12-27'),(848,'g',0,'2011-11-14'),(1001,'g',0,'2012-03-03'),(860,'g',0,'2011-11-14'),(1007,'g',0,'2012-03-04'),(844,'g',0,'2011-11-14'),(1008,'g',0,'2012-01-10'),(1004,'g',0,'2012-03-03'),(1003,'g',0,'2012-01-10'),(1265,'g',0,'2011-11-14'),(222,'g',0,'2011-11-14'),(1473,'g',0,'2012-02-29'),(1191,'g',0,'2012-02-12'),(226,'g',0,'2011-11-14'),(1461,'g',0,'2011-11-14'),(1393,'g',0,'2012-02-29'),(1158,'g',0,'2011-11-14'),(993,'g',0,'2012-03-04'),(1404,'g',0,'2012-03-03'),(1362,'g',0,'2011-12-18'),(997,'g',0,'2012-01-07'),(1331,'g',0,'2012-02-12'),(1369,'g',0,'2011-11-14'),(1219,'g',0,'2011-11-14'),(1519,'g',0,'2011-12-18'),(1000,'g',0,'2012-01-07'),(998,'g',0,'2012-01-07'),(1493,'g',0,'2012-02-29'),(565,'g',0,'2011-11-14'),(1402,'g',0,'2011-11-14'),(242,'g',0,'2011-12-16'),(1418,'g',0,'2012-02-13'),(996,'g',0,'2012-02-12'),(1377,'g',0,'2011-11-14'),(1563,'g',0,'2012-02-13'),(991,'g',0,'2012-01-07'),(799,'g',0,'2012-02-26'),(1205,'g',0,'2011-11-14'),(1470,'g',0,'2011-11-14'),(1562,'g',0,'2012-02-12'),(1221,'g',0,'2012-02-12'),(1523,'g',0,'2012-02-13'),(999,'g',0,'2012-01-07'),(995,'g',0,'2012-01-07'),(237,'g',0,'2012-03-05'),(733,'g',0,'2011-11-14'),(1558,'g',0,'2012-02-13'),(994,'g',0,'2012-01-07'),(816,'g',0,'2011-11-14'),(232,'g',0,'2011-11-14'),(1333,'g',0,'2011-11-14'),(904,'g',0,'2012-02-21'),(1334,'g',0,'2011-11-14'),(1336,'g',0,'2012-02-26'),(1150,'g',0,'2011-12-16'),(1335,'g',0,'2011-12-18'),(4156,'g',0,'2011-11-14'),(4200,'g',0,'2011-11-14'),(4017,'g',0,'2011-11-14'),(3935,'g',0,'2011-11-14'),(3971,'g',0,'2011-11-14'),(4129,'g',0,'2011-11-14'),(2603,'g',0,'2011-11-14'),(2723,'g',0,'2011-11-14'),(2782,'g',0,'2011-11-14'),(2689,'g',0,'2011-11-14'),(2588,'g',0,'2011-11-14'),(2703,'g',0,'2011-11-14'),(2714,'g',0,'2011-11-14'),(2590,'g',0,'2011-11-14'),(2684,'g',0,'2011-11-14'),(2749,'g',0,'2011-11-14'),(2017,'g',0,'2011-11-15'),(2010,'g',0,'2011-11-15'),(2016,'g',0,'2011-11-15'),(1959,'g',0,'2011-11-15'),(2020,'g',0,'2011-11-15'),(2014,'g',0,'2011-11-15'),(1955,'g',0,'2011-11-15'),(1961,'g',0,'2011-11-15'),(1963,'g',0,'2011-11-15'),(2019,'g',0,'2011-11-15'),(2186,'g',0,'2011-11-17'),(1662,'g',0,'2011-11-17'),(2117,'g',0,'2011-11-17'),(2462,'g',0,'2011-11-18'),(8061,'g',0,'2011-11-18'),(3795,'g',0,'2011-11-18'),(2655,'g',0,'2011-11-18'),(4790,'g',0,'2011-11-18'),(4108,'g',0,'2011-11-18'),(6420,'g',0,'2011-11-18'),(5326,'g',0,'2011-11-18'),(7239,'g',0,'2012-02-12'),(7076,'g',0,'2011-11-18'),(2537,'g',0,'2011-11-18'),(7215,'g',0,'2011-11-18'),(4336,'g',0,'2011-11-18'),(5508,'g',0,'2011-11-18'),(7367,'g',0,'2012-02-12'),(7377,'g',0,'2011-11-18'),(7448,'g',0,'2011-11-18'),(7394,'g',0,'2011-11-18'),(7524,'g',0,'2011-11-18'),(7933,'g',0,'2011-11-18'),(7529,'g',0,'2011-11-18'),(2778,'g',0,'2011-11-18'),(2964,'g',0,'2011-11-18'),(4474,'g',0,'2011-11-18'),(2744,'g',0,'2011-11-18'),(3975,'g',0,'2011-11-18'),(4967,'g',0,'2011-11-18'),(6543,'g',0,'2011-11-18'),(7382,'g',0,'2011-11-18'),(1259,'g',0,'2011-12-24'),(2291,'g',0,'2011-11-18'),(4921,'g',0,'2011-11-18'),(4339,'g',0,'2011-11-18'),(3523,'g',0,'2011-11-18'),(6150,'g',0,'2011-11-18'),(6760,'g',0,'2011-11-18'),(6933,'g',0,'2011-11-18'),(6936,'g',0,'2012-02-15'),(6952,'g',0,'2011-11-18'),(7040,'g',0,'2011-11-18'),(2666,'g',0,'2011-11-18'),(7129,'g',0,'2011-11-18'),(3816,'g',0,'2011-11-18'),(4131,'g',0,'2011-11-18'),(2443,'g',0,'2011-11-18'),(3681,'g',0,'2011-11-18'),(6432,'g',0,'2011-11-18'),(7274,'g',0,'2011-11-18'),(7266,'g',0,'2011-11-18'),(7411,'g',0,'2011-11-18'),(2246,'g',0,'2011-11-18'),(3589,'g',0,'2011-11-18'),(6660,'g',0,'2011-11-18'),(6832,'g',0,'2012-02-14'),(6941,'g',0,'2011-11-18'),(7107,'g',0,'2011-11-18'),(2472,'g',0,'2011-11-18'),(6834,'g',0,'2011-11-18'),(6853,'g',0,'2011-11-18'),(6849,'g',0,'2011-11-18'),(2597,'g',0,'2011-11-18'),(7018,'g',0,'2011-11-18'),(6948,'g',0,'2011-11-18'),(4451,'g',0,'2011-11-18'),(4816,'g',0,'2011-11-18'),(5350,'g',0,'2011-11-18'),(7268,'g',0,'2011-11-18'),(7092,'g',0,'2011-11-18'),(7254,'g',0,'2012-02-12'),(7335,'g',0,'2011-11-18'),(7445,'g',0,'2012-02-12'),(5610,'g',0,'2011-11-18'),(6629,'g',0,'2011-11-18'),(7481,'g',0,'2011-11-18'),(7458,'g',0,'2011-11-18'),(7521,'g',0,'2011-11-18'),(7604,'g',0,'2011-11-18'),(7916,'g',0,'2011-11-18'),(8134,'g',0,'2011-11-18'),(2740,'g',0,'2011-11-18'),(4323,'g',0,'2011-11-18'),(2391,'g',0,'2011-11-18'),(3471,'g',0,'2011-11-18'),(6049,'g',0,'2011-11-18'),(4189,'g',0,'2011-11-18'),(4800,'g',0,'2011-11-18'),(5498,'g',0,'2011-11-18'),(7357,'g',0,'2012-02-12'),(7202,'g',0,'2011-11-18'),(7442,'g',0,'2011-11-18'),(7515,'g',0,'2011-11-18'),(7386,'g',0,'2011-11-18'),(7522,'g',0,'2011-11-18'),(7030,'g',0,'2011-11-18'),(4110,'g',0,'2011-11-18'),(2801,'g',0,'2011-11-18'),(3408,'g',0,'2011-11-18'),(4969,'g',0,'2011-11-18'),(4982,'g',0,'2011-11-18'),(2233,'g',0,'2011-11-18'),(4987,'g',0,'2011-11-18'),(3292,'g',0,'2011-11-18'),(4300,'g',0,'2011-11-18'),(5087,'g',0,'2011-11-18'),(7460,'g',0,'2011-11-18'),(7296,'g',0,'2011-11-18'),(5412,'g',0,'2011-11-18'),(6283,'g',0,'2011-11-18'),(6392,'g',0,'2011-11-18'),(6308,'g',0,'2011-12-28'),(6114,'g',0,'2011-11-18'),(6285,'g',0,'2011-11-18'),(6293,'g',0,'2011-11-18'),(6421,'g',0,'2011-11-18'),(3962,'g',0,'2011-11-18'),(2533,'g',0,'2011-11-18'),(4953,'g',0,'2011-11-18'),(1280,'g',0,'2011-12-24'),(1494,'g',0,'2011-12-24'),(1160,'g',0,'2011-12-19'),(8145,'g',0,'2011-11-18'),(1238,'g',0,'2012-01-25'),(3683,'g',0,'2011-11-18'),(6536,'g',0,'2011-11-18'),(7369,'g',0,'2011-11-18'),(7373,'g',0,'2011-11-18'),(3951,'g',0,'2011-11-18'),(6343,'g',0,'2011-11-18'),(6981,'g',0,'2011-11-18'),(7151,'g',0,'2012-02-12'),(7166,'g',0,'2011-11-18'),(7161,'g',0,'2011-11-18'),(7164,'g',0,'2011-11-18'),(3750,'g',0,'2011-11-18'),(5686,'g',0,'2011-11-18'),(6456,'g',0,'2011-11-18'),(1431,'g',0,'2012-01-25'),(7304,'g',0,'2011-11-18'),(7906,'g',0,'2011-11-18'),(7316,'g',0,'2011-11-18'),(2846,'g',0,'2011-11-18'),(5497,'g',0,'2011-11-18'),(5999,'g',0,'2011-11-18'),(2412,'g',0,'2011-11-18'),(6986,'g',0,'2011-11-18'),(2592,'g',0,'2011-11-18'),(4631,'g',0,'2011-11-18'),(4962,'g',0,'2011-11-18'),(5207,'g',0,'2011-11-18'),(4652,'g',0,'2011-11-18'),(7242,'g',0,'2011-11-18'),(7610,'g',0,'2011-11-18'),(7837,'g',0,'2011-11-18'),(7770,'g',0,'2011-11-18'),(7764,'g',0,'2011-11-18'),(7803,'g',0,'2011-11-18'),(7868,'g',0,'2011-11-18'),(1901,'g',0,'2011-11-18'),(1839,'g',0,'2011-11-18'),(3103,'g',0,'2011-11-18'),(2821,'g',0,'2011-11-18'),(5109,'g',0,'2011-11-18'),(4297,'g',0,'2011-11-18'),(2687,'g',0,'2011-11-18'),(3290,'g',0,'2011-11-18'),(5344,'g',0,'2011-12-28'),(5334,'g',0,'2011-11-18'),(3025,'g',0,'2011-11-18'),(7754,'g',0,'2012-02-26'),(7872,'g',0,'2011-11-18'),(7985,'g',0,'2011-11-18'),(8144,'g',0,'2011-11-21'),(8149,'g',0,'2011-11-21'),(8099,'g',0,'2011-11-21'),(8096,'g',0,'2011-11-21'),(8072,'g',0,'2011-11-21'),(8062,'g',0,'2011-11-21'),(7787,'g',0,'2011-11-21'),(7801,'g',0,'2011-11-21'),(8140,'g',0,'2011-11-21'),(7838,'g',0,'2012-02-29'),(7881,'g',0,'2011-11-21'),(7808,'g',0,'2011-11-21'),(7885,'g',0,'2011-11-21'),(7990,'g',0,'2011-11-21'),(7858,'g',0,'2011-11-21'),(7773,'g',0,'2011-11-22'),(7818,'g',0,'2011-11-22'),(7534,'g',0,'2011-11-22'),(7822,'g',0,'2011-11-22'),(7687,'g',0,'2011-11-23'),(7689,'g',0,'2011-11-23'),(7975,'g',0,'2011-11-23'),(8059,'g',0,'2011-11-23'),(7729,'g',0,'2011-11-23'),(7700,'g',0,'2011-11-23'),(3132,'g',0,'2011-11-23'),(3314,'g',0,'2011-11-23'),(3213,'g',0,'2011-11-23'),(3435,'g',0,'2011-11-23'),(3263,'g',0,'2011-11-23'),(3084,'g',0,'2011-11-23'),(3082,'g',0,'2011-11-23'),(3484,'g',0,'2011-11-23'),(3493,'g',0,'2011-11-23'),(3538,'g',0,'2011-11-23'),(2517,'g',0,'2011-11-23'),(2633,'g',0,'2011-11-23'),(2732,'g',0,'2011-11-23'),(2600,'g',0,'2011-11-23'),(2953,'g',0,'2011-11-23'),(3089,'g',0,'2011-11-23'),(2865,'g',0,'2011-11-23'),(3024,'g',0,'2011-11-23'),(2432,'g',0,'2011-11-23'),(3157,'g',0,'2011-11-23'),(3304,'g',0,'2011-11-23'),(3215,'g',0,'2011-11-23'),(3197,'g',0,'2011-11-23'),(2520,'g',0,'2011-11-23'),(3585,'g',0,'2011-11-23'),(4029,'g',0,'2011-11-23'),(3733,'g',0,'2011-11-23'),(3920,'g',0,'2011-11-23'),(1788,'g',0,'2011-11-23'),(1775,'g',0,'2011-11-23'),(2050,'g',0,'2011-11-23'),(2030,'g',0,'2011-11-23'),(2085,'g',0,'2011-11-23'),(2043,'g',0,'2011-11-23'),(1694,'g',0,'2011-11-23'),(1744,'g',0,'2011-11-23'),(2061,'g',0,'2011-11-23'),(2026,'g',0,'2011-11-23'),(1717,'g',0,'2011-11-23'),(1687,'g',0,'2011-11-23'),(2092,'g',0,'2011-11-23'),(1728,'g',0,'2011-11-23'),(1678,'g',0,'2011-11-23'),(1640,'g',0,'2011-11-23'),(1713,'g',0,'2011-11-23'),(1693,'g',0,'2011-11-23'),(2035,'g',0,'2011-11-23'),(1672,'g',0,'2011-11-23'),(2058,'g',0,'2011-11-23'),(2090,'g',0,'2011-11-23'),(2051,'g',0,'2011-11-23'),(1753,'g',0,'2011-11-23'),(1761,'g',0,'2011-11-23'),(1776,'g',0,'2011-11-23'),(1772,'g',0,'2011-11-23'),(1762,'g',0,'2011-11-23'),(2108,'g',0,'2011-11-23'),(1793,'g',0,'2011-11-23'),(2245,'g',0,'2011-11-23'),(1784,'g',0,'2011-11-23'),(1746,'g',0,'2011-11-23'),(1780,'g',0,'2011-11-23'),(580,'g',0,'2012-01-10'),(582,'g',0,'2012-03-02'),(571,'g',0,'2012-01-10'),(576,'g',0,'2012-01-10'),(574,'g',0,'2012-01-10'),(578,'g',0,'2012-02-26'),(2192,'g',0,'2011-11-24'),(2167,'g',0,'2011-11-24'),(2155,'g',0,'2011-11-24'),(2160,'g',0,'2011-11-24'),(2136,'g',0,'2011-11-24'),(2156,'g',0,'2011-11-24'),(2182,'g',0,'2011-11-24'),(2173,'g',0,'2011-11-24'),(2202,'g',0,'2011-11-24'),(2153,'g',0,'2011-11-24'),(2175,'g',0,'2011-11-24'),(2148,'g',0,'2011-11-24'),(2191,'g',0,'2011-11-24'),(2208,'g',0,'2011-11-24'),(2121,'g',0,'2011-11-24'),(2027,'g',0,'2011-11-24'),(698,'g',0,'2012-01-10'),(609,'g',0,'2012-01-10'),(606,'g',0,'2012-01-10'),(2114,'g',0,'2011-11-24'),(2124,'g',0,'2011-11-24'),(2056,'g',0,'2011-11-24'),(2142,'g',0,'2011-11-24'),(2120,'g',0,'2011-11-24'),(2116,'g',0,'2011-11-24'),(2081,'g',0,'2011-11-24'),(2052,'g',0,'2011-11-24'),(2180,'g',0,'2011-11-24'),(2209,'g',0,'2011-11-24'),(2162,'g',0,'2011-11-24'),(2101,'g',0,'2011-11-24'),(2137,'g',0,'2011-11-24'),(2555,'g',0,'2011-11-24'),(2174,'g',0,'2011-11-24'),(2205,'g',0,'2011-11-24'),(2096,'g',0,'2011-11-24'),(2103,'g',0,'2011-11-24'),(2410,'g',0,'2011-11-24'),(2206,'g',0,'2011-11-24'),(2545,'g',0,'2011-11-24'),(2062,'g',0,'2011-11-24'),(1599,'g',0,'2011-11-24'),(1611,'g',0,'2011-11-24'),(1610,'g',0,'2011-11-24'),(1614,'g',0,'2011-11-24'),(1594,'g',0,'2011-11-24'),(1617,'g',0,'2011-11-24'),(1581,'g',0,'2011-11-24'),(1580,'g',0,'2011-11-24'),(1579,'g',0,'2011-11-24'),(1582,'g',0,'2011-11-24'),(2038,'g',0,'2011-11-24'),(2086,'g',0,'2011-11-24'),(8233,'g',0,'2012-01-05'),(5915,'g',0,'2011-11-24'),(5749,'g',0,'2011-11-24'),(5950,'g',0,'2011-11-24'),(5735,'g',0,'2011-11-24'),(5786,'g',0,'2012-01-04'),(5955,'g',0,'2011-11-24'),(5745,'g',0,'2011-11-24'),(8052,'g',0,'2012-01-05'),(5540,'g',0,'2011-11-24'),(8127,'g',0,'2011-11-24'),(4188,'g',0,'2011-11-25'),(3724,'g',0,'2011-11-25'),(4218,'g',0,'2011-11-25'),(3810,'g',0,'2011-11-25'),(4132,'g',0,'2012-02-06'),(3942,'g',0,'2011-11-25'),(4357,'g',0,'2011-11-25'),(4408,'g',0,'2011-11-25'),(4389,'g',0,'2011-11-25'),(4183,'g',0,'2011-11-25'),(8245,'g',0,'2011-11-26'),(8162,'g',0,'2011-11-26'),(8189,'g',0,'2011-11-26'),(8186,'g',0,'2011-11-26'),(8265,'g',0,'2011-11-26'),(5972,'g',0,'2011-11-27'),(6001,'g',0,'2011-11-27'),(5848,'g',0,'2012-01-04'),(5802,'g',0,'2011-11-27'),(5799,'g',0,'2011-11-27'),(5837,'g',0,'2012-01-04'),(5809,'g',0,'2011-11-27'),(5792,'g',0,'2011-11-27'),(5796,'g',0,'2011-11-27'),(5962,'g',0,'2011-11-27'),(3053,'g',0,'2011-11-27'),(3276,'g',0,'2011-11-27'),(5599,'g',0,'2011-11-27'),(3508,'g',0,'2011-11-27'),(4859,'g',0,'2011-11-27'),(5588,'g',0,'2011-11-27'),(3281,'g',0,'2011-11-27'),(5785,'g',0,'2011-11-27'),(3512,'g',0,'2011-11-27'),(4848,'g',0,'2011-11-27'),(2098,'g',0,'2011-11-27'),(3740,'g',0,'2011-11-27'),(7972,'g',0,'2011-11-27'),(8273,'g',0,'2012-01-05'),(6011,'g',0,'2011-11-27'),(4789,'g',0,'2011-11-27'),(4461,'g',0,'2011-11-27'),(5072,'g',0,'2012-02-23'),(4316,'g',0,'2011-11-27'),(4897,'g',0,'2011-11-27'),(3995,'g',0,'2011-11-27'),(6006,'g',0,'2011-11-27'),(4835,'g',0,'2011-11-27'),(7708,'g',0,'2011-11-27'),(3664,'g',0,'2011-11-27'),(2317,'g',0,'2011-11-27'),(8300,'g',0,'2012-01-05'),(3449,'g',0,'2011-11-27'),(7664,'g',0,'2012-01-05'),(8269,'g',0,'2012-02-29'),(2434,'g',0,'2011-11-27'),(3177,'g',0,'2011-11-27'),(3105,'g',0,'2011-11-27'),(8318,'g',0,'2012-01-04'),(2765,'g',0,'2011-11-27'),(7752,'g',0,'2011-11-27'),(2901,'g',0,'2011-11-27'),(3997,'g',0,'2011-11-27'),(1965,'g',0,'2011-11-27'),(7666,'g',0,'2011-11-27'),(2199,'g',0,'2011-11-27'),(5258,'g',0,'2011-11-27'),(2127,'g',0,'2011-11-27'),(6014,'g',0,'2011-11-27'),(2004,'g',0,'2011-11-27'),(8349,'g',0,'2012-01-04'),(2983,'g',0,'2011-11-27'),(5224,'g',0,'2011-11-27'),(5118,'g',0,'2011-11-27'),(2023,'g',0,'2011-11-27'),(4477,'g',0,'2011-11-27'),(3514,'g',0,'2011-11-27'),(2674,'g',0,'2011-11-27'),(2547,'g',0,'2011-11-27'),(7797,'g',0,'2011-11-27'),(7798,'g',0,'2011-11-27'),(8350,'g',0,'2012-01-07'),(3154,'g',0,'2011-11-27'),(3510,'g',0,'2011-11-27'),(2959,'g',0,'2011-11-27'),(8351,'g',0,'2012-01-07'),(2161,'g',0,'2011-11-27'),(8317,'g',0,'2012-03-03'),(5052,'g',0,'2011-11-27'),(5115,'g',0,'2011-11-27'),(3356,'g',0,'2011-11-27'),(7677,'g',0,'2011-11-27'),(8319,'g',0,'2012-01-04'),(2107,'g',0,'2011-11-27'),(4605,'g',0,'2011-11-27'),(3184,'g',0,'2011-11-27'),(2198,'g',0,'2011-11-27'),(2773,'g',0,'2011-11-27'),(3397,'g',0,'2011-11-27'),(2228,'g',0,'2011-11-27'),(2028,'g',0,'2011-11-27'),(1949,'g',0,'2011-11-27'),(2039,'g',0,'2011-11-27'),(2012,'g',0,'2011-11-27'),(2005,'g',0,'2011-11-27'),(2025,'g',0,'2011-11-27'),(1957,'g',0,'2011-11-27'),(2003,'g',0,'2011-11-27'),(1679,'g',0,'2011-11-27'),(2237,'g',0,'2011-11-27'),(2041,'g',0,'2011-11-27'),(2018,'g',0,'2011-11-27'),(1867,'g',0,'2011-11-27'),(1897,'g',0,'2011-11-27'),(1771,'g',0,'2011-11-27'),(1689,'g',0,'2011-11-27'),(1743,'g',0,'2011-11-27'),(1738,'g',0,'2011-11-27'),(1704,'g',0,'2011-11-27'),(1796,'g',0,'2011-11-27'),(1979,'g',0,'2011-11-27'),(1936,'g',0,'2011-11-27'),(1874,'g',0,'2011-11-27'),(1860,'g',0,'2011-11-27'),(6807,'g',0,'2011-11-27'),(6868,'g',0,'2011-11-27'),(6693,'g',0,'2011-11-27'),(6725,'g',0,'2011-11-27'),(6516,'g',0,'2011-11-27'),(6272,'g',0,'2011-11-27'),(6695,'g',0,'2011-11-27'),(6742,'g',0,'2011-11-27'),(6722,'g',0,'2012-01-05'),(6292,'g',0,'2011-11-27'),(2427,'g',0,'2011-11-27'),(2569,'g',0,'2011-11-27'),(2516,'g',0,'2011-11-27'),(2788,'g',0,'2011-11-27'),(2859,'g',0,'2011-11-27'),(2981,'g',0,'2011-11-27'),(2973,'g',0,'2011-11-27'),(2830,'g',0,'2011-11-27'),(2927,'g',0,'2011-11-27'),(3033,'g',0,'2011-11-27'),(8136,'g',0,'2011-11-27'),(8220,'g',0,'2012-02-14'),(8330,'g',0,'2012-02-12'),(8260,'g',0,'2012-02-14'),(8126,'g',0,'2011-11-27'),(8333,'g',0,'2011-11-27'),(4360,'g',0,'2011-11-27'),(4169,'g',0,'2011-11-27'),(4074,'g',0,'2011-11-27'),(4428,'g',0,'2011-11-27'),(4419,'g',0,'2011-11-27'),(4231,'g',0,'2011-11-27'),(4448,'g',0,'2011-11-27'),(4416,'g',0,'2011-11-27'),(4025,'g',0,'2011-11-27'),(4469,'g',0,'2011-11-28'),(6879,'g',0,'2011-11-28'),(6889,'g',0,'2011-11-28'),(2512,'g',0,'2011-11-28'),(2479,'g',0,'2011-11-28'),(2524,'g',0,'2011-11-28'),(2515,'g',0,'2011-11-28'),(2530,'g',0,'2011-11-28'),(2572,'g',0,'2011-11-28'),(2574,'g',0,'2011-11-28'),(2485,'g',0,'2011-11-28'),(2502,'g',0,'2011-11-28'),(2486,'g',0,'2011-11-28'),(6919,'g',0,'2012-02-29'),(7093,'g',0,'2011-11-28'),(6932,'g',0,'2011-11-28'),(7029,'g',0,'2011-11-28'),(7512,'g',0,'2011-11-28'),(6925,'g',0,'2011-11-28'),(6918,'g',0,'2011-11-28'),(7113,'g',0,'2011-11-28'),(4337,'g',0,'2011-11-28'),(4305,'g',0,'2011-11-28'),(4364,'g',0,'2011-11-28'),(5538,'g',0,'2011-11-28'),(4250,'g',0,'2011-11-28'),(5004,'g',0,'2011-11-28'),(4852,'g',0,'2011-11-28'),(4175,'g',0,'2011-11-28'),(6082,'g',0,'2011-11-28'),(4375,'g',0,'2011-11-28'),(7406,'g',0,'2011-11-28'),(7936,'g',0,'2011-11-28'),(7420,'g',0,'2011-11-28'),(8394,'g',0,'2011-11-28'),(7474,'g',0,'2011-11-28'),(7548,'g',0,'2011-11-28'),(7391,'g',0,'2011-11-28'),(7551,'g',0,'2011-11-28'),(7404,'g',0,'2011-11-28'),(3757,'g',0,'2011-11-28'),(3058,'g',0,'2011-11-28'),(3467,'g',0,'2011-11-28'),(3052,'g',0,'2011-11-28'),(3068,'g',0,'2011-11-28'),(3626,'g',0,'2011-11-28'),(3073,'g',0,'2011-11-28'),(2996,'g',0,'2011-11-28'),(3392,'g',0,'2011-11-28'),(3006,'g',0,'2011-11-28'),(3413,'g',0,'2011-11-28'),(3480,'g',0,'2011-11-28'),(3506,'g',0,'2011-11-28'),(3884,'g',0,'2011-11-28'),(3008,'g',0,'2011-11-28'),(3047,'g',0,'2011-11-28'),(3062,'g',0,'2011-11-28'),(3057,'g',0,'2011-11-28'),(3986,'g',0,'2011-11-28'),(3600,'g',0,'2011-11-28'),(2902,'g',0,'2011-11-28'),(2777,'g',0,'2011-11-28'),(2758,'g',0,'2011-11-28'),(2764,'g',0,'2011-11-28'),(2828,'g',0,'2011-11-28'),(2958,'g',0,'2011-11-28'),(2785,'g',0,'2011-11-28'),(2752,'g',0,'2011-11-28'),(2863,'g',0,'2011-11-28'),(2772,'g',0,'2011-11-28'),(2564,'g',0,'2011-11-29'),(2351,'g',0,'2011-11-29'),(2476,'g',0,'2011-11-29'),(2481,'g',0,'2011-11-29'),(2381,'g',0,'2011-11-29'),(2627,'g',0,'2011-11-29'),(2622,'g',0,'2011-11-29'),(7054,'g',0,'2011-11-29'),(5825,'g',0,'2011-11-29'),(4591,'g',0,'2011-11-29'),(4825,'g',0,'2011-11-29'),(4226,'g',0,'2011-11-29'),(4314,'g',0,'2011-11-29'),(5547,'g',0,'2011-11-29'),(5903,'g',0,'2011-11-29'),(5694,'g',0,'2011-11-29'),(4492,'g',0,'2011-11-29'),(4114,'g',0,'2011-11-29'),(6610,'g',0,'2011-11-29'),(6537,'g',0,'2011-11-29'),(6525,'g',0,'2011-11-29'),(6969,'g',0,'2011-11-29'),(6631,'g',0,'2011-11-29'),(6561,'g',0,'2011-11-29'),(6566,'g',0,'2011-11-29'),(6800,'g',0,'2011-11-29'),(6867,'g',0,'2011-11-29'),(6541,'g',0,'2012-02-29'),(6803,'g',0,'2011-11-29'),(6617,'g',0,'2011-11-29'),(6878,'g',0,'2011-11-29'),(6851,'g',0,'2011-11-29'),(6517,'g',0,'2011-11-29'),(6870,'g',0,'2011-11-29'),(6852,'g',0,'2012-02-29'),(6639,'g',0,'2012-01-04'),(6871,'g',0,'2011-11-29'),(7037,'g',0,'2011-11-29'),(1561,'g',0,'2012-01-06'),(1566,'g',0,'2012-01-06'),(1557,'g',0,'2012-01-06'),(1565,'g',0,'2012-02-13'),(1567,'g',0,'2012-01-06'),(1559,'g',0,'2012-01-06'),(1568,'g',0,'2012-01-06'),(1571,'g',0,'2012-02-13'),(2346,'g',0,'2011-11-29'),(2356,'g',0,'2011-11-29'),(8262,'g',0,'2011-11-29'),(2382,'g',0,'2011-11-29'),(2355,'g',0,'2011-11-29'),(8253,'g',0,'2012-02-28'),(2341,'g',0,'2011-11-29'),(8013,'g',0,'2012-02-28'),(8270,'g',0,'2011-11-29'),(8014,'g',0,'2012-02-28'),(8359,'g',0,'2012-03-03'),(1573,'g',0,'2012-01-06'),(8007,'g',0,'2012-02-28'),(8272,'g',0,'2011-11-29'),(2308,'g',0,'2011-11-29'),(8137,'g',0,'2011-11-29'),(8271,'g',0,'2011-11-29'),(1572,'g',0,'2012-01-06'),(2287,'g',0,'2011-11-29'),(2350,'g',0,'2011-11-29'),(6429,'g',0,'2011-11-29'),(6428,'g',0,'2011-11-29'),(5589,'g',0,'2011-11-29'),(5393,'g',0,'2011-11-29'),(6424,'g',0,'2011-11-29'),(6599,'g',0,'2011-11-29'),(6266,'g',0,'2011-11-29'),(6606,'g',0,'2011-11-29'),(6436,'g',0,'2012-03-03'),(6532,'g',0,'2011-11-29'),(3958,'g',0,'2011-11-29'),(4216,'g',0,'2011-11-29'),(4173,'g',0,'2011-11-29'),(3843,'g',0,'2011-11-29'),(4127,'g',0,'2011-11-29'),(4053,'g',0,'2011-11-29'),(4015,'g',0,'2011-11-29'),(3965,'g',0,'2011-11-29'),(4459,'g',0,'2011-11-29'),(4407,'g',0,'2011-11-29'),(5127,'g',0,'2011-11-29'),(4889,'g',0,'2011-11-29'),(5164,'g',0,'2011-11-29'),(5194,'g',0,'2011-11-29'),(5329,'g',0,'2011-11-29'),(4501,'g',0,'2011-11-29'),(4693,'g',0,'2011-11-29'),(5123,'g',0,'2011-11-29'),(5229,'g',0,'2011-11-29'),(5341,'g',0,'2011-11-29'),(5170,'g',0,'2011-11-29'),(5195,'g',0,'2011-11-29'),(5391,'g',0,'2011-11-29'),(5231,'g',0,'2011-11-29'),(5328,'g',0,'2011-11-29'),(4497,'g',0,'2011-11-29'),(5388,'g',0,'2011-11-29'),(4657,'g',0,'2011-11-29'),(4686,'g',0,'2011-11-29'),(4951,'g',0,'2011-11-29'),(1602,'g',0,'2011-12-01'),(1636,'g',0,'2011-12-01'),(1600,'g',0,'2011-12-01'),(1625,'g',0,'2011-12-01'),(1629,'g',0,'2011-12-01'),(1612,'g',0,'2011-12-01'),(1637,'g',0,'2011-12-01'),(1638,'g',0,'2011-12-01'),(1607,'g',0,'2011-12-01'),(1608,'g',0,'2011-12-01'),(8432,'g',0,'2012-01-04'),(8430,'g',0,'2012-02-26'),(8433,'g',0,'2011-12-01'),(8450,'g',0,'2012-02-26'),(8434,'g',0,'2012-02-26'),(8429,'g',0,'2012-02-26'),(8436,'g',0,'2012-02-26'),(8435,'g',0,'2012-01-04'),(1576,'g',0,'2011-12-02'),(1591,'g',0,'2011-12-02'),(1590,'g',0,'2011-12-02'),(1578,'g',0,'2011-12-02'),(1595,'g',0,'2011-12-02'),(724,'g',0,'2012-01-07'),(721,'g',0,'2012-01-07'),(701,'g',0,'2012-01-10'),(719,'g',0,'2012-01-10'),(728,'g',0,'2012-01-07'),(720,'g',0,'2012-01-07'),(730,'g',0,'2012-01-10'),(717,'g',0,'2012-01-10'),(723,'g',0,'2012-01-07'),(2036,'g',0,'2011-12-03'),(8381,'g',0,'2012-02-19'),(8348,'g',0,'2012-02-19'),(8483,'g',0,'2012-01-06'),(3954,'g',0,'2011-12-04'),(3980,'g',0,'2011-12-04'),(3968,'g',0,'2011-12-04'),(3542,'g',0,'2011-12-04'),(3912,'g',0,'2011-12-04'),(3875,'g',0,'2012-01-06'),(3419,'g',0,'2011-12-04'),(3737,'g',0,'2011-12-04'),(3610,'g',0,'2011-12-04'),(3855,'g',0,'2011-12-04'),(3709,'g',0,'2011-12-04'),(3772,'g',0,'2011-12-04'),(3629,'g',0,'2011-12-04'),(3798,'g',0,'2011-12-04'),(3872,'g',0,'2011-12-04'),(4072,'g',0,'2011-12-04'),(4026,'g',0,'2011-12-04'),(3911,'g',0,'2011-12-04'),(4137,'g',0,'2011-12-04'),(4106,'g',0,'2011-12-04'),(2553,'g',0,'2011-12-04'),(2713,'g',0,'2011-12-04'),(4354,'g',0,'2011-12-04'),(3330,'g',0,'2011-12-04'),(4288,'g',0,'2011-12-04'),(2463,'g',0,'2011-12-04'),(3319,'g',0,'2011-12-04'),(3086,'g',0,'2011-12-04'),(3041,'g',0,'2011-12-04'),(3170,'g',0,'2011-12-04'),(3403,'g',0,'2011-12-04'),(3288,'g',0,'2011-12-04'),(1475,'g',0,'2012-01-05'),(3134,'g',0,'2011-12-04'),(1202,'g',0,'2012-02-29'),(1474,'g',0,'2012-01-05'),(1941,'g',0,'2011-12-04'),(1275,'g',0,'2012-03-05'),(1327,'g',0,'2012-01-05'),(2814,'g',0,'2011-12-04'),(2662,'g',0,'2011-12-04'),(2418,'g',0,'2011-12-04'),(1306,'g',0,'2012-01-05'),(1849,'g',0,'2011-12-04'),(1228,'g',0,'2012-02-29'),(1310,'g',0,'2012-02-29'),(2988,'g',0,'2011-12-04'),(2657,'g',0,'2011-12-04'),(4148,'g',0,'2011-12-04'),(4320,'g',0,'2011-12-04'),(4186,'g',0,'2011-12-04'),(2974,'g',0,'2011-12-04'),(4096,'g',0,'2012-01-06'),(4376,'g',0,'2011-12-04'),(2535,'g',0,'2011-12-04'),(3966,'g',0,'2011-12-04'),(3287,'g',0,'2011-12-04'),(3379,'g',0,'2011-12-04'),(3775,'g',0,'2011-12-04'),(4149,'g',0,'2011-12-04'),(3656,'g',0,'2011-12-05'),(3450,'g',0,'2011-12-05'),(3673,'g',0,'2011-12-05'),(3525,'g',0,'2011-12-05'),(3456,'g',0,'2011-12-05'),(3595,'g',0,'2011-12-05'),(3565,'g',0,'2011-12-05'),(3509,'g',0,'2011-12-05'),(3476,'g',0,'2011-12-05'),(3569,'g',0,'2011-12-05'),(2784,'g',0,'2011-12-05'),(3342,'g',0,'2011-12-05'),(3207,'g',0,'2011-12-05'),(3016,'g',0,'2011-12-05'),(2836,'g',0,'2011-12-05'),(3440,'g',0,'2011-12-05'),(2884,'g',0,'2011-12-05'),(2970,'g',0,'2011-12-05'),(2794,'g',0,'2011-12-05'),(3144,'g',0,'2011-12-05'),(2135,'g',0,'2011-12-05'),(2138,'g',0,'2011-12-05'),(2207,'g',0,'2011-12-05'),(2219,'g',0,'2011-12-05'),(2140,'g',0,'2011-12-05'),(2171,'g',0,'2011-12-05'),(2077,'g',0,'2011-12-05'),(2147,'g',0,'2011-12-05'),(2144,'g',0,'2011-12-05'),(1714,'g',0,'2011-12-05'),(1649,'g',0,'2011-12-05'),(2234,'g',0,'2011-12-05'),(1859,'g',0,'2011-12-05'),(1866,'g',0,'2011-12-05'),(1802,'g',0,'2011-12-05'),(2215,'g',0,'2011-12-05'),(1922,'g',0,'2011-12-05'),(2230,'g',0,'2011-12-05'),(5689,'g',0,'2011-12-08'),(2991,'g',0,'2011-12-08'),(3549,'g',0,'2011-12-08'),(5874,'g',0,'2011-12-08'),(5885,'g',0,'2011-12-08'),(5892,'g',0,'2011-12-08'),(4947,'g',0,'2011-12-08'),(3090,'g',0,'2011-12-08'),(5916,'g',0,'2012-02-07'),(3324,'g',0,'2011-12-08'),(8514,'g',0,'2012-02-26'),(8438,'g',0,'2011-12-09'),(8431,'g',0,'2012-01-09'),(8427,'g',0,'2012-01-09'),(8437,'g',0,'2011-12-09'),(8425,'g',0,'2012-01-09'),(8428,'g',0,'2012-01-09'),(8440,'g',0,'2011-12-09'),(8441,'g',0,'2011-12-09'),(8439,'g',0,'2011-12-09'),(8426,'g',0,'2012-01-09'),(2738,'g',0,'2011-12-10'),(2766,'g',0,'2011-12-10'),(3469,'g',0,'2011-12-10'),(2904,'g',0,'2011-12-10'),(2716,'g',0,'2011-12-10'),(2750,'g',0,'2011-12-10'),(3194,'g',0,'2011-12-10'),(2560,'g',0,'2011-12-10'),(2989,'g',0,'2011-12-10'),(2755,'g',0,'2011-12-10'),(3368,'g',0,'2011-12-10'),(3032,'g',0,'2011-12-10'),(2810,'g',0,'2011-12-10'),(3336,'g',0,'2011-12-10'),(3453,'g',0,'2011-12-10'),(3116,'g',0,'2011-12-10'),(3220,'g',0,'2011-12-10'),(2993,'g',0,'2011-12-10'),(3120,'g',0,'2011-12-10'),(3200,'g',0,'2011-12-10'),(3198,'g',0,'2011-12-10'),(3481,'g',0,'2011-12-10'),(3464,'g',0,'2011-12-10'),(3377,'g',0,'2011-12-10'),(3308,'g',0,'2011-12-10'),(3491,'g',0,'2011-12-10'),(2695,'g',0,'2011-12-10'),(2605,'g',0,'2011-12-10'),(2804,'g',0,'2011-12-10'),(2699,'g',0,'2011-12-10'),(3670,'g',0,'2012-01-18'),(8301,'g',0,'2011-12-12'),(8282,'g',0,'2011-12-12'),(1169,'g',0,'2011-12-12'),(4861,'g',0,'2011-12-12'),(1135,'g',0,'2011-12-12'),(8287,'g',0,'2011-12-12'),(8267,'g',0,'2011-12-12'),(1348,'g',0,'2011-12-12'),(1171,'g',0,'2011-12-12'),(4506,'g',0,'2011-12-12'),(1173,'g',0,'2011-12-12'),(3982,'g',0,'2012-02-29'),(1157,'g',0,'2011-12-12'),(8266,'g',0,'2011-12-12'),(8610,'g',0,'2011-12-13'),(6162,'g',0,'2012-02-29'),(5795,'g',0,'2012-02-29'),(5494,'g',0,'2012-02-22'),(172,'g',0,'2011-12-14'),(171,'g',0,'2011-12-14'),(3738,'g',0,'2012-01-14'),(8595,'g',0,'2012-02-29'),(8594,'g',0,'2012-02-29'),(5002,'g',0,'2012-02-29'),(1349,'g',0,'2011-12-14'),(5171,'g',0,'2012-01-19'),(6368,'g',0,'2012-02-29'),(4785,'g',0,'2012-02-29'),(8645,'g',0,'2011-12-15'),(8624,'g',0,'2012-02-26'),(1227,'g',0,'2011-12-15'),(8650,'g',0,'2011-12-15'),(8625,'g',0,'2012-02-26'),(1330,'g',0,'2011-12-15'),(1379,'g',0,'2011-12-15'),(8034,'g',0,'2012-02-27'),(8627,'g',0,'2012-02-28'),(1044,'g',0,'2011-12-15'),(4221,'g',0,'2012-02-29'),(1051,'g',0,'2011-12-15'),(1045,'g',0,'2011-12-15'),(1053,'g',0,'2011-12-15'),(1049,'g',0,'2011-12-15'),(1048,'g',0,'2011-12-15'),(1043,'g',0,'2011-12-15'),(1052,'g',0,'2011-12-15'),(1046,'g',0,'2011-12-15'),(1050,'g',0,'2011-12-15'),(1384,'g',0,'2011-12-15'),(6119,'g',0,'2011-12-15'),(1555,'g',0,'2011-12-15'),(3658,'g',0,'2011-12-15'),(1144,'g',0,'2011-12-15'),(1214,'g',0,'2011-12-15'),(5901,'g',0,'2011-12-15'),(1368,'g',0,'2011-12-15'),(1047,'g',0,'2011-12-15'),(4703,'g',0,'2011-12-15'),(4205,'g',0,'2012-02-29'),(1542,'g',0,'2012-02-28'),(1370,'g',0,'2011-12-15'),(1295,'g',0,'2011-12-15'),(568,'g',0,'2011-12-15'),(4519,'g',0,'2011-12-16'),(1550,'g',0,'2011-12-16'),(1459,'g',0,'2011-12-16'),(1416,'g',0,'2011-12-16'),(1570,'g',0,'2011-12-16'),(1467,'g',0,'2011-12-16'),(4233,'g',0,'2012-02-29'),(1128,'g',0,'2011-12-16'),(5181,'g',0,'2011-12-16'),(1485,'g',0,'2012-02-28'),(5293,'g',0,'2011-12-16'),(5804,'g',0,'2011-12-16'),(1367,'g',0,'2011-12-16'),(3688,'g',0,'2011-12-16'),(1547,'g',0,'2011-12-16'),(1299,'g',0,'2011-12-16'),(1498,'g',0,'2011-12-16'),(7089,'g',0,'2011-12-16'),(4191,'g',0,'2011-12-16'),(4179,'g',0,'2011-12-16'),(986,'g',0,'2011-12-16'),(6170,'g',0,'2012-02-27'),(1262,'g',0,'2011-12-16'),(1217,'g',0,'2011-12-16'),(1477,'g',0,'2011-12-16'),(1505,'g',0,'2011-12-16'),(1478,'g',0,'2011-12-16'),(1319,'g',0,'2011-12-16'),(1317,'g',0,'2011-12-16'),(1487,'g',0,'2012-02-14'),(1136,'g',0,'2011-12-16'),(4270,'g',0,'2011-12-16'),(6223,'g',0,'2011-12-16'),(4775,'g',0,'2012-02-29'),(3762,'g',0,'2011-12-16'),(1543,'g',0,'2011-12-16'),(1183,'g',0,'2011-12-16'),(1488,'g',0,'2012-02-29'),(1129,'g',0,'2012-02-29'),(1131,'g',0,'2011-12-16'),(1243,'g',0,'2011-12-16'),(1471,'g',0,'2012-02-29'),(1192,'g',0,'2011-12-16'),(1161,'g',0,'2011-12-16'),(1230,'g',0,'2011-12-16'),(1190,'g',0,'2011-12-16'),(1465,'g',0,'2011-12-16'),(1241,'g',0,'2011-12-16'),(1177,'g',0,'2011-12-16'),(1291,'g',0,'2011-12-16'),(1359,'g',0,'2011-12-16'),(1297,'g',0,'2011-12-16'),(1276,'g',0,'2011-12-16'),(1338,'g',0,'2011-12-16'),(1283,'g',0,'2011-12-16'),(1390,'g',0,'2011-12-16'),(1239,'g',0,'2011-12-16'),(1316,'g',0,'2011-12-16'),(1268,'g',0,'2011-12-16'),(1305,'g',0,'2011-12-16'),(1277,'g',0,'2011-12-16'),(1326,'g',0,'2011-12-16'),(8289,'g',0,'2011-12-16'),(1323,'g',0,'2011-12-16'),(8358,'g',0,'2011-12-16'),(8293,'g',0,'2011-12-16'),(8315,'g',0,'2011-12-16'),(8290,'g',0,'2011-12-16'),(8298,'g',0,'2011-12-16'),(8288,'g',0,'2011-12-16'),(8329,'g',0,'2011-12-16'),(8355,'g',0,'2011-12-16'),(8324,'g',0,'2011-12-16'),(7349,'g',0,'2012-02-27'),(1521,'g',0,'2011-12-17'),(1489,'g',0,'2011-12-17'),(1281,'g',0,'2011-12-17'),(5302,'g',0,'2011-12-17'),(4322,'g',0,'2011-12-17'),(3840,'g',0,'2011-12-17'),(3961,'g',0,'2011-12-17'),(4924,'g',0,'2011-12-17'),(3699,'g',0,'2011-12-17'),(3781,'g',0,'2011-12-17'),(4545,'g',0,'2011-12-17'),(6713,'g',0,'2012-02-29'),(6387,'g',0,'2012-02-29'),(2549,'g',0,'2011-12-18'),(3208,'g',0,'2011-12-18'),(8606,'g',0,'2011-12-18'),(8589,'g',0,'2011-12-18'),(8623,'g',0,'2011-12-18'),(3534,'g',0,'2011-12-18'),(3212,'g',0,'2011-12-18'),(8460,'g',0,'2011-12-18'),(8172,'g',0,'2011-12-18'),(8166,'g',0,'2011-12-18'),(8167,'g',0,'2011-12-18'),(8454,'g',0,'2011-12-18'),(8461,'g',0,'2011-12-18'),(8170,'g',0,'2011-12-18'),(8176,'g',0,'2011-12-18'),(8175,'g',0,'2011-12-18'),(8169,'g',0,'2011-12-18'),(8457,'g',0,'2011-12-18'),(8570,'g',0,'2011-12-18'),(8566,'g',0,'2011-12-18'),(8458,'g',0,'2011-12-18'),(8473,'g',0,'2011-12-18'),(8173,'g',0,'2011-12-18'),(8174,'g',0,'2011-12-18'),(8462,'g',0,'2011-12-18'),(8168,'g',0,'2011-12-18'),(8456,'g',0,'2011-12-18'),(8469,'g',0,'2011-12-18'),(8379,'g',0,'2011-12-18'),(8668,'g',0,'2012-02-29'),(8180,'g',0,'2011-12-19'),(8194,'g',0,'2011-12-19'),(8191,'g',0,'2011-12-19'),(8179,'g',0,'2011-12-19'),(8193,'g',0,'2011-12-19'),(8192,'g',0,'2011-12-19'),(8177,'g',0,'2011-12-19'),(8178,'g',0,'2011-12-19'),(8213,'g',0,'2011-12-19'),(8195,'g',0,'2011-12-19'),(819,'g',0,'2012-02-29'),(829,'g',0,'2011-12-19'),(741,'g',0,'2012-02-29'),(817,'g',0,'2012-02-29'),(1127,'g',0,'2012-02-29'),(1207,'g',0,'2012-02-29'),(1209,'g',0,'2012-02-29'),(1143,'g',0,'2012-02-29'),(1123,'g',0,'2012-02-29'),(8275,'g',0,'2011-12-19'),(1164,'g',0,'2011-12-19'),(1148,'g',0,'2011-12-19'),(1154,'g',0,'2011-12-19'),(1159,'g',0,'2011-12-19'),(1269,'g',0,'2011-12-19'),(1278,'g',0,'2011-12-19'),(1267,'g',0,'2011-12-19'),(1288,'g',0,'2011-12-19'),(1261,'g',0,'2011-12-19'),(1274,'g',0,'2011-12-19'),(1264,'g',0,'2011-12-19'),(1263,'g',0,'2011-12-19'),(1260,'g',0,'2011-12-19'),(1272,'g',0,'2011-12-19'),(8548,'g',0,'2011-12-19'),(8547,'g',0,'2011-12-19'),(8523,'g',0,'2011-12-19'),(8018,'g',0,'2011-12-19'),(8421,'g',0,'2011-12-19'),(7768,'g',0,'2011-12-19'),(8420,'g',0,'2011-12-19'),(8259,'g',0,'2011-12-19'),(8371,'g',0,'2011-12-20'),(8226,'g',0,'2011-12-20'),(8453,'g',0,'2011-12-20'),(802,'g',0,'2011-12-20'),(812,'g',0,'2011-12-20'),(822,'g',0,'2011-12-20'),(205,'g',0,'2011-12-20'),(825,'g',0,'2011-12-20'),(809,'g',0,'2011-12-20'),(209,'g',0,'2011-12-20'),(796,'g',0,'2011-12-20'),(815,'g',0,'2011-12-20'),(793,'g',0,'2011-12-20'),(805,'g',0,'2011-12-20'),(813,'g',0,'2011-12-20'),(8698,'g',0,'2011-12-20'),(4979,'g',0,'2011-12-20'),(485,'g',0,'2011-12-20'),(834,'g',0,'2011-12-20'),(1223,'g',0,'2011-12-20'),(1324,'g',0,'2011-12-20'),(1304,'g',0,'2011-12-20'),(213,'g',0,'2012-02-12'),(1130,'g',0,'2012-02-12'),(1372,'g',0,'2012-02-12'),(8671,'g',0,'2012-02-02'),(8649,'g',0,'2012-02-02'),(8017,'g',0,'2011-12-23'),(8258,'g',0,'2011-12-23'),(8485,'g',0,'2011-12-23'),(8579,'g',0,'2011-12-23'),(8513,'g',0,'2011-12-23'),(8512,'g',0,'2011-12-23'),(8540,'g',0,'2011-12-23'),(8518,'g',0,'2011-12-23'),(8510,'g',0,'2011-12-23'),(8537,'g',0,'2011-12-23'),(8375,'g',0,'2011-12-23'),(8675,'g',0,'2012-02-07'),(8338,'g',0,'2011-12-23'),(8346,'g',0,'2011-12-23'),(8715,'g',0,'2011-12-23'),(8455,'g',0,'2011-12-23'),(8583,'g',0,'2011-12-23'),(8339,'g',0,'2011-12-23'),(8414,'g',0,'2011-12-23'),(8032,'g',0,'2012-02-28'),(8033,'g',0,'2012-02-28'),(8030,'g',0,'2012-02-28'),(8600,'g',0,'2011-12-23'),(8031,'g',0,'2012-02-28'),(8357,'g',0,'2011-12-23'),(8277,'g',0,'2011-12-23'),(8281,'g',0,'2011-12-23'),(8215,'g',0,'2011-12-23'),(8255,'g',0,'2012-02-28'),(8256,'g',0,'2012-02-28'),(8214,'g',0,'2011-12-23'),(8216,'g',0,'2011-12-24'),(8222,'g',0,'2011-12-24'),(8276,'g',0,'2011-12-24'),(1279,'g',0,'2011-12-24'),(1293,'g',0,'2011-12-24'),(1290,'g',0,'2011-12-24'),(1448,'g',0,'2011-12-24'),(1496,'g',0,'2011-12-24'),(1451,'g',0,'2011-12-24'),(1449,'g',0,'2011-12-24'),(1468,'g',0,'2011-12-24'),(1484,'g',0,'2011-12-24'),(1466,'g',0,'2011-12-24'),(1452,'g',0,'2011-12-24'),(1450,'g',0,'2011-12-24'),(8251,'g',0,'2012-02-28'),(8321,'g',0,'2011-12-25'),(8468,'g',0,'2011-12-25'),(8367,'g',0,'2011-12-25'),(7783,'g',0,'2011-12-25'),(8201,'g',0,'2011-12-25'),(8388,'g',0,'2011-12-25'),(8502,'g',0,'2011-12-25'),(8487,'g',0,'2011-12-25'),(8209,'g',0,'2011-12-25'),(8387,'g',0,'2011-12-25'),(8336,'g',0,'2011-12-25'),(7283,'g',0,'2011-12-25'),(8557,'g',0,'2011-12-25'),(6943,'g',0,'2012-03-05'),(7285,'g',0,'2011-12-26'),(6910,'g',0,'2012-03-05'),(7305,'g',0,'2011-12-26'),(7302,'g',0,'2011-12-26'),(7334,'g',0,'2011-12-26'),(7422,'g',0,'2011-12-26'),(7143,'g',0,'2011-12-26'),(7167,'g',0,'2011-12-26'),(7681,'g',0,'2011-12-26'),(7333,'g',0,'2012-02-29'),(7698,'g',0,'2012-02-29'),(8380,'g',0,'2012-02-29'),(5202,'g',0,'2011-12-26'),(8236,'g',0,'2011-12-26'),(8238,'g',0,'2011-12-26'),(7008,'g',0,'2012-02-29'),(8043,'g',0,'2012-02-29'),(6143,'g',0,'2012-02-29'),(8234,'g',0,'2011-12-26'),(8237,'g',0,'2011-12-26'),(6125,'g',0,'2012-02-29'),(8278,'g',0,'2011-12-26'),(8246,'g',0,'2011-12-26'),(8243,'g',0,'2011-12-26'),(8401,'g',0,'2011-12-26'),(8248,'g',0,'2012-02-28'),(8239,'g',0,'2011-12-26'),(8249,'g',0,'2012-02-28'),(8241,'g',0,'2011-12-26'),(8240,'g',0,'2011-12-26'),(8242,'g',0,'2011-12-26'),(8250,'g',0,'2012-02-28'),(8465,'g',0,'2011-12-27'),(8396,'g',0,'2012-02-29'),(8631,'g',0,'2012-02-29'),(8720,'g',0,'2011-12-27'),(8660,'g',0,'2011-12-27'),(8699,'g',0,'2012-02-26'),(8655,'g',0,'2011-12-27'),(8689,'g',0,'2011-12-27'),(8686,'g',0,'2011-12-27'),(8672,'g',0,'2012-02-26'),(8681,'g',0,'2011-12-27'),(8722,'g',0,'2012-02-26'),(7187,'g',0,'2012-02-29'),(5986,'g',0,'2011-12-28'),(6098,'g',0,'2011-12-28'),(5563,'g',0,'2011-12-28'),(6205,'g',0,'2011-12-28'),(5160,'g',0,'2011-12-28'),(5948,'g',0,'2011-12-28'),(6213,'g',0,'2011-12-28'),(5322,'g',0,'2011-12-28'),(8587,'g',0,'2011-12-30'),(8369,'g',0,'2012-01-01'),(8212,'g',0,'2012-01-01'),(5370,'g',0,'2012-01-01'),(8494,'g',0,'2012-01-01'),(8383,'g',0,'2012-01-01'),(8451,'g',0,'2012-01-01'),(5405,'g',0,'2012-01-01'),(8327,'g',0,'2012-01-01'),(5928,'g',0,'2012-01-01'),(8408,'g',0,'2012-01-01'),(5701,'g',0,'2012-01-01'),(8574,'g',0,'2012-01-01'),(7997,'g',0,'2012-01-01'),(8198,'g',0,'2012-01-01'),(8452,'g',0,'2012-01-01'),(8015,'g',0,'2012-02-28'),(8057,'g',0,'2012-01-01'),(8638,'g',0,'2012-01-01'),(5638,'g',0,'2012-01-01'),(8048,'g',0,'2012-01-02'),(8562,'g',0,'2012-02-29'),(8035,'g',0,'2012-02-28'),(8008,'g',0,'2012-02-28'),(8640,'g',0,'2012-01-02'),(8626,'g',0,'2012-01-02'),(8211,'g',0,'2012-01-02'),(6295,'g',0,'2012-01-02'),(8569,'g',0,'2012-01-02'),(8466,'g',0,'2012-01-02'),(5657,'g',0,'2012-01-02'),(8628,'g',0,'2012-01-02'),(7050,'g',0,'2012-01-02'),(8622,'g',0,'2012-02-28'),(7625,'g',0,'2012-01-02'),(8190,'g',0,'2012-01-02'),(8316,'g',0,'2012-01-02'),(7859,'g',0,'2012-01-02'),(5672,'g',0,'2012-01-02'),(8280,'g',0,'2012-01-02'),(5632,'g',0,'2012-01-02'),(8565,'g',0,'2012-02-29'),(8563,'g',0,'2012-02-29'),(8750,'g',0,'2012-01-02'),(7594,'g',0,'2012-01-02'),(8498,'g',0,'2012-01-02'),(5660,'g',0,'2012-01-02'),(8218,'g',0,'2012-01-03'),(8205,'g',0,'2012-01-03'),(8257,'g',0,'2012-01-03'),(8374,'g',0,'2012-01-03'),(8232,'g',0,'2012-01-03'),(8200,'g',0,'2012-01-03'),(8295,'g',0,'2012-01-03'),(8364,'g',0,'2012-01-03'),(8727,'g',0,'2012-01-03'),(8328,'g',0,'2012-01-03'),(8564,'g',0,'2012-02-29'),(8733,'g',0,'2012-01-03'),(8373,'g',0,'2012-01-03'),(8410,'g',0,'2012-01-03'),(8406,'g',0,'2012-01-03'),(5647,'g',0,'2012-01-03'),(8335,'g',0,'2012-01-03'),(8721,'g',0,'2012-01-04'),(8520,'g',0,'2012-02-29'),(8337,'g',0,'2012-01-04'),(8389,'g',0,'2012-01-04'),(8325,'g',0,'2012-01-04'),(8391,'g',0,'2012-01-04'),(8390,'g',0,'2012-01-04'),(8556,'g',0,'2012-02-29'),(8411,'g',0,'2012-02-29'),(8409,'g',0,'2012-02-29'),(8370,'g',0,'2012-01-04'),(8747,'g',0,'2012-01-04'),(8740,'g',0,'2012-01-04'),(8735,'g',0,'2012-02-26'),(8754,'g',0,'2012-01-04'),(8231,'g',0,'2012-02-14'),(8223,'g',0,'2012-02-13'),(8221,'g',0,'2012-02-13'),(8659,'g',0,'2012-01-05'),(8303,'g',0,'2012-02-28'),(8286,'g',0,'2012-02-27'),(8294,'g',0,'2012-02-27'),(8632,'g',0,'2012-02-13'),(8228,'g',0,'2012-02-13'),(8305,'g',0,'2012-02-28'),(7272,'g',0,'2012-01-05'),(5854,'g',0,'2012-01-05'),(6840,'g',0,'2012-01-05'),(5283,'g',0,'2012-01-05'),(5756,'g',0,'2012-01-05'),(5272,'g',0,'2012-01-05'),(6559,'g',0,'2012-01-05'),(5421,'g',0,'2012-01-05'),(8702,'g',0,'2012-02-12'),(6787,'g',0,'2012-01-05'),(5259,'g',0,'2012-02-12'),(8738,'g',0,'2012-01-05'),(4087,'g',0,'2012-02-29'),(8268,'g',0,'2012-02-14'),(8285,'g',0,'2012-02-27'),(6876,'g',0,'2012-01-05'),(8217,'g',0,'2012-02-14'),(4155,'g',0,'2012-01-05'),(8203,'g',0,'2012-02-14'),(4056,'g',0,'2012-01-05'),(8372,'g',0,'2012-02-21'),(8657,'g',0,'2012-02-14'),(8630,'g',0,'2012-02-14'),(8279,'g',0,'2012-02-14'),(3790,'g',0,'2012-01-06'),(8368,'g',0,'2012-02-21'),(8219,'g',0,'2012-02-14'),(3746,'g',0,'2012-01-06'),(4309,'g',0,'2012-01-06'),(3915,'g',0,'2012-01-06'),(3644,'g',0,'2012-01-06'),(4067,'g',0,'2012-01-06'),(8758,'g',0,'2012-01-06'),(8678,'g',0,'2012-01-06'),(5232,'g',0,'2012-02-12'),(5106,'g',0,'2012-02-12'),(5249,'g',0,'2012-02-12'),(5221,'g',0,'2012-02-12'),(5241,'g',0,'2012-02-12'),(5040,'g',0,'2012-02-06'),(6755,'g',0,'2012-02-06'),(6847,'g',0,'2012-02-14'),(6747,'g',0,'2012-02-06'),(8769,'g',0,'2012-01-06'),(8753,'g',0,'2012-02-12'),(8761,'g',0,'2012-01-06'),(7221,'g',0,'2012-02-27'),(7111,'g',0,'2012-02-13'),(8558,'g',0,'2012-02-17'),(8745,'g',0,'2012-02-14'),(7104,'g',0,'2012-02-13'),(7212,'g',0,'2012-02-17'),(8161,'g',0,'2012-02-14'),(7193,'g',0,'2012-02-17'),(7066,'g',0,'2012-02-14'),(5051,'g',0,'2012-03-01'),(8741,'g',0,'2012-02-12'),(6515,'g',0,'2012-02-13'),(7792,'g',0,'2012-02-14'),(8673,'g',0,'2012-02-12'),(6028,'g',0,'2012-02-12'),(5908,'g',0,'2012-02-11'),(8676,'g',0,'2012-02-27'),(7115,'g',0,'2012-02-13'),(8576,'g',0,'2012-02-21'),(8695,'g',0,'2012-01-06'),(6414,'g',0,'2012-01-06'),(8653,'g',0,'2012-02-21'),(8386,'g',0,'2012-02-14'),(8522,'g',0,'2012-02-15'),(6242,'g',0,'2012-02-29'),(8404,'g',0,'2012-02-14'),(8493,'g',0,'2012-02-26'),(8582,'g',0,'2012-01-07'),(8524,'g',0,'2012-02-15'),(8392,'g',0,'2012-02-14'),(6398,'g',0,'2012-01-07'),(8340,'g',0,'2012-02-14'),(8345,'g',0,'2012-02-17'),(8363,'g',0,'2012-02-14'),(8361,'g',0,'2012-02-14'),(8342,'g',0,'2012-02-14'),(6698,'g',0,'2012-02-29'),(8343,'g',0,'2012-02-14'),(8360,'g',0,'2012-02-14'),(8362,'g',0,'2012-02-14'),(8683,'g',0,'2012-02-14'),(8344,'g',0,'2012-02-14'),(8341,'g',0,'2012-02-14'),(8446,'g',0,'2012-02-17'),(6349,'g',0,'2012-01-07'),(5819,'g',0,'2012-02-29'),(8443,'g',0,'2012-02-15'),(8449,'g',0,'2012-02-14'),(8444,'g',0,'2012-02-17'),(6586,'g',0,'2012-02-29'),(8445,'g',0,'2012-02-17'),(8448,'g',0,'2012-02-14'),(8442,'g',0,'2012-02-15'),(8447,'g',0,'2012-02-17'),(8677,'g',0,'2012-02-18'),(8762,'g',0,'2012-02-14'),(8517,'g',0,'2012-01-07'),(6706,'g',0,'2012-02-13'),(8764,'g',0,'2012-02-13'),(6506,'g',0,'2012-02-13'),(6806,'g',0,'2012-01-07'),(6495,'g',0,'2012-02-13'),(6794,'g',0,'2012-02-14'),(8742,'g',0,'2012-02-12'),(1552,'g',0,'2012-02-13'),(5146,'g',0,'2012-02-15'),(6605,'g',0,'2012-02-13'),(6767,'g',0,'2012-02-14'),(5456,'g',0,'2012-02-26'),(7058,'g',0,'2012-02-14'),(1553,'g',0,'2012-02-13'),(6928,'g',0,'2012-02-15'),(1539,'g',0,'2012-02-12'),(6778,'g',0,'2012-02-14'),(8736,'g',0,'2012-02-12'),(4142,'g',0,'2012-01-07'),(6486,'g',0,'2012-02-13'),(7576,'g',0,'2012-01-07'),(8542,'g',0,'2012-01-07'),(6196,'g',0,'2012-02-14'),(6688,'g',0,'2012-01-07'),(6667,'g',0,'2012-02-06'),(7319,'g',0,'2012-01-07'),(8545,'g',0,'2012-01-07'),(6373,'g',0,'2012-02-12'),(8544,'g',0,'2012-01-07'),(7398,'g',0,'2012-01-07'),(6188,'g',0,'2012-02-14'),(8684,'g',0,'2012-02-27'),(8416,'g',0,'2012-01-07'),(8354,'g',0,'2012-02-14'),(8356,'g',0,'2012-02-14'),(6588,'g',0,'2012-02-13'),(7315,'g',0,'2012-02-06'),(8546,'g',0,'2012-01-07'),(8163,'g',0,'2012-01-07'),(8027,'g',0,'2012-02-28'),(6075,'g',0,'2012-02-12'),(6465,'g',0,'2012-02-13'),(8690,'g',0,'2012-01-07'),(6068,'g',0,'2012-02-12'),(6478,'g',0,'2012-02-13'),(8680,'g',0,'2012-01-07'),(8685,'g',0,'2012-01-07'),(8716,'g',0,'2012-01-07'),(7720,'g',0,'2012-01-07'),(6355,'g',0,'2012-02-12'),(8634,'g',0,'2012-01-07'),(6051,'g',0,'2012-02-12'),(6109,'g',0,'2012-02-12'),(8644,'g',0,'2012-01-07'),(8164,'g',0,'2012-01-07'),(8705,'g',0,'2012-01-07'),(6404,'g',0,'2012-02-12'),(8723,'g',0,'2012-01-07'),(6153,'g',0,'2012-02-12'),(6461,'g',0,'2012-02-13'),(8709,'g',0,'2012-01-07'),(8714,'g',0,'2012-02-12'),(8725,'g',0,'2012-02-29'),(8667,'g',0,'2012-02-13'),(6823,'g',0,'2012-01-07'),(8669,'g',0,'2012-02-12'),(8712,'g',0,'2012-02-12'),(8710,'g',0,'2012-02-12'),(7375,'g',0,'2012-01-07'),(6843,'g',0,'2012-02-14'),(8642,'g',0,'2012-02-13'),(6902,'g',0,'2012-01-07'),(8755,'g',0,'2012-01-07'),(7970,'g',0,'2012-01-07'),(7075,'g',0,'2012-01-07'),(8763,'g',0,'2012-01-07'),(6394,'g',0,'2012-01-07'),(8734,'g',0,'2012-01-07'),(8028,'g',0,'2012-02-28'),(8637,'g',0,'2012-01-07'),(6406,'g',0,'2012-01-07'),(8760,'g',0,'2012-01-07'),(7713,'g',0,'2012-01-07'),(8019,'g',0,'2012-01-07'),(240,'g',0,'2012-01-07'),(238,'g',0,'2012-01-07'),(7381,'g',0,'2012-01-07'),(221,'g',0,'2012-02-12'),(8029,'g',0,'2012-02-28'),(1514,'g',0,'2012-02-27'),(1537,'g',0,'2012-02-12'),(1538,'g',0,'2012-02-12'),(1480,'g',0,'2012-02-12'),(1536,'g',0,'2012-02-12'),(1492,'g',0,'2012-02-27'),(1400,'g',0,'2012-02-12'),(1394,'g',0,'2012-02-12'),(243,'g',0,'2012-01-10'),(1388,'g',0,'2012-02-12'),(1387,'g',0,'2012-02-12'),(217,'g',0,'2012-02-12'),(1397,'g',0,'2012-02-12'),(1392,'g',0,'2012-01-10'),(1398,'g',0,'2012-02-12'),(8646,'g',0,'2012-02-11'),(8252,'g',0,'2012-02-28'),(8334,'g',0,'2012-01-11'),(8261,'g',0,'2012-01-11'),(8799,'g',0,'2012-02-28'),(8477,'g',0,'2012-01-14'),(8794,'g',0,'2012-02-29'),(1213,'g',0,'2012-01-14'),(1166,'g',0,'2012-01-14'),(8800,'g',0,'2012-01-15'),(1175,'g',0,'2012-01-15'),(8729,'g',0,'2012-01-15'),(1188,'g',0,'2012-01-15'),(1225,'g',0,'2012-01-15'),(1194,'g',0,'2012-01-15'),(8730,'g',0,'2012-01-15'),(1206,'g',0,'2012-01-15'),(8787,'g',0,'2012-01-16'),(8777,'g',0,'2012-01-16'),(6389,'g',0,'2012-01-17'),(8796,'g',0,'2012-01-17'),(8789,'g',0,'2012-01-17'),(8817,'g',0,'2012-01-17'),(8798,'g',0,'2012-02-26'),(8835,'g',0,'2012-02-26'),(8834,'g',0,'2012-01-17'),(8818,'g',0,'2012-01-17'),(8165,'g',0,'2012-01-17'),(5726,'g',0,'2012-01-17'),(4767,'g',0,'2012-01-17'),(4566,'g',0,'2012-01-17'),(5117,'g',0,'2012-01-18'),(8831,'g',0,'2012-02-29'),(4334,'g',0,'2012-01-18'),(8759,'g',0,'2012-01-19'),(8743,'g',0,'2012-01-19'),(4296,'g',0,'2012-01-19'),(5380,'g',0,'2012-01-19'),(8784,'g',0,'2012-01-19'),(5709,'g',0,'2012-01-19'),(4165,'g',0,'2012-01-19'),(8737,'g',0,'2012-01-19'),(8779,'g',0,'2012-01-19'),(4244,'g',0,'2012-01-19'),(5136,'g',0,'2012-01-20'),(3998,'g',0,'2012-01-21'),(3716,'g',0,'2012-02-29'),(8724,'g',0,'2012-02-28'),(2542,'g',0,'2012-01-21'),(2554,'g',0,'2012-02-29'),(8719,'g',0,'2012-02-23'),(3753,'g',0,'2012-01-21'),(3706,'g',0,'2012-02-28'),(8708,'g',0,'2012-02-29'),(8593,'g',0,'2012-02-28'),(8822,'g',0,'2012-01-22'),(8765,'g',0,'2012-01-22'),(8832,'g',0,'2012-01-22'),(6524,'g',0,'2012-01-23'),(8819,'g',0,'2012-01-23'),(6547,'g',0,'2012-01-23'),(4957,'g',0,'2012-01-24'),(4731,'g',0,'2012-01-24'),(4570,'g',0,'2012-01-24'),(5013,'g',0,'2012-01-24'),(5333,'g',0,'2012-01-24'),(4849,'g',0,'2012-01-24'),(4901,'g',0,'2012-01-24'),(5084,'g',0,'2012-01-24'),(4599,'g',0,'2012-01-24'),(4582,'g',0,'2012-01-24'),(1315,'g',0,'2012-02-29'),(1328,'g',0,'2012-02-29'),(1292,'g',0,'2012-01-25'),(1325,'g',0,'2012-02-29'),(1300,'g',0,'2012-02-29'),(1294,'g',0,'2012-01-25'),(1301,'g',0,'2012-02-29'),(1309,'g',0,'2012-02-29'),(1321,'g',0,'2012-02-29'),(1302,'g',0,'2012-02-29'),(8871,'g',0,'2012-02-29'),(8807,'g',0,'2012-02-29'),(8824,'g',0,'2012-02-29'),(1232,'g',0,'2012-01-25'),(8812,'g',0,'2012-01-25'),(1401,'g',0,'2012-01-25'),(1252,'g',0,'2012-01-25'),(8830,'g',0,'2012-03-03'),(8863,'g',0,'2012-01-26'),(8853,'g',0,'2012-03-03'),(8857,'g',0,'2012-02-26'),(8851,'g',0,'2012-01-27'),(8888,'g',0,'2012-01-27'),(8897,'g',0,'2012-01-28'),(8782,'g',0,'2012-01-30'),(4481,'g',0,'2012-01-31'),(4663,'g',0,'2012-01-31'),(8837,'g',0,'2012-01-31'),(4687,'g',0,'2012-01-31'),(3939,'g',0,'2012-01-31'),(8838,'g',0,'2012-01-31'),(4018,'g',0,'2012-01-31'),(3904,'g',0,'2012-01-31'),(8739,'g',0,'2012-01-31'),(4532,'g',0,'2012-01-31'),(8776,'g',0,'2012-02-01'),(8802,'g',0,'2012-02-01'),(8866,'g',0,'2012-02-01'),(8893,'g',0,'2012-02-01'),(8854,'g',0,'2012-02-01'),(8925,'g',0,'2012-02-03'),(8936,'g',0,'2012-02-06'),(8939,'g',0,'2012-02-06'),(8859,'g',0,'2012-02-06'),(8836,'g',0,'2012-02-06'),(8889,'g',0,'2012-02-06'),(8948,'g',0,'2012-02-06'),(8826,'g',0,'2012-02-06'),(8935,'g',0,'2012-02-06'),(4772,'g',0,'2012-02-06'),(4746,'g',0,'2012-02-06'),(4577,'g',0,'2012-02-06'),(1296,'g',0,'2012-02-06'),(4781,'g',0,'2012-02-06'),(1339,'g',0,'2012-02-06'),(1531,'g',0,'2012-02-06'),(1403,'g',0,'2012-02-06'),(8768,'g',0,'2012-02-06'),(1491,'g',0,'2012-02-06'),(8926,'g',0,'2012-02-08'),(8911,'g',0,'2012-02-09'),(8856,'g',0,'2012-02-10'),(8652,'g',0,'2012-02-10'),(8860,'g',0,'2012-02-10'),(8476,'g',0,'2012-02-10'),(1021,'g',0,'2012-02-10'),(1023,'g',0,'2012-02-10'),(1025,'g',0,'2012-02-10'),(1026,'g',0,'2012-02-10'),(1027,'g',0,'2012-02-10'),(1020,'g',0,'2012-02-10'),(1022,'g',0,'2012-02-10'),(1028,'g',0,'2012-02-10'),(1019,'g',0,'2012-02-10'),(1024,'g',0,'2012-02-10'),(8047,'g',0,'2012-02-11'),(8656,'g',0,'2012-02-11'),(5889,'g',0,'2012-02-11'),(8963,'g',0,'2012-02-11'),(8969,'g',0,'2012-02-11'),(8972,'g',0,'2012-02-11'),(8962,'g',0,'2012-02-11'),(8971,'g',0,'2012-02-11'),(8970,'g',0,'2012-02-11'),(1086,'g',0,'2012-02-11'),(1078,'g',0,'2012-02-11'),(1109,'g',0,'2012-02-11'),(1115,'g',0,'2012-02-11'),(1111,'g',0,'2012-02-11'),(1082,'g',0,'2012-02-11'),(1084,'g',0,'2012-02-11'),(1079,'g',0,'2012-02-11'),(1104,'g',0,'2012-02-11'),(1080,'g',0,'2012-02-11'),(1108,'g',0,'2012-02-11'),(1101,'g',0,'2012-02-11'),(1107,'g',0,'2012-02-11'),(1102,'g',0,'2012-02-11'),(1098,'g',0,'2012-02-11'),(1116,'g',0,'2012-02-11'),(1100,'g',0,'2012-02-11'),(1106,'g',0,'2012-02-11'),(1105,'g',0,'2012-02-11'),(1099,'g',0,'2012-02-11'),(1117,'g',0,'2012-02-11'),(1083,'g',0,'2012-02-11'),(1113,'g',0,'2012-02-11'),(1081,'g',0,'2012-02-11'),(1114,'g',0,'2012-02-11'),(1103,'g',0,'2012-02-11'),(1112,'g',0,'2012-02-11'),(1085,'g',0,'2012-02-11'),(1110,'g',0,'2012-02-11'),(1118,'g',0,'2012-02-11'),(1077,'g',0,'2012-02-11'),(1122,'g',0,'2012-02-11'),(1071,'g',0,'2012-02-11'),(1074,'g',0,'2012-02-11'),(1063,'g',0,'2012-02-11'),(1076,'g',0,'2012-02-11'),(1061,'g',0,'2012-02-11'),(1062,'g',0,'2012-02-11'),(1119,'g',0,'2012-02-11'),(1064,'g',0,'2012-02-11'),(1067,'g',0,'2012-02-11'),(1054,'g',0,'2012-02-11'),(1058,'g',0,'2012-02-11'),(1066,'g',0,'2012-02-11'),(1072,'g',0,'2012-02-11'),(1060,'g',0,'2012-02-11'),(1120,'g',0,'2012-02-11'),(1056,'g',0,'2012-02-11'),(1073,'g',0,'2012-02-11'),(1059,'g',0,'2012-02-11'),(1065,'g',0,'2012-02-11'),(1057,'g',0,'2012-02-11'),(1055,'g',0,'2012-02-11'),(1070,'g',0,'2012-02-11'),(1075,'g',0,'2012-02-11'),(1069,'g',0,'2012-02-11'),(1068,'g',0,'2012-02-11'),(8044,'g',0,'2012-02-11'),(8688,'g',0,'2012-02-11'),(8038,'g',0,'2012-02-11'),(8858,'g',0,'2012-02-11'),(8651,'g',0,'2012-02-11'),(8984,'g',0,'2012-02-11'),(8986,'g',0,'2012-02-11'),(8470,'g',0,'2012-02-11'),(8959,'g',0,'2012-02-11'),(1013,'g',0,'2012-02-11'),(8932,'g',0,'2012-02-11'),(8894,'g',0,'2012-02-11'),(7454,'g',0,'2012-02-11'),(7586,'g',0,'2012-02-11'),(8783,'g',0,'2012-02-11'),(8495,'g',0,'2012-02-11'),(8643,'g',0,'2012-02-11'),(7561,'g',0,'2012-02-11'),(8647,'g',0,'2012-02-11'),(7470,'g',0,'2012-02-11'),(7355,'g',0,'2012-02-11'),(8025,'g',0,'2012-02-11'),(8890,'g',0,'2012-02-11'),(7413,'g',0,'2012-02-11'),(1011,'g',0,'2012-02-11'),(8323,'g',0,'2012-02-11'),(7405,'g',0,'2012-02-11'),(8481,'g',0,'2012-02-11'),(8158,'g',0,'2012-02-11'),(8808,'g',0,'2012-02-11'),(8636,'g',0,'2012-02-11'),(8585,'g',0,'2012-02-11'),(8283,'g',0,'2012-02-11'),(6565,'g',0,'2012-02-11'),(7427,'g',0,'2012-02-11'),(7237,'g',0,'2012-02-11'),(8521,'g',0,'2012-02-12'),(8941,'g',0,'2012-02-12'),(8284,'g',0,'2012-02-12'),(8928,'g',0,'2012-02-12'),(6086,'g',0,'2012-02-12'),(8852,'g',0,'2012-02-12'),(1320,'g',0,'2012-02-12'),(8930,'g',0,'2012-02-12'),(1318,'g',0,'2012-02-12'),(8171,'g',0,'2012-02-12'),(6359,'g',0,'2012-02-12'),(6344,'g',0,'2012-02-12'),(1340,'g',0,'2012-02-12'),(1341,'g',0,'2012-02-12'),(1342,'g',0,'2012-02-12'),(6330,'g',0,'2012-02-12'),(8917,'g',0,'2012-02-12'),(8230,'g',0,'2012-02-12'),(6352,'g',0,'2012-02-12'),(6340,'g',0,'2012-02-12'),(8979,'g',0,'2012-02-12'),(8159,'g',0,'2012-02-12'),(8914,'g',0,'2012-02-12'),(8839,'g',0,'2012-02-12'),(8843,'g',0,'2012-02-12'),(8891,'g',0,'2012-02-12'),(8927,'g',0,'2012-02-12'),(8910,'g',0,'2012-02-12'),(8892,'g',0,'2012-02-12'),(8844,'g',0,'2012-02-12'),(8915,'g',0,'2012-02-12'),(8845,'g',0,'2012-02-12'),(8840,'g',0,'2012-02-12'),(8923,'g',0,'2012-02-12'),(6254,'g',0,'2012-02-12'),(8823,'g',0,'2012-02-12'),(8586,'g',0,'2012-02-12'),(8554,'g',0,'2012-02-12'),(8701,'g',0,'2012-02-12'),(8648,'g',0,'2012-02-12'),(8964,'g',0,'2012-02-12'),(7097,'g',0,'2012-02-12'),(5470,'g',0,'2012-02-12'),(5871,'g',0,'2012-02-12'),(8353,'g',0,'2012-02-12'),(8749,'g',0,'2012-02-12'),(1353,'g',0,'2012-02-12'),(1037,'g',0,'2012-02-12'),(7265,'g',0,'2012-02-12'),(1036,'g',0,'2012-02-12'),(8010,'g',0,'2012-02-12'),(1034,'g',0,'2012-02-12'),(8296,'g',0,'2012-02-12'),(1030,'g',0,'2012-02-12'),(7743,'g',0,'2012-02-12'),(8155,'g',0,'2012-02-12'),(8183,'g',0,'2012-02-12'),(1032,'g',0,'2012-02-12'),(1089,'g',0,'2012-02-12'),(3727,'g',0,'2012-02-12'),(8864,'g',0,'2012-02-12'),(8726,'g',0,'2012-02-12'),(7658,'g',0,'2012-02-12'),(8417,'g',0,'2012-02-12'),(1029,'g',0,'2012-02-12'),(5880,'g',0,'2012-02-12'),(8990,'g',0,'2012-02-12'),(8405,'g',0,'2012-02-12'),(8983,'g',0,'2012-02-12'),(8553,'g',0,'2012-02-12'),(8188,'g',0,'2012-02-12'),(7370,'g',0,'2012-02-12'),(8778,'g',0,'2012-02-12'),(8182,'g',0,'2012-02-12'),(4076,'g',0,'2012-02-12'),(8154,'g',0,'2012-02-12'),(1033,'g',0,'2012-02-12'),(211,'g',0,'2012-02-12'),(8543,'g',0,'2012-02-12'),(1090,'g',0,'2012-02-12'),(1035,'g',0,'2012-02-12'),(8525,'g',0,'2012-02-12'),(7041,'g',0,'2012-02-12'),(1094,'g',0,'2012-02-12'),(8365,'g',0,'2012-02-12'),(1097,'g',0,'2012-02-12'),(7866,'g',0,'2012-02-12'),(8748,'g',0,'2012-02-12'),(8552,'g',0,'2012-02-12'),(8567,'g',0,'2012-02-12'),(8536,'g',0,'2012-02-12'),(8507,'g',0,'2012-02-12'),(7609,'g',0,'2012-02-12'),(8160,'g',0,'2012-02-12'),(8746,'g',0,'2012-02-12'),(7726,'g',0,'2012-02-12'),(8700,'g',0,'2012-02-12'),(8304,'g',0,'2012-02-12'),(8310,'g',0,'2012-02-12'),(8597,'g',0,'2012-02-12'),(8488,'g',0,'2012-02-12'),(8635,'g',0,'2012-02-12'),(3827,'g',0,'2012-02-12'),(8331,'g',0,'2012-02-12'),(8055,'g',0,'2012-02-12'),(7633,'g',0,'2012-02-12'),(8309,'g',0,'2012-02-12'),(8049,'g',0,'2012-02-12'),(8332,'g',0,'2012-02-12'),(8187,'g',0,'2012-02-12'),(6727,'g',0,'2012-02-12'),(8039,'g',0,'2012-02-12'),(8382,'g',0,'2012-02-12'),(7137,'g',0,'2012-02-12'),(8846,'g',0,'2012-02-12'),(8791,'g',0,'2012-02-12'),(8480,'g',0,'2012-02-12'),(8976,'g',0,'2012-02-12'),(8731,'g',0,'2012-02-12'),(8235,'g',0,'2012-02-12'),(1289,'g',0,'2012-02-12'),(8459,'g',0,'2012-02-12'),(8292,'g',0,'2012-02-12'),(8184,'g',0,'2012-02-12'),(5614,'g',0,'2012-02-12'),(1512,'g',0,'2012-02-12'),(1091,'g',0,'2012-02-12'),(1195,'g',0,'2012-02-12'),(8804,'g',0,'2012-02-12'),(1201,'g',0,'2012-02-12'),(1298,'g',0,'2012-02-12'),(1460,'g',0,'2012-02-12'),(1167,'g',0,'2012-02-12'),(8717,'g',0,'2012-02-12'),(1506,'g',0,'2012-02-12'),(1507,'g',0,'2012-02-12'),(8508,'g',0,'2012-02-12'),(1247,'g',0,'2012-02-12'),(1509,'g',0,'2012-02-12'),(3651,'g',0,'2012-02-12'),(5443,'g',0,'2012-02-12'),(8975,'g',0,'2012-02-12'),(8274,'g',0,'2012-02-12'),(8827,'g',0,'2012-02-12'),(8153,'g',0,'2012-02-12'),(8415,'g',0,'2012-02-12'),(1535,'g',0,'2012-02-12'),(8181,'g',0,'2012-02-12'),(7027,'g',0,'2012-02-12'),(1031,'g',0,'2012-02-12'),(8704,'g',0,'2012-02-12'),(8629,'g',0,'2012-02-12'),(8529,'g',0,'2012-02-12'),(8185,'g',0,'2012-02-12'),(6577,'g',0,'2012-02-12'),(7244,'g',0,'2012-02-12'),(1095,'g',0,'2012-02-12'),(8297,'g',0,'2012-02-12'),(8156,'g',0,'2012-02-12'),(8752,'g',0,'2012-02-12'),(8590,'g',0,'2012-02-12'),(4121,'g',0,'2012-02-12'),(1096,'g',0,'2012-02-12'),(8157,'g',0,'2012-02-12'),(8291,'g',0,'2012-02-12'),(8929,'g',0,'2012-02-12'),(3890,'g',0,'2012-02-12'),(8299,'g',0,'2012-02-12'),(7600,'g',0,'2012-02-12'),(4007,'g',0,'2012-02-12'),(7968,'g',0,'2012-02-12'),(5359,'g',0,'2012-02-12'),(8850,'g',0,'2012-02-12'),(8920,'g',0,'2012-02-12'),(8921,'g',0,'2012-02-12'),(8967,'g',0,'2012-02-12'),(8886,'g',0,'2012-02-12'),(8955,'g',0,'2012-02-12'),(8933,'g',0,'2012-02-12'),(7615,'g',0,'2012-02-12'),(8947,'g',0,'2012-02-12'),(6038,'g',0,'2012-02-12'),(8934,'g',0,'2012-02-12'),(8951,'g',0,'2012-02-12'),(6134,'g',0,'2012-02-12'),(8919,'g',0,'2012-02-12'),(8855,'g',0,'2012-02-12'),(5775,'g',0,'2012-02-12'),(8922,'g',0,'2012-02-12'),(8918,'g',0,'2012-02-12'),(8841,'g',0,'2012-02-12'),(8956,'g',0,'2012-02-12'),(8842,'g',0,'2012-02-12'),(8849,'g',0,'2012-02-12'),(8916,'g',0,'2012-02-12'),(8848,'g',0,'2012-02-12'),(1092,'g',0,'2012-02-12'),(8199,'g',0,'2012-02-12'),(8051,'g',0,'2012-02-12'),(5861,'g',0,'2012-02-12'),(8054,'g',0,'2012-02-12'),(1365,'g',0,'2012-02-12'),(1204,'g',0,'2012-02-12'),(1308,'g',0,'2012-02-12'),(8953,'g',0,'2012-02-12'),(8931,'g',0,'2012-02-12'),(8541,'g',0,'2012-02-12'),(6059,'g',0,'2012-02-12'),(1371,'g',0,'2012-02-12'),(8058,'g',0,'2012-02-12'),(8924,'g',0,'2012-02-12'),(7205,'g',0,'2012-02-12'),(8042,'g',0,'2012-02-12'),(8551,'g',0,'2012-02-12'),(8774,'g',0,'2012-02-12'),(8879,'g',0,'2012-02-12'),(8952,'g',0,'2012-02-12'),(8887,'g',0,'2012-02-12'),(7567,'g',0,'2012-02-12'),(8878,'g',0,'2012-02-12'),(8909,'g',0,'2012-02-12'),(8913,'g',0,'2012-02-12'),(8880,'g',0,'2012-02-12'),(8313,'g',0,'2012-02-12'),(8833,'g',0,'2012-02-12'),(8908,'g',0,'2012-02-12'),(8847,'g',0,'2012-02-12'),(6444,'g',0,'2012-02-12'),(6178,'g',0,'2012-02-12'),(4256,'g',0,'2012-02-12'),(8982,'g',0,'2012-02-12'),(8575,'g',0,'2012-02-12'),(8641,'g',0,'2012-02-12'),(1501,'g',0,'2012-02-12'),(8670,'g',0,'2012-02-12'),(1502,'g',0,'2012-02-12'),(8728,'g',0,'2012-02-12'),(8713,'g',0,'2012-02-12'),(1481,'g',0,'2012-02-12'),(3684,'g',0,'2012-02-12'),(8560,'g',0,'2012-02-13'),(5938,'g',0,'2012-02-13'),(6013,'g',0,'2012-02-13'),(8973,'g',0,'2012-02-13'),(8581,'g',0,'2012-02-13'),(8539,'g',0,'2012-02-13'),(8865,'g',0,'2012-02-13'),(1528,'g',0,'2012-02-13'),(5975,'g',0,'2012-02-13'),(6679,'g',0,'2012-02-13'),(8960,'g',0,'2012-02-13'),(8943,'g',0,'2012-02-13'),(8954,'g',0,'2012-02-13'),(5960,'g',0,'2012-02-13'),(5828,'g',0,'2012-02-13'),(5968,'g',0,'2012-02-13'),(8938,'g',0,'2012-02-13'),(8945,'g',0,'2012-02-13'),(8937,'g',0,'2012-02-13'),(8961,'g',0,'2012-02-13'),(8867,'g',0,'2012-02-13'),(8577,'g',0,'2012-02-13'),(6002,'g',0,'2012-02-13'),(5998,'g',0,'2012-02-13'),(8550,'g',0,'2012-02-13'),(8561,'g',0,'2012-02-13'),(8711,'g',0,'2012-02-13'),(8944,'g',0,'2012-02-13'),(1525,'g',0,'2012-02-13'),(8965,'g',0,'2012-02-13'),(1551,'g',0,'2012-02-13'),(8950,'g',0,'2012-02-13'),(8946,'g',0,'2012-02-13'),(1560,'g',0,'2012-02-13'),(1522,'g',0,'2012-02-13'),(8957,'g',0,'2012-02-13'),(1526,'g',0,'2012-02-13'),(8958,'g',0,'2012-02-13'),(1529,'g',0,'2012-02-13'),(8949,'g',0,'2012-02-13'),(8942,'g',0,'2012-02-13'),(8703,'g',0,'2012-02-13'),(8968,'g',0,'2012-02-13'),(5763,'g',0,'2012-02-13'),(8966,'g',0,'2012-02-13'),(8974,'g',0,'2012-02-13'),(8940,'g',0,'2012-02-13'),(8869,'g',0,'2012-02-13'),(8781,'g',0,'2012-02-13'),(8987,'g',0,'2012-02-13'),(8877,'g',0,'2012-02-13'),(8884,'g',0,'2012-02-13'),(6451,'g',0,'2012-02-13'),(4373,'g',0,'2012-02-13'),(8770,'g',0,'2012-02-13'),(8772,'g',0,'2012-02-13'),(7124,'g',0,'2012-02-13'),(8991,'g',0,'2012-02-13'),(6738,'g',0,'2012-02-13'),(8992,'g',0,'2012-02-13'),(7081,'g',0,'2012-02-13'),(8882,'g',0,'2012-02-13'),(4345,'g',0,'2012-02-13'),(8883,'g',0,'2012-02-13'),(8793,'g',0,'2012-02-13'),(8795,'g',0,'2012-02-13'),(8811,'g',0,'2012-02-13'),(8792,'g',0,'2012-02-13'),(3853,'g',0,'2012-02-13'),(8790,'g',0,'2012-02-13'),(8810,'g',0,'2012-02-13'),(8786,'g',0,'2012-02-13'),(8785,'g',0,'2012-02-13'),(8870,'g',0,'2012-02-13'),(3862,'g',0,'2012-02-13'),(8988,'g',0,'2012-02-13'),(8862,'g',0,'2012-02-13'),(4714,'g',0,'2012-02-13'),(4674,'g',0,'2012-02-13'),(8828,'g',0,'2012-02-13'),(8829,'g',0,'2012-02-13'),(6594,'g',0,'2012-02-13'),(6622,'g',0,'2012-02-13'),(8815,'g',0,'2012-02-13'),(8816,'g',0,'2012-02-13'),(6601,'g',0,'2012-02-13'),(6619,'g',0,'2012-02-13'),(8985,'g',0,'2012-02-13'),(8981,'g',0,'2012-02-13'),(7731,'g',0,'2012-02-14'),(7523,'g',0,'2012-02-14'),(7706,'g',0,'2012-02-14'),(7531,'g',0,'2012-02-14'),(8771,'g',0,'2012-02-14'),(7554,'g',0,'2012-02-14'),(7536,'g',0,'2012-02-14'),(7546,'g',0,'2012-02-14'),(8732,'g',0,'2012-02-14'),(7673,'g',0,'2012-02-14'),(8000,'g',0,'2012-02-14'),(7017,'g',0,'2012-02-14'),(7485,'g',0,'2012-02-14'),(7513,'g',0,'2012-02-14'),(8773,'g',0,'2012-02-14'),(7506,'g',0,'2012-02-14'),(8751,'g',0,'2012-02-14'),(8744,'g',0,'2012-02-14'),(8994,'g',0,'2012-02-14'),(7463,'g',0,'2012-02-14'),(7498,'g',0,'2012-02-14'),(7648,'g',0,'2012-02-14'),(8756,'g',0,'2012-02-14'),(8775,'g',0,'2012-02-14'),(7477,'g',0,'2012-02-14'),(7491,'g',0,'2012-02-14'),(8780,'g',0,'2012-02-14'),(8385,'g',0,'2012-02-14'),(8993,'g',0,'2012-02-14'),(8206,'g',0,'2012-02-14'),(8024,'g',0,'2012-02-14'),(7824,'g',0,'2012-02-14'),(6658,'g',0,'2012-02-14'),(8861,'g',0,'2012-02-14'),(8377,'g',0,'2012-02-14'),(8208,'g',0,'2012-02-14'),(8874,'g',0,'2012-02-14'),(8697,'g',0,'2012-02-14'),(8378,'g',0,'2012-02-14'),(8016,'g',0,'2012-02-14'),(8995,'g',0,'2012-02-14'),(8996,'g',0,'2012-02-14'),(8263,'g',0,'2012-02-14'),(8814,'g',0,'2012-02-14'),(6980,'g',0,'2012-02-14'),(7999,'g',0,'2012-02-14'),(8036,'g',0,'2012-02-14'),(7849,'g',0,'2012-02-14'),(8376,'g',0,'2012-02-14'),(8003,'g',0,'2012-02-14'),(8813,'g',0,'2012-02-14'),(6999,'g',0,'2012-02-14'),(8801,'g',0,'2012-02-14'),(8399,'g',0,'2012-02-14'),(8639,'g',0,'2012-02-14'),(8037,'g',0,'2012-02-14'),(8227,'g',0,'2012-02-14'),(8809,'g',0,'2012-02-14'),(8413,'g',0,'2012-02-14'),(8053,'g',0,'2012-02-14'),(8402,'g',0,'2012-02-14'),(8407,'g',0,'2012-02-14'),(8504,'g',0,'2012-02-14'),(8682,'g',0,'2012-02-14'),(8006,'g',0,'2012-02-14'),(8004,'g',0,'2012-02-14'),(8040,'g',0,'2012-02-14'),(8393,'g',0,'2012-02-14'),(8398,'g',0,'2012-02-14'),(7998,'g',0,'2012-02-14'),(8001,'g',0,'2012-02-14'),(8820,'g',0,'2012-02-14'),(8020,'g',0,'2012-02-14'),(8718,'g',0,'2012-02-14'),(8423,'g',0,'2012-02-14'),(8767,'g',0,'2012-02-14'),(8022,'g',0,'2012-02-14'),(8872,'g',0,'2012-02-14'),(8633,'g',0,'2012-02-14'),(8045,'g',0,'2012-02-14'),(8046,'g',0,'2012-02-14'),(8056,'g',0,'2012-02-14'),(8011,'g',0,'2012-02-14'),(8012,'g',0,'2012-02-14'),(8225,'g',0,'2012-02-14'),(8806,'g',0,'2012-02-14'),(8797,'g',0,'2012-02-14'),(8654,'g',0,'2012-02-14'),(8696,'g',0,'2012-02-14'),(8876,'g',0,'2012-02-14'),(8419,'g',0,'2012-02-14'),(8002,'g',0,'2012-02-14'),(8400,'g',0,'2012-02-14'),(8366,'g',0,'2012-02-14'),(8412,'g',0,'2012-02-14'),(8464,'g',0,'2012-02-14'),(8500,'g',0,'2012-02-14'),(8497,'g',0,'2012-02-14'),(8501,'g',0,'2012-02-14'),(8023,'g',0,'2012-02-14'),(8202,'g',0,'2012-02-14'),(8352,'g',0,'2012-02-14'),(8499,'g',0,'2012-02-14'),(8463,'g',0,'2012-02-14'),(8788,'g',0,'2012-02-14'),(9000,'g',0,'2012-02-14'),(8679,'g',0,'2012-02-14'),(8204,'g',0,'2012-02-14'),(8885,'g',0,'2012-02-14'),(6232,'g',0,'2012-02-14'),(8467,'g',0,'2012-02-14'),(8803,'g',0,'2012-02-14'),(8422,'g',0,'2012-02-14'),(8229,'g',0,'2012-02-14'),(6805,'g',0,'2012-02-14'),(1462,'g',0,'2012-02-14'),(8041,'g',0,'2012-02-14'),(6891,'g',0,'2012-02-14'),(7821,'g',0,'2012-02-14'),(6881,'g',0,'2012-02-14'),(8207,'g',0,'2012-02-14'),(8875,'g',0,'2012-02-14'),(8244,'g',0,'2012-02-14'),(8881,'g',0,'2012-02-14'),(6989,'g',0,'2012-02-14'),(8496,'g',0,'2012-02-14'),(8503,'g',0,'2012-02-14'),(8210,'g',0,'2012-02-14'),(8224,'g',0,'2012-02-14'),(6814,'g',0,'2012-02-14'),(6865,'g',0,'2012-02-14'),(8197,'g',0,'2012-02-14'),(8247,'g',0,'2012-02-14'),(8254,'g',0,'2012-02-14'),(8009,'g',0,'2012-02-14'),(8021,'g',0,'2012-02-15'),(8005,'g',0,'2012-02-15'),(7810,'g',0,'2012-02-15'),(7796,'g',0,'2012-02-15'),(7805,'g',0,'2012-02-15'),(6971,'g',0,'2012-02-15'),(6960,'g',0,'2012-02-15'),(6951,'g',0,'2012-02-15'),(8873,'g',0,'2012-02-15'),(8825,'g',0,'2012-02-15'),(8805,'g',0,'2012-02-15'),(5743,'g',0,'2012-02-15'),(8912,'g',0,'2012-02-15'),(5734,'g',0,'2012-02-15'),(8977,'g',0,'2012-02-15'),(8980,'g',0,'2012-02-15'),(8978,'g',0,'2012-02-15'),(8479,'g',0,'2012-02-15'),(8471,'g',0,'2012-02-15'),(8661,'g',0,'2012-02-15'),(8662,'g',0,'2012-02-15'),(8528,'g',0,'2012-02-15'),(8549,'g',0,'2012-02-15'),(8506,'g',0,'2012-02-15'),(8505,'g',0,'2012-02-15'),(8526,'g',0,'2012-02-15'),(8535,'g',0,'2012-02-15'),(8571,'g',0,'2012-02-15'),(9006,'g',0,'2012-02-15'),(8531,'g',0,'2012-02-15'),(8515,'g',0,'2012-02-15'),(8532,'g',0,'2012-02-15'),(8568,'g',0,'2012-02-15'),(8509,'g',0,'2012-02-15'),(8538,'g',0,'2012-02-15'),(8530,'g',0,'2012-02-15'),(8572,'g',0,'2012-02-15'),(8573,'g',0,'2012-02-15'),(8588,'g',0,'2012-02-15'),(8533,'g',0,'2012-02-15'),(8584,'g',0,'2012-02-15'),(8534,'g',0,'2012-02-15'),(8516,'g',0,'2012-02-15'),(8519,'g',0,'2012-02-15'),(8511,'g',0,'2012-02-15'),(8527,'g',0,'2012-02-15'),(8997,'g',0,'2012-02-16'),(5313,'g',0,'2012-02-16'),(5352,'g',0,'2012-02-16'),(1574,'g',0,'2012-02-16'),(1042,'g',0,'2012-02-16'),(1041,'g',0,'2012-02-16'),(1038,'g',0,'2012-02-16'),(1040,'g',0,'2012-02-16'),(1039,'g',0,'2012-02-16'),(9005,'g',0,'2012-02-17'),(8998,'g',0,'2012-02-17'),(7159,'g',0,'2012-02-17'),(9001,'g',0,'2012-02-17'),(8026,'g',0,'2012-02-18'),(4793,'g',0,'2012-02-19'),(8989,'g',0,'2012-02-19'),(9002,'g',0,'2012-02-19'),(8424,'g',0,'2012-02-20'),(9022,'g',0,'2012-02-20'),(4826,'g',0,'2012-02-20'),(7780,'g',0,'2012-02-21'),(4556,'g',0,'2012-02-21'),(5434,'g',0,'2012-02-21'),(6246,'g',0,'2012-02-21'),(9009,'g',0,'2012-02-21'),(4933,'g',0,'2012-02-21'),(9018,'g',0,'2012-02-26'),(5058,'g',0,'2012-02-26'),(8478,'g',0,'2012-02-26'),(8306,'g',0,'2012-02-26'),(8311,'g',0,'2012-02-26'),(8591,'g',0,'2012-02-26'),(9024,'g',0,'2012-02-26'),(4886,'g',0,'2012-02-26'),(8320,'g',0,'2012-02-26'),(8308,'g',0,'2012-02-26'),(9019,'g',0,'2012-02-26'),(8314,'g',0,'2012-02-26'),(8302,'g',0,'2012-02-26'),(8307,'g',0,'2012-02-26'),(8474,'g',0,'2012-02-26'),(9012,'g',0,'2012-02-26'),(8347,'g',0,'2012-02-26'),(5604,'g',0,'2012-02-26'),(1515,'g',0,'2012-02-26'),(8674,'g',0,'2012-02-27'),(8592,'g',0,'2012-02-27'),(8486,'g',0,'2012-02-27'),(4807,'g',0,'2012-02-27'),(8312,'g',0,'2012-02-27'),(9027,'g',0,'2012-02-27'),(8596,'g',0,'2012-02-27'),(8663,'g',0,'2012-02-27'),(8475,'g',0,'2012-02-27'),(1549,'g',0,'2012-02-27'),(9011,'g',0,'2012-02-27'),(8484,'g',0,'2012-02-27'),(9030,'g',0,'2012-02-27'),(9021,'g',0,'2012-02-27'),(9017,'g',0,'2012-02-27'),(9032,'g',0,'2012-02-27'),(8999,'g',0,'2012-02-27'),(9031,'g',0,'2012-02-27'),(8766,'g',0,'2012-02-27'),(9033,'g',0,'2012-02-28'),(9029,'g',0,'2012-02-28'),(9007,'g',0,'2012-02-28'),(9015,'g',0,'2012-02-28'),(9016,'g',0,'2012-02-28'),(9010,'g',0,'2012-02-28'),(9036,'g',0,'2012-02-29'),(8599,'g',0,'2012-02-29'),(9037,'g',0,'2012-02-29'),(9025,'g',0,'2012-02-29'),(9040,'g',0,'2012-02-29'),(8559,'g',0,'2012-02-29'),(9039,'g',0,'2012-02-29'),(9008,'g',0,'2012-02-29'),(9035,'g',0,'2012-02-29'),(8322,'g',0,'2012-02-29'),(9046,'g',0,'2012-02-29'),(9023,'g',0,'2012-02-29'),(4588,'g',0,'2012-02-29'),(9020,'g',0,'2012-02-29'),(9038,'g',0,'2012-02-29'),(9045,'g',0,'2012-02-29'),(8580,'g',0,'2012-02-29'),(9028,'g',0,'2012-02-29'),(7216,'g',0,'2012-02-29'),(4948,'g',0,'2012-03-01'),(8482,'g',0,'2012-03-01'),(8598,'g',0,'2012-03-01'),(4968,'g',0,'2012-03-01'),(4988,'g',0,'2012-03-01'),(5625,'g',0,'2012-03-01'),(5681,'g',0,'2012-03-01'),(5690,'g',0,'2012-03-01'),(9004,'g',0,'2012-03-01'),(8578,'g',0,'2012-03-01'),(4872,'g',0,'2012-03-01'),(9026,'g',0,'2012-03-01'),(1014,'g',0,'2012-03-01'),(9003,'g',0,'2012-03-01'),(1012,'g',0,'2012-03-01'),(1018,'g',0,'2012-03-01'),(9050,'g',0,'2012-03-01'),(9051,'g',0,'2012-03-01'),(9057,'g',0,'2012-03-02'),(9056,'g',0,'2012-03-02'),(9014,'g',0,'2012-03-03'),(9047,'g',0,'2012-03-04'),(9052,'g',0,'2012-03-04'),(9048,'g',0,'2012-03-04'),(9042,'g',0,'2012-03-04'),(9041,'g',0,'2012-03-05'),(9059,'g',0,'2012-03-07'),(9074,'g',0,'2012-03-07'),(9058,'g',0,'2012-03-07');

--
-- Table structure for table `idx_paid_listing`
--

CREATE TABLE `idx_paid_listing` (
  `link_id` mediumint(9) unsigned NOT NULL DEFAULT '0',
  `premium` char(1) DEFAULT NULL,
  `sponsored` char(1) DEFAULT NULL,
  `expire` datetime DEFAULT NULL,
  `paid` char(1) DEFAULT NULL,
  PRIMARY KEY (`link_id`)
) ENGINE=MyISAM DEFAULT CHARSET=latin1;

--
-- Dumping data for table `idx_paid_listing`
--


--
-- Table structure for table `idx_payment_gateway`
--

CREATE TABLE `idx_payment_gateway` (
  `payment_gateway_id` int(11) NOT NULL AUTO_INCREMENT,
  `name` varchar(100) DEFAULT NULL,
  `enable` char(1) DEFAULT NULL,
  `setting` text,
  `invoice_html` text,
  PRIMARY KEY (`payment_gateway_id`)
) ENGINE=MyISAM AUTO_INCREMENT=9 DEFAULT CHARSET=latin1;

--
-- Dumping data for table `idx_payment_gateway`
--

INSERT INTO `idx_payment_gateway` VALUES (1,'paypal','1','a:2:{s:13:\"payment_email\";s:0:\"\";s:21:\"enable_paypal_sandbox\";s:1:\"0\";}','<p> \r\n	<a href=\'paynow.php?id={$invoice_id}&m=paypal\'><img src=\'http://www.paypal.com/images/x-click-but02.gif\' border=\'0\' alt=\'Make payments with PayPal - it is fast, free and secure!\' /></a> \r\n</p>\r\n'),(2,'2co','0','a:6:{s:6:\"co_sid\";s:5:\"84932\";s:9:\"co_secret\";s:5:\"tango\";s:12:\"co_recurring\";s:1:\"0\";s:9:\"co_prod_1\";s:6:\"100.00\";s:9:\"co_prod_2\";s:6:\"250.00\";s:9:\"co_prod_3\";s:6:\"400.00\";}','<p>\r\n<a href=\'paynow.php?id={$invoice_id}&m=2co\'><img src=\'http://www.2checkout.com/images/overview/btns/25.jpg\' alt=\'Pay Now with 2checkout...\' border=\'0\' /></a> \r\n</p>'),(3,'authorizenet','0','a:2:{s:21:\"authorizenet_login_id\";s:0:\"\";s:21:\"authorizenet_tran_key\";s:0:\"\";}','<p> \r\n<a href=\'paynow.php?id={$invoice_id}&m=authorizenet\'><img src=\'http://www.authorize.net/upload/images/Images/Header/authorizenet_logo.gif\' alt=\'Pay Now with Authorize.Net...\' width=\'99\' height=\'39\' style=\'{border : 1px solid #c0c0c0;}\' /></a>\r\n</p>'),(4,'egold','0','a:2:{s:19:\"egold_payee_account\";s:0:\"\";s:16:\"egold_payee_name\";s:0:\"\";}','<p> \r\n<a href=\'paynow.php?id={$invoice_id}&m=egold\'>\r\n<img src=\'http://www.e-gold.com/gif/paywith.gif\' border=\'0\' alt=\'Pay Now with e-gold...\' />\r\n</a>\r\n</p>'),(5,'moneybookers','0','a:1:{s:18:\"moneybookers_email\";s:0:\"\";}','<p> \r\n<a href=\'paynow.php?id={$invoice_id}&m=paypal\'><img src=\'http://www.moneybookers.com/images/banners/88_en_mb.gif\' border=\'0\' alt=\'Make payments with Moneybookers - it is fast, free and secure!\' /></a> \r\n</p>'),(6,'paypal-subscriptions','0','a:2:{s:13:\"payment_email\";s:0:\"\";s:21:\"enable_paypal_sandbox\";s:1:\"0\";}','<p> \r\n<a href=\'paynow.php?id={$invoice_id}&m=paypal\'><img src=\'https://www.paypal.com/en_US/i/btn/x-click-but20.gif\' border=\'0\' alt=\'Make payments with PayPal - it is fast, free and secure!\' /></a> \r\n</p>'),(7,'alertpay','0','a:2:{s:14:\"alertpay_email\";s:0:\"\";s:23:\"enable_alertpay_sandbox\";s:1:\"0\";}','<p> \r\n<a href=\'paynow.php?id={$invoice_id}&m=alertpay\'>\r\n<img src=\'https://www.alertpay.com/Images/BuyNow/pay_now_3.gif\' border=\'0\' alt=\'Make payments with PayPal - it is fast, free and secure!\' /></a> \r\n</p>'),(8,'alertpay-subcriptions','0','a:2:{s:14:\"alertpay_email\";s:0:\"\";s:23:\"enable_alertpay_sandbox\";s:1:\"0\";}','<p>\r\n<a href=\'paynow.php?id={$invoice_id}&m=alertpay-subcriptions\'>\r\n<img src=\'https://www.alertpay.com/Images/BuyNow/subscribe_now_15.gif\' border=\'0\' alt=\'Make payments with Alert Pay - it is fast, free and secure!\' /></a> \r\n</p>');

--
-- Table structure for table `idx_payment_history`
--

CREATE TABLE `idx_payment_history` (
  `payment_id` int(10) unsigned NOT NULL AUTO_INCREMENT,
  `contact_name` varchar(255) DEFAULT NULL,
  `email` varchar(255) DEFAULT NULL,
  `type` varchar(255) DEFAULT NULL,
  `detail` text,
  `amount` double DEFAULT NULL,
  `time` datetime DEFAULT NULL,
  `invoice_id` varchar(10) DEFAULT NULL,
  PRIMARY KEY (`payment_id`)
) ENGINE=MyISAM DEFAULT CHARSET=latin1;

--
-- Dumping data for table `idx_payment_history`
--


--
-- Table structure for table `idx_pl_sociable`
--

CREATE TABLE `idx_pl_sociable` (
  `sb_id` int(11) NOT NULL AUTO_INCREMENT,
  `sb_name` varchar(255) CHARACTER SET utf8 DEFAULT NULL,
  `sb_url` varchar(255) CHARACTER SET utf8 DEFAULT NULL,
  `sb_icon` varchar(255) CHARACTER SET utf8 DEFAULT NULL,
  `sb_enable` char(1) CHARACTER SET utf8 DEFAULT '0',
  PRIMARY KEY (`sb_id`)
) ENGINE=MyISAM AUTO_INCREMENT=90 DEFAULT CHARSET=latin1;

--
-- Dumping data for table `idx_pl_sociable`
--

INSERT INTO `idx_pl_sociable` VALUES (1,'BarraPunto','http://barrapunto.com/submit.pl?subj=TITLE&amp;story=PERMALINK','barrapunto.png','0'),(2,'Bitacoras.com','http://bitacoras.com/anotaciones/PERMALINK','bitacoras.png','0'),(3,'BlinkList','http://www.blinklist.com/index.php?Action=Blink/addblink.php&amp;Url=PERMALINK&amp;Title=TITLE','blinklist.png','0'),(4,'blogmarks','http://blogmarks.net/my/new.php?mini=1&amp;simple=1&amp;url=PERMALINK&amp;title=TITLE','blogmarks.png','0'),(5,'Blogosphere News','http://www.blogospherenews.com/submit.php?url=PERMALINK&amp;title=TITLE','blogospherenews.png','0'),(6,'blogtercimlap','http://cimlap.blogter.hu/index.php?action=suggest_link&amp;title=TITLE&amp;url=PERMALINK','blogter.png','0'),(7,'Faves','http://faves.com/Authoring.aspx?u=PERMALINK&amp;title=TITLE','bluedot.png','0'),(8,'connotea','http://www.connotea.org/addpopup?continue=confirm&amp;uri=PERMALINK&amp;title=TITLE&amp;description=EXCERPT','connotea.png','0'),(9,'Current','http://current.com/clipper.htm?url=PERMALINK&amp;title=TITLE','current.png','0'),(10,'del.icio.us','http://delicious.com/post?url=PERMALINK&amp;title=TITLE&amp;notes=EXCERPT','delicious.png','0'),(11,'Digg','http://digg.com/submit?phase=2&amp;url=PERMALINK&amp;title=TITLE&amp;bodytext=EXCERPT','digg.png','1'),(12,'Diigo','http://www.diigo.com/post?url=PERMALINK&amp;title=TITLE','diigo.png','0'),(13,'DotNetKicks','http://www.dotnetkicks.com/kick/?url=PERMALINK&amp;title=TITLE','dotnetkicks.png','0'),(14,'DZone','http://www.dzone.com/links/add.html?url=PERMALINK&amp;title=TITLE','dzone.png','0'),(15,'eKudos','http://www.ekudos.nl/artikel/nieuw?url=PERMALINK&amp;title=TITLE&amp;desc=EXCERPT','ekudos.png','0'),(16,'email','mailto:?subject=TITLE&amp;body=PERMALINK','email_link.png','0'),(17,'Facebook','http://www.facebook.com/share.php?u=PERMALINK&amp;t=TITLE','facebook.png','1'),(18,'Fark','http://cgi.fark.com/cgi/fark/farkit.pl?h=TITLE&amp;u=PERMALINK','fark.png','0'),(19,'Fleck','http://beta3.fleck.com/bookmarklet.php?url=PERMALINK&amp;title=TITLE','fleck.png','0'),(20,'FriendFeed','http://www.friendfeed.com/share?title=TITLE&amp;link=PERMALINK','friendfeed.png','0'),(21,'FSDaily','http://www.fsdaily.com/submit?url=PERMALINK&amp;title=TITLE','fsdaily.png','0'),(22,'Global Grind','http://globalgrind.com/submission/submit.aspx?url=PERMALINK&amp;type=Article&amp;title=TITLE','globalgrind.png','0'),(23,'Google','http://www.google.com/bookmarks/mark?op=edit&amp;bkmk=PERMALINK&amp;title=TITLE&amp;annotation=EXCERPT','googlebookmark.png','0'),(24,'Gwar','http://www.gwar.pl/DodajGwar.html?u=PERMALINK','gwar.png','0'),(25,'HackerNews','http://news.ycombinator.com/submitlink?u=PERMALINK&amp;t=TITLE','hackernews.png','0'),(26,'Haohao','http://www.haohaoreport.com/submit.php?url=PERMALINK&amp;title=TITLE','haohao.png','0'),(27,'HealthRanker','http://healthranker.com/submit.php?url=PERMALINK&amp;title=TITLE','healthranker.png','0'),(28,'HelloTxt','http://hellotxt.com/?status=TITLE+PERMALINK','hellotxt.png','0'),(29,'Hemidemi','http://www.hemidemi.com/user_bookmark/new?title=TITLE&amp;url=PERMALINK','hemidemi.png','0'),(30,'Hyves','http://www.hyves.nl/profilemanage/add/tips/?name=TITLE&amp;text=EXCERPT+PERMALINK&amp;rating=5','hyves.png','0'),(31,'Identi.ca','http://identi.ca/notice/new?status_textarea=PERMALINK','identica.png','0'),(32,'IndianPad','http://www.indianpad.com/submit.php?url=PERMALINK','indianpad.png','0'),(33,'Internetmedia','http://internetmedia.hu/submit.php?url=PERMALINK','im.png','0'),(34,'Kirtsy','http://www.kirtsy.com/submit.php?url=PERMALINK&amp;title=TITLE','kirtsy.png','0'),(35,'laaik.it','http://laaik.it/NewStoryCompact.aspx?uri=PERMALINK&amp;headline=TITLE&amp;cat=5e082fcc-8a3b-47e2-acec-fdf64ff19d12','laaikit.png','0'),(36,'LinkArena','http://linkarena.com/bookmarks/addlink/?url=PERMALINK&amp;title=TITLE','linkarena.png','0'),(37,'LinkaGoGo','http://www.linkagogo.com/go/AddNoPopup?url=PERMALINK&amp;title=TITLE','linkagogo.png','0'),(38,'LinkedIn','http://www.linkedin.com/shareArticle?mini=true&amp;url=PERMALINK&amp;title=TITLE&amp;source=BLOGNAME&amp;summary=EXCERPT','linkedin.png','0'),(39,'Linkter','http://www.linkter.hu/index.php?action=suggest_link&amp;url=PERMALINK&amp;title=TITLE','linkter.png','0'),(40,'Live','https://favorites.live.com/quickadd.aspx?marklet=1&amp;url=PERMALINK&amp;title=TITLE','live.png','0'),(41,'Meneame','http://meneame.net/submit.php?url=PERMALINK','meneame.png','0'),(42,'MisterWong','http://www.mister-wong.com/addurl/?bm_url=PERMALINK&amp;bm_description=TITLE&amp;plugin=soc','misterwong.png','0'),(43,'MisterWong.DE','http://www.mister-wong.de/addurl/?bm_url=PERMALINK&amp;bm_description=TITLE&amp;plugin=soc','misterwong.png','0'),(44,'Mixx','http://www.mixx.com/submit?page_url=PERMALINK&amp;title=TITLE','mixx.png','0'),(45,'muti','http://www.muti.co.za/submit?url=PERMALINK&amp;title=TITLE','muti.png','0'),(46,'MyShare','http://myshare.url.com.tw/index.php?func=newurl&amp;url=PERMALINK&amp;desc=TITLE','myshare.png','0'),(47,'MySpace','http://www.myspace.com/Modules/PostTo/Pages/?u=PERMALINK&amp;t=TITLE','myspace.png','0'),(48,'MSNReporter','http://reporter.nl.msn.com/?fn=contribute&amp;Title=TITLE&amp;URL=PERMALINK&amp;cat_id=6&amp;tag_id=31&amp;Remark=EXCERPT','msnreporter.png','0'),(49,'N4G','http://www.n4g.com/tips.aspx?url=PERMALINK&amp;title=TITLE','n4g.png','0'),(50,'Netvibes','http://www.netvibes.com/share?title=TITLE&amp;url=PERMALINK','netvibes.png','0'),(51,'NewsVine','http://www.newsvine.com/_tools/seed&amp;save?u=PERMALINK&amp;h=TITLE','newsvine.png','0'),(52,'Netvouz','http://www.netvouz.com/action/submitBookmark?url=PERMALINK&amp;title=TITLE&amp;popup=no','netvouz.png','0'),(53,'NuJIJ','http://nujij.nl/jij.lynkx?t=TITLE&amp;u=PERMALINK&amp;b=EXCERPT','nujij.png','0'),(54,'Ping.fm','http://ping.fm/ref/?link=PERMALINK&amp;title=TITLE&amp;body=EXCERPT','ping.png','0'),(55,'Posterous','http://posterous.com/share?linkto=PERMALINK&amp;title=TITLE&amp;selection=EXCERPT','posterous.png','0'),(56,'PDF','http://www.printfriendly.com/print?url=PERMALINK&amp;partner=sociable','pdf.png','0'),(57,'Print','http://www.printfriendly.com/print?url=PERMALINK&amp;partner=sociable','printfriendly.png','0'),(58,'Propeller','http://www.propeller.com/submit/?url=PERMALINK','propeller.png','0'),(59,'Ratimarks','http://ratimarks.org/bookmarks.php/?action=add&address=PERMALINK&amp;title=TITLE','ratimarks.png','0'),(60,'Rec6','http://rec6.via6.com/link.php?url=PERMALINK&amp;=TITLE','rec6.png','0'),(61,'Reddit','http://reddit.com/submit?url=PERMALINK&amp;title=TITLE','reddit.png','0'),(62,'RSS','FEEDLINK','rss.png','0'),(63,'Scoopeo','http://www.scoopeo.com/scoop/new?newurl=PERMALINK&amp;title=TITLE','scoopeo.png','0'),(64,'Segnalo','http://segnalo.alice.it/post.html.php?url=PERMALINK&amp;title=TITLE','segnalo.png','0'),(65,'Simpy','http://www.simpy.com/simpy/LinkAdd.do?href=PERMALINK&amp;title=TITLE','simpy.png','0'),(66,'Slashdot','http://slashdot.org/bookmark.pl?title=TITLE&amp;url=PERMALINK','slashdot.png','0'),(67,'Socialogs','http://socialogs.com/add_story.php?story_url=PERMALINK&amp;story_title=TITLE','socialogs.png','0'),(68,'SphereIt','http://www.sphere.com/search?q=sphereit:PERMALINK&amp;title=TITLE','sphere.png','0'),(69,'Sphinn','http://sphinn.com/index.php?c=post&amp;m=submit&amp;link=PERMALINK','sphinn.png','0'),(70,'StumbleUpon','http://www.stumbleupon.com/submit?url=PERMALINK&amp;title=TITLE','stumbleupon.png','0'),(71,'Techmeme','http://twitter.com/home/?status=tip%20@Techmeme%20PERMALINK%20TITLE','techmeme.png','0'),(72,'Technorati','http://technorati.com/faves?add=PERMALINK','technorati.png','1'),(73,'ThisNext','http://www.thisnext.com/pick/new/submit/sociable/?url=PERMALINK&amp;name=TITLE','thisnext.png','0'),(74,'Tipd','http://tipd.com/submit.php?url=PERMALINK','tipd.png','0'),(75,'Tumblr','http://www.tumblr.com/share?v=3&amp;u=PERMALINK&amp;t=TITLE&amp;s=EXCERPT','tumblr.png','0'),(76,'Twitter','http://twitter.com/home?status=TITLE%20-%20PERMALINK','twitter.png','1'),(77,'Upnews','http://www.upnews.it/submit?url=PERMALINK&amp;title=TITLE','upnews.png','0'),(78,'Webnews.de','http://www.webnews.de/einstellen?url=PERMALINK&amp;title=TITLE','webnews.png','0'),(79,'Webride','http://webride.org/discuss/split.php?uri=PERMALINK&amp;title=TITLE','webride.png','0'),(80,'Wikio','http://www.wikio.com/vote?url=PERMALINK','wikio.png','0'),(81,'Wikio FR','http://www.wikio.fr/vote?url=PERMALINK','wikio.png','0'),(82,'Wikio IT','http://www.wikio.it/vote?url=PERMALINK','wikio.png','0'),(83,'Wists','http://wists.com/s.php?c=&amp;r=PERMALINK&amp;title=TITLE','wists.png','0'),(84,'Wykop','http://www.wykop.pl/dodaj?url=PERMALINK','wykop.png','0'),(85,'Xerpi','http://www.xerpi.com/block/add_link_from_extension?url=PERMALINK&amp;title=TITLE','xerpi.png','0'),(86,'YahooBuzz','http://buzz.yahoo.com/submit/?submitUrl=PERMALINK&amp;submitHeadline=TITLE&amp;submitSummary=EXCERPT&amp;submitCategory=science&amp;submitAssetType=text','yahoobuzz.png','0'),(87,'Yahoo! Bookmarks','http://bookmarks.yahoo.com/toolbar/savebm?u=PERMALINK&amp;t=TITLE&opener=bm&amp;ei=UTF-8&amp;d=EXCERPT','yahoomyweb.png','0'),(88,'Yigg','http://yigg.de/neu?exturl=PERMALINK&amp;exttitle=TITLE','yiggit.png','0'),(89,'Blogplay','http://blogplay.com','blogplay.png','0');

--
-- Table structure for table `idx_pl_twitter_account`
--

CREATE TABLE `idx_pl_twitter_account` (
  `ck` varchar(255) CHARACTER SET utf8 DEFAULT NULL,
  `cs` varchar(255) CHARACTER SET utf8 DEFAULT NULL,
  `at` varchar(255) CHARACTER SET utf8 DEFAULT NULL,
  `ats` varchar(255) CHARACTER SET utf8 DEFAULT NULL
) ENGINE=MyISAM DEFAULT CHARSET=latin1;

--
-- Dumping data for table `idx_pl_twitter_account`
--

INSERT INTO `idx_pl_twitter_account` VALUES ('owV2gmrECxfKEogoxbThJw','RVhsukk2WZe9qDCHaIuPQJwLNf5fH3iWnwSeQTwCA','356946922-fV2RuOxAiqfU2QemYt3CuVP4DczWbAxJxIkAnOgN','p38LviSh8gt1RuEjOfe8Yus1drOZ3W0ULjOrBd58');

--
-- Table structure for table `idx_plugin`
--

CREATE TABLE `idx_plugin` (
  `plugin_id` int(11) NOT NULL AUTO_INCREMENT,
  `name` varchar(255) DEFAULT NULL,
  `plugin_file` varchar(255) DEFAULT NULL,
  `status` enum('0','1') DEFAULT NULL,
  `option_plugin` text,
  PRIMARY KEY (`plugin_id`)
) ENGINE=MyISAM AUTO_INCREMENT=3 DEFAULT CHARSET=latin1;

--
-- Dumping data for table `idx_plugin`
--

INSERT INTO `idx_plugin` VALUES (1,'AutoTweet','twitter_auto_tweet/twitter_auto_tweet.php','1',NULL),(2,'Sociable','sociable/sociable.php','1',NULL);

--
-- Table structure for table `idx_review`
--

CREATE TABLE `idx_review` (
  `review_id` mediumint(9) unsigned NOT NULL AUTO_INCREMENT,
  `link_id` mediumint(9) unsigned NOT NULL DEFAULT '0',
  `review` text NOT NULL,
  `rating` tinyint(3) unsigned NOT NULL DEFAULT '0',
  `date` date NOT NULL DEFAULT '0000-00-00',
  `subject` varchar(100) DEFAULT NULL,
  `status` char(1) DEFAULT NULL,
  `username` varchar(20) DEFAULT NULL,
  `name` varchar(20) DEFAULT NULL,
  `email` varchar(100) DEFAULT NULL,
  PRIMARY KEY (`review_id`)
) ENGINE=MyISAM DEFAULT CHARSET=latin1;

--
-- Dumping data for table `idx_review`
--


--
-- Table structure for table `idx_searchlog`
--

CREATE TABLE `idx_searchlog` (
  `keyword` varchar(100) NOT NULL DEFAULT '',
  `time` datetime NOT NULL DEFAULT '0000-00-00 00:00:00',
  `result` mediumint(9) unsigned DEFAULT NULL,
  `ip` varchar(100) DEFAULT NULL
) ENGINE=MyISAM DEFAULT CHARSET=latin1;

--
-- Dumping data for table `idx_searchlog`
--

INSERT INTO `idx_searchlog` VALUES ('chemical','2011-09-08 07:57:37',0,'112.79.109.223');

--
-- Table structure for table `idx_set_hook_place`
--

CREATE TABLE `idx_set_hook_place` (
  `set_hook_place_id` int(11) NOT NULL AUTO_INCREMENT,
  `plugin` varchar(255) DEFAULT NULL,
  `set_hook_place` text,
  PRIMARY KEY (`set_hook_place_id`)
) ENGINE=MyISAM DEFAULT CHARSET=latin1;

--
-- Dumping data for table `idx_set_hook_place`
--


--
-- Table structure for table `idx_setting`
--

CREATE TABLE `idx_setting` (
  `setting_id` int(11) NOT NULL AUTO_INCREMENT,
  `setting_name` varchar(255) DEFAULT NULL,
  `setting_value` text,
  PRIMARY KEY (`setting_id`)
) ENGINE=MyISAM AUTO_INCREMENT=55 DEFAULT CHARSET=latin1;

--
-- Dumping data for table `idx_setting`
--

INSERT INTO `idx_setting` VALUES (4,'site_name','directoryvilla.org'),(5,'site_url','http://directoryvilla.org'),(6,'email_address','alyson.serviss@gmail.com'),(7,'language_code','en_US'),(8,'theme_path','/home/directgg/public_html/themes/'),(9,'admin_template_path','/home/directgg/public_html/admin_tpl/'),(10,'plugin_path','/home/directgg/public_html/plugin/'),(12,'active_theme','_directoryvilla'),(14,'spam_proof','1'),(15,'enable_user_validation','1'),(16,'allowed_file_extension','gif,jpg,png,pdf,zip,doc'),(17,'yahoo_appid',''),(18,'whosonline','600'),(19,'reciprocal_check','0'),(20,'urlcheck_limit','1'),(21,'pagerank_cache','30'),(22,'max_image_width','1024'),(23,'max_image_height','756'),(24,'max_file_size','500'),(25,'only_registered_can_add_link','0'),(26,'only_registered_can_add_review','0'),(27,'db_use_persistent','0'),(28,'paid_link_day_period','30,60,90,180'),(29,'paid_link_price_factor','1,1.5,2,3'),(30,'enable_html_tag','1'),(31,'allowed_html_tag','<b>,<strong>,<i>,<em>,<u>,<pre>,<blockquote>,<ol>,<ul>,<li>,<p>,<span>,<div>,<table>,<tr>,<td>'),(32,'enable_page_compression','0'),(33,'enable_category_ajax','1'),(34,'require_visit_category','0'),(35,'additional_category_price','0.5'),(36,'enable_rating_ajax','1'),(37,'service_nicecoder_avail','1'),(38,'enable_recaptcha','0'),(39,'recaptcha_publickey',''),(40,'recaptcha_privatekey',''),(41,'enable_bidding','0'),(42,'minimum_bid','5'),(43,'bid_increament','1'),(44,'charset','utf-8'),(45,'mailer','mail'),(46,'smtp_auth','0'),(47,'smtp_host',''),(48,'smtp_username',''),(49,'smtp_password',''),(50,'smtp_port','25'),(51,'emailbody_as_html','0'),(52,'indexu_version','2.4'),(53,'tos',''),(54,'submission_guidelines','');

--
-- Table structure for table `idx_tags`
--

CREATE TABLE `idx_tags` (
  `tag` varchar(64) NOT NULL DEFAULT '',
  `category_id` mediumint(8) unsigned NOT NULL DEFAULT '0',
  `total` int(11) NOT NULL DEFAULT '0',
  `tag_path` varchar(64) NOT NULL,
  PRIMARY KEY (`tag`,`category_id`)
) ENGINE=MyISAM DEFAULT CHARSET=latin1;

--
-- Dumping data for table `idx_tags`
--


--
-- Table structure for table `idx_unavailable`
--

CREATE TABLE `idx_unavailable` (
  `idx_unavailable` int(11) NOT NULL AUTO_INCREMENT,
  `link_id` int(11) DEFAULT NULL,
  `url` varchar(255) DEFAULT NULL,
  `who_is` varchar(255) DEFAULT NULL,
  `note` text,
  `date` datetime DEFAULT NULL,
  PRIMARY KEY (`idx_unavailable`)
) ENGINE=MyISAM DEFAULT CHARSET=latin1;

--
-- Dumping data for table `idx_unavailable`
--


--
-- Table structure for table `idx_unavailable_latest`
--

CREATE TABLE `idx_unavailable_latest` (
  `idx_link` int(11) DEFAULT NULL,
  `record_execution` int(11) DEFAULT NULL
) ENGINE=MyISAM DEFAULT CHARSET=latin1;

--
-- Dumping data for table `idx_unavailable_latest`
--


--
-- Table structure for table `idx_votes`
--

CREATE TABLE `idx_votes` (
  `link_id` mediumint(9) NOT NULL DEFAULT '0',
  `ip` varchar(100) DEFAULT NULL,
  `value` tinyint(4) DEFAULT NULL
) ENGINE=MyISAM DEFAULT CHARSET=latin1;

--
-- Dumping data for table `idx_votes`
--

INSERT INTO `idx_votes` VALUES (8245,'72.68.149.34',5);


