--
-- Host: edirectori.net    Database: edirecto_direct
-- ------------------------------------------------------


--
-- Not dumping tablespaces as no INFORMATION_SCHEMA.FILES table on this server
--

--
-- Table structure for table `directory_save_data`
--

CREATE TABLE `directory_save_data` (
  `id` bigint(100) NOT NULL auto_increment,
  `schedule_id` bigint(100) NOT NULL,
  `project_id` bigint(100) NOT NULL,
  `link_id` bigint(100) NOT NULL,
  `confirm_link` text NOT NULL,
  `category_id` int(10) NOT NULL,
  `category_name` varchar(150) NOT NULL,
  PRIMARY KEY  (`id`)
) ENGINE=InnoDB DEFAULT CHARSET=latin1;

--
-- Dumping data for table `directory_save_data`
--


--
-- Table structure for table `idx_admin_menu`
--

CREATE TABLE `idx_admin_menu` (
  `menu_id` int(11) NOT NULL auto_increment,
  `parent_id` int(11) default NULL,
  `menu_title` varchar(255) default NULL,
  `menu_url` varchar(255) default NULL,
  `order_number` int(11) default NULL,
  PRIMARY KEY  (`menu_id`)
) ENGINE=MyISAM AUTO_INCREMENT=85 DEFAULT CHARSET=latin1;

--
-- Dumping data for table `idx_admin_menu`
--



--
-- Table structure for table `idx_bad_link`
--

CREATE TABLE `idx_bad_link` (
  `bad_link_id` mediumint(9) unsigned NOT NULL auto_increment,
  `link_id` mediumint(9) unsigned NOT NULL default '0',
  `name` varchar(50) NOT NULL default '',
  `email` varchar(50) NOT NULL default '',
  `type` tinyint(3) unsigned NOT NULL default '0',
  `date` date NOT NULL default '0000-00-00',
  PRIMARY KEY  (`bad_link_id`)
) ENGINE=MyISAM DEFAULT CHARSET=latin1;

--
-- Dumping data for table `idx_bad_link`
--


--
-- Table structure for table `idx_badwords`
--

CREATE TABLE `idx_badwords` (
  `word` varchar(100) NOT NULL default ''
) ENGINE=MyISAM DEFAULT CHARSET=latin1;

--
-- Dumping data for table `idx_badwords`
--


--
-- Table structure for table `idx_blocked_domain`
--

CREATE TABLE `idx_blocked_domain` (
  `blocked_id` int(11) NOT NULL auto_increment,
  `blocked` varchar(255) default NULL,
  `type` enum('domain','ip') default NULL,
  PRIMARY KEY  (`blocked_id`)
) ENGINE=MyISAM AUTO_INCREMENT=6 DEFAULT CHARSET=latin1;

--
-- Dumping data for table `idx_blocked_domain`
--

INSERT INTO `idx_blocked_domain` VALUES (1,'buydomains.com','domain'),(2,'this-domain-for-sale.com ','domain'),(3,'oversee.net','domain'),(4,'eNom','domain'),(5,'sedoparking.com','domain');

--
-- Table structure for table `idx_category`
--

CREATE TABLE `idx_category` (
  `category_id` mediumint(9) unsigned NOT NULL auto_increment,
  `parent_id` mediumint(9) unsigned NOT NULL default '0',
  `name` varchar(100) NOT NULL default '',
  `description` text NOT NULL,
  `image` varchar(100) default NULL,
  `content` text,
  `visible` char(1) default NULL,
  `links` mediumint(9) default NULL,
  `meta_keyword` text,
  `meta_description` text,
  `permission` char(2) default NULL,
  `registered_only` char(1) default NULL,
  `header` text NOT NULL,
  `footer` text NOT NULL,
  `related` mediumint(6) NOT NULL default '0',
  `page_title` varchar(200) NOT NULL default '',
  `hits` int(11) NOT NULL default '0',
  `order_num` smallint(6) NOT NULL default '0',
  `basic_price` double unsigned NOT NULL default '0',
  `premium_price` double unsigned NOT NULL default '0',
  `sponsored_price` double unsigned NOT NULL default '0',
  PRIMARY KEY  (`category_id`)
) ENGINE=MyISAM AUTO_INCREMENT=101 DEFAULT CHARSET=latin1;

--
-- Dumping data for table `idx_category`
--

INSERT INTO `idx_category` VALUES (66,0,'Arts & Music','','folder.gif','','1',9,'','','1','0','','',0,'',0,0,0,0,0),(67,0,'Auto Industry','','folder.gif','','1',28,'','','1','0','','',0,'',0,0,0,0,0),(68,0,'Economy & Business','','folder.gif','','1',120,'','','1','0','','',0,'',0,0,0,0,0),(69,0,'Careers & Job Search','','folder.gif','','1',1,'','','1','0','','',0,'',0,0,0,0,0),(70,0,'Clothing Accessories','','folder.gif','','1',8,'','','1','0','','',0,'',0,0,0,0,0),(71,0,'Communications Services','','folder.gif','','1',15,'','','1','0','','',0,'',0,0,0,0,0),(72,0,'Computer Services','','folder.gif','','1',17,'','','1','0','','',0,'',0,0,0,0,0),(73,0,'Building & Construction','','folder.gif','','1',69,'','','1','0','','',0,'',0,0,0,0,0),(74,0,'Dental Directories','','folder.gif','','1',41,'','','0','0','','',0,'',0,0,0,0,0),(75,0,'Educational Resources','','folder.gif','','1',24,'','','1','0','','',0,'',0,0,0,0,0),(76,0,'Recruitment Services','','folder.gif','','1',1,'','','1','0','','',0,'',0,0,0,0,0),(77,0,'Gifts & Flowers','','folder.gif','','1',20,'','','1','0','','',0,'',0,0,0,0,0),(78,0,'Hardware & Software Resources','','folder.gif','','1',9,'','','1','0','','',0,'',0,0,0,0,0),(79,0,'Medical & Health','','folder.gif','','1',27,'','','1','0','','',0,'',0,0,0,0,0),(80,0,'Healthcare ','','folder.gif','','1',122,'','','1','0','','',0,'',0,0,0,0,0),(81,0,'Heating and Air Conditioning','','folder.gif','','1',47,'','','1','0','','',0,'',0,0,0,0,0),(82,0,'Home & Garden','','folder.gif','','1',214,'','','1','0','','',0,'',0,0,0,0,0),(83,0,'Home Improvement ','','folder.gif','','1',70,'','','1','0','','',0,'',0,0,0,0,0),(84,0,'Hotels & Motels','','folder.gif','','1',36,'','','1','0','','',0,'',0,0,0,0,0),(85,0,'Insurance','','folder.gif','','1',22,'','','1','0','','',0,'',0,0,0,0,0),(86,0,'Law & Politics','','folder.gif','','1',1,'','','1','0','','',0,'',0,0,0,0,0),(87,0,'Lawyers & Judges','','folder.gif','','1',147,'','','1','0','','',0,'',0,0,0,0,0),(88,0,'Dating & Relationships ','','folder.gif','','1',7,'','','1','0','','',0,'',0,0,0,0,0),(89,0,'Medicine & Hospitals ','','folder.gif','','1',5,'','','1','0','','',0,'',0,0,0,0,0),(90,0,'Finance & Investment Services','','folder.gif','','1',16,'','','1','0','','',0,'',0,0,0,0,0),(91,0,'News & Magazines','','folder.gif','','1',1,'','','1','0','','',0,'',0,0,0,0,0),(92,0,'Plumbing Services','','folder.gif','','1',28,'','','1','0','','',0,'',0,0,0,0,0),(93,0,'Real Estate Development','','folder.gif','','1',31,'','','1','0','','',0,'',0,0,0,0,0),(94,0,'Energy & Science ','','folder.gif','','1',15,'','','1','0','','',0,'',0,0,0,0,0),(95,0,'SEO ,SMO & PPC','','folder.gif','','1',17,'','','1','0','','',0,'',0,0,0,0,0),(96,0,'Shopping and Retail','','folder.gif','','1',63,'','','1','0','','',0,'',0,0,0,0,0),(97,0,'Recreation & Sports','','folder.gif','','1',7,'','','1','0','','',0,'',0,0,0,0,0),(98,0,'Transport & Moving Services ','','folder.gif','','1',33,'','','1','0','','',0,'',0,0,0,0,0),(99,0,'Travel Industry ','','folder.gif','','1',23,'','','1','0','','',0,'',0,0,0,0,0),(100,0,'Wedding & Events','','folder.gif','','1',9,'','','1','0','','',0,'',0,0,0,0,0);

--
-- Table structure for table `idx_category_path`
--

CREATE TABLE `idx_category_path` (
  `category_id` mediumint(9) NOT NULL default '0',
  `path` text,
  `path_with_url` text,
  `parents` text,
  PRIMARY KEY  (`category_id`)
) ENGINE=MyISAM DEFAULT CHARSET=latin1;

--
-- Dumping data for table `idx_category_path`
--

INSERT INTO `idx_category_path` VALUES (66,'Arts & Music','<a href=\"http://edirectori.net/arts-music/\" name=\"cat_66\" style=\"\">Arts & Music</a>',';0;'),(67,'Auto Industry','<a href=\"http://edirectori.net/auto-industry/\" name=\"cat_67\" style=\"\">Auto Industry</a>',';0;'),(68,'Economy & Business','<a href=\"http://edirectori.net/economy-business/\" name=\"cat_68\" style=\"\">Economy & Business</a>',';0;'),(69,'Careers & Job Search','<a href=\"http://edirectori.net/careers-job-search/\" name=\"cat_69\" style=\"\">Careers & Job Search</a>',';0;'),(70,'Clothing Accessories','<a href=\"http://edirectori.net/clothing-accessories/\" name=\"cat_70\" style=\"\">Clothing Accessories</a>',';0;'),(71,'Communications Services','<a href=\"http://edirectori.net/communications-services/\" name=\"cat_71\" style=\"\">Communications Services</a>',';0;'),(72,'Computer Services','<a href=\"http://edirectori.net/computer-services/\" name=\"cat_72\" style=\"\">Computer Services</a>',';0;'),(73,'Building & Construction','<a href=\"http://edirectori.net/building-construction/\" name=\"cat_73\" style=\"\">Building & Construction</a>',';0;'),(74,'Dental Directories','<a href=\"http://edirectori.net/dental-directories/\" name=\"cat_74\" style=\"\">Dental Directories</a>',';0;'),(75,'Educational Resources','<a href=\"http://edirectori.net/educational-resources/\" name=\"cat_75\" style=\"\">Educational Resources</a>',';0;'),(76,'Recruitment Services','<a href=\"http://edirectori.net/recruitment-services/\" name=\"cat_76\" style=\"\">Recruitment Services</a>',';0;'),(77,'Gifts & Flowers','<a href=\"http://edirectori.net/gifts-flowers/\" name=\"cat_77\" style=\"\">Gifts & Flowers</a>',';0;'),(78,'Hardware & Software Resources','<a href=\"http://edirectori.net/hardware-software-resources/\" name=\"cat_78\" style=\"\">Hardware & Software Resources</a>',';0;'),(79,'Medical & Health','<a href=\"http://edirectori.net/medical-health/\" name=\"cat_79\" style=\"\">Medical & Health</a>',';0;'),(80,'Healthcare ','<a href=\"http://edirectori.net/healthcare/\" name=\"cat_80\" style=\"\">Healthcare </a>',';0;'),(81,'Heating and Air Conditioning','<a href=\"http://edirectori.net/heating-and-air-conditioning/\" name=\"cat_81\" style=\"\">Heating and Air Conditioning</a>',';0;'),(82,'Home & Garden','<a href=\"http://edirectori.net/home-garden/\" name=\"cat_82\" style=\"\">Home & Garden</a>',';0;'),(83,'Home Improvement ','<a href=\"http://edirectori.net/home-improvement/\" name=\"cat_83\" style=\"\">Home Improvement </a>',';0;'),(84,'Hotels & Motels','<a href=\"http://edirectori.net/hotels-motels/\" name=\"cat_84\" style=\"\">Hotels & Motels</a>',';0;'),(85,'Insurance','<a href=\"http://edirectori.net/insurance/\" name=\"cat_85\" style=\"\">Insurance</a>',';0;'),(86,'Law & Politics','<a href=\"http://edirectori.net/law-politics/\" name=\"cat_86\" style=\"\">Law & Politics</a>',';0;'),(87,'Lawyers & Judges','<a href=\"http://edirectori.net/lawyers-judges/\" name=\"cat_87\" style=\"\">Lawyers & Judges</a>',';0;'),(88,'Dating & Relationships ','<a href=\"http://edirectori.net/dating-relationships/\" name=\"cat_88\" style=\"\">Dating & Relationships </a>',';0;'),(89,'Medicine & Hospitals ','<a href=\"http://edirectori.net/medicine-hospitals/\" name=\"cat_89\" style=\"\">Medicine & Hospitals </a>',';0;'),(90,'Finance & Investment Services','<a href=\"http://edirectori.net/finance-investment-services/\" name=\"cat_90\" style=\"\">Finance & Investment Services</a>',';0;'),(91,'News & Magazines','<a href=\"http://edirectori.net/news-magazines/\" name=\"cat_91\" style=\"\">News & Magazines</a>',';0;'),(92,'Plumbing Services','<a href=\"http://edirectori.net/plumbing-services/\" name=\"cat_92\" style=\"\">Plumbing Services</a>',';0;'),(93,'Real Estate Development','<a href=\"http://edirectori.net/real-estate-development/\" name=\"cat_93\" style=\"\">Real Estate Development</a>',';0;'),(94,'Energy & Science ','<a href=\"http://edirectori.net/energy-science/\" name=\"cat_94\" style=\"\">Energy & Science </a>',';0;'),(95,'SEO ,SMO & PPC','<a href=\"http://edirectori.net/seo-smo-ppc/\" name=\"cat_95\" style=\"\">SEO ,SMO & PPC</a>',';0;'),(96,'Shopping and Retail','<a href=\"http://edirectori.net/shopping-and-retail/\" name=\"cat_96\" style=\"\">Shopping and Retail</a>',';0;'),(97,'Recreation & Sports','<a href=\"http://edirectori.net/recreation-sports/\" name=\"cat_97\" style=\"\">Recreation & Sports</a>',';0;'),(98,'Transport & Moving Services ','<a href=\"http://edirectori.net/transport-moving-services/\" name=\"cat_98\" style=\"\">Transport & Moving Services </a>',';0;'),(99,'Travel Industry ','<a href=\"http://edirectori.net/travel-industry/\" name=\"cat_99\" style=\"\">Travel Industry </a>',';0;'),(100,'Wedding & Events','<a href=\"http://edirectori.net/wedding-events/\" name=\"cat_100\" style=\"\">Wedding & Events</a>',';0;');

--
-- Table structure for table `idx_category_suggession`
--

CREATE TABLE `idx_category_suggession` (
  `id_cat_suggession` int(11) NOT NULL auto_increment,
  `parent_id` int(11) default NULL,
  `name` varchar(255) default NULL,
  `category_description` text,
  `date` datetime default NULL,
  PRIMARY KEY  (`id_cat_suggession`)
) ENGINE=MyISAM DEFAULT CHARSET=latin1;

--
-- Dumping data for table `idx_category_suggession`
--


--
-- Table structure for table `idx_checkurl`
--

CREATE TABLE `idx_checkurl` (
  `link_id` mediumint(9) NOT NULL default '0',
  `date` date NOT NULL default '0000-00-00',
  `live` char(1) NOT NULL default '',
  `reciprocal_found` char(1) NOT NULL default '',
  PRIMARY KEY  (`link_id`)
) ENGINE=MyISAM DEFAULT CHARSET=latin1;

--
-- Dumping data for table `idx_checkurl`
--


--
-- Table structure for table `idx_cronjobs`
--

CREATE TABLE `idx_cronjobs` (
  `cronjobs_id` int(11) NOT NULL auto_increment,
  `cronjobs_name` varchar(255) default NULL,
  `filename` varchar(255) NOT NULL,
  `schedule` varchar(255) NOT NULL,
  `time` datetime NOT NULL,
  `execution` varchar(1) NOT NULL,
  PRIMARY KEY  (`cronjobs_id`)
) ENGINE=MyISAM AUTO_INCREMENT=4 DEFAULT CHARSET=latin1;

--
-- Dumping data for table `idx_cronjobs`
--

INSERT INTO `idx_cronjobs` VALUES (1,NULL,'clear_templates_c.php','1,*,*,*,*','0000-00-00 00:00:00',''),(2,NULL,'update_tag_cloud.php','*,24,*,*,*','0000-00-00 00:00:00',''),(3,NULL,'clear_rss_cache.php','*,24,*,*,*','0000-00-00 00:00:00','');

--
-- Table structure for table `idx_custom_field`
--

CREATE TABLE `idx_custom_field` (
  `field_name` varchar(32) NOT NULL default '',
  `field_text` varchar(64) NOT NULL default '',
  `field_type` enum('TEXT','TEXTAREA','SELECT','MULTISELECT','CHECKBOX','RADIO','FILE','IMAGE','DATE','DATETIME','RICHEDITOR') NOT NULL default 'TEXT',
  `field_option` text NOT NULL,
  `field_img_width` int(10) unsigned NOT NULL default '0',
  `field_img_height` int(10) unsigned NOT NULL default '0',
  `field_file_size` int(10) unsigned NOT NULL default '0',
  `field_file_extension` varchar(64) NOT NULL default '',
  `required` char(1) NOT NULL default '0',
  `searchable` char(1) NOT NULL default '1',
  `permission` char(1) NOT NULL default '0'
) ENGINE=MyISAM DEFAULT CHARSET=latin1;

--
-- Dumping data for table `idx_custom_field`
--

INSERT INTO `idx_custom_field` VALUES ('image','Image','IMAGE','',0,0,0,'','0','0','2'),('address','Address','TEXT','',0,0,0,'','0','0','0'),('city','City','TEXT','',0,0,0,'','0','0','0'),('state','State','TEXT','',0,0,0,'','0','0','0'),('country','Country','TEXT','',0,0,0,'','0','0','0'),('zip','Zip','TEXT','',0,0,0,'','0','0','0'),('phone','Phone','TEXT','',0,0,0,'','0','0','0'),('fax','Fax','TEXT','',0,0,0,'','0','0','0');

--
-- Table structure for table `idx_default_field`
--

CREATE TABLE `idx_default_field` (
  `field_name` varchar(64) NOT NULL,
  `required` char(1) NOT NULL,
  `visible` char(1) NOT NULL default '1',
  `searchable` char(1) NOT NULL default '1'
) ENGINE=MyISAM DEFAULT CHARSET=latin1;

--
-- Dumping data for table `idx_default_field`
--

INSERT INTO `idx_default_field` VALUES ('title','1','1','1'),('url','1','1','1'),('description','1','1','1'),('keywords','1','1','0'),('contact_name','1','1','1'),('email','1','1','1'),('reciprocal_url','0','0','1');

--
-- Table structure for table `idx_discount_coupon`
--

CREATE TABLE `idx_discount_coupon` (
  `coupon_id` int(11) NOT NULL auto_increment,
  `coupon_code` varchar(255) default NULL,
  `coupon_value` varchar(50) default NULL,
  `link_type` varchar(255) default NULL,
  `start_date` date default NULL,
  `expired_date` date default NULL,
  `expired_usage` int(11) default NULL,
  `usage_count` int(11) default NULL,
  PRIMARY KEY  (`coupon_id`)
) ENGINE=MyISAM DEFAULT CHARSET=latin1;

--
-- Dumping data for table `idx_discount_coupon`
--


--
-- Table structure for table `idx_editor`
--

CREATE TABLE `idx_editor` (
  `username` varchar(20) default NULL,
  `category_id` mediumint(9) default NULL,
  `category` char(1) default NULL,
  `link` char(1) default NULL,
  `review` char(1) default NULL,
  `pick` char(1) default NULL,
  `status` char(1) default NULL,
  `date` date default NULL
) ENGINE=MyISAM DEFAULT CHARSET=latin1;

--
-- Dumping data for table `idx_editor`
--


--
-- Table structure for table `idx_email_template`
--

CREATE TABLE `idx_email_template` (
  `email_template_id` int(10) unsigned NOT NULL auto_increment,
  `name` varchar(255) default NULL,
  `subject` varchar(255) default NULL,
  `body` text,
  `altbody` text,
  PRIMARY KEY  (`email_template_id`)
) ENGINE=MyISAM AUTO_INCREMENT=37 DEFAULT CHARSET=latin1;

--
-- Dumping data for table `idx_email_template`
--



--
-- Table structure for table `idx_favorites`
--

CREATE TABLE `idx_favorites` (
  `favorite_id` int(11) NOT NULL auto_increment,
  `username` varchar(20) default NULL,
  `date` date default NULL,
  `title` varchar(100) default NULL,
  `description` text,
  PRIMARY KEY  (`favorite_id`)
) ENGINE=MyISAM AUTO_INCREMENT=2 DEFAULT CHARSET=latin1;

--
-- Dumping data for table `idx_favorites`
--

INSERT INTO `idx_favorites` VALUES (1,'aangeliascott','2011-06-22','My Favorites',NULL);

--
-- Table structure for table `idx_favorites_detail`
--

CREATE TABLE `idx_favorites_detail` (
  `favorite_id` int(11) default NULL,
  `link_id` mediumint(9) default NULL
) ENGINE=MyISAM DEFAULT CHARSET=latin1;

--
-- Dumping data for table `idx_favorites_detail`
--


--
-- Table structure for table `idx_hook_place`
--

CREATE TABLE `idx_hook_place` (
  `hook_place_id` int(11) NOT NULL auto_increment,
  `filename` varchar(255) default NULL,
  `hookname` varchar(255) default NULL,
  PRIMARY KEY  (`hook_place_id`)
) ENGINE=MyISAM DEFAULT CHARSET=latin1;

--
-- Dumping data for table `idx_hook_place`
--


--
-- Table structure for table `idx_invoice`
--

CREATE TABLE `idx_invoice` (
  `invoice_id` varchar(10) NOT NULL default '',
  `invoice_date` date default NULL,
  `due_date` date default NULL,
  `invoiced_to` text,
  `service` varchar(255) default NULL,
  `description` text,
  `total` double(8,2) default NULL,
  `comment` text,
  `paid` char(1) default NULL,
  `paid_date` date default NULL,
  `email` varchar(255) default NULL,
  PRIMARY KEY  (`invoice_id`)
) ENGINE=MyISAM DEFAULT CHARSET=latin1;

--
-- Dumping data for table `idx_invoice`
--


--
-- Table structure for table `idx_invoice_config`
--

CREATE TABLE `idx_invoice_config` (
  `company` varchar(255) default NULL,
  `contact` varchar(255) default NULL,
  `address` text,
  `phone` varchar(255) default NULL,
  `email` varchar(255) default NULL,
  `currency_symbol` varchar(255) default '$',
  `currency_code` varchar(255) default 'USD'
) ENGINE=MyISAM DEFAULT CHARSET=latin1;

--
-- Dumping data for table `idx_invoice_config`
--

INSERT INTO `idx_invoice_config` VALUES ('Your website / Company','Billing Department','Your address','Your phone #','Billing<name@yourdomain.com>','$','USD');

--
-- Table structure for table `idx_link_temp_user`
--

CREATE TABLE `idx_link_temp_user` (
  `vid` mediumint(9) unsigned NOT NULL default '0',
  `username` varchar(20) NOT NULL default '',
  PRIMARY KEY  (`vid`)
) ENGINE=MyISAM DEFAULT CHARSET=latin1;

--
-- Dumping data for table `idx_link_temp_user`
--

INSERT INTO `idx_link_temp_user` VALUES (3,'aangeliascott'),(7,'aangeliascott'),(9,'aangeliascott'),(11,'aangeliascott'),(12,'aangeliascott');

--
-- Table structure for table `idx_link_user`
--

CREATE TABLE `idx_link_user` (
  `link_id` mediumint(9) unsigned NOT NULL default '0',
  `username` varchar(20) NOT NULL default '',
  PRIMARY KEY  (`link_id`)
) ENGINE=MyISAM DEFAULT CHARSET=latin1;

--
-- Dumping data for table `idx_link_user`
--


--
-- Table structure for table `idx_mailing_list`
--

CREATE TABLE `idx_mailing_list` (
  `email` varchar(50) NOT NULL default '',
  `code` varchar(4) default NULL,
  `status` char(1) default NULL,
  PRIMARY KEY  (`email`)
) ENGINE=MyISAM DEFAULT CHARSET=latin1;

--
-- Dumping data for table `idx_mailing_list`
--


--
-- Table structure for table `idx_message`
--

CREATE TABLE `idx_message` (
  `message_id` smallint(6) NOT NULL auto_increment,
  `date` date default NULL,
  `body` text,
  `subject` varchar(100) default NULL,
  PRIMARY KEY  (`message_id`)
) ENGINE=MyISAM DEFAULT CHARSET=latin1;

--
-- Dumping data for table `idx_message`
--


--
-- Table structure for table `idx_notification`
--

CREATE TABLE `idx_notification` (
  `username` varchar(20) NOT NULL default '',
  `category_id` mediumint(9) NOT NULL default '0'
) ENGINE=MyISAM DEFAULT CHARSET=latin1;

--
-- Dumping data for table `idx_notification`
--


--
-- Table structure for table `idx_pagerank`
--

CREATE TABLE `idx_pagerank` (
  `link_id` mediumint(8) unsigned NOT NULL default '0',
  `engine` char(1) NOT NULL default '',
  `rank` tinyint(4) NOT NULL default '0',
  `last_update` date NOT NULL default '0000-00-00',
  PRIMARY KEY  (`link_id`,`engine`)
) ENGINE=MyISAM DEFAULT CHARSET=latin1;

--
-- Dumping data for table `idx_pagerank`
--

INSERT INTO `idx_pagerank` VALUES (7,'g',0,'2012-02-28'),(18,'g',0,'2012-02-15'),(25,'g',0,'2012-02-20'),(21,'g',0,'2012-02-20'),(22,'g',0,'2012-02-20'),(23,'g',0,'2011-12-08'),(19,'g',0,'2012-02-15'),(29,'g',0,'2012-02-28'),(6,'g',0,'2011-09-21'),(27,'g',0,'2012-03-02'),(12,'g',0,'2012-02-12'),(24,'g',0,'2011-12-08'),(17,'g',0,'2011-12-08'),(15,'g',0,'2012-02-25'),(4,'g',2,'2011-09-23'),(2,'g',0,'2011-09-23'),(5,'g',0,'2011-09-23'),(3,'g',6,'2011-09-23'),(1,'g',0,'2011-09-23'),(34,'g',0,'2011-09-23'),(32,'g',6,'2011-09-23'),(31,'g',0,'2011-09-23'),(33,'g',0,'2011-09-23'),(30,'g',1,'2011-09-23'),(43,'g',0,'2011-11-13'),(44,'g',0,'2012-02-12'),(45,'g',0,'2012-02-10'),(48,'g',0,'2011-12-08'),(26,'g',0,'2012-02-20'),(47,'g',0,'2012-02-25'),(53,'g',1,'2011-09-26'),(51,'g',2,'2011-09-26'),(70,'g',2,'2011-09-26'),(52,'g',3,'2011-09-26'),(14,'g',0,'2011-11-14'),(20,'g',0,'2012-02-28'),(81,'g',0,'2012-02-28'),(73,'g',0,'2012-02-28'),(79,'g',0,'2012-02-20'),(28,'g',0,'2011-12-13'),(8,'g',0,'2012-02-13'),(9,'g',0,'2012-02-13'),(10,'g',0,'2012-02-15'),(11,'g',0,'2012-02-15'),(91,'g',0,'2011-11-14'),(16,'g',0,'2012-03-02'),(56,'g',0,'2012-02-12'),(59,'g',0,'2012-02-15'),(55,'g',0,'2012-02-12'),(54,'g',0,'2012-02-13'),(58,'g',0,'2012-02-15'),(57,'g',0,'2012-02-15'),(74,'g',0,'2012-02-20'),(77,'g',0,'2012-02-20'),(78,'g',0,'2011-11-20'),(94,'g',0,'2012-02-20'),(90,'g',0,'2012-02-15'),(13,'g',0,'2012-02-13'),(80,'g',0,'2012-02-13'),(101,'g',0,'2011-11-12'),(76,'g',0,'2012-01-24'),(88,'g',0,'2012-03-02'),(96,'g',0,'2012-03-02'),(50,'g',0,'2011-09-29'),(124,'g',0,'2012-01-24'),(143,'g',0,'2012-01-24'),(138,'g',0,'2012-02-25'),(106,'g',0,'2012-03-01'),(113,'g',0,'2011-11-07'),(115,'g',0,'2011-11-07'),(155,'g',0,'2011-11-06'),(109,'g',0,'2012-02-15'),(92,'g',0,'2012-02-28'),(98,'g',0,'2012-02-28'),(86,'g',0,'2012-02-28'),(84,'g',0,'2012-02-29'),(105,'g',0,'2012-02-29'),(111,'g',0,'2011-11-19'),(219,'g',0,'2012-02-13'),(136,'g',0,'2012-02-15'),(205,'g',0,'2012-03-02'),(167,'g',0,'2011-11-01'),(60,'g',0,'2012-02-12'),(89,'g',0,'2012-03-02'),(141,'g',0,'2012-02-28'),(100,'g',0,'2012-02-19'),(95,'g',0,'2012-02-25'),(130,'g',0,'2012-02-29'),(93,'g',0,'2012-03-02'),(165,'g',0,'2012-02-15'),(216,'g',0,'2012-03-03'),(209,'g',0,'2012-02-12'),(212,'g',0,'2012-03-02'),(118,'g',0,'2012-02-28'),(49,'g',0,'2011-11-08'),(87,'g',0,'2012-03-02'),(82,'g',0,'2012-03-02'),(97,'g',0,'2011-11-13'),(71,'g',0,'2012-02-28'),(207,'g',0,'2012-02-13'),(137,'g',0,'2011-11-09'),(75,'g',0,'2011-11-08'),(85,'g',0,'2012-03-02'),(134,'g',0,'2012-02-28'),(214,'g',0,'2012-02-15'),(72,'g',0,'2012-03-02'),(208,'g',0,'2012-02-15'),(188,'g',0,'2011-11-17'),(198,'g',0,'2011-11-20'),(378,'g',0,'2012-02-09'),(116,'g',0,'2011-11-12'),(172,'g',0,'2011-11-17'),(121,'g',0,'2011-11-18'),(183,'g',0,'2011-11-07'),(40,'g',3,'2011-10-03'),(41,'g',3,'2011-10-03'),(432,'g',0,'2012-02-13'),(114,'g',0,'2011-11-13'),(126,'g',0,'2011-11-14'),(415,'g',0,'2011-11-14'),(414,'g',0,'2012-03-02'),(408,'g',0,'2012-02-12'),(379,'g',0,'2012-02-13'),(429,'g',0,'2012-03-02'),(423,'g',0,'2012-02-29'),(395,'g',0,'2012-02-15'),(403,'g',0,'2012-02-15'),(410,'g',0,'2011-11-06'),(381,'g',0,'2012-02-15'),(380,'g',0,'2012-02-15'),(427,'g',0,'2011-11-26'),(386,'g',4,'2011-10-04'),(431,'g',0,'2012-03-02'),(428,'g',0,'2011-11-14'),(203,'g',0,'2011-11-13'),(191,'g',0,'2011-11-20'),(166,'g',0,'2012-03-02'),(107,'g',0,'2012-02-29'),(193,'g',0,'2012-02-29'),(110,'g',0,'2012-02-09'),(196,'g',0,'2012-02-28'),(139,'g',0,'2012-02-29'),(217,'g',0,'2012-02-12'),(131,'g',0,'2012-02-28'),(225,'g',0,'2011-10-04'),(68,'g',0,'2012-03-02'),(63,'g',0,'2012-02-13'),(430,'g',0,'2012-02-29'),(397,'g',0,'2012-02-15'),(392,'g',3,'2011-10-04'),(61,'g',0,'2012-02-19'),(69,'g',0,'2011-10-04'),(135,'g',0,'2011-10-04'),(103,'g',0,'2012-02-20'),(416,'g',0,'2011-12-19'),(420,'g',0,'2011-12-18'),(398,'g',0,'2011-11-14'),(384,'g',0,'2011-10-04'),(387,'g',3,'2011-10-04'),(421,'g',0,'2012-03-02'),(407,'g',0,'2012-02-12'),(434,'g',0,'2011-11-18'),(99,'g',0,'2012-02-29'),(224,'g',6,'2011-10-04'),(66,'g',0,'2012-03-02'),(64,'g',0,'2012-02-13'),(67,'g',0,'2011-11-12'),(62,'g',0,'2012-02-13'),(65,'g',0,'2012-03-02'),(102,'g',0,'2011-12-16'),(104,'g',0,'2012-02-20'),(128,'g',0,'2012-02-21'),(83,'g',0,'2012-02-20'),(120,'g',0,'2012-02-20'),(202,'g',0,'2012-02-20'),(129,'g',0,'2011-10-04'),(171,'g',0,'2012-02-20'),(132,'g',0,'2012-02-20'),(199,'g',0,'2012-02-20'),(168,'g',0,'2012-02-20'),(245,'g',0,'2011-11-18'),(234,'g',0,'2011-11-17'),(170,'g',0,'2011-11-19'),(133,'g',0,'2011-11-07'),(218,'g',0,'2012-03-02'),(185,'g',0,'2011-12-05'),(149,'g',0,'2011-11-13'),(226,'g',0,'2011-11-14'),(252,'g',0,'2011-11-17'),(123,'g',0,'2011-11-07'),(169,'g',0,'2012-03-02'),(231,'g',0,'2011-11-18'),(247,'g',0,'2012-03-02'),(412,'g',0,'2011-11-07'),(385,'g',0,'2011-10-04'),(383,'g',0,'2011-12-04'),(210,'g',0,'2011-11-19'),(187,'g',0,'2011-11-13'),(222,'g',0,'2011-11-07'),(189,'g',0,'2011-11-13'),(144,'g',0,'2011-11-18'),(164,'g',0,'2011-11-12'),(151,'g',0,'2012-03-02'),(162,'g',0,'2011-11-19'),(250,'g',0,'2011-11-19'),(175,'g',0,'2011-11-18'),(140,'g',0,'2011-11-13'),(227,'g',0,'2012-03-02'),(194,'g',0,'2012-03-02'),(235,'g',0,'2012-03-02'),(244,'g',0,'2011-11-18'),(184,'g',0,'2012-03-01'),(211,'g',0,'2011-11-18'),(253,'g',0,'2012-03-02'),(215,'g',0,'2012-03-02'),(221,'g',0,'2011-11-14'),(153,'g',0,'2011-11-13'),(254,'g',0,'2011-11-13'),(236,'g',0,'2011-11-18'),(163,'g',0,'2011-12-03'),(238,'g',0,'2011-12-02'),(229,'g',0,'2011-11-13'),(122,'g',0,'2011-11-19'),(240,'g',0,'2011-11-19'),(146,'g',0,'2011-11-18'),(239,'g',0,'2012-03-02'),(181,'g',0,'2012-03-02'),(173,'g',0,'2011-11-13'),(152,'g',0,'2012-03-02'),(119,'g',0,'2011-11-18'),(160,'g',0,'2011-11-14'),(233,'g',0,'2011-11-13'),(223,'g',0,'2011-11-13'),(242,'g',0,'2011-11-13'),(176,'g',0,'2011-11-17'),(158,'g',0,'2011-11-14'),(117,'g',0,'2012-03-02'),(255,'g',0,'2011-11-14'),(201,'g',0,'2011-11-19'),(186,'g',0,'2012-03-02'),(204,'g',0,'2011-11-14'),(159,'g',0,'2011-12-04'),(200,'g',0,'2012-03-02'),(161,'g',0,'2011-11-13'),(228,'g',0,'2011-11-13'),(251,'g',0,'2012-03-02'),(150,'g',0,'2012-03-02'),(232,'g',0,'2011-11-18'),(237,'g',0,'2011-11-13'),(145,'g',0,'2011-11-13'),(177,'g',0,'2011-11-13'),(156,'g',0,'2011-11-13'),(195,'g',0,'2012-01-21'),(157,'g',0,'2011-11-18'),(178,'g',0,'2012-03-02'),(243,'g',0,'2012-03-02'),(197,'g',0,'2011-11-17'),(180,'g',0,'2011-12-03'),(182,'g',0,'2011-11-18'),(241,'g',0,'2011-11-13'),(147,'g',0,'2012-02-27'),(248,'g',0,'2011-11-19'),(249,'g',0,'2011-12-04'),(230,'g',0,'2011-11-18'),(190,'g',0,'2011-11-14'),(174,'g',0,'2012-03-02'),(148,'g',0,'2011-11-14'),(192,'g',0,'2011-11-18'),(154,'g',0,'2012-03-02'),(213,'g',0,'2011-11-19'),(206,'g',0,'2011-11-17'),(246,'g',0,'2011-12-02'),(278,'g',0,'2011-11-13'),(272,'g',0,'2011-11-13'),(276,'g',0,'2011-11-18'),(265,'g',0,'2012-03-02'),(280,'g',0,'2012-03-02'),(259,'g',0,'2012-03-02'),(295,'g',0,'2011-11-14'),(275,'g',0,'2012-03-02'),(283,'g',0,'2012-03-02'),(261,'g',0,'2011-11-20'),(262,'g',0,'2011-11-14'),(271,'g',0,'2011-12-04'),(281,'g',0,'2012-03-02'),(274,'g',0,'2011-11-18'),(264,'g',0,'2011-12-04'),(258,'g',0,'2012-03-02'),(260,'g',0,'2012-03-02'),(269,'g',0,'2011-12-03'),(291,'g',0,'2012-03-02'),(289,'g',0,'2012-01-11'),(288,'g',0,'2011-12-04'),(266,'g',0,'2011-11-18'),(257,'g',0,'2011-12-04'),(292,'g',0,'2011-11-19'),(293,'g',0,'2011-11-20'),(277,'g',0,'2011-11-14'),(285,'g',0,'2011-11-18'),(282,'g',0,'2012-03-02'),(273,'g',0,'2012-03-02'),(287,'g',0,'2011-11-19'),(263,'g',0,'2012-03-02'),(286,'g',0,'2011-11-14'),(284,'g',0,'2011-11-14'),(279,'g',0,'2011-11-19'),(290,'g',0,'2011-11-20'),(267,'g',0,'2011-12-03'),(294,'g',0,'2011-11-18'),(270,'g',0,'2011-11-07'),(256,'g',0,'2011-11-20'),(426,'g',0,'2011-11-14'),(404,'g',0,'2012-02-12'),(377,'g',0,'2012-02-16'),(373,'g',0,'2011-11-04'),(411,'g',0,'2012-02-13'),(419,'g',0,'2012-03-02'),(437,'g',0,'2011-12-18'),(393,'g',3,'2011-10-05'),(375,'g',0,'2012-02-15'),(435,'g',0,'2012-03-02'),(316,'g',0,'2012-03-02'),(315,'g',0,'2012-03-02'),(391,'g',2,'2011-10-05'),(382,'g',0,'2012-02-13'),(402,'g',0,'2011-11-13'),(319,'g',0,'2011-12-03'),(304,'g',0,'2011-12-03'),(331,'g',0,'2011-11-19'),(298,'g',0,'2011-11-20'),(310,'g',0,'2011-12-04'),(313,'g',0,'2011-11-13'),(303,'g',0,'2011-11-13'),(317,'g',0,'2011-11-18'),(305,'g',0,'2011-11-20'),(311,'g',0,'2011-11-20'),(314,'g',0,'2011-11-14'),(324,'g',0,'2011-12-03'),(322,'g',0,'2011-11-13'),(306,'g',0,'2011-11-14'),(301,'g',0,'2011-11-19'),(323,'g',0,'2011-11-19'),(299,'g',0,'2011-11-13'),(302,'g',0,'2011-12-03'),(326,'g',0,'2011-11-18'),(333,'g',0,'2011-11-13'),(328,'g',0,'2011-11-19'),(332,'g',0,'2011-11-18'),(327,'g',0,'2011-11-14'),(318,'g',0,'2011-11-19'),(296,'g',0,'2012-03-02'),(125,'g',0,'2012-02-20'),(179,'g',0,'2012-02-20'),(320,'g',0,'2011-11-14'),(127,'g',0,'2012-02-20'),(108,'g',0,'2012-02-20'),(307,'g',0,'2011-11-14'),(142,'g',0,'2012-02-20'),(297,'g',0,'2011-11-13'),(312,'g',0,'2011-11-14'),(335,'g',0,'2012-01-21'),(321,'g',0,'2012-03-02'),(330,'g',0,'2011-11-18'),(325,'g',0,'2011-11-20'),(300,'g',0,'2011-11-14'),(334,'g',0,'2011-12-03'),(329,'g',0,'2011-11-13'),(309,'g',0,'2011-12-03'),(308,'g',0,'2011-11-14'),(400,'g',0,'2012-01-19'),(433,'g',0,'2012-01-22'),(413,'g',0,'2012-03-02'),(418,'g',0,'2011-11-13'),(396,'g',0,'2011-12-04'),(388,'g',0,'2011-10-06'),(389,'g',0,'2011-10-06'),(399,'g',0,'2012-03-02'),(422,'g',0,'2012-01-09'),(406,'g',0,'2012-03-02'),(424,'g',0,'2011-11-14'),(405,'g',0,'2012-03-02'),(394,'g',0,'2011-10-06'),(473,'g',0,'2012-02-15'),(468,'g',0,'2012-03-02'),(461,'g',0,'2012-02-13'),(467,'g',0,'2012-03-02'),(471,'g',0,'2012-02-13'),(470,'g',0,'2012-03-02'),(457,'g',0,'2012-02-12'),(439,'g',0,'2012-02-13'),(463,'g',0,'2012-02-12'),(466,'g',0,'2012-02-22'),(442,'g',0,'2011-10-08'),(451,'g',0,'2012-02-13'),(459,'g',0,'2012-02-13'),(336,'g',0,'2011-12-17'),(358,'g',0,'2011-10-08'),(354,'g',0,'2011-10-08'),(344,'g',0,'2011-12-18'),(371,'g',0,'2011-10-08'),(343,'g',0,'2012-02-20'),(348,'g',0,'2011-12-17'),(346,'g',0,'2011-12-17'),(361,'g',0,'2011-10-08'),(436,'g',0,'2011-12-17'),(359,'g',0,'2011-10-08'),(345,'g',0,'2012-01-16'),(366,'g',0,'2011-10-08'),(339,'g',0,'2011-12-17'),(342,'g',0,'2011-12-17'),(350,'g',0,'2011-10-08'),(360,'g',0,'2011-10-08'),(353,'g',0,'2011-10-08'),(337,'g',0,'2011-11-14'),(338,'g',0,'2011-12-17'),(376,'g',0,'2011-12-17'),(365,'g',0,'2011-10-08'),(370,'g',0,'2011-10-08'),(351,'g',0,'2011-10-08'),(340,'g',0,'2011-12-17'),(349,'g',0,'2011-10-08'),(368,'g',0,'2011-10-08'),(352,'g',0,'2011-10-08'),(372,'g',0,'2011-10-08'),(355,'g',0,'2011-10-08'),(362,'g',0,'2011-10-08'),(367,'g',0,'2011-10-08'),(356,'g',0,'2011-10-08'),(364,'g',0,'2011-10-08'),(425,'g',0,'2011-12-17'),(341,'g',0,'2011-12-18'),(357,'g',0,'2011-10-08'),(369,'g',0,'2011-10-08'),(347,'g',0,'2011-12-17'),(363,'g',0,'2011-10-08'),(472,'g',0,'2012-02-25'),(440,'g',0,'2011-10-09'),(441,'g',0,'2011-10-09'),(443,'g',0,'2011-10-09'),(454,'g',0,'2012-01-12'),(452,'g',0,'2012-01-12'),(438,'g',0,'2011-10-09'),(556,'g',0,'2011-12-04'),(602,'g',0,'2011-12-03'),(478,'g',0,'2011-11-26'),(535,'g',0,'2011-12-03'),(536,'g',0,'2011-12-03'),(581,'g',0,'2012-03-02'),(599,'g',0,'2012-03-02'),(483,'g',0,'2012-03-02'),(563,'g',0,'2011-12-02'),(575,'g',0,'2011-12-16'),(576,'g',0,'2012-03-02'),(573,'g',0,'2011-12-02'),(480,'g',0,'2011-11-20'),(545,'g',0,'2011-10-12'),(534,'g',0,'2011-10-12'),(541,'g',0,'2012-03-02'),(487,'g',0,'2011-10-12'),(611,'g',0,'2011-10-12'),(508,'g',0,'2011-10-12'),(564,'g',0,'2011-12-04'),(498,'g',0,'2012-03-02'),(571,'g',0,'2011-12-03'),(618,'g',0,'2012-03-02'),(504,'g',0,'2012-03-02'),(503,'g',0,'2011-12-05'),(494,'g',0,'2011-12-03'),(500,'g',0,'2012-03-02'),(499,'g',0,'2012-03-02'),(514,'g',0,'2012-01-06'),(550,'g',0,'2012-02-15'),(555,'g',0,'2011-12-03'),(495,'g',0,'2011-12-03'),(490,'g',0,'2011-12-12'),(456,'g',0,'2012-02-20'),(464,'g',0,'2012-02-19'),(477,'g',0,'2011-10-13'),(476,'g',0,'2011-10-13'),(605,'g',0,'2012-03-02'),(655,'g',0,'2012-03-02'),(455,'g',0,'2012-02-20'),(469,'g',0,'2011-10-14'),(444,'g',0,'2011-10-14'),(462,'g',0,'2011-10-14'),(445,'g',0,'2011-12-04'),(537,'g',0,'2012-02-29'),(511,'g',0,'2012-02-28'),(518,'g',0,'2012-02-28'),(538,'g',0,'2012-02-28'),(528,'g',0,'2012-02-25'),(539,'g',0,'2012-02-28'),(664,'g',0,'2011-11-26'),(493,'g',0,'2012-02-13'),(636,'g',0,'2012-03-02'),(671,'g',0,'2012-02-13'),(649,'g',0,'2012-02-29'),(492,'g',0,'2012-02-12'),(521,'g',0,'2012-03-02'),(596,'g',0,'2012-03-02'),(665,'g',0,'2011-11-23'),(639,'g',0,'2011-11-23'),(484,'g',0,'2011-11-23'),(566,'g',0,'2011-12-04'),(637,'g',0,'2011-11-20'),(580,'g',0,'2012-02-16'),(652,'g',0,'2012-02-15'),(450,'g',0,'2012-03-02'),(608,'g',0,'2012-02-29'),(554,'g',0,'2012-02-25'),(488,'g',0,'2011-12-03'),(489,'g',0,'2011-10-16'),(610,'g',0,'2012-02-25'),(625,'g',0,'2011-10-16'),(587,'g',0,'2012-02-15'),(626,'g',0,'2012-03-02'),(616,'g',0,'2012-03-02'),(547,'g',0,'2012-02-29'),(558,'g',0,'2011-10-16'),(592,'g',0,'2012-03-02'),(682,'g',0,'2012-02-15'),(684,'g',0,'2012-02-15'),(692,'g',0,'2012-02-10'),(693,'g',0,'2011-11-26'),(598,'g',0,'2011-10-16'),(595,'g',0,'2012-01-19'),(627,'g',0,'2012-01-19'),(695,'g',0,'2011-11-26'),(703,'g',0,'2011-11-26'),(679,'g',0,'2012-02-15'),(670,'g',0,'2011-11-23'),(689,'g',0,'2012-02-25'),(694,'g',0,'2012-02-16'),(374,'g',0,'2011-10-16'),(446,'g',0,'2012-02-20'),(401,'g',0,'2012-03-02'),(409,'g',0,'2011-12-03'),(453,'g',0,'2011-12-03'),(448,'g',0,'2011-10-17'),(465,'g',0,'2011-12-05'),(512,'g',0,'2011-12-03'),(449,'g',0,'2011-10-17'),(417,'g',0,'2011-12-04'),(497,'g',0,'2011-10-17'),(516,'g',0,'2012-03-02'),(481,'g',0,'2011-10-17'),(619,'g',0,'2012-03-02'),(688,'g',0,'2012-01-19'),(543,'g',0,'2012-03-02'),(597,'g',0,'2012-03-02'),(570,'g',0,'2012-03-02'),(549,'g',0,'2011-10-19'),(526,'g',0,'2011-10-19'),(546,'g',0,'2011-10-19'),(533,'g',0,'2011-10-19'),(525,'g',0,'2011-10-19'),(485,'g',0,'2011-10-19'),(513,'g',0,'2011-10-19'),(588,'g',0,'2012-01-24'),(663,'g',0,'2012-03-02'),(666,'g',0,'2011-10-20'),(614,'g',0,'2012-03-02'),(673,'g',0,'2012-03-02'),(675,'g',0,'2011-10-20'),(658,'g',0,'2012-03-02'),(676,'g',0,'2011-10-20'),(574,'g',0,'2011-10-20'),(522,'g',0,'2011-10-20'),(553,'g',0,'2011-10-20'),(515,'g',0,'2011-10-20'),(583,'g',0,'2011-10-20'),(591,'g',0,'2011-10-20'),(569,'g',0,'2011-10-20'),(582,'g',0,'2011-10-20'),(557,'g',0,'2011-10-20'),(567,'g',0,'2011-10-20'),(708,'g',0,'2012-03-02'),(651,'g',0,'2012-03-02'),(706,'g',0,'2011-12-01'),(653,'g',0,'2012-03-02'),(678,'g',0,'2011-12-01'),(707,'g',0,'2011-12-01'),(701,'g',0,'2012-03-02'),(704,'g',0,'2012-03-02'),(696,'g',0,'2012-03-02'),(699,'g',0,'2012-02-19'),(697,'g',0,'2012-03-02'),(702,'g',0,'2012-03-02'),(698,'g',0,'2011-10-21'),(657,'g',0,'2011-10-21'),(501,'g',0,'2011-10-21'),(505,'g',0,'2012-02-25'),(506,'g',0,'2012-03-02'),(659,'g',0,'2011-10-21'),(654,'g',0,'2011-10-21'),(656,'g',0,'2011-10-21'),(634,'g',0,'2011-10-21'),(532,'g',0,'2011-10-21'),(681,'g',0,'2011-10-21'),(700,'g',0,'2011-10-21'),(662,'g',0,'2011-10-21'),(660,'g',0,'2011-10-21'),(677,'g',0,'2011-10-22'),(691,'g',0,'2011-10-22'),(680,'g',0,'2011-10-22'),(531,'g',0,'2012-02-20'),(552,'g',0,'2011-10-22'),(544,'g',0,'2011-10-22'),(507,'g',0,'2012-02-20'),(527,'g',0,'2012-02-20'),(542,'g',0,'2012-02-20'),(520,'g',0,'2012-02-20'),(560,'g',0,'2012-02-20'),(540,'g',0,'2012-02-20'),(523,'g',0,'2011-10-22'),(624,'g',0,'2011-10-22'),(615,'g',0,'2012-03-02'),(475,'g',0,'2011-10-22'),(609,'g',0,'2011-10-22'),(612,'g',0,'2011-10-22'),(579,'g',0,'2012-03-02'),(458,'g',0,'2011-10-22'),(460,'g',0,'2012-03-02'),(519,'g',0,'2011-10-22'),(548,'g',0,'2012-03-02'),(613,'g',0,'2012-03-02'),(502,'g',0,'2011-10-22'),(562,'g',0,'2011-10-22'),(882,'g',0,'2012-03-02'),(686,'g',0,'2011-10-23'),(828,'g',0,'2012-03-02'),(829,'g',0,'2011-10-23'),(667,'g',0,'2011-10-23'),(638,'g',0,'2011-10-23'),(784,'g',0,'2011-10-23'),(733,'g',0,'2011-10-23'),(728,'g',0,'2011-10-23'),(746,'g',0,'2011-10-24'),(740,'g',0,'2011-10-24'),(755,'g',0,'2011-10-24'),(741,'g',0,'2011-10-24'),(731,'g',0,'2011-10-24'),(769,'g',0,'2011-10-25'),(781,'g',0,'2011-10-25'),(717,'g',0,'2011-10-25'),(721,'g',0,'2011-10-25'),(640,'g',0,'2011-10-25'),(645,'g',0,'2012-03-02'),(642,'g',0,'2011-10-25'),(643,'g',0,'2011-10-25'),(641,'g',0,'2012-03-02'),(644,'g',0,'2011-10-25'),(711,'g',0,'2011-11-26'),(736,'g',0,'2011-10-27'),(763,'g',0,'2011-12-08'),(718,'g',0,'2011-10-31'),(778,'g',0,'2012-02-15'),(744,'g',0,'2011-10-31'),(742,'g',0,'2011-10-31'),(749,'g',0,'2011-10-31'),(771,'g',0,'2011-10-31'),(715,'g',0,'2012-02-15'),(782,'g',0,'2011-10-31'),(722,'g',0,'2011-10-31'),(783,'g',0,'2011-12-08'),(764,'g',0,'2011-12-08'),(907,'g',0,'2012-03-02'),(803,'g',0,'2011-12-01'),(861,'g',0,'2012-02-15'),(743,'g',0,'2011-12-01'),(785,'g',0,'2011-12-08'),(773,'g',0,'2011-12-08'),(768,'g',0,'2011-12-08'),(777,'g',0,'2011-12-08'),(726,'g',0,'2011-11-01'),(727,'g',0,'2011-11-01'),(729,'g',0,'2011-11-01'),(779,'g',0,'2012-02-29'),(776,'g',0,'2011-11-01'),(812,'g',0,'2011-11-01'),(752,'g',0,'2011-11-01'),(870,'g',0,'2011-11-01'),(780,'g',0,'2011-11-01'),(757,'g',0,'2011-11-01'),(760,'g',0,'2011-11-01'),(774,'g',0,'2011-11-01'),(758,'g',0,'2011-11-01'),(761,'g',0,'2011-11-01'),(759,'g',0,'2011-11-01'),(756,'g',0,'2011-11-01'),(762,'g',0,'2011-11-01'),(890,'g',0,'2011-11-01'),(845,'g',0,'2011-11-01'),(772,'g',0,'2011-11-01'),(842,'g',0,'2012-02-12'),(808,'g',0,'2011-11-01'),(775,'g',0,'2011-11-01'),(748,'g',0,'2011-11-01'),(850,'g',0,'2011-11-02'),(730,'g',0,'2011-11-02'),(790,'g',0,'2011-11-02'),(934,'g',0,'2012-02-15'),(933,'g',0,'2011-12-18'),(770,'g',0,'2011-12-08'),(565,'g',0,'2012-02-20'),(586,'g',0,'2012-02-20'),(590,'g',0,'2011-11-03'),(600,'g',0,'2012-02-20'),(561,'g',0,'2012-02-20'),(572,'g',0,'2011-11-03'),(594,'g',0,'2012-02-20'),(941,'g',0,'2011-12-15'),(956,'g',0,'2011-12-15'),(957,'g',0,'2011-12-15'),(739,'g',0,'2011-11-04'),(738,'g',0,'2011-11-04'),(963,'g',0,'2011-12-09'),(720,'g',0,'2011-11-10'),(112,'g',0,'2012-02-20'),(860,'g',0,'2012-02-12'),(802,'g',0,'2011-11-12'),(889,'g',0,'2011-11-12'),(804,'g',0,'2011-11-12'),(843,'g',0,'2011-11-12'),(867,'g',0,'2012-02-15'),(809,'g',0,'2011-11-12'),(862,'g',0,'2012-02-16'),(482,'g',0,'2012-02-20'),(496,'g',0,'2012-02-20'),(486,'g',0,'2011-11-12'),(878,'g',0,'2011-11-12'),(892,'g',0,'2011-11-12'),(899,'g',0,'2011-11-12'),(816,'g',0,'2011-11-12'),(880,'g',0,'2012-03-02'),(819,'g',0,'2011-11-12'),(877,'g',0,'2012-03-02'),(823,'g',0,'2011-11-12'),(875,'g',0,'2012-03-02'),(825,'g',0,'2011-11-12'),(876,'g',0,'2011-11-12'),(822,'g',0,'2011-11-12'),(821,'g',0,'2011-11-12'),(818,'g',0,'2011-11-12'),(817,'g',0,'2011-11-12'),(874,'g',0,'2012-03-02'),(879,'g',0,'2012-03-02'),(866,'g',0,'2012-02-12'),(893,'g',0,'2012-02-15'),(798,'g',0,'2011-11-12'),(836,'g',0,'2011-11-14'),(946,'g',0,'2011-11-14'),(840,'g',0,'2012-03-02'),(811,'g',0,'2011-11-14'),(805,'g',0,'2011-11-14'),(931,'g',0,'2011-11-14'),(898,'g',0,'2011-11-14'),(865,'g',0,'2011-11-14'),(903,'g',0,'2012-03-02'),(901,'g',0,'2012-03-02'),(872,'g',0,'2011-11-14'),(814,'g',0,'2011-11-14'),(868,'g',0,'2011-11-14'),(835,'g',0,'2012-03-02'),(894,'g',0,'2012-03-02'),(852,'g',0,'2011-11-14'),(919,'g',0,'2012-03-02'),(863,'g',0,'2012-03-02'),(869,'g',0,'2011-11-14'),(807,'g',0,'2011-11-14'),(810,'g',0,'2011-11-14'),(723,'g',0,'2011-11-16'),(713,'g',0,'2012-02-13'),(849,'g',0,'2011-11-16'),(841,'g',0,'2011-11-17'),(888,'g',0,'2011-11-17'),(630,'g',0,'2011-11-18'),(621,'g',0,'2012-03-02'),(635,'g',0,'2012-03-02'),(628,'g',0,'2011-11-18'),(629,'g',0,'2012-03-02'),(646,'g',0,'2011-11-18'),(647,'g',0,'2011-11-18'),(650,'g',0,'2011-11-18'),(648,'g',0,'2011-11-18'),(827,'g',0,'2011-11-21'),(905,'g',0,'2012-03-02'),(904,'g',0,'2011-11-21'),(881,'g',0,'2011-11-21'),(951,'g',0,'2012-03-02'),(873,'g',0,'2011-11-22'),(815,'g',0,'2011-11-22'),(839,'g',0,'2011-11-22'),(716,'g',0,'2011-11-22'),(751,'g',0,'2011-11-22'),(750,'g',0,'2011-11-22'),(747,'g',0,'2011-11-22'),(754,'g',0,'2011-11-22'),(719,'g',0,'2011-11-22'),(745,'g',0,'2011-11-22'),(864,'g',0,'2011-11-22'),(858,'g',0,'2011-11-22'),(856,'g',0,'2011-11-22'),(857,'g',0,'2011-11-22'),(806,'g',0,'2011-11-22'),(799,'g',0,'2011-11-22'),(910,'g',0,'2011-11-22'),(800,'g',0,'2011-11-22'),(887,'g',0,'2011-11-22'),(1144,'g',0,'2011-11-23'),(1164,'g',0,'2012-03-02'),(1051,'g',0,'2012-03-01'),(1034,'g',0,'2012-03-02'),(1082,'g',0,'2011-11-23'),(1103,'g',0,'2012-03-02'),(1124,'g',0,'2012-03-02'),(1171,'g',0,'2012-03-02'),(1086,'g',0,'2012-03-02'),(1007,'g',0,'2011-11-23'),(1112,'g',0,'2011-11-23'),(1094,'g',0,'2011-11-23'),(1035,'g',0,'2011-11-24'),(1059,'g',0,'2012-03-02'),(1107,'g',0,'2012-03-02'),(1020,'g',0,'2011-11-24'),(969,'g',0,'2011-11-24'),(1049,'g',0,'2012-03-02'),(1129,'g',0,'2011-11-24'),(1009,'g',0,'2012-03-02'),(1024,'g',0,'2011-11-24'),(1130,'g',0,'2011-11-24'),(1127,'g',0,'2012-03-02'),(1104,'g',0,'2012-02-16'),(1154,'g',0,'2012-02-16'),(1023,'g',0,'2012-01-06'),(1150,'g',0,'2012-02-15'),(1013,'g',0,'2011-11-27'),(971,'g',0,'2012-03-02'),(974,'g',0,'2012-03-02'),(1057,'g',0,'2012-03-02'),(1151,'g',0,'2012-03-02'),(1014,'g',0,'2012-03-02'),(1208,'g',0,'2012-03-02'),(994,'g',0,'2011-11-29'),(992,'g',0,'2011-11-29'),(1004,'g',0,'2011-11-29'),(973,'g',0,'2011-11-29'),(996,'g',0,'2011-11-29'),(995,'g',0,'2012-03-05'),(993,'g',0,'2011-11-29'),(1141,'g',0,'2012-02-13'),(1143,'g',0,'2012-02-13'),(1142,'g',0,'2012-02-15'),(1140,'g',0,'2012-02-15'),(268,'g',0,'2011-11-30'),(1093,'g',0,'2011-12-01'),(1116,'g',0,'2011-12-01'),(1118,'g',0,'2011-12-01'),(1098,'g',0,'2011-12-01'),(1091,'g',0,'2011-12-01'),(1085,'g',0,'2011-12-01'),(1102,'g',0,'2011-12-01'),(1087,'g',0,'2011-12-01'),(1067,'g',0,'2011-12-01'),(1111,'g',0,'2011-12-01'),(1002,'g',0,'2011-12-02'),(1138,'g',0,'2011-12-07'),(1146,'g',0,'2011-12-07'),(1205,'g',0,'2011-12-07'),(1192,'g',0,'2011-12-07'),(1185,'g',0,'2011-12-07'),(1211,'g',0,'2011-12-07'),(1207,'g',0,'2011-12-07'),(1206,'g',0,'2011-12-07'),(1149,'g',0,'2011-12-07'),(1175,'g',0,'2011-12-07'),(968,'g',0,'2011-12-08'),(1090,'g',0,'2011-12-08'),(1110,'g',0,'2011-12-08'),(1003,'g',0,'2011-12-08'),(1021,'g',0,'2011-12-08'),(1117,'g',0,'2012-03-02'),(1053,'g',0,'2011-12-08'),(1092,'g',0,'2011-12-08'),(1234,'g',0,'2011-12-09'),(593,'g',0,'2011-12-10'),(631,'g',0,'2011-12-10'),(632,'g',0,'2011-12-10'),(724,'g',0,'2011-12-10'),(604,'g',0,'2011-12-10'),(589,'g',0,'2011-12-10'),(584,'g',0,'2011-12-10'),(672,'g',0,'2011-12-10'),(559,'g',0,'2011-12-10'),(732,'g',0,'2011-12-10'),(601,'g',0,'2011-12-10'),(568,'g',0,'2011-12-10'),(737,'g',0,'2011-12-10'),(712,'g',0,'2011-12-10'),(551,'g',0,'2011-12-10'),(530,'g',0,'2011-12-10'),(524,'g',0,'2011-12-10'),(517,'g',0,'2011-12-10'),(479,'g',0,'2011-12-10'),(1243,'g',0,'2011-12-12'),(1244,'g',0,'2011-12-12'),(1174,'g',0,'2012-02-16'),(1246,'g',0,'2012-03-02'),(1241,'g',0,'2011-12-13'),(509,'g',0,'2011-12-14'),(1176,'g',0,'2011-12-14'),(1153,'g',0,'2011-12-14'),(1121,'g',0,'2011-12-14'),(710,'g',0,'2012-02-20'),(1178,'g',0,'2011-12-15'),(1252,'g',0,'2012-02-13'),(1080,'g',0,'2011-12-15'),(1179,'g',0,'2012-03-02'),(474,'g',0,'2012-02-20'),(1122,'g',0,'2011-12-15'),(1079,'g',0,'2011-12-15'),(1081,'g',0,'2011-12-16'),(1145,'g',0,'2011-12-16'),(1123,'g',0,'2011-12-16'),(1180,'g',0,'2012-03-02'),(1248,'g',0,'2012-03-02'),(1253,'g',0,'2012-02-12'),(1249,'g',0,'2011-12-17'),(1257,'g',0,'2011-12-18'),(1161,'g',0,'2011-12-19'),(1283,'g',0,'2012-03-02'),(1284,'g',0,'2012-03-02'),(1258,'g',0,'2012-02-12'),(972,'g',0,'2011-12-20'),(1010,'g',0,'2011-12-20'),(1210,'g',0,'2011-12-20'),(1073,'g',0,'2011-12-20'),(1288,'g',0,'2011-12-20'),(1298,'g',0,'2011-12-20'),(1166,'g',0,'2012-03-02'),(1184,'g',0,'2012-03-02'),(1084,'g',0,'2012-03-02'),(1291,'g',0,'2012-03-02'),(1265,'g',0,'2011-12-22'),(977,'g',0,'2012-03-02'),(1297,'g',0,'2012-02-28'),(967,'g',0,'2011-12-22'),(1256,'g',0,'2011-12-22'),(914,'g',0,'2011-12-22'),(1008,'g',0,'2011-12-22'),(966,'g',0,'2012-03-02'),(1011,'g',0,'2011-12-22'),(970,'g',0,'2011-12-22'),(965,'g',0,'2012-03-02'),(1285,'g',0,'2012-02-28'),(1301,'g',0,'2012-02-28'),(1299,'g',0,'2012-02-28'),(1290,'g',0,'2012-02-20'),(1287,'g',0,'2012-02-20'),(1292,'g',0,'2012-02-20'),(1294,'g',0,'2012-02-20'),(1275,'g',0,'2012-02-15'),(1300,'g',0,'2012-02-13'),(1276,'g',0,'2012-02-13'),(1268,'g',0,'2012-02-13'),(1278,'g',0,'2012-02-15'),(1269,'g',0,'2012-02-15'),(1293,'g',0,'2012-02-15'),(1199,'g',0,'2011-12-25'),(1194,'g',0,'2012-03-02'),(1195,'g',0,'2012-03-02'),(1304,'g',0,'2012-02-28'),(1071,'g',0,'2011-12-26'),(1309,'g',0,'2012-02-15'),(1286,'g',0,'2012-02-29'),(1295,'g',0,'2012-02-29'),(854,'g',0,'2011-12-27'),(1306,'g',0,'2011-12-27'),(1072,'g',0,'2011-12-27'),(1226,'g',0,'2011-12-27'),(1316,'g',0,'2011-12-27'),(1315,'g',0,'2011-12-27'),(1317,'g',0,'2011-12-28'),(1083,'g',0,'2012-03-03'),(1114,'g',0,'2011-12-29'),(1254,'g',0,'2011-12-29'),(1068,'g',0,'2011-12-29'),(1159,'g',0,'2011-12-29'),(1106,'g',0,'2011-12-29'),(1075,'g',0,'2011-12-29'),(1231,'g',0,'2011-12-29'),(1307,'g',0,'2012-03-02'),(1230,'g',0,'2011-12-29'),(1216,'g',0,'2011-12-29'),(1235,'g',0,'2011-12-29'),(1239,'g',0,'2011-12-29'),(1282,'g',0,'2012-03-02'),(1318,'g',0,'2012-02-15'),(1277,'g',0,'2011-12-29'),(1247,'g',0,'2011-12-29'),(1264,'g',0,'2011-12-29'),(1313,'g',0,'2011-12-29'),(1355,'g',0,'2012-03-02'),(1331,'g',0,'2012-02-12'),(1327,'g',0,'2012-02-12'),(1320,'g',0,'2011-12-31'),(1319,'g',0,'2011-12-31'),(1311,'g',0,'2012-02-25'),(1340,'g',0,'2012-02-15'),(1328,'g',0,'2012-03-02'),(1289,'g',0,'2012-02-25'),(1296,'g',0,'2012-02-25'),(1333,'g',0,'2012-02-25'),(1338,'g',0,'2012-02-12'),(1337,'g',0,'2012-03-02'),(1364,'g',0,'2012-02-15'),(1329,'g',0,'2012-03-02'),(1408,'g',0,'2012-01-03'),(1330,'g',0,'2012-03-02'),(958,'g',0,'2012-01-05'),(959,'g',0,'2012-01-05'),(1410,'g',0,'2012-03-06'),(1358,'g',0,'2012-02-12'),(953,'g',0,'2012-01-11'),(955,'g',0,'2012-01-11'),(830,'g',0,'2012-01-11'),(855,'g',0,'2012-01-11'),(847,'g',0,'2012-01-11'),(683,'g',0,'2012-01-11'),(1390,'g',0,'2012-03-02'),(1389,'g',0,'2012-03-02'),(1388,'g',0,'2012-01-12'),(1428,'g',0,'2012-03-02'),(1273,'g',0,'2012-03-02'),(1302,'g',0,'2012-01-16'),(1214,'g',0,'2012-03-02'),(1433,'g',0,'2012-01-21'),(1353,'g',0,'2012-01-21'),(1369,'g',0,'2012-03-02'),(1412,'g',0,'2012-03-02'),(1382,'g',0,'2012-03-02'),(1371,'g',0,'2012-01-21'),(1430,'g',0,'2012-01-21'),(1378,'g',0,'2012-01-21'),(848,'g',0,'2012-01-21'),(902,'g',0,'2012-01-21'),(838,'g',0,'2012-01-21'),(1375,'g',0,'2012-01-21'),(1266,'g',0,'2012-01-21'),(1267,'g',0,'2012-01-21'),(1335,'g',0,'2012-01-22'),(1314,'g',0,'2012-01-22'),(1312,'g',0,'2012-01-22'),(921,'g',0,'2012-01-22'),(826,'g',0,'2012-01-22'),(1074,'g',0,'2012-01-22'),(1062,'g',0,'2012-01-22'),(1097,'g',0,'2012-01-22'),(1411,'g',0,'2012-01-22'),(1396,'g',0,'2012-01-22'),(1220,'g',0,'2012-01-22'),(1119,'g',0,'2012-01-25'),(1128,'g',0,'2012-01-25'),(1204,'g',0,'2012-01-25'),(1215,'g',0,'2012-01-25'),(1139,'g',0,'2012-01-25'),(1155,'g',0,'2012-01-25'),(1165,'g',0,'2012-01-25'),(1168,'g',0,'2012-01-25'),(1188,'g',0,'2012-01-25'),(1162,'g',0,'2012-01-25'),(1198,'g',0,'2012-01-25'),(1186,'g',0,'2012-01-25'),(1197,'g',0,'2012-03-03'),(1169,'g',0,'2012-01-25'),(1424,'g',0,'2012-01-25'),(1172,'g',0,'2012-01-25'),(1475,'g',0,'2012-02-01'),(1415,'g',0,'2012-03-02'),(1457,'g',0,'2012-03-02'),(1450,'g',0,'2012-02-01'),(1542,'g',0,'2012-02-02'),(1537,'g',0,'2012-02-03'),(709,'g',0,'2012-02-07'),(1324,'g',0,'2012-02-07'),(1568,'g',0,'2012-02-07'),(1563,'g',0,'2012-02-09'),(1409,'g',0,'2012-02-11'),(1394,'g',0,'2012-02-11'),(1052,'g',0,'2012-02-11'),(1196,'g',0,'2012-02-11'),(1342,'g',0,'2012-02-11'),(1028,'g',0,'2012-02-11'),(1148,'g',0,'2012-02-11'),(1546,'g',0,'2012-02-11'),(1347,'g',0,'2012-02-11'),(1553,'g',0,'2012-02-11'),(1571,'g',0,'2012-02-11'),(1425,'g',0,'2012-02-11'),(1222,'g',0,'2012-02-11'),(1113,'g',0,'2012-02-11'),(1157,'g',0,'2012-02-11'),(1173,'g',0,'2012-02-11'),(1131,'g',0,'2012-02-11'),(1156,'g',0,'2012-02-11'),(1158,'g',0,'2012-02-11'),(1163,'g',0,'2012-02-11'),(1573,'g',0,'2012-02-11'),(1507,'g',0,'2012-02-12'),(1469,'g',0,'2012-02-12'),(1468,'g',0,'2012-02-12'),(1569,'g',0,'2012-02-12'),(1352,'g',0,'2012-02-12'),(1413,'g',0,'2012-02-12'),(1402,'g',0,'2012-02-12'),(1345,'g',0,'2012-02-12'),(1346,'g',0,'2012-02-12'),(1538,'g',0,'2012-02-12'),(1357,'g',0,'2012-02-12'),(1363,'g',0,'2012-02-12'),(1366,'g',0,'2012-02-12'),(1570,'g',0,'2012-02-12'),(1040,'g',0,'2012-02-12'),(1044,'g',0,'2012-02-12'),(1048,'g',0,'2012-02-12'),(1036,'g',0,'2012-02-12'),(1038,'g',0,'2012-02-12'),(1043,'g',0,'2012-02-12'),(1037,'g',0,'2012-02-12'),(1042,'g',0,'2012-02-12'),(1069,'g',0,'2012-02-12'),(1045,'g',0,'2012-02-12'),(1115,'g',0,'2012-02-12'),(1041,'g',0,'2012-02-12'),(1046,'g',0,'2012-02-12'),(1401,'g',0,'2012-02-12'),(1452,'g',0,'2012-02-12'),(1407,'g',0,'2012-02-12'),(1445,'g',0,'2012-02-12'),(1512,'g',0,'2012-02-12'),(1451,'g',0,'2012-02-12'),(1481,'g',0,'2012-02-12'),(1209,'g',0,'2012-02-12'),(1213,'g',0,'2012-02-12'),(1391,'g',0,'2012-02-12'),(1517,'g',0,'2012-02-12'),(1447,'g',0,'2012-02-12'),(1193,'g',0,'2012-02-12'),(1519,'g',0,'2012-02-12'),(1398,'g',0,'2012-02-12'),(1167,'g',0,'2012-02-12'),(1370,'g',0,'2012-02-12'),(1549,'g',0,'2012-02-12'),(940,'g',0,'2012-02-12'),(1270,'g',0,'2012-02-12'),(1250,'g',0,'2012-02-12'),(1022,'g',0,'2012-02-12'),(1259,'g',0,'2012-02-12'),(1232,'g',0,'2012-02-12'),(1305,'g',0,'2012-02-12'),(1578,'g',0,'2012-02-12'),(1434,'g',0,'2012-02-12'),(1509,'g',0,'2012-02-12'),(1018,'g',0,'2012-02-12'),(1132,'g',0,'2012-02-12'),(1574,'g',0,'2012-02-13'),(1255,'g',0,'2012-02-13'),(1272,'g',0,'2012-02-13'),(1271,'g',0,'2012-02-13'),(891,'g',0,'2012-02-14'),(884,'g',0,'2012-02-14'),(920,'g',0,'2012-02-14'),(918,'g',0,'2012-02-14'),(883,'g',0,'2012-02-14'),(886,'g',0,'2012-02-14'),(1332,'g',0,'2012-02-14'),(1322,'g',0,'2012-02-14'),(1323,'g',0,'2012-02-14'),(1310,'g',0,'2012-02-14'),(1015,'g',0,'2012-02-14'),(1031,'g',0,'2012-02-14'),(1017,'g',0,'2012-02-14'),(1499,'g',0,'2012-02-14'),(1308,'g',0,'2012-02-15'),(1588,'g',0,'2012-02-16'),(1592,'g',0,'2012-02-17'),(1496,'g',0,'2012-02-19'),(1495,'g',0,'2012-02-19'),(1436,'g',0,'2012-02-19'),(1558,'g',0,'2012-02-19'),(1136,'g',0,'2012-02-20'),(871,'g',0,'2012-02-20'),(1016,'g',0,'2012-02-20'),(1303,'g',0,'2012-02-20'),(1187,'g',0,'2012-02-20'),(1583,'g',0,'2012-02-20'),(1070,'g',0,'2012-02-20'),(620,'g',0,'2012-02-20'),(1201,'g',0,'2012-02-20'),(947,'g',0,'2012-02-20'),(705,'g',0,'2012-02-20'),(954,'g',0,'2012-02-20'),(623,'g',0,'2012-02-20'),(1189,'g',0,'2012-02-20'),(1326,'g',0,'2012-02-20'),(1321,'g',0,'2012-02-20'),(1224,'g',0,'2012-02-20'),(1236,'g',0,'2012-02-20'),(1029,'g',0,'2012-02-20'),(687,'g',0,'2012-02-20'),(1251,'g',0,'2012-02-20'),(1108,'g',0,'2012-02-20'),(851,'g',0,'2012-02-20'),(1485,'g',0,'2012-02-20'),(1006,'g',0,'2012-02-20'),(1060,'g',0,'2012-02-20'),(1135,'g',0,'2012-02-20'),(1202,'g',0,'2012-02-20'),(1227,'g',0,'2012-02-20'),(1027,'g',0,'2012-02-20'),(606,'g',0,'2012-02-20'),(1528,'g',0,'2012-02-20'),(1336,'g',0,'2012-02-20'),(1582,'g',0,'2012-02-20'),(1026,'g',0,'2012-02-20'),(1240,'g',0,'2012-02-20'),(1134,'g',0,'2012-02-20'),(1005,'g',0,'2012-02-20'),(1137,'g',0,'2012-02-20'),(938,'g',0,'2012-02-20'),(674,'g',0,'2012-02-20'),(622,'g',0,'2012-02-20'),(1334,'g',0,'2012-02-20'),(964,'g',0,'2012-02-20'),(1217,'g',0,'2012-02-20'),(1586,'g',0,'2012-02-20'),(1030,'g',0,'2012-02-20'),(1056,'g',0,'2012-02-20'),(853,'g',0,'2012-02-20'),(833,'g',0,'2012-02-20'),(1025,'g',0,'2012-02-20'),(1133,'g',0,'2012-02-20'),(1228,'g',0,'2012-02-20'),(1325,'g',0,'2012-02-21'),(1599,'g',0,'2012-02-22'),(1521,'g',0,'2012-02-23'),(1561,'g',0,'2012-02-23'),(1518,'g',0,'2012-02-23'),(1595,'g',0,'2012-02-23'),(1547,'g',0,'2012-02-23'),(1557,'g',0,'2012-02-23'),(1555,'g',0,'2012-02-24'),(1540,'g',0,'2012-02-24'),(1602,'g',0,'2012-02-24'),(1550,'g',0,'2012-02-24'),(1575,'g',0,'2012-02-25'),(1594,'g',0,'2012-02-25'),(1627,'g',0,'2012-02-28'),(1603,'g',0,'2012-02-28'),(1649,'g',0,'2012-02-29'),(1653,'g',0,'2012-03-01'),(1651,'g',0,'2012-03-02'),(1663,'g',0,'2012-03-02'),(1636,'g',0,'2012-03-02'),(1606,'g',0,'2012-03-02'),(1646,'g',0,'2012-03-02'),(510,'g',0,'2012-03-02'),(1642,'g',0,'2012-03-02'),(603,'g',0,'2012-03-02'),(529,'g',0,'2012-03-02'),(1597,'g',0,'2012-03-02'),(1660,'g',0,'2012-03-02'),(1639,'g',0,'2012-03-02'),(1212,'g',0,'2012-03-02'),(1233,'g',0,'2012-03-02'),(1354,'g',0,'2012-03-02'),(1406,'g',0,'2012-03-02'),(1423,'g',0,'2012-03-02'),(1453,'g',0,'2012-03-02'),(1442,'g',0,'2012-03-02'),(1454,'g',0,'2012-03-02'),(1478,'g',0,'2012-03-02'),(1484,'g',0,'2012-03-02'),(1665,'g',0,'2012-03-02'),(1640,'g',0,'2012-03-02'),(1465,'g',0,'2012-03-02'),(1605,'g',0,'2012-03-02'),(1624,'g',0,'2012-03-02'),(1608,'g',0,'2012-03-02'),(1650,'g',0,'2012-03-02'),(1630,'g',0,'2012-03-02'),(982,'g',0,'2012-03-02'),(988,'g',0,'2012-03-02'),(991,'g',0,'2012-03-02'),(1047,'g',0,'2012-03-02'),(1099,'g',0,'2012-03-02'),(824,'g',0,'2012-03-02'),(975,'g',0,'2012-03-02'),(1219,'g',0,'2012-03-02'),(1218,'g',0,'2012-03-02'),(979,'g',0,'2012-03-02'),(1238,'g',0,'2012-03-02'),(1422,'g',0,'2012-03-02'),(1417,'g',0,'2012-03-02'),(1579,'g',0,'2012-03-02'),(1125,'g',0,'2012-03-02'),(1604,'g',0,'2012-03-02'),(1444,'g',0,'2012-03-02'),(1440,'g',0,'2012-03-02'),(1427,'g',0,'2012-03-02'),(1657,'g',0,'2012-03-02'),(1664,'g',0,'2012-03-02'),(1659,'g',0,'2012-03-02'),(617,'g',0,'2012-03-02'),(1033,'g',0,'2012-03-02'),(1109,'g',0,'2012-03-02'),(1564,'g',0,'2012-03-02'),(1374,'g',0,'2012-03-02'),(1467,'g',0,'2012-03-02'),(1449,'g',0,'2012-03-02'),(1543,'g',0,'2012-03-02'),(1541,'g',0,'2012-03-02'),(1556,'g',0,'2012-03-02'),(1552,'g',0,'2012-03-02'),(690,'g',0,'2012-03-02'),(1661,'g',0,'2012-03-02'),(1618,'g',0,'2012-03-02'),(1464,'g',0,'2012-03-02'),(1472,'g',0,'2012-03-02'),(1531,'g',0,'2012-03-02'),(1536,'g',0,'2012-03-02'),(1566,'g',0,'2012-03-02'),(1510,'g',0,'2012-03-02'),(1525,'g',0,'2012-03-02'),(1614,'g',0,'2012-03-02'),(1631,'g',0,'2012-03-02'),(1658,'g',0,'2012-03-02'),(1560,'g',0,'2012-03-02'),(1654,'g',0,'2012-03-02'),(1648,'g',0,'2012-03-03'),(1593,'g',0,'2012-03-03'),(1641,'g',0,'2012-03-03'),(1662,'g',0,'2012-03-03'),(1645,'g',0,'2012-03-03'),(1644,'g',0,'2012-03-03'),(1626,'g',0,'2012-03-04'),(1572,'g',0,'2012-03-04'),(1508,'g',0,'2012-03-04'),(1615,'g',0,'2012-03-04'),(1628,'g',0,'2012-03-04'),(1623,'g',0,'2012-03-04'),(1523,'g',0,'2012-03-04'),(1585,'g',0,'2012-03-06'),(1671,'g',0,'2012-03-06');

--
-- Table structure for table `idx_paid_listing`
--

CREATE TABLE `idx_paid_listing` (
  `link_id` mediumint(9) unsigned NOT NULL default '0',
  `premium` char(1) default NULL,
  `sponsored` char(1) default NULL,
  `expire` datetime default NULL,
  `paid` char(1) default NULL,
  PRIMARY KEY  (`link_id`)
) ENGINE=MyISAM DEFAULT CHARSET=latin1;

--
-- Dumping data for table `idx_paid_listing`
--


--
-- Table structure for table `idx_payment_gateway`
--

CREATE TABLE `idx_payment_gateway` (
  `payment_gateway_id` int(11) NOT NULL auto_increment,
  `name` varchar(100) default NULL,
  `enable` char(1) default NULL,
  `setting` text,
  `invoice_html` text,
  PRIMARY KEY  (`payment_gateway_id`)
) ENGINE=MyISAM AUTO_INCREMENT=9 DEFAULT CHARSET=latin1;

--
-- Dumping data for table `idx_payment_gateway`
--

INSERT INTO `idx_payment_gateway` VALUES (1,'paypal','1','a:2:{s:13:\"payment_email\";s:0:\"\";s:21:\"enable_paypal_sandbox\";s:1:\"0\";}','<p> \r\n	<a href=\'paynow.php?id={$invoice_id}&m=paypal\'><img src=\'http://www.paypal.com/images/x-click-but02.gif\' border=\'0\' alt=\'Make payments with PayPal - it is fast, free and secure!\' /></a> \r\n</p>\r\n'),(2,'2co','0','a:6:{s:6:\"co_sid\";s:5:\"84932\";s:9:\"co_secret\";s:5:\"tango\";s:12:\"co_recurring\";s:1:\"0\";s:9:\"co_prod_1\";s:6:\"100.00\";s:9:\"co_prod_2\";s:6:\"250.00\";s:9:\"co_prod_3\";s:6:\"400.00\";}','<p>\r\n<a href=\'paynow.php?id={$invoice_id}&m=2co\'><img src=\'http://www.2checkout.com/images/overview/btns/25.jpg\' alt=\'Pay Now with 2checkout...\' border=\'0\' /></a> \r\n</p>'),(3,'authorizenet','0','a:2:{s:21:\"authorizenet_login_id\";s:0:\"\";s:21:\"authorizenet_tran_key\";s:0:\"\";}','<p> \r\n<a href=\'paynow.php?id={$invoice_id}&m=authorizenet\'><img src=\'http://www.authorize.net/upload/images/Images/Header/authorizenet_logo.gif\' alt=\'Pay Now with Authorize.Net...\' width=\'99\' height=\'39\' style=\'{border : 1px solid #c0c0c0;}\' /></a>\r\n</p>'),(4,'egold','0','a:2:{s:19:\"egold_payee_account\";s:0:\"\";s:16:\"egold_payee_name\";s:0:\"\";}','<p> \r\n<a href=\'paynow.php?id={$invoice_id}&m=egold\'>\r\n<img src=\'http://www.e-gold.com/gif/paywith.gif\' border=\'0\' alt=\'Pay Now with e-gold...\' />\r\n</a>\r\n</p>'),(5,'moneybookers','0','a:1:{s:18:\"moneybookers_email\";s:0:\"\";}','<p> \r\n<a href=\'paynow.php?id={$invoice_id}&m=paypal\'><img src=\'http://www.moneybookers.com/images/banners/88_en_mb.gif\' border=\'0\' alt=\'Make payments with Moneybookers - it is fast, free and secure!\' /></a> \r\n</p>'),(6,'paypal-subscriptions','0','a:2:{s:13:\"payment_email\";s:0:\"\";s:21:\"enable_paypal_sandbox\";s:1:\"0\";}','<p> \r\n<a href=\'paynow.php?id={$invoice_id}&m=paypal\'><img src=\'https://www.paypal.com/en_US/i/btn/x-click-but20.gif\' border=\'0\' alt=\'Make payments with PayPal - it is fast, free and secure!\' /></a> \r\n</p>'),(7,'alertpay','0','a:2:{s:14:\"alertpay_email\";s:0:\"\";s:23:\"enable_alertpay_sandbox\";s:1:\"0\";}','<p> \r\n<a href=\'paynow.php?id={$invoice_id}&m=alertpay\'>\r\n<img src=\'https://www.alertpay.com/Images/BuyNow/pay_now_3.gif\' border=\'0\' alt=\'Make payments with PayPal - it is fast, free and secure!\' /></a> \r\n</p>'),(8,'alertpay-subcriptions','0','a:2:{s:14:\"alertpay_email\";s:0:\"\";s:23:\"enable_alertpay_sandbox\";s:1:\"0\";}','<p>\r\n<a href=\'paynow.php?id={$invoice_id}&m=alertpay-subcriptions\'>\r\n<img src=\'https://www.alertpay.com/Images/BuyNow/subscribe_now_15.gif\' border=\'0\' alt=\'Make payments with Alert Pay - it is fast, free and secure!\' /></a> \r\n</p>');

--
-- Table structure for table `idx_payment_history`
--

CREATE TABLE `idx_payment_history` (
  `payment_id` int(10) unsigned NOT NULL auto_increment,
  `contact_name` varchar(255) default NULL,
  `email` varchar(255) default NULL,
  `type` varchar(255) default NULL,
  `detail` text,
  `amount` double default NULL,
  `time` datetime default NULL,
  `invoice_id` varchar(10) default NULL,
  PRIMARY KEY  (`payment_id`)
) ENGINE=MyISAM DEFAULT CHARSET=latin1;

--
-- Dumping data for table `idx_payment_history`
--


--
-- Table structure for table `idx_pl_sociable`
--

CREATE TABLE `idx_pl_sociable` (
  `sb_id` int(11) NOT NULL auto_increment,
  `sb_name` varchar(255) character set utf8 default NULL,
  `sb_url` varchar(255) character set utf8 default NULL,
  `sb_icon` varchar(255) character set utf8 default NULL,
  `sb_enable` char(1) character set utf8 default '0',
  PRIMARY KEY  (`sb_id`)
) ENGINE=MyISAM AUTO_INCREMENT=90 DEFAULT CHARSET=latin1;

--
-- Dumping data for table `idx_pl_sociable`
--

INSERT INTO `idx_pl_sociable` VALUES (1,'BarraPunto','http://barrapunto.com/submit.pl?subj=TITLE&amp;story=PERMALINK','barrapunto.png','0'),(2,'Bitacoras.com','http://bitacoras.com/anotaciones/PERMALINK','bitacoras.png','0'),(3,'BlinkList','http://www.blinklist.com/index.php?Action=Blink/addblink.php&amp;Url=PERMALINK&amp;Title=TITLE','blinklist.png','0'),(4,'blogmarks','http://blogmarks.net/my/new.php?mini=1&amp;simple=1&amp;url=PERMALINK&amp;title=TITLE','blogmarks.png','0'),(5,'Blogosphere News','http://www.blogospherenews.com/submit.php?url=PERMALINK&amp;title=TITLE','blogospherenews.png','0'),(6,'blogtercimlap','http://cimlap.blogter.hu/index.php?action=suggest_link&amp;title=TITLE&amp;url=PERMALINK','blogter.png','0'),(7,'Faves','http://faves.com/Authoring.aspx?u=PERMALINK&amp;title=TITLE','bluedot.png','0'),(8,'connotea','http://www.connotea.org/addpopup?continue=confirm&amp;uri=PERMALINK&amp;title=TITLE&amp;description=EXCERPT','connotea.png','0'),(9,'Current','http://current.com/clipper.htm?url=PERMALINK&amp;title=TITLE','current.png','0'),(10,'del.icio.us','http://delicious.com/post?url=PERMALINK&amp;title=TITLE&amp;notes=EXCERPT','delicious.png','0'),(11,'Digg','http://digg.com/submit?phase=2&amp;url=PERMALINK&amp;title=TITLE&amp;bodytext=EXCERPT','digg.png','1'),(12,'Diigo','http://www.diigo.com/post?url=PERMALINK&amp;title=TITLE','diigo.png','0'),(13,'DotNetKicks','http://www.dotnetkicks.com/kick/?url=PERMALINK&amp;title=TITLE','dotnetkicks.png','0'),(14,'DZone','http://www.dzone.com/links/add.html?url=PERMALINK&amp;title=TITLE','dzone.png','0'),(15,'eKudos','http://www.ekudos.nl/artikel/nieuw?url=PERMALINK&amp;title=TITLE&amp;desc=EXCERPT','ekudos.png','0'),(16,'email','mailto:?subject=TITLE&amp;body=PERMALINK','email_link.png','0'),(17,'Facebook','http://www.facebook.com/share.php?u=PERMALINK&amp;t=TITLE','facebook.png','1'),(18,'Fark','http://cgi.fark.com/cgi/fark/farkit.pl?h=TITLE&amp;u=PERMALINK','fark.png','0'),(19,'Fleck','http://beta3.fleck.com/bookmarklet.php?url=PERMALINK&amp;title=TITLE','fleck.png','0'),(20,'FriendFeed','http://www.friendfeed.com/share?title=TITLE&amp;link=PERMALINK','friendfeed.png','0'),(21,'FSDaily','http://www.fsdaily.com/submit?url=PERMALINK&amp;title=TITLE','fsdaily.png','0'),(22,'Global Grind','http://globalgrind.com/submission/submit.aspx?url=PERMALINK&amp;type=Article&amp;title=TITLE','globalgrind.png','0'),(23,'Google','http://www.google.com/bookmarks/mark?op=edit&amp;bkmk=PERMALINK&amp;title=TITLE&amp;annotation=EXCERPT','googlebookmark.png','0'),(24,'Gwar','http://www.gwar.pl/DodajGwar.html?u=PERMALINK','gwar.png','0'),(25,'HackerNews','http://news.ycombinator.com/submitlink?u=PERMALINK&amp;t=TITLE','hackernews.png','0'),(26,'Haohao','http://www.haohaoreport.com/submit.php?url=PERMALINK&amp;title=TITLE','haohao.png','0'),(27,'HealthRanker','http://healthranker.com/submit.php?url=PERMALINK&amp;title=TITLE','healthranker.png','0'),(28,'HelloTxt','http://hellotxt.com/?status=TITLE+PERMALINK','hellotxt.png','0'),(29,'Hemidemi','http://www.hemidemi.com/user_bookmark/new?title=TITLE&amp;url=PERMALINK','hemidemi.png','0'),(30,'Hyves','http://www.hyves.nl/profilemanage/add/tips/?name=TITLE&amp;text=EXCERPT+PERMALINK&amp;rating=5','hyves.png','0'),(31,'Identi.ca','http://identi.ca/notice/new?status_textarea=PERMALINK','identica.png','0'),(32,'IndianPad','http://www.indianpad.com/submit.php?url=PERMALINK','indianpad.png','0'),(33,'Internetmedia','http://internetmedia.hu/submit.php?url=PERMALINK','im.png','0'),(34,'Kirtsy','http://www.kirtsy.com/submit.php?url=PERMALINK&amp;title=TITLE','kirtsy.png','0'),(35,'laaik.it','http://laaik.it/NewStoryCompact.aspx?uri=PERMALINK&amp;headline=TITLE&amp;cat=5e082fcc-8a3b-47e2-acec-fdf64ff19d12','laaikit.png','0'),(36,'LinkArena','http://linkarena.com/bookmarks/addlink/?url=PERMALINK&amp;title=TITLE','linkarena.png','0'),(37,'LinkaGoGo','http://www.linkagogo.com/go/AddNoPopup?url=PERMALINK&amp;title=TITLE','linkagogo.png','0'),(38,'LinkedIn','http://www.linkedin.com/shareArticle?mini=true&amp;url=PERMALINK&amp;title=TITLE&amp;source=BLOGNAME&amp;summary=EXCERPT','linkedin.png','0'),(39,'Linkter','http://www.linkter.hu/index.php?action=suggest_link&amp;url=PERMALINK&amp;title=TITLE','linkter.png','0'),(40,'Live','https://favorites.live.com/quickadd.aspx?marklet=1&amp;url=PERMALINK&amp;title=TITLE','live.png','0'),(41,'Meneame','http://meneame.net/submit.php?url=PERMALINK','meneame.png','0'),(42,'MisterWong','http://www.mister-wong.com/addurl/?bm_url=PERMALINK&amp;bm_description=TITLE&amp;plugin=soc','misterwong.png','0'),(43,'MisterWong.DE','http://www.mister-wong.de/addurl/?bm_url=PERMALINK&amp;bm_description=TITLE&amp;plugin=soc','misterwong.png','0'),(44,'Mixx','http://www.mixx.com/submit?page_url=PERMALINK&amp;title=TITLE','mixx.png','0'),(45,'muti','http://www.muti.co.za/submit?url=PERMALINK&amp;title=TITLE','muti.png','0'),(46,'MyShare','http://myshare.url.com.tw/index.php?func=newurl&amp;url=PERMALINK&amp;desc=TITLE','myshare.png','0'),(47,'MySpace','http://www.myspace.com/Modules/PostTo/Pages/?u=PERMALINK&amp;t=TITLE','myspace.png','0'),(48,'MSNReporter','http://reporter.nl.msn.com/?fn=contribute&amp;Title=TITLE&amp;URL=PERMALINK&amp;cat_id=6&amp;tag_id=31&amp;Remark=EXCERPT','msnreporter.png','0'),(49,'N4G','http://www.n4g.com/tips.aspx?url=PERMALINK&amp;title=TITLE','n4g.png','0'),(50,'Netvibes','http://www.netvibes.com/share?title=TITLE&amp;url=PERMALINK','netvibes.png','0'),(51,'NewsVine','http://www.newsvine.com/_tools/seed&amp;save?u=PERMALINK&amp;h=TITLE','newsvine.png','0'),(52,'Netvouz','http://www.netvouz.com/action/submitBookmark?url=PERMALINK&amp;title=TITLE&amp;popup=no','netvouz.png','0'),(53,'NuJIJ','http://nujij.nl/jij.lynkx?t=TITLE&amp;u=PERMALINK&amp;b=EXCERPT','nujij.png','0'),(54,'Ping.fm','http://ping.fm/ref/?link=PERMALINK&amp;title=TITLE&amp;body=EXCERPT','ping.png','0'),(55,'Posterous','http://posterous.com/share?linkto=PERMALINK&amp;title=TITLE&amp;selection=EXCERPT','posterous.png','0'),(56,'PDF','http://www.printfriendly.com/print?url=PERMALINK&amp;partner=sociable','pdf.png','0'),(57,'Print','http://www.printfriendly.com/print?url=PERMALINK&amp;partner=sociable','printfriendly.png','0'),(58,'Propeller','http://www.propeller.com/submit/?url=PERMALINK','propeller.png','0'),(59,'Ratimarks','http://ratimarks.org/bookmarks.php/?action=add&address=PERMALINK&amp;title=TITLE','ratimarks.png','0'),(60,'Rec6','http://rec6.via6.com/link.php?url=PERMALINK&amp;=TITLE','rec6.png','0'),(61,'Reddit','http://reddit.com/submit?url=PERMALINK&amp;title=TITLE','reddit.png','0'),(62,'RSS','FEEDLINK','rss.png','0'),(63,'Scoopeo','http://www.scoopeo.com/scoop/new?newurl=PERMALINK&amp;title=TITLE','scoopeo.png','0'),(64,'Segnalo','http://segnalo.alice.it/post.html.php?url=PERMALINK&amp;title=TITLE','segnalo.png','0'),(65,'Simpy','http://www.simpy.com/simpy/LinkAdd.do?href=PERMALINK&amp;title=TITLE','simpy.png','0'),(66,'Slashdot','http://slashdot.org/bookmark.pl?title=TITLE&amp;url=PERMALINK','slashdot.png','0'),(67,'Socialogs','http://socialogs.com/add_story.php?story_url=PERMALINK&amp;story_title=TITLE','socialogs.png','0'),(68,'SphereIt','http://www.sphere.com/search?q=sphereit:PERMALINK&amp;title=TITLE','sphere.png','0'),(69,'Sphinn','http://sphinn.com/index.php?c=post&amp;m=submit&amp;link=PERMALINK','sphinn.png','0'),(70,'StumbleUpon','http://www.stumbleupon.com/submit?url=PERMALINK&amp;title=TITLE','stumbleupon.png','0'),(71,'Techmeme','http://twitter.com/home/?status=tip%20@Techmeme%20PERMALINK%20TITLE','techmeme.png','0'),(72,'Technorati','http://technorati.com/faves?add=PERMALINK','technorati.png','1'),(73,'ThisNext','http://www.thisnext.com/pick/new/submit/sociable/?url=PERMALINK&amp;name=TITLE','thisnext.png','0'),(74,'Tipd','http://tipd.com/submit.php?url=PERMALINK','tipd.png','0'),(75,'Tumblr','http://www.tumblr.com/share?v=3&amp;u=PERMALINK&amp;t=TITLE&amp;s=EXCERPT','tumblr.png','0'),(76,'Twitter','http://twitter.com/home?status=TITLE%20-%20PERMALINK','twitter.png','1'),(77,'Upnews','http://www.upnews.it/submit?url=PERMALINK&amp;title=TITLE','upnews.png','0'),(78,'Webnews.de','http://www.webnews.de/einstellen?url=PERMALINK&amp;title=TITLE','webnews.png','0'),(79,'Webride','http://webride.org/discuss/split.php?uri=PERMALINK&amp;title=TITLE','webride.png','0'),(80,'Wikio','http://www.wikio.com/vote?url=PERMALINK','wikio.png','0'),(81,'Wikio FR','http://www.wikio.fr/vote?url=PERMALINK','wikio.png','0'),(82,'Wikio IT','http://www.wikio.it/vote?url=PERMALINK','wikio.png','0'),(83,'Wists','http://wists.com/s.php?c=&amp;r=PERMALINK&amp;title=TITLE','wists.png','0'),(84,'Wykop','http://www.wykop.pl/dodaj?url=PERMALINK','wykop.png','0'),(85,'Xerpi','http://www.xerpi.com/block/add_link_from_extension?url=PERMALINK&amp;title=TITLE','xerpi.png','0'),(86,'YahooBuzz','http://buzz.yahoo.com/submit/?submitUrl=PERMALINK&amp;submitHeadline=TITLE&amp;submitSummary=EXCERPT&amp;submitCategory=science&amp;submitAssetType=text','yahoobuzz.png','0'),(87,'Yahoo! Bookmarks','http://bookmarks.yahoo.com/toolbar/savebm?u=PERMALINK&amp;t=TITLE&opener=bm&amp;ei=UTF-8&amp;d=EXCERPT','yahoomyweb.png','0'),(88,'Yigg','http://yigg.de/neu?exturl=PERMALINK&amp;exttitle=TITLE','yiggit.png','0'),(89,'Blogplay','http://blogplay.com','blogplay.png','0');

--
-- Table structure for table `idx_pl_twitter_account`
--

CREATE TABLE `idx_pl_twitter_account` (
  `ck` varchar(255) character set utf8 default NULL,
  `cs` varchar(255) character set utf8 default NULL,
  `at` varchar(255) character set utf8 default NULL,
  `ats` varchar(255) character set utf8 default NULL
) ENGINE=MyISAM DEFAULT CHARSET=latin1;

--
-- Dumping data for table `idx_pl_twitter_account`
--

INSERT INTO `idx_pl_twitter_account` VALUES ('jqyfcHl8i2Vz7nT0KAtPfQ','CKjtUHH8r0vquDcqjG57vGwk0yOSriufA0QKbAn4','https://api.twitter.com/oauth/authorize','https://api.twitter.com/oauth/access_token');

--
-- Table structure for table `idx_plugin`
--

CREATE TABLE `idx_plugin` (
  `plugin_id` int(11) NOT NULL auto_increment,
  `name` varchar(255) default NULL,
  `plugin_file` varchar(255) default NULL,
  `status` enum('0','1') default NULL,
  `option_plugin` text,
  PRIMARY KEY  (`plugin_id`)
) ENGINE=MyISAM AUTO_INCREMENT=3 DEFAULT CHARSET=latin1;

--
-- Dumping data for table `idx_plugin`
--

INSERT INTO `idx_plugin` VALUES (1,'AutoTweet','twitter_auto_tweet/twitter_auto_tweet.php','1',NULL),(2,'Sociable','sociable/sociable.php','1',NULL);

--
-- Table structure for table `idx_review`
--

CREATE TABLE `idx_review` (
  `review_id` mediumint(9) unsigned NOT NULL auto_increment,
  `link_id` mediumint(9) unsigned NOT NULL default '0',
  `review` text NOT NULL,
  `rating` tinyint(3) unsigned NOT NULL default '0',
  `date` date NOT NULL default '0000-00-00',
  `subject` varchar(100) default NULL,
  `status` char(1) default NULL,
  `username` varchar(20) default NULL,
  `name` varchar(20) default NULL,
  `email` varchar(100) default NULL,
  PRIMARY KEY  (`review_id`)
) ENGINE=MyISAM DEFAULT CHARSET=latin1;

--
-- Dumping data for table `idx_review`
--


--
-- Table structure for table `idx_searchlog`
--

CREATE TABLE `idx_searchlog` (
  `keyword` varchar(100) NOT NULL default '',
  `time` datetime NOT NULL default '0000-00-00 00:00:00',
  `result` mediumint(9) unsigned default NULL,
  `ip` varchar(100) default NULL
) ENGINE=MyISAM DEFAULT CHARSET=latin1;

--
-- Dumping data for table `idx_searchlog`
--

INSERT INTO `idx_searchlog` VALUES ('Chrome Rims','2011-07-06 16:35:30',0,'203.92.47.195'),('www.bankruptcylawyer.com','2011-07-15 11:50:08',0,'203.92.47.195'),('www.thanh39.com','2011-07-21 11:42:35',0,'203.92.47.195'),('atomic housekeeping','2011-11-05 17:35:20',0,'71.231.187.211'),('sinussurgerylosangeles.com','2011-12-02 16:33:55',1,'203.92.47.195'),('Lordandkobrin.com','2012-01-11 00:27:24',1,'203.92.47.195'),('farnhaminsurance.com','2012-02-06 06:50:40',1,'203.92.47.195'),('farnhaminsurance.com','2012-02-06 06:51:48',1,'203.92.47.195');

--
-- Table structure for table `idx_set_hook_place`
--

CREATE TABLE `idx_set_hook_place` (
  `set_hook_place_id` int(11) NOT NULL auto_increment,
  `plugin` varchar(255) default NULL,
  `set_hook_place` text,
  PRIMARY KEY  (`set_hook_place_id`)
) ENGINE=MyISAM DEFAULT CHARSET=latin1;

--
-- Dumping data for table `idx_set_hook_place`
--


--
-- Table structure for table `idx_setting`
--

CREATE TABLE `idx_setting` (
  `setting_id` int(11) NOT NULL auto_increment,
  `setting_name` varchar(255) default NULL,
  `setting_value` text,
  PRIMARY KEY  (`setting_id`)
) ENGINE=MyISAM AUTO_INCREMENT=55 DEFAULT CHARSET=latin1;

--
-- Dumping data for table `idx_setting`
--

INSERT INTO `idx_setting` VALUES (4,'site_name','EDIRECTORI.NET'),(5,'site_url','http://edirectori.net'),(6,'email_address','rebollo85@hotmail.com'),(7,'language_code','en_US'),(8,'theme_path','/home/edirecto/public_html/themes/'),(9,'admin_template_path','/home/edirecto/public_html/admin_tpl/'),(10,'plugin_path','/home/edirecto/public_html/plugin/'),(12,'active_theme','electronix'),(14,'spam_proof','1'),(15,'enable_user_validation','1'),(16,'allowed_file_extension','gif,jpg,png,pdf,zip,doc'),(17,'yahoo_appid',''),(18,'whosonline','600'),(19,'reciprocal_check','0'),(20,'urlcheck_limit','1'),(21,'pagerank_cache','30'),(22,'max_image_width','1024'),(23,'max_image_height','756'),(24,'max_file_size','500'),(25,'only_registered_can_add_link','0'),(26,'only_registered_can_add_review','0'),(27,'db_use_persistent','0'),(28,'paid_link_day_period','30,60,90,180'),(29,'paid_link_price_factor','1,1.5,2,3'),(30,'enable_html_tag','1'),(31,'allowed_html_tag','<b>,<strong>,<i>,<em>,<u>,<pre>,<blockquote>,<ol>,<ul>,<li>,<p>,<span>,<div>,<table>,<tr>,<td>'),(32,'enable_page_compression','0'),(33,'enable_category_ajax','1'),(34,'require_visit_category','0'),(35,'additional_category_price','0.5'),(36,'enable_rating_ajax','1'),(37,'service_nicecoder_avail','1'),(38,'enable_recaptcha','0'),(39,'recaptcha_publickey',''),(40,'recaptcha_privatekey',''),(41,'enable_bidding','0'),(42,'minimum_bid','5'),(43,'bid_increament','1'),(44,'charset','utf-8'),(45,'mailer','mail'),(46,'smtp_auth','0'),(47,'smtp_host',''),(48,'smtp_username',''),(49,'smtp_password',''),(50,'smtp_port','25'),(51,'emailbody_as_html','0'),(52,'indexu_version','2.4'),(53,'tos',''),(54,'submission_guidelines','');

--
-- Table structure for table `idx_tags`
--

CREATE TABLE `idx_tags` (
  `tag` varchar(64) NOT NULL default '',
  `category_id` mediumint(8) unsigned NOT NULL default '0',
  `total` int(11) NOT NULL default '0',
  `tag_path` varchar(64) NOT NULL,
  PRIMARY KEY  (`tag`,`category_id`)
) ENGINE=MyISAM DEFAULT CHARSET=latin1;

--
-- Dumping data for table `idx_tags`
--


--
-- Table structure for table `idx_unavailable`
--

CREATE TABLE `idx_unavailable` (
  `idx_unavailable` int(11) NOT NULL auto_increment,
  `link_id` int(11) default NULL,
  `url` varchar(255) default NULL,
  `who_is` varchar(255) default NULL,
  `note` text,
  `date` datetime default NULL,
  PRIMARY KEY  (`idx_unavailable`)
) ENGINE=MyISAM DEFAULT CHARSET=latin1;

--
-- Dumping data for table `idx_unavailable`
--


--
-- Table structure for table `idx_unavailable_latest`
--

CREATE TABLE `idx_unavailable_latest` (
  `idx_link` int(11) default NULL,
  `record_execution` int(11) default NULL
) ENGINE=MyISAM DEFAULT CHARSET=latin1;

--
-- Dumping data for table `idx_unavailable_latest`
--


--
-- Table structure for table `idx_votes`
--

CREATE TABLE `idx_votes` (
  `link_id` mediumint(9) NOT NULL default '0',
  `ip` varchar(100) default NULL,
  `value` tinyint(4) default NULL
) ENGINE=MyISAM DEFAULT CHARSET=latin1;

--
-- Dumping data for table `idx_votes`
--



