--
-- Host: favoritedirectori.com    Database: favorit_indexu
-- ------------------------------------------------------


--
-- Not dumping tablespaces as no INFORMATION_SCHEMA.FILES table on this server
--

--
-- Table structure for table `directory_save_data`
--

CREATE TABLE `directory_save_data` (
  `id` bigint(100) NOT NULL auto_increment,
  `schedule_id` bigint(100) NOT NULL,
  `project_id` bigint(100) NOT NULL,
  `link_id` bigint(100) NOT NULL,
  `confirm_link` text NOT NULL,
  `category_id` int(10) NOT NULL,
  `category_name` varchar(150) NOT NULL,
  PRIMARY KEY  (`id`)
) ENGINE=InnoDB DEFAULT CHARSET=latin1;

--
-- Dumping data for table `directory_save_data`
--


--
-- Table structure for table `idx_admin_menu`
--

CREATE TABLE `idx_admin_menu` (
  `menu_id` int(11) NOT NULL auto_increment,
  `parent_id` int(11) default NULL,
  `menu_title` varchar(255) default NULL,
  `menu_url` varchar(255) default NULL,
  `order_number` int(11) default NULL,
  PRIMARY KEY  (`menu_id`)
) ENGINE=MyISAM AUTO_INCREMENT=85 DEFAULT CHARSET=latin1;

--
-- Dumping data for table `idx_admin_menu`
--



--
-- Table structure for table `idx_bad_link`
--

CREATE TABLE `idx_bad_link` (
  `bad_link_id` mediumint(9) unsigned NOT NULL auto_increment,
  `link_id` mediumint(9) unsigned NOT NULL default '0',
  `name` varchar(50) NOT NULL default '',
  `email` varchar(50) NOT NULL default '',
  `type` tinyint(3) unsigned NOT NULL default '0',
  `date` date NOT NULL default '0000-00-00',
  PRIMARY KEY  (`bad_link_id`)
) ENGINE=MyISAM DEFAULT CHARSET=latin1;

--
-- Dumping data for table `idx_bad_link`
--


--
-- Table structure for table `idx_badwords`
--

CREATE TABLE `idx_badwords` (
  `word` varchar(100) NOT NULL default ''
) ENGINE=MyISAM DEFAULT CHARSET=latin1;

--
-- Dumping data for table `idx_badwords`
--


--
-- Table structure for table `idx_blocked_domain`
--

CREATE TABLE `idx_blocked_domain` (
  `blocked_id` int(11) NOT NULL auto_increment,
  `blocked` varchar(255) default NULL,
  `type` enum('domain','ip') default NULL,
  PRIMARY KEY  (`blocked_id`)
) ENGINE=MyISAM AUTO_INCREMENT=6 DEFAULT CHARSET=latin1;

--
-- Dumping data for table `idx_blocked_domain`
--

INSERT INTO `idx_blocked_domain` VALUES (1,'buydomains.com','domain'),(2,'this-domain-for-sale.com ','domain'),(3,'oversee.net','domain'),(4,'eNom','domain'),(5,'sedoparking.com','domain');

--
-- Table structure for table `idx_category`
--

CREATE TABLE `idx_category` (
  `category_id` mediumint(9) unsigned NOT NULL auto_increment,
  `parent_id` mediumint(9) unsigned NOT NULL default '0',
  `name` varchar(100) NOT NULL default '',
  `description` text NOT NULL,
  `image` varchar(100) default NULL,
  `content` text,
  `visible` char(1) default NULL,
  `links` mediumint(9) default NULL,
  `meta_keyword` text,
  `meta_description` text,
  `permission` char(2) default NULL,
  `registered_only` char(1) default NULL,
  `header` text NOT NULL,
  `footer` text NOT NULL,
  `related` mediumint(6) NOT NULL default '0',
  `page_title` varchar(200) NOT NULL default '',
  `hits` int(11) NOT NULL default '0',
  `order_num` smallint(6) NOT NULL default '0',
  `basic_price` double unsigned NOT NULL default '0',
  `premium_price` double unsigned NOT NULL default '0',
  `sponsored_price` double unsigned NOT NULL default '0',
  PRIMARY KEY  (`category_id`)
) ENGINE=MyISAM AUTO_INCREMENT=36 DEFAULT CHARSET=latin1;

--
-- Dumping data for table `idx_category`
--

INSERT INTO `idx_category` VALUES (1,0,'Arts Gallery & Entertainment','','folder.gif','','1',8,'','','1','0','','',0,'',0,0,0,0,0),(2,0,'Automobiles','','folder.gif','','1',22,'','','1','0','','',0,'',0,0,0,0,0),(3,0,'Business & Investment','','folder.gif','','1',55,'','','1','0','','',0,'',0,0,0,0,0),(4,0,'Careers & Recruitment','','folder.gif','','1',1,'','','1','0','','',0,'',0,0,0,0,0),(5,0,'Clothing & Designers','','folder.gif','','1',6,'','','1','0','','',0,'',0,0,0,0,0),(6,0,'Mass Communications','','folder.gif','','1',11,'','','1','0','','',0,'',0,0,0,0,0),(7,0,'Computers & IT','','folder.gif','','1',11,'','','1','0','','',0,'',0,0,0,0,0),(8,0,'Construction Services','','folder.gif','','1',50,'','','1','0','','',0,'',0,0,0,0,0),(9,0,'Dental Health','','folder.gif','','1',21,'','','1','0','','',0,'',0,0,0,0,0),(10,0,'Education & Training','','folder.gif','','1',9,'','','1','0','','',0,'',0,0,0,0,0),(11,0,'Gifts & Novelties','','folder.gif','','1',7,'','','1','0','','',0,'',0,0,0,0,0),(12,0,'Software & Hardware','','folder.gif','','1',2,'','','1','0','','',0,'',0,0,0,0,0),(13,0,'Health Services','','folder.gif','','1',0,'','','1','0','','',0,'',0,0,0,0,0),(14,0,'Healthcare Industry','','folder.gif','','1',83,'','','1','0','','',0,'',0,0,0,0,0),(15,0,'Air Conditioning, Heating & Ventilating','','folder.gif','','1',29,'','','1','0','','',0,'',0,0,0,0,0),(16,0,'Family ,Home & Garden','','folder.gif','','1',0,'','','1','0','','',0,'',0,0,0,0,0),(17,0,'Employment & Recruitment','','folder.gif','','1',1,'','','1','0','','',0,'',0,0,0,0,0),(18,0,'Home Improvement & Interiors','','folder.gif','','1',262,'','','1','0','','',0,'',0,0,0,0,0),(19,0,'Hotels & Restaurants','','folder.gif','','1',18,'','','1','0','','',0,'',0,0,0,0,0),(20,0,'Insurance Agents and Companies','','folder.gif','','1',22,'','','1','0','','',0,'',0,0,0,0,0),(21,0,'Law & Legal Services','','folder.gif','','1',0,'','','1','0','','',0,'',0,0,0,0,0),(22,0,'Lawyers & Legal Consultants','','folder.gif','','1',105,'','','1','0','','',0,'',0,0,0,0,0),(23,0,'Lifestyle, Society & People  ','','folder.gif','','1',1,'','','1','0','','',0,'',0,0,0,0,0),(24,0,'Medicine & Medical Services','','folder.gif','','1',4,'','','1','0','','',0,'',0,0,0,0,0),(25,0,'Finance and Money','','folder.gif','','1',9,'','','1','0','','',0,'',0,0,0,0,0),(26,0,'News & Journals','','folder.gif','','1',1,'','','1','0','','',0,'',0,0,0,0,0),(27,0,'Plumbing & Fitting ','','folder.gif','','1',33,'','','1','0','','',0,'',0,0,0,0,0),(28,0,'Real Estate & Agents ','','folder.gif','','1',17,'','','1','0','','',0,'',0,0,0,0,0),(29,0,'Environment & Technology','','folder.gif','','1',7,'','','1','0','','',0,'',0,0,0,0,0),(30,0,'SEO & SMO Marketing','','folder.gif','','1',15,'','','1','0','','',0,'',0,0,0,0,0),(31,0,'Online Shopping','','folder.gif','','1',24,'','','1','0','','',0,'',0,0,0,0,0),(32,0,'Sports','','folder.gif','','1',0,'','','1','0','','',0,'',0,0,0,0,0),(33,0,'Transportation and Logistics Services','','folder.gif','','1',27,'','','1','0','','',0,'',0,0,0,0,0),(34,0,'Tours & Travel','','folder.gif','','1',8,'','','1','0','','',0,'',0,0,0,0,0),(35,0,'Wedding & Jewellery','','folder.gif','','1',6,'','','1','0','','',0,'',0,0,0,0,0);

--
-- Table structure for table `idx_category_path`
--

CREATE TABLE `idx_category_path` (
  `category_id` mediumint(9) NOT NULL default '0',
  `path` text,
  `path_with_url` text,
  `parents` text,
  PRIMARY KEY  (`category_id`)
) ENGINE=MyISAM DEFAULT CHARSET=latin1;

--
-- Dumping data for table `idx_category_path`
--

INSERT INTO `idx_category_path` VALUES (1,'Arts Gallery & Entertainment','<a href=\"http://favoritedirectori.com/arts-gallery-entertainment/\" name=\"cat_1\" style=\"\">Arts Gallery & Entertainment</a>',';0;'),(2,'Automobiles','<a href=\"http://favoritedirectori.com/automobiles/\" name=\"cat_2\" style=\"\">Automobiles</a>',';0;'),(3,'Business & Investment','<a href=\"http://favoritedirectori.com/business-investment/\" name=\"cat_3\" style=\"\">Business & Investment</a>',';0;'),(4,'Careers & Recruitment','<a href=\"http://favoritedirectori.com/careers-recruitment/\" name=\"cat_4\" style=\"\">Careers & Recruitment</a>',';0;'),(5,'Clothing & Designers','<a href=\"http://favoritedirectori.com/clothing-designers/\" name=\"cat_5\" style=\"\">Clothing & Designers</a>',';0;'),(6,'Mass Communications','<a href=\"http://favoritedirectori.com/mass-communications/\" name=\"cat_6\" style=\"\">Mass Communications</a>',';0;'),(7,'Computers & IT','<a href=\"http://favoritedirectori.com/computers-it/\" name=\"cat_7\" style=\"\">Computers & IT</a>',';0;'),(8,'Construction Services','<a href=\"http://favoritedirectori.com/construction-services/\" name=\"cat_8\" style=\"\">Construction Services</a>',';0;'),(9,'Dental Health','<a href=\"http://favoritedirectori.com/dental-health/\" name=\"cat_9\" style=\"\">Dental Health</a>',';0;'),(10,'Education & Training','<a href=\"http://favoritedirectori.com/education-training/\" name=\"cat_10\" style=\"\">Education & Training</a>',';0;'),(11,'Gifts & Novelties','<a href=\"http://favoritedirectori.com/gifts-novelties/\" name=\"cat_11\" style=\"\">Gifts & Novelties</a>',';0;'),(12,'Software & Hardware','<a href=\"http://favoritedirectori.com/software-hardware/\" name=\"cat_12\" style=\"\">Software & Hardware</a>',';0;'),(13,'Health Services','<a href=\"http://favoritedirectori.com/health-services/\" name=\"cat_13\" style=\"\">Health Services</a>',';0;'),(14,'Healthcare Industry','<a href=\"http://favoritedirectori.com/healthcare-industry/\" name=\"cat_14\" style=\"\">Healthcare Industry</a>',';0;'),(15,'Air Conditioning, Heating & Ventilating','<a href=\"http://favoritedirectori.com/air-conditioning-heating-ventilating/\" name=\"cat_15\" style=\"\">Air Conditioning, Heating & Ventilating</a>',';0;'),(16,'Family ,Home & Garden','<a href=\"http://favoritedirectori.com/family-home-garden/\" name=\"cat_16\" style=\"\">Family ,Home & Garden</a>',';0;'),(17,'Employment & Recruitment','<a href=\"http://favoritedirectori.com/employment-recruitment/\" name=\"cat_17\" style=\"\">Employment & Recruitment</a>',';0;'),(18,'Home Improvement & Interiors','<a href=\"http://favoritedirectori.com/home-improvement-interiors/\" name=\"cat_18\" style=\"\">Home Improvement & Interiors</a>',';0;'),(19,'Hotels & Restaurants','<a href=\"http://favoritedirectori.com/hotels-restaurants/\" name=\"cat_19\" style=\"\">Hotels & Restaurants</a>',';0;'),(20,'Insurance Agents and Companies','<a href=\"http://favoritedirectori.com/insurance-agents-and-companies/\" name=\"cat_20\" style=\"\">Insurance Agents and Companies</a>',';0;'),(21,'Law & Legal Services','<a href=\"http://favoritedirectori.com/law-legal-services/\" name=\"cat_21\" style=\"\">Law & Legal Services</a>',';0;'),(22,'Lawyers & Legal Consultants','<a href=\"http://favoritedirectori.com/lawyers-legal-consultants/\" name=\"cat_22\" style=\"\">Lawyers & Legal Consultants</a>',';0;'),(23,'Lifestyle, Society & People  ','<a href=\"http://favoritedirectori.com/lifestyle-society-people/\" name=\"cat_23\" style=\"\">Lifestyle, Society & People  </a>',';0;'),(24,'Medicine & Medical Services','<a href=\"http://favoritedirectori.com/medicine-medical-services/\" name=\"cat_24\" style=\"\">Medicine & Medical Services</a>',';0;'),(25,'Finance and Money','<a href=\"http://favoritedirectori.com/finance-and-money/\" name=\"cat_25\" style=\"\">Finance and Money</a>',';0;'),(26,'News & Journals','<a href=\"http://favoritedirectori.com/news-journals/\" name=\"cat_26\" style=\"\">News & Journals</a>',';0;'),(27,'Plumbing & Fitting ','<a href=\"http://favoritedirectori.com/plumbing-fitting/\" name=\"cat_27\" style=\"\">Plumbing & Fitting </a>',';0;'),(28,'Real Estate & Agents ','<a href=\"http://favoritedirectori.com/real-estate-agents/\" name=\"cat_28\" style=\"\">Real Estate & Agents </a>',';0;'),(29,'Environment & Technology','<a href=\"http://favoritedirectori.com/environment-technology/\" name=\"cat_29\" style=\"\">Environment & Technology</a>',';0;'),(30,'SEO & SMO Marketing','<a href=\"http://favoritedirectori.com/seo-smo-marketing/\" name=\"cat_30\" style=\"\">SEO & SMO Marketing</a>',';0;'),(31,'Online Shopping','<a href=\"http://favoritedirectori.com/online-shopping/\" name=\"cat_31\" style=\"\">Online Shopping</a>',';0;'),(32,'Sports','<a href=\"http://favoritedirectori.com/sports/\" name=\"cat_32\" style=\"\">Sports</a>',';0;'),(33,'Transportation and Logistics Services','<a href=\"http://favoritedirectori.com/transportation-and-logistics-services/\" name=\"cat_33\" style=\"\">Transportation and Logistics Services</a>',';0;'),(34,'Tours & Travel','<a href=\"http://favoritedirectori.com/tours-travel/\" name=\"cat_34\" style=\"\">Tours & Travel</a>',';0;'),(35,'Wedding & Jewellery','<a href=\"http://favoritedirectori.com/wedding-jewellery/\" name=\"cat_35\" style=\"\">Wedding & Jewellery</a>',';0;');

--
-- Table structure for table `idx_category_suggession`
--

CREATE TABLE `idx_category_suggession` (
  `id_cat_suggession` int(11) NOT NULL auto_increment,
  `parent_id` int(11) default NULL,
  `name` varchar(255) default NULL,
  `category_description` text,
  `date` datetime default NULL,
  PRIMARY KEY  (`id_cat_suggession`)
) ENGINE=MyISAM DEFAULT CHARSET=latin1;

--
-- Dumping data for table `idx_category_suggession`
--


--
-- Table structure for table `idx_checkurl`
--

CREATE TABLE `idx_checkurl` (
  `link_id` mediumint(9) NOT NULL default '0',
  `date` date NOT NULL default '0000-00-00',
  `live` char(1) NOT NULL default '',
  `reciprocal_found` char(1) NOT NULL default '',
  PRIMARY KEY  (`link_id`)
) ENGINE=MyISAM DEFAULT CHARSET=latin1;

--
-- Dumping data for table `idx_checkurl`
--


--
-- Table structure for table `idx_cronjobs`
--

CREATE TABLE `idx_cronjobs` (
  `cronjobs_id` int(11) NOT NULL auto_increment,
  `cronjobs_name` varchar(255) default NULL,
  `filename` varchar(255) NOT NULL,
  `schedule` varchar(255) NOT NULL,
  `time` datetime NOT NULL,
  `execution` varchar(1) NOT NULL,
  PRIMARY KEY  (`cronjobs_id`)
) ENGINE=MyISAM AUTO_INCREMENT=4 DEFAULT CHARSET=latin1;

--
-- Dumping data for table `idx_cronjobs`
--

INSERT INTO `idx_cronjobs` VALUES (1,NULL,'clear_templates_c.php','1,*,*,*,*','0000-00-00 00:00:00',''),(2,NULL,'update_tag_cloud.php','*,24,*,*,*','0000-00-00 00:00:00',''),(3,NULL,'clear_rss_cache.php','*,24,*,*,*','0000-00-00 00:00:00','');

--
-- Table structure for table `idx_custom_field`
--

CREATE TABLE `idx_custom_field` (
  `field_name` varchar(32) NOT NULL default '',
  `field_text` varchar(64) NOT NULL default '',
  `field_type` enum('TEXT','TEXTAREA','SELECT','MULTISELECT','CHECKBOX','RADIO','FILE','IMAGE','DATE','DATETIME','RICHEDITOR') NOT NULL default 'TEXT',
  `field_option` text NOT NULL,
  `field_img_width` int(10) unsigned NOT NULL default '0',
  `field_img_height` int(10) unsigned NOT NULL default '0',
  `field_file_size` int(10) unsigned NOT NULL default '0',
  `field_file_extension` varchar(64) NOT NULL default '',
  `required` char(1) NOT NULL default '0',
  `searchable` char(1) NOT NULL default '1',
  `permission` char(1) NOT NULL default '0'
) ENGINE=MyISAM DEFAULT CHARSET=latin1;

--
-- Dumping data for table `idx_custom_field`
--

INSERT INTO `idx_custom_field` VALUES ('image','Image','IMAGE','',0,0,0,'','0','0','2'),('address','Address','TEXT','',0,0,0,'','0','0','0'),('city','City','TEXT','',0,0,0,'','0','0','0'),('state','State','TEXT','',0,0,0,'','0','0','0'),('country','Country','TEXT','',0,0,0,'','0','0','0'),('zip','Zip','TEXT','',0,0,0,'','0','0','0'),('phone','Phone','TEXT','',0,0,0,'','0','0','0'),('fax','Fax','TEXT','',0,0,0,'','0','0','0');

--
-- Table structure for table `idx_default_field`
--

CREATE TABLE `idx_default_field` (
  `field_name` varchar(64) NOT NULL,
  `required` char(1) NOT NULL,
  `visible` char(1) NOT NULL default '1',
  `searchable` char(1) NOT NULL default '1'
) ENGINE=MyISAM DEFAULT CHARSET=latin1;

--
-- Dumping data for table `idx_default_field`
--

INSERT INTO `idx_default_field` VALUES ('title','1','1','1'),('url','1','1','1'),('description','1','1','1'),('keywords','1','1','0'),('contact_name','1','1','1'),('email','1','1','1'),('reciprocal_url','0','0','1');

--
-- Table structure for table `idx_discount_coupon`
--

CREATE TABLE `idx_discount_coupon` (
  `coupon_id` int(11) NOT NULL auto_increment,
  `coupon_code` varchar(255) default NULL,
  `coupon_value` varchar(50) default NULL,
  `link_type` varchar(255) default NULL,
  `start_date` date default NULL,
  `expired_date` date default NULL,
  `expired_usage` int(11) default NULL,
  `usage_count` int(11) default NULL,
  PRIMARY KEY  (`coupon_id`)
) ENGINE=MyISAM DEFAULT CHARSET=latin1;

--
-- Dumping data for table `idx_discount_coupon`
--


--
-- Table structure for table `idx_editor`
--

CREATE TABLE `idx_editor` (
  `username` varchar(20) default NULL,
  `category_id` mediumint(9) default NULL,
  `category` char(1) default NULL,
  `link` char(1) default NULL,
  `review` char(1) default NULL,
  `pick` char(1) default NULL,
  `status` char(1) default NULL,
  `date` date default NULL
) ENGINE=MyISAM DEFAULT CHARSET=latin1;

--
-- Dumping data for table `idx_editor`
--


--
-- Table structure for table `idx_email_template`
--

CREATE TABLE `idx_email_template` (
  `email_template_id` int(10) unsigned NOT NULL auto_increment,
  `name` varchar(255) default NULL,
  `subject` varchar(255) default NULL,
  `body` text,
  `altbody` text,
  PRIMARY KEY  (`email_template_id`)
) ENGINE=MyISAM AUTO_INCREMENT=37 DEFAULT CHARSET=latin1;

--
-- Dumping data for table `idx_email_template`
--



--
-- Table structure for table `idx_favorites`
--

CREATE TABLE `idx_favorites` (
  `favorite_id` int(11) NOT NULL auto_increment,
  `username` varchar(20) default NULL,
  `date` date default NULL,
  `title` varchar(100) default NULL,
  `description` text,
  PRIMARY KEY  (`favorite_id`)
) ENGINE=MyISAM DEFAULT CHARSET=latin1;

--
-- Dumping data for table `idx_favorites`
--


--
-- Table structure for table `idx_favorites_detail`
--

CREATE TABLE `idx_favorites_detail` (
  `favorite_id` int(11) default NULL,
  `link_id` mediumint(9) default NULL
) ENGINE=MyISAM DEFAULT CHARSET=latin1;

--
-- Dumping data for table `idx_favorites_detail`
--


--
-- Table structure for table `idx_hook_place`
--

CREATE TABLE `idx_hook_place` (
  `hook_place_id` int(11) NOT NULL auto_increment,
  `filename` varchar(255) default NULL,
  `hookname` varchar(255) default NULL,
  PRIMARY KEY  (`hook_place_id`)
) ENGINE=MyISAM DEFAULT CHARSET=latin1;

--
-- Dumping data for table `idx_hook_place`
--


--
-- Table structure for table `idx_invoice`
--

CREATE TABLE `idx_invoice` (
  `invoice_id` varchar(10) NOT NULL default '',
  `invoice_date` date default NULL,
  `due_date` date default NULL,
  `invoiced_to` text,
  `service` varchar(255) default NULL,
  `description` text,
  `total` double(8,2) default NULL,
  `comment` text,
  `paid` char(1) default NULL,
  `paid_date` date default NULL,
  `email` varchar(255) default NULL,
  PRIMARY KEY  (`invoice_id`)
) ENGINE=MyISAM DEFAULT CHARSET=latin1;

--
-- Dumping data for table `idx_invoice`
--


--
-- Table structure for table `idx_invoice_config`
--

CREATE TABLE `idx_invoice_config` (
  `company` varchar(255) default NULL,
  `contact` varchar(255) default NULL,
  `address` text,
  `phone` varchar(255) default NULL,
  `email` varchar(255) default NULL,
  `currency_symbol` varchar(255) default '$',
  `currency_code` varchar(255) default 'USD'
) ENGINE=MyISAM DEFAULT CHARSET=latin1;

--
-- Dumping data for table `idx_invoice_config`
--

INSERT INTO `idx_invoice_config` VALUES ('Your website / Company','Billing Department','Your address','Your phone #','Billing<name@yourdomain.com>','$','USD');

--
-- Table structure for table `idx_link_temp`
--

CREATE TABLE `idx_link_temp` (
  `vid` mediumint(9) unsigned NOT NULL auto_increment,
  `spam` char(1) NOT NULL default '0',
  `link_id` mediumint(9) default NULL,
  `category_id` mediumint(9) unsigned NOT NULL default '0',
  `title` varchar(100) NOT NULL default '',
  `url` text NOT NULL,
  `description` text NOT NULL,
  `contact_name` varchar(100) NOT NULL default '',
  `email` varchar(100) NOT NULL default '',
  `hits` mediumint(9) default NULL,
  `votes` smallint(6) default NULL,
  `rating` float(4,2) default NULL,
  `date` datetime NOT NULL default '0000-00-00 00:00:00',
  `bid` smallint(6) NOT NULL default '0',
  `new` char(1) default NULL,
  `hot` char(1) default NULL,
  `top_rated` char(1) default NULL,
  `pick` char(1) default NULL,
  `password` varchar(20) default NULL,
  `updated` char(1) default NULL,
  `reviews` smallint(6) default NULL,
  `avg_review` float(4,2) default NULL,
  `last_updated` datetime default NULL,
  `official_review` text,
  `keywords` varchar(255) default NULL,
  `cat1` mediumint(6) NOT NULL default '0',
  `cat2` mediumint(6) NOT NULL default '0',
  `suspended` char(1) NOT NULL default '0',
  `reciprocal_url` varchar(255) default NULL,
  `address` varchar(255) default NULL,
  `city` varchar(255) default NULL,
  `state` varchar(255) default NULL,
  `country` varchar(255) default NULL,
  `zip` varchar(255) default NULL,
  `image` varchar(255) default NULL,
  `phone` varchar(255) default NULL,
  `fax` varchar(255) default NULL,
  PRIMARY KEY  (`vid`)
) ENGINE=MyISAM DEFAULT CHARSET=latin1;

--
-- Dumping data for table `idx_link_temp`
--


--
-- Table structure for table `idx_link_temp_user`
--

CREATE TABLE `idx_link_temp_user` (
  `vid` mediumint(9) unsigned NOT NULL default '0',
  `username` varchar(20) NOT NULL default '',
  PRIMARY KEY  (`vid`)
) ENGINE=MyISAM DEFAULT CHARSET=latin1;

--
-- Dumping data for table `idx_link_temp_user`
--


--
-- Table structure for table `idx_link_user`
--

CREATE TABLE `idx_link_user` (
  `link_id` mediumint(9) unsigned NOT NULL default '0',
  `username` varchar(20) NOT NULL default '',
  PRIMARY KEY  (`link_id`)
) ENGINE=MyISAM DEFAULT CHARSET=latin1;

--
-- Dumping data for table `idx_link_user`
--


--
-- Table structure for table `idx_mailing_list`
--

CREATE TABLE `idx_mailing_list` (
  `email` varchar(50) NOT NULL default '',
  `code` varchar(4) default NULL,
  `status` char(1) default NULL,
  PRIMARY KEY  (`email`)
) ENGINE=MyISAM DEFAULT CHARSET=latin1;

--
-- Dumping data for table `idx_mailing_list`
--


--
-- Table structure for table `idx_message`
--

CREATE TABLE `idx_message` (
  `message_id` smallint(6) NOT NULL auto_increment,
  `date` date default NULL,
  `body` text,
  `subject` varchar(100) default NULL,
  PRIMARY KEY  (`message_id`)
) ENGINE=MyISAM DEFAULT CHARSET=latin1;

--
-- Dumping data for table `idx_message`
--


--
-- Table structure for table `idx_notification`
--

CREATE TABLE `idx_notification` (
  `username` varchar(20) NOT NULL default '',
  `category_id` mediumint(9) NOT NULL default '0'
) ENGINE=MyISAM DEFAULT CHARSET=latin1;

--
-- Dumping data for table `idx_notification`
--


--
-- Table structure for table `idx_pagerank`
--

CREATE TABLE `idx_pagerank` (
  `link_id` mediumint(8) unsigned NOT NULL default '0',
  `engine` char(1) NOT NULL default '',
  `rank` tinyint(4) NOT NULL default '0',
  `last_update` date NOT NULL default '0000-00-00',
  PRIMARY KEY  (`link_id`,`engine`)
) ENGINE=MyISAM DEFAULT CHARSET=latin1;

--
-- Dumping data for table `idx_pagerank`
--

INSERT INTO `idx_pagerank` VALUES (8,'g',0,'2012-02-06'),(45,'g',0,'2012-02-06'),(77,'g',0,'2012-02-06'),(135,'g',0,'2012-02-06'),(157,'g',0,'2011-12-01'),(236,'g',0,'2011-12-01'),(241,'g',0,'2011-12-01'),(257,'g',0,'2011-12-01'),(176,'g',0,'2011-12-01'),(18,'g',0,'2012-02-06'),(1,'g',0,'2012-01-02'),(64,'g',0,'2012-01-02'),(34,'g',0,'2012-01-02'),(110,'g',0,'2012-01-02'),(107,'g',0,'2012-01-02'),(134,'g',0,'2012-01-02'),(240,'g',0,'2011-12-01'),(541,'g',0,'2011-12-04'),(330,'g',0,'2011-12-04'),(336,'g',0,'2011-12-04'),(325,'g',0,'2011-12-05'),(248,'g',0,'2011-12-05'),(209,'g',0,'2011-12-05'),(233,'g',0,'2011-12-05'),(155,'g',0,'2011-12-05'),(167,'g',0,'2011-12-05'),(321,'g',0,'2011-12-05'),(234,'g',0,'2011-12-05'),(137,'g',0,'2012-02-07'),(292,'g',0,'2011-12-05'),(450,'g',0,'2011-12-06'),(524,'g',0,'2011-12-06'),(417,'g',0,'2012-02-07'),(31,'g',0,'2012-02-07'),(439,'g',0,'2012-02-07'),(25,'g',0,'2012-02-07'),(49,'g',0,'2012-02-07'),(14,'g',0,'2012-02-07'),(12,'g',0,'2012-02-07'),(467,'g',0,'2011-12-06'),(67,'g',0,'2012-02-13'),(19,'g',0,'2012-02-13'),(15,'g',0,'2012-02-18'),(42,'g',0,'2012-02-18'),(405,'g',0,'2011-12-07'),(599,'g',0,'2011-12-07'),(621,'g',0,'2011-12-07'),(662,'g',0,'2011-12-07'),(142,'g',0,'2012-02-13'),(140,'g',0,'2012-02-13'),(68,'g',0,'2012-02-07'),(60,'g',0,'2011-12-07'),(96,'g',0,'2011-12-07'),(181,'g',0,'2011-12-07'),(371,'g',0,'2011-12-07'),(426,'g',0,'2011-12-07'),(434,'g',0,'2011-12-07'),(264,'g',0,'2011-12-07'),(4,'g',0,'2012-02-07'),(6,'g',0,'2012-02-07'),(3,'g',0,'2012-02-07'),(78,'g',0,'2012-02-07'),(5,'g',0,'2012-02-07'),(62,'g',0,'2012-02-07'),(59,'g',0,'2012-02-07'),(33,'g',0,'2012-02-07'),(37,'g',0,'2012-02-07'),(27,'g',0,'2012-02-07'),(421,'g',0,'2012-02-07'),(117,'g',0,'2012-02-07'),(105,'g',0,'2012-02-07'),(116,'g',0,'2012-02-07'),(32,'g',0,'2012-01-11'),(423,'g',0,'2012-01-11'),(447,'g',0,'2012-01-11'),(144,'g',0,'2012-01-11'),(230,'g',0,'2011-12-07'),(311,'g',0,'2012-02-07'),(312,'g',0,'2012-02-07'),(229,'g',0,'2011-12-07'),(228,'g',0,'2011-12-07'),(314,'g',0,'2012-02-07'),(231,'g',0,'2011-12-07'),(139,'g',0,'2012-02-07'),(227,'g',0,'2011-12-07'),(313,'g',0,'2012-02-07'),(7,'g',0,'2012-02-07'),(54,'g',0,'2012-02-07'),(73,'g',0,'2012-02-07'),(66,'g',0,'2012-02-07'),(35,'g',0,'2012-02-07'),(65,'g',0,'2012-02-07'),(50,'g',0,'2012-02-07'),(13,'g',0,'2012-02-07'),(56,'g',0,'2012-02-07'),(71,'g',0,'2012-02-07'),(86,'g',0,'2011-12-08'),(100,'g',0,'2011-12-08'),(113,'g',0,'2011-12-08'),(159,'g',0,'2011-12-08'),(109,'g',0,'2011-12-08'),(125,'g',0,'2011-12-08'),(102,'g',0,'2011-12-08'),(160,'g',0,'2011-12-08'),(133,'g',0,'2011-12-08'),(101,'g',0,'2011-12-08'),(83,'g',0,'2011-12-08'),(84,'g',0,'2011-12-08'),(76,'g',0,'2011-12-08'),(74,'g',0,'2011-12-08'),(156,'g',0,'2011-12-08'),(150,'g',0,'2011-12-08'),(114,'g',0,'2011-12-08'),(161,'g',0,'2011-12-08'),(124,'g',0,'2011-12-08'),(131,'g',0,'2011-12-08'),(87,'g',0,'2012-02-07'),(92,'g',0,'2012-02-07'),(20,'g',0,'2012-02-07'),(91,'g',0,'2012-02-07'),(90,'g',0,'2012-02-07'),(79,'g',0,'2011-12-08'),(99,'g',0,'2012-02-07'),(47,'g',0,'2012-02-07'),(126,'g',0,'2012-02-07'),(132,'g',0,'2012-02-07'),(575,'g',0,'2012-02-07'),(438,'g',0,'2012-02-07'),(343,'g',0,'2012-02-18'),(403,'g',0,'2011-12-11'),(294,'g',0,'2011-12-11'),(342,'g',0,'2012-02-13'),(127,'g',0,'2012-02-13'),(211,'g',0,'2011-12-11'),(10,'g',0,'2012-02-07'),(55,'g',0,'2012-02-07'),(30,'g',0,'2012-02-07'),(561,'g',0,'2011-12-11'),(616,'g',0,'2011-12-11'),(588,'g',0,'2011-12-11'),(572,'g',0,'2011-12-11'),(389,'g',0,'2011-12-11'),(600,'g',0,'2011-12-11'),(400,'g',0,'2011-12-11'),(351,'g',0,'2011-12-11'),(548,'g',0,'2011-12-11'),(542,'g',0,'2011-12-11'),(41,'g',0,'2011-12-11'),(85,'g',0,'2011-12-11'),(17,'g',0,'2011-12-11'),(63,'g',0,'2011-12-11'),(21,'g',0,'2011-12-11'),(43,'g',0,'2011-12-11'),(72,'g',0,'2011-12-11'),(81,'g',0,'2011-12-11'),(57,'g',0,'2011-12-11'),(121,'g',0,'2011-12-11'),(368,'g',0,'2011-12-11'),(369,'g',0,'2011-12-11'),(364,'g',0,'2011-12-11'),(409,'g',0,'2011-12-11'),(347,'g',0,'2011-12-11'),(370,'g',0,'2011-12-11'),(363,'g',0,'2011-12-11'),(410,'g',0,'2011-12-11'),(352,'g',0,'2011-12-11'),(153,'g',0,'2011-12-11'),(69,'g',0,'2011-12-12'),(61,'g',0,'2011-12-12'),(103,'g',0,'2011-12-12'),(138,'g',0,'2011-12-12'),(11,'g',0,'2011-12-13'),(698,'g',0,'2011-12-13'),(696,'g',0,'2011-12-13'),(433,'g',0,'2012-02-07'),(82,'g',0,'2011-12-13'),(26,'g',0,'2011-12-13'),(120,'g',0,'2011-12-13'),(440,'g',0,'2011-12-13'),(334,'g',0,'2011-12-13'),(335,'g',0,'2011-12-13'),(556,'g',0,'2011-12-13'),(437,'g',0,'2011-12-13'),(462,'g',0,'2011-12-13'),(401,'g',0,'2011-12-13'),(470,'g',0,'2011-12-13'),(427,'g',0,'2011-12-13'),(424,'g',0,'2011-12-13'),(51,'g',0,'2012-02-07'),(22,'g',0,'2012-02-07'),(40,'g',0,'2012-02-07'),(586,'g',0,'2012-02-07'),(565,'g',0,'2011-12-13'),(627,'g',0,'2011-12-13'),(603,'g',0,'2011-12-13'),(659,'g',0,'2011-12-13'),(598,'g',0,'2011-12-13'),(617,'g',0,'2011-12-13'),(558,'g',0,'2011-12-13'),(661,'g',0,'2011-12-13'),(580,'g',0,'2011-12-13'),(39,'g',0,'2012-02-07'),(365,'g',0,'2012-02-07'),(697,'g',0,'2011-12-13'),(583,'g',0,'2012-02-07'),(9,'g',0,'2012-02-07'),(578,'g',0,'2011-12-13'),(443,'g',0,'2012-01-25'),(432,'g',0,'2012-02-07'),(582,'g',0,'2011-12-13'),(104,'g',0,'2012-02-07'),(97,'g',0,'2012-01-25'),(128,'g',0,'2012-02-07'),(36,'g',0,'2012-02-07'),(48,'g',0,'2012-02-07'),(446,'g',0,'2012-02-07'),(594,'g',0,'2011-12-13'),(429,'g',0,'2012-02-07'),(75,'g',0,'2012-02-07'),(407,'g',0,'2012-02-07'),(44,'g',0,'2012-02-07'),(28,'g',0,'2012-02-07'),(425,'g',0,'2012-02-07'),(16,'g',0,'2012-02-07'),(2,'g',0,'2012-02-07'),(23,'g',0,'2012-02-07'),(80,'g',0,'2012-02-07'),(579,'g',0,'2012-02-07'),(591,'g',0,'2011-12-13'),(38,'g',0,'2012-02-07'),(315,'g',0,'2012-02-07'),(24,'g',0,'2012-02-07'),(46,'g',0,'2012-02-07'),(319,'g',0,'2012-02-07'),(436,'g',0,'2012-02-07'),(554,'g',0,'2012-01-25'),(322,'g',0,'2011-12-13'),(367,'g',0,'2011-12-13'),(338,'g',0,'2011-12-13'),(695,'g',0,'2011-12-13'),(328,'g',0,'2011-12-13'),(693,'g',0,'2011-12-13'),(684,'g',0,'2011-12-13'),(726,'g',0,'2011-12-13'),(719,'g',0,'2011-12-13'),(728,'g',0,'2011-12-13'),(717,'g',0,'2011-12-13'),(732,'g',0,'2011-12-13'),(714,'g',0,'2011-12-14'),(739,'g',0,'2011-12-14'),(712,'g',0,'2011-12-14'),(688,'g',0,'2011-12-14'),(98,'g',0,'2012-02-07'),(783,'g',0,'2011-12-14'),(776,'g',0,'2011-12-14'),(664,'g',0,'2011-12-14'),(333,'g',0,'2011-12-14'),(757,'g',0,'2011-12-15'),(755,'g',0,'2011-12-15'),(779,'g',0,'2011-12-15'),(734,'g',0,'2011-12-15'),(768,'g',0,'2011-12-15'),(744,'g',0,'2011-12-15'),(115,'g',0,'2012-02-07'),(88,'g',0,'2012-02-07'),(52,'g',0,'2012-02-07'),(573,'g',0,'2011-12-15'),(95,'g',0,'2012-02-07'),(316,'g',0,'2012-02-07'),(673,'g',0,'2011-12-15'),(727,'g',0,'2011-12-15'),(704,'g',0,'2011-12-15'),(546,'g',0,'2011-12-15'),(625,'g',0,'2011-12-15'),(89,'g',0,'2012-02-07'),(442,'g',0,'2012-02-07'),(123,'g',0,'2012-02-07'),(93,'g',0,'2012-02-07'),(689,'g',0,'2011-12-15'),(147,'g',0,'2012-02-07'),(94,'g',0,'2012-02-07'),(70,'g',0,'2012-02-07'),(53,'g',0,'2012-02-07'),(29,'g',0,'2012-02-07'),(737,'g',0,'2011-12-15'),(782,'g',0,'2012-02-07'),(700,'g',0,'2011-12-15'),(58,'g',0,'2012-02-07'),(130,'g',0,'2012-02-07'),(778,'g',0,'2012-02-18'),(780,'g',0,'2012-02-18'),(735,'g',0,'2011-12-15'),(108,'g',0,'2012-02-07'),(795,'g',0,'2012-02-18'),(799,'g',0,'2011-12-16'),(803,'g',0,'2011-12-16'),(752,'g',0,'2012-02-07'),(740,'g',0,'2011-12-16'),(787,'g',0,'2012-02-07'),(796,'g',0,'2012-03-06'),(775,'g',0,'2012-01-25'),(788,'g',0,'2012-03-06'),(789,'g',0,'2012-03-06'),(811,'g',0,'2012-03-06'),(766,'g',0,'2012-02-07'),(702,'g',0,'2011-12-16'),(741,'g',0,'2012-02-07'),(805,'g',0,'2012-02-07'),(777,'g',0,'2012-02-07'),(725,'g',0,'2011-12-16'),(815,'g',0,'2011-12-16'),(814,'g',0,'2011-12-17'),(604,'g',0,'2011-12-17'),(610,'g',0,'2012-02-07'),(785,'g',0,'2012-02-07'),(738,'g',0,'2011-12-17'),(357,'g',0,'2012-02-07'),(753,'g',0,'2012-02-07'),(794,'g',0,'2012-02-07'),(713,'g',0,'2011-12-18'),(658,'g',0,'2011-12-18'),(510,'g',0,'2011-12-19'),(509,'g',0,'2011-12-19'),(504,'g',0,'2011-12-19'),(512,'g',0,'2011-12-19'),(511,'g',0,'2011-12-19'),(501,'g',0,'2011-12-19'),(502,'g',0,'2011-12-19'),(508,'g',0,'2011-12-19'),(503,'g',0,'2011-12-19'),(513,'g',0,'2011-12-19'),(149,'g',0,'2011-12-19'),(119,'g',0,'2011-12-19'),(151,'g',0,'2011-12-19'),(146,'g',0,'2011-12-19'),(129,'g',0,'2011-12-19'),(106,'g',0,'2012-03-06'),(122,'g',0,'2011-12-19'),(118,'g',0,'2011-12-19'),(112,'g',0,'2011-12-19'),(111,'g',0,'2011-12-19'),(539,'g',0,'2011-12-19'),(551,'g',0,'2011-12-19'),(538,'g',0,'2011-12-19'),(522,'g',0,'2011-12-19'),(555,'g',0,'2011-12-19'),(517,'g',0,'2011-12-19'),(514,'g',0,'2011-12-19'),(566,'g',0,'2011-12-19'),(564,'g',0,'2011-12-19'),(521,'g',0,'2011-12-19'),(520,'g',0,'2011-12-19'),(518,'g',0,'2011-12-19'),(519,'g',0,'2011-12-19'),(536,'g',0,'2011-12-19'),(537,'g',0,'2011-12-19'),(535,'g',0,'2011-12-19'),(516,'g',0,'2011-12-19'),(515,'g',0,'2011-12-19'),(540,'g',0,'2011-12-19'),(523,'g',0,'2011-12-19'),(530,'g',0,'2011-12-19'),(533,'g',0,'2011-12-19'),(527,'g',0,'2011-12-19'),(534,'g',0,'2011-12-19'),(525,'g',0,'2011-12-19'),(529,'g',0,'2011-12-19'),(526,'g',0,'2011-12-19'),(531,'g',0,'2011-12-19'),(528,'g',0,'2011-12-19'),(532,'g',0,'2011-12-19'),(818,'g',0,'2012-02-07'),(801,'g',0,'2012-01-25'),(657,'g',0,'2011-12-22'),(626,'g',0,'2011-12-23'),(614,'g',0,'2011-12-23'),(660,'g',0,'2011-12-23'),(602,'g',0,'2011-12-23'),(830,'g',0,'2011-12-23'),(560,'g',0,'2011-12-24'),(507,'g',0,'2011-12-24'),(569,'g',0,'2011-12-24'),(823,'g',0,'2012-02-07'),(329,'g',0,'2011-12-24'),(760,'g',0,'2011-12-24'),(608,'g',0,'2011-12-24'),(571,'g',0,'2011-12-25'),(674,'g',0,'2011-12-25'),(568,'g',0,'2011-12-25'),(847,'g',0,'2012-02-07'),(839,'g',0,'2011-12-28'),(849,'g',0,'2012-02-07'),(862,'g',0,'2012-02-07'),(871,'g',0,'2011-12-29'),(585,'g',0,'2011-12-29'),(595,'g',0,'2011-12-29'),(574,'g',0,'2011-12-29'),(592,'g',0,'2011-12-29'),(549,'g',0,'2011-12-29'),(587,'g',0,'2011-12-29'),(584,'g',0,'2011-12-29'),(581,'g',0,'2011-12-29'),(552,'g',0,'2011-12-29'),(559,'g',0,'2011-12-29'),(597,'g',0,'2011-12-29'),(666,'g',0,'2011-12-30'),(619,'g',0,'2011-12-30'),(876,'g',0,'2011-12-30'),(875,'g',0,'2012-02-07'),(837,'g',0,'2012-02-07'),(843,'g',0,'2012-02-07'),(868,'g',0,'2012-02-07'),(613,'g',0,'2011-12-31'),(842,'g',0,'2012-02-13'),(873,'g',0,'2011-12-31'),(865,'g',0,'2012-01-01'),(828,'g',0,'2012-02-13'),(800,'g',0,'2012-01-01'),(802,'g',0,'2012-01-01'),(808,'g',0,'2012-01-01'),(751,'g',0,'2012-01-01'),(804,'g',0,'2012-01-01'),(812,'g',0,'2012-01-01'),(798,'g',0,'2012-01-01'),(765,'g',0,'2012-01-01'),(759,'g',0,'2012-01-01'),(809,'g',0,'2012-01-01'),(791,'g',0,'2012-01-01'),(774,'g',0,'2012-01-01'),(756,'g',0,'2012-01-01'),(793,'g',0,'2012-01-01'),(771,'g',0,'2012-01-01'),(762,'g',0,'2012-01-01'),(848,'g',0,'2012-01-01'),(822,'g',0,'2012-01-01'),(864,'g',0,'2012-01-01'),(820,'g',0,'2012-01-01'),(845,'g',0,'2012-01-01'),(846,'g',0,'2012-01-01'),(742,'g',0,'2012-01-01'),(826,'g',0,'2012-01-01'),(850,'g',0,'2012-02-07'),(547,'g',0,'2012-01-02'),(601,'g',0,'2012-01-02'),(563,'g',0,'2012-01-02'),(877,'g',0,'2012-01-02'),(562,'g',0,'2012-01-02'),(749,'g',0,'2012-01-02'),(838,'g',0,'2012-01-02'),(320,'g',0,'2012-01-02'),(317,'g',0,'2012-01-02'),(853,'g',0,'2012-01-02'),(852,'g',0,'2012-01-02'),(851,'g',0,'2012-01-02'),(318,'g',0,'2012-01-02'),(323,'g',0,'2012-01-02'),(824,'g',0,'2012-01-02'),(456,'g',0,'2012-01-02'),(471,'g',0,'2012-01-02'),(461,'g',0,'2012-01-02'),(545,'g',0,'2012-01-02'),(459,'g',0,'2012-01-02'),(451,'g',0,'2012-01-02'),(457,'g',0,'2012-01-02'),(543,'g',0,'2012-01-02'),(453,'g',0,'2012-01-02'),(544,'g',0,'2012-01-02'),(880,'g',0,'2012-01-02'),(844,'g',0,'2012-02-18'),(746,'g',0,'2012-01-05'),(747,'g',0,'2012-01-05'),(344,'g',0,'2012-01-05'),(855,'g',0,'2012-01-05'),(346,'g',0,'2012-01-05'),(505,'g',0,'2012-01-05'),(506,'g',0,'2012-01-05'),(327,'g',0,'2012-01-05'),(415,'g',0,'2012-01-05'),(889,'g',0,'2012-01-06'),(893,'g',0,'2012-01-06'),(631,'g',0,'2012-01-07'),(628,'g',0,'2012-01-07'),(622,'g',0,'2012-01-07'),(633,'g',0,'2012-01-07'),(632,'g',0,'2012-01-07'),(634,'g',0,'2012-01-07'),(861,'g',0,'2012-02-07'),(630,'g',0,'2012-01-07'),(465,'g',0,'2012-01-07'),(458,'g',0,'2012-01-08'),(454,'g',0,'2012-01-08'),(468,'g',0,'2012-01-08'),(455,'g',0,'2012-01-08'),(469,'g',0,'2012-01-08'),(472,'g',0,'2012-01-08'),(463,'g',0,'2012-01-08'),(460,'g',0,'2012-01-08'),(466,'g',0,'2012-01-08'),(350,'g',0,'2012-01-08'),(354,'g',0,'2012-01-08'),(356,'g',0,'2012-01-08'),(355,'g',0,'2012-01-08'),(476,'g',0,'2012-01-08'),(475,'g',0,'2012-01-08'),(477,'g',0,'2012-01-08'),(479,'g',0,'2012-01-08'),(482,'g',0,'2012-01-08'),(654,'g',0,'2012-01-08'),(656,'g',0,'2012-01-08'),(650,'g',0,'2012-01-08'),(652,'g',0,'2012-01-08'),(665,'g',0,'2012-01-08'),(663,'g',0,'2012-01-08'),(649,'g',0,'2012-01-08'),(486,'g',0,'2012-01-08'),(372,'g',0,'2012-01-08'),(366,'g',0,'2012-01-08'),(380,'g',0,'2012-01-08'),(374,'g',0,'2012-01-08'),(376,'g',0,'2012-01-08'),(379,'g',0,'2012-01-08'),(375,'g',0,'2012-01-08'),(378,'g',0,'2012-01-08'),(377,'g',0,'2012-01-08'),(483,'g',0,'2012-01-08'),(373,'g',0,'2012-01-08'),(491,'g',0,'2012-01-08'),(360,'g',0,'2012-01-08'),(404,'g',0,'2012-01-08'),(406,'g',0,'2012-01-08'),(428,'g',0,'2012-01-08'),(435,'g',0,'2012-01-08'),(431,'g',0,'2012-01-08'),(408,'g',0,'2012-01-08'),(402,'g',0,'2012-01-08'),(449,'g',0,'2012-01-08'),(478,'g',0,'2012-01-08'),(413,'g',0,'2012-01-08'),(481,'g',0,'2012-01-08'),(488,'g',0,'2012-01-08'),(480,'g',0,'2012-01-08'),(473,'g',0,'2012-01-08'),(484,'g',0,'2012-01-08'),(474,'g',0,'2012-01-08'),(489,'g',0,'2012-01-08'),(382,'g',0,'2012-01-08'),(385,'g',0,'2012-01-08'),(381,'g',0,'2012-01-08'),(651,'g',0,'2012-01-08'),(672,'g',0,'2012-01-08'),(860,'g',0,'2012-02-07'),(618,'g',0,'2012-01-08'),(589,'g',0,'2012-01-08'),(577,'g',0,'2012-01-08'),(668,'g',0,'2012-01-08'),(655,'g',0,'2012-01-08'),(596,'g',0,'2012-01-08'),(645,'g',0,'2012-01-08'),(643,'g',0,'2012-01-08'),(882,'g',0,'2012-01-08'),(609,'g',0,'2012-01-08'),(879,'g',0,'2012-01-08'),(892,'g',0,'2012-01-08'),(637,'g',0,'2012-01-08'),(638,'g',0,'2012-01-08'),(606,'g',0,'2012-01-08'),(620,'g',0,'2012-01-08'),(487,'g',0,'2012-01-08'),(485,'g',0,'2012-01-08'),(492,'g',0,'2012-01-08'),(490,'g',0,'2012-01-08'),(383,'g',0,'2012-01-08'),(391,'g',0,'2012-01-08'),(388,'g',0,'2012-01-08'),(390,'g',0,'2012-01-08'),(387,'g',0,'2012-01-08'),(384,'g',0,'2012-01-08'),(653,'g',0,'2012-01-08'),(836,'g',0,'2012-01-08'),(854,'g',0,'2012-02-07'),(878,'g',0,'2012-01-08'),(646,'g',0,'2012-01-08'),(640,'g',0,'2012-01-08'),(667,'g',0,'2012-01-08'),(636,'g',0,'2012-01-08'),(840,'g',0,'2012-02-07'),(647,'g',0,'2012-01-08'),(670,'g',0,'2012-01-08'),(648,'g',0,'2012-01-08'),(605,'g',0,'2012-01-08'),(642,'g',0,'2012-01-08'),(639,'g',0,'2012-01-08'),(623,'g',0,'2012-01-09'),(635,'g',0,'2012-01-09'),(641,'g',0,'2012-01-09'),(890,'g',0,'2012-02-18'),(644,'g',0,'2012-01-09'),(797,'g',0,'2012-01-09'),(817,'g',0,'2012-01-09'),(770,'g',0,'2012-01-09'),(856,'g',0,'2012-01-09'),(790,'g',0,'2012-01-09'),(784,'g',0,'2012-01-09'),(772,'g',0,'2012-01-09'),(386,'g',0,'2012-01-09'),(901,'g',0,'2012-01-09'),(909,'g',0,'2012-01-09'),(927,'g',0,'2012-01-09'),(895,'g',0,'2012-01-09'),(911,'g',0,'2012-01-09'),(743,'g',0,'2012-01-09'),(810,'g',0,'2012-01-09'),(761,'g',0,'2012-01-09'),(748,'g',0,'2012-01-09'),(567,'g',0,'2012-01-09'),(902,'g',0,'2012-01-09'),(497,'g',0,'2012-01-09'),(500,'g',0,'2012-01-09'),(499,'g',0,'2012-01-09'),(494,'g',0,'2012-01-09'),(496,'g',0,'2012-01-09'),(493,'g',0,'2012-01-09'),(495,'g',0,'2012-01-09'),(498,'g',0,'2012-01-09'),(825,'g',0,'2012-01-10'),(359,'g',0,'2012-01-10'),(819,'g',0,'2012-01-10'),(358,'g',0,'2012-01-10'),(745,'g',0,'2012-01-10'),(418,'g',0,'2012-01-10'),(393,'g',0,'2012-01-10'),(397,'g',0,'2012-01-10'),(399,'g',0,'2012-01-10'),(394,'g',0,'2012-01-10'),(396,'g',0,'2012-01-10'),(395,'g',0,'2012-01-10'),(392,'g',0,'2012-01-10'),(452,'g',0,'2012-01-10'),(398,'g',0,'2012-01-10'),(331,'g',0,'2012-01-10'),(340,'g',0,'2012-01-10'),(361,'g',0,'2012-01-10'),(332,'g',0,'2012-01-10'),(324,'g',0,'2012-01-10'),(310,'g',0,'2012-01-10'),(326,'g',0,'2012-01-10'),(148,'g',0,'2012-01-10'),(872,'g',0,'2012-01-10'),(136,'g',0,'2012-01-10'),(884,'g',0,'2012-01-10'),(143,'g',0,'2012-01-10'),(141,'g',0,'2012-01-10'),(883,'g',0,'2012-01-10'),(145,'g',0,'2012-01-10'),(859,'g',0,'2012-01-10'),(152,'g',0,'2012-01-10'),(570,'g',0,'2012-01-10'),(894,'g',0,'2012-01-10'),(896,'g',0,'2012-01-10'),(888,'g',0,'2012-01-10'),(612,'g',0,'2012-01-10'),(590,'g',0,'2012-01-10'),(576,'g',0,'2012-01-10'),(857,'g',0,'2012-01-10'),(858,'g',0,'2012-01-10'),(900,'g',0,'2012-01-10'),(910,'g',0,'2012-01-10'),(841,'g',0,'2012-01-10'),(430,'g',0,'2012-01-10'),(445,'g',0,'2012-01-10'),(441,'g',0,'2012-01-10'),(414,'g',0,'2012-01-10'),(412,'g',0,'2012-01-10'),(448,'g',0,'2012-01-10'),(444,'g',0,'2012-01-10'),(821,'g',0,'2012-01-10'),(593,'g',0,'2012-01-10'),(607,'g',0,'2012-01-10'),(920,'g',0,'2012-02-18'),(885,'g',0,'2012-02-18'),(908,'g',0,'2012-01-11'),(557,'g',0,'2012-01-11'),(553,'g',0,'2012-01-11'),(898,'g',0,'2012-01-11'),(897,'g',0,'2012-01-11'),(965,'g',0,'2012-01-11'),(464,'g',0,'2012-01-11'),(966,'g',0,'2012-01-11'),(671,'g',0,'2012-01-12'),(955,'g',0,'2012-01-12'),(921,'g',0,'2012-01-12'),(952,'g',0,'2012-01-12'),(942,'g',0,'2012-01-12'),(929,'g',0,'2012-01-12'),(629,'g',0,'2012-01-12'),(624,'g',0,'2012-01-12'),(975,'g',0,'2012-01-13'),(969,'g',0,'2012-01-13'),(972,'g',0,'2012-01-14'),(964,'g',0,'2012-01-14'),(977,'g',0,'2012-01-14'),(950,'g',0,'2012-01-14'),(916,'g',0,'2012-01-14'),(615,'g',0,'2012-01-14'),(946,'g',0,'2012-01-14'),(611,'g',0,'2012-01-14'),(974,'g',0,'2012-02-18'),(891,'g',0,'2012-02-18'),(913,'g',0,'2012-01-15'),(928,'g',0,'2012-01-15'),(954,'g',0,'2012-01-15'),(906,'g',0,'2012-01-15'),(907,'g',0,'2012-01-15'),(867,'g',0,'2012-01-16'),(754,'g',0,'2012-01-16'),(874,'g',0,'2012-01-16'),(786,'g',0,'2012-01-16'),(915,'g',0,'2012-01-16'),(959,'g',0,'2012-01-16'),(998,'g',0,'2012-01-17'),(933,'g',0,'2012-02-18'),(984,'g',0,'2012-01-19'),(881,'g',0,'2012-01-19'),(983,'g',0,'2012-01-19'),(886,'g',0,'2012-01-19'),(887,'g',0,'2012-01-19'),(1016,'g',0,'2012-01-21'),(982,'g',0,'2012-01-21'),(1000,'g',0,'2012-01-22'),(976,'g',0,'2012-01-22'),(994,'g',0,'2012-01-22'),(919,'g',0,'2012-01-22'),(996,'g',0,'2012-01-22'),(932,'g',0,'2012-01-22'),(930,'g',0,'2012-01-22'),(1023,'g',0,'2012-01-23'),(995,'g',0,'2012-01-24'),(961,'g',0,'2012-01-24'),(967,'g',0,'2012-01-24'),(917,'g',0,'2012-01-24'),(948,'g',0,'2012-01-24'),(962,'g',0,'2012-01-24'),(971,'g',0,'2012-01-24'),(979,'g',0,'2012-01-24'),(949,'g',0,'2012-01-24'),(1036,'g',0,'2012-01-25'),(1024,'g',0,'2012-01-27'),(1041,'g',0,'2012-01-27'),(904,'g',0,'2012-01-28'),(905,'g',0,'2012-01-28'),(903,'g',0,'2012-01-28'),(1037,'g',0,'2012-01-29'),(1039,'g',0,'2012-01-29'),(945,'g',0,'2012-01-30'),(957,'g',0,'2012-01-30'),(1049,'g',0,'2012-01-31'),(1046,'g',0,'2012-01-31'),(978,'g',0,'2012-02-01'),(926,'g',0,'2012-02-01'),(1026,'g',0,'2012-02-01'),(1029,'g',0,'2012-02-01'),(1060,'g',0,'2012-02-01'),(1015,'g',0,'2012-02-01'),(947,'g',0,'2012-02-01'),(918,'g',0,'2012-02-01'),(943,'g',0,'2012-02-01'),(914,'g',0,'2012-02-01'),(960,'g',0,'2012-02-01'),(958,'g',0,'2012-02-01'),(973,'g',0,'2012-02-01'),(970,'g',0,'2012-02-01'),(951,'g',0,'2012-02-01'),(924,'g',0,'2012-02-03'),(669,'g',0,'2012-02-03'),(925,'g',0,'2012-02-03'),(922,'g',0,'2012-02-03'),(899,'g',0,'2012-02-03'),(923,'g',0,'2012-02-03'),(992,'g',0,'2012-02-05'),(1052,'g',0,'2012-02-05'),(1053,'g',0,'2012-02-05'),(953,'g',0,'2012-02-07'),(934,'g',0,'2012-02-07'),(935,'g',0,'2012-02-07'),(912,'g',0,'2012-02-07'),(1065,'g',0,'2012-02-07'),(1050,'g',0,'2012-02-07'),(1063,'g',0,'2012-02-07'),(1062,'g',0,'2012-02-07'),(1066,'g',0,'2012-02-07'),(807,'g',0,'2012-02-08'),(764,'g',0,'2012-02-08'),(813,'g',0,'2012-02-08'),(869,'g',0,'2012-02-08'),(792,'g',0,'2012-02-08'),(870,'g',0,'2012-02-08'),(781,'g',0,'2012-02-08'),(773,'g',0,'2012-02-08'),(763,'g',0,'2012-02-08'),(806,'g',0,'2012-02-08'),(1051,'g',0,'2012-02-08'),(1082,'g',0,'2012-02-11'),(1111,'g',0,'2012-02-11'),(1110,'g',0,'2012-02-11'),(1106,'g',0,'2012-02-11'),(1107,'g',0,'2012-02-11'),(1112,'g',0,'2012-02-11'),(1001,'g',0,'2012-02-11'),(1012,'g',0,'2012-02-11'),(981,'g',0,'2012-02-11'),(1002,'g',0,'2012-02-11'),(1075,'g',0,'2012-02-11'),(993,'g',0,'2012-02-11'),(1010,'g',0,'2012-02-11'),(1011,'g',0,'2012-02-11'),(1003,'g',0,'2012-02-11'),(1005,'g',0,'2012-02-11'),(1007,'g',0,'2012-02-11'),(1064,'g',0,'2012-02-11'),(968,'g',0,'2012-02-11'),(1038,'g',0,'2012-02-11'),(1081,'g',0,'2012-02-11'),(1083,'g',0,'2012-02-11'),(1009,'g',0,'2012-02-11'),(1006,'g',0,'2012-02-11'),(1061,'g',0,'2012-02-11'),(956,'g',0,'2012-02-11'),(1127,'g',0,'2012-02-12'),(1126,'g',0,'2012-02-12'),(767,'g',0,'2012-02-12'),(758,'g',0,'2012-02-12'),(769,'g',0,'2012-02-12'),(1080,'g',0,'2012-02-12'),(1131,'g',0,'2012-02-12'),(1119,'g',0,'2012-02-12'),(1129,'g',0,'2012-02-12'),(1133,'g',0,'2012-02-12'),(1130,'g',0,'2012-02-12'),(1044,'g',0,'2012-02-12'),(1032,'g',0,'2012-02-12'),(1116,'g',0,'2012-02-12'),(997,'g',0,'2012-02-12'),(1034,'g',0,'2012-02-12'),(1074,'g',0,'2012-02-12'),(1056,'g',0,'2012-02-12'),(1055,'g',0,'2012-02-12'),(1128,'g',0,'2012-02-12'),(941,'g',0,'2012-02-12'),(1008,'g',0,'2012-02-12'),(1047,'g',0,'2012-02-12'),(980,'g',0,'2012-02-12'),(1033,'g',0,'2012-02-12'),(1125,'g',0,'2012-02-12'),(1004,'g',0,'2012-02-12'),(1058,'g',0,'2012-02-12'),(348,'g',0,'2012-02-12'),(1108,'g',0,'2012-02-12'),(1025,'g',0,'2012-02-12'),(345,'g',0,'2012-02-12'),(349,'g',0,'2012-02-12'),(1079,'g',0,'2012-02-12'),(940,'g',0,'2012-02-12'),(939,'g',0,'2012-02-12'),(1048,'g',0,'2012-02-12'),(1019,'g',0,'2012-02-12'),(1059,'g',0,'2012-02-12'),(1078,'g',0,'2012-02-12'),(937,'g',0,'2012-02-12'),(999,'g',0,'2012-02-12'),(1045,'g',0,'2012-02-12'),(1014,'g',0,'2012-02-12'),(938,'g',0,'2012-02-13'),(936,'g',0,'2012-02-13'),(1013,'g',0,'2012-02-13'),(1018,'g',0,'2012-02-13'),(1123,'g',0,'2012-02-13'),(1120,'g',0,'2012-02-13'),(1054,'g',0,'2012-02-13'),(1109,'g',0,'2012-02-13'),(337,'g',0,'2012-02-13'),(341,'g',0,'2012-02-13'),(1035,'g',0,'2012-02-13'),(420,'g',0,'2012-02-13'),(931,'g',0,'2012-02-13'),(353,'g',0,'2012-02-13'),(419,'g',0,'2012-02-13'),(422,'g',0,'2012-02-13'),(362,'g',0,'2012-02-13'),(550,'g',0,'2012-02-13'),(411,'g',0,'2012-02-13'),(1113,'g',0,'2012-02-13'),(1136,'g',0,'2012-02-14'),(1021,'g',0,'2012-02-14'),(1134,'g',0,'2012-02-14'),(1028,'g',0,'2012-02-14'),(1057,'g',0,'2012-02-14'),(1138,'g',0,'2012-02-14'),(1137,'g',0,'2012-02-14'),(1031,'g',0,'2012-02-14'),(963,'g',0,'2012-02-14'),(1020,'g',0,'2012-02-14'),(1135,'g',0,'2012-02-14'),(1139,'g',0,'2012-02-16'),(1140,'g',0,'2012-02-17'),(1141,'g',0,'2012-02-19'),(1132,'g',0,'2012-02-20'),(1142,'g',0,'2012-02-22'),(1143,'g',0,'2012-02-22'),(1144,'g',0,'2012-02-22'),(1114,'g',0,'2012-02-23'),(1121,'g',0,'2012-02-23'),(1122,'g',0,'2012-02-24'),(1115,'g',0,'2012-02-24'),(1117,'g',0,'2012-02-24'),(1095,'g',0,'2012-02-27'),(1096,'g',0,'2012-02-27'),(1017,'g',0,'2012-02-27'),(1069,'g',0,'2012-02-27'),(1091,'g',0,'2012-02-27'),(1085,'g',0,'2012-02-27'),(1086,'g',0,'2012-02-27'),(1071,'g',0,'2012-02-27'),(1072,'g',0,'2012-02-27'),(1104,'g',0,'2012-02-27'),(1076,'g',0,'2012-02-27'),(1089,'g',0,'2012-02-27'),(1124,'g',0,'2012-02-28'),(1100,'g',0,'2012-02-28'),(1105,'g',0,'2012-02-28'),(1103,'g',0,'2012-02-28'),(1088,'g',0,'2012-02-28'),(1101,'g',0,'2012-02-28'),(1099,'g',0,'2012-02-28'),(1022,'g',0,'2012-02-28'),(1098,'g',0,'2012-02-28'),(1067,'g',0,'2012-02-28'),(1093,'g',0,'2012-02-28'),(1030,'g',0,'2012-02-28'),(1087,'g',0,'2012-02-28'),(1070,'g',0,'2012-02-28'),(1118,'g',0,'2012-02-28'),(1073,'g',0,'2012-02-28'),(1084,'g',0,'2012-02-28'),(1027,'g',0,'2012-02-28'),(1097,'g',0,'2012-02-28'),(1090,'g',0,'2012-02-28'),(1094,'g',0,'2012-02-28'),(1068,'g',0,'2012-02-28'),(1092,'g',0,'2012-02-28'),(1151,'g',0,'2012-02-28'),(1149,'g',0,'2012-02-28'),(1148,'g',0,'2012-02-28'),(1152,'g',0,'2012-02-29'),(1158,'g',0,'2012-02-29'),(1155,'g',0,'2012-02-29'),(1146,'g',0,'2012-02-29'),(1145,'g',0,'2012-02-29'),(1147,'g',0,'2012-02-29'),(1157,'g',0,'2012-02-29'),(1102,'g',0,'2012-02-29'),(1154,'g',0,'2012-02-29'),(1150,'g',0,'2012-02-29'),(1161,'g',0,'2012-02-29'),(1156,'g',0,'2012-02-29'),(1153,'g',0,'2012-03-01'),(1160,'g',0,'2012-03-01'),(1159,'g',0,'2012-03-02'),(1169,'g',0,'2012-03-06'),(1163,'g',0,'2012-03-06');

--
-- Table structure for table `idx_paid_listing`
--

CREATE TABLE `idx_paid_listing` (
  `link_id` mediumint(9) unsigned NOT NULL default '0',
  `premium` char(1) default NULL,
  `sponsored` char(1) default NULL,
  `expire` datetime default NULL,
  `paid` char(1) default NULL,
  PRIMARY KEY  (`link_id`)
) ENGINE=MyISAM DEFAULT CHARSET=latin1;

--
-- Dumping data for table `idx_paid_listing`
--


--
-- Table structure for table `idx_payment_gateway`
--

CREATE TABLE `idx_payment_gateway` (
  `payment_gateway_id` int(11) NOT NULL auto_increment,
  `name` varchar(100) default NULL,
  `enable` char(1) default NULL,
  `setting` text,
  `invoice_html` text,
  PRIMARY KEY  (`payment_gateway_id`)
) ENGINE=MyISAM AUTO_INCREMENT=9 DEFAULT CHARSET=latin1;

--
-- Dumping data for table `idx_payment_gateway`
--

INSERT INTO `idx_payment_gateway` VALUES (1,'paypal','1','a:2:{s:13:\"payment_email\";s:0:\"\";s:21:\"enable_paypal_sandbox\";s:1:\"0\";}','<p> \r\n	<a href=\'paynow.php?id={$invoice_id}&m=paypal\'><img src=\'http://www.paypal.com/images/x-click-but02.gif\' border=\'0\' alt=\'Make payments with PayPal - it is fast, free and secure!\' /></a> \r\n</p>\r\n'),(2,'2co','0','a:6:{s:6:\"co_sid\";s:5:\"84932\";s:9:\"co_secret\";s:5:\"tango\";s:12:\"co_recurring\";s:1:\"0\";s:9:\"co_prod_1\";s:6:\"100.00\";s:9:\"co_prod_2\";s:6:\"250.00\";s:9:\"co_prod_3\";s:6:\"400.00\";}','<p>\r\n<a href=\'paynow.php?id={$invoice_id}&m=2co\'><img src=\'http://www.2checkout.com/images/overview/btns/25.jpg\' alt=\'Pay Now with 2checkout...\' border=\'0\' /></a> \r\n</p>'),(3,'authorizenet','0','a:2:{s:21:\"authorizenet_login_id\";s:0:\"\";s:21:\"authorizenet_tran_key\";s:0:\"\";}','<p> \r\n<a href=\'paynow.php?id={$invoice_id}&m=authorizenet\'><img src=\'http://www.authorize.net/upload/images/Images/Header/authorizenet_logo.gif\' alt=\'Pay Now with Authorize.Net...\' width=\'99\' height=\'39\' style=\'{border : 1px solid #c0c0c0;}\' /></a>\r\n</p>'),(4,'egold','0','a:2:{s:19:\"egold_payee_account\";s:0:\"\";s:16:\"egold_payee_name\";s:0:\"\";}','<p> \r\n<a href=\'paynow.php?id={$invoice_id}&m=egold\'>\r\n<img src=\'http://www.e-gold.com/gif/paywith.gif\' border=\'0\' alt=\'Pay Now with e-gold...\' />\r\n</a>\r\n</p>'),(5,'moneybookers','0','a:1:{s:18:\"moneybookers_email\";s:0:\"\";}','<p> \r\n<a href=\'paynow.php?id={$invoice_id}&m=paypal\'><img src=\'http://www.moneybookers.com/images/banners/88_en_mb.gif\' border=\'0\' alt=\'Make payments with Moneybookers - it is fast, free and secure!\' /></a> \r\n</p>'),(6,'paypal-subscriptions','0','a:2:{s:13:\"payment_email\";s:0:\"\";s:21:\"enable_paypal_sandbox\";s:1:\"0\";}','<p> \r\n<a href=\'paynow.php?id={$invoice_id}&m=paypal\'><img src=\'https://www.paypal.com/en_US/i/btn/x-click-but20.gif\' border=\'0\' alt=\'Make payments with PayPal - it is fast, free and secure!\' /></a> \r\n</p>'),(7,'alertpay','0','a:2:{s:14:\"alertpay_email\";s:0:\"\";s:23:\"enable_alertpay_sandbox\";s:1:\"0\";}','<p> \r\n<a href=\'paynow.php?id={$invoice_id}&m=alertpay\'>\r\n<img src=\'https://www.alertpay.com/Images/BuyNow/pay_now_3.gif\' border=\'0\' alt=\'Make payments with PayPal - it is fast, free and secure!\' /></a> \r\n</p>'),(8,'alertpay-subcriptions','0','a:2:{s:14:\"alertpay_email\";s:0:\"\";s:23:\"enable_alertpay_sandbox\";s:1:\"0\";}','<p>\r\n<a href=\'paynow.php?id={$invoice_id}&m=alertpay-subcriptions\'>\r\n<img src=\'https://www.alertpay.com/Images/BuyNow/subscribe_now_15.gif\' border=\'0\' alt=\'Make payments with Alert Pay - it is fast, free and secure!\' /></a> \r\n</p>');

--
-- Table structure for table `idx_payment_history`
--

CREATE TABLE `idx_payment_history` (
  `payment_id` int(10) unsigned NOT NULL auto_increment,
  `contact_name` varchar(255) default NULL,
  `email` varchar(255) default NULL,
  `type` varchar(255) default NULL,
  `detail` text,
  `amount` double default NULL,
  `time` datetime default NULL,
  `invoice_id` varchar(10) default NULL,
  PRIMARY KEY  (`payment_id`)
) ENGINE=MyISAM DEFAULT CHARSET=latin1;

--
-- Dumping data for table `idx_payment_history`
--


--
-- Table structure for table `idx_pl_sociable`
--

CREATE TABLE `idx_pl_sociable` (
  `sb_id` int(11) NOT NULL auto_increment,
  `sb_name` varchar(255) character set utf8 default NULL,
  `sb_url` varchar(255) character set utf8 default NULL,
  `sb_icon` varchar(255) character set utf8 default NULL,
  `sb_enable` char(1) character set utf8 default '0',
  PRIMARY KEY  (`sb_id`)
) ENGINE=MyISAM AUTO_INCREMENT=90 DEFAULT CHARSET=latin1;

--
-- Dumping data for table `idx_pl_sociable`
--

INSERT INTO `idx_pl_sociable` VALUES (1,'BarraPunto','http://barrapunto.com/submit.pl?subj=TITLE&amp;story=PERMALINK','barrapunto.png','0'),(2,'Bitacoras.com','http://bitacoras.com/anotaciones/PERMALINK','bitacoras.png','0'),(3,'BlinkList','http://www.blinklist.com/index.php?Action=Blink/addblink.php&amp;Url=PERMALINK&amp;Title=TITLE','blinklist.png','0'),(4,'blogmarks','http://blogmarks.net/my/new.php?mini=1&amp;simple=1&amp;url=PERMALINK&amp;title=TITLE','blogmarks.png','0'),(5,'Blogosphere News','http://www.blogospherenews.com/submit.php?url=PERMALINK&amp;title=TITLE','blogospherenews.png','0'),(6,'blogtercimlap','http://cimlap.blogter.hu/index.php?action=suggest_link&amp;title=TITLE&amp;url=PERMALINK','blogter.png','0'),(7,'Faves','http://faves.com/Authoring.aspx?u=PERMALINK&amp;title=TITLE','bluedot.png','0'),(8,'connotea','http://www.connotea.org/addpopup?continue=confirm&amp;uri=PERMALINK&amp;title=TITLE&amp;description=EXCERPT','connotea.png','0'),(9,'Current','http://current.com/clipper.htm?url=PERMALINK&amp;title=TITLE','current.png','0'),(10,'del.icio.us','http://delicious.com/post?url=PERMALINK&amp;title=TITLE&amp;notes=EXCERPT','delicious.png','0'),(11,'Digg','http://digg.com/submit?phase=2&amp;url=PERMALINK&amp;title=TITLE&amp;bodytext=EXCERPT','digg.png','1'),(12,'Diigo','http://www.diigo.com/post?url=PERMALINK&amp;title=TITLE','diigo.png','0'),(13,'DotNetKicks','http://www.dotnetkicks.com/kick/?url=PERMALINK&amp;title=TITLE','dotnetkicks.png','0'),(14,'DZone','http://www.dzone.com/links/add.html?url=PERMALINK&amp;title=TITLE','dzone.png','0'),(15,'eKudos','http://www.ekudos.nl/artikel/nieuw?url=PERMALINK&amp;title=TITLE&amp;desc=EXCERPT','ekudos.png','0'),(16,'email','mailto:?subject=TITLE&amp;body=PERMALINK','email_link.png','0'),(17,'Facebook','http://www.facebook.com/share.php?u=PERMALINK&amp;t=TITLE','facebook.png','1'),(18,'Fark','http://cgi.fark.com/cgi/fark/farkit.pl?h=TITLE&amp;u=PERMALINK','fark.png','0'),(19,'Fleck','http://beta3.fleck.com/bookmarklet.php?url=PERMALINK&amp;title=TITLE','fleck.png','0'),(20,'FriendFeed','http://www.friendfeed.com/share?title=TITLE&amp;link=PERMALINK','friendfeed.png','0'),(21,'FSDaily','http://www.fsdaily.com/submit?url=PERMALINK&amp;title=TITLE','fsdaily.png','0'),(22,'Global Grind','http://globalgrind.com/submission/submit.aspx?url=PERMALINK&amp;type=Article&amp;title=TITLE','globalgrind.png','0'),(23,'Google','http://www.google.com/bookmarks/mark?op=edit&amp;bkmk=PERMALINK&amp;title=TITLE&amp;annotation=EXCERPT','googlebookmark.png','0'),(24,'Gwar','http://www.gwar.pl/DodajGwar.html?u=PERMALINK','gwar.png','0'),(25,'HackerNews','http://news.ycombinator.com/submitlink?u=PERMALINK&amp;t=TITLE','hackernews.png','0'),(26,'Haohao','http://www.haohaoreport.com/submit.php?url=PERMALINK&amp;title=TITLE','haohao.png','0'),(27,'HealthRanker','http://healthranker.com/submit.php?url=PERMALINK&amp;title=TITLE','healthranker.png','0'),(28,'HelloTxt','http://hellotxt.com/?status=TITLE+PERMALINK','hellotxt.png','0'),(29,'Hemidemi','http://www.hemidemi.com/user_bookmark/new?title=TITLE&amp;url=PERMALINK','hemidemi.png','0'),(30,'Hyves','http://www.hyves.nl/profilemanage/add/tips/?name=TITLE&amp;text=EXCERPT+PERMALINK&amp;rating=5','hyves.png','0'),(31,'Identi.ca','http://identi.ca/notice/new?status_textarea=PERMALINK','identica.png','0'),(32,'IndianPad','http://www.indianpad.com/submit.php?url=PERMALINK','indianpad.png','0'),(33,'Internetmedia','http://internetmedia.hu/submit.php?url=PERMALINK','im.png','0'),(34,'Kirtsy','http://www.kirtsy.com/submit.php?url=PERMALINK&amp;title=TITLE','kirtsy.png','0'),(35,'laaik.it','http://laaik.it/NewStoryCompact.aspx?uri=PERMALINK&amp;headline=TITLE&amp;cat=5e082fcc-8a3b-47e2-acec-fdf64ff19d12','laaikit.png','0'),(36,'LinkArena','http://linkarena.com/bookmarks/addlink/?url=PERMALINK&amp;title=TITLE','linkarena.png','0'),(37,'LinkaGoGo','http://www.linkagogo.com/go/AddNoPopup?url=PERMALINK&amp;title=TITLE','linkagogo.png','0'),(38,'LinkedIn','http://www.linkedin.com/shareArticle?mini=true&amp;url=PERMALINK&amp;title=TITLE&amp;source=BLOGNAME&amp;summary=EXCERPT','linkedin.png','0'),(39,'Linkter','http://www.linkter.hu/index.php?action=suggest_link&amp;url=PERMALINK&amp;title=TITLE','linkter.png','0'),(40,'Live','https://favorites.live.com/quickadd.aspx?marklet=1&amp;url=PERMALINK&amp;title=TITLE','live.png','0'),(41,'Meneame','http://meneame.net/submit.php?url=PERMALINK','meneame.png','0'),(42,'MisterWong','http://www.mister-wong.com/addurl/?bm_url=PERMALINK&amp;bm_description=TITLE&amp;plugin=soc','misterwong.png','0'),(43,'MisterWong.DE','http://www.mister-wong.de/addurl/?bm_url=PERMALINK&amp;bm_description=TITLE&amp;plugin=soc','misterwong.png','0'),(44,'Mixx','http://www.mixx.com/submit?page_url=PERMALINK&amp;title=TITLE','mixx.png','0'),(45,'muti','http://www.muti.co.za/submit?url=PERMALINK&amp;title=TITLE','muti.png','0'),(46,'MyShare','http://myshare.url.com.tw/index.php?func=newurl&amp;url=PERMALINK&amp;desc=TITLE','myshare.png','0'),(47,'MySpace','http://www.myspace.com/Modules/PostTo/Pages/?u=PERMALINK&amp;t=TITLE','myspace.png','0'),(48,'MSNReporter','http://reporter.nl.msn.com/?fn=contribute&amp;Title=TITLE&amp;URL=PERMALINK&amp;cat_id=6&amp;tag_id=31&amp;Remark=EXCERPT','msnreporter.png','0'),(49,'N4G','http://www.n4g.com/tips.aspx?url=PERMALINK&amp;title=TITLE','n4g.png','0'),(50,'Netvibes','http://www.netvibes.com/share?title=TITLE&amp;url=PERMALINK','netvibes.png','0'),(51,'NewsVine','http://www.newsvine.com/_tools/seed&amp;save?u=PERMALINK&amp;h=TITLE','newsvine.png','0'),(52,'Netvouz','http://www.netvouz.com/action/submitBookmark?url=PERMALINK&amp;title=TITLE&amp;popup=no','netvouz.png','0'),(53,'NuJIJ','http://nujij.nl/jij.lynkx?t=TITLE&amp;u=PERMALINK&amp;b=EXCERPT','nujij.png','0'),(54,'Ping.fm','http://ping.fm/ref/?link=PERMALINK&amp;title=TITLE&amp;body=EXCERPT','ping.png','0'),(55,'Posterous','http://posterous.com/share?linkto=PERMALINK&amp;title=TITLE&amp;selection=EXCERPT','posterous.png','0'),(56,'PDF','http://www.printfriendly.com/print?url=PERMALINK&amp;partner=sociable','pdf.png','0'),(57,'Print','http://www.printfriendly.com/print?url=PERMALINK&amp;partner=sociable','printfriendly.png','0'),(58,'Propeller','http://www.propeller.com/submit/?url=PERMALINK','propeller.png','0'),(59,'Ratimarks','http://ratimarks.org/bookmarks.php/?action=add&address=PERMALINK&amp;title=TITLE','ratimarks.png','0'),(60,'Rec6','http://rec6.via6.com/link.php?url=PERMALINK&amp;=TITLE','rec6.png','0'),(61,'Reddit','http://reddit.com/submit?url=PERMALINK&amp;title=TITLE','reddit.png','0'),(62,'RSS','FEEDLINK','rss.png','0'),(63,'Scoopeo','http://www.scoopeo.com/scoop/new?newurl=PERMALINK&amp;title=TITLE','scoopeo.png','0'),(64,'Segnalo','http://segnalo.alice.it/post.html.php?url=PERMALINK&amp;title=TITLE','segnalo.png','0'),(65,'Simpy','http://www.simpy.com/simpy/LinkAdd.do?href=PERMALINK&amp;title=TITLE','simpy.png','0'),(66,'Slashdot','http://slashdot.org/bookmark.pl?title=TITLE&amp;url=PERMALINK','slashdot.png','0'),(67,'Socialogs','http://socialogs.com/add_story.php?story_url=PERMALINK&amp;story_title=TITLE','socialogs.png','0'),(68,'SphereIt','http://www.sphere.com/search?q=sphereit:PERMALINK&amp;title=TITLE','sphere.png','0'),(69,'Sphinn','http://sphinn.com/index.php?c=post&amp;m=submit&amp;link=PERMALINK','sphinn.png','0'),(70,'StumbleUpon','http://www.stumbleupon.com/submit?url=PERMALINK&amp;title=TITLE','stumbleupon.png','0'),(71,'Techmeme','http://twitter.com/home/?status=tip%20@Techmeme%20PERMALINK%20TITLE','techmeme.png','0'),(72,'Technorati','http://technorati.com/faves?add=PERMALINK','technorati.png','1'),(73,'ThisNext','http://www.thisnext.com/pick/new/submit/sociable/?url=PERMALINK&amp;name=TITLE','thisnext.png','0'),(74,'Tipd','http://tipd.com/submit.php?url=PERMALINK','tipd.png','0'),(75,'Tumblr','http://www.tumblr.com/share?v=3&amp;u=PERMALINK&amp;t=TITLE&amp;s=EXCERPT','tumblr.png','0'),(76,'Twitter','http://twitter.com/home?status=TITLE%20-%20PERMALINK','twitter.png','1'),(77,'Upnews','http://www.upnews.it/submit?url=PERMALINK&amp;title=TITLE','upnews.png','0'),(78,'Webnews.de','http://www.webnews.de/einstellen?url=PERMALINK&amp;title=TITLE','webnews.png','0'),(79,'Webride','http://webride.org/discuss/split.php?uri=PERMALINK&amp;title=TITLE','webride.png','0'),(80,'Wikio','http://www.wikio.com/vote?url=PERMALINK','wikio.png','0'),(81,'Wikio FR','http://www.wikio.fr/vote?url=PERMALINK','wikio.png','0'),(82,'Wikio IT','http://www.wikio.it/vote?url=PERMALINK','wikio.png','0'),(83,'Wists','http://wists.com/s.php?c=&amp;r=PERMALINK&amp;title=TITLE','wists.png','0'),(84,'Wykop','http://www.wykop.pl/dodaj?url=PERMALINK','wykop.png','0'),(85,'Xerpi','http://www.xerpi.com/block/add_link_from_extension?url=PERMALINK&amp;title=TITLE','xerpi.png','0'),(86,'YahooBuzz','http://buzz.yahoo.com/submit/?submitUrl=PERMALINK&amp;submitHeadline=TITLE&amp;submitSummary=EXCERPT&amp;submitCategory=science&amp;submitAssetType=text','yahoobuzz.png','0'),(87,'Yahoo! Bookmarks','http://bookmarks.yahoo.com/toolbar/savebm?u=PERMALINK&amp;t=TITLE&opener=bm&amp;ei=UTF-8&amp;d=EXCERPT','yahoomyweb.png','0'),(88,'Yigg','http://yigg.de/neu?exturl=PERMALINK&amp;exttitle=TITLE','yiggit.png','0'),(89,'Blogplay','http://blogplay.com','blogplay.png','0');

--
-- Table structure for table `idx_plugin`
--

CREATE TABLE `idx_plugin` (
  `plugin_id` int(11) NOT NULL auto_increment,
  `name` varchar(255) default NULL,
  `plugin_file` varchar(255) default NULL,
  `status` enum('0','1') default NULL,
  `option_plugin` text,
  PRIMARY KEY  (`plugin_id`)
) ENGINE=MyISAM AUTO_INCREMENT=2 DEFAULT CHARSET=latin1;

--
-- Dumping data for table `idx_plugin`
--

INSERT INTO `idx_plugin` VALUES (1,'Sociable','sociable/sociable.php','1',NULL);

--
-- Table structure for table `idx_review`
--

CREATE TABLE `idx_review` (
  `review_id` mediumint(9) unsigned NOT NULL auto_increment,
  `link_id` mediumint(9) unsigned NOT NULL default '0',
  `review` text NOT NULL,
  `rating` tinyint(3) unsigned NOT NULL default '0',
  `date` date NOT NULL default '0000-00-00',
  `subject` varchar(100) default NULL,
  `status` char(1) default NULL,
  `username` varchar(20) default NULL,
  `name` varchar(20) default NULL,
  `email` varchar(100) default NULL,
  PRIMARY KEY  (`review_id`)
) ENGINE=MyISAM DEFAULT CHARSET=latin1;

--
-- Dumping data for table `idx_review`
--


--
-- Table structure for table `idx_searchlog`
--

CREATE TABLE `idx_searchlog` (
  `keyword` varchar(100) NOT NULL default '',
  `time` datetime NOT NULL default '0000-00-00 00:00:00',
  `result` mediumint(9) unsigned default NULL,
  `ip` varchar(100) default NULL
) ENGINE=MyISAM DEFAULT CHARSET=latin1;

--
-- Dumping data for table `idx_searchlog`
--

INSERT INTO `idx_searchlog` VALUES ('favoritedirectori.com','2011-12-01 00:36:58',0,'203.92.47.195'),('favoritedirectori.com','2011-12-01 00:38:24',0,'203.92.47.195');

--
-- Table structure for table `idx_set_hook_place`
--

CREATE TABLE `idx_set_hook_place` (
  `set_hook_place_id` int(11) NOT NULL auto_increment,
  `plugin` varchar(255) default NULL,
  `set_hook_place` text,
  PRIMARY KEY  (`set_hook_place_id`)
) ENGINE=MyISAM DEFAULT CHARSET=latin1;

--
-- Dumping data for table `idx_set_hook_place`
--


--
-- Table structure for table `idx_setting`
--

CREATE TABLE `idx_setting` (
  `setting_id` int(11) NOT NULL auto_increment,
  `setting_name` varchar(255) default NULL,
  `setting_value` text,
  PRIMARY KEY  (`setting_id`)
) ENGINE=MyISAM AUTO_INCREMENT=55 DEFAULT CHARSET=latin1;

--
-- Dumping data for table `idx_setting`
--

INSERT INTO `idx_setting` VALUES (4,'site_name','favoritedirectori.com'),(5,'site_url','http://favoritedirectori.com'),(6,'email_address','amara.kinstler@gmail.com'),(7,'language_code','en_US'),(8,'theme_path','/home/favorit/public_html/themes/'),(9,'admin_template_path','/home/favorit/public_html/admin_tpl/'),(10,'plugin_path','/home/favorit/public_html/plugin/'),(12,'active_theme','_favoritedirectori'),(14,'spam_proof','1'),(15,'enable_user_validation','1'),(16,'allowed_file_extension','gif,jpg,png,pdf,zip,doc'),(17,'yahoo_appid',''),(18,'whosonline','600'),(19,'reciprocal_check','0'),(20,'urlcheck_limit','1'),(21,'pagerank_cache','30'),(22,'max_image_width','1024'),(23,'max_image_height','756'),(24,'max_file_size','500'),(25,'only_registered_can_add_link','0'),(26,'only_registered_can_add_review','0'),(27,'db_use_persistent','0'),(28,'paid_link_day_period','30,60,90,180'),(29,'paid_link_price_factor','1,1.5,2,3'),(30,'enable_html_tag','1'),(31,'allowed_html_tag','<b>,<strong>,<i>,<em>,<u>,<pre>,<blockquote>,<ol>,<ul>,<li>,<p>,<span>,<div>,<table>,<tr>,<td>'),(32,'enable_page_compression','0'),(33,'enable_category_ajax','1'),(34,'require_visit_category','0'),(35,'additional_category_price','0.5'),(36,'enable_rating_ajax','1'),(37,'service_nicecoder_avail','1'),(38,'enable_recaptcha','0'),(39,'recaptcha_publickey',''),(40,'recaptcha_privatekey',''),(41,'enable_bidding','0'),(42,'minimum_bid','5'),(43,'bid_increament','1'),(44,'charset','utf-8'),(45,'mailer','mail'),(46,'smtp_auth','0'),(47,'smtp_host',''),(48,'smtp_username',''),(49,'smtp_password',''),(50,'smtp_port','25'),(51,'emailbody_as_html','0'),(52,'indexu_version','2.4'),(53,'tos',''),(54,'submission_guidelines','');

--
-- Table structure for table `idx_tags`
--

CREATE TABLE `idx_tags` (
  `tag` varchar(64) NOT NULL default '',
  `category_id` mediumint(8) unsigned NOT NULL default '0',
  `total` int(11) NOT NULL default '0',
  `tag_path` varchar(64) NOT NULL,
  PRIMARY KEY  (`tag`,`category_id`)
) ENGINE=MyISAM DEFAULT CHARSET=latin1;

--
-- Dumping data for table `idx_tags`
--


--
-- Table structure for table `idx_unavailable`
--

CREATE TABLE `idx_unavailable` (
  `idx_unavailable` int(11) NOT NULL auto_increment,
  `link_id` int(11) default NULL,
  `url` varchar(255) default NULL,
  `who_is` varchar(255) default NULL,
  `note` text,
  `date` datetime default NULL,
  PRIMARY KEY  (`idx_unavailable`)
) ENGINE=MyISAM DEFAULT CHARSET=latin1;

--
-- Dumping data for table `idx_unavailable`
--


--
-- Table structure for table `idx_unavailable_latest`
--

CREATE TABLE `idx_unavailable_latest` (
  `idx_link` int(11) default NULL,
  `record_execution` int(11) default NULL
) ENGINE=MyISAM DEFAULT CHARSET=latin1;

--
-- Dumping data for table `idx_unavailable_latest`
--


--
-- Table structure for table `idx_votes`
--

CREATE TABLE `idx_votes` (
  `link_id` mediumint(9) NOT NULL default '0',
  `ip` varchar(100) default NULL,
  `value` tinyint(4) default NULL
) ENGINE=MyISAM DEFAULT CHARSET=latin1;

--
-- Dumping data for table `idx_votes`
--



