--
-- Host: fixx.co    Database: fixx_fix
-- ------------------------------------------------------


--
-- Table structure for table `directory_save_data`
--

CREATE TABLE `directory_save_data` (
  `id` bigint(100) NOT NULL AUTO_INCREMENT,
  `schedule_id` bigint(100) NOT NULL,
  `project_id` bigint(100) NOT NULL,
  `link_id` bigint(100) NOT NULL,
  `confirm_link` text NOT NULL,
  `category_id` int(10) NOT NULL,
  `category_name` varchar(150) NOT NULL,
  PRIMARY KEY (`id`)
) ENGINE=InnoDB DEFAULT CHARSET=latin1;

--
-- Dumping data for table `directory_save_data`
--


--
-- Table structure for table `idx_admin_menu`
--

CREATE TABLE `idx_admin_menu` (
  `menu_id` int(11) NOT NULL AUTO_INCREMENT,
  `parent_id` int(11) DEFAULT NULL,
  `menu_title` varchar(255) DEFAULT NULL,
  `menu_url` varchar(255) DEFAULT NULL,
  `order_number` int(11) DEFAULT NULL,
  PRIMARY KEY (`menu_id`)
) ENGINE=MyISAM AUTO_INCREMENT=85 DEFAULT CHARSET=latin1;

--
-- Dumping data for table `idx_admin_menu`
--



--
-- Table structure for table `idx_bad_link`
--

CREATE TABLE `idx_bad_link` (
  `bad_link_id` mediumint(9) unsigned NOT NULL AUTO_INCREMENT,
  `link_id` mediumint(9) unsigned NOT NULL DEFAULT '0',
  `name` varchar(50) NOT NULL DEFAULT '',
  `email` varchar(50) NOT NULL DEFAULT '',
  `type` tinyint(3) unsigned NOT NULL DEFAULT '0',
  `date` date NOT NULL DEFAULT '0000-00-00',
  PRIMARY KEY (`bad_link_id`)
) ENGINE=MyISAM DEFAULT CHARSET=latin1;

--
-- Dumping data for table `idx_bad_link`
--


--
-- Table structure for table `idx_badwords`
--

CREATE TABLE `idx_badwords` (
  `word` varchar(100) NOT NULL DEFAULT ''
) ENGINE=MyISAM DEFAULT CHARSET=latin1;

--
-- Dumping data for table `idx_badwords`
--


--
-- Table structure for table `idx_blocked_domain`
--

CREATE TABLE `idx_blocked_domain` (
  `blocked_id` int(11) NOT NULL AUTO_INCREMENT,
  `blocked` varchar(255) DEFAULT NULL,
  `type` enum('domain','ip') DEFAULT NULL,
  PRIMARY KEY (`blocked_id`)
) ENGINE=MyISAM AUTO_INCREMENT=6 DEFAULT CHARSET=latin1;

--
-- Dumping data for table `idx_blocked_domain`
--

INSERT INTO `idx_blocked_domain` VALUES (1,'buydomains.com','domain'),(2,'this-domain-for-sale.com ','domain'),(3,'oversee.net','domain'),(4,'eNom','domain'),(5,'sedoparking.com','domain');

--
-- Table structure for table `idx_category`
--

CREATE TABLE `idx_category` (
  `category_id` mediumint(9) unsigned NOT NULL AUTO_INCREMENT,
  `parent_id` mediumint(9) unsigned NOT NULL DEFAULT '0',
  `name` varchar(100) NOT NULL DEFAULT '',
  `description` text NOT NULL,
  `image` varchar(100) DEFAULT NULL,
  `content` text,
  `visible` char(1) DEFAULT NULL,
  `links` mediumint(9) DEFAULT NULL,
  `meta_keyword` text,
  `meta_description` text,
  `permission` char(2) DEFAULT NULL,
  `registered_only` char(1) DEFAULT NULL,
  `header` text NOT NULL,
  `footer` text NOT NULL,
  `related` mediumint(6) NOT NULL DEFAULT '0',
  `page_title` varchar(200) NOT NULL DEFAULT '',
  `hits` int(11) NOT NULL DEFAULT '0',
  `order_num` smallint(6) NOT NULL DEFAULT '0',
  `basic_price` double unsigned NOT NULL DEFAULT '0',
  `premium_price` double unsigned NOT NULL DEFAULT '0',
  `sponsored_price` double unsigned NOT NULL DEFAULT '0',
  PRIMARY KEY (`category_id`)
) ENGINE=MyISAM AUTO_INCREMENT=36 DEFAULT CHARSET=latin1;

--
-- Dumping data for table `idx_category`
--

INSERT INTO `idx_category` VALUES (1,0,'Arts & Humanities','','folder.gif','','1',5,'','','1','0','','',0,'',0,0,0,0,0),(2,0,'Automobile industry','','folder.gif','','1',19,'','','1','0','','',0,'',0,0,0,0,0),(3,0,'Business & Economy','','folder.gif','','1',50,'','','1','0','','',0,'',0,0,0,0,0),(4,0,'Careers','','folder.gif','','1',1,'','','1','0','','',0,'',0,0,0,0,0),(5,0,'Clothing & Fashion','','folder.gif','','1',5,'','','1','0','','',0,'',0,0,0,0,0),(6,0,'Mass Communications','','folder.gif','','1',5,'','','1','0','','',0,'',0,0,0,0,0),(7,0,'Computers & IT','','folder.gif','','1',10,'','','1','0','','',0,'',0,0,0,0,0),(8,0,'Construction Services','','folder.gif','','1',46,'','','1','0','','',0,'',0,0,0,0,0),(9,0,'Dental Health','','folder.gif','','1',19,'','','1','0','','',0,'',0,0,0,0,0),(10,0,'Education & Training','','folder.gif','','1',9,'','','1','0','','',0,'',0,0,0,0,0),(11,0,'Employment Services','','folder.gif','','1',1,'','','1','0','','',0,'',0,0,0,0,0),(12,0,'Gift Baskets','','folder.gif','','1',5,'','','1','0','','',0,'',0,0,0,0,0),(13,0,'Hardware & Software Services','','folder.gif','','1',2,'','','1','0','','',0,'',0,0,0,0,0),(14,0,'Health & Medical','','folder.gif','','1',0,'','','1','0','','',0,'',0,0,0,0,0),(15,0,'Healthcare Related','','folder.gif','','1',76,'','','1','0','','',0,'',0,0,0,0,0),(16,0,'Air Conditioning & Heating','','folder.gif','','1',23,'','','1','0','','',0,'',0,0,0,0,0),(17,0,'Home & Garden Decor','','folder.gif','','1',0,'','','1','0','','',0,'',0,0,0,0,0),(18,0,'Home Improvement Services','','folder.gif','','1',249,'','','1','0','','',0,'',0,0,0,0,0),(19,0,'Hotels & Resorts','','folder.gif','','1',12,'','','1','0','','',0,'',0,0,0,0,0),(20,0,'Insurance Services','','folder.gif','','1',19,'','','1','0','','',0,'',0,0,0,0,0),(21,0,'Law & Legal','','folder.gif','','1',0,'','','1','0','','',0,'',0,0,0,0,0),(22,0,'Lawyers & Attorneys','','folder.gif','','1',91,'','','1','0','','',0,'',0,0,0,0,0),(23,0,'Lifestyle & Society','','folder.gif','','1',2,'','','1','0','','',0,'',0,0,0,0,0),(24,0,'Medicine & Surgery','','folder.gif','','1',6,'','','1','0','','',0,'',0,0,0,0,0),(25,0,'Finance & Investment','','folder.gif','','1',8,'','','1','0','','',0,'',0,0,0,0,0),(26,0,'News & Media','','folder.gif','','1',1,'','','1','0','','',0,'',0,0,0,0,0),(27,0,'Plumbing Contractors','','folder.gif','','1',22,'','','1','0','','',0,'',0,0,0,0,0),(28,0,'Real Estate & Property','','folder.gif','','1',15,'','','1','0','','',0,'',0,0,0,0,0),(29,0,'Science ','','folder.gif','','1',6,'','','1','0','','',0,'',0,0,0,0,0),(30,0,'SEO & SMO Services','','folder.gif','','1',14,'','','1','0','','',0,'',0,0,0,0,0),(31,0,'Shopping and Sales','','folder.gif','','1',26,'','','1','0','','',0,'',0,0,0,0,0),(32,0,'Sports & Recreation','','folder.gif','','1',0,'','','1','0','','',0,'',0,0,0,0,0),(33,0,'Transportation Services','','folder.gif','','1',22,'','','1','0','','',0,'',0,0,0,0,0),(34,0,'Travel & Tour','','folder.gif','','1',9,'','','1','0','','',0,'',0,0,0,0,0),(35,0,'Weddings','','folder.gif','','1',6,'','','1','0','','',0,'',0,0,0,0,0);

--
-- Table structure for table `idx_category_path`
--

CREATE TABLE `idx_category_path` (
  `category_id` mediumint(9) NOT NULL DEFAULT '0',
  `path` text,
  `path_with_url` text,
  `parents` text,
  PRIMARY KEY (`category_id`)
) ENGINE=MyISAM DEFAULT CHARSET=latin1;

--
-- Dumping data for table `idx_category_path`
--

INSERT INTO `idx_category_path` VALUES (1,'Arts & Humanities','<a href=\"http://fixx.co/arts-humanities/\" name=\"cat_1\" style=\"\">Arts & Humanities</a>',';0;'),(2,'Automobile industry','<a href=\"http://fixx.co/automobile-industry/\" name=\"cat_2\" style=\"\">Automobile industry</a>',';0;'),(3,'Business & Economy','<a href=\"http://fixx.co/business-economy/\" name=\"cat_3\" style=\"\">Business & Economy</a>',';0;'),(4,'Careers','<a href=\"http://fixx.co/careers/\" name=\"cat_4\" style=\"\">Careers</a>',';0;'),(5,'Clothing & Fashion','<a href=\"http://fixx.co/clothing-fashion/\" name=\"cat_5\" style=\"\">Clothing & Fashion</a>',';0;'),(6,'Mass Communications','<a href=\"http://fixx.co/mass-communications/\" name=\"cat_6\" style=\"\">Mass Communications</a>',';0;'),(7,'Computers & IT','<a href=\"http://fixx.co/computers-it/\" name=\"cat_7\" style=\"\">Computers & IT</a>',';0;'),(8,'Construction Services','<a href=\"http://fixx.co/construction-services/\" name=\"cat_8\" style=\"\">Construction Services</a>',';0;'),(9,'Dental Health','<a href=\"http://fixx.co/dental-health/\" name=\"cat_9\" style=\"\">Dental Health</a>',';0;'),(10,'Education & Training','<a href=\"http://fixx.co/education-training/\" name=\"cat_10\" style=\"\">Education & Training</a>',';0;'),(11,'Employment Services','<a href=\"http://fixx.co/employment-services/\" name=\"cat_11\" style=\"\">Employment Services</a>',';0;'),(12,'Gift Baskets','<a href=\"http://fixx.co/gift-baskets/\" name=\"cat_12\" style=\"\">Gift Baskets</a>',';0;'),(13,'Hardware & Software Services','<a href=\"http://fixx.co/hardware-software-services/\" name=\"cat_13\" style=\"\">Hardware & Software Services</a>',';0;'),(14,'Health & Medical','<a href=\"http://fixx.co/health-medical/\" name=\"cat_14\" style=\"\">Health & Medical</a>',';0;'),(15,'Healthcare Related','<a href=\"http://fixx.co/healthcare-related/\" name=\"cat_15\" style=\"\">Healthcare Related</a>',';0;'),(16,'Air Conditioning & Heating','<a href=\"http://fixx.co/air-conditioning-heating/\" name=\"cat_16\" style=\"\">Air Conditioning & Heating</a>',';0;'),(17,'Home & Garden Decor','<a href=\"http://fixx.co/home-garden-decor/\" name=\"cat_17\" style=\"\">Home & Garden Decor</a>',';0;'),(18,'Home Improvement Services','<a href=\"http://fixx.co/home-improvement-services/\" name=\"cat_18\" style=\"\">Home Improvement Services</a>',';0;'),(19,'Hotels & Resorts','<a href=\"http://fixx.co/hotels-resorts/\" name=\"cat_19\" style=\"\">Hotels & Resorts</a>',';0;'),(20,'Insurance Services','<a href=\"http://fixx.co/insurance-services/\" name=\"cat_20\" style=\"\">Insurance Services</a>',';0;'),(21,'Law & Legal','<a href=\"http://fixx.co/law-legal/\" name=\"cat_21\" style=\"\">Law & Legal</a>',';0;'),(22,'Lawyers & Attorneys','<a href=\"http://fixx.co/lawyers-attorneys/\" name=\"cat_22\" style=\"\">Lawyers & Attorneys</a>',';0;'),(23,'Lifestyle & Society','<a href=\"http://fixx.co/lifestyle-society/\" name=\"cat_23\" style=\"\">Lifestyle & Society</a>',';0;'),(24,'Medicine & Surgery','<a href=\"http://fixx.co/medicine-surgery/\" name=\"cat_24\" style=\"\">Medicine & Surgery</a>',';0;'),(25,'Finance & Investment','<a href=\"http://fixx.co/finance-investment/\" name=\"cat_25\" style=\"\">Finance & Investment</a>',';0;'),(26,'News & Media','<a href=\"http://fixx.co/news-media/\" name=\"cat_26\" style=\"\">News & Media</a>',';0;'),(27,'Plumbing Contractors','<a href=\"http://fixx.co/plumbing-contractors/\" name=\"cat_27\" style=\"\">Plumbing Contractors</a>',';0;'),(28,'Real Estate & Property','<a href=\"http://fixx.co/real-estate-property/\" name=\"cat_28\" style=\"\">Real Estate & Property</a>',';0;'),(29,'Science ','<a href=\"http://fixx.co/science/\" name=\"cat_29\" style=\"\">Science </a>',';0;'),(30,'SEO & SMO Services','<a href=\"http://fixx.co/seo-smo-services/\" name=\"cat_30\" style=\"\">SEO & SMO Services</a>',';0;'),(31,'Shopping and Sales','<a href=\"http://fixx.co/shopping-and-sales/\" name=\"cat_31\" style=\"\">Shopping and Sales</a>',';0;'),(32,'Sports & Recreation','<a href=\"http://fixx.co/sports-recreation/\" name=\"cat_32\" style=\"\">Sports & Recreation</a>',';0;'),(33,'Transportation Services','<a href=\"http://fixx.co/transportation-services/\" name=\"cat_33\" style=\"\">Transportation Services</a>',';0;'),(34,'Travel & Tour','<a href=\"http://fixx.co/travel-tour/\" name=\"cat_34\" style=\"\">Travel & Tour</a>',';0;'),(35,'Weddings','<a href=\"http://fixx.co/weddings/\" name=\"cat_35\" style=\"\">Weddings</a>',';0;');

--
-- Table structure for table `idx_category_suggession`
--

CREATE TABLE `idx_category_suggession` (
  `id_cat_suggession` int(11) NOT NULL AUTO_INCREMENT,
  `parent_id` int(11) DEFAULT NULL,
  `name` varchar(255) DEFAULT NULL,
  `category_description` text,
  `date` datetime DEFAULT NULL,
  PRIMARY KEY (`id_cat_suggession`)
) ENGINE=MyISAM DEFAULT CHARSET=latin1;

--
-- Dumping data for table `idx_category_suggession`
--


--
-- Table structure for table `idx_checkurl`
--

CREATE TABLE `idx_checkurl` (
  `link_id` mediumint(9) NOT NULL DEFAULT '0',
  `date` date NOT NULL DEFAULT '0000-00-00',
  `live` char(1) NOT NULL DEFAULT '',
  `reciprocal_found` char(1) NOT NULL DEFAULT '',
  PRIMARY KEY (`link_id`)
) ENGINE=MyISAM DEFAULT CHARSET=latin1;

--
-- Dumping data for table `idx_checkurl`
--


--
-- Table structure for table `idx_cronjobs`
--

CREATE TABLE `idx_cronjobs` (
  `cronjobs_id` int(11) NOT NULL AUTO_INCREMENT,
  `cronjobs_name` varchar(255) DEFAULT NULL,
  `filename` varchar(255) NOT NULL,
  `schedule` varchar(255) NOT NULL,
  `time` datetime NOT NULL,
  `execution` varchar(1) NOT NULL,
  PRIMARY KEY (`cronjobs_id`)
) ENGINE=MyISAM AUTO_INCREMENT=4 DEFAULT CHARSET=latin1;

--
-- Dumping data for table `idx_cronjobs`
--

INSERT INTO `idx_cronjobs` VALUES (1,NULL,'clear_templates_c.php','1,*,*,*,*','0000-00-00 00:00:00',''),(2,NULL,'update_tag_cloud.php','*,24,*,*,*','0000-00-00 00:00:00',''),(3,NULL,'clear_rss_cache.php','*,24,*,*,*','0000-00-00 00:00:00','');

--
-- Table structure for table `idx_custom_field`
--

CREATE TABLE `idx_custom_field` (
  `field_name` varchar(32) NOT NULL DEFAULT '',
  `field_text` varchar(64) NOT NULL DEFAULT '',
  `field_type` enum('TEXT','TEXTAREA','SELECT','MULTISELECT','CHECKBOX','RADIO','FILE','IMAGE','DATE','DATETIME','RICHEDITOR') NOT NULL DEFAULT 'TEXT',
  `field_option` text NOT NULL,
  `field_img_width` int(10) unsigned NOT NULL DEFAULT '0',
  `field_img_height` int(10) unsigned NOT NULL DEFAULT '0',
  `field_file_size` int(10) unsigned NOT NULL DEFAULT '0',
  `field_file_extension` varchar(64) NOT NULL DEFAULT '',
  `required` char(1) NOT NULL DEFAULT '0',
  `searchable` char(1) NOT NULL DEFAULT '1',
  `permission` char(1) NOT NULL DEFAULT '0'
) ENGINE=MyISAM DEFAULT CHARSET=latin1;

--
-- Dumping data for table `idx_custom_field`
--

INSERT INTO `idx_custom_field` VALUES ('image','Image','IMAGE','',0,0,0,'','0','0','2'),('address','Address','TEXT','',0,0,0,'','0','0','0'),('city','City','TEXT','',0,0,0,'','0','0','0'),('state','State','TEXT','',0,0,0,'','0','0','0'),('country','Country','TEXT','',0,0,0,'','0','0','0'),('zip','Zip','TEXT','',0,0,0,'','0','0','0'),('phone','Phone','TEXT','',0,0,0,'','0','0','0'),('fax','Fax','TEXT','',0,0,0,'','0','0','0');

--
-- Table structure for table `idx_default_field`
--

CREATE TABLE `idx_default_field` (
  `field_name` varchar(64) NOT NULL,
  `required` char(1) NOT NULL,
  `visible` char(1) NOT NULL DEFAULT '1',
  `searchable` char(1) NOT NULL DEFAULT '1'
) ENGINE=MyISAM DEFAULT CHARSET=latin1;

--
-- Dumping data for table `idx_default_field`
--

INSERT INTO `idx_default_field` VALUES ('title','1','1','1'),('url','1','1','1'),('description','1','1','1'),('keywords','1','1','0'),('contact_name','1','1','1'),('email','1','1','1'),('reciprocal_url','0','0','1');

--
-- Table structure for table `idx_discount_coupon`
--

CREATE TABLE `idx_discount_coupon` (
  `coupon_id` int(11) NOT NULL AUTO_INCREMENT,
  `coupon_code` varchar(255) DEFAULT NULL,
  `coupon_value` varchar(50) DEFAULT NULL,
  `link_type` varchar(255) DEFAULT NULL,
  `start_date` date DEFAULT NULL,
  `expired_date` date DEFAULT NULL,
  `expired_usage` int(11) DEFAULT NULL,
  `usage_count` int(11) DEFAULT NULL,
  PRIMARY KEY (`coupon_id`)
) ENGINE=MyISAM DEFAULT CHARSET=latin1;

--
-- Dumping data for table `idx_discount_coupon`
--


--
-- Table structure for table `idx_editor`
--

CREATE TABLE `idx_editor` (
  `username` varchar(20) DEFAULT NULL,
  `category_id` mediumint(9) DEFAULT NULL,
  `category` char(1) DEFAULT NULL,
  `link` char(1) DEFAULT NULL,
  `review` char(1) DEFAULT NULL,
  `pick` char(1) DEFAULT NULL,
  `status` char(1) DEFAULT NULL,
  `date` date DEFAULT NULL
) ENGINE=MyISAM DEFAULT CHARSET=latin1;

--
-- Dumping data for table `idx_editor`
--


--
-- Table structure for table `idx_email_template`
--

CREATE TABLE `idx_email_template` (
  `email_template_id` int(10) unsigned NOT NULL AUTO_INCREMENT,
  `name` varchar(255) DEFAULT NULL,
  `subject` varchar(255) DEFAULT NULL,
  `body` text,
  `altbody` text,
  PRIMARY KEY (`email_template_id`)
) ENGINE=MyISAM AUTO_INCREMENT=37 DEFAULT CHARSET=latin1;

--
-- Dumping data for table `idx_email_template`
--



--
-- Table structure for table `idx_favorites`
--

CREATE TABLE `idx_favorites` (
  `favorite_id` int(11) NOT NULL AUTO_INCREMENT,
  `username` varchar(20) DEFAULT NULL,
  `date` date DEFAULT NULL,
  `title` varchar(100) DEFAULT NULL,
  `description` text,
  PRIMARY KEY (`favorite_id`)
) ENGINE=MyISAM DEFAULT CHARSET=latin1;

--
-- Dumping data for table `idx_favorites`
--


--
-- Table structure for table `idx_favorites_detail`
--

CREATE TABLE `idx_favorites_detail` (
  `favorite_id` int(11) DEFAULT NULL,
  `link_id` mediumint(9) DEFAULT NULL
) ENGINE=MyISAM DEFAULT CHARSET=latin1;

--
-- Dumping data for table `idx_favorites_detail`
--


--
-- Table structure for table `idx_hook_place`
--

CREATE TABLE `idx_hook_place` (
  `hook_place_id` int(11) NOT NULL AUTO_INCREMENT,
  `filename` varchar(255) DEFAULT NULL,
  `hookname` varchar(255) DEFAULT NULL,
  PRIMARY KEY (`hook_place_id`)
) ENGINE=MyISAM DEFAULT CHARSET=latin1;

--
-- Dumping data for table `idx_hook_place`
--


--
-- Table structure for table `idx_invoice`
--

CREATE TABLE `idx_invoice` (
  `invoice_id` varchar(10) NOT NULL DEFAULT '',
  `invoice_date` date DEFAULT NULL,
  `due_date` date DEFAULT NULL,
  `invoiced_to` text,
  `service` varchar(255) DEFAULT NULL,
  `description` text,
  `total` double(8,2) DEFAULT NULL,
  `comment` text,
  `paid` char(1) DEFAULT NULL,
  `paid_date` date DEFAULT NULL,
  `email` varchar(255) DEFAULT NULL,
  PRIMARY KEY (`invoice_id`)
) ENGINE=MyISAM DEFAULT CHARSET=latin1;

--
-- Dumping data for table `idx_invoice`
--


--
-- Table structure for table `idx_invoice_config`
--

CREATE TABLE `idx_invoice_config` (
  `company` varchar(255) DEFAULT NULL,
  `contact` varchar(255) DEFAULT NULL,
  `address` text,
  `phone` varchar(255) DEFAULT NULL,
  `email` varchar(255) DEFAULT NULL,
  `currency_symbol` varchar(255) DEFAULT '$',
  `currency_code` varchar(255) DEFAULT 'USD'
) ENGINE=MyISAM DEFAULT CHARSET=latin1;

--
-- Dumping data for table `idx_invoice_config`
--

INSERT INTO `idx_invoice_config` VALUES ('Your website / Company','Billing Department','Your address','Your phone #','Billing<name@yourdomain.com>','$','USD');

--
-- Table structure for table `idx_link_temp`
--

CREATE TABLE `idx_link_temp` (
  `vid` mediumint(9) unsigned NOT NULL AUTO_INCREMENT,
  `spam` char(1) NOT NULL DEFAULT '0',
  `link_id` mediumint(9) DEFAULT NULL,
  `category_id` mediumint(9) unsigned NOT NULL DEFAULT '0',
  `title` varchar(100) NOT NULL DEFAULT '',
  `url` text NOT NULL,
  `description` text NOT NULL,
  `contact_name` varchar(100) NOT NULL DEFAULT '',
  `email` varchar(100) NOT NULL DEFAULT '',
  `hits` mediumint(9) DEFAULT NULL,
  `votes` smallint(6) DEFAULT NULL,
  `rating` float(4,2) DEFAULT NULL,
  `date` datetime NOT NULL DEFAULT '0000-00-00 00:00:00',
  `bid` smallint(6) NOT NULL DEFAULT '0',
  `new` char(1) DEFAULT NULL,
  `hot` char(1) DEFAULT NULL,
  `top_rated` char(1) DEFAULT NULL,
  `pick` char(1) DEFAULT NULL,
  `password` varchar(20) DEFAULT NULL,
  `updated` char(1) DEFAULT NULL,
  `reviews` smallint(6) DEFAULT NULL,
  `avg_review` float(4,2) DEFAULT NULL,
  `last_updated` datetime DEFAULT NULL,
  `official_review` text,
  `keywords` varchar(255) DEFAULT NULL,
  `cat1` mediumint(6) NOT NULL DEFAULT '0',
  `cat2` mediumint(6) NOT NULL DEFAULT '0',
  `suspended` char(1) NOT NULL DEFAULT '0',
  `reciprocal_url` varchar(255) DEFAULT NULL,
  `address` varchar(255) DEFAULT NULL,
  `city` varchar(255) DEFAULT NULL,
  `state` varchar(255) DEFAULT NULL,
  `country` varchar(255) DEFAULT NULL,
  `zip` varchar(255) DEFAULT NULL,
  `image` varchar(255) DEFAULT NULL,
  `phone` varchar(255) DEFAULT NULL,
  `fax` varchar(255) DEFAULT NULL,
  PRIMARY KEY (`vid`)
) ENGINE=MyISAM DEFAULT CHARSET=latin1;

--
-- Dumping data for table `idx_link_temp`
--


--
-- Table structure for table `idx_link_temp_user`
--

CREATE TABLE `idx_link_temp_user` (
  `vid` mediumint(9) unsigned NOT NULL DEFAULT '0',
  `username` varchar(20) NOT NULL DEFAULT '',
  PRIMARY KEY (`vid`)
) ENGINE=MyISAM DEFAULT CHARSET=latin1;

--
-- Dumping data for table `idx_link_temp_user`
--


--
-- Table structure for table `idx_link_user`
--

CREATE TABLE `idx_link_user` (
  `link_id` mediumint(9) unsigned NOT NULL DEFAULT '0',
  `username` varchar(20) NOT NULL DEFAULT '',
  PRIMARY KEY (`link_id`)
) ENGINE=MyISAM DEFAULT CHARSET=latin1;

--
-- Dumping data for table `idx_link_user`
--


--
-- Table structure for table `idx_mailing_list`
--

CREATE TABLE `idx_mailing_list` (
  `email` varchar(50) NOT NULL DEFAULT '',
  `code` varchar(4) DEFAULT NULL,
  `status` char(1) DEFAULT NULL,
  PRIMARY KEY (`email`)
) ENGINE=MyISAM DEFAULT CHARSET=latin1;

--
-- Dumping data for table `idx_mailing_list`
--


--
-- Table structure for table `idx_message`
--

CREATE TABLE `idx_message` (
  `message_id` smallint(6) NOT NULL AUTO_INCREMENT,
  `date` date DEFAULT NULL,
  `body` text,
  `subject` varchar(100) DEFAULT NULL,
  PRIMARY KEY (`message_id`)
) ENGINE=MyISAM DEFAULT CHARSET=latin1;

--
-- Dumping data for table `idx_message`
--


--
-- Table structure for table `idx_notification`
--

CREATE TABLE `idx_notification` (
  `username` varchar(20) NOT NULL DEFAULT '',
  `category_id` mediumint(9) NOT NULL DEFAULT '0'
) ENGINE=MyISAM DEFAULT CHARSET=latin1;

--
-- Dumping data for table `idx_notification`
--


--
-- Table structure for table `idx_pagerank`
--

CREATE TABLE `idx_pagerank` (
  `link_id` mediumint(8) unsigned NOT NULL DEFAULT '0',
  `engine` char(1) NOT NULL DEFAULT '',
  `rank` tinyint(4) NOT NULL DEFAULT '0',
  `last_update` date NOT NULL DEFAULT '0000-00-00',
  PRIMARY KEY (`link_id`,`engine`)
) ENGINE=MyISAM DEFAULT CHARSET=latin1;

--
-- Dumping data for table `idx_pagerank`
--

INSERT INTO `idx_pagerank` VALUES (4991,'g',0,'2011-10-12'),(4992,'g',0,'2011-10-12'),(4993,'g',0,'2011-10-12'),(4994,'g',0,'2011-10-12'),(4995,'g',0,'2011-10-12'),(4997,'g',0,'2011-10-12'),(4998,'g',0,'2011-10-12'),(60,'g',0,'2011-11-30'),(91,'g',0,'2011-11-30'),(64,'g',0,'2011-11-30'),(123,'g',0,'2011-11-30'),(149,'g',0,'2011-11-30'),(156,'g',0,'2011-11-30'),(185,'g',0,'2011-11-30'),(191,'g',0,'2011-11-30'),(112,'g',0,'2011-11-30'),(33,'g',0,'2011-11-30'),(106,'g',0,'2011-12-01'),(13,'g',0,'2011-12-01'),(494,'g',0,'2011-12-01'),(93,'g',0,'2011-12-01'),(409,'g',0,'2011-12-01'),(318,'g',0,'2011-12-01'),(272,'g',0,'2011-12-01'),(8,'g',0,'2011-12-01'),(70,'g',0,'2011-12-01'),(78,'g',0,'2011-12-01'),(258,'g',0,'2011-12-01'),(87,'g',0,'2011-12-01'),(101,'g',0,'2011-12-01'),(480,'g',0,'2011-12-01'),(79,'g',0,'2011-12-01'),(57,'g',0,'2011-12-01'),(81,'g',0,'2011-12-01'),(71,'g',0,'2011-12-01'),(82,'g',0,'2011-12-01'),(210,'g',0,'2011-12-01'),(435,'g',0,'2011-12-01'),(241,'g',0,'2011-12-01'),(158,'g',0,'2011-12-01'),(25,'g',0,'2011-12-01'),(347,'g',0,'2011-12-01'),(177,'g',0,'2011-12-01'),(373,'g',0,'2011-12-01'),(52,'g',0,'2011-12-01'),(11,'g',0,'2011-12-01'),(89,'g',0,'2011-12-01'),(21,'g',0,'2011-12-01'),(68,'g',0,'2011-12-01'),(58,'g',0,'2011-12-01'),(54,'g',0,'2011-12-01'),(37,'g',0,'2011-12-01'),(44,'g',0,'2011-12-01'),(39,'g',0,'2011-12-01'),(10,'g',0,'2011-12-01'),(205,'g',0,'2011-12-01'),(77,'g',0,'2011-12-01'),(163,'g',0,'2011-12-01'),(231,'g',0,'2011-12-01'),(213,'g',0,'2011-12-01'),(84,'g',0,'2011-12-01'),(233,'g',0,'2011-12-01'),(225,'g',0,'2011-12-01'),(117,'g',0,'2011-12-01'),(441,'g',0,'2011-12-01'),(27,'g',0,'2011-12-01'),(120,'g',0,'2011-12-01'),(219,'g',0,'2011-12-01'),(19,'g',0,'2011-12-01'),(49,'g',0,'2011-12-01'),(259,'g',0,'2011-12-01'),(331,'g',0,'2011-12-01'),(336,'g',0,'2011-12-01'),(261,'g',0,'2011-12-01'),(155,'g',0,'2011-12-01'),(146,'g',0,'2011-12-01'),(174,'g',0,'2011-12-01'),(20,'g',0,'2011-12-01'),(328,'g',0,'2011-12-01'),(124,'g',0,'2011-12-01'),(360,'g',0,'2011-12-01'),(128,'g',0,'2011-12-02'),(144,'g',0,'2011-12-02'),(371,'g',0,'2011-12-02'),(119,'g',0,'2011-12-02'),(340,'g',0,'2011-12-02'),(130,'g',0,'2011-12-02'),(135,'g',0,'2011-12-02'),(153,'g',0,'2011-12-02'),(157,'g',0,'2011-12-02'),(455,'g',0,'2011-12-02'),(38,'g',0,'2011-12-02'),(432,'g',0,'2011-12-02'),(133,'g',0,'2011-12-02'),(238,'g',0,'2011-12-02'),(374,'g',0,'2011-12-02'),(116,'g',0,'2011-12-02'),(88,'g',0,'2011-12-02'),(18,'g',0,'2011-12-02'),(338,'g',0,'2011-12-02'),(85,'g',0,'2011-12-02'),(92,'g',0,'2011-12-02'),(26,'g',0,'2011-12-02'),(189,'g',0,'2011-12-02'),(36,'g',0,'2011-12-02'),(50,'g',0,'2011-12-02'),(114,'g',0,'2011-12-02'),(221,'g',0,'2011-12-02'),(151,'g',0,'2011-12-02'),(167,'g',0,'2011-12-02'),(29,'g',0,'2011-12-02'),(308,'g',0,'2011-12-02'),(138,'g',0,'2011-12-02'),(211,'g',0,'2011-12-02'),(3,'g',0,'2011-12-02'),(486,'g',0,'2011-12-02'),(14,'g',0,'2011-12-02'),(131,'g',0,'2011-12-02'),(234,'g',0,'2011-12-02'),(212,'g',0,'2011-12-02'),(433,'g',0,'2011-12-02'),(222,'g',0,'2011-12-02'),(45,'g',0,'2011-12-02'),(443,'g',0,'2011-12-02'),(350,'g',0,'2011-12-02'),(31,'g',0,'2011-12-02'),(4,'g',0,'2011-12-02'),(55,'g',0,'2011-12-02'),(224,'g',0,'2011-12-02'),(1,'g',0,'2011-12-02'),(32,'g',0,'2011-12-02'),(247,'g',0,'2011-12-02'),(41,'g',0,'2011-12-02'),(173,'g',0,'2011-12-02'),(160,'g',0,'2011-12-02'),(43,'g',0,'2011-12-02'),(15,'g',0,'2011-12-02'),(498,'g',0,'2011-12-02'),(24,'g',0,'2011-12-02'),(444,'g',0,'2011-12-02'),(134,'g',0,'2011-12-02'),(56,'g',0,'2011-12-02'),(107,'g',0,'2011-12-02'),(22,'g',0,'2011-12-02'),(17,'g',0,'2011-12-02'),(235,'g',0,'2011-12-02'),(175,'g',0,'2011-12-02'),(434,'g',0,'2011-12-02'),(96,'g',0,'2011-12-02'),(276,'g',0,'2011-12-02'),(170,'g',0,'2011-12-02'),(34,'g',0,'2011-12-02'),(59,'g',0,'2011-12-02'),(90,'g',0,'2011-12-02'),(256,'g',0,'2011-12-02'),(469,'g',0,'2011-12-02'),(136,'g',0,'2011-12-02'),(61,'g',0,'2011-12-02'),(382,'g',0,'2011-12-02'),(305,'g',0,'2011-12-02'),(99,'g',0,'2011-12-02'),(12,'g',0,'2011-12-02'),(9,'g',0,'2011-12-02'),(100,'g',0,'2011-12-02'),(5,'g',0,'2011-12-02'),(73,'g',0,'2011-12-02'),(6,'g',0,'2011-12-02'),(7,'g',0,'2011-12-02'),(98,'g',0,'2011-12-02'),(69,'g',0,'2011-12-02'),(53,'g',0,'2011-12-02'),(30,'g',0,'2011-12-02'),(40,'g',0,'2011-12-02'),(76,'g',0,'2011-12-02'),(46,'g',0,'2011-12-02'),(319,'g',0,'2011-12-02'),(86,'g',0,'2011-12-02'),(72,'g',0,'2011-12-02'),(23,'g',0,'2011-12-03'),(527,'g',0,'2011-12-03'),(16,'g',0,'2011-12-03'),(202,'g',0,'2011-12-03'),(48,'g',0,'2011-12-03'),(97,'g',0,'2011-12-03'),(47,'g',0,'2011-12-03'),(326,'g',0,'2011-12-03'),(42,'g',0,'2011-12-03'),(246,'g',0,'2011-12-03'),(166,'g',0,'2011-12-03'),(251,'g',0,'2011-12-03'),(28,'g',0,'2011-12-03'),(264,'g',0,'2011-12-03'),(245,'g',0,'2011-12-03'),(376,'g',0,'2011-12-03'),(456,'g',0,'2011-12-03'),(2,'g',0,'2011-12-03'),(468,'g',0,'2011-12-03'),(35,'g',0,'2011-12-03'),(51,'g',0,'2011-12-03'),(391,'g',0,'2011-12-03'),(126,'g',0,'2011-12-03'),(348,'g',0,'2011-12-03'),(115,'g',0,'2011-12-03'),(605,'g',0,'2012-03-04'),(743,'g',0,'2012-03-04'),(730,'g',0,'2011-12-07'),(676,'g',0,'2011-12-07'),(675,'g',0,'2011-12-07'),(728,'g',0,'2012-02-21'),(573,'g',0,'2012-01-10'),(614,'g',0,'2011-12-08'),(548,'g',0,'2011-12-08'),(738,'g',0,'2011-12-08'),(773,'g',0,'2011-12-08'),(583,'g',0,'2011-12-08'),(913,'g',0,'2011-12-08'),(633,'g',0,'2011-12-08'),(772,'g',0,'2012-01-15'),(570,'g',0,'2011-12-08'),(711,'g',0,'2011-12-08'),(722,'g',0,'2011-12-08'),(563,'g',0,'2011-12-08'),(677,'g',0,'2012-01-28'),(596,'g',0,'2011-12-09'),(80,'g',0,'2011-12-09'),(83,'g',0,'2011-12-09'),(95,'g',0,'2011-12-09'),(63,'g',0,'2011-12-09'),(62,'g',0,'2011-12-09'),(66,'g',0,'2011-12-09'),(109,'g',0,'2011-12-09'),(110,'g',0,'2011-12-09'),(132,'g',0,'2011-12-09'),(108,'g',0,'2011-12-09'),(683,'g',0,'2011-12-09'),(830,'g',0,'2011-12-09'),(540,'g',0,'2011-12-09'),(710,'g',0,'2012-01-15'),(571,'g',0,'2011-12-09'),(685,'g',0,'2011-12-09'),(594,'g',0,'2011-12-09'),(75,'g',0,'2011-12-09'),(74,'g',0,'2011-12-09'),(67,'g',0,'2011-12-09'),(94,'g',0,'2011-12-09'),(65,'g',0,'2011-12-09'),(154,'g',0,'2011-12-09'),(111,'g',0,'2011-12-09'),(139,'g',0,'2011-12-09'),(143,'g',0,'2011-12-09'),(118,'g',0,'2011-12-09'),(180,'g',0,'2011-12-09'),(196,'g',0,'2011-12-09'),(159,'g',0,'2011-12-09'),(193,'g',0,'2011-12-09'),(181,'g',0,'2011-12-09'),(178,'g',0,'2011-12-09'),(184,'g',0,'2011-12-09'),(172,'g',0,'2011-12-09'),(161,'g',0,'2011-12-09'),(171,'g',0,'2011-12-09'),(204,'g',0,'2011-12-09'),(323,'g',0,'2011-12-09'),(206,'g',0,'2011-12-09'),(250,'g',0,'2011-12-09'),(232,'g',0,'2011-12-09'),(306,'g',0,'2011-12-09'),(330,'g',0,'2011-12-09'),(270,'g',0,'2011-12-09'),(207,'g',0,'2011-12-09'),(242,'g',0,'2011-12-09'),(278,'g',0,'2011-12-10'),(281,'g',0,'2011-12-10'),(268,'g',0,'2011-12-10'),(280,'g',0,'2011-12-10'),(282,'g',0,'2011-12-10'),(265,'g',0,'2011-12-10'),(273,'g',0,'2011-12-10'),(277,'g',0,'2011-12-10'),(274,'g',0,'2011-12-10'),(279,'g',0,'2011-12-10'),(524,'g',0,'2011-12-10'),(556,'g',0,'2011-12-10'),(525,'g',0,'2011-12-10'),(522,'g',0,'2011-12-10'),(559,'g',0,'2011-12-10'),(562,'g',0,'2011-12-10'),(523,'g',0,'2011-12-10'),(538,'g',0,'2011-12-10'),(537,'g',0,'2011-12-10'),(584,'g',0,'2011-12-10'),(904,'g',0,'2011-12-11'),(909,'g',0,'2012-02-21'),(897,'g',0,'2011-12-11'),(907,'g',0,'2011-12-11'),(886,'g',0,'2011-12-11'),(903,'g',0,'2011-12-11'),(352,'g',0,'2011-12-11'),(389,'g',0,'2011-12-11'),(386,'g',0,'2011-12-11'),(405,'g',0,'2011-12-11'),(424,'g',0,'2011-12-11'),(446,'g',0,'2011-12-11'),(609,'g',0,'2012-03-07'),(227,'g',0,'2011-12-11'),(254,'g',0,'2011-12-11'),(786,'g',0,'2011-12-11'),(422,'g',0,'2011-12-11'),(575,'g',0,'2011-12-11'),(688,'g',0,'2011-12-11'),(795,'g',0,'2011-12-11'),(854,'g',0,'2011-12-12'),(853,'g',0,'2011-12-12'),(860,'g',0,'2011-12-12'),(861,'g',0,'2011-12-12'),(855,'g',0,'2011-12-12'),(856,'g',0,'2011-12-12'),(859,'g',0,'2011-12-12'),(857,'g',0,'2011-12-12'),(852,'g',0,'2011-12-12'),(858,'g',0,'2011-12-12'),(655,'g',0,'2012-02-16'),(632,'g',0,'2012-02-16'),(557,'g',0,'2012-01-24'),(719,'g',0,'2012-01-24'),(648,'g',0,'2012-02-16'),(588,'g',0,'2012-01-24'),(624,'g',0,'2012-01-24'),(595,'g',0,'2012-02-16'),(666,'g',0,'2012-02-16'),(546,'g',0,'2012-02-16'),(599,'g',0,'2011-12-12'),(667,'g',0,'2011-12-12'),(935,'g',0,'2011-12-12'),(962,'g',0,'2011-12-13'),(975,'g',0,'2011-12-13'),(985,'g',0,'2011-12-13'),(931,'g',0,'2011-12-13'),(977,'g',0,'2011-12-13'),(916,'g',0,'2011-12-13'),(966,'g',0,'2011-12-13'),(850,'g',0,'2011-12-13'),(849,'g',0,'2011-12-13'),(851,'g',0,'2011-12-13'),(848,'g',0,'2011-12-13'),(539,'g',0,'2012-02-08'),(534,'g',0,'2011-12-13'),(917,'g',0,'2012-02-21'),(895,'g',0,'2012-02-21'),(647,'g',0,'2011-12-13'),(741,'g',0,'2011-12-13'),(833,'g',0,'2011-12-13'),(673,'g',0,'2011-12-13'),(774,'g',0,'2011-12-13'),(832,'g',0,'2011-12-13'),(721,'g',0,'2011-12-13'),(684,'g',0,'2011-12-13'),(678,'g',0,'2011-12-13'),(963,'g',0,'2011-12-13'),(1011,'g',0,'2011-12-13'),(536,'g',0,'2011-12-13'),(657,'g',0,'2012-02-07'),(742,'g',0,'2011-12-13'),(532,'g',0,'2011-12-13'),(533,'g',0,'2011-12-13'),(686,'g',0,'2011-12-14'),(698,'g',0,'2011-12-14'),(894,'g',0,'2011-12-14'),(530,'g',0,'2011-12-14'),(699,'g',0,'2011-12-14'),(645,'g',0,'2011-12-14'),(642,'g',0,'2011-12-14'),(621,'g',0,'2011-12-14'),(660,'g',0,'2011-12-14'),(545,'g',0,'2012-02-01'),(635,'g',0,'2011-12-14'),(714,'g',0,'2011-12-14'),(834,'g',0,'2011-12-14'),(552,'g',0,'2011-12-14'),(959,'g',0,'2011-12-14'),(1007,'g',0,'2012-02-21'),(883,'g',0,'2011-12-14'),(617,'g',0,'2011-12-14'),(649,'g',0,'2011-12-14'),(576,'g',0,'2012-02-01'),(593,'g',0,'2011-12-14'),(607,'g',0,'2011-12-14'),(631,'g',0,'2011-12-14'),(674,'g',0,'2011-12-14'),(611,'g',0,'2011-12-14'),(732,'g',0,'2011-12-14'),(629,'g',0,'2011-12-14'),(794,'g',0,'2011-12-14'),(737,'g',0,'2011-12-15'),(600,'g',0,'2011-12-15'),(656,'g',0,'2011-12-15'),(598,'g',0,'2011-12-15'),(881,'g',0,'2011-12-15'),(718,'g',0,'2011-12-15'),(693,'g',0,'2011-12-15'),(692,'g',0,'2011-12-15'),(581,'g',0,'2012-02-01'),(708,'g',0,'2011-12-15'),(1033,'g',0,'2011-12-15'),(1014,'g',0,'2011-12-15'),(1025,'g',0,'2011-12-15'),(1023,'g',0,'2011-12-15'),(1010,'g',0,'2011-12-15'),(790,'g',0,'2011-12-15'),(696,'g',0,'2011-12-15'),(597,'g',0,'2011-12-15'),(835,'g',0,'2011-12-15'),(577,'g',0,'2011-12-15'),(671,'g',0,'2011-12-15'),(610,'g',0,'2011-12-15'),(879,'g',0,'2011-12-15'),(839,'g',0,'2011-12-15'),(706,'g',0,'2011-12-15'),(580,'g',0,'2011-12-15'),(836,'g',0,'2011-12-15'),(690,'g',0,'2011-12-15'),(578,'g',0,'2011-12-15'),(681,'g',0,'2011-12-15'),(528,'g',0,'2012-02-01'),(720,'g',0,'2011-12-15'),(679,'g',0,'2011-12-15'),(587,'g',0,'2011-12-15'),(544,'g',0,'2011-12-15'),(663,'g',0,'2011-12-15'),(736,'g',0,'2011-12-15'),(620,'g',0,'2011-12-15'),(905,'g',0,'2012-03-04'),(788,'g',0,'2011-12-15'),(898,'g',0,'2012-02-08'),(700,'g',0,'2011-12-15'),(574,'g',0,'2011-12-15'),(672,'g',0,'2011-12-15'),(604,'g',0,'2011-12-15'),(837,'g',0,'2011-12-15'),(715,'g',0,'2011-12-15'),(682,'g',0,'2011-12-15'),(781,'g',0,'2011-12-15'),(735,'g',0,'2011-12-15'),(626,'g',0,'2011-12-15'),(841,'g',0,'2011-12-15'),(691,'g',0,'2011-12-15'),(707,'g',0,'2011-12-15'),(582,'g',0,'2011-12-15'),(880,'g',0,'2011-12-15'),(709,'g',0,'2011-12-15'),(882,'g',0,'2011-12-15'),(591,'g',0,'2011-12-15'),(668,'g',0,'2011-12-15'),(654,'g',0,'2011-12-15'),(701,'g',0,'2011-12-15'),(579,'g',0,'2011-12-15'),(729,'g',0,'2011-12-16'),(1042,'g',0,'2011-12-16'),(940,'g',0,'2011-12-16'),(941,'g',0,'2011-12-16'),(831,'g',0,'2011-12-16'),(627,'g',0,'2011-12-16'),(636,'g',0,'2011-12-16'),(630,'g',0,'2011-12-16'),(704,'g',0,'2011-12-16'),(694,'g',0,'2011-12-16'),(639,'g',0,'2011-12-16'),(661,'g',0,'2011-12-16'),(619,'g',0,'2011-12-16'),(651,'g',0,'2011-12-16'),(771,'g',0,'2011-12-16'),(670,'g',0,'2011-12-16'),(787,'g',0,'2011-12-16'),(589,'g',0,'2011-12-16'),(697,'g',0,'2011-12-16'),(680,'g',0,'2011-12-16'),(712,'g',0,'2011-12-16'),(625,'g',0,'2011-12-16'),(665,'g',0,'2011-12-16'),(641,'g',0,'2011-12-16'),(716,'g',0,'2011-12-16'),(623,'g',0,'2011-12-16'),(567,'g',0,'2011-12-16'),(637,'g',0,'2011-12-16'),(687,'g',0,'2011-12-16'),(640,'g',0,'2011-12-16'),(791,'g',0,'2011-12-16'),(792,'g',0,'2011-12-16'),(970,'g',0,'2011-12-16'),(967,'g',0,'2011-12-16'),(1018,'g',0,'2011-12-16'),(1015,'g',0,'2011-12-16'),(988,'g',0,'2011-12-17'),(1036,'g',0,'2011-12-17'),(957,'g',0,'2011-12-17'),(939,'g',0,'2011-12-17'),(912,'g',0,'2011-12-17'),(1005,'g',0,'2011-12-17'),(531,'g',0,'2012-01-27'),(1008,'g',0,'2012-01-31'),(1022,'g',0,'2012-01-27'),(994,'g',0,'2011-12-17'),(972,'g',0,'2011-12-17'),(1004,'g',0,'2011-12-17'),(1037,'g',0,'2011-12-17'),(1020,'g',0,'2011-12-17'),(568,'g',0,'2011-12-17'),(615,'g',0,'2011-12-17'),(974,'g',0,'2011-12-17'),(606,'g',0,'2012-01-27'),(996,'g',0,'2011-12-17'),(960,'g',0,'2011-12-17'),(566,'g',0,'2012-01-27'),(1041,'g',0,'2011-12-17'),(1043,'g',0,'2012-01-27'),(989,'g',0,'2011-12-18'),(549,'g',0,'2012-01-27'),(541,'g',0,'2011-12-18'),(560,'g',0,'2011-12-18'),(1055,'g',0,'2011-12-19'),(1062,'g',0,'2011-12-20'),(653,'g',0,'2012-03-07'),(658,'g',0,'2011-12-21'),(659,'g',0,'2012-03-07'),(652,'g',0,'2011-12-21'),(612,'g',0,'2012-03-07'),(628,'g',0,'2011-12-21'),(1029,'g',0,'2011-12-21'),(1061,'g',0,'2011-12-21'),(1063,'g',0,'2011-12-21'),(1049,'g',0,'2012-01-31'),(1039,'g',0,'2012-01-31'),(643,'g',0,'2012-01-31'),(569,'g',0,'2012-01-31'),(644,'g',0,'2011-12-22'),(602,'g',0,'2012-01-31'),(1001,'g',0,'2012-01-31'),(616,'g',0,'2012-01-31'),(1000,'g',0,'2012-01-31'),(1003,'g',0,'2012-01-31'),(590,'g',0,'2011-12-22'),(908,'g',0,'2011-12-22'),(911,'g',0,'2011-12-22'),(899,'g',0,'2011-12-22'),(896,'g',0,'2011-12-23'),(934,'g',0,'2011-12-23'),(572,'g',0,'2011-12-23'),(892,'g',0,'2011-12-23'),(551,'g',0,'2011-12-23'),(910,'g',0,'2011-12-23'),(592,'g',0,'2011-12-23'),(550,'g',0,'2011-12-23'),(554,'g',0,'2011-12-23'),(920,'g',0,'2011-12-23'),(565,'g',0,'2011-12-23'),(1048,'g',0,'2011-12-23'),(918,'g',0,'2011-12-24'),(914,'g',0,'2011-12-24'),(930,'g',0,'2011-12-24'),(915,'g',0,'2011-12-24'),(927,'g',0,'2011-12-24'),(888,'g',0,'2011-12-24'),(890,'g',0,'2011-12-24'),(901,'g',0,'2011-12-24'),(1045,'g',0,'2011-12-24'),(928,'g',0,'2011-12-25'),(1032,'g',0,'2011-12-26'),(1053,'g',0,'2011-12-26'),(1035,'g',0,'2012-02-01'),(752,'g',0,'2011-12-27'),(757,'g',0,'2011-12-27'),(751,'g',0,'2011-12-27'),(755,'g',0,'2011-12-27'),(756,'g',0,'2011-12-27'),(750,'g',0,'2011-12-27'),(754,'g',0,'2011-12-27'),(753,'g',0,'2011-12-27'),(758,'g',0,'2011-12-27'),(749,'g',0,'2011-12-27'),(650,'g',0,'2011-12-27'),(622,'g',0,'2011-12-27'),(703,'g',0,'2011-12-27'),(646,'g',0,'2011-12-27'),(717,'g',0,'2011-12-27'),(634,'g',0,'2011-12-27'),(638,'g',0,'2011-12-27'),(724,'g',0,'2011-12-27'),(726,'g',0,'2011-12-27'),(669,'g',0,'2011-12-27'),(891,'g',0,'2011-12-27'),(763,'g',0,'2011-12-27'),(765,'g',0,'2011-12-27'),(764,'g',0,'2011-12-27'),(759,'g',0,'2011-12-27'),(761,'g',0,'2011-12-27'),(762,'g',0,'2011-12-27'),(767,'g',0,'2011-12-27'),(766,'g',0,'2011-12-27'),(760,'g',0,'2011-12-27'),(768,'g',0,'2011-12-27'),(818,'g',0,'2011-12-27'),(820,'g',0,'2011-12-27'),(821,'g',0,'2011-12-27'),(819,'g',0,'2011-12-27'),(815,'g',0,'2011-12-27'),(813,'g',0,'2011-12-27'),(822,'g',0,'2011-12-27'),(814,'g',0,'2011-12-27'),(817,'g',0,'2011-12-27'),(816,'g',0,'2011-12-27'),(785,'g',0,'2011-12-27'),(802,'g',0,'2011-12-27'),(784,'g',0,'2011-12-27'),(797,'g',0,'2011-12-27'),(796,'g',0,'2011-12-27'),(799,'g',0,'2011-12-27'),(800,'g',0,'2011-12-27'),(793,'g',0,'2011-12-27'),(801,'g',0,'2011-12-27'),(798,'g',0,'2011-12-27'),(809,'g',0,'2011-12-27'),(803,'g',0,'2011-12-27'),(805,'g',0,'2011-12-27'),(806,'g',0,'2011-12-27'),(807,'g',0,'2011-12-27'),(812,'g',0,'2011-12-27'),(811,'g',0,'2011-12-27'),(804,'g',0,'2011-12-27'),(808,'g',0,'2011-12-27'),(810,'g',0,'2011-12-27'),(1072,'g',0,'2012-03-04'),(826,'g',0,'2011-12-27'),(586,'g',0,'2011-12-27'),(618,'g',0,'2011-12-27'),(829,'g',0,'2011-12-27'),(603,'g',0,'2011-12-27'),(824,'g',0,'2011-12-27'),(827,'g',0,'2011-12-27'),(840,'g',0,'2011-12-27'),(823,'g',0,'2011-12-27'),(825,'g',0,'2011-12-27'),(838,'g',0,'2011-12-27'),(828,'g',0,'2011-12-27'),(842,'g',0,'2011-12-27'),(601,'g',0,'2011-12-27'),(608,'g',0,'2011-12-27'),(769,'g',0,'2011-12-27'),(779,'g',0,'2011-12-27'),(777,'g',0,'2011-12-27'),(775,'g',0,'2011-12-27'),(770,'g',0,'2011-12-27'),(783,'g',0,'2011-12-27'),(776,'g',0,'2011-12-27'),(778,'g',0,'2011-12-27'),(780,'g',0,'2011-12-27'),(782,'g',0,'2011-12-27'),(555,'g',0,'2011-12-27'),(535,'g',0,'2011-12-27'),(564,'g',0,'2011-12-27'),(561,'g',0,'2011-12-27'),(547,'g',0,'2011-12-27'),(1006,'g',0,'2011-12-27'),(1017,'g',0,'2011-12-27'),(1016,'g',0,'2011-12-27'),(1013,'g',0,'2011-12-27'),(1067,'g',0,'2011-12-27'),(733,'g',0,'2011-12-27'),(702,'g',0,'2011-12-27'),(664,'g',0,'2011-12-27'),(689,'g',0,'2011-12-27'),(713,'g',0,'2011-12-27'),(789,'g',0,'2011-12-27'),(695,'g',0,'2011-12-27'),(662,'g',0,'2011-12-27'),(705,'g',0,'2011-12-27'),(929,'g',0,'2011-12-28'),(925,'g',0,'2011-12-28'),(926,'g',0,'2011-12-28'),(924,'g',0,'2011-12-28'),(885,'g',0,'2011-12-28'),(902,'g',0,'2011-12-28'),(921,'g',0,'2011-12-28'),(906,'g',0,'2011-12-28'),(887,'g',0,'2011-12-28'),(919,'g',0,'2011-12-28'),(922,'g',0,'2011-12-28'),(900,'g',0,'2011-12-28'),(923,'g',0,'2011-12-28'),(1066,'g',0,'2012-01-31'),(889,'g',0,'2011-12-28'),(1069,'g',0,'2012-01-29'),(585,'g',0,'2011-12-29'),(553,'g',0,'2012-01-29'),(613,'g',0,'2012-01-29'),(558,'g',0,'2012-01-29'),(723,'g',0,'2012-01-29'),(725,'g',0,'2012-01-29'),(884,'g',0,'2011-12-29'),(1046,'g',0,'2011-12-29'),(1038,'g',0,'2011-12-29'),(1009,'g',0,'2011-12-29'),(1021,'g',0,'2011-12-29'),(1027,'g',0,'2011-12-29'),(998,'g',0,'2011-12-29'),(999,'g',0,'2011-12-29'),(1059,'g',0,'2011-12-29'),(1002,'g',0,'2011-12-29'),(1068,'g',0,'2012-01-31'),(1060,'g',0,'2012-01-31'),(1065,'g',0,'2012-03-01'),(1075,'g',0,'2012-02-21'),(936,'g',0,'2011-12-30'),(1070,'g',0,'2011-12-30'),(1089,'g',0,'2011-12-30'),(1064,'g',0,'2012-01-01'),(1099,'g',0,'2012-01-01'),(1098,'g',0,'2012-01-01'),(1091,'g',0,'2012-01-01'),(1081,'g',0,'2012-01-01'),(1082,'g',0,'2012-01-01'),(1012,'g',0,'2012-01-01'),(1086,'g',0,'2012-01-02'),(1083,'g',0,'2012-01-02'),(1120,'g',0,'2012-01-02'),(1092,'g',0,'2012-02-21'),(1087,'g',0,'2012-01-03'),(1101,'g',0,'2012-01-03'),(1085,'g',0,'2012-01-03'),(1102,'g',0,'2012-01-03'),(1111,'g',0,'2012-01-03'),(1113,'g',0,'2012-01-03'),(1103,'g',0,'2012-01-04'),(1084,'g',0,'2012-01-04'),(1100,'g',0,'2012-01-04'),(1110,'g',0,'2012-01-04'),(1088,'g',0,'2012-01-04'),(1080,'g',0,'2012-01-04'),(1077,'g',0,'2012-01-04'),(1052,'g',0,'2012-01-04'),(1115,'g',0,'2012-01-04'),(1117,'g',0,'2012-01-04'),(1079,'g',0,'2012-01-04'),(1107,'g',0,'2012-01-04'),(1097,'g',0,'2012-01-04'),(1108,'g',0,'2012-01-04'),(1096,'g',0,'2012-01-04'),(1116,'g',0,'2012-01-04'),(1119,'g',0,'2012-01-04'),(1118,'g',0,'2012-01-04'),(1138,'g',0,'2012-01-06'),(1114,'g',0,'2012-01-06'),(1095,'g',0,'2012-01-06'),(1121,'g',0,'2012-01-06'),(1190,'g',0,'2012-01-07'),(1158,'g',0,'2012-01-07'),(1132,'g',0,'2012-01-07'),(1151,'g',0,'2012-01-07'),(1112,'g',0,'2012-01-08'),(1251,'g',0,'2012-01-10'),(1311,'g',0,'2012-01-10'),(1288,'g',0,'2012-01-11'),(1299,'g',0,'2012-01-11'),(1295,'g',0,'2012-01-11'),(1296,'g',0,'2012-01-11'),(1293,'g',0,'2012-01-12'),(1292,'g',0,'2012-01-12'),(1294,'g',0,'2012-01-12'),(1379,'g',0,'2012-01-12'),(1308,'g',0,'2012-01-12'),(1078,'g',0,'2012-01-12'),(1338,'g',0,'2012-01-12'),(1223,'g',0,'2012-01-12'),(1237,'g',0,'2012-01-12'),(1319,'g',0,'2012-01-12'),(1257,'g',0,'2012-01-12'),(1212,'g',0,'2012-01-12'),(1231,'g',0,'2012-01-12'),(1238,'g',0,'2012-01-12'),(1388,'g',0,'2012-01-12'),(1344,'g',0,'2012-01-12'),(1395,'g',0,'2012-01-12'),(1210,'g',0,'2012-01-12'),(1324,'g',0,'2012-01-12'),(1218,'g',0,'2012-01-12'),(1317,'g',0,'2012-01-12'),(1256,'g',0,'2012-01-12'),(1336,'g',0,'2012-01-12'),(1265,'g',0,'2012-01-12'),(1267,'g',0,'2012-01-12'),(1286,'g',0,'2012-01-12'),(1278,'g',0,'2012-01-12'),(1390,'g',0,'2012-01-12'),(1349,'g',0,'2012-01-12'),(1421,'g',0,'2012-01-12'),(1357,'g',0,'2012-01-12'),(1407,'g',0,'2012-01-12'),(1398,'g',0,'2012-01-12'),(1364,'g',0,'2012-01-12'),(1363,'g',0,'2012-01-12'),(1432,'g',0,'2012-01-12'),(1365,'g',0,'2012-01-12'),(542,'g',0,'2012-01-12'),(543,'g',0,'2012-01-12'),(997,'g',0,'2012-01-12'),(529,'g',0,'2012-01-12'),(932,'g',0,'2012-01-12'),(1273,'g',0,'2012-01-13'),(1326,'g',0,'2012-01-13'),(1239,'g',0,'2012-01-13'),(1318,'g',0,'2012-01-13'),(1340,'g',0,'2012-01-13'),(1214,'g',0,'2012-01-13'),(1269,'g',0,'2012-01-13'),(1376,'g',0,'2012-01-13'),(1305,'g',0,'2012-01-13'),(1213,'g',0,'2012-01-13'),(1268,'g',0,'2012-01-13'),(1325,'g',0,'2012-01-13'),(1284,'g',0,'2012-01-13'),(1094,'g',0,'2012-01-14'),(1289,'g',0,'2012-01-14'),(1297,'g',0,'2012-01-14'),(1229,'g',0,'2012-01-14'),(1355,'g',0,'2012-01-15'),(1339,'g',0,'2012-01-15'),(1105,'g',0,'2012-01-15'),(1050,'g',0,'2012-01-16'),(1759,'g',0,'2012-01-16'),(1806,'g',0,'2012-01-16'),(1742,'g',0,'2012-01-16'),(1858,'g',0,'2012-01-17'),(1906,'g',0,'2012-01-17'),(1807,'g',0,'2012-01-17'),(1822,'g',0,'2012-01-18'),(1921,'g',0,'2012-02-21'),(1879,'g',0,'2012-02-21'),(1823,'g',0,'2012-01-19'),(1788,'g',0,'2012-01-19'),(1844,'g',0,'2012-01-19'),(1785,'g',0,'2012-01-19'),(1843,'g',0,'2012-01-19'),(1797,'g',0,'2012-01-19'),(1829,'g',0,'2012-01-19'),(1837,'g',0,'2012-01-19'),(1824,'g',0,'2012-01-19'),(1878,'g',0,'2012-01-19'),(1856,'g',0,'2012-01-19'),(1871,'g',0,'2012-01-19'),(1880,'g',0,'2012-01-19'),(1884,'g',0,'2012-01-19'),(1867,'g',0,'2012-01-19'),(1828,'g',0,'2012-01-19'),(1887,'g',0,'2012-01-19'),(1850,'g',0,'2012-01-19'),(1849,'g',0,'2012-01-19'),(1863,'g',0,'2012-01-19'),(1896,'g',0,'2012-01-19'),(1936,'g',0,'2012-01-19'),(1922,'g',0,'2012-01-19'),(1923,'g',0,'2012-01-19'),(1928,'g',0,'2012-01-19'),(1942,'g',0,'2012-01-19'),(1949,'g',0,'2012-01-19'),(1927,'g',0,'2012-01-19'),(1950,'g',0,'2012-01-19'),(1943,'g',0,'2012-01-19'),(1743,'g',0,'2012-01-20'),(1882,'g',0,'2012-01-20'),(1799,'g',0,'2012-01-20'),(1853,'g',0,'2012-01-20'),(1783,'g',0,'2012-01-20'),(1898,'g',0,'2012-01-20'),(1972,'g',0,'2012-01-20'),(1912,'g',0,'2012-01-20'),(1914,'g',0,'2012-01-20'),(1913,'g',0,'2012-01-20'),(1760,'g',0,'2012-01-21'),(1864,'g',0,'2012-01-21'),(1968,'g',0,'2012-01-21'),(1044,'g',0,'2012-01-21'),(1031,'g',0,'2012-01-21'),(1034,'g',0,'2012-01-21'),(1900,'g',0,'2012-01-22'),(1890,'g',0,'2012-01-22'),(1892,'g',0,'2012-01-22'),(1870,'g',0,'2012-01-22'),(1946,'g',0,'2012-01-22'),(1073,'g',0,'2012-01-22'),(1893,'g',0,'2012-01-22'),(1883,'g',0,'2012-01-22'),(1894,'g',0,'2012-01-22'),(1030,'g',0,'2012-01-23'),(1026,'g',0,'2012-01-23'),(1028,'g',0,'2012-01-23'),(1019,'g',0,'2012-01-23'),(1024,'g',0,'2012-01-23'),(744,'g',0,'2012-01-24'),(739,'g',0,'2012-01-24'),(745,'g',0,'2012-01-24'),(740,'g',0,'2012-01-24'),(748,'g',0,'2012-01-24'),(747,'g',0,'2012-01-24'),(746,'g',0,'2012-01-24'),(1895,'g',0,'2012-01-24'),(1934,'g',0,'2012-01-24'),(1875,'g',0,'2012-01-24'),(1876,'g',0,'2012-01-24'),(1920,'g',0,'2012-01-24'),(1924,'g',0,'2012-01-27'),(1938,'g',0,'2012-01-27'),(1859,'g',0,'2012-01-27'),(1905,'g',0,'2012-01-28'),(1984,'g',0,'2012-01-28'),(844,'g',0,'2012-02-06'),(843,'g',0,'2012-02-06'),(845,'g',0,'2012-02-06'),(734,'g',0,'2012-02-07'),(731,'g',0,'2012-02-07'),(1947,'g',0,'2012-02-10'),(1877,'g',0,'2012-02-10'),(1866,'g',0,'2012-02-10'),(1948,'g',0,'2012-02-10'),(1886,'g',0,'2012-02-10'),(1978,'g',0,'2012-02-10'),(1869,'g',0,'2012-02-10'),(1975,'g',0,'2012-02-10'),(1945,'g',0,'2012-02-10'),(1979,'g',0,'2012-02-10'),(1930,'g',0,'2012-02-10'),(1986,'g',0,'2012-02-11'),(1929,'g',0,'2012-02-11'),(1964,'g',0,'2012-02-11'),(1962,'g',0,'2012-02-11'),(1959,'g',0,'2012-02-11'),(1958,'g',0,'2012-02-11'),(1963,'g',0,'2012-02-11'),(1956,'g',0,'2012-02-11'),(1957,'g',0,'2012-02-11'),(1960,'g',0,'2012-02-11'),(1965,'g',0,'2012-02-11'),(1961,'g',0,'2012-02-11'),(1911,'g',0,'2012-02-13'),(2075,'g',0,'2012-02-13'),(2008,'g',0,'2012-02-13'),(2094,'g',0,'2012-02-14'),(2095,'g',0,'2012-02-14'),(2096,'g',0,'2012-02-16'),(2099,'g',0,'2012-02-16'),(2116,'g',0,'2012-02-17'),(2115,'g',0,'2012-02-17'),(2102,'g',0,'2012-02-19'),(2112,'g',0,'2012-02-19'),(866,'g',0,'2012-02-19'),(862,'g',0,'2012-02-19'),(864,'g',0,'2012-02-19'),(863,'g',0,'2012-02-19'),(865,'g',0,'2012-02-19'),(878,'g',0,'2012-02-19'),(2103,'g',0,'2012-02-19'),(877,'g',0,'2012-02-19'),(2109,'g',0,'2012-02-19'),(2104,'g',0,'2012-02-19'),(893,'g',0,'2012-02-19'),(870,'g',0,'2012-02-19'),(872,'g',0,'2012-02-19'),(868,'g',0,'2012-02-19'),(874,'g',0,'2012-02-19'),(867,'g',0,'2012-02-19'),(871,'g',0,'2012-02-19'),(873,'g',0,'2012-02-19'),(876,'g',0,'2012-02-19'),(869,'g',0,'2012-02-19'),(875,'g',0,'2012-02-19'),(2111,'g',0,'2012-02-19'),(2105,'g',0,'2012-02-19'),(2082,'g',0,'2012-02-20'),(2092,'g',0,'2012-02-20'),(2083,'g',0,'2012-02-20'),(1967,'g',0,'2012-02-21'),(2123,'g',0,'2012-02-21'),(2117,'g',0,'2012-02-21'),(2118,'g',0,'2012-02-21'),(846,'g',0,'2012-02-21'),(847,'g',0,'2012-02-21'),(2081,'g',0,'2012-02-21'),(2114,'g',0,'2012-02-21'),(2119,'g',0,'2012-02-21'),(2107,'g',0,'2012-02-21'),(2108,'g',0,'2012-02-21'),(2120,'g',0,'2012-02-21'),(2121,'g',0,'2012-02-21'),(2122,'g',0,'2012-02-21'),(2125,'g',0,'2012-02-21'),(2124,'g',0,'2012-02-21'),(2087,'g',0,'2012-02-21'),(2106,'g',0,'2012-02-21'),(2007,'g',0,'2012-02-21'),(2110,'g',0,'2012-02-22'),(2078,'g',0,'2012-02-22'),(2079,'g',0,'2012-02-22'),(2028,'g',0,'2012-02-22'),(933,'g',0,'2012-02-29'),(2113,'g',0,'2012-02-29'),(2089,'g',0,'2012-02-29'),(1955,'g',0,'2012-02-29'),(1953,'g',0,'2012-02-29'),(1954,'g',0,'2012-02-29'),(1872,'g',0,'2012-02-29'),(1873,'g',0,'2012-02-29'),(1874,'g',0,'2012-02-29'),(1881,'g',0,'2012-02-29'),(2093,'g',0,'2012-02-29'),(2097,'g',0,'2012-02-29'),(2091,'g',0,'2012-02-29'),(2098,'g',0,'2012-03-01'),(727,'g',0,'2012-03-01'),(1917,'g',0,'2012-03-03'),(1919,'g',0,'2012-03-03'),(2085,'g',0,'2012-03-03'),(1915,'g',0,'2012-03-03'),(2086,'g',0,'2012-03-03'),(1926,'g',0,'2012-03-03'),(1932,'g',0,'2012-03-03'),(1931,'g',0,'2012-03-03'),(1925,'g',0,'2012-03-03'),(2084,'g',0,'2012-03-03'),(1933,'g',0,'2012-03-03'),(1891,'g',0,'2012-03-03'),(1888,'g',0,'2012-03-03'),(1889,'g',0,'2012-03-03'),(1885,'g',0,'2012-03-03'),(1902,'g',0,'2012-03-03'),(1901,'g',0,'2012-03-03'),(1903,'g',0,'2012-03-03'),(1897,'g',0,'2012-03-03'),(2088,'g',0,'2012-03-03'),(1904,'g',0,'2012-03-03'),(1909,'g',0,'2012-03-03'),(1907,'g',0,'2012-03-03'),(1910,'g',0,'2012-03-03'),(1908,'g',0,'2012-03-03'),(1969,'g',0,'2012-03-05'),(1952,'g',0,'2012-03-05'),(1941,'g',0,'2012-03-05'),(2080,'g',0,'2012-03-05'),(1940,'g',0,'2012-03-05'),(1944,'g',0,'2012-03-05'),(2152,'g',0,'2012-03-05'),(2147,'g',0,'2012-03-05'),(2151,'g',0,'2012-03-05'),(2153,'g',0,'2012-03-05'),(1971,'g',0,'2012-03-05'),(1970,'g',0,'2012-03-05'),(2154,'g',0,'2012-03-05'),(2150,'g',0,'2012-03-05'),(2148,'g',0,'2012-03-05'),(1966,'g',0,'2012-03-05'),(938,'g',0,'2012-03-05'),(1074,'g',0,'2012-03-05'),(1071,'g',0,'2012-03-05'),(2090,'g',0,'2012-03-05'),(2162,'g',0,'2012-03-06'),(2155,'g',0,'2012-03-06'),(2158,'g',0,'2012-03-06'),(2156,'g',0,'2012-03-06'),(2161,'g',0,'2012-03-06'),(2160,'g',0,'2012-03-06'),(2159,'g',0,'2012-03-06'),(2163,'g',0,'2012-03-06'),(2157,'g',0,'2012-03-06'),(1854,'g',0,'2012-03-06'),(1862,'g',0,'2012-03-06'),(1973,'g',0,'2012-03-06'),(1860,'g',0,'2012-03-06'),(1861,'g',0,'2012-03-06'),(1857,'g',0,'2012-03-06'),(1855,'g',0,'2012-03-06'),(1868,'g',0,'2012-03-06'),(1865,'g',0,'2012-03-06'),(2032,'g',0,'2012-03-06'),(1976,'g',0,'2012-03-06'),(1977,'g',0,'2012-03-06'),(1852,'g',0,'2012-03-06'),(1981,'g',0,'2012-03-06'),(1980,'g',0,'2012-03-06'),(1974,'g',0,'2012-03-06'),(2034,'g',0,'2012-03-07'),(2029,'g',0,'2012-03-07'),(2026,'g',0,'2012-03-07'),(2025,'g',0,'2012-03-07'),(2031,'g',0,'2012-03-07'),(2027,'g',0,'2012-03-07'),(2030,'g',0,'2012-03-07'),(2033,'g',0,'2012-03-07'),(2018,'g',0,'2012-03-07'),(2023,'g',0,'2012-03-07'),(2016,'g',0,'2012-03-07'),(2020,'g',0,'2012-03-07'),(2022,'g',0,'2012-03-07'),(2024,'g',0,'2012-03-07'),(2019,'g',0,'2012-03-07'),(2017,'g',0,'2012-03-07'),(2021,'g',0,'2012-03-07'),(2046,'g',0,'2012-03-07'),(2045,'g',0,'2012-03-07'),(2051,'g',0,'2012-03-07'),(2048,'g',0,'2012-03-07'),(2049,'g',0,'2012-03-07'),(2047,'g',0,'2012-03-07'),(2052,'g',0,'2012-03-07'),(2054,'g',0,'2012-03-07'),(2050,'g',0,'2012-03-07'),(2053,'g',0,'2012-03-07'),(2009,'g',0,'2012-03-07'),(2013,'g',0,'2012-03-07'),(2004,'g',0,'2012-03-07'),(2006,'g',0,'2012-03-07'),(2011,'g',0,'2012-03-07'),(2005,'g',0,'2012-03-07'),(2012,'g',0,'2012-03-07'),(2010,'g',0,'2012-03-07'),(2014,'g',0,'2012-03-07'),(2055,'g',0,'2012-03-07'),(2061,'g',0,'2012-03-07'),(2063,'g',0,'2012-03-07'),(2060,'g',0,'2012-03-07'),(2057,'g',0,'2012-03-07'),(2064,'g',0,'2012-03-07'),(2059,'g',0,'2012-03-07'),(2062,'g',0,'2012-03-07'),(2056,'g',0,'2012-03-07'),(2058,'g',0,'2012-03-07'),(2144,'g',0,'2012-03-07'),(2146,'g',0,'2012-03-07'),(2145,'g',0,'2012-03-07'),(1985,'g',0,'2012-03-07'),(1983,'g',0,'2012-03-07'),(1987,'g',0,'2012-03-07'),(1982,'g',0,'2012-03-07'),(1988,'g',0,'2012-03-07'),(2039,'g',0,'2012-03-07'),(2036,'g',0,'2012-03-07'),(2037,'g',0,'2012-03-07'),(2043,'g',0,'2012-03-07'),(2044,'g',0,'2012-03-07'),(2038,'g',0,'2012-03-07'),(2041,'g',0,'2012-03-07'),(2035,'g',0,'2012-03-07'),(2042,'g',0,'2012-03-07'),(2040,'g',0,'2012-03-07'),(2068,'g',0,'2012-03-07'),(2069,'g',0,'2012-03-07'),(2074,'g',0,'2012-03-07'),(2072,'g',0,'2012-03-07'),(2071,'g',0,'2012-03-07'),(2073,'g',0,'2012-03-07'),(2066,'g',0,'2012-03-07'),(2070,'g',0,'2012-03-07'),(2067,'g',0,'2012-03-07'),(2065,'g',0,'2012-03-07'),(2015,'g',0,'2012-03-07'),(2002,'g',0,'2012-03-07'),(2143,'g',0,'2012-03-07'),(2003,'g',0,'2012-03-07'),(1999,'g',0,'2012-03-07'),(1996,'g',0,'2012-03-07'),(2001,'g',0,'2012-03-07'),(1995,'g',0,'2012-03-07'),(1998,'g',0,'2012-03-07'),(1997,'g',0,'2012-03-07'),(2000,'g',0,'2012-03-07');

--
-- Table structure for table `idx_paid_listing`
--

CREATE TABLE `idx_paid_listing` (
  `link_id` mediumint(9) unsigned NOT NULL DEFAULT '0',
  `premium` char(1) DEFAULT NULL,
  `sponsored` char(1) DEFAULT NULL,
  `expire` datetime DEFAULT NULL,
  `paid` char(1) DEFAULT NULL,
  PRIMARY KEY (`link_id`)
) ENGINE=MyISAM DEFAULT CHARSET=latin1;

--
-- Dumping data for table `idx_paid_listing`
--


--
-- Table structure for table `idx_payment_gateway`
--

CREATE TABLE `idx_payment_gateway` (
  `payment_gateway_id` int(11) NOT NULL AUTO_INCREMENT,
  `name` varchar(100) DEFAULT NULL,
  `enable` char(1) DEFAULT NULL,
  `setting` text,
  `invoice_html` text,
  PRIMARY KEY (`payment_gateway_id`)
) ENGINE=MyISAM AUTO_INCREMENT=9 DEFAULT CHARSET=latin1;

--
-- Dumping data for table `idx_payment_gateway`
--

INSERT INTO `idx_payment_gateway` VALUES (1,'paypal','1','a:2:{s:13:\"payment_email\";s:0:\"\";s:21:\"enable_paypal_sandbox\";s:1:\"0\";}','<p> \r\n	<a href=\'paynow.php?id={$invoice_id}&m=paypal\'><img src=\'http://www.paypal.com/images/x-click-but02.gif\' border=\'0\' alt=\'Make payments with PayPal - it is fast, free and secure!\' /></a> \r\n</p>\r\n'),(2,'2co','0','a:6:{s:6:\"co_sid\";s:5:\"84932\";s:9:\"co_secret\";s:5:\"tango\";s:12:\"co_recurring\";s:1:\"0\";s:9:\"co_prod_1\";s:6:\"100.00\";s:9:\"co_prod_2\";s:6:\"250.00\";s:9:\"co_prod_3\";s:6:\"400.00\";}','<p>\r\n<a href=\'paynow.php?id={$invoice_id}&m=2co\'><img src=\'http://www.2checkout.com/images/overview/btns/25.jpg\' alt=\'Pay Now with 2checkout...\' border=\'0\' /></a> \r\n</p>'),(3,'authorizenet','0','a:2:{s:21:\"authorizenet_login_id\";s:0:\"\";s:21:\"authorizenet_tran_key\";s:0:\"\";}','<p> \r\n<a href=\'paynow.php?id={$invoice_id}&m=authorizenet\'><img src=\'http://www.authorize.net/upload/images/Images/Header/authorizenet_logo.gif\' alt=\'Pay Now with Authorize.Net...\' width=\'99\' height=\'39\' style=\'{border : 1px solid #c0c0c0;}\' /></a>\r\n</p>'),(4,'egold','0','a:2:{s:19:\"egold_payee_account\";s:0:\"\";s:16:\"egold_payee_name\";s:0:\"\";}','<p> \r\n<a href=\'paynow.php?id={$invoice_id}&m=egold\'>\r\n<img src=\'http://www.e-gold.com/gif/paywith.gif\' border=\'0\' alt=\'Pay Now with e-gold...\' />\r\n</a>\r\n</p>'),(5,'moneybookers','0','a:1:{s:18:\"moneybookers_email\";s:0:\"\";}','<p> \r\n<a href=\'paynow.php?id={$invoice_id}&m=paypal\'><img src=\'http://www.moneybookers.com/images/banners/88_en_mb.gif\' border=\'0\' alt=\'Make payments with Moneybookers - it is fast, free and secure!\' /></a> \r\n</p>'),(6,'paypal-subscriptions','0','a:2:{s:13:\"payment_email\";s:0:\"\";s:21:\"enable_paypal_sandbox\";s:1:\"0\";}','<p> \r\n<a href=\'paynow.php?id={$invoice_id}&m=paypal\'><img src=\'https://www.paypal.com/en_US/i/btn/x-click-but20.gif\' border=\'0\' alt=\'Make payments with PayPal - it is fast, free and secure!\' /></a> \r\n</p>'),(7,'alertpay','0','a:2:{s:14:\"alertpay_email\";s:0:\"\";s:23:\"enable_alertpay_sandbox\";s:1:\"0\";}','<p> \r\n<a href=\'paynow.php?id={$invoice_id}&m=alertpay\'>\r\n<img src=\'https://www.alertpay.com/Images/BuyNow/pay_now_3.gif\' border=\'0\' alt=\'Make payments with PayPal - it is fast, free and secure!\' /></a> \r\n</p>'),(8,'alertpay-subcriptions','0','a:2:{s:14:\"alertpay_email\";s:0:\"\";s:23:\"enable_alertpay_sandbox\";s:1:\"0\";}','<p>\r\n<a href=\'paynow.php?id={$invoice_id}&m=alertpay-subcriptions\'>\r\n<img src=\'https://www.alertpay.com/Images/BuyNow/subscribe_now_15.gif\' border=\'0\' alt=\'Make payments with Alert Pay - it is fast, free and secure!\' /></a> \r\n</p>');

--
-- Table structure for table `idx_payment_history`
--

CREATE TABLE `idx_payment_history` (
  `payment_id` int(10) unsigned NOT NULL AUTO_INCREMENT,
  `contact_name` varchar(255) DEFAULT NULL,
  `email` varchar(255) DEFAULT NULL,
  `type` varchar(255) DEFAULT NULL,
  `detail` text,
  `amount` double DEFAULT NULL,
  `time` datetime DEFAULT NULL,
  `invoice_id` varchar(10) DEFAULT NULL,
  PRIMARY KEY (`payment_id`)
) ENGINE=MyISAM DEFAULT CHARSET=latin1;

--
-- Dumping data for table `idx_payment_history`
--


--
-- Table structure for table `idx_pl_sociable`
--

CREATE TABLE `idx_pl_sociable` (
  `sb_id` int(11) NOT NULL AUTO_INCREMENT,
  `sb_name` varchar(255) CHARACTER SET utf8 DEFAULT NULL,
  `sb_url` varchar(255) CHARACTER SET utf8 DEFAULT NULL,
  `sb_icon` varchar(255) CHARACTER SET utf8 DEFAULT NULL,
  `sb_enable` char(1) CHARACTER SET utf8 DEFAULT '0',
  PRIMARY KEY (`sb_id`)
) ENGINE=MyISAM AUTO_INCREMENT=90 DEFAULT CHARSET=latin1;

--
-- Dumping data for table `idx_pl_sociable`
--

INSERT INTO `idx_pl_sociable` VALUES (1,'BarraPunto','http://barrapunto.com/submit.pl?subj=TITLE&amp;story=PERMALINK','barrapunto.png','0'),(2,'Bitacoras.com','http://bitacoras.com/anotaciones/PERMALINK','bitacoras.png','0'),(3,'BlinkList','http://www.blinklist.com/index.php?Action=Blink/addblink.php&amp;Url=PERMALINK&amp;Title=TITLE','blinklist.png','0'),(4,'blogmarks','http://blogmarks.net/my/new.php?mini=1&amp;simple=1&amp;url=PERMALINK&amp;title=TITLE','blogmarks.png','0'),(5,'Blogosphere News','http://www.blogospherenews.com/submit.php?url=PERMALINK&amp;title=TITLE','blogospherenews.png','0'),(6,'blogtercimlap','http://cimlap.blogter.hu/index.php?action=suggest_link&amp;title=TITLE&amp;url=PERMALINK','blogter.png','0'),(7,'Faves','http://faves.com/Authoring.aspx?u=PERMALINK&amp;title=TITLE','bluedot.png','0'),(8,'connotea','http://www.connotea.org/addpopup?continue=confirm&amp;uri=PERMALINK&amp;title=TITLE&amp;description=EXCERPT','connotea.png','0'),(9,'Current','http://current.com/clipper.htm?url=PERMALINK&amp;title=TITLE','current.png','0'),(10,'del.icio.us','http://delicious.com/post?url=PERMALINK&amp;title=TITLE&amp;notes=EXCERPT','delicious.png','0'),(11,'Digg','http://digg.com/submit?phase=2&amp;url=PERMALINK&amp;title=TITLE&amp;bodytext=EXCERPT','digg.png','1'),(12,'Diigo','http://www.diigo.com/post?url=PERMALINK&amp;title=TITLE','diigo.png','0'),(13,'DotNetKicks','http://www.dotnetkicks.com/kick/?url=PERMALINK&amp;title=TITLE','dotnetkicks.png','0'),(14,'DZone','http://www.dzone.com/links/add.html?url=PERMALINK&amp;title=TITLE','dzone.png','0'),(15,'eKudos','http://www.ekudos.nl/artikel/nieuw?url=PERMALINK&amp;title=TITLE&amp;desc=EXCERPT','ekudos.png','0'),(16,'email','mailto:?subject=TITLE&amp;body=PERMALINK','email_link.png','0'),(17,'Facebook','http://www.facebook.com/share.php?u=PERMALINK&amp;t=TITLE','facebook.png','1'),(18,'Fark','http://cgi.fark.com/cgi/fark/farkit.pl?h=TITLE&amp;u=PERMALINK','fark.png','0'),(19,'Fleck','http://beta3.fleck.com/bookmarklet.php?url=PERMALINK&amp;title=TITLE','fleck.png','0'),(20,'FriendFeed','http://www.friendfeed.com/share?title=TITLE&amp;link=PERMALINK','friendfeed.png','0'),(21,'FSDaily','http://www.fsdaily.com/submit?url=PERMALINK&amp;title=TITLE','fsdaily.png','0'),(22,'Global Grind','http://globalgrind.com/submission/submit.aspx?url=PERMALINK&amp;type=Article&amp;title=TITLE','globalgrind.png','0'),(23,'Google','http://www.google.com/bookmarks/mark?op=edit&amp;bkmk=PERMALINK&amp;title=TITLE&amp;annotation=EXCERPT','googlebookmark.png','0'),(24,'Gwar','http://www.gwar.pl/DodajGwar.html?u=PERMALINK','gwar.png','0'),(25,'HackerNews','http://news.ycombinator.com/submitlink?u=PERMALINK&amp;t=TITLE','hackernews.png','0'),(26,'Haohao','http://www.haohaoreport.com/submit.php?url=PERMALINK&amp;title=TITLE','haohao.png','0'),(27,'HealthRanker','http://healthranker.com/submit.php?url=PERMALINK&amp;title=TITLE','healthranker.png','0'),(28,'HelloTxt','http://hellotxt.com/?status=TITLE+PERMALINK','hellotxt.png','0'),(29,'Hemidemi','http://www.hemidemi.com/user_bookmark/new?title=TITLE&amp;url=PERMALINK','hemidemi.png','0'),(30,'Hyves','http://www.hyves.nl/profilemanage/add/tips/?name=TITLE&amp;text=EXCERPT+PERMALINK&amp;rating=5','hyves.png','0'),(31,'Identi.ca','http://identi.ca/notice/new?status_textarea=PERMALINK','identica.png','0'),(32,'IndianPad','http://www.indianpad.com/submit.php?url=PERMALINK','indianpad.png','0'),(33,'Internetmedia','http://internetmedia.hu/submit.php?url=PERMALINK','im.png','0'),(34,'Kirtsy','http://www.kirtsy.com/submit.php?url=PERMALINK&amp;title=TITLE','kirtsy.png','0'),(35,'laaik.it','http://laaik.it/NewStoryCompact.aspx?uri=PERMALINK&amp;headline=TITLE&amp;cat=5e082fcc-8a3b-47e2-acec-fdf64ff19d12','laaikit.png','0'),(36,'LinkArena','http://linkarena.com/bookmarks/addlink/?url=PERMALINK&amp;title=TITLE','linkarena.png','0'),(37,'LinkaGoGo','http://www.linkagogo.com/go/AddNoPopup?url=PERMALINK&amp;title=TITLE','linkagogo.png','0'),(38,'LinkedIn','http://www.linkedin.com/shareArticle?mini=true&amp;url=PERMALINK&amp;title=TITLE&amp;source=BLOGNAME&amp;summary=EXCERPT','linkedin.png','0'),(39,'Linkter','http://www.linkter.hu/index.php?action=suggest_link&amp;url=PERMALINK&amp;title=TITLE','linkter.png','0'),(40,'Live','https://favorites.live.com/quickadd.aspx?marklet=1&amp;url=PERMALINK&amp;title=TITLE','live.png','0'),(41,'Meneame','http://meneame.net/submit.php?url=PERMALINK','meneame.png','0'),(42,'MisterWong','http://www.mister-wong.com/addurl/?bm_url=PERMALINK&amp;bm_description=TITLE&amp;plugin=soc','misterwong.png','0'),(43,'MisterWong.DE','http://www.mister-wong.de/addurl/?bm_url=PERMALINK&amp;bm_description=TITLE&amp;plugin=soc','misterwong.png','0'),(44,'Mixx','http://www.mixx.com/submit?page_url=PERMALINK&amp;title=TITLE','mixx.png','0'),(45,'muti','http://www.muti.co.za/submit?url=PERMALINK&amp;title=TITLE','muti.png','0'),(46,'MyShare','http://myshare.url.com.tw/index.php?func=newurl&amp;url=PERMALINK&amp;desc=TITLE','myshare.png','0'),(47,'MySpace','http://www.myspace.com/Modules/PostTo/Pages/?u=PERMALINK&amp;t=TITLE','myspace.png','0'),(48,'MSNReporter','http://reporter.nl.msn.com/?fn=contribute&amp;Title=TITLE&amp;URL=PERMALINK&amp;cat_id=6&amp;tag_id=31&amp;Remark=EXCERPT','msnreporter.png','0'),(49,'N4G','http://www.n4g.com/tips.aspx?url=PERMALINK&amp;title=TITLE','n4g.png','0'),(50,'Netvibes','http://www.netvibes.com/share?title=TITLE&amp;url=PERMALINK','netvibes.png','0'),(51,'NewsVine','http://www.newsvine.com/_tools/seed&amp;save?u=PERMALINK&amp;h=TITLE','newsvine.png','0'),(52,'Netvouz','http://www.netvouz.com/action/submitBookmark?url=PERMALINK&amp;title=TITLE&amp;popup=no','netvouz.png','0'),(53,'NuJIJ','http://nujij.nl/jij.lynkx?t=TITLE&amp;u=PERMALINK&amp;b=EXCERPT','nujij.png','0'),(54,'Ping.fm','http://ping.fm/ref/?link=PERMALINK&amp;title=TITLE&amp;body=EXCERPT','ping.png','0'),(55,'Posterous','http://posterous.com/share?linkto=PERMALINK&amp;title=TITLE&amp;selection=EXCERPT','posterous.png','0'),(56,'PDF','http://www.printfriendly.com/print?url=PERMALINK&amp;partner=sociable','pdf.png','0'),(57,'Print','http://www.printfriendly.com/print?url=PERMALINK&amp;partner=sociable','printfriendly.png','0'),(58,'Propeller','http://www.propeller.com/submit/?url=PERMALINK','propeller.png','0'),(59,'Ratimarks','http://ratimarks.org/bookmarks.php/?action=add&address=PERMALINK&amp;title=TITLE','ratimarks.png','0'),(60,'Rec6','http://rec6.via6.com/link.php?url=PERMALINK&amp;=TITLE','rec6.png','0'),(61,'Reddit','http://reddit.com/submit?url=PERMALINK&amp;title=TITLE','reddit.png','0'),(62,'RSS','FEEDLINK','rss.png','0'),(63,'Scoopeo','http://www.scoopeo.com/scoop/new?newurl=PERMALINK&amp;title=TITLE','scoopeo.png','0'),(64,'Segnalo','http://segnalo.alice.it/post.html.php?url=PERMALINK&amp;title=TITLE','segnalo.png','0'),(65,'Simpy','http://www.simpy.com/simpy/LinkAdd.do?href=PERMALINK&amp;title=TITLE','simpy.png','0'),(66,'Slashdot','http://slashdot.org/bookmark.pl?title=TITLE&amp;url=PERMALINK','slashdot.png','0'),(67,'Socialogs','http://socialogs.com/add_story.php?story_url=PERMALINK&amp;story_title=TITLE','socialogs.png','0'),(68,'SphereIt','http://www.sphere.com/search?q=sphereit:PERMALINK&amp;title=TITLE','sphere.png','0'),(69,'Sphinn','http://sphinn.com/index.php?c=post&amp;m=submit&amp;link=PERMALINK','sphinn.png','0'),(70,'StumbleUpon','http://www.stumbleupon.com/submit?url=PERMALINK&amp;title=TITLE','stumbleupon.png','0'),(71,'Techmeme','http://twitter.com/home/?status=tip%20@Techmeme%20PERMALINK%20TITLE','techmeme.png','0'),(72,'Technorati','http://technorati.com/faves?add=PERMALINK','technorati.png','1'),(73,'ThisNext','http://www.thisnext.com/pick/new/submit/sociable/?url=PERMALINK&amp;name=TITLE','thisnext.png','0'),(74,'Tipd','http://tipd.com/submit.php?url=PERMALINK','tipd.png','0'),(75,'Tumblr','http://www.tumblr.com/share?v=3&amp;u=PERMALINK&amp;t=TITLE&amp;s=EXCERPT','tumblr.png','0'),(76,'Twitter','http://twitter.com/home?status=TITLE%20-%20PERMALINK','twitter.png','1'),(77,'Upnews','http://www.upnews.it/submit?url=PERMALINK&amp;title=TITLE','upnews.png','0'),(78,'Webnews.de','http://www.webnews.de/einstellen?url=PERMALINK&amp;title=TITLE','webnews.png','0'),(79,'Webride','http://webride.org/discuss/split.php?uri=PERMALINK&amp;title=TITLE','webride.png','0'),(80,'Wikio','http://www.wikio.com/vote?url=PERMALINK','wikio.png','0'),(81,'Wikio FR','http://www.wikio.fr/vote?url=PERMALINK','wikio.png','0'),(82,'Wikio IT','http://www.wikio.it/vote?url=PERMALINK','wikio.png','0'),(83,'Wists','http://wists.com/s.php?c=&amp;r=PERMALINK&amp;title=TITLE','wists.png','0'),(84,'Wykop','http://www.wykop.pl/dodaj?url=PERMALINK','wykop.png','0'),(85,'Xerpi','http://www.xerpi.com/block/add_link_from_extension?url=PERMALINK&amp;title=TITLE','xerpi.png','0'),(86,'YahooBuzz','http://buzz.yahoo.com/submit/?submitUrl=PERMALINK&amp;submitHeadline=TITLE&amp;submitSummary=EXCERPT&amp;submitCategory=science&amp;submitAssetType=text','yahoobuzz.png','0'),(87,'Yahoo! Bookmarks','http://bookmarks.yahoo.com/toolbar/savebm?u=PERMALINK&amp;t=TITLE&opener=bm&amp;ei=UTF-8&amp;d=EXCERPT','yahoomyweb.png','0'),(88,'Yigg','http://yigg.de/neu?exturl=PERMALINK&amp;exttitle=TITLE','yiggit.png','0'),(89,'Blogplay','http://blogplay.com','blogplay.png','0');

--
-- Table structure for table `idx_plugin`
--

CREATE TABLE `idx_plugin` (
  `plugin_id` int(11) NOT NULL AUTO_INCREMENT,
  `name` varchar(255) DEFAULT NULL,
  `plugin_file` varchar(255) DEFAULT NULL,
  `status` enum('0','1') DEFAULT NULL,
  `option_plugin` text,
  PRIMARY KEY (`plugin_id`)
) ENGINE=MyISAM AUTO_INCREMENT=2 DEFAULT CHARSET=latin1;

--
-- Dumping data for table `idx_plugin`
--

INSERT INTO `idx_plugin` VALUES (1,'Sociable','sociable/sociable.php','1',NULL);

--
-- Table structure for table `idx_review`
--

CREATE TABLE `idx_review` (
  `review_id` mediumint(9) unsigned NOT NULL AUTO_INCREMENT,
  `link_id` mediumint(9) unsigned NOT NULL DEFAULT '0',
  `review` text NOT NULL,
  `rating` tinyint(3) unsigned NOT NULL DEFAULT '0',
  `date` date NOT NULL DEFAULT '0000-00-00',
  `subject` varchar(100) DEFAULT NULL,
  `status` char(1) DEFAULT NULL,
  `username` varchar(20) DEFAULT NULL,
  `name` varchar(20) DEFAULT NULL,
  `email` varchar(100) DEFAULT NULL,
  PRIMARY KEY (`review_id`)
) ENGINE=MyISAM DEFAULT CHARSET=latin1;

--
-- Dumping data for table `idx_review`
--


--
-- Table structure for table `idx_searchlog`
--

CREATE TABLE `idx_searchlog` (
  `keyword` varchar(100) NOT NULL DEFAULT '',
  `time` datetime NOT NULL DEFAULT '0000-00-00 00:00:00',
  `result` mediumint(9) unsigned DEFAULT NULL,
  `ip` varchar(100) DEFAULT NULL
) ENGINE=MyISAM DEFAULT CHARSET=latin1;

--
-- Dumping data for table `idx_searchlog`
--


--
-- Table structure for table `idx_set_hook_place`
--

CREATE TABLE `idx_set_hook_place` (
  `set_hook_place_id` int(11) NOT NULL AUTO_INCREMENT,
  `plugin` varchar(255) DEFAULT NULL,
  `set_hook_place` text,
  PRIMARY KEY (`set_hook_place_id`)
) ENGINE=MyISAM DEFAULT CHARSET=latin1;

--
-- Dumping data for table `idx_set_hook_place`
--


--
-- Table structure for table `idx_setting`
--

CREATE TABLE `idx_setting` (
  `setting_id` int(11) NOT NULL AUTO_INCREMENT,
  `setting_name` varchar(255) DEFAULT NULL,
  `setting_value` text,
  PRIMARY KEY (`setting_id`)
) ENGINE=MyISAM AUTO_INCREMENT=55 DEFAULT CHARSET=latin1;

--
-- Dumping data for table `idx_setting`
--

INSERT INTO `idx_setting` VALUES (4,'site_name','fixx.co'),(5,'site_url','http://fixx.co'),(6,'email_address','jena.encina@gmail.com'),(7,'language_code','en_US'),(8,'theme_path','/home/fixx/public_html/themes/'),(9,'admin_template_path','/home/fixx/public_html/admin_tpl/'),(10,'plugin_path','/home/fixx/public_html/plugin/'),(12,'active_theme','_fixx'),(14,'spam_proof','1'),(15,'enable_user_validation','1'),(16,'allowed_file_extension','gif,jpg,png,pdf,zip,doc'),(17,'yahoo_appid',''),(18,'whosonline','600'),(19,'reciprocal_check','0'),(20,'urlcheck_limit','1'),(21,'pagerank_cache','30'),(22,'max_image_width','1024'),(23,'max_image_height','756'),(24,'max_file_size','500'),(25,'only_registered_can_add_link','0'),(26,'only_registered_can_add_review','0'),(27,'db_use_persistent','0'),(28,'paid_link_day_period','30,60,90,180'),(29,'paid_link_price_factor','1,1.5,2,3'),(30,'enable_html_tag','1'),(31,'allowed_html_tag','<b>,<strong>,<i>,<em>,<u>,<pre>,<blockquote>,<ol>,<ul>,<li>,<p>,<span>,<div>,<table>,<tr>,<td>'),(32,'enable_page_compression','0'),(33,'enable_category_ajax','1'),(34,'require_visit_category','0'),(35,'additional_category_price','0.5'),(36,'enable_rating_ajax','1'),(37,'service_nicecoder_avail','1'),(38,'enable_recaptcha','0'),(39,'recaptcha_publickey',''),(40,'recaptcha_privatekey',''),(41,'enable_bidding','0'),(42,'minimum_bid','5'),(43,'bid_increament','1'),(44,'charset','utf-8'),(45,'mailer','mail'),(46,'smtp_auth','0'),(47,'smtp_host',''),(48,'smtp_username',''),(49,'smtp_password',''),(50,'smtp_port','25'),(51,'emailbody_as_html','0'),(52,'indexu_version','2.4'),(53,'tos',''),(54,'submission_guidelines','');

--
-- Table structure for table `idx_tags`
--

CREATE TABLE `idx_tags` (
  `tag` varchar(64) NOT NULL DEFAULT '',
  `category_id` mediumint(8) unsigned NOT NULL DEFAULT '0',
  `total` int(11) NOT NULL DEFAULT '0',
  `tag_path` varchar(64) NOT NULL,
  PRIMARY KEY (`tag`,`category_id`)
) ENGINE=MyISAM DEFAULT CHARSET=latin1;

--
-- Dumping data for table `idx_tags`
--

INSERT INTO `idx_tags` VALUES ('commercial',0,39,'commercial'),('commercial',2,27,'commercial'),('property',0,64,'property'),('property',2,16,'property'),('real',0,2868,'real'),('real',2,22,'real'),('estate',0,2850,'estate'),('estate',2,22,'estate'),('holding',0,3,'holding'),('holding',2,2,'holding'),('company',0,5,'company'),('company',2,2,'company'),('developer',0,103,'developer'),('developer',2,2,'developer'),('manager',0,942,'manager'),('manager',2,2,'manager'),('hotel',0,29,'hotel'),('hotel',2,8,'hotel'),('management',0,56,'management'),('management',2,4,'management'),('motel',0,24,'motel'),('motel',2,7,'motel'),('operation',0,25,'operation'),('operation',2,9,'operation'),('nonresdentl',0,3,'nonresdentl'),('nonresdentl',2,3,'nonresdentl'),('bldg',0,8,'bldg'),('bldg',2,4,'bldg'),('operatr',0,3,'operatr'),('operatr',2,3,'operatr'),('drinking',0,2,'drinking'),('drinking',2,1,'drinking'),('nonresidential',0,109,'nonresidential'),('nonresidential',2,102,'nonresidential'),('building',0,424,'building'),('building',2,106,'building'),('operator',0,437,'operator'),('operator',2,118,'operator'),('non',0,2,'non'),('non',2,2,'non'),('residential',0,18,'residential'),('residential',2,3,'residential'),('mfg',0,4,'mfg'),('mfg',2,4,'mfg'),('rope',0,1,'rope'),('rope',2,1,'rope'),('and',0,23,'and'),('and',2,7,'and'),('twine',0,1,'twine'),('twine',2,1,'twine'),('business',0,11,'business'),('business',2,1,'business'),('services',0,23,'services'),('services',2,4,'services'),('secr',0,1,'secr'),('secr',2,1,'secr'),('eating',0,4,'eating'),('eating',2,3,'eating'),('place',0,4,'place'),('place',2,3,'place'),('legal',0,4,'legal'),('legal',2,3,'legal'),('ser',0,1,'ser'),('ser',2,1,'ser'),('membership',0,4,'membership'),('membership',2,1,'membership'),('sport',0,3,'sport'),('sport',2,1,'sport'),('recre',0,2,'recre'),('recre',2,1,'recre'),('measuring',0,1,'measuring'),('measuring',2,1,'measuring'),('controll',0,1,'controll'),('controll',2,1,'controll'),('agent',0,969,'agent'),('agent',2,9,'agent'),('mana',0,8,'mana'),('mana',2,8,'mana'),('religious',0,1,'religious'),('religious',2,1,'religious'),('organization',0,2,'organization'),('organization',2,1,'organization'),('ret',0,15,'ret'),('ret',2,6,'ret'),('alcoholic',0,1,'alcoholic'),('alcoholic',2,1,'alcoholic'),('beverage',0,1,'beverage'),('beverage',2,1,'beverage'),('skilled',0,4,'skilled'),('skilled',2,1,'skilled'),('nursing',0,6,'nursing'),('nursing',2,1,'nursing'),('care',0,15,'care'),('care',2,1,'care'),('operators',0,25,'operators'),('operators',2,10,'operators'),('metal',0,1,'metal'),('metal',2,1,'metal'),('stampi',0,1,'stampi'),('stampi',2,1,'stampi'),('owner',0,16,'owner'),('owner',2,9,'owner'),('owner-operator',0,3,'owner-operator'),('owner-operator',2,2,'owner-operator'),('arena',0,1,'arena'),('arena',2,1,'arena'),('civic',0,1,'civic'),('civic',2,1,'civic'),('center',0,17,'center'),('center',2,11,'center'),('subdividers',0,3,'subdividers'),('subdividers',2,1,'subdividers'),('self',0,1,'self'),('self',2,1,'self'),('storage',0,1,'storage'),('storage',2,1,'storage'),('supplies',0,1,'supplies'),('supplies',2,1,'supplies'),('labor',0,1,'labor'),('labor',2,1,'labor'),('force',0,1,'force'),('force',2,1,'force'),('handcrafts',0,1,'handcrafts'),('handcrafts',2,1,'handcrafts'),('for',0,8,'for'),('for',2,2,'for'),('artists',0,1,'artists'),('artists',2,1,'artists'),('bank',0,1,'bank'),('bank',2,1,'bank'),('builder',0,4,'builder'),('builder',2,1,'builder'),('operates',0,17,'operates'),('operates',2,3,'operates'),('apartment',0,386,'apartment'),('apartment',2,3,'apartment'),('complex',0,42,'complex'),('complex',2,1,'complex'),('contractor',0,4,'contractor'),('contractor',2,2,'contractor'),('insurance',0,6,'insurance'),('insurance',2,1,'insurance'),('lessors',0,3,'lessors'),('lessors',2,1,'lessors'),('buildings',0,313,'buildings'),('buildings',2,305,'buildings'),('dwelling',0,2,'dwelling'),('dwelling',2,1,'dwelling'),('water',0,2,'water'),('water',2,1,'water'),('transp',0,1,'transp'),('transp',2,1,'transp'),('used',0,8,'used'),('used',2,4,'used'),('automobiles',0,5,'automobiles'),('automobiles',2,1,'automobiles'),('general',0,2,'general'),('general',2,2,'general'),('maintenance',0,1,'maintenance'),('maintenance',2,1,'maintenance'),('executive',0,91,'executive'),('executive',2,91,'executive'),('office',0,301,'office'),('office',2,300,'office'),('laminated',0,1,'laminated'),('laminated',2,1,'laminated'),('plastic',0,1,'plastic'),('plastic',2,1,'plastic'),('merchandise',0,5,'merchandise'),('merchandise',2,3,'merchandise'),('subdivider',0,70,'subdivider'),('subdivider',2,1,'subdivider'),('open-end',0,1,'open-end'),('open-end',2,1,'open-end'),('managment',0,2,'managment'),('managment',2,1,'managment'),('investment',0,3,'investment'),('investment',2,1,'investment'),('industrial',0,3,'industrial'),('industrial',2,1,'industrial'),('retai',0,1,'retai'),('retai',2,1,'retai'),('own',0,2,'own'),('own',2,1,'own'),('shopping',0,443,'shopping'),('shopping',2,443,'shopping'),('mall',0,3,'mall'),('mall',2,2,'mall'),('rental',0,8,'rental'),('rental',2,1,'rental'),('auto',0,1,'auto'),('auto',2,1,'auto'),('body',0,1,'body'),('body',2,1,'body'),('shops',0,1,'shops'),('shops',2,1,'shops'),('agenc',0,1,'agenc'),('agenc',2,1,'agenc'),('owners',0,4,'owners'),('owners',2,2,'owners'),('school',0,1,'school'),('school',2,1,'school'),('educational',0,1,'educational'),('educational',2,1,'educational'),('centers',0,434,'centers'),('centers',2,433,'centers'),('malls',0,432,'malls'),('malls',2,432,'malls'),('leases',0,1,'leases'),('leases',2,1,'leases'),('market',0,1,'market'),('market',2,1,'market'),('stands',0,1,'stands'),('stands',2,1,'stands'),('from',0,1,'from'),('from',2,1,'from'),('site',0,2,'site'),('site',2,1,'site'),('amusement',0,3,'amusement'),('amusement',2,1,'amusement'),('recreation',0,3,'recreation'),('recreation',2,1,'recreation'),('nrsdntl',0,1,'nrsdntl'),('nrsdntl',2,1,'nrsdntl'),('optrs',0,1,'optrs'),('optrs',2,1,'optrs'),('parks',0,296,'parks'),('parks',2,295,'parks'),('manger',0,1,'manger'),('manger',2,1,'manger'),('rents',0,1,'rents'),('rents',2,1,'rents'),('space',0,1,'space'),('space',2,1,'space'),('antique',0,1,'antique'),('antique',2,1,'antique'),('dealers',0,1,'dealers'),('dealers',2,1,'dealers'),('only',0,2,'only'),('only',2,2,'only'),('entertainment',0,1,'entertainment'),('entertainment',2,1,'entertainment'),('facility',0,9,'facility'),('facility',2,1,'facility'),('suites',0,90,'suites'),('suites',2,90,'suites'),('music',0,1,'music'),('music',2,1,'music'),('auditorium',0,1,'auditorium'),('auditorium',2,1,'auditorium'),('bowling',0,1,'bowling'),('bowling',2,1,'bowling'),('theatrical',0,1,'theatrical'),('theatrical',2,1,'theatrical'),('producers',0,1,'producers'),('producers',2,1,'producers'),('performing',0,1,'performing'),('performing',2,1,'performing'),('arts',0,1,'arts'),('arts',2,1,'arts'),('developers',0,1819,'developers'),('developers',2,2,'developers'),('adult',0,1,'adult'),('adult',3,1,'adult'),('congregate',0,2,'congregate'),('congregate',3,1,'congregate'),('living',0,11,'living'),('living',3,11,'living'),('facility',3,8,'facility'),('apartment',3,375,'apartment'),('building',3,310,'building'),('complex',3,38,'complex'),('management',3,13,'management'),('managers',0,5,'managers'),('managers',3,3,'managers'),('operation',3,11,'operation'),('operator',3,309,'operator'),('eating',3,1,'eating'),('place',3,1,'place'),('hotel',3,13,'hotel'),('motel',3,9,'motel'),('membership',3,1,'membership'),('organization',3,1,'organization'),('nonresidential',3,5,'nonresidential'),('ope',0,6,'ope'),('ope',3,6,'ope'),('real',3,19,'real'),('estate',3,19,'estate'),('agent',3,14,'agent'),('manager',3,16,'manager'),('skilled',3,3,'skilled'),('nursing',3,5,'nursing'),('care',3,13,'care'),('facili',0,3,'facili'),('facili',3,3,'facili'),('specialty',0,1,'specialty'),('specialty',3,1,'specialty'),('hospital',0,1,'hospital'),('hospital',3,1,'hospital'),('operators',3,15,'operators'),('nsk',0,1,'nsk'),('nsk',3,1,'nsk'),('buildings',3,8,'buildings'),('community',0,8,'community'),('community',3,7,'community'),('complexes',0,2,'complexes'),('complexes',3,2,'complexes'),('company',3,2,'company'),('owner',3,6,'owner'),('owners',3,2,'owners'),('rental',3,6,'rental'),('apartment-hotel',0,1,'apartment-hotel'),('apartment-hotel',3,1,'apartment-hotel'),('apartments',0,3042,'apartments'),('apartments',3,3042,'apartments'),('apartmetn',0,1,'apartmetn'),('apartmetn',3,1,'apartmetn'),('apmnt',0,3,'apmnt'),('apmnt',3,3,'apmnt'),('bldg',3,4,'bldg'),('oprtrs',0,3,'oprtrs'),('oprtrs',3,3,'oprtrs'),('apt',0,5,'apt'),('apt',3,4,'apt'),('automobile',0,1,'automobile'),('automobile',3,1,'automobile'),('parking',0,1,'parking'),('parking',3,1,'parking'),('physical',0,2,'physical'),('physical',3,1,'physical'),('fitness',0,2,'fitness'),('fitness',3,1,'fitness'),('faclty',0,2,'faclty'),('faclty',3,1,'faclty'),('mot',0,1,'mot'),('mot',3,1,'mot'),('assisted',0,9,'assisted'),('assisted',3,9,'assisted'),('for',3,4,'for'),('the',0,1,'the'),('the',3,1,'the'),('elderly',0,3,'elderly'),('elderly',3,3,'elderly'),('holding',3,1,'holding'),('operates',3,8,'operates'),('operative',0,1,'operative'),('operative',3,1,'operative'),('builder',3,1,'builder'),('and',3,5,'and'),('center',3,6,'center'),('commercial',3,3,'commercial'),('structures',0,1,'structures'),('structures',3,1,'structures'),('owned',0,1,'owned'),('owned',3,1,'owned'),('manage',0,2,'manage'),('manage',3,1,'manage'),('centers',3,1,'centers'),('owner-operator',3,1,'owner-operator'),('boat',0,1,'boat'),('boat',3,1,'boat'),('slip',0,1,'slip'),('slip',3,1,'slip'),('leasin',0,1,'leasin'),('leasin',3,1,'leasin'),('owns',0,4,'owns'),('owns',3,3,'owns'),('residential',3,8,'residential'),('commerc',0,1,'commerc'),('commerc',3,1,'commerc'),('property',3,6,'property'),('broker',0,8,'broker'),('broker',3,1,'broker'),('mortgage',0,4,'mortgage'),('mortgage',3,1,'mortgage'),('investor',0,4,'investor'),('investor',3,1,'investor'),('rent',0,1,'rent'),('rent',3,1,'rent'),('apts',0,1,'apts'),('apts',3,1,'apts'),('agents',0,14,'agents'),('agents',3,1,'agents'),('retirement',0,23,'retirement'),('retirement',3,22,'retirement'),('home',0,7,'home'),('home',3,5,'home'),('senior',0,3,'senior'),('senior',3,3,'senior'),('citizen',0,1,'citizen'),('citizen',3,1,'citizen'),('residence',0,2,'residence'),('residence',3,2,'residence'),('housing',0,4,'housing'),('housing',3,4,'housing'),('student',0,1,'student'),('student',3,1,'student'),('condominiums',0,489,'condominiums'),('condominiums',3,489,'condominiums'),('boarding',0,11,'boarding'),('boarding',3,10,'boarding'),('houses',0,10,'houses'),('houses',3,10,'houses'),('agencies',0,4,'agencies'),('agencies',3,4,'agencies'),('hotels',0,6,'hotels'),('hotels',3,6,'hotels'),('intermediate',0,5,'intermediate'),('intermediate',3,5,'intermediate'),('personal',0,2,'personal'),('personal',3,1,'personal'),('resid',0,1,'resid'),('resid',3,1,'resid'),('services',3,3,'services'),('subdivider',3,1,'subdivider'),('developer',3,2,'developer'),('construction',0,4,'construction'),('construction',3,1,'construction'),('ret',3,1,'ret'),('furn',0,1,'furn'),('furn',3,1,'furn'),('life',0,1,'life'),('life',3,1,'life'),('non-profit',0,2,'non-profit'),('non-profit',3,1,'non-profit'),('low',0,1,'low'),('low',3,1,'low'),('income',0,1,'income'),('income',3,1,'income'),('own',3,1,'own'),('account',0,1,'account'),('account',3,1,'account'),('except',0,1,'except'),('except',3,1,'except'),('ski',0,1,'ski'),('ski',3,1,'ski'),('independent',0,1,'independent'),('independent',3,1,'independent'),('commercial',4,1,'commercial'),('property',4,31,'property'),('lessor',0,18,'lessor'),('lessor',4,17,'lessor'),('lessors',4,2,'lessors'),('real',4,18,'real'),('management',4,11,'management'),('rental',4,1,'rental'),('estate',4,4,'estate'),('freight',0,1,'freight'),('freight',4,1,'freight'),('transportation',0,1,'transportation'),('transportation',4,1,'transportation'),('arrangement',0,1,'arrangement'),('arrangement',4,1,'arrangement'),('agent',4,3,'agent'),('manager',4,3,'manager'),('ret',4,2,'ret'),('new',0,2,'new'),('new',4,1,'new'),('used',4,2,'used'),('automobiles',4,2,'automobiles'),('passenger',0,1,'passenger'),('passenger',4,1,'passenger'),('oil',0,14,'oil'),('oil',4,14,'oil'),('properties',0,4,'properties'),('properties',4,4,'properties'),('managers',4,1,'managers'),('apartment',5,8,'apartment'),('building',5,6,'building'),('operator',5,7,'operator'),('complex',5,3,'complex'),('management',5,23,'management'),('apt',5,1,'apt'),('managment',5,1,'managment'),('commercial',5,2,'commercial'),('real',5,997,'real'),('estate',5,996,'estate'),('agent',5,931,'agent'),('manager',5,911,'manager'),('condominium',0,1,'condominium'),('condominium',5,1,'condominium'),('property',5,6,'property'),('dentist',0,1,'dentist'),('dentist',5,1,'dentist'),('ice',0,1,'ice'),('ice',5,1,'ice'),('rink',0,1,'rink'),('rink',5,1,'rink'),('investor',5,1,'investor'),('mail',0,1,'mail'),('mail',5,1,'mail'),('order',0,1,'order'),('order',5,1,'order'),('motel',5,5,'motel'),('operates',5,4,'operates'),('agency',0,38,'agency'),('agency',5,38,'agency'),('mortgage',5,3,'mortgage'),('broker',5,6,'broker'),('managemen',0,1,'managemen'),('managemen',5,1,'managemen'),('insurance',5,4,'insurance'),('managers',5,1,'managers'),('training',0,1,'training'),('training',5,1,'training'),('schoo',0,1,'schoo'),('schoo',5,1,'schoo'),('manage',5,1,'manage'),('accounting',0,1,'accounting'),('accounting',5,1,'accounting'),('auditing',0,1,'auditing'),('auditing',5,1,'auditing'),('bookkeepi',0,1,'bookkeepi'),('bookkeepi',5,1,'bookkeepi'),('amusement',5,1,'amusement'),('recreation',5,2,'recreation'),('services',5,14,'services'),('animal',0,1,'animal'),('animal',5,1,'animal'),('appraiser',0,1,'appraiser'),('appraiser',5,1,'appraiser'),('and',5,1,'and'),('liquidator',0,1,'liquidator'),('liquidator',5,1,'liquidator'),('business',5,10,'business'),('depository',0,1,'depository'),('depository',5,1,'depository'),('banking',0,1,'banking'),('banking',5,1,'banking'),('dwelling',5,1,'dwelling'),('hotel',5,4,'hotel'),('operation',5,4,'operation'),('legal',5,1,'legal'),('office',5,1,'office'),('managem',0,1,'managem'),('managem',5,1,'managem'),('loan',0,2,'loan'),('loan',5,2,'loan'),('consulting',0,19,'consulting'),('consulting',5,18,'consulting'),('service',0,18,'service'),('service',5,18,'service'),('membership',5,1,'membership'),('sport',5,1,'sport'),('misc',0,4,'misc'),('misc',5,4,'misc'),('personal',5,1,'personal'),('mobile',0,50,'mobile'),('mobile',5,1,'mobile'),('home',5,1,'home'),('site',5,1,'site'),('banker',0,1,'banker'),('banker',5,1,'banker'),('correspondent',0,1,'correspondent'),('correspondent',5,1,'correspondent'),('mortgages',0,1,'mortgages'),('mortgages',5,1,'mortgages'),('nonresidential',5,1,'nonresidential'),('opera',0,1,'opera'),('opera',5,1,'opera'),('investment',5,1,'investment'),('trust',0,1,'trust'),('trust',5,1,'trust'),('lessor',5,1,'lessor'),('ret',5,5,'ret'),('merchandise',5,2,'merchandise'),('new',5,1,'new'),('used',5,2,'used'),('automobiles',5,2,'automobiles'),('rooming',0,1,'rooming'),('rooming',5,1,'rooming'),('boarding',5,1,'boarding'),('house',0,3,'house'),('house',5,3,'house'),('single-family',0,2,'single-family'),('single-family',5,2,'single-family'),('construct',0,2,'construct'),('construct',5,2,'construct'),('subdivider',5,5,'subdivider'),('developer',5,5,'developer'),('whol',0,1,'whol'),('whol',5,1,'whol'),('furniture',0,1,'furniture'),('furniture',5,1,'furniture'),('mgr',0,5,'mgr'),('mgr',5,2,'mgr'),('mercha',0,1,'mercha'),('mercha',5,1,'mercha'),('drinking',5,1,'drinking'),('agents',5,13,'agents'),('commecial',0,1,'commecial'),('commecial',7,1,'commecial'),('building',7,2,'building'),('contractor',7,2,'contractor'),('for',7,2,'for'),('lease',0,1,'lease'),('lease',7,1,'lease'),('sale',0,1,'sale'),('sale',7,1,'sale'),('commercial',7,6,'commercial'),('real',7,1812,'real'),('estate',7,1809,'estate'),('operator',7,3,'operator'),('developer',7,94,'developer'),('homeowners',0,1,'homeowners'),('homeowners',7,1,'homeowners'),('association',0,1,'association'),('association',7,1,'association'),('land',0,55,'land'),('land',7,55,'land'),('developers',7,1817,'developers'),('mall',7,1,'mall'),('mechanical',0,1,'mechanical'),('mechanical',7,1,'mechanical'),('and',7,10,'and'),('fire',0,1,'fire'),('fire',7,1,'fire'),('protection',0,1,'protection'),('protection',7,1,'protection'),('contractors',0,1,'contractors'),('contractors',7,1,'contractors'),('operates',7,2,'operates'),('subdivider',7,63,'subdivider'),('owns',7,1,'owns'),('manages',0,1,'manages'),('manages',7,1,'manages'),('congregate',7,1,'congregate'),('care',7,1,'care'),('facilities',0,1,'facilities'),('facilities',7,1,'facilities'),('property',7,5,'property'),('development',0,12,'development'),('development',7,12,'development'),('developement',0,1,'developement'),('developement',7,1,'developement'),('management',7,5,'management'),('hotel',7,4,'hotel'),('brokerage',0,1,'brokerage'),('brokerage',7,1,'brokerage'),('firm',0,1,'firm'),('firm',7,1,'firm'),('broker',7,1,'broker'),('golf',0,4,'golf'),('golf',7,4,'golf'),('course',0,4,'course'),('course',7,4,'course'),('restaurant',0,1,'restaurant'),('restaurant',7,1,'restaurant'),('leasing',0,1,'leasing'),('leasing',7,1,'leasing'),('owner',7,1,'owner'),('company',7,1,'company'),('retirement',7,1,'retirement'),('also',0,1,'also'),('also',7,1,'also'),('low-income',0,1,'low-income'),('low-income',7,1,'low-income'),('hou',0,1,'hou'),('hou',7,1,'hou'),('self-administered',0,1,'self-administered'),('self-administered',7,1,'self-administered'),('self-managed',0,1,'self-managed'),('self-managed',7,1,'self-managed'),('investment',7,1,'investment'),('motel',7,3,'motel'),('operation',7,1,'operation'),('services',7,2,'services'),('membership',7,1,'membership'),('sports',0,1,'sports'),('sports',7,1,'sports'),('club',0,2,'club'),('club',7,2,'club'),('ret',7,1,'ret'),('sport',7,1,'sport'),('physical',7,1,'physical'),('fitness',7,1,'fitness'),('faclty',7,1,'faclty'),('estat',0,1,'estat'),('estat',7,1,'estat'),('public',0,3,'public'),('public',7,3,'public'),('amusement',7,1,'amusement'),('recre',7,1,'recre'),('trailer',0,1,'trailer'),('trailer',7,1,'trailer'),('park',0,1,'park'),('park',7,1,'park'),('agent',7,12,'agent'),('manager',7,10,'manager'),('surety',0,1,'surety'),('surety',7,1,'surety'),('insurance',7,1,'insurance'),('carrier',0,1,'carrier'),('carrier',7,1,'carrier'),('esta',0,1,'esta'),('esta',7,1,'esta'),('companies',0,46,'companies'),('companies',7,46,'companies'),('mobile',7,49,'mobile'),('homes-park',0,48,'homes-park'),('homes-park',7,48,'homes-park'),('management-commercial',0,1,'management-commercial'),('management-commercial',7,1,'management-commercial'),('residential',7,7,'residential'),('community',7,1,'community'),('industrial',7,2,'industrial'),('builder',7,2,'builder'),('sales',0,1,'sales'),('sales',7,1,'sales'),('homes',0,1,'homes'),('homes',7,1,'homes'),('home',7,1,'home'),('parks',7,1,'parks'),('subdividers',7,2,'subdividers'),('non-profit',7,1,'non-profit'),('lender',0,1,'lender'),('lender',7,1,'lender'),('operate',0,1,'operate'),('operate',7,1,'operate'),('comm',0,1,'comm'),('comm',7,1,'comm'),('mngr',0,1,'mngr'),('mngr',7,1,'mngr'),('construction',7,3,'construction'),('investor',7,2,'investor'),('mgr',7,3,'mgr'),('rea',0,1,'rea'),('rea',7,1,'rea'),('consulting',7,1,'consulting'),('nonresidential',7,1,'nonresidential'),('mgm',0,1,'mgm'),('mgm',7,1,'mgm'),('single-famil',0,1,'single-famil'),('single-famil',7,1,'single-famil'),('water',7,1,'water'),('sewer',0,1,'sewer'),('sewer',7,1,'sewer'),('utility',0,1,'utility'),('utility',7,1,'utility'),('yacht',0,1,'yacht'),('yacht',7,1,'yacht');

--
-- Table structure for table `idx_unavailable`
--

CREATE TABLE `idx_unavailable` (
  `idx_unavailable` int(11) NOT NULL AUTO_INCREMENT,
  `link_id` int(11) DEFAULT NULL,
  `url` varchar(255) DEFAULT NULL,
  `who_is` varchar(255) DEFAULT NULL,
  `note` text,
  `date` datetime DEFAULT NULL,
  PRIMARY KEY (`idx_unavailable`)
) ENGINE=MyISAM DEFAULT CHARSET=latin1;

--
-- Dumping data for table `idx_unavailable`
--


--
-- Table structure for table `idx_unavailable_latest`
--

CREATE TABLE `idx_unavailable_latest` (
  `idx_link` int(11) DEFAULT NULL,
  `record_execution` int(11) DEFAULT NULL
) ENGINE=MyISAM DEFAULT CHARSET=latin1;

--
-- Dumping data for table `idx_unavailable_latest`
--


--
-- Table structure for table `idx_votes`
--

CREATE TABLE `idx_votes` (
  `link_id` mediumint(9) NOT NULL DEFAULT '0',
  `ip` varchar(100) DEFAULT NULL,
  `value` tinyint(4) DEFAULT NULL
) ENGINE=MyISAM DEFAULT CHARSET=latin1;

--
-- Dumping data for table `idx_votes`
--



