--
-- Host: getalink.org    Database: getalink_indexu
-- ------------------------------------------------------


--
-- Table structure for table `directory_save_data`
--

CREATE TABLE `directory_save_data` (
  `id` bigint(100) NOT NULL AUTO_INCREMENT,
  `schedule_id` bigint(100) NOT NULL,
  `project_id` bigint(100) NOT NULL,
  `link_id` bigint(100) NOT NULL,
  `confirm_link` text NOT NULL,
  `category_id` int(10) NOT NULL,
  `category_name` varchar(150) NOT NULL,
  PRIMARY KEY (`id`)
) ENGINE=InnoDB DEFAULT CHARSET=latin1;

--
-- Dumping data for table `directory_save_data`
--


--
-- Table structure for table `idx_admin_menu`
--

CREATE TABLE `idx_admin_menu` (
  `menu_id` int(11) NOT NULL AUTO_INCREMENT,
  `parent_id` int(11) DEFAULT NULL,
  `menu_title` varchar(255) DEFAULT NULL,
  `menu_url` varchar(255) DEFAULT NULL,
  `order_number` int(11) DEFAULT NULL,
  PRIMARY KEY (`menu_id`)
) ENGINE=MyISAM AUTO_INCREMENT=85 DEFAULT CHARSET=latin1;

--
-- Dumping data for table `idx_admin_menu`
--



--
-- Table structure for table `idx_bad_link`
--

CREATE TABLE `idx_bad_link` (
  `bad_link_id` mediumint(9) unsigned NOT NULL AUTO_INCREMENT,
  `link_id` mediumint(9) unsigned NOT NULL DEFAULT '0',
  `name` varchar(50) NOT NULL DEFAULT '',
  `email` varchar(50) NOT NULL DEFAULT '',
  `type` tinyint(3) unsigned NOT NULL DEFAULT '0',
  `date` date NOT NULL DEFAULT '0000-00-00',
  PRIMARY KEY (`bad_link_id`)
) ENGINE=MyISAM DEFAULT CHARSET=latin1;

--
-- Dumping data for table `idx_bad_link`
--


--
-- Table structure for table `idx_badwords`
--

CREATE TABLE `idx_badwords` (
  `word` varchar(100) NOT NULL DEFAULT ''
) ENGINE=MyISAM DEFAULT CHARSET=latin1;

--
-- Dumping data for table `idx_badwords`
--


--
-- Table structure for table `idx_blocked_domain`
--

CREATE TABLE `idx_blocked_domain` (
  `blocked_id` int(11) NOT NULL AUTO_INCREMENT,
  `blocked` varchar(255) DEFAULT NULL,
  `type` enum('domain','ip') DEFAULT NULL,
  PRIMARY KEY (`blocked_id`)
) ENGINE=MyISAM AUTO_INCREMENT=6 DEFAULT CHARSET=latin1;

--
-- Dumping data for table `idx_blocked_domain`
--

INSERT INTO `idx_blocked_domain` VALUES (1,'buydomains.com','domain'),(2,'this-domain-for-sale.com ','domain'),(3,'oversee.net','domain'),(4,'eNom','domain'),(5,'sedoparking.com','domain');

--
-- Table structure for table `idx_category`
--

CREATE TABLE `idx_category` (
  `category_id` mediumint(9) unsigned NOT NULL AUTO_INCREMENT,
  `parent_id` mediumint(9) unsigned NOT NULL DEFAULT '0',
  `name` varchar(100) NOT NULL DEFAULT '',
  `description` text NOT NULL,
  `image` varchar(100) DEFAULT NULL,
  `content` text,
  `visible` char(1) DEFAULT NULL,
  `links` mediumint(9) DEFAULT NULL,
  `meta_keyword` text,
  `meta_description` text,
  `permission` char(2) DEFAULT NULL,
  `registered_only` char(1) DEFAULT NULL,
  `header` text NOT NULL,
  `footer` text NOT NULL,
  `related` mediumint(6) NOT NULL DEFAULT '0',
  `page_title` varchar(200) NOT NULL DEFAULT '',
  `hits` int(11) NOT NULL DEFAULT '0',
  `order_num` smallint(6) NOT NULL DEFAULT '0',
  `basic_price` double unsigned NOT NULL DEFAULT '0',
  `premium_price` double unsigned NOT NULL DEFAULT '0',
  `sponsored_price` double unsigned NOT NULL DEFAULT '0',
  PRIMARY KEY (`category_id`)
) ENGINE=MyISAM AUTO_INCREMENT=36 DEFAULT CHARSET=latin1;

--
-- Dumping data for table `idx_category`
--

INSERT INTO `idx_category` VALUES (1,0,'Arts & Humanities','','folder.gif','','1',24,'','','0','0','','',0,'',0,0,0,0,0),(2,0,'Automobile industry','','folder.gif','','1',49,'','','0','0','','',0,'',0,0,0,0,0),(3,0,'Business & Economy','','folder.gif','','1',185,'','','0','0','','',0,'',0,0,0,0,0),(4,0,'Careers','','folder.gif','','1',2,'','','0','0','','',0,'',0,0,0,0,0),(5,0,'Clothing & Fashion','','folder.gif','','1',14,'','','0','0','','',0,'',0,0,0,0,0),(6,0,'Mass Communications','','folder.gif','','1',20,'','','0','0','','',0,'',0,0,0,0,0),(7,0,'Computers & IT','','folder.gif','','1',33,'','','0','0','','',0,'',0,0,0,0,0),(8,0,'Construction Services','','folder.gif','','1',92,'','','0','0','','',0,'',0,0,0,0,0),(9,0,'Dental','','folder.gif','','1',76,'','','0','0','','',0,'',0,0,0,0,0),(10,0,'Education & Training','','folder.gif','','1',32,'','','0','0','','',0,'',0,0,0,0,0),(11,0,'Employment & Recruitment','','folder.gif','','1',0,'','','0','0','','',0,'',0,0,0,0,0),(12,0,'Gifts & Novelties','','folder.gif','','1',22,'','','0','0','','',0,'',0,0,0,0,0),(13,0,'Software & Hardware','','folder.gif','','1',13,'','','0','0','','',0,'',0,0,0,0,0),(14,0,'Health Services','','folder.gif','','1',83,'','','0','0','','',0,'',0,0,0,0,0),(15,0,'Healthcare Industry','','folder.gif','','1',139,'','','0','0','','',0,'',0,0,0,0,0),(16,0,'Heating, Ventilating and Air Conditioning','','folder.gif','','1',91,'','','0','0','','',0,'',0,0,0,0,0),(17,0,'Home & Garden Making','','folder.gif','','1',255,'','','0','0','','',0,'',0,0,0,0,0),(18,0,'Home Improvement & Decor','','folder.gif','','1',94,'','','0','0','','',0,'',0,0,0,0,0),(19,0,'Hotels & Accomadation','','folder.gif','','1',68,'','','0','0','','',0,'',0,0,0,0,0),(20,0,'Insurance Companies','','folder.gif','','1',30,'','','0','0','','',0,'',0,0,0,0,0),(21,0,'Law','','folder.gif','','1',3,'','','0','0','','',0,'',0,0,0,0,0),(22,0,'Lawyers & Judges','','folder.gif','','1',216,'','','0','0','','',0,'',0,0,0,0,0),(23,0,'Dating & Relationships','','folder.gif','','1',6,'','','0','0','','',0,'',0,0,0,0,0),(24,0,'Medicine & Hospitals','','folder.gif','','1',14,'','','0','0','','',0,'',0,0,0,0,0),(25,0,'Finance & Investment Services','','folder.gif','','1',25,'','','0','0','','',0,'',0,0,0,0,0),(26,0,'News & Magazines','','folder.gif','','1',2,'','','0','0','','',0,'',0,0,0,0,0),(27,0,'Plumbing Services','','folder.gif','','1',48,'','','0','0','','',0,'',0,0,0,0,0),(28,0,'Real Estate Development','','folder.gif','','1',44,'','','0','0','','',0,'',0,0,0,0,0),(29,0,'Energy & Science','','folder.gif','','1',16,'','','0','0','','',0,'',0,0,0,0,0),(30,0,'SEO ,SMO & PPC','','folder.gif','','1',26,'','','0','0','','',0,'',0,0,0,0,0),(31,0,'Shopping and Retail','','folder.gif','','1',80,'','','0','0','','',0,'',0,0,0,0,0),(32,0,'Recreation & Sports','','folder.gif','','1',10,'','','0','0','','',0,'',0,0,0,0,0),(33,0,'Transport & Moving Services','','folder.gif','','1',65,'','','0','0','','',0,'',0,0,0,0,0),(34,0,'Travel Industry','','folder.gif','','1',28,'','','0','0','','',0,'',0,0,0,0,0),(35,0,'Wedding & Events','','folder.gif','','1',13,'','','0','0','','',0,'',0,0,0,0,0);

--
-- Table structure for table `idx_category_path`
--

CREATE TABLE `idx_category_path` (
  `category_id` mediumint(9) NOT NULL DEFAULT '0',
  `path` text,
  `path_with_url` text,
  `parents` text,
  PRIMARY KEY (`category_id`)
) ENGINE=MyISAM DEFAULT CHARSET=latin1;

--
-- Dumping data for table `idx_category_path`
--

INSERT INTO `idx_category_path` VALUES (1,'Arts & Humanities','<a href=\"http://getalink.org/arts-humanities/\" name=\"cat_1\" style=\"\">Arts & Humanities</a>',';0;'),(2,'Automobile industry','<a href=\"http://getalink.org/automobile-industry/\" name=\"cat_2\" style=\"\">Automobile industry</a>',';0;'),(3,'Business & Economy','<a href=\"http://getalink.org/business-economy/\" name=\"cat_3\" style=\"\">Business & Economy</a>',';0;'),(4,'Careers','<a href=\"http://getalink.org/careers/\" name=\"cat_4\" style=\"\">Careers</a>',';0;'),(5,'Clothing & Fashion','<a href=\"http://getalink.org/clothing-fashion/\" name=\"cat_5\" style=\"\">Clothing & Fashion</a>',';0;'),(6,'Mass Communications','<a href=\"http://getalink.org/mass-communications/\" name=\"cat_6\" style=\"\">Mass Communications</a>',';0;'),(7,'Computers & IT','<a href=\"http://getalink.org/computers-it/\" name=\"cat_7\" style=\"\">Computers & IT</a>',';0;'),(8,'Construction Services','<a href=\"http://getalink.org/construction-services/\" name=\"cat_8\" style=\"\">Construction Services</a>',';0;'),(9,'Dental','<a href=\"http://getalink.org/dental/\" name=\"cat_9\" style=\"\">Dental</a>',';0;'),(10,'Education & Training','<a href=\"http://getalink.org/education-training/\" name=\"cat_10\" style=\"\">Education & Training</a>',';0;'),(11,'Employment & Recruitment','<a href=\"http://getalink.org/employment-recruitment/\" name=\"cat_11\" style=\"\">Employment & Recruitment</a>',';0;'),(12,'Gifts & Novelties','<a href=\"http://getalink.org/gifts-novelties/\" name=\"cat_12\" style=\"\">Gifts & Novelties</a>',';0;'),(13,'Software & Hardware','<a href=\"http://getalink.org/software-hardware/\" name=\"cat_13\" style=\"\">Software & Hardware</a>',';0;'),(14,'Health Services','<a href=\"http://getalink.org/health-services/\" name=\"cat_14\" style=\"\">Health Services</a>',';0;'),(15,'Healthcare Industry','<a href=\"http://getalink.org/healthcare-industry/\" name=\"cat_15\" style=\"\">Healthcare Industry</a>',';0;'),(16,'Heating, Ventilating and Air Conditioning','<a href=\"http://getalink.org/heating-ventilating-and-air-conditioning/\" name=\"cat_16\" style=\"\">Heating, Ventilating and Air Conditioning</a>',';0;'),(17,'Home & Garden Making','<a href=\"http://getalink.org/home-garden-making/\" name=\"cat_17\" style=\"\">Home & Garden Making</a>',';0;'),(18,'Home Improvement & Decor','<a href=\"http://getalink.org/home-improvement-decor/\" name=\"cat_18\" style=\"\">Home Improvement & Decor</a>',';0;'),(19,'Hotels & Accomadation','<a href=\"http://getalink.org/hotels-accomadation/\" name=\"cat_19\" style=\"\">Hotels & Accomadation</a>',';0;'),(20,'Insurance Companies','<a href=\"http://getalink.org/insurance-companies/\" name=\"cat_20\" style=\"\">Insurance Companies</a>',';0;'),(21,'Law','<a href=\"http://getalink.org/law/\" name=\"cat_21\" style=\"\">Law</a>',';0;'),(22,'Lawyers & Judges','<a href=\"http://getalink.org/lawyers-judges/\" name=\"cat_22\" style=\"\">Lawyers & Judges</a>',';0;'),(23,'Dating & Relationships','<a href=\"http://getalink.org/dating-relationships/\" name=\"cat_23\" style=\"\">Dating & Relationships</a>',';0;'),(24,'Medicine & Hospitals','<a href=\"http://getalink.org/medicine-hospitals/\" name=\"cat_24\" style=\"\">Medicine & Hospitals</a>',';0;'),(25,'Finance & Investment Services','<a href=\"http://getalink.org/finance-investment-services/\" name=\"cat_25\" style=\"\">Finance & Investment Services</a>',';0;'),(26,'News & Magazines','<a href=\"http://getalink.org/news-magazines/\" name=\"cat_26\" style=\"\">News & Magazines</a>',';0;'),(27,'Plumbing Services','<a href=\"http://getalink.org/plumbing-services/\" name=\"cat_27\" style=\"\">Plumbing Services</a>',';0;'),(28,'Real Estate Development','<a href=\"http://getalink.org/real-estate-development/\" name=\"cat_28\" style=\"\">Real Estate Development</a>',';0;'),(29,'Energy & Science','<a href=\"http://getalink.org/energy-science/\" name=\"cat_29\" style=\"\">Energy & Science</a>',';0;'),(30,'SEO ,SMO & PPC','<a href=\"http://getalink.org/seo-smo-ppc/\" name=\"cat_30\" style=\"\">SEO ,SMO & PPC</a>',';0;'),(31,'Shopping and Retail','<a href=\"http://getalink.org/shopping-and-retail/\" name=\"cat_31\" style=\"\">Shopping and Retail</a>',';0;'),(32,'Recreation & Sports','<a href=\"http://getalink.org/recreation-sports/\" name=\"cat_32\" style=\"\">Recreation & Sports</a>',';0;'),(33,'Transport & Moving Services','<a href=\"http://getalink.org/transport-moving-services/\" name=\"cat_33\" style=\"\">Transport & Moving Services</a>',';0;'),(34,'Travel Industry','<a href=\"http://getalink.org/travel-industry/\" name=\"cat_34\" style=\"\">Travel Industry</a>',';0;'),(35,'Wedding & Events','<a href=\"http://getalink.org/wedding-events/\" name=\"cat_35\" style=\"\">Wedding & Events</a>',';0;');

--
-- Table structure for table `idx_category_suggession`
--

CREATE TABLE `idx_category_suggession` (
  `id_cat_suggession` int(11) NOT NULL AUTO_INCREMENT,
  `parent_id` int(11) DEFAULT NULL,
  `name` varchar(255) DEFAULT NULL,
  `category_description` text,
  `date` datetime DEFAULT NULL,
  PRIMARY KEY (`id_cat_suggession`)
) ENGINE=MyISAM DEFAULT CHARSET=latin1;

--
-- Dumping data for table `idx_category_suggession`
--


--
-- Table structure for table `idx_checkurl`
--

CREATE TABLE `idx_checkurl` (
  `link_id` mediumint(9) NOT NULL DEFAULT '0',
  `date` date NOT NULL DEFAULT '0000-00-00',
  `live` char(1) NOT NULL DEFAULT '',
  `reciprocal_found` char(1) NOT NULL DEFAULT '',
  PRIMARY KEY (`link_id`)
) ENGINE=MyISAM DEFAULT CHARSET=latin1;

--
-- Dumping data for table `idx_checkurl`
--


--
-- Table structure for table `idx_cronjobs`
--

CREATE TABLE `idx_cronjobs` (
  `cronjobs_id` int(11) NOT NULL AUTO_INCREMENT,
  `cronjobs_name` varchar(255) DEFAULT NULL,
  `filename` varchar(255) NOT NULL,
  `schedule` varchar(255) NOT NULL,
  `time` datetime NOT NULL,
  `execution` varchar(1) NOT NULL,
  PRIMARY KEY (`cronjobs_id`)
) ENGINE=MyISAM AUTO_INCREMENT=4 DEFAULT CHARSET=latin1;

--
-- Dumping data for table `idx_cronjobs`
--

INSERT INTO `idx_cronjobs` VALUES (1,NULL,'clear_templates_c.php','1,*,*,*,*','0000-00-00 00:00:00',''),(2,NULL,'update_tag_cloud.php','*,24,*,*,*','0000-00-00 00:00:00',''),(3,NULL,'clear_rss_cache.php','*,24,*,*,*','0000-00-00 00:00:00','');

--
-- Table structure for table `idx_custom_field`
--

CREATE TABLE `idx_custom_field` (
  `field_name` varchar(32) NOT NULL DEFAULT '',
  `field_text` varchar(64) NOT NULL DEFAULT '',
  `field_type` enum('TEXT','TEXTAREA','SELECT','MULTISELECT','CHECKBOX','RADIO','FILE','IMAGE','DATE','DATETIME','RICHEDITOR') NOT NULL DEFAULT 'TEXT',
  `field_option` text NOT NULL,
  `field_img_width` int(10) unsigned NOT NULL DEFAULT '0',
  `field_img_height` int(10) unsigned NOT NULL DEFAULT '0',
  `field_file_size` int(10) unsigned NOT NULL DEFAULT '0',
  `field_file_extension` varchar(64) NOT NULL DEFAULT '',
  `required` char(1) NOT NULL DEFAULT '0',
  `searchable` char(1) NOT NULL DEFAULT '1',
  `permission` char(1) NOT NULL DEFAULT '0'
) ENGINE=MyISAM DEFAULT CHARSET=latin1;

--
-- Dumping data for table `idx_custom_field`
--

INSERT INTO `idx_custom_field` VALUES ('image','Image','IMAGE','',0,0,0,'','0','0','2'),('address','Address','TEXT','',0,0,0,'','0','0','0'),('city','City','TEXT','',0,0,0,'','0','0','0'),('state','State','TEXT','',0,0,0,'','0','0','0'),('country','Country','TEXT','',0,0,0,'','0','0','0'),('zip','Zip','TEXT','',0,0,0,'','0','0','0'),('phone','Phone','TEXT','',0,0,0,'','0','0','0'),('fax','Fax','TEXT','',0,0,0,'','0','0','0');

--
-- Table structure for table `idx_default_field`
--

CREATE TABLE `idx_default_field` (
  `field_name` varchar(64) NOT NULL,
  `required` char(1) NOT NULL,
  `visible` char(1) NOT NULL DEFAULT '1',
  `searchable` char(1) NOT NULL DEFAULT '1'
) ENGINE=MyISAM DEFAULT CHARSET=latin1;

--
-- Dumping data for table `idx_default_field`
--

INSERT INTO `idx_default_field` VALUES ('title','1','1','1'),('url','1','1','1'),('description','1','1','1'),('keywords','1','1','0'),('contact_name','1','1','1'),('email','1','1','1'),('reciprocal_url','0','0','1');

--
-- Table structure for table `idx_discount_coupon`
--

CREATE TABLE `idx_discount_coupon` (
  `coupon_id` int(11) NOT NULL AUTO_INCREMENT,
  `coupon_code` varchar(255) DEFAULT NULL,
  `coupon_value` varchar(50) DEFAULT NULL,
  `link_type` varchar(255) DEFAULT NULL,
  `start_date` date DEFAULT NULL,
  `expired_date` date DEFAULT NULL,
  `expired_usage` int(11) DEFAULT NULL,
  `usage_count` int(11) DEFAULT NULL,
  PRIMARY KEY (`coupon_id`)
) ENGINE=MyISAM DEFAULT CHARSET=latin1;

--
-- Dumping data for table `idx_discount_coupon`
--


--
-- Table structure for table `idx_editor`
--

CREATE TABLE `idx_editor` (
  `username` varchar(20) DEFAULT NULL,
  `category_id` mediumint(9) DEFAULT NULL,
  `category` char(1) DEFAULT NULL,
  `link` char(1) DEFAULT NULL,
  `review` char(1) DEFAULT NULL,
  `pick` char(1) DEFAULT NULL,
  `status` char(1) DEFAULT NULL,
  `date` date DEFAULT NULL
) ENGINE=MyISAM DEFAULT CHARSET=latin1;

--
-- Dumping data for table `idx_editor`
--


--
-- Table structure for table `idx_email_template`
--

CREATE TABLE `idx_email_template` (
  `email_template_id` int(10) unsigned NOT NULL AUTO_INCREMENT,
  `name` varchar(255) DEFAULT NULL,
  `subject` varchar(255) DEFAULT NULL,
  `body` text,
  `altbody` text,
  PRIMARY KEY (`email_template_id`)
) ENGINE=MyISAM AUTO_INCREMENT=37 DEFAULT CHARSET=latin1;

--
-- Dumping data for table `idx_email_template`
--



--
-- Table structure for table `idx_favorites`
--

CREATE TABLE `idx_favorites` (
  `favorite_id` int(11) NOT NULL AUTO_INCREMENT,
  `username` varchar(20) DEFAULT NULL,
  `date` date DEFAULT NULL,
  `title` varchar(100) DEFAULT NULL,
  `description` text,
  PRIMARY KEY (`favorite_id`)
) ENGINE=MyISAM AUTO_INCREMENT=2 DEFAULT CHARSET=latin1;

--
-- Dumping data for table `idx_favorites`
--

INSERT INTO `idx_favorites` VALUES (1,'adaptive84','2011-12-07','My Favorites',NULL);

--
-- Table structure for table `idx_favorites_detail`
--

CREATE TABLE `idx_favorites_detail` (
  `favorite_id` int(11) DEFAULT NULL,
  `link_id` mediumint(9) DEFAULT NULL
) ENGINE=MyISAM DEFAULT CHARSET=latin1;

--
-- Dumping data for table `idx_favorites_detail`
--


--
-- Table structure for table `idx_hook_place`
--

CREATE TABLE `idx_hook_place` (
  `hook_place_id` int(11) NOT NULL AUTO_INCREMENT,
  `filename` varchar(255) DEFAULT NULL,
  `hookname` varchar(255) DEFAULT NULL,
  PRIMARY KEY (`hook_place_id`)
) ENGINE=MyISAM DEFAULT CHARSET=latin1;

--
-- Dumping data for table `idx_hook_place`
--


--
-- Table structure for table `idx_invoice`
--

CREATE TABLE `idx_invoice` (
  `invoice_id` varchar(10) NOT NULL DEFAULT '',
  `invoice_date` date DEFAULT NULL,
  `due_date` date DEFAULT NULL,
  `invoiced_to` text,
  `service` varchar(255) DEFAULT NULL,
  `description` text,
  `total` double(8,2) DEFAULT NULL,
  `comment` text,
  `paid` char(1) DEFAULT NULL,
  `paid_date` date DEFAULT NULL,
  `email` varchar(255) DEFAULT NULL,
  PRIMARY KEY (`invoice_id`)
) ENGINE=MyISAM DEFAULT CHARSET=latin1;

--
-- Dumping data for table `idx_invoice`
--


--
-- Table structure for table `idx_invoice_config`
--

CREATE TABLE `idx_invoice_config` (
  `company` varchar(255) DEFAULT NULL,
  `contact` varchar(255) DEFAULT NULL,
  `address` text,
  `phone` varchar(255) DEFAULT NULL,
  `email` varchar(255) DEFAULT NULL,
  `currency_symbol` varchar(255) DEFAULT '$',
  `currency_code` varchar(255) DEFAULT 'USD'
) ENGINE=MyISAM DEFAULT CHARSET=latin1;

--
-- Dumping data for table `idx_invoice_config`
--

INSERT INTO `idx_invoice_config` VALUES ('Your website / Company','Billing Department','Your address','Your phone #','Billing<name@yourdomain.com>','$','USD');

--
-- Table structure for table `idx_link_temp`
--

CREATE TABLE `idx_link_temp` (
  `vid` mediumint(9) unsigned NOT NULL AUTO_INCREMENT,
  `spam` char(1) NOT NULL DEFAULT '0',
  `link_id` mediumint(9) DEFAULT NULL,
  `category_id` mediumint(9) unsigned NOT NULL DEFAULT '0',
  `title` varchar(100) NOT NULL DEFAULT '',
  `url` text NOT NULL,
  `description` text NOT NULL,
  `contact_name` varchar(100) NOT NULL DEFAULT '',
  `email` varchar(100) NOT NULL DEFAULT '',
  `hits` mediumint(9) DEFAULT NULL,
  `votes` smallint(6) DEFAULT NULL,
  `rating` float(4,2) DEFAULT NULL,
  `date` datetime NOT NULL DEFAULT '0000-00-00 00:00:00',
  `bid` smallint(6) NOT NULL DEFAULT '0',
  `new` char(1) DEFAULT NULL,
  `hot` char(1) DEFAULT NULL,
  `top_rated` char(1) DEFAULT NULL,
  `pick` char(1) DEFAULT NULL,
  `password` varchar(20) DEFAULT NULL,
  `updated` char(1) DEFAULT NULL,
  `reviews` smallint(6) DEFAULT NULL,
  `avg_review` float(4,2) DEFAULT NULL,
  `last_updated` datetime DEFAULT NULL,
  `official_review` text,
  `keywords` varchar(255) DEFAULT NULL,
  `cat1` mediumint(6) NOT NULL DEFAULT '0',
  `cat2` mediumint(6) NOT NULL DEFAULT '0',
  `suspended` char(1) NOT NULL DEFAULT '0',
  `reciprocal_url` varchar(255) DEFAULT NULL,
  `address` varchar(255) DEFAULT NULL,
  `city` varchar(255) DEFAULT NULL,
  `state` varchar(255) DEFAULT NULL,
  `country` varchar(255) DEFAULT NULL,
  `zip` varchar(255) DEFAULT NULL,
  `image` varchar(255) DEFAULT NULL,
  `phone` varchar(255) DEFAULT NULL,
  `fax` varchar(255) DEFAULT NULL,
  PRIMARY KEY (`vid`)
) ENGINE=MyISAM DEFAULT CHARSET=latin1;

--
-- Dumping data for table `idx_link_temp`
--


--
-- Table structure for table `idx_link_temp_user`
--

CREATE TABLE `idx_link_temp_user` (
  `vid` mediumint(9) unsigned NOT NULL DEFAULT '0',
  `username` varchar(20) NOT NULL DEFAULT '',
  PRIMARY KEY (`vid`)
) ENGINE=MyISAM DEFAULT CHARSET=latin1;

--
-- Dumping data for table `idx_link_temp_user`
--


--
-- Table structure for table `idx_link_user`
--

CREATE TABLE `idx_link_user` (
  `link_id` mediumint(9) unsigned NOT NULL DEFAULT '0',
  `username` varchar(20) NOT NULL DEFAULT '',
  PRIMARY KEY (`link_id`)
) ENGINE=MyISAM DEFAULT CHARSET=latin1;

--
-- Dumping data for table `idx_link_user`
--


--
-- Table structure for table `idx_mailing_list`
--

CREATE TABLE `idx_mailing_list` (
  `email` varchar(50) NOT NULL DEFAULT '',
  `code` varchar(4) DEFAULT NULL,
  `status` char(1) DEFAULT NULL,
  PRIMARY KEY (`email`)
) ENGINE=MyISAM DEFAULT CHARSET=latin1;

--
-- Dumping data for table `idx_mailing_list`
--


--
-- Table structure for table `idx_message`
--

CREATE TABLE `idx_message` (
  `message_id` smallint(6) NOT NULL AUTO_INCREMENT,
  `date` date DEFAULT NULL,
  `body` text,
  `subject` varchar(100) DEFAULT NULL,
  PRIMARY KEY (`message_id`)
) ENGINE=MyISAM DEFAULT CHARSET=latin1;

--
-- Dumping data for table `idx_message`
--


--
-- Table structure for table `idx_notification`
--

CREATE TABLE `idx_notification` (
  `username` varchar(20) NOT NULL DEFAULT '',
  `category_id` mediumint(9) NOT NULL DEFAULT '0'
) ENGINE=MyISAM DEFAULT CHARSET=latin1;

--
-- Dumping data for table `idx_notification`
--


--
-- Table structure for table `idx_pagerank`
--

CREATE TABLE `idx_pagerank` (
  `link_id` mediumint(8) unsigned NOT NULL DEFAULT '0',
  `engine` char(1) NOT NULL DEFAULT '',
  `rank` tinyint(4) NOT NULL DEFAULT '0',
  `last_update` date NOT NULL DEFAULT '0000-00-00',
  PRIMARY KEY (`link_id`,`engine`)
) ENGINE=MyISAM DEFAULT CHARSET=latin1;

--
-- Dumping data for table `idx_pagerank`
--

INSERT INTO `idx_pagerank` VALUES (1,'g',0,'2011-08-29'),(12,'g',0,'2012-01-19'),(4,'g',0,'2012-01-17'),(39,'g',2,'2011-09-02'),(21,'g',0,'2011-09-02'),(22,'g',0,'2011-09-02'),(24,'g',0,'2011-09-02'),(25,'g',2,'2011-09-02'),(37,'g',0,'2011-09-02'),(20,'g',0,'2011-09-02'),(38,'g',0,'2011-09-02'),(40,'g',2,'2011-09-02'),(36,'g',0,'2012-02-07'),(2,'g',0,'2012-01-09'),(10,'g',0,'2012-02-10'),(19,'g',0,'2012-02-02'),(7,'g',0,'2012-02-10'),(649,'g',0,'2012-01-01'),(9,'g',1,'2011-09-12'),(553,'g',0,'2011-09-17'),(561,'g',0,'2011-09-17'),(564,'g',3,'2011-09-17'),(537,'g',0,'2011-09-17'),(548,'g',3,'2011-09-17'),(540,'g',3,'2011-09-17'),(572,'g',3,'2011-09-17'),(545,'g',2,'2011-09-17'),(569,'g',0,'2011-09-17'),(556,'g',3,'2011-09-17'),(33,'g',0,'2012-02-16'),(67,'g',0,'2012-03-02'),(112,'g',3,'2011-09-20'),(99,'g',3,'2011-09-20'),(127,'g',0,'2011-09-20'),(106,'g',3,'2011-09-20'),(93,'g',3,'2011-09-20'),(122,'g',3,'2011-09-20'),(117,'g',3,'2011-09-20'),(2472,'g',0,'2012-02-16'),(8,'g',0,'2011-09-26'),(17,'g',0,'2012-02-13'),(279,'g',0,'2012-01-06'),(404,'g',0,'2012-02-26'),(2449,'g',3,'2011-09-26'),(2450,'g',3,'2011-09-26'),(1859,'g',3,'2011-09-26'),(1095,'g',4,'2011-09-29'),(277,'g',0,'2012-02-13'),(2713,'g',0,'2012-02-22'),(409,'g',2,'2011-10-04'),(421,'g',2,'2011-10-04'),(438,'g',2,'2011-10-04'),(402,'g',0,'2012-01-19'),(450,'g',2,'2011-10-04'),(394,'g',2,'2011-10-04'),(399,'g',0,'2012-02-22'),(427,'g',2,'2011-10-04'),(415,'g',2,'2011-10-04'),(446,'g',0,'2012-02-13'),(400,'g',0,'2012-02-22'),(2618,'g',0,'2011-10-04'),(2816,'g',0,'2011-10-04'),(2809,'g',0,'2012-02-09'),(2850,'g',0,'2011-10-04'),(2813,'g',0,'2011-10-04'),(1902,'g',0,'2012-02-16'),(2510,'g',0,'2012-02-13'),(196,'g',1,'2011-10-04'),(176,'g',1,'2011-10-04'),(134,'g',0,'2011-10-04'),(121,'g',1,'2011-10-04'),(144,'g',2,'2011-10-04'),(141,'g',1,'2011-10-04'),(116,'g',1,'2011-10-04'),(189,'g',0,'2011-10-04'),(111,'g',1,'2011-10-04'),(114,'g',2,'2011-10-04'),(146,'g',1,'2011-10-04'),(194,'g',0,'2011-10-04'),(186,'g',0,'2011-10-04'),(270,'g',2,'2011-10-04'),(262,'g',1,'2011-10-04'),(119,'g',2,'2011-10-04'),(179,'g',2,'2011-10-04'),(191,'g',1,'2011-10-04'),(124,'g',2,'2011-10-04'),(252,'g',0,'2011-10-04'),(129,'g',0,'2011-10-04'),(181,'g',1,'2011-10-04'),(174,'g',2,'2011-10-04'),(184,'g',2,'2011-10-04'),(255,'g',2,'2011-10-04'),(247,'g',1,'2011-10-04'),(267,'g',1,'2011-10-04'),(102,'g',0,'2011-10-04'),(101,'g',0,'2012-02-10'),(257,'g',0,'2011-10-04'),(139,'g',2,'2011-10-04'),(109,'g',0,'2012-02-13'),(250,'g',2,'2011-10-04'),(131,'g',1,'2011-10-04'),(108,'g',2,'2011-10-04'),(126,'g',0,'2011-10-04'),(265,'g',0,'2011-10-04'),(260,'g',2,'2011-10-04'),(103,'g',0,'2012-02-16'),(136,'g',1,'2011-10-04'),(105,'g',1,'2011-10-04'),(2957,'g',1,'2011-10-04'),(2841,'g',2,'2011-10-04'),(2864,'g',0,'2011-10-04'),(2974,'g',1,'2011-10-04'),(2697,'g',0,'2012-02-13'),(3009,'g',0,'2011-10-04'),(2837,'g',0,'2011-10-04'),(2822,'g',1,'2011-10-04'),(3015,'g',0,'2011-10-04'),(2657,'g',0,'2012-02-16'),(95,'g',0,'2012-03-04'),(2799,'g',0,'2012-03-04'),(23,'g',0,'2011-10-04'),(88,'g',0,'2012-02-17'),(171,'g',0,'2011-10-04'),(159,'g',2,'2011-10-04'),(220,'g',2,'2011-10-04'),(169,'g',2,'2011-10-04'),(205,'g',0,'2012-02-13'),(210,'g',2,'2011-10-04'),(164,'g',2,'2011-10-04'),(156,'g',1,'2011-10-04'),(212,'g',1,'2011-10-04'),(405,'g',0,'2012-02-21'),(204,'g',2,'2011-10-04'),(207,'g',1,'2011-10-04'),(217,'g',1,'2011-10-04'),(161,'g',1,'2011-10-04'),(201,'g',1,'2011-10-04'),(149,'g',2,'2011-10-04'),(215,'g',2,'2011-10-04'),(199,'g',0,'2011-10-04'),(166,'g',0,'2011-10-04'),(444,'g',0,'2012-02-13'),(151,'g',1,'2011-10-04'),(154,'g',2,'2011-10-04'),(3152,'g',4,'2011-10-04'),(3122,'g',5,'2011-10-04'),(2952,'g',3,'2011-10-04'),(3083,'g',6,'2011-10-04'),(2783,'g',0,'2012-01-04'),(2786,'g',0,'2012-01-21'),(1898,'g',0,'2012-03-04'),(2918,'g',3,'2011-10-04'),(1655,'g',2,'2011-10-04'),(1897,'g',0,'2012-01-21'),(1882,'g',0,'2011-10-04'),(3112,'g',4,'2011-10-04'),(3081,'g',5,'2011-10-04'),(3126,'g',6,'2011-10-04'),(2787,'g',2,'2011-10-04'),(14,'g',0,'2012-02-16'),(89,'g',0,'2012-02-10'),(90,'g',0,'2011-10-06'),(96,'g',0,'2012-02-10'),(59,'g',0,'2011-10-06'),(27,'g',0,'2011-10-06'),(98,'g',0,'2011-10-06'),(92,'g',0,'2011-10-06'),(1862,'g',0,'2011-10-06'),(2664,'g',0,'2012-01-22'),(2732,'g',0,'2012-02-13'),(2792,'g',0,'2012-02-13'),(1860,'g',0,'2011-10-06'),(1858,'g',0,'2011-10-07'),(1863,'g',0,'2011-10-07'),(227,'g',0,'2011-10-07'),(235,'g',0,'2011-10-07'),(242,'g',0,'2011-10-07'),(230,'g',0,'2011-10-07'),(225,'g',0,'2011-10-07'),(222,'g',0,'2011-10-07'),(237,'g',0,'2011-10-07'),(2739,'g',0,'2012-02-11'),(245,'g',0,'2011-10-07'),(240,'g',0,'2011-10-07'),(232,'g',0,'2011-10-07'),(2808,'g',0,'2012-01-31'),(2200,'g',0,'2012-03-01'),(1861,'g',0,'2011-10-07'),(6,'g',0,'2011-10-07'),(1676,'g',0,'2011-10-07'),(1864,'g',0,'2011-10-07'),(4605,'g',0,'2012-02-17'),(2795,'g',0,'2012-02-16'),(2801,'g',0,'2012-02-16'),(163,'g',0,'2011-10-08'),(153,'g',0,'2011-10-08'),(133,'g',0,'2011-10-08'),(138,'g',0,'2011-10-08'),(178,'g',0,'2011-10-08'),(2782,'g',0,'2011-10-08'),(173,'g',0,'2011-10-08'),(168,'g',0,'2011-10-08'),(148,'g',0,'2011-10-08'),(158,'g',0,'2011-10-08'),(143,'g',0,'2011-10-08'),(147,'g',0,'2011-10-08'),(152,'g',0,'2011-10-08'),(137,'g',0,'2011-10-08'),(157,'g',0,'2011-10-08'),(177,'g',0,'2011-10-08'),(132,'g',0,'2011-10-08'),(167,'g',0,'2011-10-08'),(142,'g',0,'2011-10-08'),(162,'g',0,'2011-10-08'),(172,'g',0,'2011-10-08'),(2788,'g',0,'2012-02-20'),(525,'g',0,'2011-10-08'),(493,'g',0,'2011-10-08'),(477,'g',0,'2011-10-08'),(485,'g',0,'2011-10-08'),(549,'g',0,'2011-10-08'),(533,'g',0,'2011-10-08'),(541,'g',0,'2011-10-08'),(509,'g',0,'2011-10-08'),(501,'g',0,'2011-10-08'),(517,'g',0,'2011-10-08'),(2790,'g',0,'2012-02-20'),(2793,'g',0,'2012-02-20'),(2807,'g',0,'2012-02-16'),(280,'g',0,'2012-02-15'),(403,'g',0,'2012-02-15'),(731,'g',0,'2011-10-08'),(648,'g',0,'2012-01-12'),(1886,'g',0,'2011-10-09'),(1686,'g',0,'2011-10-09'),(2702,'g',0,'2012-01-19'),(1888,'g',0,'2011-10-09'),(1684,'g',0,'2011-10-09'),(288,'g',0,'2012-02-13'),(66,'g',0,'2012-01-02'),(401,'g',0,'2011-12-13'),(1889,'g',0,'2012-02-11'),(406,'g',0,'2012-03-02'),(5,'g',0,'2012-02-13'),(1848,'g',0,'2011-10-09'),(18,'g',0,'2012-01-31'),(13,'g',0,'2012-03-02'),(11,'g',0,'2012-01-31'),(15,'g',0,'2012-01-31'),(16,'g',0,'2012-03-02'),(447,'g',0,'2011-10-09'),(441,'g',0,'2012-03-02'),(433,'g',0,'2011-10-09'),(2615,'g',0,'2011-10-10'),(2812,'g',0,'2012-03-07'),(2701,'g',0,'2012-02-13'),(2630,'g',0,'2012-02-22'),(1892,'g',0,'2012-02-23'),(2785,'g',0,'2012-01-22'),(2805,'g',0,'2012-02-06'),(2797,'g',0,'2012-02-15'),(2838,'g',0,'2011-10-10'),(665,'g',0,'2011-10-10'),(705,'g',0,'2011-10-10'),(697,'g',0,'2011-10-10'),(645,'g',0,'2011-10-10'),(637,'g',0,'2011-10-10'),(713,'g',0,'2011-10-10'),(681,'g',0,'2011-10-10'),(673,'g',0,'2011-10-10'),(657,'g',0,'2011-10-10'),(689,'g',0,'2011-10-10'),(492,'g',0,'2011-10-10'),(790,'g',0,'2011-10-10'),(804,'g',0,'2011-10-10'),(787,'g',0,'2011-10-10'),(794,'g',0,'2011-10-10'),(780,'g',0,'2011-10-10'),(808,'g',0,'2011-10-10'),(811,'g',0,'2011-10-10'),(797,'g',0,'2011-10-10'),(801,'g',0,'2011-10-10'),(783,'g',0,'2011-10-10'),(476,'g',0,'2011-10-10'),(489,'g',0,'2011-10-10'),(460,'g',0,'2011-10-10'),(468,'g',0,'2011-10-10'),(457,'g',0,'2011-10-10'),(455,'g',0,'2011-10-10'),(463,'g',0,'2011-10-10'),(503,'g',0,'2011-10-10'),(479,'g',0,'2011-10-10'),(527,'g',0,'2011-10-10'),(511,'g',0,'2011-10-10'),(519,'g',0,'2011-10-10'),(487,'g',0,'2011-10-10'),(471,'g',0,'2011-10-10'),(495,'g',0,'2011-10-10'),(535,'g',0,'2011-10-10'),(583,'g',0,'2011-10-10'),(559,'g',0,'2011-10-10'),(591,'g',0,'2011-10-10'),(599,'g',0,'2011-10-10'),(607,'g',0,'2011-10-10'),(615,'g',0,'2011-10-10'),(659,'g',0,'2011-10-10'),(651,'g',0,'2011-10-10'),(551,'g',0,'2011-10-10'),(543,'g',0,'2011-10-10'),(667,'g',0,'2011-10-10'),(567,'g',0,'2011-10-10'),(575,'g',0,'2011-10-10'),(675,'g',0,'2011-10-10'),(683,'g',0,'2011-10-10'),(691,'g',0,'2011-10-10'),(699,'g',0,'2011-10-10'),(707,'g',0,'2011-10-10'),(756,'g',0,'2011-10-10'),(623,'g',0,'2011-10-10'),(740,'g',0,'2011-10-10'),(748,'g',0,'2011-10-10'),(639,'g',0,'2011-10-10'),(764,'g',0,'2011-10-10'),(771,'g',0,'2011-10-10'),(631,'g',0,'2011-10-10'),(1046,'g',0,'2011-10-10'),(1074,'g',0,'2011-10-10'),(1081,'g',0,'2011-10-10'),(1053,'g',0,'2011-10-10'),(732,'g',0,'2011-10-10'),(715,'g',0,'2011-10-10'),(1096,'g',0,'2011-10-10'),(1088,'g',0,'2011-10-10'),(1103,'g',0,'2011-10-10'),(723,'g',0,'2011-10-10'),(1060,'g',0,'2011-10-10'),(1067,'g',0,'2011-10-10'),(1110,'g',0,'2011-10-10'),(465,'g',0,'2011-10-10'),(473,'g',0,'2011-10-11'),(484,'g',0,'2011-10-11'),(481,'g',0,'2011-10-11'),(580,'g',0,'2011-10-11'),(585,'g',0,'2011-10-11'),(601,'g',0,'2011-10-11'),(625,'g',0,'2011-10-11'),(628,'g',0,'2011-10-11'),(656,'g',0,'2011-10-11'),(633,'g',0,'2011-10-11'),(653,'g',0,'2011-10-11'),(612,'g',0,'2011-10-11'),(609,'g',0,'2011-10-11'),(641,'g',0,'2011-10-11'),(617,'g',0,'2011-10-11'),(604,'g',0,'2011-10-11'),(644,'g',0,'2011-10-11'),(636,'g',0,'2011-10-11'),(577,'g',0,'2011-10-11'),(593,'g',0,'2011-10-11'),(596,'g',0,'2011-10-11'),(620,'g',0,'2011-10-11'),(588,'g',0,'2011-10-11'),(61,'g',0,'2011-10-11'),(60,'g',0,'2011-10-11'),(55,'g',0,'2011-10-11'),(52,'g',0,'2011-10-11'),(54,'g',0,'2011-10-11'),(56,'g',0,'2011-10-11'),(58,'g',0,'2011-10-11'),(51,'g',0,'2011-10-11'),(53,'g',0,'2011-10-11'),(57,'g',0,'2011-10-11'),(1422,'g',0,'2011-10-12'),(1478,'g',0,'2011-10-12'),(1486,'g',0,'2011-10-12'),(1446,'g',0,'2011-10-12'),(1438,'g',0,'2011-10-12'),(1430,'g',0,'2011-10-12'),(1470,'g',0,'2011-10-12'),(1462,'g',0,'2011-10-12'),(1414,'g',0,'2011-10-12'),(1454,'g',0,'2011-10-12'),(293,'g',0,'2011-10-14'),(275,'g',0,'2011-10-14'),(278,'g',0,'2012-02-10'),(281,'g',0,'2012-02-13'),(283,'g',0,'2011-10-14'),(73,'g',0,'2011-10-14'),(68,'g',0,'2011-10-14'),(71,'g',0,'2011-10-14'),(65,'g',0,'2011-10-14'),(72,'g',0,'2011-10-14'),(64,'g',0,'2011-10-14'),(63,'g',0,'2011-10-14'),(69,'g',0,'2011-10-14'),(75,'g',0,'2011-10-14'),(74,'g',0,'2011-10-14'),(228,'g',0,'2011-10-14'),(202,'g',0,'2011-10-14'),(213,'g',0,'2011-10-14'),(197,'g',0,'2011-10-14'),(182,'g',0,'2011-10-14'),(208,'g',0,'2011-10-14'),(500,'g',0,'2011-10-14'),(529,'g',0,'2011-10-14'),(513,'g',0,'2011-10-14'),(505,'g',0,'2011-10-14'),(497,'g',0,'2011-10-14'),(970,'g',0,'2011-10-14'),(777,'g',0,'2011-10-14'),(597,'g',0,'2011-10-14'),(987,'g',0,'2011-10-14'),(850,'g',0,'2011-10-14'),(984,'g',0,'2011-10-14'),(340,'g',0,'2011-10-14'),(345,'g',0,'2011-10-14'),(980,'g',0,'2011-10-14'),(290,'g',0,'2011-10-14'),(287,'g',0,'2012-02-12'),(286,'g',0,'2011-10-14'),(294,'g',0,'2012-02-12'),(272,'g',0,'2011-10-14'),(192,'g',0,'2011-10-14'),(187,'g',0,'2011-10-14'),(223,'g',0,'2011-10-14'),(218,'g',0,'2011-10-14'),(532,'g',0,'2011-10-14'),(521,'g',0,'2011-10-14'),(508,'g',0,'2011-10-14'),(516,'g',0,'2011-10-14'),(524,'g',0,'2011-10-14'),(330,'g',0,'2011-10-14'),(198,'g',0,'2011-10-14'),(319,'g',0,'2011-10-14'),(871,'g',0,'2011-10-14'),(621,'g',0,'2011-10-14'),(430,'g',0,'2011-10-14'),(758,'g',0,'2011-10-14'),(664,'g',0,'2011-10-14'),(239,'g',0,'2011-10-14'),(853,'g',0,'2011-10-14'),(183,'g',0,'2011-10-14'),(966,'g',0,'2011-10-14'),(762,'g',0,'2011-10-14'),(768,'g',0,'2011-10-14'),(888,'g',0,'2011-10-14'),(335,'g',0,'2011-10-14'),(754,'g',0,'2011-10-14'),(391,'g',0,'2011-10-14'),(219,'g',0,'2011-10-14'),(259,'g',0,'2011-10-14'),(442,'g',0,'2011-10-14'),(469,'g',0,'2011-10-14'),(274,'g',0,'2011-10-14'),(356,'g',0,'2011-10-14'),(857,'g',0,'2011-10-14'),(292,'g',0,'2011-10-14'),(881,'g',0,'2011-10-14'),(753,'g',0,'2011-10-14'),(977,'g',0,'2011-10-14'),(688,'g',0,'2011-10-14'),(573,'g',0,'2011-10-14'),(745,'g',0,'2011-10-14'),(434,'g',0,'2012-03-02'),(956,'g',0,'2011-10-14'),(629,'g',0,'2011-10-14'),(320,'g',0,'2011-10-14'),(963,'g',0,'2011-10-14'),(613,'g',0,'2011-10-14'),(461,'g',0,'2011-10-14'),(193,'g',0,'2011-10-14'),(386,'g',0,'2011-10-14'),(738,'g',0,'2011-10-14'),(325,'g',0,'2011-10-14'),(784,'g',0,'2011-10-14'),(324,'g',0,'2011-10-14'),(315,'g',0,'2011-10-14'),(867,'g',0,'2011-10-14'),(909,'g',0,'2011-10-14'),(773,'g',0,'2011-10-14'),(244,'g',0,'2011-10-14'),(234,'g',0,'2011-10-14'),(672,'g',0,'2011-10-14'),(412,'g',0,'2011-10-14'),(761,'g',0,'2011-10-14'),(254,'g',0,'2011-10-14'),(418,'g',0,'2011-10-14'),(693,'g',0,'2011-10-14'),(899,'g',0,'2011-10-14'),(339,'g',0,'2011-10-14'),(300,'g',0,'2011-10-14'),(249,'g',0,'2011-10-14'),(309,'g',0,'2011-10-14'),(304,'g',0,'2011-10-14'),(765,'g',0,'2011-10-14'),(453,'g',0,'2011-10-14'),(557,'g',0,'2011-10-14'),(742,'g',0,'2011-10-14'),(424,'g',0,'2011-10-14'),(209,'g',0,'2011-10-14'),(589,'g',0,'2011-10-14'),(906,'g',0,'2011-10-14'),(721,'g',0,'2011-10-14'),(203,'g',0,'2011-10-14'),(381,'g',0,'2011-10-14'),(729,'g',0,'2011-10-14'),(959,'g',0,'2011-10-14'),(214,'g',0,'2011-10-14'),(397,'g',0,'2011-10-14'),(677,'g',0,'2011-10-14'),(351,'g',0,'2011-10-14'),(269,'g',0,'2011-10-14'),(776,'g',0,'2011-10-14'),(913,'g',0,'2011-10-14'),(669,'g',0,'2011-10-14'),(376,'g',0,'2011-10-14'),(334,'g',0,'2011-10-14'),(860,'g',0,'2011-10-14'),(892,'g',0,'2011-10-14'),(329,'g',0,'2011-10-14'),(366,'g',0,'2011-10-14'),(310,'g',0,'2011-10-14'),(229,'g',0,'2011-10-14'),(581,'g',0,'2011-10-14'),(791,'g',0,'2011-10-14'),(685,'g',0,'2011-10-14'),(361,'g',0,'2011-10-14'),(264,'g',0,'2011-10-14'),(291,'g',0,'2011-10-14'),(680,'g',0,'2011-10-14'),(769,'g',0,'2011-10-14'),(885,'g',0,'2011-10-14'),(916,'g',0,'2011-10-14'),(746,'g',0,'2011-10-14'),(605,'g',0,'2011-10-14'),(314,'g',0,'2011-10-14'),(299,'g',0,'2011-10-14'),(371,'g',0,'2011-10-14'),(661,'g',0,'2011-10-14'),(902,'g',0,'2011-10-14'),(224,'g',0,'2011-10-14'),(696,'g',0,'2011-10-14'),(188,'g',0,'2011-10-14'),(285,'g',0,'2011-10-14'),(305,'g',0,'2011-10-14'),(750,'g',0,'2011-10-14'),(895,'g',0,'2011-10-14'),(878,'g',0,'2011-10-14'),(864,'g',0,'2011-10-14'),(565,'g',0,'2011-10-14'),(874,'g',0,'2011-10-14'),(973,'g',0,'2011-10-14'),(2966,'g',0,'2011-10-15'),(3643,'g',0,'2011-10-15'),(3562,'g',0,'2011-10-15'),(3818,'g',0,'2011-10-15'),(3572,'g',0,'2011-10-15'),(870,'g',0,'2011-10-16'),(898,'g',0,'2011-10-16'),(842,'g',0,'2011-10-16'),(926,'g',0,'2011-10-16'),(1018,'g',0,'2011-10-16'),(983,'g',0,'2011-10-16'),(1011,'g',0,'2011-10-16'),(884,'g',0,'2011-10-16'),(1280,'g',0,'2011-10-16'),(1217,'g',0,'2011-10-16'),(1133,'g',0,'2011-10-16'),(1313,'g',0,'2011-10-16'),(1189,'g',0,'2011-10-16'),(1168,'g',0,'2011-10-16'),(1175,'g',0,'2011-10-16'),(1385,'g',0,'2011-10-16'),(1252,'g',0,'2011-10-16'),(1361,'g',0,'2011-10-16'),(1154,'g',0,'2011-10-16'),(1161,'g',0,'2011-10-16'),(1224,'g',0,'2011-10-16'),(1259,'g',0,'2011-10-16'),(1321,'g',0,'2011-10-16'),(1337,'g',0,'2011-10-16'),(1203,'g',0,'2011-10-16'),(26,'g',0,'2011-10-16'),(34,'g',0,'2012-02-15'),(2815,'g',0,'2012-01-19'),(70,'g',0,'2012-02-15'),(4383,'g',0,'2011-10-16'),(2835,'g',0,'2011-10-16'),(2886,'g',0,'2011-10-16'),(3052,'g',0,'2011-10-16'),(3164,'g',0,'2011-10-16'),(3545,'g',0,'2011-10-16'),(3121,'g',0,'2011-10-16'),(3061,'g',0,'2011-10-16'),(4017,'g',0,'2011-10-16'),(3375,'g',0,'2011-10-16'),(2967,'g',0,'2011-10-16'),(4265,'g',0,'2011-10-16'),(3163,'g',0,'2011-10-16'),(3054,'g',0,'2011-10-16'),(3074,'g',0,'2011-10-16'),(4601,'g',0,'2012-02-13'),(4074,'g',0,'2011-10-16'),(3521,'g',0,'2011-10-16'),(3794,'g',0,'2012-03-02'),(3649,'g',0,'2011-10-16'),(3666,'g',0,'2011-10-16'),(3506,'g',0,'2011-10-16'),(3278,'g',0,'2011-10-16'),(1489,'g',0,'2011-10-16'),(1497,'g',0,'2011-10-16'),(1449,'g',0,'2011-10-16'),(1473,'g',0,'2011-10-16'),(1505,'g',0,'2011-10-16'),(1578,'g',0,'2011-10-16'),(4604,'g',0,'2012-02-16'),(955,'g',0,'2011-10-16'),(1025,'g',0,'2011-10-16'),(997,'g',0,'2011-10-16'),(793,'g',0,'2011-10-16'),(814,'g',0,'2011-10-16'),(779,'g',0,'2011-10-16'),(786,'g',0,'2011-10-16'),(835,'g',0,'2011-10-16'),(840,'g',0,'2011-10-16'),(917,'g',0,'2011-10-16'),(861,'g',0,'2011-10-16'),(896,'g',0,'2011-10-16'),(924,'g',0,'2011-10-16'),(903,'g',0,'2011-10-16'),(847,'g',0,'2011-10-16'),(826,'g',0,'2011-10-16'),(819,'g',0,'2011-10-16'),(910,'g',0,'2011-10-16'),(725,'g',0,'2011-10-16'),(1743,'g',0,'2011-10-16'),(1518,'g',0,'2011-10-16'),(1807,'g',0,'2011-10-16'),(832,'g',0,'2011-10-16'),(728,'g',0,'2011-10-16'),(1075,'g',0,'2011-10-16'),(1097,'g',0,'2011-10-16'),(1092,'g',0,'2011-10-16'),(712,'g',0,'2011-10-16'),(829,'g',0,'2011-10-16'),(1527,'g',0,'2011-10-16'),(4887,'g',0,'2012-03-04'),(4753,'g',0,'2012-02-22'),(877,'g',0,'2011-10-16'),(863,'g',0,'2011-10-16'),(849,'g',0,'2011-10-16'),(905,'g',0,'2011-10-16'),(1297,'g',0,'2011-10-16'),(1273,'g',0,'2011-10-16'),(1345,'g',0,'2011-10-16'),(1210,'g',0,'2011-10-16'),(1369,'g',0,'2011-10-16'),(1245,'g',0,'2011-10-16'),(1238,'g',0,'2011-10-16'),(1196,'g',0,'2011-10-16'),(1305,'g',0,'2011-10-16'),(35,'g',0,'2012-02-15'),(1893,'g',0,'2012-02-15'),(2899,'g',0,'2011-10-16'),(436,'g',0,'2011-10-16'),(432,'g',0,'2012-02-13'),(3635,'g',0,'2011-10-16'),(3390,'g',0,'2011-10-16'),(3020,'g',0,'2011-10-16'),(4415,'g',0,'2011-10-16'),(4430,'g',0,'2011-10-16'),(3444,'g',0,'2011-10-16'),(2821,'g',0,'2011-10-16'),(3905,'g',0,'2011-10-16'),(2962,'g',0,'2011-10-16'),(3326,'g',0,'2011-10-16'),(3242,'g',0,'2011-10-16'),(3535,'g',0,'2011-10-16'),(4599,'g',0,'2012-02-16'),(4173,'g',0,'2011-10-16'),(4062,'g',0,'2011-10-16'),(4602,'g',0,'2012-02-13'),(3585,'g',0,'2011-10-16'),(3167,'g',0,'2011-10-16'),(3654,'g',0,'2011-10-16'),(3795,'g',0,'2011-10-16'),(3561,'g',0,'2011-10-16'),(3471,'g',0,'2011-10-16'),(1530,'g',0,'2011-10-16'),(1546,'g',0,'2011-10-16'),(1481,'g',0,'2011-10-16'),(1465,'g',0,'2011-10-16'),(1562,'g',0,'2011-10-16'),(1441,'g',0,'2011-10-16'),(962,'g',0,'2011-10-16'),(912,'g',0,'2011-10-16'),(940,'g',0,'2012-03-02'),(1032,'g',0,'2011-10-16'),(1004,'g',0,'2011-10-16'),(990,'g',0,'2011-10-16'),(772,'g',0,'2011-10-16'),(807,'g',0,'2011-10-16'),(833,'g',0,'2011-10-16'),(798,'g',0,'2011-10-16'),(875,'g',0,'2011-10-16'),(868,'g',0,'2011-10-16'),(938,'g',0,'2011-10-16'),(1107,'g',0,'2011-10-16'),(953,'g',0,'2011-10-16'),(1510,'g',0,'2011-10-16'),(974,'g',0,'2011-10-16'),(1551,'g',0,'2011-10-16'),(1543,'g',0,'2011-10-16'),(1051,'g',0,'2011-10-16'),(1040,'g',0,'2011-10-16'),(1019,'g',0,'2011-10-16'),(1064,'g',0,'2011-10-16'),(1735,'g',0,'2011-10-16'),(1111,'g',0,'2011-10-16'),(1033,'g',0,'2011-10-16'),(1759,'g',0,'2011-10-16'),(1085,'g',0,'2011-10-16'),(1791,'g',0,'2011-10-16'),(1072,'g',0,'2011-10-16'),(846,'g',0,'2011-10-16'),(1089,'g',0,'2011-10-16'),(1751,'g',0,'2011-10-16'),(1078,'g',0,'2011-10-16'),(1494,'g',0,'2011-10-16'),(1082,'g',0,'2011-10-16'),(4809,'g',0,'2011-10-16'),(4784,'g',0,'2012-02-29'),(891,'g',0,'2011-10-16'),(1182,'g',0,'2011-10-16'),(1425,'g',0,'2011-10-16'),(1147,'g',0,'2011-10-16'),(1140,'g',0,'2011-10-16'),(1329,'g',0,'2011-10-16'),(1231,'g',0,'2011-10-16'),(1288,'g',0,'2011-10-16'),(30,'g',0,'2012-02-15'),(3789,'g',0,'2011-10-16'),(2861,'g',0,'2011-10-16'),(4325,'g',0,'2011-10-16'),(3467,'g',0,'2011-10-16'),(3224,'g',0,'2011-10-16'),(3387,'g',0,'2011-10-16'),(3334,'g',0,'2011-10-16'),(3313,'g',0,'2011-10-16'),(3114,'g',0,'2011-10-16'),(3271,'g',0,'2011-10-16'),(2953,'g',0,'2011-10-16'),(4169,'g',0,'2011-10-16'),(4206,'g',0,'2012-02-16'),(3990,'g',0,'2011-10-16'),(4047,'g',0,'2011-10-16'),(3386,'g',0,'2011-10-16'),(3337,'g',0,'2011-10-16'),(3212,'g',0,'2011-10-16'),(3687,'g',0,'2012-02-13'),(1433,'g',0,'2011-10-16'),(1570,'g',0,'2011-10-16'),(1521,'g',0,'2011-10-16'),(1538,'g',0,'2011-10-16'),(1457,'g',0,'2011-10-16'),(933,'g',0,'2011-10-16'),(976,'g',0,'2011-10-16'),(919,'g',0,'2011-10-16'),(948,'g',0,'2011-10-16'),(1039,'g',0,'2011-10-16'),(941,'g',0,'2011-10-16'),(969,'g',0,'2011-10-16'),(800,'g',0,'2011-10-16'),(821,'g',0,'2011-10-16'),(828,'g',0,'2011-10-16'),(889,'g',0,'2011-10-16'),(812,'g',0,'2011-10-16'),(854,'g',0,'2011-10-16'),(882,'g',0,'2011-10-16'),(1036,'g',0,'2011-10-16'),(1799,'g',0,'2011-10-16'),(967,'g',0,'2011-10-16'),(1767,'g',0,'2011-10-16'),(1012,'g',0,'2011-10-16'),(1023,'g',0,'2011-10-16'),(836,'g',0,'2011-10-16'),(1783,'g',0,'2011-10-16'),(709,'g',0,'2011-10-16'),(1022,'g',0,'2011-10-16'),(1502,'g',0,'2011-10-16'),(1016,'g',0,'2011-10-16'),(981,'g',0,'2011-10-16'),(1037,'g',0,'2011-10-16'),(1567,'g',0,'2011-10-16'),(1005,'g',0,'2011-10-16'),(991,'g',0,'2011-10-16'),(1559,'g',0,'2011-10-16'),(995,'g',0,'2011-10-16'),(818,'g',0,'2011-10-16'),(1002,'g',0,'2011-10-16'),(994,'g',0,'2011-10-16'),(1030,'g',0,'2011-10-16'),(1001,'g',0,'2011-10-16'),(1054,'g',0,'2011-10-16'),(1009,'g',0,'2011-10-16'),(1047,'g',0,'2011-10-16'),(988,'g',0,'2011-10-16'),(1044,'g',0,'2011-10-16'),(1071,'g',0,'2011-10-16'),(720,'g',0,'2011-10-16'),(815,'g',0,'2011-10-16'),(734,'g',0,'2011-10-16'),(1061,'g',0,'2011-10-16'),(4909,'g',0,'2012-03-04'),(4748,'g',0,'2012-02-29'),(856,'g',0,'2011-10-16'),(1393,'g',0,'2011-10-16'),(1417,'g',0,'2011-10-16'),(1266,'g',0,'2011-10-16'),(1377,'g',0,'2011-10-16'),(1409,'g',0,'2011-10-16'),(1353,'g',0,'2011-10-16'),(1401,'g',0,'2011-10-16'),(3319,'g',0,'2011-10-16'),(4113,'g',0,'2011-10-16'),(3501,'g',0,'2011-10-16'),(3104,'g',0,'2011-10-16'),(3332,'g',0,'2011-10-16'),(3240,'g',0,'2011-10-16'),(3686,'g',0,'2011-10-16'),(3323,'g',0,'2011-10-16'),(1513,'g',0,'2011-10-16'),(1526,'g',0,'2011-10-16'),(1114,'g',0,'2011-10-16'),(1554,'g',0,'2011-10-16'),(805,'g',0,'2011-10-16'),(931,'g',0,'2011-10-16'),(1057,'g',0,'2011-10-16'),(1100,'g',0,'2011-10-16'),(1125,'g',0,'2011-10-16'),(1058,'g',0,'2011-10-16'),(1535,'g',0,'2011-10-16'),(737,'g',0,'2011-10-16'),(1050,'g',0,'2011-10-16'),(839,'g',0,'2011-10-16'),(1068,'g',0,'2011-10-16'),(1015,'g',0,'2011-10-16'),(822,'g',0,'2011-10-16'),(1043,'g',0,'2011-10-16'),(704,'g',0,'2011-10-16'),(1029,'g',0,'2011-10-16'),(998,'g',0,'2011-10-16'),(960,'g',0,'2011-10-16'),(1121,'g',0,'2011-10-16'),(1104,'g',0,'2011-10-16'),(701,'g',0,'2011-10-16'),(1065,'g',0,'2011-10-16'),(1128,'g',0,'2011-10-16'),(843,'g',0,'2011-10-16'),(946,'g',0,'2011-10-16'),(1008,'g',0,'2011-10-16'),(825,'g',0,'2011-10-17'),(1118,'g',0,'2011-10-17'),(717,'g',0,'2011-10-17'),(1026,'g',0,'2011-10-17'),(3553,'g',0,'2011-10-18'),(3392,'g',0,'2011-10-18'),(3414,'g',0,'2011-10-18'),(3478,'g',0,'2011-10-18'),(3608,'g',0,'2011-10-18'),(3354,'g',0,'2011-10-18'),(3492,'g',0,'2011-10-18'),(3445,'g',0,'2011-10-18'),(3470,'g',0,'2011-10-18'),(3287,'g',0,'2011-10-18'),(4843,'g',0,'2012-02-07'),(4624,'g',0,'2012-02-09'),(1884,'g',0,'2012-03-02'),(1899,'g',0,'2012-02-13'),(4700,'g',0,'2012-02-24'),(4694,'g',0,'2012-02-09'),(4346,'g',0,'2012-02-09'),(4695,'g',0,'2012-02-24'),(4786,'g',0,'2012-01-26'),(4964,'g',0,'2012-02-22'),(4822,'g',0,'2012-01-20'),(4965,'g',0,'2012-01-20'),(4766,'g',0,'2012-03-02'),(4952,'g',0,'2012-02-22'),(4993,'g',0,'2012-02-14'),(3922,'g',0,'2012-03-02'),(4966,'g',0,'2012-01-20'),(5064,'g',0,'2012-02-06'),(4772,'g',0,'2012-02-07'),(4984,'g',0,'2011-10-20'),(4818,'g',0,'2012-01-30'),(4564,'g',0,'2012-02-16'),(5014,'g',0,'2012-02-11'),(5018,'g',0,'2012-02-11'),(4757,'g',0,'2012-02-11'),(5010,'g',0,'2012-02-11'),(4769,'g',0,'2012-02-08'),(4776,'g',0,'2012-01-21'),(4915,'g',0,'2012-01-21'),(4799,'g',0,'2012-02-08'),(5005,'g',0,'2011-10-21'),(4884,'g',0,'2012-02-08'),(4561,'g',0,'2012-01-30'),(4872,'g',0,'2012-01-16'),(4978,'g',0,'2011-10-21'),(4578,'g',0,'2012-02-16'),(4749,'g',0,'2012-01-30'),(4198,'g',0,'2012-02-16'),(4756,'g',0,'2012-01-30'),(347,'g',0,'2012-02-13'),(4848,'g',0,'2012-02-13'),(4947,'g',0,'2011-10-21'),(2656,'g',0,'2012-02-09'),(4901,'g',0,'2012-02-14'),(4943,'g',0,'2012-02-14'),(4891,'g',0,'2011-10-21'),(2624,'g',0,'2012-02-09'),(2456,'g',0,'2012-02-13'),(4922,'g',0,'2011-10-21'),(2632,'g',0,'2012-02-09'),(1891,'g',0,'2012-02-10'),(4910,'g',0,'2011-10-21'),(2255,'g',0,'2011-12-20'),(4920,'g',0,'2011-10-21'),(2453,'g',0,'2011-10-21'),(4863,'g',0,'2012-02-20'),(5000,'g',0,'2011-10-21'),(4905,'g',0,'2011-10-21'),(4990,'g',0,'2011-10-21'),(4866,'g',0,'2012-02-12'),(5004,'g',0,'2011-10-21'),(4869,'g',0,'2012-02-12'),(4911,'g',0,'2011-10-22'),(4890,'g',0,'2012-02-20'),(5047,'g',0,'2011-10-22'),(5046,'g',0,'2011-10-22'),(4871,'g',0,'2012-01-29'),(4874,'g',0,'2012-01-29'),(4896,'g',0,'2011-10-22'),(4927,'g',0,'2012-03-02'),(4859,'g',0,'2011-10-22'),(4903,'g',0,'2012-02-20'),(4880,'g',0,'2012-02-20'),(4917,'g',0,'2012-02-13'),(5041,'g',0,'2011-10-22'),(4865,'g',0,'2011-10-22'),(4904,'g',0,'2012-01-29'),(4876,'g',0,'2012-02-20'),(4862,'g',0,'2012-02-12'),(4932,'g',0,'2011-10-22'),(4894,'g',0,'2012-02-20'),(4923,'g',0,'2011-10-22'),(4897,'g',0,'2011-10-22'),(2517,'g',0,'2011-10-22'),(2515,'g',0,'2011-10-22'),(2521,'g',0,'2011-10-22'),(2518,'g',0,'2011-10-23'),(2513,'g',0,'2011-10-23'),(2512,'g',0,'2011-10-23'),(2520,'g',0,'2011-10-23'),(2516,'g',0,'2011-10-23'),(2519,'g',0,'2011-10-23'),(2511,'g',0,'2011-10-23'),(2550,'g',0,'2011-10-23'),(2548,'g',0,'2011-10-23'),(4574,'g',0,'2012-01-28'),(3932,'g',0,'2012-02-09'),(3722,'g',0,'2012-02-09'),(4622,'g',0,'2012-01-28'),(4213,'g',0,'2012-01-28'),(3145,'g',0,'2012-02-09'),(3903,'g',0,'2012-02-09'),(2703,'g',0,'2011-10-23'),(2659,'g',0,'2012-02-09'),(2495,'g',0,'2011-10-23'),(3834,'g',0,'2012-02-09'),(2480,'g',0,'2011-10-23'),(2473,'g',0,'2011-10-23'),(2545,'g',0,'2011-10-23'),(2483,'g',0,'2011-10-23'),(2470,'g',0,'2011-10-23'),(2462,'g',0,'2011-10-23'),(2542,'g',0,'2011-10-23'),(2543,'g',0,'2011-10-23'),(2485,'g',0,'2011-10-23'),(2475,'g',0,'2011-10-23'),(2469,'g',0,'2011-10-23'),(2553,'g',0,'2011-10-23'),(2496,'g',0,'2011-10-23'),(2497,'g',0,'2011-10-23'),(2546,'g',0,'2011-10-23'),(2551,'g',0,'2011-10-23'),(2494,'g',0,'2011-10-23'),(2533,'g',0,'2011-10-23'),(2476,'g',0,'2011-10-23'),(2492,'g',0,'2011-10-23'),(2498,'g',0,'2011-10-23'),(2549,'g',0,'2011-10-23'),(2464,'g',0,'2011-10-23'),(2474,'g',0,'2011-10-23'),(2452,'g',0,'2011-10-23'),(2471,'g',0,'2011-10-23'),(2544,'g',0,'2011-10-23'),(2465,'g',0,'2011-10-23'),(4919,'g',0,'2011-10-23'),(4925,'g',0,'2011-10-23'),(4882,'g',0,'2012-01-02'),(4921,'g',0,'2012-02-24'),(4895,'g',0,'2011-10-23'),(4979,'g',0,'2011-10-23'),(4892,'g',0,'2012-01-02'),(4881,'g',0,'2012-01-02'),(2538,'g',0,'2011-10-23'),(2499,'g',0,'2011-10-23'),(2479,'g',0,'2011-10-23'),(2468,'g',0,'2011-10-23'),(2539,'g',0,'2011-10-23'),(2486,'g',0,'2011-10-23'),(2493,'g',0,'2011-10-23'),(2466,'g',0,'2011-10-23'),(2467,'g',0,'2011-10-23'),(2552,'g',0,'2011-10-23'),(2482,'g',0,'2011-10-23'),(2535,'g',0,'2011-10-23'),(2481,'g',0,'2011-10-23'),(2484,'g',0,'2011-10-23'),(2491,'g',0,'2011-10-23'),(2536,'g',0,'2011-10-23'),(2477,'g',0,'2011-10-23'),(2534,'g',0,'2011-10-23'),(2488,'g',0,'2011-10-23'),(2487,'g',0,'2011-10-23'),(2489,'g',0,'2011-10-23'),(2461,'g',0,'2011-10-23'),(2547,'g',0,'2011-10-23'),(4801,'g',0,'2012-02-13'),(4851,'g',0,'2012-02-16'),(4868,'g',0,'2011-10-23'),(4860,'g',0,'2011-10-23'),(4875,'g',0,'2011-10-23'),(4857,'g',0,'2012-02-13'),(4873,'g',0,'2012-02-16'),(4734,'g',0,'2012-02-17'),(4841,'g',0,'2012-02-13'),(4731,'g',0,'2011-10-23'),(4606,'g',0,'2011-12-16'),(4110,'g',0,'2011-12-16'),(4777,'g',0,'2011-10-23'),(4775,'g',0,'2011-12-14'),(4773,'g',0,'2011-12-14'),(5012,'g',0,'2012-02-25'),(4936,'g',0,'2011-10-23'),(5048,'g',0,'2012-02-05'),(3787,'g',0,'2012-02-12'),(4545,'g',0,'2011-10-23'),(4926,'g',0,'2011-10-23'),(4959,'g',0,'2011-10-23'),(4983,'g',0,'2011-10-23'),(4823,'g',0,'2012-02-12'),(3986,'g',0,'2011-10-23'),(3803,'g',0,'2011-10-23'),(2814,'g',0,'2011-10-23'),(5032,'g',0,'2012-02-13'),(4803,'g',0,'2012-02-16'),(5031,'g',0,'2012-02-22'),(4914,'g',0,'2011-12-23'),(4750,'g',0,'2012-02-16'),(4812,'g',0,'2012-02-13'),(5049,'g',0,'2012-02-28'),(5065,'g',0,'2012-02-28'),(4982,'g',0,'2011-10-24'),(4961,'g',0,'2012-01-30'),(5059,'g',0,'2012-02-28'),(5023,'g',0,'2012-02-28'),(2804,'g',0,'2012-02-13'),(2617,'g',0,'2012-02-13'),(2454,'g',0,'2012-02-22'),(1894,'g',0,'2011-10-25'),(3970,'g',0,'2011-10-25'),(1887,'g',0,'2011-10-25'),(2619,'g',0,'2011-10-26'),(2740,'g',0,'2011-10-26'),(2696,'g',0,'2012-02-11'),(2627,'g',0,'2012-02-11'),(2796,'g',0,'2011-10-26'),(2794,'g',0,'2011-10-26'),(2798,'g',0,'2012-02-11'),(2784,'g',0,'2011-10-26'),(2648,'g',0,'2011-10-26'),(2791,'g',0,'2011-10-26'),(407,'g',0,'2012-01-17'),(2789,'g',0,'2012-03-04'),(4826,'g',0,'2012-02-22'),(4994,'g',0,'2012-01-26'),(757,'g',0,'2012-02-17'),(4778,'g',0,'2012-02-22'),(4831,'g',0,'2012-02-17'),(4997,'g',0,'2011-12-02'),(4954,'g',0,'2012-03-04'),(5061,'g',0,'2012-02-16'),(4996,'g',0,'2012-02-16'),(4924,'g',0,'2012-02-16'),(5045,'g',0,'2012-02-16'),(4949,'g',0,'2012-01-16'),(9061,'g',0,'2011-10-29'),(9041,'g',0,'2011-10-29'),(9071,'g',0,'2011-10-29'),(9130,'g',0,'2011-10-29'),(9094,'g',0,'2011-10-29'),(9075,'g',0,'2011-12-02'),(9078,'g',0,'2011-10-29'),(9126,'g',0,'2011-10-29'),(9103,'g',0,'2012-02-16'),(9039,'g',0,'2011-10-29'),(9063,'g',0,'2011-10-29'),(9076,'g',0,'2011-10-29'),(8763,'g',0,'2011-10-29'),(8950,'g',0,'2011-10-29'),(9083,'g',0,'2011-10-29'),(8465,'g',0,'2011-10-29'),(9143,'g',0,'2011-10-29'),(8749,'g',0,'2011-10-29'),(8584,'g',0,'2012-01-30'),(8547,'g',0,'2011-10-29'),(8662,'g',0,'2011-10-29'),(8500,'g',0,'2011-10-29'),(8517,'g',0,'2011-10-29'),(8979,'g',0,'2011-10-29'),(8741,'g',0,'2011-10-31'),(8721,'g',0,'2011-10-31'),(8761,'g',0,'2011-10-31'),(8766,'g',0,'2011-10-31'),(8734,'g',0,'2011-10-31'),(8737,'g',0,'2011-10-31'),(8758,'g',0,'2011-10-31'),(8746,'g',0,'2011-10-31'),(8723,'g',0,'2011-10-31'),(8722,'g',0,'2011-10-31'),(5626,'g',0,'2011-10-31'),(5950,'g',0,'2011-10-31'),(5559,'g',0,'2011-10-31'),(6180,'g',0,'2011-10-31'),(6049,'g',0,'2011-10-31'),(6318,'g',0,'2011-10-31'),(8367,'g',0,'2011-10-31'),(6727,'g',0,'2011-10-31'),(4580,'g',0,'2012-01-30'),(4802,'g',0,'2011-10-31'),(4735,'g',0,'2012-01-30'),(4806,'g',0,'2012-01-30'),(4824,'g',0,'2012-01-30'),(5413,'g',0,'2011-10-31'),(5420,'g',0,'2011-10-31'),(4790,'g',0,'2012-01-30'),(8597,'g',0,'2011-11-01'),(8685,'g',0,'2011-11-01'),(8750,'g',0,'2011-11-01'),(8593,'g',0,'2011-11-01'),(8790,'g',0,'2011-11-01'),(8786,'g',0,'2011-11-01'),(8624,'g',0,'2011-11-01'),(8693,'g',0,'2012-01-31'),(8774,'g',0,'2011-11-01'),(7966,'g',0,'2011-11-01'),(8053,'g',0,'2011-11-01'),(8015,'g',0,'2011-11-01'),(7951,'g',0,'2011-11-01'),(8050,'g',0,'2011-11-01'),(7970,'g',0,'2011-11-01'),(8001,'g',0,'2011-11-01'),(8016,'g',0,'2011-11-01'),(7981,'g',0,'2011-11-01'),(8002,'g',0,'2011-11-01'),(6032,'g',0,'2011-11-02'),(6148,'g',0,'2011-11-02'),(6131,'g',0,'2011-11-02'),(9015,'g',0,'2011-12-02'),(6060,'g',0,'2011-11-02'),(8903,'g',0,'2011-12-07'),(6031,'g',0,'2011-11-02'),(5959,'g',0,'2011-11-02'),(9081,'g',0,'2011-12-02'),(8926,'g',0,'2011-12-07'),(8986,'g',0,'2011-12-02'),(9112,'g',0,'2011-12-02'),(9051,'g',0,'2012-02-13'),(8994,'g',0,'2011-12-07'),(8959,'g',0,'2011-12-07'),(6056,'g',0,'2011-11-02'),(6022,'g',0,'2011-11-02'),(9059,'g',0,'2011-12-07'),(6103,'g',0,'2011-11-02'),(5956,'g',0,'2011-11-02'),(8373,'g',0,'2011-11-02'),(8773,'g',0,'2011-11-02'),(8670,'g',0,'2011-11-02'),(8713,'g',0,'2011-11-02'),(8885,'g',0,'2011-11-02'),(4791,'g',0,'2012-02-23'),(8560,'g',0,'2011-11-02'),(8535,'g',0,'2011-11-02'),(4743,'g',0,'2012-03-02'),(8990,'g',0,'2011-11-02'),(8800,'g',0,'2011-11-02'),(8549,'g',0,'2011-11-02'),(7876,'g',0,'2011-11-03'),(7770,'g',0,'2011-11-03'),(7817,'g',0,'2011-11-03'),(7983,'g',0,'2011-11-03'),(7899,'g',0,'2011-11-03'),(7897,'g',0,'2011-11-03'),(7825,'g',0,'2011-11-03'),(7797,'g',0,'2011-11-03'),(7949,'g',0,'2011-11-03'),(7819,'g',0,'2011-12-18'),(6425,'g',0,'2011-11-03'),(8312,'g',0,'2011-11-03'),(8538,'g',0,'2011-11-03'),(7155,'g',0,'2011-11-03'),(8618,'g',0,'2011-11-03'),(5445,'g',0,'2011-11-03'),(5512,'g',0,'2011-11-03'),(3,'g',0,'2012-02-13'),(62,'g',0,'2012-02-13'),(9097,'g',0,'2011-11-04'),(9004,'g',0,'2011-11-04'),(9101,'g',0,'2011-11-04'),(9117,'g',0,'2011-11-04'),(9035,'g',0,'2011-11-04'),(9142,'g',0,'2011-11-04'),(8968,'g',0,'2011-11-04'),(8978,'g',0,'2011-11-04'),(9150,'g',0,'2011-11-05'),(9139,'g',0,'2011-11-05'),(9147,'g',0,'2011-11-05'),(9120,'g',0,'2011-11-05'),(9121,'g',0,'2011-11-05'),(8982,'g',0,'2011-11-05'),(9115,'g',0,'2011-11-05'),(9008,'g',0,'2011-11-05'),(9141,'g',0,'2011-11-05'),(9140,'g',0,'2011-11-05'),(9001,'g',0,'2011-11-05'),(9006,'g',0,'2011-11-05'),(9070,'g',0,'2011-11-05'),(8984,'g',0,'2011-11-05'),(9037,'g',0,'2011-11-05'),(8791,'g',0,'2011-12-09'),(9031,'g',0,'2011-11-05'),(9119,'g',0,'2011-12-11'),(8804,'g',0,'2011-11-05'),(7461,'g',0,'2011-11-05'),(8883,'g',0,'2011-11-05'),(8970,'g',0,'2011-11-05'),(8858,'g',0,'2011-11-05'),(8199,'g',0,'2011-11-05'),(9093,'g',0,'2011-11-05'),(9043,'g',0,'2011-12-11'),(7795,'g',0,'2011-11-05'),(8012,'g',0,'2011-11-05'),(7920,'g',0,'2011-11-05'),(9099,'g',0,'2011-11-05'),(9124,'g',0,'2011-11-05'),(7924,'g',0,'2011-11-05'),(8976,'g',0,'2011-11-05'),(8852,'g',0,'2011-11-05'),(9024,'g',0,'2011-11-05'),(9073,'g',0,'2011-11-05'),(7210,'g',0,'2011-11-05'),(9045,'g',0,'2011-12-09'),(9028,'g',0,'2011-11-05'),(9091,'g',0,'2011-11-05'),(9098,'g',0,'2011-11-05'),(7690,'g',0,'2011-11-05'),(8861,'g',0,'2011-11-05'),(8953,'g',0,'2011-11-06'),(9054,'g',0,'2011-11-06'),(8409,'g',0,'2011-11-06'),(8026,'g',0,'2011-11-06'),(9020,'g',0,'2011-11-06'),(9032,'g',0,'2012-02-13'),(8881,'g',0,'2011-11-06'),(7852,'g',0,'2011-11-06'),(8155,'g',0,'2011-11-06'),(8651,'g',0,'2011-11-06'),(8864,'g',0,'2011-12-09'),(9062,'g',0,'2011-11-06'),(7947,'g',0,'2011-11-06'),(8803,'g',0,'2011-11-06'),(9087,'g',0,'2011-11-06'),(7808,'g',0,'2011-11-06'),(7772,'g',0,'2011-11-06'),(8988,'g',0,'2011-12-11'),(9066,'g',0,'2011-11-06'),(8814,'g',0,'2011-12-09'),(7666,'g',0,'2011-11-06'),(8985,'g',0,'2012-02-16'),(7382,'g',0,'2011-11-06'),(7391,'g',0,'2011-11-06'),(9014,'g',0,'2011-12-11'),(9017,'g',0,'2011-11-06'),(8974,'g',0,'2011-11-06'),(8944,'g',0,'2011-12-09'),(8133,'g',0,'2011-11-06'),(8659,'g',0,'2011-11-06'),(8256,'g',0,'2011-11-06'),(8980,'g',0,'2011-11-06'),(9146,'g',0,'2011-12-11'),(7620,'g',0,'2011-11-06'),(8365,'g',0,'2011-11-06'),(8184,'g',0,'2011-11-06'),(7733,'g',0,'2011-11-06'),(9122,'g',0,'2011-11-06'),(7118,'g',0,'2011-11-06'),(8932,'g',0,'2011-11-06'),(8877,'g',0,'2012-01-21'),(9123,'g',0,'2011-11-06'),(8403,'g',0,'2011-11-06'),(9068,'g',0,'2011-11-06'),(9072,'g',0,'2011-12-11'),(7094,'g',0,'2011-11-06'),(9046,'g',0,'2011-12-09'),(8925,'g',0,'2011-11-06'),(9148,'g',0,'2011-11-06'),(8789,'g',0,'2011-12-09'),(7757,'g',0,'2011-11-06'),(7521,'g',0,'2011-11-06'),(9065,'g',0,'2011-11-06'),(8992,'g',0,'2011-11-06'),(9005,'g',0,'2011-11-06'),(8977,'g',0,'2011-12-11'),(7599,'g',0,'2011-11-06'),(7742,'g',0,'2011-11-06'),(5870,'g',0,'2011-11-06'),(7197,'g',0,'2011-11-06'),(7112,'g',0,'2011-11-06'),(7919,'g',0,'2011-11-06'),(7002,'g',0,'2011-11-06'),(5795,'g',0,'2011-11-06'),(6622,'g',0,'2011-11-06'),(5771,'g',0,'2011-11-06'),(8996,'g',0,'2011-12-11'),(9000,'g',0,'2011-11-06'),(8981,'g',0,'2011-11-06'),(8138,'g',0,'2011-11-06'),(9110,'g',0,'2011-11-06'),(7881,'g',0,'2011-11-06'),(8943,'g',0,'2011-11-06'),(9089,'g',0,'2011-12-09'),(9145,'g',0,'2011-11-06'),(9109,'g',0,'2011-11-06'),(9060,'g',0,'2011-12-09'),(8897,'g',0,'2011-11-06'),(8819,'g',0,'2011-11-06'),(8862,'g',0,'2011-11-06'),(8872,'g',0,'2011-11-06'),(8840,'g',0,'2011-11-06'),(8899,'g',0,'2011-11-06'),(5405,'g',0,'2011-11-07'),(9047,'g',0,'2011-11-07'),(6317,'g',0,'2011-11-07'),(7857,'g',0,'2011-11-07'),(8088,'g',0,'2011-11-07'),(8077,'g',0,'2011-11-07'),(6974,'g',0,'2011-11-07'),(6034,'g',0,'2011-11-07'),(5935,'g',0,'2011-11-07'),(276,'g',0,'2012-02-17'),(296,'g',0,'2012-02-22'),(8755,'g',0,'2011-11-07'),(9084,'g',0,'2011-11-07'),(9111,'g',0,'2011-11-07'),(9086,'g',0,'2011-11-07'),(8946,'g',0,'2011-11-07'),(8820,'g',0,'2011-11-07'),(8888,'g',0,'2011-11-07'),(9107,'g',0,'2011-11-07'),(8848,'g',0,'2011-11-07'),(9125,'g',0,'2011-11-07'),(9100,'g',0,'2011-11-07'),(9106,'g',0,'2011-11-07'),(8940,'g',0,'2011-11-07'),(8742,'g',0,'2011-11-07'),(8882,'g',0,'2011-11-07'),(8878,'g',0,'2011-11-07'),(9077,'g',0,'2011-11-07'),(8846,'g',0,'2011-11-07'),(8851,'g',0,'2011-11-07'),(8837,'g',0,'2011-11-07'),(8625,'g',0,'2011-11-07'),(9127,'g',0,'2011-11-07'),(8825,'g',0,'2011-11-07'),(8462,'g',0,'2011-11-07'),(9096,'g',0,'2011-12-08'),(8667,'g',0,'2011-11-07'),(9114,'g',0,'2011-11-07'),(8993,'g',0,'2011-11-07'),(9085,'g',0,'2011-12-08'),(8975,'g',0,'2011-12-08'),(9116,'g',0,'2011-12-08'),(8937,'g',0,'2011-12-08'),(8933,'g',0,'2011-11-07'),(8997,'g',0,'2011-12-08'),(9144,'g',0,'2011-11-07'),(5220,'g',0,'2011-11-08'),(8696,'g',0,'2011-11-08'),(8496,'g',0,'2011-11-08'),(5400,'g',0,'2011-11-08'),(8609,'g',0,'2011-11-08'),(5233,'g',0,'2011-11-08'),(8896,'g',0,'2011-11-08'),(8716,'g',0,'2011-11-08'),(6765,'g',0,'2011-11-08'),(8719,'g',0,'2011-11-08'),(5288,'g',0,'2011-11-08'),(5275,'g',0,'2011-11-08'),(8475,'g',0,'2011-11-08'),(5333,'g',0,'2011-11-08'),(5164,'g',0,'2011-11-08'),(8454,'g',0,'2011-11-08'),(5342,'g',0,'2011-11-08'),(8887,'g',0,'2011-11-08'),(6785,'g',0,'2011-11-08'),(11228,'g',0,'2011-11-08'),(11064,'g',0,'2011-11-08'),(11044,'g',0,'2011-11-08'),(11276,'g',0,'2011-11-08'),(11165,'g',0,'2011-11-08'),(11159,'g',0,'2011-11-08'),(10974,'g',0,'2011-11-08'),(11071,'g',0,'2011-11-08'),(11257,'g',0,'2011-11-08'),(11010,'g',0,'2011-11-08'),(5486,'g',0,'2011-11-08'),(5419,'g',0,'2011-11-08'),(8105,'g',0,'2011-11-08'),(7077,'g',0,'2011-11-08'),(4789,'g',0,'2012-02-13'),(6378,'g',0,'2011-11-08'),(4788,'g',0,'2012-02-14'),(8122,'g',0,'2011-11-08'),(8383,'g',0,'2011-11-08'),(8353,'g',0,'2011-11-08'),(5886,'g',0,'2011-11-08'),(4455,'g',0,'2011-11-08'),(7067,'g',0,'2011-11-08'),(6372,'g',0,'2011-11-08'),(8347,'g',0,'2011-11-08'),(4483,'g',0,'2012-02-14'),(8336,'g',0,'2011-11-08'),(3950,'g',0,'2011-11-08'),(5970,'g',0,'2011-11-08'),(4424,'g',0,'2011-11-08'),(6289,'g',0,'2011-11-08'),(5382,'g',0,'2011-11-08'),(5375,'g',0,'2011-11-08'),(6308,'g',0,'2011-11-08'),(6293,'g',0,'2011-11-08'),(6303,'g',0,'2011-11-08'),(6686,'g',0,'2011-11-08'),(6298,'g',0,'2011-11-08'),(5368,'g',0,'2011-11-08'),(6721,'g',0,'2011-11-08'),(5067,'g',0,'2011-11-09'),(9222,'g',0,'2011-11-09'),(9335,'g',0,'2011-11-09'),(9800,'g',0,'2011-11-09'),(9673,'g',0,'2011-11-09'),(9681,'g',0,'2011-11-09'),(6834,'g',0,'2011-11-09'),(9938,'g',0,'2011-11-09'),(9996,'g',0,'2011-11-09'),(9496,'g',0,'2011-11-09'),(9922,'g',0,'2011-11-09'),(9423,'g',0,'2011-11-09'),(9504,'g',0,'2011-11-09'),(7011,'g',0,'2011-11-09'),(6933,'g',0,'2011-11-09'),(6848,'g',0,'2011-11-09'),(9672,'g',0,'2011-11-09'),(9777,'g',0,'2011-11-09'),(9851,'g',0,'2011-11-09'),(9631,'g',0,'2011-11-09'),(9248,'g',0,'2011-11-09'),(9187,'g',0,'2011-11-09'),(9855,'g',0,'2011-11-09'),(10158,'g',0,'2011-11-09'),(10005,'g',0,'2011-11-09'),(10169,'g',0,'2011-11-09'),(10132,'g',0,'2011-11-09'),(10077,'g',0,'2011-11-09'),(10029,'g',0,'2012-01-25'),(10123,'g',0,'2011-11-09'),(5070,'g',0,'2011-11-09'),(6924,'g',0,'2011-11-09'),(7313,'g',0,'2012-01-03'),(7133,'g',0,'2011-11-09'),(7000,'g',0,'2011-11-09'),(7308,'g',0,'2011-11-09'),(7273,'g',0,'2011-11-09'),(6980,'g',0,'2011-11-09'),(7232,'g',0,'2011-11-09'),(7100,'g',0,'2011-11-09'),(7662,'g',0,'2011-11-09'),(9414,'g',0,'2011-11-09'),(8650,'g',0,'2011-11-09'),(8568,'g',0,'2011-11-09'),(8425,'g',0,'2011-11-09'),(8483,'g',0,'2011-11-09'),(8553,'g',0,'2011-11-09'),(8240,'g',0,'2011-11-09'),(8372,'g',0,'2011-11-09'),(9151,'g',0,'2011-11-10'),(9064,'g',0,'2011-11-10'),(9069,'g',0,'2011-11-10'),(7199,'g',0,'2011-11-10'),(7032,'g',0,'2011-11-10'),(7746,'g',0,'2011-11-10'),(7765,'g',0,'2011-11-10'),(7538,'g',0,'2011-11-10'),(7979,'g',0,'2011-11-10'),(7030,'g',0,'2011-11-10'),(7384,'g',0,'2011-11-10'),(7347,'g',0,'2011-11-10'),(10855,'g',0,'2012-01-25'),(10875,'g',0,'2011-11-10'),(10746,'g',0,'2011-11-10'),(10741,'g',0,'2011-11-10'),(10745,'g',0,'2011-11-10'),(10784,'g',0,'2011-11-10'),(10749,'g',0,'2011-11-10'),(10948,'g',0,'2011-11-10'),(10902,'g',0,'2011-11-10'),(10833,'g',0,'2011-11-10'),(8206,'g',0,'2011-11-10'),(3856,'g',0,'2012-02-13'),(11989,'g',0,'2011-11-15'),(10660,'g',0,'2011-11-15'),(10538,'g',0,'2011-11-15'),(10556,'g',0,'2011-11-15'),(11634,'g',0,'2011-11-15'),(10587,'g',0,'2011-11-15'),(10721,'g',0,'2011-11-15'),(11747,'g',0,'2011-11-15'),(11812,'g',0,'2011-11-15'),(11597,'g',0,'2011-11-15'),(11560,'g',0,'2011-11-15'),(10609,'g',0,'2011-11-15'),(11292,'g',0,'2011-11-15'),(10572,'g',0,'2011-11-15'),(11621,'g',0,'2011-11-15'),(11376,'g',0,'2011-11-15'),(10603,'g',0,'2011-11-15'),(11591,'g',0,'2011-11-15'),(10634,'g',0,'2011-11-15'),(10723,'g',0,'2011-11-15'),(8497,'g',0,'2011-11-18'),(8599,'g',0,'2011-11-18'),(8627,'g',0,'2011-11-18'),(8494,'g',0,'2011-11-18'),(8562,'g',0,'2011-11-18'),(8595,'g',0,'2011-11-18'),(8586,'g',0,'2011-11-18'),(8554,'g',0,'2011-11-18'),(8605,'g',0,'2011-11-18'),(8525,'g',0,'2011-11-18'),(8813,'g',0,'2011-11-19'),(8781,'g',0,'2011-11-19'),(8782,'g',0,'2011-12-20'),(8771,'g',0,'2011-11-19'),(8806,'g',0,'2011-11-19'),(8760,'g',0,'2011-11-19'),(8807,'g',0,'2011-11-19'),(8779,'g',0,'2011-11-19'),(9132,'g',0,'2011-11-19'),(9136,'g',0,'2011-11-19'),(9131,'g',0,'2012-01-09'),(9134,'g',0,'2011-11-19'),(9082,'g',0,'2011-11-19'),(9133,'g',0,'2011-11-19'),(9090,'g',0,'2011-11-19'),(9128,'g',0,'2011-11-19'),(8767,'g',0,'2011-11-19'),(8783,'g',0,'2011-11-19'),(9088,'g',0,'2011-11-19'),(7315,'g',0,'2011-11-21'),(7318,'g',0,'2011-11-21'),(7349,'g',0,'2011-11-21'),(7558,'g',0,'2011-11-21'),(7334,'g',0,'2011-11-21'),(7331,'g',0,'2011-11-21'),(7369,'g',0,'2011-11-21'),(7351,'g',0,'2011-11-21'),(7510,'g',0,'2011-11-21'),(7444,'g',0,'2011-11-21'),(9036,'g',0,'2011-11-21'),(8697,'g',0,'2011-11-21'),(9009,'g',0,'2011-11-21'),(8907,'g',0,'2011-11-21'),(8571,'g',0,'2011-11-21'),(8559,'g',0,'2011-11-21'),(8436,'g',0,'2011-11-21'),(8792,'g',0,'2011-11-21'),(8466,'g',0,'2011-11-21'),(7643,'g',0,'2011-11-22'),(7224,'g',0,'2011-11-22'),(5367,'g',0,'2011-11-22'),(6851,'g',0,'2011-11-22'),(10035,'g',0,'2011-11-22'),(10514,'g',0,'2011-11-22'),(10669,'g',0,'2011-11-22'),(10858,'g',0,'2011-11-22'),(10735,'g',0,'2012-02-17'),(6235,'g',0,'2011-11-22'),(10305,'g',0,'2011-11-22'),(10353,'g',0,'2011-11-22'),(10327,'g',0,'2011-11-22'),(11170,'g',0,'2011-11-22'),(11131,'g',0,'2011-11-22'),(10664,'g',0,'2011-11-22'),(11429,'g',0,'2011-11-22'),(11533,'g',0,'2011-11-22'),(10968,'g',0,'2011-11-22'),(11098,'g',0,'2011-11-22'),(11509,'g',0,'2011-11-22'),(11960,'g',0,'2011-11-22'),(12813,'g',0,'2011-11-22'),(10061,'g',0,'2011-11-22'),(13851,'g',0,'2011-11-22'),(11433,'g',0,'2011-11-22'),(11532,'g',0,'2011-11-22'),(13917,'g',0,'2011-11-22'),(5796,'g',0,'2011-11-22'),(14309,'g',0,'2011-11-22'),(14337,'g',0,'2011-11-22'),(14406,'g',0,'2011-11-22'),(11431,'g',0,'2011-11-22'),(11872,'g',0,'2011-11-22'),(14143,'g',0,'2011-11-22'),(14913,'g',0,'2011-11-22'),(15189,'g',0,'2011-11-22'),(15107,'g',0,'2011-11-22'),(15822,'g',0,'2011-11-22'),(14952,'g',0,'2011-11-22'),(5700,'g',0,'2011-11-22'),(16545,'g',0,'2011-11-22'),(16121,'g',0,'2011-11-22'),(5800,'g',0,'2011-11-22'),(10083,'g',0,'2011-11-22'),(11454,'g',0,'2011-11-22'),(15700,'g',0,'2011-11-22'),(11895,'g',0,'2011-11-22'),(13934,'g',0,'2011-11-22'),(14357,'g',0,'2011-11-22'),(14350,'g',0,'2011-11-22'),(14422,'g',0,'2011-11-22'),(15451,'g',0,'2011-11-22'),(13879,'g',0,'2011-11-22'),(14162,'g',0,'2011-11-22'),(15295,'g',0,'2011-11-22'),(15214,'g',0,'2011-11-22'),(14972,'g',0,'2011-11-22'),(15126,'g',0,'2011-11-22'),(15510,'g',0,'2011-11-22'),(14816,'g',0,'2011-11-22'),(18973,'g',0,'2011-11-22'),(16561,'g',0,'2011-11-22'),(18974,'g',0,'2011-11-22'),(19053,'g',0,'2011-11-22'),(6253,'g',0,'2011-11-22'),(19045,'g',0,'2011-11-22'),(18935,'g',0,'2011-11-22'),(18921,'g',0,'2011-11-22'),(19046,'g',0,'2011-11-22'),(19017,'g',0,'2011-11-22'),(18919,'g',0,'2011-11-22'),(18920,'g',0,'2011-11-22'),(19047,'g',0,'2011-11-22'),(7953,'g',0,'2011-11-23'),(7944,'g',0,'2011-11-23'),(8973,'g',0,'2011-11-23'),(7946,'g',0,'2011-11-23'),(9055,'g',0,'2011-11-23'),(8931,'g',0,'2011-11-23'),(9057,'g',0,'2011-11-23'),(9027,'g',0,'2011-11-23'),(7904,'g',0,'2011-11-23'),(7927,'g',0,'2011-11-23'),(7889,'g',0,'2011-11-23'),(8995,'g',0,'2011-11-23'),(9022,'g',0,'2011-11-23'),(7910,'g',0,'2011-11-23'),(8987,'g',0,'2011-11-23'),(9002,'g',0,'2011-11-23'),(8964,'g',0,'2011-11-23'),(7894,'g',0,'2011-11-23'),(7933,'g',0,'2011-11-23'),(7890,'g',0,'2011-11-23'),(8254,'g',0,'2011-11-23'),(8160,'g',0,'2011-11-23'),(7818,'g',0,'2011-11-23'),(8005,'g',0,'2011-11-23'),(8411,'g',0,'2011-11-23'),(8198,'g',0,'2011-11-23'),(8167,'g',0,'2011-11-23'),(8056,'g',0,'2011-11-23'),(9012,'g',0,'2011-11-23'),(9058,'g',0,'2011-11-23'),(9048,'g',0,'2011-11-23'),(9007,'g',0,'2011-11-23'),(9038,'g',0,'2011-11-23'),(8957,'g',0,'2011-11-23'),(8947,'g',0,'2011-11-23'),(9050,'g',0,'2011-11-23'),(8956,'g',0,'2011-11-23'),(9042,'g',0,'2011-11-23'),(8426,'g',0,'2011-11-24'),(8410,'g',0,'2012-01-31'),(8431,'g',0,'2011-11-24'),(8534,'g',0,'2011-11-24'),(8415,'g',0,'2011-11-24'),(8569,'g',0,'2011-11-24'),(8445,'g',0,'2011-11-24'),(8530,'g',0,'2011-11-24'),(8590,'g',0,'2011-11-24'),(7480,'g',0,'2011-11-24'),(7406,'g',0,'2011-11-24'),(7440,'g',0,'2011-11-24'),(2800,'g',0,'2011-11-24'),(7397,'g',0,'2011-11-24'),(5217,'g',0,'2011-11-24'),(7393,'g',0,'2011-11-24'),(7457,'g',0,'2011-11-24'),(5168,'g',0,'2011-11-24'),(7312,'g',0,'2011-11-24'),(5148,'g',0,'2011-11-24'),(7407,'g',0,'2011-11-24'),(5229,'g',0,'2011-11-24'),(5160,'g',0,'2011-11-24'),(5083,'g',0,'2011-11-24'),(5237,'g',0,'2011-11-24'),(5133,'g',0,'2011-11-24'),(7341,'g',0,'2011-11-24'),(5307,'g',0,'2011-11-24'),(8838,'g',0,'2011-11-24'),(8939,'g',0,'2011-11-24'),(7254,'g',0,'2011-11-24'),(8850,'g',0,'2011-11-24'),(7276,'g',0,'2011-11-24'),(7171,'g',0,'2011-11-24'),(7166,'g',0,'2011-11-24'),(8998,'g',0,'2011-11-24'),(9044,'g',0,'2011-11-24'),(7168,'g',0,'2011-11-24'),(7257,'g',0,'2011-11-24'),(7218,'g',0,'2011-11-24'),(7306,'g',0,'2011-11-24'),(7189,'g',0,'2011-11-24'),(9003,'g',0,'2011-11-24'),(8844,'g',0,'2011-11-24'),(7242,'g',0,'2011-11-24'),(8805,'g',0,'2011-11-24'),(8951,'g',0,'2011-11-24'),(9029,'g',0,'2011-11-24'),(5006,'g',0,'2011-11-24'),(4948,'g',0,'2011-11-24'),(4900,'g',0,'2011-11-24'),(4918,'g',0,'2011-11-24'),(4940,'g',0,'2011-11-24'),(4893,'g',0,'2011-11-24'),(4878,'g',0,'2011-11-24'),(4879,'g',0,'2012-02-25'),(4885,'g',0,'2011-11-24'),(4870,'g',0,'2011-11-24'),(6654,'g',0,'2011-11-25'),(6668,'g',0,'2011-11-25'),(6701,'g',0,'2011-11-25'),(6704,'g',0,'2011-11-25'),(6684,'g',0,'2011-11-25'),(5403,'g',0,'2011-11-25'),(6718,'g',0,'2011-11-25'),(6698,'g',0,'2011-11-25'),(5374,'g',0,'2011-11-25'),(6655,'g',0,'2011-11-25'),(8224,'g',0,'2011-11-25'),(8174,'g',0,'2011-11-25'),(8097,'g',0,'2011-11-25'),(8322,'g',0,'2011-11-25'),(8251,'g',0,'2011-11-25'),(7984,'g',0,'2011-11-25'),(8006,'g',0,'2011-11-25'),(8327,'g',0,'2011-11-25'),(8023,'g',0,'2011-11-25'),(8407,'g',0,'2011-11-25'),(7771,'g',0,'2011-11-26'),(7724,'g',0,'2011-11-26'),(7245,'g',0,'2011-11-26'),(9025,'g',0,'2011-11-26'),(7215,'g',0,'2011-11-26'),(8954,'g',0,'2011-11-26'),(7532,'g',0,'2011-11-26'),(19062,'g',0,'2011-11-26'),(19061,'g',0,'2011-11-26'),(8938,'g',0,'2011-11-27'),(9056,'g',0,'2011-11-27'),(8828,'g',0,'2011-11-27'),(8834,'g',0,'2011-11-27'),(8817,'g',0,'2011-11-27'),(8913,'g',0,'2011-11-27'),(8942,'g',0,'2011-11-27'),(8868,'g',0,'2011-11-27'),(8849,'g',0,'2011-11-27'),(8923,'g',0,'2011-11-27'),(8832,'g',0,'2011-11-27'),(9118,'g',0,'2011-11-29'),(295,'g',0,'2011-11-29'),(8927,'g',0,'2011-11-29'),(9079,'g',0,'2012-01-02'),(8983,'g',0,'2011-11-29'),(8952,'g',0,'2011-11-29'),(9108,'g',0,'2011-11-29'),(9104,'g',0,'2011-11-29'),(8642,'g',0,'2011-11-29'),(9049,'g',0,'2011-11-29'),(9026,'g',0,'2011-11-29'),(9074,'g',0,'2011-11-29'),(9080,'g',0,'2011-11-29'),(9102,'g',0,'2011-11-29'),(8945,'g',0,'2011-11-29'),(8912,'g',0,'2011-11-29'),(9113,'g',0,'2011-11-29'),(8575,'g',0,'2011-11-29'),(9105,'g',0,'2011-11-29'),(8902,'g',0,'2011-11-29'),(8634,'g',0,'2011-11-29'),(8908,'g',0,'2011-11-29'),(8909,'g',0,'2011-11-29'),(8918,'g',0,'2011-11-29'),(9021,'g',0,'2011-11-29'),(8948,'g',0,'2011-11-29'),(8965,'g',0,'2011-11-29'),(8635,'g',0,'2011-11-29'),(8626,'g',0,'2011-11-29'),(8589,'g',0,'2011-11-29'),(8652,'g',0,'2011-11-29'),(8935,'g',0,'2011-11-29'),(8645,'g',0,'2011-11-29'),(8587,'g',0,'2011-11-29'),(8922,'g',0,'2011-11-29'),(8612,'g',0,'2011-11-29'),(8924,'g',0,'2011-11-29'),(8971,'g',0,'2011-11-29'),(9034,'g',0,'2011-11-29'),(8991,'g',0,'2011-11-29'),(9030,'g',0,'2011-11-29'),(9011,'g',0,'2011-11-29'),(17088,'g',0,'2011-11-30'),(17440,'g',0,'2011-11-30'),(17202,'g',0,'2011-11-30'),(17473,'g',0,'2011-11-30'),(16931,'g',0,'2011-11-30'),(17000,'g',0,'2011-11-30'),(17031,'g',0,'2011-11-30'),(16807,'g',0,'2011-11-30'),(17496,'g',0,'2011-11-30'),(16850,'g',0,'2011-11-30'),(16656,'g',0,'2011-11-30'),(16625,'g',0,'2011-11-30'),(16200,'g',0,'2011-11-30'),(16191,'g',0,'2011-11-30'),(15591,'g',0,'2011-11-30'),(16107,'g',0,'2011-11-30'),(16185,'g',0,'2011-11-30'),(16677,'g',0,'2011-11-30'),(16797,'g',0,'2011-11-30'),(16226,'g',0,'2011-11-30'),(6952,'g',0,'2011-12-01'),(6881,'g',0,'2011-12-01'),(7066,'g',0,'2011-12-01'),(6896,'g',0,'2011-12-01'),(7144,'g',0,'2011-12-01'),(6994,'g',0,'2011-12-01'),(7085,'g',0,'2011-12-01'),(7047,'g',0,'2011-12-01'),(6915,'g',0,'2011-12-01'),(9137,'g',0,'2011-12-02'),(9149,'g',0,'2011-12-02'),(9135,'g',0,'2011-12-02'),(9095,'g',0,'2011-12-02'),(9092,'g',0,'2011-12-02'),(9067,'g',0,'2011-12-02'),(9129,'g',0,'2011-12-02'),(9138,'g',0,'2011-12-02'),(6887,'g',0,'2011-12-05'),(7536,'g',0,'2011-12-05'),(8095,'g',0,'2011-12-05'),(5240,'g',0,'2011-12-05'),(8101,'g',0,'2012-02-06'),(6591,'g',0,'2011-12-05'),(7039,'g',0,'2011-12-05'),(7522,'g',0,'2011-12-05'),(6603,'g',0,'2011-12-05'),(7737,'g',0,'2011-12-05'),(5211,'g',0,'2011-12-05'),(8272,'g',0,'2011-12-05'),(6902,'g',0,'2011-12-05'),(6639,'g',0,'2011-12-05'),(6835,'g',0,'2011-12-05'),(6653,'g',0,'2011-12-05'),(5141,'g',0,'2011-12-05'),(6767,'g',0,'2011-12-05'),(8099,'g',0,'2011-12-05'),(5308,'g',0,'2011-12-05'),(7812,'g',0,'2011-12-05'),(8288,'g',0,'2011-12-05'),(8214,'g',0,'2011-12-05'),(7145,'g',0,'2011-12-05'),(8035,'g',0,'2011-12-05'),(7358,'g',0,'2011-12-05'),(7239,'g',0,'2011-12-05'),(7299,'g',0,'2011-12-05'),(8025,'g',0,'2011-12-05'),(7875,'g',0,'2011-12-05'),(8513,'g',0,'2011-12-05'),(8450,'g',0,'2011-12-05'),(7935,'g',0,'2011-12-05'),(8076,'g',0,'2011-12-05'),(8293,'g',0,'2011-12-05'),(8014,'g',0,'2012-02-23'),(7996,'g',0,'2011-12-05'),(8479,'g',0,'2011-12-05'),(8437,'g',0,'2011-12-05'),(7888,'g',0,'2011-12-05'),(8610,'g',0,'2011-12-05'),(8564,'g',0,'2011-12-05'),(8061,'g',0,'2011-12-05'),(8045,'g',0,'2011-12-05'),(8306,'g',0,'2011-12-05'),(8049,'g',0,'2011-12-05'),(8563,'g',0,'2011-12-05'),(7991,'g',0,'2011-12-05'),(10789,'g',0,'2011-12-05'),(10351,'g',0,'2011-12-05'),(10198,'g',0,'2011-12-05'),(10233,'g',0,'2011-12-05'),(10217,'g',0,'2011-12-05'),(10952,'g',0,'2011-12-05'),(10991,'g',0,'2011-12-05'),(10109,'g',0,'2011-12-05'),(10467,'g',0,'2011-12-05'),(10315,'g',0,'2011-12-05'),(7837,'g',0,'2011-12-05'),(6858,'g',0,'2011-12-05'),(6830,'g',0,'2011-12-05'),(7647,'g',0,'2012-02-23'),(6817,'g',0,'2011-12-05'),(6807,'g',0,'2011-12-05'),(7638,'g',0,'2011-12-05'),(7581,'g',0,'2011-12-05'),(7728,'g',0,'2011-12-05'),(6803,'g',0,'2011-12-05'),(7604,'g',0,'2011-12-05'),(7739,'g',0,'2011-12-05'),(7740,'g',0,'2011-12-05'),(7675,'g',0,'2011-12-05'),(6876,'g',0,'2011-12-05'),(7752,'g',0,'2011-12-05'),(7336,'g',0,'2011-12-05'),(7180,'g',0,'2011-12-05'),(7268,'g',0,'2011-12-05'),(7186,'g',0,'2011-12-05'),(7219,'g',0,'2011-12-05'),(7081,'g',0,'2011-12-05'),(7089,'g',0,'2011-12-05'),(7310,'g',0,'2011-12-05'),(7101,'g',0,'2011-12-05'),(7074,'g',0,'2011-12-05'),(5398,'g',0,'2011-12-06'),(5388,'g',0,'2011-12-06'),(5396,'g',0,'2011-12-06'),(6755,'g',0,'2011-12-06'),(6751,'g',0,'2011-12-06'),(6761,'g',0,'2011-12-06'),(6745,'g',0,'2011-12-06'),(5390,'g',0,'2011-12-06'),(5394,'g',0,'2011-12-06'),(5392,'g',0,'2011-12-06'),(7301,'g',0,'2011-12-06'),(7154,'g',0,'2011-12-06'),(7184,'g',0,'2011-12-06'),(7269,'g',0,'2011-12-06'),(7256,'g',0,'2011-12-06'),(7173,'g',0,'2011-12-06'),(7161,'g',0,'2011-12-07'),(7283,'g',0,'2011-12-07'),(7288,'g',0,'2011-12-07'),(7300,'g',0,'2011-12-07'),(5843,'g',0,'2011-12-07'),(5480,'g',0,'2011-12-07'),(5742,'g',0,'2011-12-07'),(5563,'g',0,'2011-12-07'),(5498,'g',0,'2011-12-07'),(5630,'g',0,'2011-12-07'),(5657,'g',0,'2011-12-07'),(8555,'g',0,'2011-12-07'),(8543,'g',0,'2011-12-07'),(8170,'g',0,'2011-12-07'),(8123,'g',0,'2011-12-07'),(8106,'g',0,'2011-12-07'),(8212,'g',0,'2011-12-07'),(8259,'g',0,'2011-12-07'),(8189,'g',0,'2011-12-07'),(8126,'g',0,'2011-12-07'),(8022,'g',0,'2011-12-07'),(8305,'g',0,'2011-12-07'),(8064,'g',0,'2011-12-07'),(6155,'g',0,'2011-12-07'),(6147,'g',0,'2011-12-07'),(7398,'g',0,'2011-12-07'),(7335,'g',0,'2011-12-07'),(7325,'g',0,'2011-12-07'),(7344,'g',0,'2011-12-07'),(7287,'g',0,'2011-12-07'),(7263,'g',0,'2012-02-22'),(7265,'g',0,'2011-12-07'),(7323,'g',0,'2011-12-07'),(7330,'g',0,'2012-02-13'),(7293,'g',0,'2011-12-07'),(6099,'g',0,'2011-12-07'),(6159,'g',0,'2011-12-07'),(6010,'g',0,'2011-12-07'),(6013,'g',0,'2011-12-07'),(5911,'g',0,'2011-12-07'),(5914,'g',0,'2011-12-07'),(6151,'g',0,'2011-12-07'),(6143,'g',0,'2011-12-07'),(8660,'g',0,'2011-12-07'),(8522,'g',0,'2011-12-07'),(8653,'g',0,'2011-12-07'),(8655,'g',0,'2011-12-07'),(6620,'g',0,'2011-12-07'),(6630,'g',0,'2011-12-07'),(6669,'g',0,'2011-12-07'),(6582,'g',0,'2011-12-07'),(6553,'g',0,'2011-12-07'),(5081,'g',0,'2011-12-07'),(5071,'g',0,'2011-12-07'),(5107,'g',0,'2011-12-07'),(5109,'g',0,'2011-12-07'),(5129,'g',0,'2011-12-07'),(6433,'g',0,'2011-12-07'),(6416,'g',0,'2011-12-07'),(6371,'g',0,'2011-12-07'),(6366,'g',0,'2011-12-07'),(6358,'g',0,'2011-12-07'),(6679,'g',0,'2011-12-07'),(6625,'g',0,'2011-12-07'),(6569,'g',0,'2011-12-07'),(6674,'g',0,'2011-12-07'),(6520,'g',0,'2011-12-07'),(6359,'g',0,'2011-12-07'),(6256,'g',0,'2011-12-07'),(6214,'g',0,'2011-12-07'),(6299,'g',0,'2011-12-07'),(6136,'g',0,'2011-12-08'),(6294,'g',0,'2011-12-08'),(12512,'g',0,'2011-12-08'),(3694,'g',0,'2012-02-13'),(12582,'g',0,'2011-12-08'),(12231,'g',0,'2011-12-08'),(6282,'g',0,'2011-12-08'),(12803,'g',0,'2012-02-17'),(12217,'g',0,'2011-12-08'),(6057,'g',0,'2011-12-08'),(12790,'g',0,'2011-12-08'),(6114,'g',0,'2011-12-08'),(9827,'g',0,'2011-12-08'),(12323,'g',0,'2011-12-08'),(6104,'g',0,'2011-12-08'),(9840,'g',0,'2011-12-08'),(12602,'g',0,'2011-12-08'),(6115,'g',0,'2011-12-08'),(9833,'g',0,'2011-12-08'),(12191,'g',0,'2011-12-08'),(5936,'g',0,'2011-12-08'),(9856,'g',0,'2011-12-08'),(6237,'g',0,'2011-12-08'),(9904,'g',0,'2011-12-08'),(6189,'g',0,'2011-12-08'),(9884,'g',0,'2011-12-08'),(6309,'g',0,'2011-12-08'),(9908,'g',0,'2011-12-08'),(9837,'g',0,'2011-12-08'),(9848,'g',0,'2011-12-08'),(9905,'g',0,'2011-12-08'),(6421,'g',0,'2011-12-08'),(6304,'g',0,'2011-12-08'),(6028,'g',0,'2011-12-08'),(6269,'g',0,'2011-12-08'),(8740,'g',0,'2011-12-08'),(8703,'g',0,'2011-12-08'),(8585,'g',0,'2011-12-08'),(8539,'g',0,'2011-12-08'),(5741,'g',0,'2011-12-08'),(4567,'g',0,'2012-01-30'),(5431,'g',0,'2011-12-08'),(6681,'g',0,'2011-12-08'),(6208,'g',0,'2011-12-08'),(6163,'g',0,'2011-12-08'),(6207,'g',0,'2011-12-08'),(6336,'g',0,'2011-12-08'),(6737,'g',0,'2011-12-08'),(6741,'g',0,'2011-12-08'),(6384,'g',0,'2011-12-08'),(6736,'g',0,'2011-12-08'),(6350,'g',0,'2011-12-08'),(5329,'g',0,'2011-12-08'),(5325,'g',0,'2011-12-08'),(5299,'g',0,'2011-12-08'),(5321,'g',0,'2011-12-08'),(5366,'g',0,'2011-12-08'),(5353,'g',0,'2011-12-08'),(2528,'g',0,'2011-12-08'),(5331,'g',0,'2011-12-08'),(5327,'g',0,'2011-12-08'),(5323,'g',0,'2011-12-08'),(7087,'g',0,'2011-12-08'),(7018,'g',0,'2011-12-08'),(7134,'g',0,'2011-12-08'),(7143,'g',0,'2011-12-08'),(7125,'g',0,'2011-12-08'),(2457,'g',0,'2012-03-02'),(7147,'g',0,'2011-12-08'),(6816,'g',0,'2011-12-08'),(7006,'g',0,'2011-12-08'),(7029,'g',0,'2011-12-08'),(19590,'g',0,'2012-02-22'),(8255,'g',0,'2011-12-10'),(8220,'g',0,'2011-12-10'),(8231,'g',0,'2011-12-10'),(8338,'g',0,'2012-02-13'),(8051,'g',0,'2011-12-10'),(7994,'g',0,'2011-12-10'),(8248,'g',0,'2011-12-10'),(8424,'g',0,'2011-12-10'),(8304,'g',0,'2011-12-10'),(8342,'g',0,'2011-12-10'),(7878,'g',0,'2012-02-16'),(7686,'g',0,'2012-02-16'),(8898,'g',0,'2012-02-16'),(7741,'g',0,'2011-12-12'),(8666,'g',0,'2012-02-16'),(8960,'g',0,'2012-02-13'),(8561,'g',0,'2012-02-16'),(4858,'g',0,'2011-12-12'),(4852,'g',0,'2011-12-12'),(4854,'g',0,'2011-12-12'),(4849,'g',0,'2011-12-12'),(4944,'g',0,'2011-12-12'),(4934,'g',0,'2011-12-12'),(4855,'g',0,'2011-12-12'),(4847,'g',0,'2011-12-12'),(4930,'g',0,'2011-12-12'),(4850,'g',0,'2011-12-12'),(19409,'g',0,'2011-12-12'),(19324,'g',0,'2011-12-12'),(19437,'g',0,'2011-12-12'),(19439,'g',0,'2011-12-12'),(19476,'g',0,'2011-12-12'),(19451,'g',0,'2011-12-12'),(19438,'g',0,'2011-12-12'),(19475,'g',0,'2011-12-12'),(19461,'g',0,'2011-12-12'),(8135,'g',0,'2012-02-17'),(8471,'g',0,'2012-02-13'),(7958,'g',0,'2012-02-22'),(8392,'g',0,'2012-02-17'),(7443,'g',0,'2011-12-12'),(7940,'g',0,'2012-02-17'),(7704,'g',0,'2012-02-16'),(7587,'g',0,'2012-02-02'),(4834,'g',0,'2011-12-12'),(4796,'g',0,'2012-02-13'),(4835,'g',0,'2012-02-13'),(8615,'g',0,'2012-02-16'),(7280,'g',0,'2011-12-12'),(4837,'g',0,'2012-02-16'),(7988,'g',0,'2012-02-13'),(4760,'g',0,'2012-02-13'),(4913,'g',0,'2012-02-13'),(4833,'g',0,'2012-02-13'),(4829,'g',0,'2012-02-13'),(4759,'g',0,'2012-02-13'),(4330,'g',0,'2012-02-16'),(4538,'g',0,'2011-12-12'),(8181,'g',0,'2012-02-13'),(8164,'g',0,'2012-02-13'),(15674,'g',0,'2012-02-16'),(14574,'g',0,'2012-02-11'),(15089,'g',0,'2012-02-17'),(12769,'g',0,'2012-02-11'),(14933,'g',0,'2012-02-11'),(4774,'g',0,'2012-02-13'),(5038,'g',0,'2012-02-22'),(9907,'g',0,'2012-02-22'),(4742,'g',0,'2012-02-13'),(4820,'g',0,'2012-02-13'),(19495,'g',0,'2012-02-13'),(19441,'g',0,'2012-02-16'),(19494,'g',0,'2012-02-22'),(11784,'g',0,'2012-01-23'),(19526,'g',0,'2012-02-13'),(19493,'g',0,'2012-02-17'),(19368,'g',0,'2012-01-23'),(19543,'g',0,'2011-12-12'),(11545,'g',0,'2011-12-12'),(11594,'g',0,'2011-12-12'),(19527,'g',0,'2012-02-13'),(4907,'g',0,'2011-12-13'),(2803,'g',0,'2011-12-13'),(13264,'g',0,'2012-03-04'),(7725,'g',0,'2012-01-20'),(7426,'g',0,'2012-01-13'),(4846,'g',0,'2012-02-13'),(4793,'g',0,'2012-02-16'),(10245,'g',0,'2012-02-13'),(13057,'g',0,'2012-02-13'),(12791,'g',0,'2012-02-13'),(13199,'g',0,'2012-02-13'),(4767,'g',0,'2012-02-16'),(4780,'g',0,'2012-02-16'),(5062,'g',0,'2012-02-16'),(4845,'g',0,'2011-12-13'),(4501,'g',0,'2011-12-13'),(4746,'g',0,'2011-12-13'),(4512,'g',0,'2011-12-13'),(4531,'g',0,'2011-12-13'),(4600,'g',0,'2011-12-13'),(4811,'g',0,'2011-12-13'),(4244,'g',0,'2011-12-13'),(4220,'g',0,'2011-12-13'),(4728,'g',0,'2011-12-13'),(19603,'g',0,'2012-02-13'),(8717,'g',0,'2012-02-13'),(8928,'g',0,'2012-02-13'),(8518,'g',0,'2012-02-15'),(19593,'g',0,'2011-12-14'),(4737,'g',0,'2012-02-16'),(4761,'g',0,'2011-12-14'),(9463,'g',0,'2011-12-14'),(6346,'g',0,'2012-01-16'),(8118,'g',0,'2012-01-16'),(4736,'g',0,'2012-02-16'),(19551,'g',0,'2011-12-14'),(19421,'g',0,'2012-03-07'),(19566,'g',0,'2011-12-14'),(19454,'g',0,'2011-12-14'),(16908,'g',0,'2011-12-14'),(15052,'g',0,'2011-12-14'),(19576,'g',0,'2011-12-14'),(19550,'g',0,'2011-12-14'),(19548,'g',0,'2011-12-14'),(19500,'g',0,'2011-12-14'),(19448,'g',0,'2012-03-07'),(19538,'g',0,'2011-12-14'),(16722,'g',0,'2011-12-14'),(14785,'g',0,'2011-12-14'),(19585,'g',0,'2011-12-14'),(19534,'g',0,'2011-12-14'),(12521,'g',0,'2011-12-14'),(19386,'g',0,'2012-03-07'),(19546,'g',0,'2011-12-14'),(19547,'g',0,'2011-12-14'),(19379,'g',0,'2012-03-07'),(19592,'g',0,'2011-12-14'),(19449,'g',0,'2011-12-14'),(19466,'g',0,'2011-12-14'),(19378,'g',0,'2012-03-07'),(19471,'g',0,'2011-12-14'),(16667,'g',0,'2011-12-14'),(19549,'g',0,'2011-12-14'),(19380,'g',0,'2012-03-07'),(19377,'g',0,'2012-03-07'),(19420,'g',0,'2012-03-07'),(16143,'g',0,'2011-12-14'),(19505,'g',0,'2011-12-14'),(10172,'g',0,'2012-01-25'),(19491,'g',0,'2011-12-14'),(16889,'g',0,'2011-12-14'),(19415,'g',0,'2011-12-14'),(19334,'g',0,'2011-12-14'),(19463,'g',0,'2011-12-14'),(17316,'g',0,'2011-12-14'),(12143,'g',0,'2011-12-14'),(17551,'g',0,'2011-12-14'),(19331,'g',0,'2011-12-14'),(18240,'g',0,'2011-12-14'),(19537,'g',0,'2011-12-14'),(19580,'g',0,'2011-12-14'),(19390,'g',0,'2011-12-14'),(19431,'g',0,'2011-12-14'),(19447,'g',0,'2011-12-14'),(17999,'g',0,'2011-12-14'),(19340,'g',0,'2011-12-14'),(19367,'g',0,'2011-12-14'),(18582,'g',0,'2011-12-14'),(19360,'g',0,'2011-12-14'),(18298,'g',0,'2011-12-14'),(19306,'g',0,'2011-12-14'),(17778,'g',0,'2011-12-14'),(19468,'g',0,'2011-12-14'),(19341,'g',0,'2011-12-14'),(19396,'g',0,'2011-12-14'),(17386,'g',0,'2011-12-14'),(19342,'g',0,'2011-12-14'),(19428,'g',0,'2011-12-14'),(15265,'g',0,'2011-12-14'),(16470,'g',0,'2011-12-14'),(19453,'g',0,'2011-12-14'),(19343,'g',0,'2011-12-14'),(13797,'g',0,'2011-12-14'),(19611,'g',0,'2012-01-17'),(4937,'g',0,'2011-12-14'),(9484,'g',0,'2011-12-14'),(7250,'g',0,'2011-12-14'),(18226,'g',0,'2011-12-14'),(18160,'g',0,'2011-12-14'),(17950,'g',0,'2011-12-14'),(4941,'g',0,'2011-12-15'),(19504,'g',0,'2011-12-15'),(19583,'g',0,'2011-12-15'),(19581,'g',0,'2011-12-15'),(19552,'g',0,'2011-12-15'),(7222,'g',0,'2011-12-15'),(5015,'g',0,'2011-12-15'),(9834,'g',0,'2011-12-15'),(6916,'g',0,'2011-12-15'),(4816,'g',0,'2011-12-15'),(7209,'g',0,'2011-12-15'),(4836,'g',0,'2011-12-15'),(4939,'g',0,'2011-12-15'),(7236,'g',0,'2011-12-15'),(10349,'g',0,'2011-12-15'),(15430,'g',0,'2011-12-15'),(15285,'g',0,'2011-12-15'),(19319,'g',0,'2011-12-15'),(13227,'g',0,'2011-12-15'),(19315,'g',0,'2011-12-15'),(11361,'g',0,'2011-12-15'),(19320,'g',0,'2011-12-15'),(16618,'g',0,'2011-12-15'),(19317,'g',0,'2011-12-15'),(19339,'g',0,'2011-12-15'),(15354,'g',0,'2011-12-15'),(10362,'g',0,'2011-12-15'),(11617,'g',0,'2011-12-15'),(10598,'g',0,'2011-12-15'),(19314,'g',0,'2011-12-15'),(14603,'g',0,'2011-12-15'),(16601,'g',0,'2011-12-15'),(19316,'g',0,'2011-12-15'),(13308,'g',0,'2012-03-02'),(19338,'g',0,'2011-12-15'),(19337,'g',0,'2011-12-15'),(18485,'g',0,'2011-12-15'),(19318,'g',0,'2011-12-15'),(17931,'g',0,'2011-12-15'),(19416,'g',0,'2011-12-15'),(19604,'g',0,'2012-02-13'),(12936,'g',0,'2011-12-15'),(4839,'g',0,'2011-12-15'),(4861,'g',0,'2011-12-15'),(19513,'g',0,'2012-02-01'),(17715,'g',0,'2011-12-15'),(15774,'g',0,'2011-12-15'),(5019,'g',0,'2011-12-15'),(4898,'g',0,'2011-12-15'),(11815,'g',0,'2011-12-15'),(16103,'g',0,'2011-12-15'),(9193,'g',0,'2011-12-15'),(9153,'g',0,'2011-12-15'),(19625,'g',0,'2012-02-13'),(19615,'g',0,'2011-12-15'),(19620,'g',0,'2011-12-15'),(19630,'g',0,'2012-02-16'),(10834,'g',0,'2011-12-15'),(4853,'g',0,'2011-12-15'),(19510,'g',0,'2012-02-01'),(18211,'g',0,'2011-12-15'),(18177,'g',0,'2011-12-15'),(19628,'g',0,'2011-12-16'),(4785,'g',0,'2011-12-16'),(9761,'g',0,'2011-12-16'),(3673,'g',0,'2011-12-16'),(9282,'g',0,'2011-12-16'),(4783,'g',0,'2011-12-16'),(4755,'g',0,'2011-12-16'),(4782,'g',0,'2011-12-16'),(10156,'g',0,'2011-12-16'),(14172,'g',0,'2011-12-16'),(7475,'g',0,'2012-01-30'),(18142,'g',0,'2011-12-16'),(19326,'g',0,'2011-12-16'),(12368,'g',0,'2011-12-16'),(19327,'g',0,'2012-03-07'),(9171,'g',0,'2011-12-16'),(19497,'g',0,'2011-12-16'),(19517,'g',0,'2011-12-16'),(4553,'g',0,'2012-03-02'),(5060,'g',0,'2011-12-16'),(9215,'g',0,'2011-12-16'),(4908,'g',0,'2011-12-16'),(3993,'g',0,'2011-12-16'),(4929,'g',0,'2011-12-16'),(4912,'g',0,'2012-02-23'),(4805,'g',0,'2011-12-16'),(3944,'g',0,'2011-12-16'),(3776,'g',0,'2011-12-16'),(4877,'g',0,'2011-12-16'),(4828,'g',0,'2011-12-16'),(19613,'g',0,'2011-12-16'),(19635,'g',0,'2012-01-23'),(19640,'g',0,'2012-02-13'),(19634,'g',0,'2012-01-23'),(19637,'g',0,'2012-02-23'),(11956,'g',0,'2011-12-16'),(18195,'g',0,'2011-12-16'),(8802,'g',0,'2012-02-13'),(11439,'g',0,'2012-02-16'),(8280,'g',0,'2012-03-02'),(7803,'g',0,'2012-03-06'),(8265,'g',0,'2012-03-06'),(8208,'g',0,'2012-03-06'),(6351,'g',0,'2012-03-02'),(6356,'g',0,'2012-03-02'),(9261,'g',0,'2012-02-16'),(11762,'g',0,'2012-02-16'),(12658,'g',0,'2012-02-06'),(647,'g',0,'2011-12-17'),(7548,'g',0,'2012-02-13'),(8600,'g',0,'2012-02-16'),(2514,'g',0,'2011-12-17'),(8493,'g',0,'2012-02-16'),(8427,'g',0,'2012-02-16'),(19621,'g',0,'2011-12-18'),(19622,'g',0,'2012-02-13'),(19619,'g',0,'2011-12-18'),(8824,'g',0,'2012-02-13'),(9682,'g',0,'2012-03-02'),(19623,'g',0,'2012-02-13'),(19671,'g',0,'2012-02-22'),(19669,'g',0,'2012-02-22'),(19674,'g',0,'2012-02-22'),(19376,'g',0,'2011-12-19'),(19561,'g',0,'2011-12-19'),(19503,'g',0,'2011-12-19'),(19375,'g',0,'2012-02-19'),(19455,'g',0,'2011-12-19'),(19336,'g',0,'2011-12-19'),(19492,'g',0,'2011-12-19'),(19588,'g',0,'2011-12-19'),(19676,'g',0,'2011-12-19'),(19511,'g',0,'2011-12-19'),(19371,'g',0,'2011-12-19'),(19675,'g',0,'2011-12-20'),(14550,'g',0,'2011-12-20'),(15370,'g',0,'2011-12-20'),(15631,'g',0,'2011-12-20'),(16493,'g',0,'2011-12-20'),(16524,'g',0,'2011-12-20'),(17084,'g',0,'2011-12-20'),(16261,'g',0,'2011-12-20'),(17252,'g',0,'2011-12-20'),(16944,'g',0,'2011-12-20'),(19657,'g',0,'2011-12-20'),(16043,'g',0,'2011-12-20'),(16994,'g',0,'2011-12-20'),(14112,'g',0,'2011-12-20'),(17065,'g',0,'2011-12-20'),(16870,'g',0,'2011-12-20'),(17633,'g',0,'2011-12-20'),(17336,'g',0,'2011-12-20'),(16830,'g',0,'2011-12-20'),(17126,'g',0,'2011-12-20'),(16156,'g',0,'2011-12-20'),(16581,'g',0,'2011-12-20'),(14763,'g',0,'2011-12-20'),(16537,'g',0,'2011-12-20'),(16225,'g',0,'2011-12-20'),(14453,'g',0,'2011-12-20'),(14302,'g',0,'2011-12-20'),(16761,'g',0,'2011-12-20'),(16510,'g',0,'2011-12-20'),(15843,'g',0,'2011-12-20'),(16780,'g',0,'2011-12-20'),(19681,'g',0,'2012-02-23'),(19679,'g',0,'2012-02-13'),(13765,'g',0,'2011-12-21'),(5051,'g',0,'2011-12-21'),(5055,'g',0,'2011-12-21'),(5034,'g',0,'2011-12-21'),(5054,'g',0,'2011-12-21'),(5035,'g',0,'2011-12-21'),(5024,'g',0,'2011-12-21'),(5030,'g',0,'2011-12-21'),(5053,'g',0,'2011-12-21'),(5029,'g',0,'2011-12-21'),(5044,'g',0,'2011-12-21'),(2686,'g',0,'2011-12-21'),(2683,'g',0,'2011-12-21'),(2680,'g',0,'2011-12-21'),(2678,'g',0,'2011-12-21'),(2681,'g',0,'2011-12-21'),(2679,'g',0,'2011-12-21'),(2684,'g',0,'2011-12-21'),(2685,'g',0,'2011-12-21'),(2682,'g',0,'2011-12-21'),(2687,'g',0,'2011-12-21'),(19687,'g',0,'2012-03-06'),(16742,'g',0,'2012-02-13'),(19653,'g',0,'2011-12-21'),(11272,'g',0,'2012-02-17'),(5042,'g',0,'2012-02-22'),(4999,'g',0,'2012-02-13'),(4752,'g',0,'2012-02-16'),(4740,'g',0,'2012-02-16'),(4581,'g',0,'2012-02-13'),(5013,'g',0,'2012-02-22'),(4989,'g',0,'2011-12-22'),(9853,'g',0,'2011-12-22'),(4987,'g',0,'2011-12-22'),(19321,'g',0,'2011-12-22'),(19363,'g',0,'2011-12-22'),(19312,'g',0,'2011-12-22'),(19661,'g',0,'2011-12-22'),(14527,'g',0,'2011-12-22'),(19672,'g',0,'2012-03-04'),(4991,'g',0,'2012-03-02'),(7855,'g',0,'2012-03-02'),(4838,'g',0,'2012-01-21'),(19633,'g',0,'2012-03-02'),(4988,'g',0,'2012-03-02'),(2688,'g',0,'2012-02-13'),(3149,'g',0,'2012-02-13'),(4654,'g',0,'2012-02-13'),(4730,'g',0,'2012-02-13'),(19690,'g',0,'2011-12-22'),(19639,'g',0,'2012-02-13'),(19698,'g',0,'2012-02-13'),(1900,'g',0,'2011-12-23'),(8303,'g',0,'2012-02-16'),(8369,'g',0,'2012-02-13'),(8146,'g',0,'2011-12-23'),(1885,'g',0,'2012-02-17'),(19673,'g',0,'2012-02-16'),(4832,'g',0,'2011-12-23'),(4825,'g',0,'2011-12-23'),(2810,'g',0,'2011-12-23'),(3738,'g',0,'2011-12-23'),(1905,'g',0,'2011-12-23'),(4808,'g',0,'2011-12-23'),(3820,'g',0,'2011-12-23'),(2671,'g',0,'2011-12-23'),(2622,'g',0,'2011-12-23'),(2654,'g',0,'2011-12-23'),(2677,'g',0,'2011-12-23'),(2667,'g',0,'2011-12-23'),(2673,'g',0,'2011-12-23'),(2669,'g',0,'2011-12-23'),(2674,'g',0,'2011-12-23'),(2623,'g',0,'2011-12-23'),(2668,'g',0,'2011-12-23'),(2676,'g',0,'2011-12-23'),(2675,'g',0,'2011-12-23'),(6295,'g',0,'2012-02-09'),(2672,'g',0,'2011-12-23'),(3463,'g',0,'2011-12-23'),(7512,'g',0,'2011-12-23'),(2655,'g',0,'2011-12-23'),(3887,'g',0,'2011-12-23'),(7363,'g',0,'2011-12-23'),(3912,'g',0,'2011-12-23'),(7767,'g',0,'2011-12-23'),(4813,'g',0,'2011-12-23'),(6362,'g',0,'2011-12-23'),(3810,'g',0,'2011-12-23'),(19602,'g',0,'2011-12-23'),(19404,'g',0,'2012-02-13'),(19403,'g',0,'2012-02-13'),(19402,'g',0,'2012-02-13'),(19401,'g',0,'2012-02-13'),(19400,'g',0,'2012-02-13'),(19398,'g',0,'2012-02-13'),(19397,'g',0,'2012-02-12'),(19323,'g',0,'2012-02-12'),(18547,'g',0,'2012-02-13'),(15979,'g',0,'2012-02-12'),(19591,'g',0,'2011-12-24'),(19564,'g',0,'2011-12-24'),(19577,'g',0,'2011-12-24'),(19565,'g',0,'2011-12-24'),(19578,'g',0,'2011-12-24'),(19563,'g',0,'2011-12-24'),(4951,'g',0,'2012-02-13'),(4883,'g',0,'2012-02-13'),(4827,'g',0,'2012-02-13'),(4814,'g',0,'2011-12-25'),(4747,'g',0,'2012-02-12'),(4738,'g',0,'2011-12-25'),(19663,'g',0,'2012-02-13'),(11082,'g',0,'2011-12-26'),(11002,'g',0,'2011-12-26'),(11106,'g',0,'2011-12-26'),(13751,'g',0,'2011-12-26'),(14030,'g',0,'2011-12-26'),(11223,'g',0,'2011-12-26'),(13330,'g',0,'2011-12-26'),(11031,'g',0,'2011-12-27'),(19705,'g',0,'2011-12-27'),(19710,'g',0,'2011-12-27'),(19704,'g',0,'2011-12-27'),(11056,'g',0,'2011-12-27'),(13702,'g',0,'2011-12-27'),(19700,'g',0,'2011-12-27'),(19530,'g',0,'2011-12-29'),(19535,'g',0,'2011-12-29'),(19529,'g',0,'2011-12-29'),(19533,'g',0,'2011-12-29'),(19528,'g',0,'2011-12-29'),(19683,'g',0,'2012-03-02'),(19691,'g',0,'2012-03-06'),(19793,'g',0,'2011-12-31'),(19692,'g',0,'2012-03-02'),(19555,'g',0,'2011-12-31'),(19482,'g',0,'2011-12-31'),(19582,'g',0,'2011-12-31'),(19706,'g',0,'2012-01-01'),(19708,'g',0,'2012-01-01'),(19686,'g',0,'2012-01-01'),(19707,'g',0,'2012-01-01'),(18060,'g',0,'2012-01-01'),(13455,'g',0,'2012-01-01'),(15148,'g',0,'2012-01-01'),(19509,'g',0,'2012-01-01'),(19506,'g',0,'2012-01-01'),(19384,'g',0,'2012-01-01'),(19556,'g',0,'2012-01-01'),(19432,'g',0,'2012-01-01'),(19786,'g',0,'2012-01-01'),(15226,'g',0,'2012-01-01'),(19816,'g',0,'2012-01-03'),(19811,'g',0,'2012-02-16'),(19754,'g',0,'2012-01-05'),(19837,'g',0,'2012-02-16'),(19407,'g',0,'2012-02-13'),(19841,'g',0,'2012-01-09'),(19851,'g',0,'2012-01-09'),(19847,'g',0,'2012-02-16'),(19842,'g',0,'2012-02-16'),(19850,'g',0,'2012-02-24'),(19849,'g',0,'2012-01-10'),(19470,'g',0,'2012-01-10'),(19502,'g',0,'2012-01-10'),(19325,'g',0,'2012-01-10'),(19609,'g',0,'2012-01-10'),(19450,'g',0,'2012-01-10'),(19399,'g',0,'2012-01-10'),(19489,'g',0,'2012-01-10'),(19457,'g',0,'2012-01-10'),(19359,'g',0,'2012-01-10'),(19469,'g',0,'2012-01-10'),(19845,'g',0,'2012-02-28'),(19863,'g',0,'2012-01-11'),(19866,'g',0,'2012-01-11'),(19862,'g',0,'2012-02-28'),(19848,'g',0,'2012-02-28'),(19405,'g',0,'2012-02-13'),(19413,'g',0,'2012-02-13'),(19412,'g',0,'2012-02-13'),(19410,'g',0,'2012-02-13'),(19606,'g',0,'2012-01-11'),(19802,'g',0,'2012-01-12'),(19799,'g',0,'2012-01-12'),(18495,'g',0,'2012-01-12'),(18426,'g',0,'2012-01-12'),(18471,'g',0,'2012-01-12'),(18444,'g',0,'2012-01-12'),(11999,'g',0,'2012-01-13'),(12722,'g',0,'2012-02-28'),(15710,'g',0,'2012-02-28'),(19666,'g',0,'2012-02-26'),(4931,'g',0,'2012-02-16'),(19767,'g',0,'2012-02-26'),(16928,'g',0,'2012-01-13'),(19776,'g',0,'2012-02-26'),(4608,'g',0,'2012-01-14'),(4607,'g',0,'2012-01-14'),(4609,'g',0,'2012-01-14'),(4603,'g',0,'2012-01-14'),(4589,'g',0,'2012-01-14'),(4588,'g',0,'2012-01-14'),(4587,'g',0,'2012-01-14'),(4584,'g',0,'2012-01-14'),(4585,'g',0,'2012-01-14'),(4586,'g',0,'2012-01-14'),(4020,'g',0,'2012-01-14'),(4075,'g',0,'2012-01-14'),(4093,'g',0,'2012-01-14'),(4129,'g',0,'2012-01-14'),(4028,'g',0,'2012-01-14'),(4102,'g',0,'2012-01-14'),(4039,'g',0,'2012-01-14'),(4119,'g',0,'2012-01-14'),(4063,'g',0,'2012-01-14'),(4084,'g',0,'2012-01-14'),(19874,'g',0,'2012-01-15'),(19868,'g',0,'2012-01-15'),(19843,'g',0,'2012-03-02'),(19873,'g',0,'2012-02-15'),(19838,'g',0,'2012-02-26'),(19897,'g',0,'2012-02-16'),(19464,'g',0,'2012-01-16'),(19430,'g',0,'2012-01-16'),(19459,'g',0,'2012-01-16'),(19465,'g',0,'2012-01-16'),(19389,'g',0,'2012-01-16'),(19462,'g',0,'2012-01-17'),(19869,'g',0,'2012-02-16'),(19406,'g',0,'2012-01-17'),(19446,'g',0,'2012-01-17'),(19393,'g',0,'2012-01-17'),(19394,'g',0,'2012-01-17'),(19391,'g',0,'2012-01-17'),(19871,'g',0,'2012-02-16'),(9660,'g',0,'2012-01-19'),(14997,'g',0,'2012-01-19'),(19911,'g',0,'2012-01-19'),(19383,'g',0,'2012-01-19'),(19440,'g',0,'2012-01-19'),(19905,'g',0,'2012-01-19'),(19787,'g',0,'2012-01-19'),(19381,'g',0,'2012-01-19'),(19567,'g',0,'2012-01-19'),(19553,'g',0,'2012-01-19'),(19532,'g',0,'2012-01-19'),(19560,'g',0,'2012-01-19'),(19516,'g',0,'2012-01-19'),(9962,'g',0,'2012-02-28'),(10309,'g',0,'2012-01-19'),(10334,'g',0,'2012-01-19'),(10289,'g',0,'2012-02-28'),(10271,'g',0,'2012-02-28'),(19909,'g',0,'2012-03-02'),(4745,'g',0,'2012-01-20'),(4744,'g',0,'2012-01-20'),(4770,'g',0,'2012-01-20'),(4751,'g',0,'2012-01-20'),(4768,'g',0,'2012-01-20'),(4739,'g',0,'2012-01-20'),(4758,'g',0,'2012-01-20'),(4763,'g',0,'2012-01-20'),(4741,'g',0,'2012-01-20'),(4764,'g',0,'2012-01-20'),(19861,'g',0,'2012-01-20'),(19852,'g',0,'2012-03-02'),(19885,'g',0,'2012-01-20'),(19825,'g',0,'2012-01-20'),(19826,'g',0,'2012-01-20'),(19882,'g',0,'2012-01-20'),(19760,'g',0,'2012-01-21'),(13721,'g',0,'2012-01-22'),(19855,'g',0,'2012-01-22'),(12673,'g',0,'2012-01-22'),(13403,'g',0,'2012-01-22'),(19920,'g',0,'2012-03-02'),(13685,'g',0,'2012-01-22'),(19856,'g',0,'2012-01-22'),(12593,'g',0,'2012-01-22'),(19854,'g',0,'2012-01-22'),(12567,'g',0,'2012-01-22'),(12955,'g',0,'2012-01-22'),(12468,'g',0,'2012-01-23'),(12260,'g',0,'2012-01-23'),(14136,'g',0,'2012-01-23'),(19927,'g',0,'2012-03-02'),(5016,'g',0,'2012-01-24'),(5017,'g',0,'2012-01-24'),(19939,'g',0,'2012-01-24'),(14212,'g',0,'2012-01-24'),(13419,'g',0,'2012-01-24'),(19824,'g',0,'2012-01-24'),(10070,'g',0,'2012-01-24'),(10195,'g',0,'2012-01-24'),(11661,'g',0,'2012-01-24'),(19949,'g',0,'2012-03-02'),(19607,'g',0,'2012-01-25'),(19522,'g',0,'2012-01-25'),(19519,'g',0,'2012-01-25'),(19521,'g',0,'2012-01-25'),(19523,'g',0,'2012-01-25'),(19520,'g',0,'2012-01-25'),(19540,'g',0,'2012-01-25'),(18269,'g',0,'2012-01-25'),(9551,'g',0,'2012-01-25'),(19926,'g',0,'2012-03-06'),(7394,'g',0,'2012-01-25'),(1870,'g',0,'2012-01-25'),(7378,'g',0,'2012-01-25'),(1871,'g',0,'2012-01-25'),(1901,'g',0,'2012-01-25'),(7462,'g',0,'2012-01-25'),(1883,'g',0,'2012-01-25'),(19610,'g',0,'2012-01-25'),(19930,'g',0,'2012-01-25'),(19924,'g',0,'2012-01-25'),(19932,'g',0,'2012-01-26'),(19936,'g',0,'2012-03-02'),(11524,'g',0,'2012-01-27'),(10616,'g',0,'2012-01-27'),(10812,'g',0,'2012-01-27'),(13006,'g',0,'2012-01-27'),(13098,'g',0,'2012-01-27'),(9732,'g',0,'2012-01-27'),(19942,'g',0,'2012-03-02'),(17589,'g',0,'2012-01-28'),(16065,'g',0,'2012-01-28'),(18607,'g',0,'2012-01-28'),(19608,'g',0,'2012-01-28'),(18596,'g',0,'2012-01-28'),(15246,'g',0,'2012-01-28'),(18907,'g',0,'2012-01-28'),(18680,'g',0,'2012-01-28'),(19313,'g',0,'2012-01-28'),(11980,'g',0,'2012-01-28'),(12096,'g',0,'2012-01-28'),(19835,'g',0,'2012-01-28'),(19809,'g',0,'2012-01-28'),(12019,'g',0,'2012-01-28'),(13382,'g',0,'2012-01-28'),(11399,'g',0,'2012-01-29'),(15899,'g',0,'2012-01-29'),(15017,'g',0,'2012-01-29'),(19656,'g',0,'2012-01-29'),(14856,'g',0,'2012-01-29'),(19714,'g',0,'2012-01-29'),(13880,'g',0,'2012-01-29'),(19881,'g',0,'2012-01-29'),(14383,'g',0,'2012-01-29'),(19891,'g',0,'2012-01-29'),(19444,'g',0,'2012-01-31'),(19443,'g',0,'2012-01-31'),(19539,'g',0,'2012-01-31'),(19433,'g',0,'2012-01-31'),(14254,'g',0,'2012-01-31'),(17814,'g',0,'2012-01-31'),(19418,'g',0,'2012-01-31'),(19442,'g',0,'2012-01-31'),(19354,'g',0,'2012-01-31'),(19662,'g',0,'2012-01-31'),(17832,'g',0,'2012-01-31'),(19977,'g',0,'2012-01-31'),(9237,'g',0,'2012-02-01'),(5057,'g',0,'2012-02-01'),(10142,'g',0,'2012-02-01'),(10050,'g',0,'2012-02-01'),(17965,'g',0,'2012-02-01'),(18384,'g',0,'2012-02-01'),(16205,'g',0,'2012-02-01'),(19715,'g',0,'2012-02-01'),(19798,'g',0,'2012-02-01'),(19747,'g',0,'2012-02-01'),(19731,'g',0,'2012-02-01'),(18397,'g',0,'2012-02-01'),(19748,'g',0,'2012-02-01'),(19716,'g',0,'2012-02-01'),(19978,'g',0,'2012-03-02'),(7667,'g',0,'2012-02-02'),(8324,'g',0,'2012-02-02'),(7892,'g',0,'2012-02-02'),(8085,'g',0,'2012-02-02'),(7567,'g',0,'2012-02-02'),(8540,'g',0,'2012-02-02'),(8352,'g',0,'2012-02-02'),(7836,'g',0,'2012-02-02'),(7972,'g',0,'2012-02-02'),(19750,'g',0,'2012-02-03'),(19756,'g',0,'2012-02-03'),(19796,'g',0,'2012-02-03'),(19743,'g',0,'2012-02-03'),(19730,'g',0,'2012-02-03'),(19734,'g',0,'2012-02-03'),(19728,'g',0,'2012-02-03'),(19736,'g',0,'2012-02-03'),(19919,'g',0,'2012-02-04'),(19900,'g',0,'2012-02-05'),(19790,'g',0,'2012-02-05'),(19791,'g',0,'2012-02-05'),(18883,'g',0,'2012-02-05'),(18900,'g',0,'2012-02-05'),(18905,'g',0,'2012-02-05'),(19904,'g',0,'2012-02-05'),(19910,'g',0,'2012-02-05'),(19626,'g',0,'2012-02-05'),(19990,'g',0,'2012-02-05'),(19719,'g',0,'2012-02-05'),(19718,'g',0,'2012-02-05'),(19782,'g',0,'2012-02-05'),(19778,'g',0,'2012-02-06'),(19981,'g',0,'2012-02-06'),(19727,'g',0,'2012-02-06'),(4906,'g',0,'2012-02-06'),(5009,'g',0,'2012-02-06'),(4928,'g',0,'2012-02-06'),(5026,'g',0,'2012-02-06'),(4995,'g',0,'2012-02-06'),(4902,'g',0,'2012-02-06'),(5001,'g',0,'2012-02-06'),(5063,'g',0,'2012-02-06'),(10095,'g',0,'2012-02-06'),(11245,'g',0,'2012-02-06'),(19992,'g',0,'2012-02-06'),(19892,'g',0,'2012-02-06'),(19822,'g',0,'2012-02-06'),(19370,'g',0,'2012-02-07'),(19357,'g',0,'2012-02-07'),(19369,'g',0,'2012-02-07'),(19372,'g',0,'2012-02-07'),(19364,'g',0,'2012-02-07'),(19388,'g',0,'2012-02-07'),(19362,'g',0,'2012-02-07'),(5011,'g',0,'2012-02-08'),(5022,'g',0,'2012-02-08'),(4981,'g',0,'2012-02-08'),(20026,'g',0,'2012-02-08'),(19807,'g',0,'2012-02-09'),(4183,'g',0,'2012-02-10'),(3716,'g',0,'2012-02-10'),(2806,'g',0,'2012-02-10'),(4274,'g',0,'2012-02-10'),(3764,'g',0,'2012-02-10'),(4235,'g',0,'2012-02-10'),(4412,'g',0,'2012-02-10'),(2802,'g',0,'2012-02-10'),(4381,'g',0,'2012-02-10'),(1895,'g',0,'2012-02-10'),(3729,'g',0,'2012-02-10'),(4191,'g',0,'2012-02-10'),(4389,'g',0,'2012-02-10'),(4472,'g',0,'2012-02-10'),(4396,'g',0,'2012-02-10'),(4447,'g',0,'2012-02-10'),(4373,'g',0,'2012-02-10'),(4489,'g',0,'2012-02-10'),(4014,'g',0,'2012-02-10'),(1890,'g',0,'2012-02-10'),(9411,'g',0,'2012-02-10'),(4302,'g',0,'2012-02-10'),(7787,'g',0,'2012-02-10'),(4295,'g',0,'2012-02-10'),(4323,'g',0,'2012-02-10'),(4289,'g',0,'2012-02-10'),(4315,'g',0,'2012-02-10'),(7631,'g',0,'2012-02-10'),(4282,'g',0,'2012-02-10'),(4266,'g',0,'2012-02-10'),(4310,'g',0,'2012-02-10'),(4227,'g',0,'2012-02-10'),(7606,'g',0,'2012-02-10'),(4165,'g',0,'2012-02-10'),(3998,'g',0,'2012-02-10'),(3751,'g',0,'2012-02-10'),(4418,'g',0,'2012-02-10'),(7911,'g',0,'2012-02-10'),(3895,'g',0,'2012-02-10'),(3846,'g',0,'2012-02-10'),(4172,'g',0,'2012-02-10'),(4146,'g',0,'2012-02-10'),(4004,'g',0,'2012-02-10'),(3959,'g',0,'2012-02-10'),(4135,'g',0,'2012-02-10'),(8065,'g',0,'2012-02-10'),(4478,'g',0,'2012-02-10'),(4259,'g',0,'2012-02-10'),(4154,'g',0,'2012-02-10'),(19765,'g',0,'2012-02-10'),(19912,'g',0,'2012-02-10'),(20006,'g',0,'2012-02-10'),(19956,'g',0,'2012-02-10'),(19373,'g',0,'2012-02-10'),(20037,'g',0,'2012-02-10'),(20005,'g',0,'2012-02-10'),(19544,'g',0,'2012-02-10'),(20004,'g',0,'2012-02-10'),(19361,'g',0,'2012-02-10'),(19952,'g',0,'2012-02-10'),(18902,'g',0,'2012-02-10'),(18370,'g',0,'2012-02-10'),(20009,'g',0,'2012-02-10'),(445,'g',0,'2012-02-11'),(4576,'g',0,'2012-02-11'),(4612,'g',0,'2012-02-11'),(4615,'g',0,'2012-02-11'),(4557,'g',0,'2012-02-11'),(4611,'g',0,'2012-02-11'),(4570,'g',0,'2012-02-11'),(4614,'g',0,'2012-02-11'),(4520,'g',0,'2012-02-11'),(4572,'g',0,'2012-02-11'),(4526,'g',0,'2012-02-11'),(4610,'g',0,'2012-02-11'),(4613,'g',0,'2012-02-11'),(4616,'g',0,'2012-02-11'),(4548,'g',0,'2012-02-11'),(19844,'g',0,'2012-02-11'),(19846,'g',0,'2012-02-11'),(19853,'g',0,'2012-02-11'),(19887,'g',0,'2012-02-11'),(19764,'g',0,'2012-02-11'),(19456,'g',0,'2012-02-11'),(19797,'g',0,'2012-02-11'),(18570,'g',0,'2012-02-11'),(19998,'g',0,'2012-02-11'),(17981,'g',0,'2012-02-11'),(19997,'g',0,'2012-02-11'),(19458,'g',0,'2012-02-11'),(19452,'g',0,'2012-02-11'),(19996,'g',0,'2012-02-11'),(20000,'g',0,'2012-02-11'),(19994,'g',0,'2012-02-11'),(19999,'g',0,'2012-02-11'),(19813,'g',0,'2012-02-11'),(19995,'g',0,'2012-02-11'),(19880,'g',0,'2012-02-11'),(20001,'g',0,'2012-02-11'),(19723,'g',0,'2012-02-11'),(20023,'g',0,'2012-02-11'),(13045,'g',0,'2012-02-11'),(19872,'g',0,'2012-02-11'),(20043,'g',0,'2012-02-11'),(19934,'g',0,'2012-02-11'),(4797,'g',0,'2012-02-11'),(4792,'g',0,'2012-02-11'),(4779,'g',0,'2012-02-11'),(4617,'g',0,'2012-02-11'),(4579,'g',0,'2012-02-11'),(4583,'g',0,'2012-02-11'),(4582,'g',0,'2012-02-11'),(19570,'g',0,'2012-02-11'),(19545,'g',0,'2012-02-11'),(20034,'g',0,'2012-02-11'),(19914,'g',0,'2012-02-11'),(19980,'g',0,'2012-02-11'),(19941,'g',0,'2012-02-11'),(19979,'g',0,'2012-02-11'),(19945,'g',0,'2012-02-11'),(19948,'g',0,'2012-02-11'),(19987,'g',0,'2012-02-11'),(19972,'g',0,'2012-02-11'),(19946,'g',0,'2012-02-11'),(19974,'g',0,'2012-02-11'),(19624,'g',0,'2012-02-11'),(19870,'g',0,'2012-02-11'),(19636,'g',0,'2012-02-11'),(20044,'g',0,'2012-02-12'),(20042,'g',0,'2012-02-12'),(19477,'g',0,'2012-02-12'),(19467,'g',0,'2012-02-12'),(19579,'g',0,'2012-02-12'),(19460,'g',0,'2012-02-12'),(19569,'g',0,'2012-02-12'),(19501,'g',0,'2012-02-12'),(19479,'g',0,'2012-02-12'),(19574,'g',0,'2012-02-12'),(19742,'g',0,'2012-02-12'),(20024,'g',0,'2012-02-12'),(20017,'g',0,'2012-02-12'),(19654,'g',0,'2012-02-12'),(19865,'g',0,'2012-02-12'),(19682,'g',0,'2012-02-12'),(19701,'g',0,'2012-02-12'),(19678,'g',0,'2012-02-12'),(19677,'g',0,'2012-02-12'),(19699,'g',0,'2012-02-12'),(20040,'g',0,'2012-02-12'),(4933,'g',0,'2012-02-12'),(4754,'g',0,'2012-02-12'),(4762,'g',0,'2012-02-12'),(4794,'g',0,'2012-02-12'),(4819,'g',0,'2012-02-12'),(4938,'g',0,'2012-02-12'),(4935,'g',0,'2012-02-12'),(4821,'g',0,'2012-02-12'),(4867,'g',0,'2012-02-12'),(4974,'g',0,'2012-02-12'),(2455,'g',0,'2012-02-12'),(19328,'g',0,'2012-02-12'),(19821,'g',0,'2012-02-12'),(19684,'g',0,'2012-02-12'),(14710,'g',0,'2012-02-12'),(2460,'g',0,'2012-02-12'),(20014,'g',0,'2012-02-12'),(16701,'g',0,'2012-02-12'),(19819,'g',0,'2012-02-12'),(19860,'g',0,'2012-02-12'),(7346,'g',0,'2012-02-12'),(19542,'g',0,'2012-02-12'),(18535,'g',0,'2012-02-12'),(19828,'g',0,'2012-02-12'),(19929,'g',0,'2012-02-12'),(19864,'g',0,'2012-02-12'),(19414,'g',0,'2012-02-12'),(19490,'g',0,'2012-02-12'),(19345,'g',0,'2012-02-12'),(20031,'g',0,'2012-02-12'),(13856,'g',0,'2012-02-12'),(4637,'g',0,'2012-02-12'),(4404,'g',0,'2012-02-12'),(19427,'g',0,'2012-02-12'),(20030,'g',0,'2012-02-12'),(20016,'g',0,'2012-02-12'),(13213,'g',0,'2012-02-12'),(15561,'g',0,'2012-02-12'),(4626,'g',0,'2012-02-12'),(19745,'g',0,'2012-02-12'),(4977,'g',0,'2012-02-12'),(20002,'g',0,'2012-02-12'),(12906,'g',0,'2012-02-13'),(16802,'g',0,'2012-02-13'),(19352,'g',0,'2012-02-13'),(4972,'g',0,'2012-02-13'),(19901,'g',0,'2012-02-13'),(19944,'g',0,'2012-02-13'),(19950,'g',0,'2012-02-13'),(4765,'g',0,'2012-02-13'),(4664,'g',0,'2012-02-13'),(19921,'g',0,'2012-02-13'),(4957,'g',0,'2012-02-13'),(19422,'g',0,'2012-02-13'),(19696,'g',0,'2012-02-13'),(19795,'g',0,'2012-02-13'),(4676,'g',0,'2012-02-13'),(19976,'g',0,'2012-02-13'),(4842,'g',0,'2012-02-13'),(5039,'g',0,'2012-02-13'),(4650,'g',0,'2012-02-13'),(19712,'g',0,'2012-02-13'),(19703,'g',0,'2012-02-13'),(19695,'g',0,'2012-02-13'),(19834,'g',0,'2012-02-13'),(19831,'g',0,'2012-02-13'),(19374,'g',0,'2012-02-13'),(4638,'g',0,'2012-02-13'),(19709,'g',0,'2012-02-13'),(5021,'g',0,'2012-02-13'),(11802,'g',0,'2012-02-13'),(14236,'g',0,'2012-02-13'),(4844,'g',0,'2012-02-13'),(20041,'g',0,'2012-02-13'),(19349,'g',0,'2012-02-13'),(19918,'g',0,'2012-02-13'),(4681,'g',0,'2012-02-13'),(4628,'g',0,'2012-02-13'),(19651,'g',0,'2012-02-13'),(4620,'g',0,'2012-02-13'),(16652,'g',0,'2012-02-13'),(4733,'g',0,'2012-02-13'),(4634,'g',0,'2012-02-13'),(19425,'g',0,'2012-02-13'),(19923,'g',0,'2012-02-13'),(4621,'g',0,'2012-02-13'),(14688,'g',0,'2012-02-13'),(19883,'g',0,'2012-02-13'),(19434,'g',0,'2012-02-13'),(19888,'g',0,'2012-02-13'),(11717,'g',0,'2012-02-13'),(19943,'g',0,'2012-02-13'),(10416,'g',0,'2012-02-13'),(4690,'g',0,'2012-02-13'),(19984,'g',0,'2012-02-13'),(4633,'g',0,'2012-02-13'),(19857,'g',0,'2012-02-13'),(12745,'g',0,'2012-02-13'),(19424,'g',0,'2012-02-13'),(19524,'g',0,'2012-02-13'),(19693,'g',0,'2012-02-13'),(2045,'g',0,'2012-02-13'),(19484,'g',0,'2012-02-13'),(19933,'g',0,'2012-02-13'),(19632,'g',0,'2012-02-13'),(16349,'g',0,'2012-02-13'),(4632,'g',0,'2012-02-13'),(13608,'g',0,'2012-02-13'),(5033,'g',0,'2012-02-13'),(19817,'g',0,'2012-02-13'),(19804,'g',0,'2012-02-13'),(20028,'g',0,'2012-02-13'),(17301,'g',0,'2012-02-13'),(19685,'g',0,'2012-02-13'),(4955,'g',0,'2012-02-13'),(18039,'g',0,'2012-02-13'),(4830,'g',0,'2012-02-13'),(19739,'g',0,'2012-02-13'),(19353,'g',0,'2012-02-13'),(4636,'g',0,'2012-02-13'),(18910,'g',0,'2012-02-13'),(20020,'g',0,'2012-02-13'),(4630,'g',0,'2012-02-13'),(12639,'g',0,'2012-02-13'),(20011,'g',0,'2012-02-13'),(12421,'g',0,'2012-02-13'),(2459,'g',0,'2012-02-13'),(19772,'g',0,'2012-02-13'),(4682,'g',0,'2012-02-13'),(19655,'g',0,'2012-02-13'),(19333,'g',0,'2012-02-13'),(19586,'g',0,'2012-02-13'),(4642,'g',0,'2012-02-13'),(9443,'g',0,'2012-02-13'),(19594,'g',0,'2012-02-13'),(1903,'g',0,'2012-02-13'),(19322,'g',0,'2012-02-13'),(4651,'g',0,'2012-02-13'),(19499,'g',0,'2012-02-13'),(19480,'g',0,'2012-02-13'),(19382,'g',0,'2012-02-13'),(10658,'g',0,'2012-02-13'),(19899,'g',0,'2012-02-13'),(19721,'g',0,'2012-02-13'),(19392,'g',0,'2012-02-13'),(11418,'g',0,'2012-02-13'),(9589,'g',0,'2012-02-13'),(4643,'g',0,'2012-02-13'),(19670,'g',0,'2012-02-13'),(16295,'g',0,'2012-02-13'),(19989,'g',0,'2012-02-13'),(4696,'g',0,'2012-02-13'),(10474,'g',0,'2012-02-13'),(19411,'g',0,'2012-02-13'),(20036,'g',0,'2012-02-13'),(19445,'g',0,'2012-02-13'),(10979,'g',0,'2012-02-13'),(4945,'g',0,'2012-02-13'),(19595,'g',0,'2012-02-13'),(16635,'g',0,'2012-02-13'),(4960,'g',0,'2012-02-13'),(10681,'g',0,'2012-02-13'),(4619,'g',0,'2012-02-13'),(19514,'g',0,'2012-02-13'),(4685,'g',0,'2012-02-13'),(16683,'g',0,'2012-02-13'),(20032,'g',0,'2012-02-13'),(11380,'g',0,'2012-02-13'),(19823,'g',0,'2012-02-13'),(9634,'g',0,'2012-02-13'),(19344,'g',0,'2012-02-13'),(4652,'g',0,'2012-02-13'),(11729,'g',0,'2012-02-13'),(14320,'g',0,'2012-02-13'),(7408,'g',0,'2012-02-13'),(19536,'g',0,'2012-02-13'),(4631,'g',0,'2012-02-13'),(19335,'g',0,'2012-02-13'),(19762,'g',0,'2012-02-13'),(19794,'g',0,'2012-02-13'),(4985,'g',0,'2012-02-13'),(4677,'g',0,'2012-02-13'),(19829,'g',0,'2012-02-13'),(4687,'g',0,'2012-02-13'),(10504,'g',0,'2012-02-13'),(4653,'g',0,'2012-02-13'),(19812,'g',0,'2012-02-13'),(18912,'g',0,'2012-02-13'),(20029,'g',0,'2012-02-13'),(19886,'g',0,'2012-02-13'),(20007,'g',0,'2012-02-13'),(19726,'g',0,'2012-02-13'),(20035,'g',0,'2012-02-13'),(13586,'g',0,'2012-02-13'),(19435,'g',0,'2012-02-13'),(19473,'g',0,'2012-02-13'),(4644,'g',0,'2012-02-13'),(4689,'g',0,'2012-02-13'),(4662,'g',0,'2012-02-13'),(20012,'g',0,'2012-02-13'),(17849,'g',0,'2012-02-13'),(19955,'g',0,'2012-02-13'),(4661,'g',0,'2012-02-13'),(20013,'g',0,'2012-02-13'),(20033,'g',0,'2012-02-13'),(19858,'g',0,'2012-02-13'),(10491,'g',0,'2012-02-13'),(2458,'g',0,'2012-02-13'),(4659,'g',0,'2012-02-13'),(4645,'g',0,'2012-02-13'),(4670,'g',0,'2012-02-13'),(19688,'g',0,'2012-02-13'),(19426,'g',0,'2012-02-13'),(18911,'g',0,'2012-02-13'),(10715,'g',0,'2012-02-13'),(18255,'g',0,'2012-02-13'),(19806,'g',0,'2012-02-13'),(19951,'g',0,'2012-02-13'),(19968,'g',0,'2012-02-13'),(19741,'g',0,'2012-02-13'),(4639,'g',0,'2012-02-13'),(19769,'g',0,'2012-02-13'),(19571,'g',0,'2012-02-13'),(19928,'g',0,'2012-02-13'),(5043,'g',0,'2012-02-13'),(10117,'g',0,'2012-02-13'),(4673,'g',0,'2012-02-13'),(19889,'g',0,'2012-02-13'),(19694,'g',0,'2012-02-13'),(18909,'g',0,'2012-02-13'),(11299,'g',0,'2012-02-13'),(4967,'g',0,'2012-02-13'),(19658,'g',0,'2012-02-13'),(18903,'g',0,'2012-02-13'),(19805,'g',0,'2012-02-13'),(9923,'g',0,'2012-02-13'),(19925,'g',0,'2012-02-13'),(15609,'g',0,'2012-02-13'),(4679,'g',0,'2012-02-13'),(4720,'g',0,'2012-02-13'),(4671,'g',0,'2012-02-13'),(4672,'g',0,'2012-02-13'),(4715,'g',0,'2012-02-13'),(16123,'g',0,'2012-02-13'),(18522,'g',0,'2012-02-13'),(19833,'g',0,'2012-02-13'),(19562,'g',0,'2012-02-13'),(20003,'g',0,'2012-02-13'),(4627,'g',0,'2012-02-13'),(17634,'g',0,'2012-02-13'),(18639,'g',0,'2012-02-13'),(15732,'g',0,'2012-02-13'),(11640,'g',0,'2012-02-13'),(13512,'g',0,'2012-02-13'),(4727,'g',0,'2012-02-13'),(14979,'g',0,'2012-02-13'),(19365,'g',0,'2012-02-13'),(19753,'g',0,'2012-02-13'),(19832,'g',0,'2012-02-13'),(19729,'g',0,'2012-02-13'),(10543,'g',0,'2012-02-13'),(4804,'g',0,'2012-02-13'),(19970,'g',0,'2012-02-13'),(4807,'g',0,'2012-02-13'),(19975,'g',0,'2012-02-13'),(19558,'g',0,'2012-02-13'),(19735,'g',0,'2012-02-13'),(4707,'g',0,'2012-02-13'),(18893,'g',0,'2012-02-13'),(18283,'g',0,'2012-02-13'),(20027,'g',0,'2012-02-13'),(19584,'g',0,'2012-02-13'),(19836,'g',0,'2012-02-13'),(19808,'g',0,'2012-02-13'),(17675,'g',0,'2012-02-13'),(20019,'g',0,'2012-02-13'),(19478,'g',0,'2012-02-13'),(4729,'g',0,'2012-02-13'),(19348,'g',0,'2012-02-13'),(19958,'g',0,'2012-02-13'),(16400,'g',0,'2012-02-13'),(2046,'g',0,'2012-02-13'),(19814,'g',0,'2012-02-13'),(18892,'g',0,'2012-02-13'),(19385,'g',0,'2012-02-13'),(13433,'g',0,'2012-02-13'),(19702,'g',0,'2012-02-13'),(19351,'g',0,'2012-02-13'),(19711,'g',0,'2012-02-13'),(19665,'g',0,'2012-02-13'),(19680,'g',0,'2012-02-13'),(19890,'g',0,'2012-02-13'),(19429,'g',0,'2012-02-13'),(19587,'g',0,'2012-02-13'),(4781,'g',0,'2012-02-13'),(19668,'g',0,'2012-02-13'),(10943,'g',0,'2012-02-13'),(19940,'g',0,'2012-02-13'),(19884,'g',0,'2012-02-13'),(19818,'g',0,'2012-02-13'),(19859,'g',0,'2012-02-13'),(15069,'g',0,'2012-02-13'),(4697,'g',0,'2012-02-13'),(19839,'g',0,'2012-02-13'),(16976,'g',0,'2012-02-13'),(11464,'g',0,'2012-02-13'),(19329,'g',0,'2012-02-13'),(18908,'g',0,'2012-02-13'),(4971,'g',0,'2012-02-13'),(19697,'g',0,'2012-02-13'),(9791,'g',0,'2012-02-13'),(12837,'g',0,'2012-02-13'),(19935,'g',0,'2012-02-13'),(19722,'g',0,'2012-02-13'),(19789,'g',0,'2012-02-13'),(19487,'g',0,'2012-02-13'),(4629,'g',0,'2012-02-13'),(19985,'g',0,'2012-02-13'),(19840,'g',0,'2012-02-13'),(19738,'g',0,'2012-02-13'),(19689,'g',0,'2012-02-13'),(10431,'g',0,'2012-02-13'),(20010,'g',0,'2012-02-13'),(19575,'g',0,'2012-02-13'),(19893,'g',0,'2012-02-13'),(14276,'g',0,'2012-02-13'),(19931,'g',0,'2012-02-13'),(15804,'g',0,'2012-02-13'),(4686,'g',0,'2012-02-13'),(19780,'g',0,'2012-02-13'),(19507,'g',0,'2012-02-13'),(4723,'g',0,'2012-02-13'),(19557,'g',0,'2012-02-13'),(19896,'g',0,'2012-02-13'),(4663,'g',0,'2012-02-13'),(19419,'g',0,'2012-02-13'),(17912,'g',0,'2012-02-13'),(19346,'g',0,'2012-02-13'),(4655,'g',0,'2012-02-13'),(19366,'g',0,'2012-02-13'),(19907,'g',0,'2012-02-13'),(19572,'g',0,'2012-02-13'),(4667,'g',0,'2012-02-13'),(4711,'g',0,'2012-02-13'),(19810,'g',0,'2012-02-13'),(19763,'g',0,'2012-02-13'),(4668,'g',0,'2012-02-13'),(16243,'g',0,'2012-02-13'),(5052,'g',0,'2012-02-13'),(19307,'g',0,'2012-02-13'),(4992,'g',0,'2012-02-13'),(20022,'g',0,'2012-02-13'),(19515,'g',0,'2012-02-13'),(4675,'g',0,'2012-02-13'),(4684,'g',0,'2012-02-13'),(18687,'g',0,'2012-02-13'),(19554,'g',0,'2012-02-13'),(4625,'g',0,'2012-02-13'),(4705,'g',0,'2012-02-13'),(19788,'g',0,'2012-02-13'),(18458,'g',0,'2012-02-13'),(14057,'g',0,'2012-02-13'),(19784,'g',0,'2012-02-13'),(19573,'g',0,'2012-02-13'),(9499,'g',0,'2012-02-13'),(4691,'g',0,'2012-02-13'),(19417,'g',0,'2012-02-13'),(19508,'g',0,'2012-02-13'),(4721,'g',0,'2012-02-13'),(19652,'g',0,'2012-02-13'),(20018,'g',0,'2012-02-13'),(4718,'g',0,'2012-02-13'),(18559,'g',0,'2012-02-13'),(20008,'g',0,'2012-02-13'),(16023,'g',0,'2012-02-13'),(19423,'g',0,'2012-02-13'),(4709,'g',0,'2012-02-13'),(4725,'g',0,'2012-02-13'),(4683,'g',0,'2012-02-13'),(18617,'g',0,'2012-02-13'),(20039,'g',0,'2012-02-13'),(19916,'g',0,'2012-02-13'),(4710,'g',0,'2012-02-13'),(19724,'g',0,'2012-02-13'),(4678,'g',0,'2012-02-13'),(4698,'g',0,'2012-02-13'),(17612,'g',0,'2012-02-13'),(4719,'g',0,'2012-02-13'),(4699,'g',0,'2012-02-13'),(4726,'g',0,'2012-02-13'),(19815,'g',0,'2012-02-13'),(17105,'g',0,'2012-02-13'),(19746,'g',0,'2012-02-13'),(15652,'g',0,'2012-02-13'),(4701,'g',0,'2012-02-13'),(4660,'g',0,'2012-02-13'),(19525,'g',0,'2012-02-13'),(19937,'g',0,'2012-02-13'),(5008,'g',0,'2012-02-13'),(19486,'g',0,'2012-02-13'),(19774,'g',0,'2012-02-13'),(14658,'g',0,'2012-02-13'),(19803,'g',0,'2012-02-13'),(19667,'g',0,'2012-02-13'),(19483,'g',0,'2012-02-13'),(12816,'g',0,'2012-02-13'),(19744,'g',0,'2012-02-13'),(17793,'g',0,'2012-02-13'),(5002,'g',0,'2012-02-13'),(4787,'g',0,'2012-02-13'),(20025,'g',0,'2012-02-13'),(19660,'g',0,'2012-02-13'),(14879,'g',0,'2012-02-13'),(19347,'g',0,'2012-02-13'),(19589,'g',0,'2012-02-13'),(18508,'g',0,'2012-02-13'),(4798,'g',0,'2012-02-13'),(4708,'g',0,'2012-02-13'),(19993,'g',0,'2012-02-13'),(5050,'g',0,'2012-02-13'),(4693,'g',0,'2012-02-13'),(19531,'g',0,'2012-02-13'),(4649,'g',0,'2012-02-13'),(19971,'g',0,'2012-02-13'),(19986,'g',0,'2012-02-13'),(4680,'g',0,'2012-02-13'),(9710,'g',0,'2012-02-13'),(19650,'g',0,'2012-02-13'),(15533,'g',0,'2012-02-13'),(19358,'g',0,'2012-02-13'),(19541,'g',0,'2012-02-13'),(4666,'g',0,'2012-02-13'),(19472,'g',0,'2012-02-13'),(17731,'g',0,'2012-02-13'),(19922,'g',0,'2012-02-13'),(4973,'g',0,'2012-02-13'),(18701,'g',0,'2012-02-13'),(4658,'g',0,'2012-02-13'),(19485,'g',0,'2012-02-13'),(19915,'g',0,'2012-02-13'),(19906,'g',0,'2012-02-13'),(19387,'g',0,'2012-02-13'),(18895,'g',0,'2012-02-13'),(4716,'g',0,'2012-02-14'),(20015,'g',0,'2012-02-14'),(20038,'g',0,'2012-02-14'),(19755,'g',0,'2012-02-14'),(19408,'g',0,'2012-02-14'),(4712,'g',0,'2012-02-14'),(4714,'g',0,'2012-02-14'),(19757,'g',0,'2012-02-14'),(4986,'g',0,'2012-02-14'),(10450,'g',0,'2012-02-14'),(18312,'g',0,'2012-02-14'),(19991,'g',0,'2012-02-14'),(19395,'g',0,'2012-02-14'),(10638,'g',0,'2012-02-14'),(4771,'g',0,'2012-02-14'),(19720,'g',0,'2012-02-14'),(17745,'g',0,'2012-02-14'),(15036,'g',0,'2012-02-14'),(4674,'g',0,'2012-02-14'),(19498,'g',0,'2012-02-14'),(17235,'g',0,'2012-02-14'),(19820,'g',0,'2012-02-14'),(4722,'g',0,'2012-02-14'),(17653,'g',0,'2012-02-14'),(13667,'g',0,'2012-02-14'),(4703,'g',0,'2012-02-14'),(19725,'g',0,'2012-02-14'),(19659,'g',0,'2012-02-14'),(19902,'g',0,'2012-02-14'),(19713,'g',0,'2012-02-14'),(19717,'g',0,'2012-02-14'),(14589,'g',0,'2012-02-14'),(4975,'g',0,'2012-02-14'),(10580,'g',0,'2012-02-14'),(19938,'g',0,'2012-02-14'),(19737,'g',0,'2012-02-14'),(10888,'g',0,'2012-02-14'),(19627,'g',0,'2012-02-14'),(4704,'g',0,'2012-02-14'),(4702,'g',0,'2012-02-14'),(4641,'g',0,'2012-02-14'),(13286,'g',0,'2012-02-14'),(14189,'g',0,'2012-02-14'),(19770,'g',0,'2012-02-14'),(4618,'g',0,'2012-02-14'),(4732,'g',0,'2012-02-14'),(4669,'g',0,'2012-02-14'),(19800,'g',0,'2012-02-14'),(4713,'g',0,'2012-02-14'),(14954,'g',0,'2012-02-14'),(19894,'g',0,'2012-02-14'),(19311,'g',0,'2012-02-14'),(19751,'g',0,'2012-02-14'),(19781,'g',0,'2012-02-14'),(4717,'g',0,'2012-02-14'),(5003,'g',0,'2012-02-14'),(18894,'g',0,'2012-02-14'),(19752,'g',0,'2012-02-14'),(4635,'g',0,'2012-02-14'),(15584,'g',0,'2012-02-14'),(19474,'g',0,'2012-02-14'),(4706,'g',0,'2012-02-14'),(9389,'g',0,'2012-02-14'),(5020,'g',0,'2012-02-14'),(18664,'g',0,'2012-02-14'),(5007,'g',0,'2012-02-14'),(4648,'g',0,'2012-02-14'),(19771,'g',0,'2012-02-14'),(16960,'g',0,'2012-02-14'),(19908,'g',0,'2012-02-14'),(18656,'g',0,'2012-02-14'),(4980,'g',0,'2012-02-14'),(19733,'g',0,'2012-02-14'),(18694,'g',0,'2012-02-14'),(5058,'g',0,'2012-02-14'),(15481,'g',0,'2012-02-14'),(4688,'g',0,'2012-02-14'),(19954,'g',0,'2012-02-14'),(4647,'g',0,'2012-02-14'),(19740,'g',0,'2012-02-14'),(19773,'g',0,'2012-02-14'),(4250,'g',0,'2012-02-14'),(4656,'g',0,'2012-02-14'),(19775,'g',0,'2012-02-14'),(17759,'g',0,'2012-02-14'),(19953,'g',0,'2012-02-14'),(20021,'g',0,'2012-02-14'),(4657,'g',0,'2012-02-14'),(19957,'g',0,'2012-02-14'),(4976,'g',0,'2012-02-14'),(10522,'g',0,'2012-02-14'),(19792,'g',0,'2012-02-14'),(18906,'g',0,'2012-02-14'),(14225,'g',0,'2012-02-14'),(14156,'g',0,'2012-02-14'),(4665,'g',0,'2012-02-14'),(17591,'g',0,'2012-02-14'),(19867,'g',0,'2012-02-14'),(17894,'g',0,'2012-02-14'),(9613,'g',0,'2012-02-14'),(4692,'g',0,'2012-02-14'),(19761,'g',0,'2012-02-14'),(4640,'g',0,'2012-02-14'),(9893,'g',0,'2012-02-14'),(19488,'g',0,'2012-02-14'),(19496,'g',0,'2012-02-14'),(19777,'g',0,'2012-02-14'),(4724,'g',0,'2012-02-14'),(4795,'g',0,'2012-02-14'),(4646,'g',0,'2012-02-14'),(19350,'g',0,'2012-02-14'),(15786,'g',0,'2012-02-14'),(19779,'g',0,'2012-02-14'),(19766,'g',0,'2012-02-14'),(19783,'g',0,'2012-02-14'),(19913,'g',0,'2012-02-14'),(19988,'g',0,'2012-02-14'),(19895,'g',0,'2012-02-14'),(19768,'g',0,'2012-02-14'),(19903,'g',0,'2012-02-14'),(19785,'g',0,'2012-02-14'),(19605,'g',0,'2012-02-14'),(4864,'g',0,'2012-02-15'),(20051,'g',0,'2012-02-15'),(20050,'g',0,'2012-02-15'),(20049,'g',0,'2012-02-15'),(4840,'g',0,'2012-02-15'),(20052,'g',0,'2012-02-15'),(20048,'g',0,'2012-02-15'),(4815,'g',0,'2012-02-15'),(20057,'g',0,'2012-02-15'),(2811,'g',0,'2012-02-16'),(3705,'g',0,'2012-02-16'),(3322,'g',0,'2012-02-16'),(20046,'g',0,'2012-02-16'),(3745,'g',0,'2012-02-16'),(20054,'g',0,'2012-02-16'),(19982,'g',0,'2012-02-16'),(19947,'g',0,'2012-02-16'),(19973,'g',0,'2012-02-16'),(20058,'g',0,'2012-02-16'),(20053,'g',0,'2012-02-16'),(5025,'g',0,'2012-02-16'),(4886,'g',0,'2012-02-16'),(5027,'g',0,'2012-02-16'),(4888,'g',0,'2012-02-16'),(4889,'g',0,'2012-02-16'),(20055,'g',0,'2012-02-17'),(19518,'g',0,'2012-02-19'),(16443,'g',0,'2012-02-19'),(12446,'g',0,'2012-02-19'),(14360,'g',0,'2012-02-19'),(19830,'g',0,'2012-02-20'),(13562,'g',0,'2012-02-20'),(18897,'g',0,'2012-02-20'),(12539,'g',0,'2012-02-20'),(13247,'g',0,'2012-02-20'),(12311,'g',0,'2012-02-20'),(19332,'g',0,'2012-02-20'),(19481,'g',0,'2012-02-20'),(18341,'g',0,'2012-02-20'),(12618,'g',0,'2012-02-20'),(13777,'g',0,'2012-02-20'),(18904,'g',0,'2012-02-20'),(19732,'g',0,'2012-02-20'),(20070,'g',0,'2012-02-20'),(20047,'g',0,'2012-02-21'),(19664,'g',0,'2012-02-21'),(18896,'g',0,'2012-02-21'),(13076,'g',0,'2012-02-21'),(20073,'g',0,'2012-02-21'),(20082,'g',0,'2012-02-21'),(20081,'g',0,'2012-02-21'),(20079,'g',0,'2012-02-22'),(20061,'g',0,'2012-02-22'),(20088,'g',0,'2012-02-23'),(16085,'g',0,'2012-02-27'),(16318,'g',0,'2012-02-27'),(15407,'g',0,'2012-02-27'),(16187,'g',0,'2012-02-27'),(15824,'g',0,'2012-02-27'),(16366,'g',0,'2012-02-27'),(16278,'g',0,'2012-02-27'),(20068,'g',0,'2012-02-27'),(11193,'g',0,'2012-02-27'),(17492,'g',0,'2012-02-27'),(15936,'g',0,'2012-02-27'),(18889,'g',0,'2012-02-27'),(5040,'g',0,'2012-02-27'),(10965,'g',0,'2012-02-27'),(17368,'g',0,'2012-02-27'),(18891,'g',0,'2012-02-27'),(9871,'g',0,'2012-02-27'),(17347,'g',0,'2012-02-27'),(11168,'g',0,'2012-02-27'),(17570,'g',0,'2012-02-27'),(5037,'g',0,'2012-02-27'),(17512,'g',0,'2012-02-27'),(19983,'g',0,'2012-02-27'),(20104,'g',0,'2012-02-27'),(19758,'g',0,'2012-02-27'),(19759,'g',0,'2012-02-27'),(20056,'g',0,'2012-02-27'),(20077,'g',0,'2012-02-27'),(20045,'g',0,'2012-02-27'),(16420,'g',0,'2012-02-27'),(17328,'g',0,'2012-02-27'),(18413,'g',0,'2012-02-27'),(5028,'g',0,'2012-02-27'),(16167,'g',0,'2012-02-27'),(5036,'g',0,'2012-02-27'),(18888,'g',0,'2012-02-27'),(15960,'g',0,'2012-02-27'),(15458,'g',0,'2012-02-27'),(16002,'g',0,'2012-02-27'),(17243,'g',0,'2012-02-27'),(17436,'g',0,'2012-02-27'),(17531,'g',0,'2012-02-28'),(16386,'g',0,'2012-02-28'),(17695,'g',0,'2012-02-28'),(17311,'g',0,'2012-02-28'),(17262,'g',0,'2012-02-28'),(20062,'g',0,'2012-02-28'),(20085,'g',0,'2012-02-28'),(20083,'g',0,'2012-02-28'),(20063,'g',0,'2012-02-28'),(20117,'g',0,'2012-02-28'),(20103,'g',0,'2012-02-28'),(18887,'g',0,'2012-02-28'),(17195,'g',0,'2012-02-28'),(18885,'g',0,'2012-02-28'),(11833,'g',0,'2012-02-28'),(20106,'g',0,'2012-02-28'),(20060,'g',0,'2012-02-28'),(20121,'g',0,'2012-02-28'),(20108,'g',0,'2012-02-28'),(20114,'g',0,'2012-02-28'),(11337,'g',0,'2012-02-28'),(20118,'g',0,'2012-02-28'),(18886,'g',0,'2012-02-28'),(11318,'g',0,'2012-02-28'),(19969,'g',0,'2012-02-28'),(18648,'g',0,'2012-02-28'),(20084,'g',0,'2012-02-28'),(20071,'g',0,'2012-02-28'),(20059,'g',0,'2012-02-28'),(20089,'g',0,'2012-02-28'),(17175,'g',0,'2012-02-28'),(18890,'g',0,'2012-02-28'),(20090,'g',0,'2012-02-28'),(20087,'g',0,'2012-02-28'),(20112,'g',0,'2012-02-29'),(20125,'g',0,'2012-02-29'),(20119,'g',0,'2012-02-29'),(12066,'g',0,'2012-03-01'),(12282,'g',0,'2012-03-02'),(12203,'g',0,'2012-03-02'),(20105,'g',0,'2012-03-02'),(20102,'g',0,'2012-03-02'),(20101,'g',0,'2012-03-02'),(20130,'g',0,'2012-03-02'),(20086,'g',0,'2012-03-02'),(20127,'g',0,'2012-03-02'),(20115,'g',0,'2012-03-02'),(20099,'g',0,'2012-03-02'),(20100,'g',0,'2012-03-02'),(20109,'g',0,'2012-03-02'),(20122,'g',0,'2012-03-02'),(12117,'g',0,'2012-03-02'),(20129,'g',0,'2012-03-02'),(20131,'g',0,'2012-03-02'),(20135,'g',0,'2012-03-03'),(20128,'g',0,'2012-03-03'),(20107,'g',0,'2012-03-03'),(20126,'g',0,'2012-03-03'),(20111,'g',0,'2012-03-03'),(20110,'g',0,'2012-03-03'),(20124,'g',0,'2012-03-03'),(19629,'g',0,'2012-03-03'),(19631,'g',0,'2012-03-03'),(20123,'g',0,'2012-03-03'),(20116,'g',0,'2012-03-03'),(20120,'g',0,'2012-03-04'),(20134,'g',0,'2012-03-04'),(20137,'g',0,'2012-03-05'),(20072,'g',0,'2012-03-05'),(20094,'g',0,'2012-03-05'),(20153,'g',0,'2012-03-05'),(20152,'g',0,'2012-03-05'),(20113,'g',0,'2012-03-05'),(20133,'g',0,'2012-03-05'),(20096,'g',0,'2012-03-05'),(20097,'g',0,'2012-03-05'),(20098,'g',0,'2012-03-05'),(20140,'g',0,'2012-03-06'),(20160,'g',0,'2012-03-06'),(20156,'g',0,'2012-03-06'),(20144,'g',0,'2012-03-06'),(20147,'g',0,'2012-03-07'),(20145,'g',0,'2012-03-07'),(20150,'g',0,'2012-03-07'),(20142,'g',0,'2012-03-07'),(20155,'g',0,'2012-03-07');

--
-- Table structure for table `idx_paid_listing`
--

CREATE TABLE `idx_paid_listing` (
  `link_id` mediumint(9) unsigned NOT NULL DEFAULT '0',
  `premium` char(1) DEFAULT NULL,
  `sponsored` char(1) DEFAULT NULL,
  `expire` datetime DEFAULT NULL,
  `paid` char(1) DEFAULT NULL,
  PRIMARY KEY (`link_id`)
) ENGINE=MyISAM DEFAULT CHARSET=latin1;

--
-- Dumping data for table `idx_paid_listing`
--


--
-- Table structure for table `idx_payment_gateway`
--

CREATE TABLE `idx_payment_gateway` (
  `payment_gateway_id` int(11) NOT NULL AUTO_INCREMENT,
  `name` varchar(100) DEFAULT NULL,
  `enable` char(1) DEFAULT NULL,
  `setting` text,
  `invoice_html` text,
  PRIMARY KEY (`payment_gateway_id`)
) ENGINE=MyISAM AUTO_INCREMENT=9 DEFAULT CHARSET=latin1;

--
-- Dumping data for table `idx_payment_gateway`
--

INSERT INTO `idx_payment_gateway` VALUES (1,'paypal','1','a:2:{s:13:\"payment_email\";s:0:\"\";s:21:\"enable_paypal_sandbox\";s:1:\"0\";}','<p> \r\n	<a href=\'paynow.php?id={$invoice_id}&m=paypal\'><img src=\'http://www.paypal.com/images/x-click-but02.gif\' border=\'0\' alt=\'Make payments with PayPal - it is fast, free and secure!\' /></a> \r\n</p>\r\n'),(2,'2co','0','a:6:{s:6:\"co_sid\";s:5:\"84932\";s:9:\"co_secret\";s:5:\"tango\";s:12:\"co_recurring\";s:1:\"0\";s:9:\"co_prod_1\";s:6:\"100.00\";s:9:\"co_prod_2\";s:6:\"250.00\";s:9:\"co_prod_3\";s:6:\"400.00\";}','<p>\r\n<a href=\'paynow.php?id={$invoice_id}&m=2co\'><img src=\'http://www.2checkout.com/images/overview/btns/25.jpg\' alt=\'Pay Now with 2checkout...\' border=\'0\' /></a> \r\n</p>'),(3,'authorizenet','0','a:2:{s:21:\"authorizenet_login_id\";s:0:\"\";s:21:\"authorizenet_tran_key\";s:0:\"\";}','<p> \r\n<a href=\'paynow.php?id={$invoice_id}&m=authorizenet\'><img src=\'http://www.authorize.net/upload/images/Images/Header/authorizenet_logo.gif\' alt=\'Pay Now with Authorize.Net...\' width=\'99\' height=\'39\' style=\'{border : 1px solid #c0c0c0;}\' /></a>\r\n</p>'),(4,'egold','0','a:2:{s:19:\"egold_payee_account\";s:0:\"\";s:16:\"egold_payee_name\";s:0:\"\";}','<p> \r\n<a href=\'paynow.php?id={$invoice_id}&m=egold\'>\r\n<img src=\'http://www.e-gold.com/gif/paywith.gif\' border=\'0\' alt=\'Pay Now with e-gold...\' />\r\n</a>\r\n</p>'),(5,'moneybookers','0','a:1:{s:18:\"moneybookers_email\";s:0:\"\";}','<p> \r\n<a href=\'paynow.php?id={$invoice_id}&m=paypal\'><img src=\'http://www.moneybookers.com/images/banners/88_en_mb.gif\' border=\'0\' alt=\'Make payments with Moneybookers - it is fast, free and secure!\' /></a> \r\n</p>'),(6,'paypal-subscriptions','0','a:2:{s:13:\"payment_email\";s:0:\"\";s:21:\"enable_paypal_sandbox\";s:1:\"0\";}','<p> \r\n<a href=\'paynow.php?id={$invoice_id}&m=paypal\'><img src=\'https://www.paypal.com/en_US/i/btn/x-click-but20.gif\' border=\'0\' alt=\'Make payments with PayPal - it is fast, free and secure!\' /></a> \r\n</p>'),(7,'alertpay','0','a:2:{s:14:\"alertpay_email\";s:0:\"\";s:23:\"enable_alertpay_sandbox\";s:1:\"0\";}','<p> \r\n<a href=\'paynow.php?id={$invoice_id}&m=alertpay\'>\r\n<img src=\'https://www.alertpay.com/Images/BuyNow/pay_now_3.gif\' border=\'0\' alt=\'Make payments with PayPal - it is fast, free and secure!\' /></a> \r\n</p>'),(8,'alertpay-subcriptions','0','a:2:{s:14:\"alertpay_email\";s:0:\"\";s:23:\"enable_alertpay_sandbox\";s:1:\"0\";}','<p>\r\n<a href=\'paynow.php?id={$invoice_id}&m=alertpay-subcriptions\'>\r\n<img src=\'https://www.alertpay.com/Images/BuyNow/subscribe_now_15.gif\' border=\'0\' alt=\'Make payments with Alert Pay - it is fast, free and secure!\' /></a> \r\n</p>');

--
-- Table structure for table `idx_payment_history`
--

CREATE TABLE `idx_payment_history` (
  `payment_id` int(10) unsigned NOT NULL AUTO_INCREMENT,
  `contact_name` varchar(255) DEFAULT NULL,
  `email` varchar(255) DEFAULT NULL,
  `type` varchar(255) DEFAULT NULL,
  `detail` text,
  `amount` double DEFAULT NULL,
  `time` datetime DEFAULT NULL,
  `invoice_id` varchar(10) DEFAULT NULL,
  PRIMARY KEY (`payment_id`)
) ENGINE=MyISAM DEFAULT CHARSET=latin1;

--
-- Dumping data for table `idx_payment_history`
--


--
-- Table structure for table `idx_pl_sociable`
--

CREATE TABLE `idx_pl_sociable` (
  `sb_id` int(11) NOT NULL AUTO_INCREMENT,
  `sb_name` varchar(255) CHARACTER SET utf8 DEFAULT NULL,
  `sb_url` varchar(255) CHARACTER SET utf8 DEFAULT NULL,
  `sb_icon` varchar(255) CHARACTER SET utf8 DEFAULT NULL,
  `sb_enable` char(1) CHARACTER SET utf8 DEFAULT '0',
  PRIMARY KEY (`sb_id`)
) ENGINE=MyISAM AUTO_INCREMENT=90 DEFAULT CHARSET=latin1;

--
-- Dumping data for table `idx_pl_sociable`
--

INSERT INTO `idx_pl_sociable` VALUES (1,'BarraPunto','http://barrapunto.com/submit.pl?subj=TITLE&amp;story=PERMALINK','barrapunto.png','0'),(2,'Bitacoras.com','http://bitacoras.com/anotaciones/PERMALINK','bitacoras.png','0'),(3,'BlinkList','http://www.blinklist.com/index.php?Action=Blink/addblink.php&amp;Url=PERMALINK&amp;Title=TITLE','blinklist.png','0'),(4,'blogmarks','http://blogmarks.net/my/new.php?mini=1&amp;simple=1&amp;url=PERMALINK&amp;title=TITLE','blogmarks.png','0'),(5,'Blogosphere News','http://www.blogospherenews.com/submit.php?url=PERMALINK&amp;title=TITLE','blogospherenews.png','0'),(6,'blogtercimlap','http://cimlap.blogter.hu/index.php?action=suggest_link&amp;title=TITLE&amp;url=PERMALINK','blogter.png','0'),(7,'Faves','http://faves.com/Authoring.aspx?u=PERMALINK&amp;title=TITLE','bluedot.png','0'),(8,'connotea','http://www.connotea.org/addpopup?continue=confirm&amp;uri=PERMALINK&amp;title=TITLE&amp;description=EXCERPT','connotea.png','0'),(9,'Current','http://current.com/clipper.htm?url=PERMALINK&amp;title=TITLE','current.png','0'),(10,'del.icio.us','http://delicious.com/post?url=PERMALINK&amp;title=TITLE&amp;notes=EXCERPT','delicious.png','0'),(11,'Digg','http://digg.com/submit?phase=2&amp;url=PERMALINK&amp;title=TITLE&amp;bodytext=EXCERPT','digg.png','1'),(12,'Diigo','http://www.diigo.com/post?url=PERMALINK&amp;title=TITLE','diigo.png','0'),(13,'DotNetKicks','http://www.dotnetkicks.com/kick/?url=PERMALINK&amp;title=TITLE','dotnetkicks.png','0'),(14,'DZone','http://www.dzone.com/links/add.html?url=PERMALINK&amp;title=TITLE','dzone.png','0'),(15,'eKudos','http://www.ekudos.nl/artikel/nieuw?url=PERMALINK&amp;title=TITLE&amp;desc=EXCERPT','ekudos.png','0'),(16,'email','mailto:?subject=TITLE&amp;body=PERMALINK','email_link.png','0'),(17,'Facebook','http://www.facebook.com/share.php?u=PERMALINK&amp;t=TITLE','facebook.png','1'),(18,'Fark','http://cgi.fark.com/cgi/fark/farkit.pl?h=TITLE&amp;u=PERMALINK','fark.png','0'),(19,'Fleck','http://beta3.fleck.com/bookmarklet.php?url=PERMALINK&amp;title=TITLE','fleck.png','0'),(20,'FriendFeed','http://www.friendfeed.com/share?title=TITLE&amp;link=PERMALINK','friendfeed.png','0'),(21,'FSDaily','http://www.fsdaily.com/submit?url=PERMALINK&amp;title=TITLE','fsdaily.png','0'),(22,'Global Grind','http://globalgrind.com/submission/submit.aspx?url=PERMALINK&amp;type=Article&amp;title=TITLE','globalgrind.png','0'),(23,'Google','http://www.google.com/bookmarks/mark?op=edit&amp;bkmk=PERMALINK&amp;title=TITLE&amp;annotation=EXCERPT','googlebookmark.png','0'),(24,'Gwar','http://www.gwar.pl/DodajGwar.html?u=PERMALINK','gwar.png','0'),(25,'HackerNews','http://news.ycombinator.com/submitlink?u=PERMALINK&amp;t=TITLE','hackernews.png','0'),(26,'Haohao','http://www.haohaoreport.com/submit.php?url=PERMALINK&amp;title=TITLE','haohao.png','0'),(27,'HealthRanker','http://healthranker.com/submit.php?url=PERMALINK&amp;title=TITLE','healthranker.png','0'),(28,'HelloTxt','http://hellotxt.com/?status=TITLE+PERMALINK','hellotxt.png','0'),(29,'Hemidemi','http://www.hemidemi.com/user_bookmark/new?title=TITLE&amp;url=PERMALINK','hemidemi.png','0'),(30,'Hyves','http://www.hyves.nl/profilemanage/add/tips/?name=TITLE&amp;text=EXCERPT+PERMALINK&amp;rating=5','hyves.png','0'),(31,'Identi.ca','http://identi.ca/notice/new?status_textarea=PERMALINK','identica.png','0'),(32,'IndianPad','http://www.indianpad.com/submit.php?url=PERMALINK','indianpad.png','0'),(33,'Internetmedia','http://internetmedia.hu/submit.php?url=PERMALINK','im.png','0'),(34,'Kirtsy','http://www.kirtsy.com/submit.php?url=PERMALINK&amp;title=TITLE','kirtsy.png','0'),(35,'laaik.it','http://laaik.it/NewStoryCompact.aspx?uri=PERMALINK&amp;headline=TITLE&amp;cat=5e082fcc-8a3b-47e2-acec-fdf64ff19d12','laaikit.png','0'),(36,'LinkArena','http://linkarena.com/bookmarks/addlink/?url=PERMALINK&amp;title=TITLE','linkarena.png','0'),(37,'LinkaGoGo','http://www.linkagogo.com/go/AddNoPopup?url=PERMALINK&amp;title=TITLE','linkagogo.png','0'),(38,'LinkedIn','http://www.linkedin.com/shareArticle?mini=true&amp;url=PERMALINK&amp;title=TITLE&amp;source=BLOGNAME&amp;summary=EXCERPT','linkedin.png','0'),(39,'Linkter','http://www.linkter.hu/index.php?action=suggest_link&amp;url=PERMALINK&amp;title=TITLE','linkter.png','0'),(40,'Live','https://favorites.live.com/quickadd.aspx?marklet=1&amp;url=PERMALINK&amp;title=TITLE','live.png','0'),(41,'Meneame','http://meneame.net/submit.php?url=PERMALINK','meneame.png','0'),(42,'MisterWong','http://www.mister-wong.com/addurl/?bm_url=PERMALINK&amp;bm_description=TITLE&amp;plugin=soc','misterwong.png','0'),(43,'MisterWong.DE','http://www.mister-wong.de/addurl/?bm_url=PERMALINK&amp;bm_description=TITLE&amp;plugin=soc','misterwong.png','0'),(44,'Mixx','http://www.mixx.com/submit?page_url=PERMALINK&amp;title=TITLE','mixx.png','0'),(45,'muti','http://www.muti.co.za/submit?url=PERMALINK&amp;title=TITLE','muti.png','0'),(46,'MyShare','http://myshare.url.com.tw/index.php?func=newurl&amp;url=PERMALINK&amp;desc=TITLE','myshare.png','0'),(47,'MySpace','http://www.myspace.com/Modules/PostTo/Pages/?u=PERMALINK&amp;t=TITLE','myspace.png','0'),(48,'MSNReporter','http://reporter.nl.msn.com/?fn=contribute&amp;Title=TITLE&amp;URL=PERMALINK&amp;cat_id=6&amp;tag_id=31&amp;Remark=EXCERPT','msnreporter.png','0'),(49,'N4G','http://www.n4g.com/tips.aspx?url=PERMALINK&amp;title=TITLE','n4g.png','0'),(50,'Netvibes','http://www.netvibes.com/share?title=TITLE&amp;url=PERMALINK','netvibes.png','0'),(51,'NewsVine','http://www.newsvine.com/_tools/seed&amp;save?u=PERMALINK&amp;h=TITLE','newsvine.png','0'),(52,'Netvouz','http://www.netvouz.com/action/submitBookmark?url=PERMALINK&amp;title=TITLE&amp;popup=no','netvouz.png','0'),(53,'NuJIJ','http://nujij.nl/jij.lynkx?t=TITLE&amp;u=PERMALINK&amp;b=EXCERPT','nujij.png','0'),(54,'Ping.fm','http://ping.fm/ref/?link=PERMALINK&amp;title=TITLE&amp;body=EXCERPT','ping.png','0'),(55,'Posterous','http://posterous.com/share?linkto=PERMALINK&amp;title=TITLE&amp;selection=EXCERPT','posterous.png','0'),(56,'PDF','http://www.printfriendly.com/print?url=PERMALINK&amp;partner=sociable','pdf.png','0'),(57,'Print','http://www.printfriendly.com/print?url=PERMALINK&amp;partner=sociable','printfriendly.png','0'),(58,'Propeller','http://www.propeller.com/submit/?url=PERMALINK','propeller.png','0'),(59,'Ratimarks','http://ratimarks.org/bookmarks.php/?action=add&address=PERMALINK&amp;title=TITLE','ratimarks.png','0'),(60,'Rec6','http://rec6.via6.com/link.php?url=PERMALINK&amp;=TITLE','rec6.png','0'),(61,'Reddit','http://reddit.com/submit?url=PERMALINK&amp;title=TITLE','reddit.png','0'),(62,'RSS','FEEDLINK','rss.png','0'),(63,'Scoopeo','http://www.scoopeo.com/scoop/new?newurl=PERMALINK&amp;title=TITLE','scoopeo.png','0'),(64,'Segnalo','http://segnalo.alice.it/post.html.php?url=PERMALINK&amp;title=TITLE','segnalo.png','0'),(65,'Simpy','http://www.simpy.com/simpy/LinkAdd.do?href=PERMALINK&amp;title=TITLE','simpy.png','0'),(66,'Slashdot','http://slashdot.org/bookmark.pl?title=TITLE&amp;url=PERMALINK','slashdot.png','0'),(67,'Socialogs','http://socialogs.com/add_story.php?story_url=PERMALINK&amp;story_title=TITLE','socialogs.png','0'),(68,'SphereIt','http://www.sphere.com/search?q=sphereit:PERMALINK&amp;title=TITLE','sphere.png','0'),(69,'Sphinn','http://sphinn.com/index.php?c=post&amp;m=submit&amp;link=PERMALINK','sphinn.png','0'),(70,'StumbleUpon','http://www.stumbleupon.com/submit?url=PERMALINK&amp;title=TITLE','stumbleupon.png','0'),(71,'Techmeme','http://twitter.com/home/?status=tip%20@Techmeme%20PERMALINK%20TITLE','techmeme.png','0'),(72,'Technorati','http://technorati.com/faves?add=PERMALINK','technorati.png','1'),(73,'ThisNext','http://www.thisnext.com/pick/new/submit/sociable/?url=PERMALINK&amp;name=TITLE','thisnext.png','0'),(74,'Tipd','http://tipd.com/submit.php?url=PERMALINK','tipd.png','0'),(75,'Tumblr','http://www.tumblr.com/share?v=3&amp;u=PERMALINK&amp;t=TITLE&amp;s=EXCERPT','tumblr.png','0'),(76,'Twitter','http://twitter.com/home?status=TITLE%20-%20PERMALINK','twitter.png','1'),(77,'Upnews','http://www.upnews.it/submit?url=PERMALINK&amp;title=TITLE','upnews.png','0'),(78,'Webnews.de','http://www.webnews.de/einstellen?url=PERMALINK&amp;title=TITLE','webnews.png','0'),(79,'Webride','http://webride.org/discuss/split.php?uri=PERMALINK&amp;title=TITLE','webride.png','0'),(80,'Wikio','http://www.wikio.com/vote?url=PERMALINK','wikio.png','0'),(81,'Wikio FR','http://www.wikio.fr/vote?url=PERMALINK','wikio.png','0'),(82,'Wikio IT','http://www.wikio.it/vote?url=PERMALINK','wikio.png','0'),(83,'Wists','http://wists.com/s.php?c=&amp;r=PERMALINK&amp;title=TITLE','wists.png','0'),(84,'Wykop','http://www.wykop.pl/dodaj?url=PERMALINK','wykop.png','0'),(85,'Xerpi','http://www.xerpi.com/block/add_link_from_extension?url=PERMALINK&amp;title=TITLE','xerpi.png','0'),(86,'YahooBuzz','http://buzz.yahoo.com/submit/?submitUrl=PERMALINK&amp;submitHeadline=TITLE&amp;submitSummary=EXCERPT&amp;submitCategory=science&amp;submitAssetType=text','yahoobuzz.png','0'),(87,'Yahoo! Bookmarks','http://bookmarks.yahoo.com/toolbar/savebm?u=PERMALINK&amp;t=TITLE&opener=bm&amp;ei=UTF-8&amp;d=EXCERPT','yahoomyweb.png','0'),(88,'Yigg','http://yigg.de/neu?exturl=PERMALINK&amp;exttitle=TITLE','yiggit.png','0'),(89,'Blogplay','http://blogplay.com','blogplay.png','0');

--
-- Table structure for table `idx_pl_twitter_account`
--

CREATE TABLE `idx_pl_twitter_account` (
  `ck` varchar(255) CHARACTER SET utf8 DEFAULT NULL,
  `cs` varchar(255) CHARACTER SET utf8 DEFAULT NULL,
  `at` varchar(255) CHARACTER SET utf8 DEFAULT NULL,
  `ats` varchar(255) CHARACTER SET utf8 DEFAULT NULL
) ENGINE=MyISAM DEFAULT CHARSET=latin1;

--
-- Dumping data for table `idx_pl_twitter_account`
--

INSERT INTO `idx_pl_twitter_account` VALUES ('fantLWEGKNbZtQeOnaHTQ','5lCVkm8XyMPyIf1VLtk4nClqQC82gRtY7zHLKW2Dvc','https://api.twitter.com/oauth/authorize','https://api.twitter.com/oauth/access_token');

--
-- Table structure for table `idx_plugin`
--

CREATE TABLE `idx_plugin` (
  `plugin_id` int(11) NOT NULL AUTO_INCREMENT,
  `name` varchar(255) DEFAULT NULL,
  `plugin_file` varchar(255) DEFAULT NULL,
  `status` enum('0','1') DEFAULT NULL,
  `option_plugin` text,
  PRIMARY KEY (`plugin_id`)
) ENGINE=MyISAM AUTO_INCREMENT=3 DEFAULT CHARSET=latin1;

--
-- Dumping data for table `idx_plugin`
--

INSERT INTO `idx_plugin` VALUES (1,'AutoTweet','twitter_auto_tweet/twitter_auto_tweet.php','1',NULL),(2,'Sociable','sociable/sociable.php','1',NULL);

--
-- Table structure for table `idx_review`
--

CREATE TABLE `idx_review` (
  `review_id` mediumint(9) unsigned NOT NULL AUTO_INCREMENT,
  `link_id` mediumint(9) unsigned NOT NULL DEFAULT '0',
  `review` text NOT NULL,
  `rating` tinyint(3) unsigned NOT NULL DEFAULT '0',
  `date` date NOT NULL DEFAULT '0000-00-00',
  `subject` varchar(100) DEFAULT NULL,
  `status` char(1) DEFAULT NULL,
  `username` varchar(20) DEFAULT NULL,
  `name` varchar(20) DEFAULT NULL,
  `email` varchar(100) DEFAULT NULL,
  PRIMARY KEY (`review_id`)
) ENGINE=MyISAM DEFAULT CHARSET=latin1;

--
-- Dumping data for table `idx_review`
--


--
-- Table structure for table `idx_searchlog`
--

CREATE TABLE `idx_searchlog` (
  `keyword` varchar(100) NOT NULL DEFAULT '',
  `time` datetime NOT NULL DEFAULT '0000-00-00 00:00:00',
  `result` mediumint(9) unsigned DEFAULT NULL,
  `ip` varchar(100) DEFAULT NULL
) ENGINE=MyISAM DEFAULT CHARSET=latin1;

--
-- Dumping data for table `idx_searchlog`
--

INSERT INTO `idx_searchlog` VALUES ('http://www.4shared.com/file/2GLGS8F-/Afford_ByPass.html','2011-10-26 01:13:48',0,'187.40.100.7'),('Tvradio.co.uk','2012-01-21 04:42:18',1,'203.92.47.195'),('smartbuyglasses.com','2012-01-31 02:36:22',1,'203.92.47.195'),('holidayinncame','2012-02-09 10:11:17',0,'203.92.47.195'),('holidayinncamden.co.uk','2012-02-09 10:11:38',1,'203.92.47.195'),('holidayinncamden.co.uk','2012-02-09 10:11:44',1,'203.92.47.195'),('holidayinncamden.co.uk','2012-02-09 10:11:48',1,'203.92.47.195'),('holidayinncamden.co.uk','2012-02-09 10:11:49',1,'203.92.47.195'),('holidayinncamden.co.uk','2012-02-09 10:11:55',1,'203.92.47.195'),('GrowingStars.com','2012-02-21 04:53:16',1,'203.92.47.195'),('zolfaghari','2012-03-05 22:09:57',0,'24.20.214.101'),('isfahan zolfaghari','2012-03-05 22:10:22',0,'24.20.214.101'),('search...','2012-03-05 22:10:27',0,'24.20.214.101'),('search...','2012-03-05 22:10:29',0,'24.20.214.101'),('zolfaghari','2012-03-05 22:10:54',0,'24.20.214.101'),('search...','2012-03-05 22:11:01',0,'24.20.214.101');

--
-- Table structure for table `idx_set_hook_place`
--

CREATE TABLE `idx_set_hook_place` (
  `set_hook_place_id` int(11) NOT NULL AUTO_INCREMENT,
  `plugin` varchar(255) DEFAULT NULL,
  `set_hook_place` text,
  PRIMARY KEY (`set_hook_place_id`)
) ENGINE=MyISAM DEFAULT CHARSET=latin1;

--
-- Dumping data for table `idx_set_hook_place`
--


--
-- Table structure for table `idx_setting`
--

CREATE TABLE `idx_setting` (
  `setting_id` int(11) NOT NULL AUTO_INCREMENT,
  `setting_name` varchar(255) DEFAULT NULL,
  `setting_value` text,
  PRIMARY KEY (`setting_id`)
) ENGINE=MyISAM AUTO_INCREMENT=55 DEFAULT CHARSET=latin1;

--
-- Dumping data for table `idx_setting`
--

INSERT INTO `idx_setting` VALUES (4,'site_name','getalink.org'),(5,'site_url','http://getalink.org'),(6,'email_address','audreys.mennella@gmail.com'),(7,'language_code','en_US'),(8,'theme_path','/home/getalink/public_html/themes/'),(9,'admin_template_path','/home/getalink/public_html/admin_tpl/'),(10,'plugin_path','/home/getalink/public_html/plugin/'),(12,'active_theme','_getalink'),(14,'spam_proof','1'),(15,'enable_user_validation','1'),(16,'allowed_file_extension','gif,jpg,png,pdf,zip,doc'),(17,'yahoo_appid',''),(18,'whosonline','600'),(19,'reciprocal_check','0'),(20,'urlcheck_limit','1'),(21,'pagerank_cache','30'),(22,'max_image_width','1024'),(23,'max_image_height','756'),(24,'max_file_size','500'),(25,'only_registered_can_add_link','0'),(26,'only_registered_can_add_review','0'),(27,'db_use_persistent','0'),(28,'paid_link_day_period','30,60,90,180'),(29,'paid_link_price_factor','1,1.5,2,3'),(30,'enable_html_tag','1'),(31,'allowed_html_tag','<b>,<strong>,<i>,<em>,<u>,<pre>,<blockquote>,<ol>,<ul>,<li>,<p>,<span>,<div>,<table>,<tr>,<td>'),(32,'enable_page_compression','0'),(33,'enable_category_ajax','1'),(34,'require_visit_category','0'),(35,'additional_category_price','0.5'),(36,'enable_rating_ajax','1'),(37,'service_nicecoder_avail','1'),(38,'enable_recaptcha','0'),(39,'recaptcha_publickey',''),(40,'recaptcha_privatekey',''),(41,'enable_bidding','0'),(42,'minimum_bid','5'),(43,'bid_increament','1'),(44,'charset','utf-8'),(45,'mailer','mail'),(46,'smtp_auth','0'),(47,'smtp_host',''),(48,'smtp_username',''),(49,'smtp_password',''),(50,'smtp_port','25'),(51,'emailbody_as_html','0'),(52,'indexu_version','2.4'),(53,'tos',''),(54,'submission_guidelines','');

--
-- Table structure for table `idx_tags`
--

CREATE TABLE `idx_tags` (
  `tag` varchar(64) NOT NULL DEFAULT '',
  `category_id` mediumint(8) unsigned NOT NULL DEFAULT '0',
  `total` int(11) NOT NULL DEFAULT '0',
  `tag_path` varchar(64) NOT NULL,
  PRIMARY KEY (`tag`,`category_id`)
) ENGINE=MyISAM DEFAULT CHARSET=latin1;

--
-- Dumping data for table `idx_tags`
--


--
-- Table structure for table `idx_unavailable`
--

CREATE TABLE `idx_unavailable` (
  `idx_unavailable` int(11) NOT NULL AUTO_INCREMENT,
  `link_id` int(11) DEFAULT NULL,
  `url` varchar(255) DEFAULT NULL,
  `who_is` varchar(255) DEFAULT NULL,
  `note` text,
  `date` datetime DEFAULT NULL,
  PRIMARY KEY (`idx_unavailable`)
) ENGINE=MyISAM DEFAULT CHARSET=latin1;

--
-- Dumping data for table `idx_unavailable`
--


--
-- Table structure for table `idx_unavailable_latest`
--

CREATE TABLE `idx_unavailable_latest` (
  `idx_link` int(11) DEFAULT NULL,
  `record_execution` int(11) DEFAULT NULL
) ENGINE=MyISAM DEFAULT CHARSET=latin1;

--
-- Dumping data for table `idx_unavailable_latest`
--


--
-- Table structure for table `idx_votes`
--

CREATE TABLE `idx_votes` (
  `link_id` mediumint(9) NOT NULL DEFAULT '0',
  `ip` varchar(100) DEFAULT NULL,
  `value` tinyint(4) DEFAULT NULL
) ENGINE=MyISAM DEFAULT CHARSET=latin1;

--
-- Dumping data for table `idx_votes`
--



