--
-- Host: gettraffik.com    Database: gettraff_indexu
-- ------------------------------------------------------


--
-- Not dumping tablespaces as no INFORMATION_SCHEMA.FILES table on this server
--

--
-- Table structure for table `directory_save_data`
--

CREATE TABLE `directory_save_data` (
  `id` bigint(100) NOT NULL auto_increment,
  `schedule_id` bigint(100) NOT NULL,
  `project_id` bigint(100) NOT NULL,
  `link_id` bigint(100) NOT NULL,
  `confirm_link` text NOT NULL,
  `category_id` int(10) NOT NULL,
  `category_name` varchar(150) NOT NULL,
  PRIMARY KEY  (`id`)
) ENGINE=InnoDB DEFAULT CHARSET=latin1;

--
-- Dumping data for table `directory_save_data`
--


--
-- Table structure for table `idx_admin_menu`
--

CREATE TABLE `idx_admin_menu` (
  `menu_id` int(11) NOT NULL auto_increment,
  `parent_id` int(11) default NULL,
  `menu_title` varchar(255) default NULL,
  `menu_url` varchar(255) default NULL,
  `order_number` int(11) default NULL,
  PRIMARY KEY  (`menu_id`)
) ENGINE=MyISAM AUTO_INCREMENT=85 DEFAULT CHARSET=latin1;

--
-- Dumping data for table `idx_admin_menu`
--



--
-- Table structure for table `idx_bad_link`
--

CREATE TABLE `idx_bad_link` (
  `bad_link_id` mediumint(9) unsigned NOT NULL auto_increment,
  `link_id` mediumint(9) unsigned NOT NULL default '0',
  `name` varchar(50) NOT NULL default '',
  `email` varchar(50) NOT NULL default '',
  `type` tinyint(3) unsigned NOT NULL default '0',
  `date` date NOT NULL default '0000-00-00',
  PRIMARY KEY  (`bad_link_id`)
) ENGINE=MyISAM DEFAULT CHARSET=latin1;

--
-- Dumping data for table `idx_bad_link`
--


--
-- Table structure for table `idx_badwords`
--

CREATE TABLE `idx_badwords` (
  `word` varchar(100) NOT NULL default ''
) ENGINE=MyISAM DEFAULT CHARSET=latin1;

--
-- Dumping data for table `idx_badwords`
--


--
-- Table structure for table `idx_blocked_domain`
--

CREATE TABLE `idx_blocked_domain` (
  `blocked_id` int(11) NOT NULL auto_increment,
  `blocked` varchar(255) default NULL,
  `type` enum('domain','ip') default NULL,
  PRIMARY KEY  (`blocked_id`)
) ENGINE=MyISAM AUTO_INCREMENT=6 DEFAULT CHARSET=latin1;

--
-- Dumping data for table `idx_blocked_domain`
--

INSERT INTO `idx_blocked_domain` VALUES (1,'buydomains.com','domain'),(2,'this-domain-for-sale.com ','domain'),(3,'oversee.net','domain'),(4,'eNom','domain'),(5,'sedoparking.com','domain');

--
-- Table structure for table `idx_category`
--

CREATE TABLE `idx_category` (
  `category_id` mediumint(9) unsigned NOT NULL auto_increment,
  `parent_id` mediumint(9) unsigned NOT NULL default '0',
  `name` varchar(100) NOT NULL default '',
  `description` text NOT NULL,
  `image` varchar(100) default NULL,
  `content` text,
  `visible` char(1) default NULL,
  `links` mediumint(9) default NULL,
  `meta_keyword` text,
  `meta_description` text,
  `permission` char(2) default NULL,
  `registered_only` char(1) default NULL,
  `header` text NOT NULL,
  `footer` text NOT NULL,
  `related` mediumint(6) NOT NULL default '0',
  `page_title` varchar(200) NOT NULL default '',
  `hits` int(11) NOT NULL default '0',
  `order_num` smallint(6) NOT NULL default '0',
  `basic_price` double unsigned NOT NULL default '0',
  `premium_price` double unsigned NOT NULL default '0',
  `sponsored_price` double unsigned NOT NULL default '0',
  PRIMARY KEY  (`category_id`)
) ENGINE=MyISAM AUTO_INCREMENT=36 DEFAULT CHARSET=latin1;

--
-- Dumping data for table `idx_category`
--

INSERT INTO `idx_category` VALUES (1,0,'Arts','','folder.gif','','1',10,'','','1','0','','',0,'',0,0,0,0,0),(2,0,'Automotive Services','','folder.gif','','1',22,'','','1','0','','',0,'',0,0,0,0,0),(3,0,'Business Services','','folder.gif','','1',52,'','','1','0','','',0,'',0,0,0,0,0),(4,0,'Jobs & Careers','','folder.gif','','1',1,'','','1','0','','',0,'',0,0,0,0,0),(5,0,'Clothing & Style','','folder.gif','','1',6,'','','1','0','','',0,'',0,0,0,0,0),(6,0,'Mass Communications','','folder.gif','','1',11,'','','1','0','','',0,'',0,0,0,0,0),(7,0,'Computers & IT ','','folder.gif','','1',8,'','','1','0','','',0,'',0,0,0,0,0),(8,0,'Construction Services ','','folder.gif','','1',51,'','','1','0','','',0,'',0,0,0,0,0),(9,0,'Dental Health ','','folder.gif','','1',20,'','','1','0','','',0,'',0,0,0,0,0),(10,0,'Education & Training ','','folder.gif','','1',10,'','','1','0','','',0,'',0,0,0,0,0),(11,0,'Employment & Recruitment ','','folder.gif','','1',0,'','','1','0','','',0,'',0,0,0,0,0),(12,0,'Gifts & Novelties ','','folder.gif','','1',7,'','','1','0','','',0,'',0,0,0,0,0),(13,0,'Software & Hardware ','','folder.gif','','1',2,'','','1','0','','',0,'',0,0,0,0,0),(14,0,'Health Services ','','folder.gif','','1',0,'','','1','0','','',0,'',0,0,0,0,0),(15,0,'Healthcare Industry ','','folder.gif','','1',86,'','','1','0','','',0,'',0,0,0,0,0),(16,0,'Air Conditioning & Heating ','','folder.gif','','1',31,'','','1','0','','',0,'',0,0,0,0,0),(17,0,'Home & Garden Decor ','','folder.gif','','1',0,'','','1','0','','',0,'',0,0,0,0,0),(18,0,'Home Improvement Services ','','folder.gif','','1',261,'','','1','0','','',0,'',0,0,0,0,0),(19,0,'Hotels & Resorts ','','folder.gif','','1',21,'','','1','0','','',0,'',0,0,0,0,0),(20,0,'Insurance Services ','','folder.gif','','1',21,'','','1','0','','',0,'',0,0,0,0,0),(21,0,'Law Services ','','folder.gif','','1',0,'','','1','0','','',0,'',0,0,0,0,0),(22,0,'Lawyers and Law Firms ','','folder.gif','','1',104,'','','1','0','','',0,'',0,0,0,0,0),(23,0,'Lifestyle & People ','','folder.gif','','1',1,'','','1','0','','',0,'',0,0,0,0,0),(24,0,'Medicine  Facilities ','','folder.gif','','1',4,'','','1','0','','',0,'',0,0,0,0,0),(25,0,'Financial Services ','','folder.gif','','1',8,'','','1','0','','',0,'',0,0,0,0,0),(26,0,'News ','','folder.gif','','1',1,'','','1','0','','',0,'',0,0,0,0,0),(27,0,'Plumbing & Plumbers ','','folder.gif','','1',33,'','','1','0','','',0,'',0,0,0,0,0),(28,0,'Real Estate Services ','','folder.gif','','1',19,'','','1','0','','',0,'',0,0,0,0,0),(29,0,'Technology & Science ','','folder.gif','','1',6,'','','1','0','','',0,'',0,0,0,0,0),(30,0,'SEO Services ','','folder.gif','','1',15,'','','1','0','','',0,'',0,0,0,0,0),(31,0,'Shopping and Fashion ','','folder.gif','','1',24,'','','1','0','','',0,'',0,0,0,0,0),(32,0,'Games & Sports ','','folder.gif','','1',0,'','','1','0','','',0,'',0,0,0,0,0),(33,0,'Transport & Freight Forwarding  ','','folder.gif','','1',27,'','','1','0','','',0,'',0,0,0,0,0),(34,0,'Travel & Vacations ','','folder.gif','','1',8,'','','1','0','','',0,'',0,0,0,0,0),(35,0,'Wedding Accessories ','','folder.gif','','1',6,'','','1','0','','',0,'',0,0,0,0,0);

--
-- Table structure for table `idx_category_path`
--

CREATE TABLE `idx_category_path` (
  `category_id` mediumint(9) NOT NULL default '0',
  `path` text,
  `path_with_url` text,
  `parents` text,
  PRIMARY KEY  (`category_id`)
) ENGINE=MyISAM DEFAULT CHARSET=latin1;

--
-- Dumping data for table `idx_category_path`
--

INSERT INTO `idx_category_path` VALUES (1,'Arts','<a href=\"http://gettraffik.com/arts/\" name=\"cat_1\" style=\"\">Arts</a>',';0;'),(2,'Automotive Services','<a href=\"http://gettraffik.com/automotive-services/\" name=\"cat_2\" style=\"\">Automotive Services</a>',';0;'),(3,'Business Services','<a href=\"http://gettraffik.com/business-services/\" name=\"cat_3\" style=\"\">Business Services</a>',';0;'),(4,'Jobs & Careers','<a href=\"http://gettraffik.com/jobs-careers/\" name=\"cat_4\" style=\"\">Jobs & Careers</a>',';0;'),(5,'Clothing & Style','<a href=\"http://gettraffik.com/clothing-style/\" name=\"cat_5\" style=\"\">Clothing & Style</a>',';0;'),(6,'Mass Communications','<a href=\"http://gettraffik.com/mass-communications/\" name=\"cat_6\" style=\"\">Mass Communications</a>',';0;'),(7,'Computers & IT ','<a href=\"http://gettraffik.com/computers-it/\" name=\"cat_7\" style=\"\">Computers & IT </a>',';0;'),(8,'Construction Services ','<a href=\"http://gettraffik.com/construction-services/\" name=\"cat_8\" style=\"\">Construction Services </a>',';0;'),(9,'Dental Health ','<a href=\"http://gettraffik.com/dental-health/\" name=\"cat_9\" style=\"\">Dental Health </a>',';0;'),(10,'Education & Training ','<a href=\"http://gettraffik.com/education-training/\" name=\"cat_10\" style=\"\">Education & Training </a>',';0;'),(11,'Employment & Recruitment ','<a href=\"http://gettraffik.com/employment-recruitment/\" name=\"cat_11\" style=\"\">Employment & Recruitment </a>',';0;'),(12,'Gifts & Novelties ','<a href=\"http://gettraffik.com/gifts-novelties/\" name=\"cat_12\" style=\"\">Gifts & Novelties </a>',';0;'),(13,'Software & Hardware ','<a href=\"http://gettraffik.com/software-hardware/\" name=\"cat_13\" style=\"\">Software & Hardware </a>',';0;'),(14,'Health Services ','<a href=\"http://gettraffik.com/health-services/\" name=\"cat_14\" style=\"\">Health Services </a>',';0;'),(15,'Healthcare Industry ','<a href=\"http://gettraffik.com/healthcare-industry/\" name=\"cat_15\" style=\"\">Healthcare Industry </a>',';0;'),(16,'Air Conditioning & Heating ','<a href=\"http://gettraffik.com/air-conditioning-heating/\" name=\"cat_16\" style=\"\">Air Conditioning & Heating </a>',';0;'),(17,'Home & Garden Decor ','<a href=\"http://gettraffik.com/home-garden-decor/\" name=\"cat_17\" style=\"\">Home & Garden Decor </a>',';0;'),(18,'Home Improvement Services ','<a href=\"http://gettraffik.com/home-improvement-services/\" name=\"cat_18\" style=\"\">Home Improvement Services </a>',';0;'),(19,'Hotels & Resorts ','<a href=\"http://gettraffik.com/hotels-resorts/\" name=\"cat_19\" style=\"\">Hotels & Resorts </a>',';0;'),(20,'Insurance Services ','<a href=\"http://gettraffik.com/insurance-services/\" name=\"cat_20\" style=\"\">Insurance Services </a>',';0;'),(21,'Law Services ','<a href=\"http://gettraffik.com/law-services/\" name=\"cat_21\" style=\"\">Law Services </a>',';0;'),(22,'Lawyers and Law Firms ','<a href=\"http://gettraffik.com/lawyers-and-law-firms/\" name=\"cat_22\" style=\"\">Lawyers and Law Firms </a>',';0;'),(23,'Lifestyle & People ','<a href=\"http://gettraffik.com/lifestyle-people/\" name=\"cat_23\" style=\"\">Lifestyle & People </a>',';0;'),(24,'Medicine  Facilities ','<a href=\"http://gettraffik.com/medicine-facilities/\" name=\"cat_24\" style=\"\">Medicine  Facilities </a>',';0;'),(25,'Financial Services ','<a href=\"http://gettraffik.com/financial-services/\" name=\"cat_25\" style=\"\">Financial Services </a>',';0;'),(26,'News ','<a href=\"http://gettraffik.com/news/\" name=\"cat_26\" style=\"\">News </a>',';0;'),(27,'Plumbing & Plumbers ','<a href=\"http://gettraffik.com/plumbing-plumbers/\" name=\"cat_27\" style=\"\">Plumbing & Plumbers </a>',';0;'),(28,'Real Estate Services ','<a href=\"http://gettraffik.com/real-estate-services/\" name=\"cat_28\" style=\"\">Real Estate Services </a>',';0;'),(29,'Technology & Science ','<a href=\"http://gettraffik.com/technology-science/\" name=\"cat_29\" style=\"\">Technology & Science </a>',';0;'),(30,'SEO Services ','<a href=\"http://gettraffik.com/seo-services/\" name=\"cat_30\" style=\"\">SEO Services </a>',';0;'),(31,'Shopping and Fashion ','<a href=\"http://gettraffik.com/shopping-and-fashion/\" name=\"cat_31\" style=\"\">Shopping and Fashion </a>',';0;'),(32,'Games & Sports ','<a href=\"http://gettraffik.com/games-sports/\" name=\"cat_32\" style=\"\">Games & Sports </a>',';0;'),(33,'Transport & Freight Forwarding  ','<a href=\"http://gettraffik.com/transport-freight-forwarding/\" name=\"cat_33\" style=\"\">Transport & Freight Forwarding  </a>',';0;'),(34,'Travel & Vacations ','<a href=\"http://gettraffik.com/travel-vacations/\" name=\"cat_34\" style=\"\">Travel & Vacations </a>',';0;'),(35,'Wedding Accessories ','<a href=\"http://gettraffik.com/wedding-accessories/\" name=\"cat_35\" style=\"\">Wedding Accessories </a>',';0;');

--
-- Table structure for table `idx_category_suggession`
--

CREATE TABLE `idx_category_suggession` (
  `id_cat_suggession` int(11) NOT NULL auto_increment,
  `parent_id` int(11) default NULL,
  `name` varchar(255) default NULL,
  `category_description` text,
  `date` datetime default NULL,
  PRIMARY KEY  (`id_cat_suggession`)
) ENGINE=MyISAM AUTO_INCREMENT=3 DEFAULT CHARSET=latin1;

--
-- Dumping data for table `idx_category_suggession`
--

INSERT INTO `idx_category_suggession` VALUES (1,7,'File Hosting','','2012-01-24 00:48:06'),(2,9,'Dentist Leesburg VA','LCI Dentistry provides comprehensive dental care in the Leesburg VA area as well as the surrounding communities in Loudoun County. Focusing on cosmetic and general dentistry as well as providing an on-site oral surgeon. Call 703-729-1818','2012-01-24 14:06:12');

--
-- Table structure for table `idx_checkurl`
--

CREATE TABLE `idx_checkurl` (
  `link_id` mediumint(9) NOT NULL default '0',
  `date` date NOT NULL default '0000-00-00',
  `live` char(1) NOT NULL default '',
  `reciprocal_found` char(1) NOT NULL default '',
  PRIMARY KEY  (`link_id`)
) ENGINE=MyISAM DEFAULT CHARSET=latin1;

--
-- Dumping data for table `idx_checkurl`
--


--
-- Table structure for table `idx_cronjobs`
--

CREATE TABLE `idx_cronjobs` (
  `cronjobs_id` int(11) NOT NULL auto_increment,
  `cronjobs_name` varchar(255) default NULL,
  `filename` varchar(255) NOT NULL,
  `schedule` varchar(255) NOT NULL,
  `time` datetime NOT NULL,
  `execution` varchar(1) NOT NULL,
  PRIMARY KEY  (`cronjobs_id`)
) ENGINE=MyISAM AUTO_INCREMENT=4 DEFAULT CHARSET=latin1;

--
-- Dumping data for table `idx_cronjobs`
--

INSERT INTO `idx_cronjobs` VALUES (1,NULL,'clear_templates_c.php','1,*,*,*,*','0000-00-00 00:00:00',''),(2,NULL,'update_tag_cloud.php','*,24,*,*,*','0000-00-00 00:00:00',''),(3,NULL,'clear_rss_cache.php','*,24,*,*,*','0000-00-00 00:00:00','');

--
-- Table structure for table `idx_custom_field`
--

CREATE TABLE `idx_custom_field` (
  `field_name` varchar(32) NOT NULL default '',
  `field_text` varchar(64) NOT NULL default '',
  `field_type` enum('TEXT','TEXTAREA','SELECT','MULTISELECT','CHECKBOX','RADIO','FILE','IMAGE','DATE','DATETIME','RICHEDITOR') NOT NULL default 'TEXT',
  `field_option` text NOT NULL,
  `field_img_width` int(10) unsigned NOT NULL default '0',
  `field_img_height` int(10) unsigned NOT NULL default '0',
  `field_file_size` int(10) unsigned NOT NULL default '0',
  `field_file_extension` varchar(64) NOT NULL default '',
  `required` char(1) NOT NULL default '0',
  `searchable` char(1) NOT NULL default '1',
  `permission` char(1) NOT NULL default '0'
) ENGINE=MyISAM DEFAULT CHARSET=latin1;

--
-- Dumping data for table `idx_custom_field`
--

INSERT INTO `idx_custom_field` VALUES ('image','Image','IMAGE','',0,0,0,'','0','0','2'),('address','Address','TEXT','',0,0,0,'','0','0','0'),('city','City','TEXT','',0,0,0,'','0','0','0'),('state','State','TEXT','',0,0,0,'','0','0','0'),('country','Country','TEXT','',0,0,0,'','0','0','0'),('zip','Zip','TEXT','',0,0,0,'','0','0','0'),('phone','Phone','TEXT','',0,0,0,'','0','0','0'),('fax','Fax','TEXT','',0,0,0,'','0','0','0');

--
-- Table structure for table `idx_default_field`
--

CREATE TABLE `idx_default_field` (
  `field_name` varchar(64) NOT NULL,
  `required` char(1) NOT NULL,
  `visible` char(1) NOT NULL default '1',
  `searchable` char(1) NOT NULL default '1'
) ENGINE=MyISAM DEFAULT CHARSET=latin1;

--
-- Dumping data for table `idx_default_field`
--

INSERT INTO `idx_default_field` VALUES ('title','1','1','1'),('url','1','1','1'),('description','1','1','1'),('keywords','1','1','0'),('contact_name','1','1','1'),('email','1','1','1'),('reciprocal_url','0','0','1');

--
-- Table structure for table `idx_discount_coupon`
--

CREATE TABLE `idx_discount_coupon` (
  `coupon_id` int(11) NOT NULL auto_increment,
  `coupon_code` varchar(255) default NULL,
  `coupon_value` varchar(50) default NULL,
  `link_type` varchar(255) default NULL,
  `start_date` date default NULL,
  `expired_date` date default NULL,
  `expired_usage` int(11) default NULL,
  `usage_count` int(11) default NULL,
  PRIMARY KEY  (`coupon_id`)
) ENGINE=MyISAM DEFAULT CHARSET=latin1;

--
-- Dumping data for table `idx_discount_coupon`
--


--
-- Table structure for table `idx_editor`
--

CREATE TABLE `idx_editor` (
  `username` varchar(20) default NULL,
  `category_id` mediumint(9) default NULL,
  `category` char(1) default NULL,
  `link` char(1) default NULL,
  `review` char(1) default NULL,
  `pick` char(1) default NULL,
  `status` char(1) default NULL,
  `date` date default NULL
) ENGINE=MyISAM DEFAULT CHARSET=latin1;

--
-- Dumping data for table `idx_editor`
--


--
-- Table structure for table `idx_email_template`
--

CREATE TABLE `idx_email_template` (
  `email_template_id` int(10) unsigned NOT NULL auto_increment,
  `name` varchar(255) default NULL,
  `subject` varchar(255) default NULL,
  `body` text,
  `altbody` text,
  PRIMARY KEY  (`email_template_id`)
) ENGINE=MyISAM AUTO_INCREMENT=37 DEFAULT CHARSET=latin1;

--
-- Dumping data for table `idx_email_template`
--



--
-- Table structure for table `idx_favorites`
--

CREATE TABLE `idx_favorites` (
  `favorite_id` int(11) NOT NULL auto_increment,
  `username` varchar(20) default NULL,
  `date` date default NULL,
  `title` varchar(100) default NULL,
  `description` text,
  PRIMARY KEY  (`favorite_id`)
) ENGINE=MyISAM DEFAULT CHARSET=latin1;

--
-- Dumping data for table `idx_favorites`
--


--
-- Table structure for table `idx_favorites_detail`
--

CREATE TABLE `idx_favorites_detail` (
  `favorite_id` int(11) default NULL,
  `link_id` mediumint(9) default NULL
) ENGINE=MyISAM DEFAULT CHARSET=latin1;

--
-- Dumping data for table `idx_favorites_detail`
--


--
-- Table structure for table `idx_hook_place`
--

CREATE TABLE `idx_hook_place` (
  `hook_place_id` int(11) NOT NULL auto_increment,
  `filename` varchar(255) default NULL,
  `hookname` varchar(255) default NULL,
  PRIMARY KEY  (`hook_place_id`)
) ENGINE=MyISAM DEFAULT CHARSET=latin1;

--
-- Dumping data for table `idx_hook_place`
--


--
-- Table structure for table `idx_invoice`
--

CREATE TABLE `idx_invoice` (
  `invoice_id` varchar(10) NOT NULL default '',
  `invoice_date` date default NULL,
  `due_date` date default NULL,
  `invoiced_to` text,
  `service` varchar(255) default NULL,
  `description` text,
  `total` double(8,2) default NULL,
  `comment` text,
  `paid` char(1) default NULL,
  `paid_date` date default NULL,
  `email` varchar(255) default NULL,
  PRIMARY KEY  (`invoice_id`)
) ENGINE=MyISAM DEFAULT CHARSET=latin1;

--
-- Dumping data for table `idx_invoice`
--


--
-- Table structure for table `idx_invoice_config`
--

CREATE TABLE `idx_invoice_config` (
  `company` varchar(255) default NULL,
  `contact` varchar(255) default NULL,
  `address` text,
  `phone` varchar(255) default NULL,
  `email` varchar(255) default NULL,
  `currency_symbol` varchar(255) default '$',
  `currency_code` varchar(255) default 'USD'
) ENGINE=MyISAM DEFAULT CHARSET=latin1;

--
-- Dumping data for table `idx_invoice_config`
--

INSERT INTO `idx_invoice_config` VALUES ('Your website / Company','Billing Department','Your address','Your phone #','Billing<name@yourdomain.com>','$','USD');

--
-- Table structure for table `idx_link_temp`
--

CREATE TABLE `idx_link_temp` (
  `vid` mediumint(9) unsigned NOT NULL auto_increment,
  `spam` char(1) NOT NULL default '0',
  `link_id` mediumint(9) default NULL,
  `category_id` mediumint(9) unsigned NOT NULL default '0',
  `title` varchar(100) NOT NULL default '',
  `url` text NOT NULL,
  `description` text NOT NULL,
  `contact_name` varchar(100) NOT NULL default '',
  `email` varchar(100) NOT NULL default '',
  `hits` mediumint(9) default NULL,
  `votes` smallint(6) default NULL,
  `rating` float(4,2) default NULL,
  `date` datetime NOT NULL default '0000-00-00 00:00:00',
  `bid` smallint(6) NOT NULL default '0',
  `new` char(1) default NULL,
  `hot` char(1) default NULL,
  `top_rated` char(1) default NULL,
  `pick` char(1) default NULL,
  `password` varchar(20) default NULL,
  `updated` char(1) default NULL,
  `reviews` smallint(6) default NULL,
  `avg_review` float(4,2) default NULL,
  `last_updated` datetime default NULL,
  `official_review` text,
  `keywords` varchar(255) default NULL,
  `cat1` mediumint(6) NOT NULL default '0',
  `cat2` mediumint(6) NOT NULL default '0',
  `suspended` char(1) NOT NULL default '0',
  `reciprocal_url` varchar(255) default NULL,
  `address` varchar(255) default NULL,
  `city` varchar(255) default NULL,
  `state` varchar(255) default NULL,
  `country` varchar(255) default NULL,
  `zip` varchar(255) default NULL,
  `image` varchar(255) default NULL,
  `phone` varchar(255) default NULL,
  `fax` varchar(255) default NULL,
  PRIMARY KEY  (`vid`)
) ENGINE=MyISAM DEFAULT CHARSET=latin1;

--
-- Dumping data for table `idx_link_temp`
--


--
-- Table structure for table `idx_link_temp_user`
--

CREATE TABLE `idx_link_temp_user` (
  `vid` mediumint(9) unsigned NOT NULL default '0',
  `username` varchar(20) NOT NULL default '',
  PRIMARY KEY  (`vid`)
) ENGINE=MyISAM DEFAULT CHARSET=latin1;

--
-- Dumping data for table `idx_link_temp_user`
--


--
-- Table structure for table `idx_link_user`
--

CREATE TABLE `idx_link_user` (
  `link_id` mediumint(9) unsigned NOT NULL default '0',
  `username` varchar(20) NOT NULL default '',
  PRIMARY KEY  (`link_id`)
) ENGINE=MyISAM DEFAULT CHARSET=latin1;

--
-- Dumping data for table `idx_link_user`
--


--
-- Table structure for table `idx_mailing_list`
--

CREATE TABLE `idx_mailing_list` (
  `email` varchar(50) NOT NULL default '',
  `code` varchar(4) default NULL,
  `status` char(1) default NULL,
  PRIMARY KEY  (`email`)
) ENGINE=MyISAM DEFAULT CHARSET=latin1;

--
-- Dumping data for table `idx_mailing_list`
--


--
-- Table structure for table `idx_message`
--

CREATE TABLE `idx_message` (
  `message_id` smallint(6) NOT NULL auto_increment,
  `date` date default NULL,
  `body` text,
  `subject` varchar(100) default NULL,
  PRIMARY KEY  (`message_id`)
) ENGINE=MyISAM DEFAULT CHARSET=latin1;

--
-- Dumping data for table `idx_message`
--


--
-- Table structure for table `idx_notification`
--

CREATE TABLE `idx_notification` (
  `username` varchar(20) NOT NULL default '',
  `category_id` mediumint(9) NOT NULL default '0'
) ENGINE=MyISAM DEFAULT CHARSET=latin1;

--
-- Dumping data for table `idx_notification`
--


--
-- Table structure for table `idx_pagerank`
--

CREATE TABLE `idx_pagerank` (
  `link_id` mediumint(8) unsigned NOT NULL default '0',
  `engine` char(1) NOT NULL default '',
  `rank` tinyint(4) NOT NULL default '0',
  `last_update` date NOT NULL default '0000-00-00',
  PRIMARY KEY  (`link_id`,`engine`)
) ENGINE=MyISAM DEFAULT CHARSET=latin1;

--
-- Dumping data for table `idx_pagerank`
--

INSERT INTO `idx_pagerank` VALUES (69,'g',0,'2011-11-30'),(25,'g',0,'2011-11-30'),(97,'g',0,'2011-11-30'),(142,'g',0,'2011-11-30'),(75,'g',0,'2011-11-30'),(59,'g',0,'2011-12-03'),(2,'g',0,'2011-12-03'),(131,'g',0,'2011-12-03'),(45,'g',0,'2011-12-03'),(29,'g',0,'2011-12-03'),(86,'g',0,'2011-12-03'),(49,'g',0,'2011-12-03'),(58,'g',0,'2011-12-03'),(28,'g',0,'2011-12-03'),(153,'g',0,'2011-12-03'),(144,'g',0,'2011-12-03'),(205,'g',0,'2011-12-03'),(96,'g',0,'2011-12-03'),(152,'g',0,'2011-12-03'),(94,'g',0,'2011-12-03'),(4,'g',0,'2011-12-03'),(127,'g',0,'2011-12-03'),(114,'g',0,'2011-12-03'),(85,'g',0,'2011-12-03'),(167,'g',0,'2011-12-03'),(128,'g',0,'2011-12-03'),(110,'g',0,'2011-12-03'),(169,'g',0,'2011-12-03'),(120,'g',0,'2011-12-03'),(170,'g',0,'2011-12-03'),(154,'g',0,'2011-12-03'),(26,'g',0,'2011-12-03'),(88,'g',0,'2011-12-03'),(253,'g',0,'2011-12-05'),(236,'g',0,'2011-12-05'),(295,'g',0,'2011-12-05'),(256,'g',0,'2012-02-03'),(233,'g',0,'2012-02-16'),(283,'g',0,'2012-02-03'),(109,'g',0,'2011-12-07'),(243,'g',0,'2012-02-03'),(247,'g',0,'2012-02-03'),(276,'g',0,'2012-02-03'),(515,'g',0,'2012-03-04'),(369,'g',0,'2012-02-03'),(18,'g',0,'2011-12-08'),(50,'g',0,'2011-12-08'),(47,'g',0,'2011-12-08'),(35,'g',0,'2011-12-08'),(19,'g',0,'2011-12-08'),(34,'g',0,'2011-12-08'),(70,'g',0,'2011-12-08'),(71,'g',0,'2011-12-08'),(20,'g',0,'2011-12-08'),(27,'g',0,'2011-12-08'),(42,'g',0,'2011-12-09'),(30,'g',0,'2011-12-09'),(258,'g',0,'2012-03-01'),(632,'g',0,'2012-03-01'),(235,'g',0,'2012-03-01'),(288,'g',0,'2012-03-01'),(484,'g',0,'2012-02-03'),(102,'g',0,'2011-12-09'),(361,'g',0,'2012-02-28'),(101,'g',0,'2011-12-09'),(412,'g',0,'2012-02-28'),(360,'g',0,'2012-02-28'),(628,'g',0,'2012-02-28'),(13,'g',0,'2011-12-11'),(280,'g',0,'2011-12-11'),(32,'g',0,'2011-12-11'),(123,'g',0,'2011-12-11'),(383,'g',0,'2011-12-11'),(260,'g',0,'2012-02-28'),(384,'g',0,'2011-12-11'),(237,'g',0,'2012-02-27'),(435,'g',0,'2012-02-28'),(48,'g',0,'2011-12-11'),(250,'g',0,'2012-02-03'),(111,'g',0,'2011-12-11'),(294,'g',0,'2012-03-01'),(21,'g',0,'2011-12-11'),(359,'g',0,'2011-12-11'),(303,'g',0,'2012-02-03'),(252,'g',0,'2011-12-11'),(577,'g',0,'2011-12-11'),(259,'g',0,'2011-12-11'),(151,'g',0,'2011-12-11'),(282,'g',0,'2012-02-03'),(239,'g',0,'2012-02-27'),(31,'g',0,'2011-12-11'),(124,'g',0,'2011-12-11'),(223,'g',0,'2012-03-01'),(14,'g',0,'2011-12-11'),(52,'g',0,'2011-12-11'),(55,'g',0,'2011-12-11'),(60,'g',0,'2011-12-11'),(73,'g',0,'2011-12-11'),(113,'g',0,'2011-12-11'),(371,'g',0,'2011-12-11'),(116,'g',0,'2011-12-11'),(224,'g',0,'2012-02-03'),(263,'g',0,'2012-02-03'),(298,'g',0,'2012-02-03'),(100,'g',0,'2011-12-11'),(271,'g',0,'2012-02-03'),(172,'g',0,'2011-12-11'),(411,'g',0,'2012-03-01'),(57,'g',0,'2011-12-11'),(328,'g',0,'2012-02-03'),(396,'g',0,'2012-02-03'),(329,'g',0,'2012-02-03'),(467,'g',0,'2012-02-03'),(750,'g',0,'2011-12-12'),(725,'g',0,'2011-12-12'),(736,'g',0,'2011-12-12'),(747,'g',0,'2011-12-12'),(737,'g',0,'2011-12-12'),(724,'g',0,'2011-12-12'),(723,'g',0,'2011-12-12'),(726,'g',0,'2011-12-12'),(727,'g',0,'2011-12-12'),(728,'g',0,'2011-12-12'),(215,'g',0,'2012-02-03'),(498,'g',0,'2012-02-03'),(216,'g',0,'2012-02-03'),(218,'g',0,'2012-02-03'),(217,'g',0,'2012-02-03'),(405,'g',0,'2012-02-03'),(219,'g',0,'2012-02-03'),(538,'g',0,'2012-02-03'),(230,'g',0,'2011-12-12'),(266,'g',0,'2011-12-12'),(710,'g',0,'2011-12-12'),(254,'g',0,'2011-12-12'),(231,'g',0,'2011-12-12'),(713,'g',0,'2011-12-12'),(262,'g',0,'2011-12-12'),(698,'g',0,'2011-12-12'),(229,'g',0,'2011-12-12'),(701,'g',0,'2011-12-12'),(238,'g',0,'2012-02-14'),(308,'g',0,'2011-12-12'),(299,'g',0,'2011-12-12'),(264,'g',0,'2012-02-14'),(310,'g',0,'2011-12-12'),(287,'g',0,'2012-02-14'),(289,'g',0,'2012-02-14'),(740,'g',0,'2011-12-12'),(742,'g',0,'2011-12-12'),(232,'g',0,'2012-02-14'),(733,'g',0,'2011-12-12'),(731,'g',0,'2011-12-12'),(300,'g',0,'2011-12-12'),(315,'g',0,'2012-02-03'),(281,'g',0,'2012-02-14'),(449,'g',0,'2011-12-13'),(451,'g',0,'2011-12-13'),(445,'g',0,'2011-12-13'),(455,'g',0,'2012-02-03'),(450,'g',0,'2011-12-13'),(447,'g',0,'2011-12-13'),(446,'g',0,'2011-12-13'),(431,'g',0,'2011-12-13'),(440,'g',0,'2011-12-13'),(438,'g',0,'2011-12-13'),(443,'g',0,'2011-12-13'),(437,'g',0,'2011-12-13'),(439,'g',0,'2011-12-13'),(444,'g',0,'2011-12-13'),(442,'g',0,'2011-12-13'),(441,'g',0,'2011-12-13'),(448,'g',0,'2011-12-13'),(436,'g',0,'2011-12-13'),(454,'g',0,'2011-12-13'),(452,'g',0,'2011-12-13'),(353,'g',0,'2011-12-13'),(419,'g',0,'2011-12-13'),(407,'g',0,'2011-12-13'),(429,'g',0,'2011-12-13'),(424,'g',0,'2011-12-13'),(389,'g',0,'2011-12-13'),(409,'g',0,'2011-12-13'),(426,'g',0,'2011-12-13'),(293,'g',0,'2011-12-13'),(367,'g',0,'2011-12-13'),(317,'g',0,'2012-03-01'),(362,'g',0,'2011-12-13'),(330,'g',0,'2011-12-13'),(321,'g',0,'2011-12-13'),(316,'g',0,'2012-03-01'),(296,'g',0,'2011-12-13'),(318,'g',0,'2012-03-01'),(366,'g',0,'2011-12-13'),(248,'g',0,'2011-12-13'),(265,'g',0,'2011-12-13'),(279,'g',0,'2011-12-13'),(251,'g',0,'2011-12-13'),(270,'g',0,'2011-12-13'),(312,'g',0,'2011-12-13'),(275,'g',0,'2011-12-13'),(277,'g',0,'2011-12-13'),(268,'g',0,'2011-12-13'),(267,'g',0,'2011-12-13'),(470,'g',0,'2011-12-13'),(477,'g',0,'2011-12-13'),(434,'g',0,'2011-12-13'),(476,'g',0,'2011-12-13'),(472,'g',0,'2011-12-13'),(471,'g',0,'2011-12-13'),(475,'g',0,'2011-12-13'),(474,'g',0,'2011-12-13'),(478,'g',0,'2011-12-13'),(221,'g',0,'2011-12-13'),(227,'g',0,'2011-12-13'),(704,'g',0,'2011-12-13'),(222,'g',0,'2011-12-13'),(241,'g',0,'2011-12-13'),(721,'g',0,'2011-12-13'),(234,'g',0,'2011-12-13'),(245,'g',0,'2011-12-13'),(702,'g',0,'2011-12-13'),(708,'g',0,'2011-12-13'),(707,'g',0,'2011-12-13'),(769,'g',0,'2012-03-01'),(700,'g',0,'2011-12-13'),(776,'g',0,'2012-03-04'),(839,'g',0,'2011-12-13'),(796,'g',0,'2011-12-13'),(823,'g',0,'2011-12-13'),(821,'g',0,'2011-12-13'),(820,'g',0,'2011-12-13'),(836,'g',0,'2011-12-13'),(794,'g',0,'2011-12-13'),(795,'g',0,'2011-12-13'),(824,'g',0,'2011-12-13'),(797,'g',0,'2011-12-13'),(837,'g',0,'2012-03-04'),(748,'g',0,'2011-12-14'),(834,'g',0,'2012-03-01'),(779,'g',0,'2012-02-03'),(302,'g',0,'2011-12-14'),(524,'g',0,'2011-12-14'),(244,'g',0,'2011-12-14'),(751,'g',0,'2012-02-03'),(770,'g',0,'2012-02-03'),(767,'g',0,'2012-02-03'),(755,'g',0,'2012-02-28'),(408,'g',0,'2011-12-14'),(809,'g',0,'2012-03-01'),(240,'g',0,'2012-03-01'),(782,'g',0,'2012-02-03'),(406,'g',0,'2011-12-14'),(801,'g',0,'2012-02-02'),(810,'g',0,'2012-02-02'),(754,'g',0,'2012-02-02'),(827,'g',0,'2012-02-02'),(273,'g',0,'2012-02-28'),(805,'g',0,'2012-02-02'),(787,'g',0,'2012-02-03'),(226,'g',0,'2012-02-03'),(718,'g',0,'2011-12-14'),(739,'g',0,'2011-12-14'),(531,'g',0,'2011-12-14'),(423,'g',0,'2011-12-14'),(819,'g',0,'2012-02-03'),(225,'g',0,'2012-02-03'),(753,'g',0,'2012-02-02'),(428,'g',0,'2011-12-14'),(829,'g',0,'2012-02-02'),(826,'g',0,'2012-02-03'),(752,'g',0,'2011-12-14'),(745,'g',0,'2011-12-14'),(764,'g',0,'2011-12-14'),(346,'g',0,'2012-02-03'),(743,'g',0,'2011-12-14'),(320,'g',0,'2012-02-03'),(828,'g',0,'2012-02-03'),(833,'g',0,'2012-02-03'),(811,'g',0,'2011-12-14'),(306,'g',0,'2012-02-03'),(301,'g',0,'2012-02-03'),(734,'g',0,'2011-12-14'),(832,'g',0,'2012-02-25'),(741,'g',0,'2011-12-14'),(830,'g',0,'2012-03-01'),(806,'g',0,'2011-12-14'),(802,'g',0,'2011-12-14'),(358,'g',0,'2012-02-28'),(473,'g',0,'2011-12-14'),(783,'g',0,'2011-12-14'),(762,'g',0,'2012-02-14'),(285,'g',0,'2011-12-14'),(714,'g',0,'2011-12-14'),(286,'g',0,'2011-12-14'),(808,'g',0,'2011-12-14'),(220,'g',0,'2011-12-14'),(382,'g',0,'2011-12-14'),(483,'g',0,'2011-12-14'),(333,'g',0,'2012-01-15'),(348,'g',0,'2012-02-28'),(803,'g',0,'2012-01-15'),(344,'g',0,'2012-02-28'),(246,'g',0,'2012-02-28'),(343,'g',0,'2012-01-15'),(278,'g',0,'2012-01-15'),(813,'g',0,'2012-02-28'),(228,'g',0,'2012-02-28'),(255,'g',0,'2012-01-15'),(696,'g',0,'2011-12-14'),(765,'g',0,'2012-02-03'),(290,'g',0,'2011-12-14'),(297,'g',0,'2011-12-14'),(309,'g',0,'2011-12-14'),(313,'g',0,'2011-12-14'),(325,'g',0,'2011-12-14'),(292,'g',0,'2011-12-14'),(327,'g',0,'2011-12-14'),(307,'g',0,'2011-12-14'),(756,'g',0,'2011-12-14'),(790,'g',0,'2011-12-14'),(773,'g',0,'2011-12-14'),(777,'g',0,'2011-12-14'),(793,'g',0,'2011-12-14'),(792,'g',0,'2011-12-14'),(771,'g',0,'2011-12-14'),(758,'g',0,'2011-12-14'),(760,'g',0,'2011-12-14'),(261,'g',0,'2011-12-14'),(269,'g',0,'2011-12-14'),(274,'g',0,'2011-12-14'),(284,'g',0,'2011-12-14'),(249,'g',0,'2011-12-14'),(272,'g',0,'2011-12-14'),(211,'g',0,'2011-12-14'),(213,'g',0,'2011-12-14'),(242,'g',0,'2011-12-14'),(757,'g',0,'2012-02-03'),(699,'g',0,'2011-12-15'),(688,'g',0,'2011-12-15'),(778,'g',0,'2012-02-03'),(768,'g',0,'2012-02-03'),(774,'g',0,'2012-02-03'),(709,'g',0,'2011-12-15'),(705,'g',0,'2011-12-15'),(857,'g',0,'2012-02-28'),(864,'g',0,'2012-03-01'),(854,'g',0,'2012-02-28'),(853,'g',0,'2012-02-28'),(847,'g',0,'2012-02-28'),(874,'g',0,'2012-02-03'),(844,'g',0,'2012-02-03'),(872,'g',0,'2012-02-03'),(867,'g',0,'2012-02-03'),(877,'g',0,'2012-02-14'),(883,'g',0,'2012-02-25'),(896,'g',0,'2012-02-25'),(889,'g',0,'2012-03-01'),(888,'g',0,'2012-03-01'),(886,'g',0,'2012-03-01'),(868,'g',0,'2012-01-30'),(881,'g',0,'2012-03-01'),(879,'g',0,'2012-03-01'),(878,'g',0,'2012-03-01'),(875,'g',0,'2012-01-30'),(861,'g',0,'2012-01-30'),(892,'g',0,'2012-03-01'),(890,'g',0,'2012-03-01'),(715,'g',0,'2011-12-17'),(784,'g',0,'2012-03-01'),(815,'g',0,'2012-02-28'),(902,'g',0,'2011-12-17'),(871,'g',0,'2012-02-02'),(848,'g',0,'2012-02-02'),(885,'g',0,'2012-02-03'),(887,'g',0,'2012-02-03'),(865,'g',0,'2012-02-03'),(869,'g',0,'2012-02-03'),(894,'g',0,'2012-02-03'),(799,'g',0,'2012-02-03'),(781,'g',0,'2012-02-03'),(838,'g',0,'2012-02-03'),(791,'g',0,'2012-02-03'),(873,'g',0,'2012-02-03'),(763,'g',0,'2011-12-19'),(891,'g',0,'2012-02-03'),(347,'g',0,'2011-12-19'),(381,'g',0,'2011-12-19'),(421,'g',0,'2011-12-19'),(392,'g',0,'2011-12-19'),(399,'g',0,'2011-12-20'),(314,'g',0,'2011-12-20'),(482,'g',0,'2011-12-20'),(331,'g',0,'2011-12-20'),(338,'g',0,'2011-12-20'),(311,'g',0,'2011-12-20'),(788,'g',0,'2012-03-01'),(899,'g',0,'2011-12-21'),(766,'g',0,'2012-03-01'),(862,'g',0,'2012-03-01'),(780,'g',0,'2012-03-01'),(775,'g',0,'2012-02-03'),(323,'g',0,'2011-12-22'),(807,'g',0,'2011-12-22'),(513,'g',0,'2011-12-22'),(521,'g',0,'2011-12-22'),(352,'g',0,'2011-12-22'),(789,'g',0,'2011-12-22'),(772,'g',0,'2011-12-22'),(798,'g',0,'2011-12-22'),(523,'g',0,'2011-12-22'),(510,'g',0,'2011-12-22'),(631,'g',0,'2011-12-22'),(840,'g',0,'2011-12-22'),(376,'g',0,'2011-12-22'),(913,'g',0,'2011-12-22'),(658,'g',0,'2011-12-22'),(634,'g',0,'2011-12-22'),(373,'g',0,'2011-12-22'),(666,'g',0,'2011-12-22'),(908,'g',0,'2011-12-22'),(536,'g',0,'2011-12-22'),(653,'g',0,'2011-12-22'),(629,'g',0,'2011-12-22'),(817,'g',0,'2011-12-22'),(800,'g',0,'2011-12-22'),(354,'g',0,'2012-02-03'),(529,'g',0,'2011-12-22'),(785,'g',0,'2011-12-22'),(822,'g',0,'2011-12-22'),(852,'g',0,'2011-12-22'),(537,'g',0,'2011-12-22'),(402,'g',0,'2011-12-22'),(786,'g',0,'2011-12-22'),(532,'g',0,'2011-12-22'),(512,'g',0,'2011-12-22'),(511,'g',0,'2011-12-22'),(525,'g',0,'2011-12-22'),(831,'g',0,'2011-12-22'),(914,'g',0,'2012-03-04'),(866,'g',0,'2012-02-03'),(334,'g',0,'2012-02-03'),(876,'g',0,'2012-03-04'),(860,'g',0,'2012-02-28'),(843,'g',0,'2012-02-03'),(870,'g',0,'2012-02-03'),(880,'g',0,'2012-02-03'),(842,'g',0,'2012-02-03'),(393,'g',0,'2011-12-23'),(375,'g',0,'2011-12-23'),(368,'g',0,'2011-12-24'),(379,'g',0,'2011-12-24'),(911,'g',0,'2012-02-03'),(401,'g',0,'2011-12-24'),(497,'g',0,'2011-12-24'),(464,'g',0,'2011-12-24'),(660,'g',0,'2011-12-24'),(924,'g',0,'2011-12-24'),(922,'g',0,'2011-12-24'),(918,'g',0,'2011-12-24'),(923,'g',0,'2011-12-24'),(453,'g',0,'2011-12-24'),(350,'g',0,'2011-12-24'),(365,'g',0,'2011-12-24'),(530,'g',0,'2011-12-24'),(519,'g',0,'2011-12-24'),(479,'g',0,'2011-12-24'),(481,'g',0,'2011-12-24'),(403,'g',0,'2011-12-24'),(400,'g',0,'2011-12-24'),(395,'g',0,'2011-12-24'),(649,'g',0,'2011-12-25'),(898,'g',0,'2012-02-03'),(841,'g',0,'2012-02-03'),(863,'g',0,'2012-02-03'),(928,'g',0,'2011-12-25'),(851,'g',0,'2012-02-03'),(882,'g',0,'2012-02-03'),(893,'g',0,'2012-02-03'),(850,'g',0,'2012-02-03'),(884,'g',0,'2012-02-03'),(859,'g',0,'2012-02-03'),(895,'g',0,'2012-02-03'),(415,'g',0,'2012-02-28'),(920,'g',0,'2012-02-28'),(214,'g',0,'2012-02-28'),(430,'g',0,'2011-12-26'),(339,'g',0,'2012-03-01'),(345,'g',0,'2012-02-28'),(413,'g',0,'2012-03-01'),(304,'g',0,'2011-12-27'),(759,'g',0,'2011-12-27'),(370,'g',0,'2011-12-27'),(626,'g',0,'2011-12-27'),(625,'g',0,'2011-12-27'),(630,'g',0,'2011-12-27'),(655,'g',0,'2011-12-27'),(668,'g',0,'2011-12-27'),(638,'g',0,'2011-12-27'),(645,'g',0,'2012-03-01'),(938,'g',0,'2012-02-28'),(534,'g',0,'2011-12-27'),(642,'g',0,'2011-12-27'),(640,'g',0,'2011-12-27'),(646,'g',0,'2012-03-01'),(643,'g',0,'2012-03-01'),(535,'g',0,'2011-12-27'),(627,'g',0,'2011-12-27'),(635,'g',0,'2011-12-27'),(516,'g',0,'2011-12-27'),(639,'g',0,'2011-12-27'),(662,'g',0,'2011-12-27'),(665,'g',0,'2011-12-27'),(897,'g',0,'2011-12-27'),(654,'g',0,'2012-03-01'),(425,'g',0,'2011-12-27'),(647,'g',0,'2012-03-01'),(427,'g',0,'2011-12-28'),(387,'g',0,'2011-12-28'),(357,'g',0,'2012-03-01'),(761,'g',0,'2011-12-28'),(404,'g',0,'2011-12-28'),(340,'g',0,'2011-12-28'),(909,'g',0,'2011-12-28'),(915,'g',0,'2011-12-28'),(332,'g',0,'2011-12-28'),(356,'g',0,'2011-12-28'),(341,'g',0,'2011-12-28'),(910,'g',0,'2011-12-28'),(335,'g',0,'2011-12-28'),(342,'g',0,'2011-12-28'),(364,'g',0,'2011-12-28'),(363,'g',0,'2011-12-28'),(355,'g',0,'2011-12-28'),(916,'g',0,'2011-12-28'),(351,'g',0,'2011-12-28'),(507,'g',0,'2011-12-28'),(508,'g',0,'2011-12-28'),(466,'g',0,'2011-12-28'),(495,'g',0,'2011-12-28'),(500,'g',0,'2011-12-28'),(490,'g',0,'2011-12-28'),(520,'g',0,'2011-12-28'),(669,'g',0,'2011-12-28'),(514,'g',0,'2011-12-28'),(465,'g',0,'2011-12-28'),(527,'g',0,'2011-12-28'),(636,'g',0,'2011-12-28'),(499,'g',0,'2011-12-28'),(468,'g',0,'2011-12-28'),(422,'g',0,'2011-12-28'),(661,'g',0,'2011-12-28'),(480,'g',0,'2011-12-28'),(485,'g',0,'2011-12-28'),(488,'g',0,'2011-12-28'),(491,'g',0,'2011-12-28'),(489,'g',0,'2011-12-28'),(492,'g',0,'2011-12-28'),(502,'g',0,'2011-12-28'),(503,'g',0,'2011-12-28'),(505,'g',0,'2011-12-28'),(493,'g',0,'2011-12-28'),(494,'g',0,'2011-12-28'),(487,'g',0,'2011-12-28'),(506,'g',0,'2011-12-28'),(504,'g',0,'2011-12-28'),(944,'g',0,'2012-02-28'),(917,'g',0,'2011-12-28'),(486,'g',0,'2011-12-28'),(509,'g',0,'2011-12-28'),(463,'g',0,'2011-12-28'),(517,'g',0,'2011-12-28'),(526,'g',0,'2011-12-28'),(522,'g',0,'2011-12-28'),(461,'g',0,'2011-12-28'),(462,'g',0,'2011-12-28'),(456,'g',0,'2011-12-28'),(458,'g',0,'2011-12-28'),(460,'g',0,'2011-12-28'),(459,'g',0,'2011-12-28'),(457,'g',0,'2011-12-28'),(501,'g',0,'2011-12-28'),(648,'g',0,'2011-12-28'),(528,'g',0,'2011-12-28'),(667,'g',0,'2011-12-28'),(518,'g',0,'2011-12-28'),(496,'g',0,'2011-12-28'),(650,'g',0,'2011-12-28'),(939,'g',0,'2012-02-28'),(937,'g',0,'2012-02-28'),(946,'g',0,'2012-03-01'),(385,'g',0,'2011-12-28'),(390,'g',0,'2011-12-28'),(378,'g',0,'2011-12-28'),(386,'g',0,'2011-12-28'),(372,'g',0,'2011-12-28'),(377,'g',0,'2011-12-28'),(943,'g',0,'2012-02-27'),(953,'g',0,'2012-02-03'),(951,'g',0,'2012-03-04'),(930,'g',0,'2011-12-29'),(929,'g',0,'2012-02-14'),(947,'g',0,'2012-02-14'),(469,'g',0,'2011-12-29'),(322,'g',0,'2011-12-29'),(324,'g',0,'2011-12-29'),(319,'g',0,'2011-12-29'),(326,'g',0,'2011-12-29'),(856,'g',0,'2011-12-31'),(849,'g',0,'2011-12-31'),(940,'g',0,'2011-12-31'),(942,'g',0,'2011-12-31'),(935,'g',0,'2011-12-31'),(932,'g',0,'2012-02-24'),(433,'g',0,'2012-03-01'),(919,'g',0,'2012-03-01'),(950,'g',0,'2012-03-01'),(374,'g',0,'2012-01-01'),(804,'g',0,'2012-01-01'),(291,'g',0,'2012-01-01'),(305,'g',0,'2012-01-01'),(337,'g',0,'2012-01-01'),(812,'g',0,'2012-01-01'),(349,'g',0,'2012-01-01'),(257,'g',0,'2012-01-01'),(814,'g',0,'2012-01-01'),(336,'g',0,'2012-01-01'),(388,'g',0,'2012-01-01'),(418,'g',0,'2012-01-01'),(644,'g',0,'2012-01-01'),(391,'g',0,'2012-01-01'),(659,'g',0,'2012-01-01'),(818,'g',0,'2012-02-28'),(816,'g',0,'2012-02-28'),(637,'g',0,'2012-01-01'),(858,'g',0,'2012-02-28'),(855,'g',0,'2012-01-01'),(825,'g',0,'2012-02-28'),(845,'g',0,'2012-01-01'),(652,'g',0,'2012-01-01'),(846,'g',0,'2012-02-28'),(835,'g',0,'2012-01-01'),(398,'g',0,'2012-01-01'),(380,'g',0,'2012-01-01'),(963,'g',0,'2012-02-28'),(957,'g',0,'2012-02-24'),(539,'g',0,'2012-01-01'),(967,'g',0,'2012-03-06'),(958,'g',0,'2012-01-01'),(397,'g',0,'2012-01-01'),(945,'g',0,'2012-01-01'),(955,'g',0,'2012-01-02'),(954,'g',0,'2012-02-28'),(956,'g',0,'2012-01-02'),(941,'g',0,'2012-02-28'),(931,'g',0,'2012-01-02'),(394,'g',0,'2012-01-02'),(420,'g',0,'2012-01-02'),(936,'g',0,'2012-01-02'),(417,'g',0,'2012-01-03'),(984,'g',0,'2012-03-01'),(974,'g',0,'2012-03-04'),(912,'g',0,'2012-01-04'),(992,'g',0,'2012-02-28'),(975,'g',0,'2012-03-06'),(982,'g',0,'2012-03-01'),(1002,'g',0,'2012-02-28'),(900,'g',0,'2012-03-01'),(964,'g',0,'2012-01-09'),(976,'g',0,'2012-02-28'),(952,'g',0,'2012-02-28'),(986,'g',0,'2012-02-28'),(1004,'g',0,'2012-02-28'),(994,'g',0,'2012-03-01'),(1006,'g',0,'2012-02-28'),(985,'g',0,'2012-01-10'),(965,'g',0,'2012-01-10'),(991,'g',0,'2012-02-24'),(1009,'g',0,'2012-01-10'),(1034,'g',0,'2012-03-01'),(995,'g',0,'2012-01-11'),(999,'g',0,'2012-01-11'),(998,'g',0,'2012-01-11'),(1008,'g',0,'2012-01-11'),(1015,'g',0,'2012-01-11'),(1020,'g',0,'2012-01-11'),(972,'g',0,'2012-01-11'),(978,'g',0,'2012-01-11'),(968,'g',0,'2012-01-11'),(933,'g',0,'2012-01-11'),(980,'g',0,'2012-01-11'),(1017,'g',0,'2012-01-11'),(981,'g',0,'2012-01-11'),(949,'g',0,'2012-01-11'),(966,'g',0,'2012-01-11'),(990,'g',0,'2012-01-11'),(1005,'g',0,'2012-01-11'),(1001,'g',0,'2012-01-11'),(1030,'g',0,'2012-01-11'),(970,'g',0,'2012-01-11'),(969,'g',0,'2012-01-12'),(1052,'g',0,'2012-02-28'),(1040,'g',0,'2012-02-28'),(1031,'g',0,'2012-01-13'),(987,'g',0,'2012-01-15'),(988,'g',0,'2012-01-15'),(983,'g',0,'2012-01-15'),(1033,'g',0,'2012-01-16'),(1024,'g',0,'2012-03-01'),(979,'g',0,'2012-01-19'),(989,'g',0,'2012-01-19'),(1048,'g',0,'2012-02-28'),(971,'g',0,'2012-01-20'),(996,'g',0,'2012-01-21'),(977,'g',0,'2012-01-21'),(1036,'g',0,'2012-01-23'),(1025,'g',0,'2012-01-23'),(1047,'g',0,'2012-01-23'),(1050,'g',0,'2012-01-23'),(1011,'g',0,'2012-01-23'),(1094,'g',0,'2012-01-23'),(1010,'g',0,'2012-01-23'),(1067,'g',0,'2012-01-23'),(1064,'g',0,'2012-01-23'),(1012,'g',0,'2012-01-23'),(1086,'g',0,'2012-03-04'),(1032,'g',0,'2012-03-01'),(1110,'g',0,'2012-03-01'),(1098,'g',0,'2012-03-04'),(1071,'g',0,'2012-01-24'),(1070,'g',0,'2012-01-24'),(1108,'g',0,'2012-03-01'),(1109,'g',0,'2012-01-25'),(1088,'g',0,'2012-02-28'),(1089,'g',0,'2012-01-26'),(1118,'g',0,'2012-02-28'),(934,'g',0,'2012-02-02'),(1101,'g',0,'2012-02-03'),(1027,'g',0,'2012-03-04'),(1103,'g',0,'2012-03-04'),(1029,'g',0,'2012-03-04'),(1038,'g',0,'2012-02-03'),(1051,'g',0,'2012-03-04'),(1028,'g',0,'2012-03-04'),(1035,'g',0,'2012-03-04'),(1026,'g',0,'2012-02-04'),(1041,'g',0,'2012-02-05'),(1155,'g',0,'2012-02-05'),(1059,'g',0,'2012-02-05'),(1090,'g',0,'2012-02-05'),(1062,'g',0,'2012-02-05'),(1058,'g',0,'2012-02-05'),(1115,'g',0,'2012-02-05'),(540,'g',0,'2012-02-06'),(541,'g',0,'2012-02-06'),(588,'g',0,'2012-02-06'),(592,'g',0,'2012-02-06'),(585,'g',0,'2012-02-06'),(584,'g',0,'2012-02-06'),(583,'g',0,'2012-02-06'),(589,'g',0,'2012-02-06'),(590,'g',0,'2012-02-06'),(591,'g',0,'2012-02-06'),(586,'g',0,'2012-02-06'),(587,'g',0,'2012-02-06'),(549,'g',0,'2012-02-06'),(546,'g',0,'2012-02-06'),(542,'g',0,'2012-02-06'),(545,'g',0,'2012-02-06'),(550,'g',0,'2012-02-06'),(547,'g',0,'2012-02-06'),(543,'g',0,'2012-02-06'),(548,'g',0,'2012-02-06'),(544,'g',0,'2012-02-06'),(551,'g',0,'2012-02-06'),(559,'g',0,'2012-02-06'),(555,'g',0,'2012-02-06'),(554,'g',0,'2012-02-06'),(557,'g',0,'2012-02-06'),(558,'g',0,'2012-02-06'),(561,'g',0,'2012-02-06'),(556,'g',0,'2012-02-06'),(553,'g',0,'2012-02-06'),(552,'g',0,'2012-02-06'),(560,'g',0,'2012-02-06'),(597,'g',0,'2012-02-06'),(602,'g',0,'2012-02-06'),(593,'g',0,'2012-02-06'),(596,'g',0,'2012-02-06'),(598,'g',0,'2012-02-06'),(594,'g',0,'2012-02-06'),(595,'g',0,'2012-02-06'),(601,'g',0,'2012-02-06'),(600,'g',0,'2012-02-06'),(599,'g',0,'2012-02-06'),(569,'g',0,'2012-02-06'),(570,'g',0,'2012-02-06'),(568,'g',0,'2012-02-06'),(571,'g',0,'2012-02-06'),(566,'g',0,'2012-02-06'),(565,'g',0,'2012-02-06'),(567,'g',0,'2012-02-06'),(564,'g',0,'2012-02-06'),(562,'g',0,'2012-02-06'),(563,'g',0,'2012-02-06'),(612,'g',0,'2012-02-06'),(610,'g',0,'2012-02-06'),(603,'g',0,'2012-02-06'),(607,'g',0,'2012-02-06'),(611,'g',0,'2012-02-06'),(608,'g',0,'2012-02-06'),(604,'g',0,'2012-02-06'),(609,'g',0,'2012-02-06'),(606,'g',0,'2012-02-06'),(1157,'g',0,'2012-02-06'),(575,'g',0,'2012-02-06'),(579,'g',0,'2012-02-06'),(580,'g',0,'2012-02-06'),(582,'g',0,'2012-02-06'),(578,'g',0,'2012-02-06'),(572,'g',0,'2012-02-06'),(574,'g',0,'2012-02-06'),(576,'g',0,'2012-02-06'),(573,'g',0,'2012-02-06'),(581,'g',0,'2012-02-06'),(1007,'g',0,'2012-02-09'),(1060,'g',0,'2012-02-09'),(1049,'g',0,'2012-02-09'),(1014,'g',0,'2012-02-09'),(1013,'g',0,'2012-02-09'),(1000,'g',0,'2012-02-09'),(1119,'g',0,'2012-02-14'),(1211,'g',0,'2012-02-16'),(1116,'g',0,'2012-02-17'),(997,'g',0,'2012-02-19'),(1081,'g',0,'2012-02-19'),(1073,'g',0,'2012-02-20'),(1074,'g',0,'2012-02-20'),(1080,'g',0,'2012-02-20'),(1077,'g',0,'2012-02-20'),(1076,'g',0,'2012-02-20'),(1082,'g',0,'2012-02-20'),(1075,'g',0,'2012-02-20'),(1078,'g',0,'2012-02-20'),(1079,'g',0,'2012-02-20'),(1106,'g',0,'2012-02-23'),(1205,'g',0,'2012-02-23'),(1105,'g',0,'2012-02-23'),(1213,'g',0,'2012-02-23'),(1142,'g',0,'2012-02-24'),(1183,'g',0,'2012-02-25'),(1121,'g',0,'2012-02-25'),(1122,'g',0,'2012-02-25'),(1144,'g',0,'2012-02-25'),(1146,'g',0,'2012-02-25'),(1143,'g',0,'2012-02-25'),(1123,'g',0,'2012-02-25'),(1197,'g',0,'2012-02-25'),(1152,'g',0,'2012-02-25'),(1124,'g',0,'2012-02-25'),(1147,'g',0,'2012-02-25'),(1215,'g',0,'2012-02-26'),(1145,'g',0,'2012-02-26'),(1120,'g',0,'2012-02-27'),(1153,'g',0,'2012-02-27'),(212,'g',0,'2012-02-28'),(1232,'g',0,'2012-02-28'),(1228,'g',0,'2012-02-28'),(414,'g',0,'2012-02-28'),(1216,'g',0,'2012-02-28'),(1072,'g',0,'2012-02-29'),(1068,'g',0,'2012-02-29'),(432,'g',0,'2012-03-01'),(1097,'g',0,'2012-03-01'),(1095,'g',0,'2012-03-01'),(1083,'g',0,'2012-03-01'),(1209,'g',0,'2012-03-01'),(1218,'g',0,'2012-03-02'),(1054,'g',0,'2012-03-04'),(1065,'g',0,'2012-03-04'),(1214,'g',0,'2012-03-04'),(1111,'g',0,'2012-03-04'),(1230,'g',0,'2012-03-04'),(1236,'g',0,'2012-03-04'),(1208,'g',0,'2012-03-04'),(1238,'g',0,'2012-03-04'),(1217,'g',0,'2012-03-04'),(1221,'g',0,'2012-03-04');

--
-- Table structure for table `idx_paid_listing`
--

CREATE TABLE `idx_paid_listing` (
  `link_id` mediumint(9) unsigned NOT NULL default '0',
  `premium` char(1) default NULL,
  `sponsored` char(1) default NULL,
  `expire` datetime default NULL,
  `paid` char(1) default NULL,
  PRIMARY KEY  (`link_id`)
) ENGINE=MyISAM DEFAULT CHARSET=latin1;

--
-- Dumping data for table `idx_paid_listing`
--


--
-- Table structure for table `idx_payment_gateway`
--

CREATE TABLE `idx_payment_gateway` (
  `payment_gateway_id` int(11) NOT NULL auto_increment,
  `name` varchar(100) default NULL,
  `enable` char(1) default NULL,
  `setting` text,
  `invoice_html` text,
  PRIMARY KEY  (`payment_gateway_id`)
) ENGINE=MyISAM AUTO_INCREMENT=9 DEFAULT CHARSET=latin1;

--
-- Dumping data for table `idx_payment_gateway`
--

INSERT INTO `idx_payment_gateway` VALUES (1,'paypal','1','a:2:{s:13:\"payment_email\";s:0:\"\";s:21:\"enable_paypal_sandbox\";s:1:\"0\";}','<p> \r\n	<a href=\'paynow.php?id={$invoice_id}&m=paypal\'><img src=\'http://www.paypal.com/images/x-click-but02.gif\' border=\'0\' alt=\'Make payments with PayPal - it is fast, free and secure!\' /></a> \r\n</p>\r\n'),(2,'2co','0','a:6:{s:6:\"co_sid\";s:5:\"84932\";s:9:\"co_secret\";s:5:\"tango\";s:12:\"co_recurring\";s:1:\"0\";s:9:\"co_prod_1\";s:6:\"100.00\";s:9:\"co_prod_2\";s:6:\"250.00\";s:9:\"co_prod_3\";s:6:\"400.00\";}','<p>\r\n<a href=\'paynow.php?id={$invoice_id}&m=2co\'><img src=\'http://www.2checkout.com/images/overview/btns/25.jpg\' alt=\'Pay Now with 2checkout...\' border=\'0\' /></a> \r\n</p>'),(3,'authorizenet','0','a:2:{s:21:\"authorizenet_login_id\";s:0:\"\";s:21:\"authorizenet_tran_key\";s:0:\"\";}','<p> \r\n<a href=\'paynow.php?id={$invoice_id}&m=authorizenet\'><img src=\'http://www.authorize.net/upload/images/Images/Header/authorizenet_logo.gif\' alt=\'Pay Now with Authorize.Net...\' width=\'99\' height=\'39\' style=\'{border : 1px solid #c0c0c0;}\' /></a>\r\n</p>'),(4,'egold','0','a:2:{s:19:\"egold_payee_account\";s:0:\"\";s:16:\"egold_payee_name\";s:0:\"\";}','<p> \r\n<a href=\'paynow.php?id={$invoice_id}&m=egold\'>\r\n<img src=\'http://www.e-gold.com/gif/paywith.gif\' border=\'0\' alt=\'Pay Now with e-gold...\' />\r\n</a>\r\n</p>'),(5,'moneybookers','0','a:1:{s:18:\"moneybookers_email\";s:0:\"\";}','<p> \r\n<a href=\'paynow.php?id={$invoice_id}&m=paypal\'><img src=\'http://www.moneybookers.com/images/banners/88_en_mb.gif\' border=\'0\' alt=\'Make payments with Moneybookers - it is fast, free and secure!\' /></a> \r\n</p>'),(6,'paypal-subscriptions','0','a:2:{s:13:\"payment_email\";s:0:\"\";s:21:\"enable_paypal_sandbox\";s:1:\"0\";}','<p> \r\n<a href=\'paynow.php?id={$invoice_id}&m=paypal\'><img src=\'https://www.paypal.com/en_US/i/btn/x-click-but20.gif\' border=\'0\' alt=\'Make payments with PayPal - it is fast, free and secure!\' /></a> \r\n</p>'),(7,'alertpay','0','a:2:{s:14:\"alertpay_email\";s:0:\"\";s:23:\"enable_alertpay_sandbox\";s:1:\"0\";}','<p> \r\n<a href=\'paynow.php?id={$invoice_id}&m=alertpay\'>\r\n<img src=\'https://www.alertpay.com/Images/BuyNow/pay_now_3.gif\' border=\'0\' alt=\'Make payments with PayPal - it is fast, free and secure!\' /></a> \r\n</p>'),(8,'alertpay-subcriptions','0','a:2:{s:14:\"alertpay_email\";s:0:\"\";s:23:\"enable_alertpay_sandbox\";s:1:\"0\";}','<p>\r\n<a href=\'paynow.php?id={$invoice_id}&m=alertpay-subcriptions\'>\r\n<img src=\'https://www.alertpay.com/Images/BuyNow/subscribe_now_15.gif\' border=\'0\' alt=\'Make payments with Alert Pay - it is fast, free and secure!\' /></a> \r\n</p>');

--
-- Table structure for table `idx_payment_history`
--

CREATE TABLE `idx_payment_history` (
  `payment_id` int(10) unsigned NOT NULL auto_increment,
  `contact_name` varchar(255) default NULL,
  `email` varchar(255) default NULL,
  `type` varchar(255) default NULL,
  `detail` text,
  `amount` double default NULL,
  `time` datetime default NULL,
  `invoice_id` varchar(10) default NULL,
  PRIMARY KEY  (`payment_id`)
) ENGINE=MyISAM DEFAULT CHARSET=latin1;

--
-- Dumping data for table `idx_payment_history`
--


--
-- Table structure for table `idx_pl_sociable`
--

CREATE TABLE `idx_pl_sociable` (
  `sb_id` int(11) NOT NULL auto_increment,
  `sb_name` varchar(255) character set utf8 default NULL,
  `sb_url` varchar(255) character set utf8 default NULL,
  `sb_icon` varchar(255) character set utf8 default NULL,
  `sb_enable` char(1) character set utf8 default '0',
  PRIMARY KEY  (`sb_id`)
) ENGINE=MyISAM AUTO_INCREMENT=90 DEFAULT CHARSET=latin1;

--
-- Dumping data for table `idx_pl_sociable`
--

INSERT INTO `idx_pl_sociable` VALUES (1,'BarraPunto','http://barrapunto.com/submit.pl?subj=TITLE&amp;story=PERMALINK','barrapunto.png','0'),(2,'Bitacoras.com','http://bitacoras.com/anotaciones/PERMALINK','bitacoras.png','0'),(3,'BlinkList','http://www.blinklist.com/index.php?Action=Blink/addblink.php&amp;Url=PERMALINK&amp;Title=TITLE','blinklist.png','0'),(4,'blogmarks','http://blogmarks.net/my/new.php?mini=1&amp;simple=1&amp;url=PERMALINK&amp;title=TITLE','blogmarks.png','0'),(5,'Blogosphere News','http://www.blogospherenews.com/submit.php?url=PERMALINK&amp;title=TITLE','blogospherenews.png','0'),(6,'blogtercimlap','http://cimlap.blogter.hu/index.php?action=suggest_link&amp;title=TITLE&amp;url=PERMALINK','blogter.png','0'),(7,'Faves','http://faves.com/Authoring.aspx?u=PERMALINK&amp;title=TITLE','bluedot.png','0'),(8,'connotea','http://www.connotea.org/addpopup?continue=confirm&amp;uri=PERMALINK&amp;title=TITLE&amp;description=EXCERPT','connotea.png','0'),(9,'Current','http://current.com/clipper.htm?url=PERMALINK&amp;title=TITLE','current.png','0'),(10,'del.icio.us','http://delicious.com/post?url=PERMALINK&amp;title=TITLE&amp;notes=EXCERPT','delicious.png','0'),(11,'Digg','http://digg.com/submit?phase=2&amp;url=PERMALINK&amp;title=TITLE&amp;bodytext=EXCERPT','digg.png','1'),(12,'Diigo','http://www.diigo.com/post?url=PERMALINK&amp;title=TITLE','diigo.png','0'),(13,'DotNetKicks','http://www.dotnetkicks.com/kick/?url=PERMALINK&amp;title=TITLE','dotnetkicks.png','0'),(14,'DZone','http://www.dzone.com/links/add.html?url=PERMALINK&amp;title=TITLE','dzone.png','0'),(15,'eKudos','http://www.ekudos.nl/artikel/nieuw?url=PERMALINK&amp;title=TITLE&amp;desc=EXCERPT','ekudos.png','0'),(16,'email','mailto:?subject=TITLE&amp;body=PERMALINK','email_link.png','0'),(17,'Facebook','http://www.facebook.com/share.php?u=PERMALINK&amp;t=TITLE','facebook.png','1'),(18,'Fark','http://cgi.fark.com/cgi/fark/farkit.pl?h=TITLE&amp;u=PERMALINK','fark.png','0'),(19,'Fleck','http://beta3.fleck.com/bookmarklet.php?url=PERMALINK&amp;title=TITLE','fleck.png','0'),(20,'FriendFeed','http://www.friendfeed.com/share?title=TITLE&amp;link=PERMALINK','friendfeed.png','0'),(21,'FSDaily','http://www.fsdaily.com/submit?url=PERMALINK&amp;title=TITLE','fsdaily.png','0'),(22,'Global Grind','http://globalgrind.com/submission/submit.aspx?url=PERMALINK&amp;type=Article&amp;title=TITLE','globalgrind.png','0'),(23,'Google','http://www.google.com/bookmarks/mark?op=edit&amp;bkmk=PERMALINK&amp;title=TITLE&amp;annotation=EXCERPT','googlebookmark.png','0'),(24,'Gwar','http://www.gwar.pl/DodajGwar.html?u=PERMALINK','gwar.png','0'),(25,'HackerNews','http://news.ycombinator.com/submitlink?u=PERMALINK&amp;t=TITLE','hackernews.png','0'),(26,'Haohao','http://www.haohaoreport.com/submit.php?url=PERMALINK&amp;title=TITLE','haohao.png','0'),(27,'HealthRanker','http://healthranker.com/submit.php?url=PERMALINK&amp;title=TITLE','healthranker.png','0'),(28,'HelloTxt','http://hellotxt.com/?status=TITLE+PERMALINK','hellotxt.png','0'),(29,'Hemidemi','http://www.hemidemi.com/user_bookmark/new?title=TITLE&amp;url=PERMALINK','hemidemi.png','0'),(30,'Hyves','http://www.hyves.nl/profilemanage/add/tips/?name=TITLE&amp;text=EXCERPT+PERMALINK&amp;rating=5','hyves.png','0'),(31,'Identi.ca','http://identi.ca/notice/new?status_textarea=PERMALINK','identica.png','0'),(32,'IndianPad','http://www.indianpad.com/submit.php?url=PERMALINK','indianpad.png','0'),(33,'Internetmedia','http://internetmedia.hu/submit.php?url=PERMALINK','im.png','0'),(34,'Kirtsy','http://www.kirtsy.com/submit.php?url=PERMALINK&amp;title=TITLE','kirtsy.png','0'),(35,'laaik.it','http://laaik.it/NewStoryCompact.aspx?uri=PERMALINK&amp;headline=TITLE&amp;cat=5e082fcc-8a3b-47e2-acec-fdf64ff19d12','laaikit.png','0'),(36,'LinkArena','http://linkarena.com/bookmarks/addlink/?url=PERMALINK&amp;title=TITLE','linkarena.png','0'),(37,'LinkaGoGo','http://www.linkagogo.com/go/AddNoPopup?url=PERMALINK&amp;title=TITLE','linkagogo.png','0'),(38,'LinkedIn','http://www.linkedin.com/shareArticle?mini=true&amp;url=PERMALINK&amp;title=TITLE&amp;source=BLOGNAME&amp;summary=EXCERPT','linkedin.png','0'),(39,'Linkter','http://www.linkter.hu/index.php?action=suggest_link&amp;url=PERMALINK&amp;title=TITLE','linkter.png','0'),(40,'Live','https://favorites.live.com/quickadd.aspx?marklet=1&amp;url=PERMALINK&amp;title=TITLE','live.png','0'),(41,'Meneame','http://meneame.net/submit.php?url=PERMALINK','meneame.png','0'),(42,'MisterWong','http://www.mister-wong.com/addurl/?bm_url=PERMALINK&amp;bm_description=TITLE&amp;plugin=soc','misterwong.png','0'),(43,'MisterWong.DE','http://www.mister-wong.de/addurl/?bm_url=PERMALINK&amp;bm_description=TITLE&amp;plugin=soc','misterwong.png','0'),(44,'Mixx','http://www.mixx.com/submit?page_url=PERMALINK&amp;title=TITLE','mixx.png','0'),(45,'muti','http://www.muti.co.za/submit?url=PERMALINK&amp;title=TITLE','muti.png','0'),(46,'MyShare','http://myshare.url.com.tw/index.php?func=newurl&amp;url=PERMALINK&amp;desc=TITLE','myshare.png','0'),(47,'MySpace','http://www.myspace.com/Modules/PostTo/Pages/?u=PERMALINK&amp;t=TITLE','myspace.png','0'),(48,'MSNReporter','http://reporter.nl.msn.com/?fn=contribute&amp;Title=TITLE&amp;URL=PERMALINK&amp;cat_id=6&amp;tag_id=31&amp;Remark=EXCERPT','msnreporter.png','0'),(49,'N4G','http://www.n4g.com/tips.aspx?url=PERMALINK&amp;title=TITLE','n4g.png','0'),(50,'Netvibes','http://www.netvibes.com/share?title=TITLE&amp;url=PERMALINK','netvibes.png','0'),(51,'NewsVine','http://www.newsvine.com/_tools/seed&amp;save?u=PERMALINK&amp;h=TITLE','newsvine.png','0'),(52,'Netvouz','http://www.netvouz.com/action/submitBookmark?url=PERMALINK&amp;title=TITLE&amp;popup=no','netvouz.png','0'),(53,'NuJIJ','http://nujij.nl/jij.lynkx?t=TITLE&amp;u=PERMALINK&amp;b=EXCERPT','nujij.png','0'),(54,'Ping.fm','http://ping.fm/ref/?link=PERMALINK&amp;title=TITLE&amp;body=EXCERPT','ping.png','0'),(55,'Posterous','http://posterous.com/share?linkto=PERMALINK&amp;title=TITLE&amp;selection=EXCERPT','posterous.png','0'),(56,'PDF','http://www.printfriendly.com/print?url=PERMALINK&amp;partner=sociable','pdf.png','0'),(57,'Print','http://www.printfriendly.com/print?url=PERMALINK&amp;partner=sociable','printfriendly.png','0'),(58,'Propeller','http://www.propeller.com/submit/?url=PERMALINK','propeller.png','0'),(59,'Ratimarks','http://ratimarks.org/bookmarks.php/?action=add&address=PERMALINK&amp;title=TITLE','ratimarks.png','0'),(60,'Rec6','http://rec6.via6.com/link.php?url=PERMALINK&amp;=TITLE','rec6.png','0'),(61,'Reddit','http://reddit.com/submit?url=PERMALINK&amp;title=TITLE','reddit.png','0'),(62,'RSS','FEEDLINK','rss.png','0'),(63,'Scoopeo','http://www.scoopeo.com/scoop/new?newurl=PERMALINK&amp;title=TITLE','scoopeo.png','0'),(64,'Segnalo','http://segnalo.alice.it/post.html.php?url=PERMALINK&amp;title=TITLE','segnalo.png','0'),(65,'Simpy','http://www.simpy.com/simpy/LinkAdd.do?href=PERMALINK&amp;title=TITLE','simpy.png','0'),(66,'Slashdot','http://slashdot.org/bookmark.pl?title=TITLE&amp;url=PERMALINK','slashdot.png','0'),(67,'Socialogs','http://socialogs.com/add_story.php?story_url=PERMALINK&amp;story_title=TITLE','socialogs.png','0'),(68,'SphereIt','http://www.sphere.com/search?q=sphereit:PERMALINK&amp;title=TITLE','sphere.png','0'),(69,'Sphinn','http://sphinn.com/index.php?c=post&amp;m=submit&amp;link=PERMALINK','sphinn.png','0'),(70,'StumbleUpon','http://www.stumbleupon.com/submit?url=PERMALINK&amp;title=TITLE','stumbleupon.png','0'),(71,'Techmeme','http://twitter.com/home/?status=tip%20@Techmeme%20PERMALINK%20TITLE','techmeme.png','0'),(72,'Technorati','http://technorati.com/faves?add=PERMALINK','technorati.png','1'),(73,'ThisNext','http://www.thisnext.com/pick/new/submit/sociable/?url=PERMALINK&amp;name=TITLE','thisnext.png','0'),(74,'Tipd','http://tipd.com/submit.php?url=PERMALINK','tipd.png','0'),(75,'Tumblr','http://www.tumblr.com/share?v=3&amp;u=PERMALINK&amp;t=TITLE&amp;s=EXCERPT','tumblr.png','0'),(76,'Twitter','http://twitter.com/home?status=TITLE%20-%20PERMALINK','twitter.png','1'),(77,'Upnews','http://www.upnews.it/submit?url=PERMALINK&amp;title=TITLE','upnews.png','0'),(78,'Webnews.de','http://www.webnews.de/einstellen?url=PERMALINK&amp;title=TITLE','webnews.png','0'),(79,'Webride','http://webride.org/discuss/split.php?uri=PERMALINK&amp;title=TITLE','webride.png','0'),(80,'Wikio','http://www.wikio.com/vote?url=PERMALINK','wikio.png','0'),(81,'Wikio FR','http://www.wikio.fr/vote?url=PERMALINK','wikio.png','0'),(82,'Wikio IT','http://www.wikio.it/vote?url=PERMALINK','wikio.png','0'),(83,'Wists','http://wists.com/s.php?c=&amp;r=PERMALINK&amp;title=TITLE','wists.png','0'),(84,'Wykop','http://www.wykop.pl/dodaj?url=PERMALINK','wykop.png','0'),(85,'Xerpi','http://www.xerpi.com/block/add_link_from_extension?url=PERMALINK&amp;title=TITLE','xerpi.png','0'),(86,'YahooBuzz','http://buzz.yahoo.com/submit/?submitUrl=PERMALINK&amp;submitHeadline=TITLE&amp;submitSummary=EXCERPT&amp;submitCategory=science&amp;submitAssetType=text','yahoobuzz.png','0'),(87,'Yahoo! Bookmarks','http://bookmarks.yahoo.com/toolbar/savebm?u=PERMALINK&amp;t=TITLE&opener=bm&amp;ei=UTF-8&amp;d=EXCERPT','yahoomyweb.png','0'),(88,'Yigg','http://yigg.de/neu?exturl=PERMALINK&amp;exttitle=TITLE','yiggit.png','0'),(89,'Blogplay','http://blogplay.com','blogplay.png','0');

--
-- Table structure for table `idx_plugin`
--

CREATE TABLE `idx_plugin` (
  `plugin_id` int(11) NOT NULL auto_increment,
  `name` varchar(255) default NULL,
  `plugin_file` varchar(255) default NULL,
  `status` enum('0','1') default NULL,
  `option_plugin` text,
  PRIMARY KEY  (`plugin_id`)
) ENGINE=MyISAM AUTO_INCREMENT=2 DEFAULT CHARSET=latin1;

--
-- Dumping data for table `idx_plugin`
--

INSERT INTO `idx_plugin` VALUES (1,'Sociable','sociable/sociable.php','1',NULL);

--
-- Table structure for table `idx_review`
--

CREATE TABLE `idx_review` (
  `review_id` mediumint(9) unsigned NOT NULL auto_increment,
  `link_id` mediumint(9) unsigned NOT NULL default '0',
  `review` text NOT NULL,
  `rating` tinyint(3) unsigned NOT NULL default '0',
  `date` date NOT NULL default '0000-00-00',
  `subject` varchar(100) default NULL,
  `status` char(1) default NULL,
  `username` varchar(20) default NULL,
  `name` varchar(20) default NULL,
  `email` varchar(100) default NULL,
  PRIMARY KEY  (`review_id`)
) ENGINE=MyISAM DEFAULT CHARSET=latin1;

--
-- Dumping data for table `idx_review`
--


--
-- Table structure for table `idx_searchlog`
--

CREATE TABLE `idx_searchlog` (
  `keyword` varchar(100) NOT NULL default '',
  `time` datetime NOT NULL default '0000-00-00 00:00:00',
  `result` mediumint(9) unsigned default NULL,
  `ip` varchar(100) default NULL
) ENGINE=MyISAM DEFAULT CHARSET=latin1;

--
-- Dumping data for table `idx_searchlog`
--


--
-- Table structure for table `idx_set_hook_place`
--

CREATE TABLE `idx_set_hook_place` (
  `set_hook_place_id` int(11) NOT NULL auto_increment,
  `plugin` varchar(255) default NULL,
  `set_hook_place` text,
  PRIMARY KEY  (`set_hook_place_id`)
) ENGINE=MyISAM DEFAULT CHARSET=latin1;

--
-- Dumping data for table `idx_set_hook_place`
--


--
-- Table structure for table `idx_setting`
--

CREATE TABLE `idx_setting` (
  `setting_id` int(11) NOT NULL auto_increment,
  `setting_name` varchar(255) default NULL,
  `setting_value` text,
  PRIMARY KEY  (`setting_id`)
) ENGINE=MyISAM AUTO_INCREMENT=55 DEFAULT CHARSET=latin1;

--
-- Dumping data for table `idx_setting`
--

INSERT INTO `idx_setting` VALUES (4,'site_name','gettraffik.com'),(5,'site_url','http://gettraffik.com'),(6,'email_address','amanda.gilboy1@gmail.com'),(7,'language_code','en_US'),(8,'theme_path','/home/gettraff/public_html/themes/'),(9,'admin_template_path','/home/gettraff/public_html/admin_tpl/'),(10,'plugin_path','/home/gettraff/public_html/plugin/'),(12,'active_theme','_gettraffik'),(14,'spam_proof','1'),(15,'enable_user_validation','1'),(16,'allowed_file_extension','gif,jpg,png,pdf,zip,doc'),(17,'yahoo_appid',''),(18,'whosonline','600'),(19,'reciprocal_check','0'),(20,'urlcheck_limit','1'),(21,'pagerank_cache','30'),(22,'max_image_width','1024'),(23,'max_image_height','756'),(24,'max_file_size','500'),(25,'only_registered_can_add_link','0'),(26,'only_registered_can_add_review','0'),(27,'db_use_persistent','0'),(28,'paid_link_day_period','30,60,90,180'),(29,'paid_link_price_factor','1,1.5,2,3'),(30,'enable_html_tag','1'),(31,'allowed_html_tag','<b>,<strong>,<i>,<em>,<u>,<pre>,<blockquote>,<ol>,<ul>,<li>,<p>,<span>,<div>,<table>,<tr>,<td>'),(32,'enable_page_compression','0'),(33,'enable_category_ajax','1'),(34,'require_visit_category','0'),(35,'additional_category_price','0.5'),(36,'enable_rating_ajax','1'),(37,'service_nicecoder_avail','1'),(38,'enable_recaptcha','0'),(39,'recaptcha_publickey',''),(40,'recaptcha_privatekey',''),(41,'enable_bidding','0'),(42,'minimum_bid','5'),(43,'bid_increament','1'),(44,'charset','utf-8'),(45,'mailer','mail'),(46,'smtp_auth','0'),(47,'smtp_host',''),(48,'smtp_username',''),(49,'smtp_password',''),(50,'smtp_port','25'),(51,'emailbody_as_html','0'),(52,'indexu_version','2.4'),(53,'tos',''),(54,'submission_guidelines','');

--
-- Table structure for table `idx_tags`
--

CREATE TABLE `idx_tags` (
  `tag` varchar(64) NOT NULL default '',
  `category_id` mediumint(8) unsigned NOT NULL default '0',
  `total` int(11) NOT NULL default '0',
  `tag_path` varchar(64) NOT NULL,
  PRIMARY KEY  (`tag`,`category_id`)
) ENGINE=MyISAM DEFAULT CHARSET=latin1;

--
-- Dumping data for table `idx_tags`
--


--
-- Table structure for table `idx_unavailable`
--

CREATE TABLE `idx_unavailable` (
  `idx_unavailable` int(11) NOT NULL auto_increment,
  `link_id` int(11) default NULL,
  `url` varchar(255) default NULL,
  `who_is` varchar(255) default NULL,
  `note` text,
  `date` datetime default NULL,
  PRIMARY KEY  (`idx_unavailable`)
) ENGINE=MyISAM DEFAULT CHARSET=latin1;

--
-- Dumping data for table `idx_unavailable`
--


--
-- Table structure for table `idx_unavailable_latest`
--

CREATE TABLE `idx_unavailable_latest` (
  `idx_link` int(11) default NULL,
  `record_execution` int(11) default NULL
) ENGINE=MyISAM DEFAULT CHARSET=latin1;

--
-- Dumping data for table `idx_unavailable_latest`
--


--
-- Table structure for table `idx_votes`
--

CREATE TABLE `idx_votes` (
  `link_id` mediumint(9) NOT NULL default '0',
  `ip` varchar(100) default NULL,
  `value` tinyint(4) default NULL
) ENGINE=MyISAM DEFAULT CHARSET=latin1;

--
-- Dumping data for table `idx_votes`
--



