--
-- Host: gogodex.com    Database: gogodex_god
-- ------------------------------------------------------


--
-- Not dumping tablespaces as no INFORMATION_SCHEMA.FILES table on this server
--

--
-- Table structure for table `directory_save_data`
--

CREATE TABLE `directory_save_data` (
  `id` bigint(100) NOT NULL auto_increment,
  `schedule_id` bigint(100) NOT NULL,
  `project_id` bigint(100) NOT NULL,
  `link_id` bigint(100) NOT NULL,
  `confirm_link` text NOT NULL,
  `category_id` int(10) NOT NULL,
  `category_name` varchar(150) NOT NULL,
  PRIMARY KEY  (`id`)
) ENGINE=InnoDB DEFAULT CHARSET=latin1;

--
-- Dumping data for table `directory_save_data`
--


--
-- Table structure for table `idx_admin_menu`
--

CREATE TABLE `idx_admin_menu` (
  `menu_id` int(11) NOT NULL auto_increment,
  `parent_id` int(11) default NULL,
  `menu_title` varchar(255) default NULL,
  `menu_url` varchar(255) default NULL,
  `order_number` int(11) default NULL,
  PRIMARY KEY  (`menu_id`)
) ENGINE=MyISAM AUTO_INCREMENT=85 DEFAULT CHARSET=latin1;

--
-- Dumping data for table `idx_admin_menu`
--



--
-- Table structure for table `idx_bad_link`
--

CREATE TABLE `idx_bad_link` (
  `bad_link_id` mediumint(9) unsigned NOT NULL auto_increment,
  `link_id` mediumint(9) unsigned NOT NULL default '0',
  `name` varchar(50) NOT NULL default '',
  `email` varchar(50) NOT NULL default '',
  `type` tinyint(3) unsigned NOT NULL default '0',
  `date` date NOT NULL default '0000-00-00',
  PRIMARY KEY  (`bad_link_id`)
) ENGINE=MyISAM DEFAULT CHARSET=latin1;

--
-- Dumping data for table `idx_bad_link`
--


--
-- Table structure for table `idx_badwords`
--

CREATE TABLE `idx_badwords` (
  `word` varchar(100) NOT NULL default ''
) ENGINE=MyISAM DEFAULT CHARSET=latin1;

--
-- Dumping data for table `idx_badwords`
--


--
-- Table structure for table `idx_blocked_domain`
--

CREATE TABLE `idx_blocked_domain` (
  `blocked_id` int(11) NOT NULL auto_increment,
  `blocked` varchar(255) default NULL,
  `type` enum('domain','ip') default NULL,
  PRIMARY KEY  (`blocked_id`)
) ENGINE=MyISAM AUTO_INCREMENT=6 DEFAULT CHARSET=latin1;

--
-- Dumping data for table `idx_blocked_domain`
--

INSERT INTO `idx_blocked_domain` VALUES (1,'buydomains.com','domain'),(2,'this-domain-for-sale.com ','domain'),(3,'oversee.net','domain'),(4,'eNom','domain'),(5,'sedoparking.com','domain');

--
-- Table structure for table `idx_category`
--

CREATE TABLE `idx_category` (
  `category_id` mediumint(9) unsigned NOT NULL auto_increment,
  `parent_id` mediumint(9) unsigned NOT NULL default '0',
  `name` varchar(100) NOT NULL default '',
  `description` text NOT NULL,
  `image` varchar(100) default NULL,
  `content` text,
  `visible` char(1) default NULL,
  `links` mediumint(9) default NULL,
  `meta_keyword` text,
  `meta_description` text,
  `permission` char(2) default NULL,
  `registered_only` char(1) default NULL,
  `header` text NOT NULL,
  `footer` text NOT NULL,
  `related` mediumint(6) NOT NULL default '0',
  `page_title` varchar(200) NOT NULL default '',
  `hits` int(11) NOT NULL default '0',
  `order_num` smallint(6) NOT NULL default '0',
  `basic_price` double unsigned NOT NULL default '0',
  `premium_price` double unsigned NOT NULL default '0',
  `sponsored_price` double unsigned NOT NULL default '0',
  PRIMARY KEY  (`category_id`)
) ENGINE=MyISAM AUTO_INCREMENT=36 DEFAULT CHARSET=latin1;

--
-- Dumping data for table `idx_category`
--

INSERT INTO `idx_category` VALUES (1,0,'Arts & Humanities','','folder.gif','','1',10,'','','0','0','','',0,'',0,0,0,0,0),(2,0,'Automobile industry','','folder.gif','','1',30,'','','0','0','','',0,'',0,0,0,0,0),(3,0,'Business & Economy','','folder.gif','','1',117,'','','0','0','','',0,'',0,0,0,0,0),(4,0,'Careers','','folder.gif','','1',1,'','','0','0','','',0,'',0,0,0,0,0),(5,0,'Clothing & Fashion','','folder.gif','','1',7,'','','0','0','','',0,'',0,0,0,0,0),(6,0,'Mass Communications','','folder.gif','','1',15,'','','0','0','','',0,'',0,0,0,0,0),(7,0,'Computers & IT','','folder.gif','','1',15,'','','0','0','','',0,'',0,0,0,0,0),(8,0,'Building & Construction','','folder.gif','','1',67,'','','0','0','','',0,'',0,0,0,0,0),(9,0,'Dental','','folder.gif','','1',39,'','','0','0','','',0,'',0,0,0,0,0),(10,0,'Educational Resources','','folder.gif','','1',23,'','','0','0','','',0,'',0,0,0,0,0),(11,0,'Recruitment Services','','folder.gif','','1',1,'','','0','0','','',0,'',0,0,0,0,0),(12,0,'Gifts & Flowers','','folder.gif','','1',19,'','','0','0','','',0,'',0,0,0,0,0),(13,0,'Hardware & Software Resources','','folder.gif','','1',10,'','','0','0','','',0,'',0,0,0,0,0),(14,0,'Medical & Health','','folder.gif','','1',21,'','','0','0','','',0,'',0,0,0,0,0),(15,0,'Healthcare Management ','','folder.gif','','1',118,'','','0','0','','',0,'',0,0,0,0,0),(16,0,'Heating and Air Conditioning Contractors','','folder.gif','','1',43,'','','0','0','','',0,'',0,0,0,0,0),(17,0,'Home & Family','','folder.gif','','1',212,'','','0','0','','',0,'',0,0,0,0,0),(18,0,'Home Improvement & Decor','','folder.gif','','1',67,'','','0','0','','',0,'',0,0,0,0,0),(19,0,'Hotels & Accomadation','','folder.gif','','1',26,'','','0','0','','',0,'',0,0,0,0,0),(20,0,'Insurance Companies','','folder.gif','','1',22,'','','0','0','','',0,'',0,0,0,0,0),(21,0,'Law','','folder.gif','','1',1,'','','0','0','','',0,'',0,0,0,0,0),(22,0,'Lawyers & Judges','','folder.gif','','1',145,'','','0','0','','',0,'',0,0,0,0,0),(23,0,'Dating & Relationships ','','folder.gif','','1',8,'','','0','0','','',0,'',0,0,0,0,0),(24,0,'Medicine & Hospitals ','','folder.gif','','1',5,'','','0','0','','',0,'',0,0,0,0,0),(25,0,'Finance & Investment Services','','folder.gif','','1',15,'','','0','0','','',0,'',0,0,0,0,0),(26,0,'News & Magazines','','folder.gif','','1',1,'','','0','0','','',0,'',0,0,0,0,0),(27,0,'Plumbing Services','','folder.gif','','1',30,'','','0','0','','',0,'',0,0,0,0,0),(28,0,'Real Estate Development','','folder.gif','','1',29,'','','0','0','','',0,'',0,0,0,0,0),(29,0,'Energy & Science ','','folder.gif','','1',13,'','','0','0','','',0,'',0,0,0,0,0),(30,0,'SEO ,SMO & PPC','','folder.gif','','1',17,'','','0','0','','',0,'',0,0,0,0,0),(31,0,'Shopping and Retail','','folder.gif','','1',59,'','','0','0','','',0,'',0,0,0,0,0),(32,0,'Recreation & Sports','','folder.gif','','1',7,'','','0','0','','',0,'',0,0,0,0,0),(33,0,'Transport & Moving Services ','','folder.gif','','1',33,'','','0','0','','',0,'',0,0,0,0,0),(34,0,'Travel Industry','','folder.gif','','1',22,'','','0','0','','',0,'',0,0,0,0,0),(35,0,'Wedding & Events','','folder.gif','','1',11,'','','0','0','','',0,'',0,0,0,0,0);

--
-- Table structure for table `idx_category_path`
--

CREATE TABLE `idx_category_path` (
  `category_id` mediumint(9) NOT NULL default '0',
  `path` text,
  `path_with_url` text,
  `parents` text,
  PRIMARY KEY  (`category_id`)
) ENGINE=MyISAM DEFAULT CHARSET=latin1;

--
-- Dumping data for table `idx_category_path`
--

INSERT INTO `idx_category_path` VALUES (1,'Arts & Humanities','<a href=\"http://gogodex.com/arts-humanities/\" name=\"cat_1\" style=\"\">Arts & Humanities</a>',';0;'),(2,'Automobile industry','<a href=\"http://gogodex.com/automobile-industry/\" name=\"cat_2\" style=\"\">Automobile industry</a>',';0;'),(3,'Business & Economy','<a href=\"http://gogodex.com/business-economy/\" name=\"cat_3\" style=\"\">Business & Economy</a>',';0;'),(4,'Careers','<a href=\"http://gogodex.com/careers/\" name=\"cat_4\" style=\"\">Careers</a>',';0;'),(5,'Clothing & Fashion','<a href=\"http://gogodex.com/clothing-fashion/\" name=\"cat_5\" style=\"\">Clothing & Fashion</a>',';0;'),(6,'Mass Communications','<a href=\"http://gogodex.com/mass-communications/\" name=\"cat_6\" style=\"\">Mass Communications</a>',';0;'),(7,'Computers & IT','<a href=\"http://gogodex.com/computers-it/\" name=\"cat_7\" style=\"\">Computers & IT</a>',';0;'),(8,'Building & Construction','<a href=\"http://gogodex.com/building-construction/\" name=\"cat_8\" style=\"\">Building & Construction</a>',';0;'),(9,'Dental','<a href=\"http://gogodex.com/dental/\" name=\"cat_9\" style=\"\">Dental</a>',';0;'),(10,'Educational Resources','<a href=\"http://gogodex.com/educational-resources/\" name=\"cat_10\" style=\"\">Educational Resources</a>',';0;'),(11,'Recruitment Services','<a href=\"http://gogodex.com/recruitment-services/\" name=\"cat_11\" style=\"\">Recruitment Services</a>',';0;'),(12,'Gifts & Flowers','<a href=\"http://gogodex.com/gifts-flowers/\" name=\"cat_12\" style=\"\">Gifts & Flowers</a>',';0;'),(13,'Hardware & Software Resources','<a href=\"http://gogodex.com/hardware-software-resources/\" name=\"cat_13\" style=\"\">Hardware & Software Resources</a>',';0;'),(14,'Medical & Health','<a href=\"http://gogodex.com/medical-health/\" name=\"cat_14\" style=\"\">Medical & Health</a>',';0;'),(15,'Healthcare Management ','<a href=\"http://gogodex.com/healthcare-management/\" name=\"cat_15\" style=\"\">Healthcare Management </a>',';0;'),(16,'Heating and Air Conditioning Contractors','<a href=\"http://gogodex.com/heating-and-air-conditioning-contractors/\" name=\"cat_16\" style=\"\">Heating and Air Conditioning Contractors</a>',';0;'),(17,'Home & Family','<a href=\"http://gogodex.com/home-family/\" name=\"cat_17\" style=\"\">Home & Family</a>',';0;'),(18,'Home Improvement & Decor','<a href=\"http://gogodex.com/home-improvement-decor/\" name=\"cat_18\" style=\"\">Home Improvement & Decor</a>',';0;'),(19,'Hotels & Accomadation','<a href=\"http://gogodex.com/hotels-accomadation/\" name=\"cat_19\" style=\"\">Hotels & Accomadation</a>',';0;'),(20,'Insurance Companies','<a href=\"http://gogodex.com/insurance-companies/\" name=\"cat_20\" style=\"\">Insurance Companies</a>',';0;'),(21,'Law','<a href=\"http://gogodex.com/law/\" name=\"cat_21\" style=\"\">Law</a>',';0;'),(22,'Lawyers & Judges','<a href=\"http://gogodex.com/lawyers-judges/\" name=\"cat_22\" style=\"\">Lawyers & Judges</a>',';0;'),(23,'Dating & Relationships ','<a href=\"http://gogodex.com/dating-relationships/\" name=\"cat_23\" style=\"\">Dating & Relationships </a>',';0;'),(24,'Medicine & Hospitals ','<a href=\"http://gogodex.com/medicine-hospitals/\" name=\"cat_24\" style=\"\">Medicine & Hospitals </a>',';0;'),(25,'Finance & Investment Services','<a href=\"http://gogodex.com/finance-investment-services/\" name=\"cat_25\" style=\"\">Finance & Investment Services</a>',';0;'),(26,'News & Magazines','<a href=\"http://gogodex.com/news-magazines/\" name=\"cat_26\" style=\"\">News & Magazines</a>',';0;'),(27,'Plumbing Services','<a href=\"http://gogodex.com/plumbing-services/\" name=\"cat_27\" style=\"\">Plumbing Services</a>',';0;'),(28,'Real Estate Development','<a href=\"http://gogodex.com/real-estate-development/\" name=\"cat_28\" style=\"\">Real Estate Development</a>',';0;'),(29,'Energy & Science ','<a href=\"http://gogodex.com/energy-science/\" name=\"cat_29\" style=\"\">Energy & Science </a>',';0;'),(30,'SEO ,SMO & PPC','<a href=\"http://gogodex.com/seo-smo-ppc/\" name=\"cat_30\" style=\"\">SEO ,SMO & PPC</a>',';0;'),(31,'Shopping and Retail','<a href=\"http://gogodex.com/shopping-and-retail/\" name=\"cat_31\" style=\"\">Shopping and Retail</a>',';0;'),(32,'Recreation & Sports','<a href=\"http://gogodex.com/recreation-sports/\" name=\"cat_32\" style=\"\">Recreation & Sports</a>',';0;'),(33,'Transport & Moving Services ','<a href=\"http://gogodex.com/transport-moving-services/\" name=\"cat_33\" style=\"\">Transport & Moving Services </a>',';0;'),(34,'Travel Industry','<a href=\"http://gogodex.com/travel-industry/\" name=\"cat_34\" style=\"\">Travel Industry</a>',';0;'),(35,'Wedding & Events','<a href=\"http://gogodex.com/wedding-events/\" name=\"cat_35\" style=\"\">Wedding & Events</a>',';0;');

--
-- Table structure for table `idx_category_suggession`
--

CREATE TABLE `idx_category_suggession` (
  `id_cat_suggession` int(11) NOT NULL auto_increment,
  `parent_id` int(11) default NULL,
  `name` varchar(255) default NULL,
  `category_description` text,
  `date` datetime default NULL,
  PRIMARY KEY  (`id_cat_suggession`)
) ENGINE=MyISAM AUTO_INCREMENT=2 DEFAULT CHARSET=latin1;

--
-- Dumping data for table `idx_category_suggession`
--

INSERT INTO `idx_category_suggession` VALUES (1,18,'Pest Control Services','Pest control operators that eliminate pests in residential or commercial properties','2012-01-17 17:08:32');

--
-- Table structure for table `idx_checkurl`
--

CREATE TABLE `idx_checkurl` (
  `link_id` mediumint(9) NOT NULL default '0',
  `date` date NOT NULL default '0000-00-00',
  `live` char(1) NOT NULL default '',
  `reciprocal_found` char(1) NOT NULL default '',
  PRIMARY KEY  (`link_id`)
) ENGINE=MyISAM DEFAULT CHARSET=latin1;

--
-- Dumping data for table `idx_checkurl`
--


--
-- Table structure for table `idx_cronjobs`
--

CREATE TABLE `idx_cronjobs` (
  `cronjobs_id` int(11) NOT NULL auto_increment,
  `cronjobs_name` varchar(255) default NULL,
  `filename` varchar(255) NOT NULL,
  `schedule` varchar(255) NOT NULL,
  `time` datetime NOT NULL,
  `execution` varchar(1) NOT NULL,
  PRIMARY KEY  (`cronjobs_id`)
) ENGINE=MyISAM AUTO_INCREMENT=4 DEFAULT CHARSET=latin1;

--
-- Dumping data for table `idx_cronjobs`
--

INSERT INTO `idx_cronjobs` VALUES (1,NULL,'clear_templates_c.php','1,*,*,*,*','0000-00-00 00:00:00',''),(2,NULL,'update_tag_cloud.php','*,24,*,*,*','0000-00-00 00:00:00',''),(3,NULL,'clear_rss_cache.php','*,24,*,*,*','0000-00-00 00:00:00','');

--
-- Table structure for table `idx_custom_field`
--

CREATE TABLE `idx_custom_field` (
  `field_name` varchar(32) NOT NULL default '',
  `field_text` varchar(64) NOT NULL default '',
  `field_type` enum('TEXT','TEXTAREA','SELECT','MULTISELECT','CHECKBOX','RADIO','FILE','IMAGE','DATE','DATETIME','RICHEDITOR') NOT NULL default 'TEXT',
  `field_option` text NOT NULL,
  `field_img_width` int(10) unsigned NOT NULL default '0',
  `field_img_height` int(10) unsigned NOT NULL default '0',
  `field_file_size` int(10) unsigned NOT NULL default '0',
  `field_file_extension` varchar(64) NOT NULL default '',
  `required` char(1) NOT NULL default '0',
  `searchable` char(1) NOT NULL default '1',
  `permission` char(1) NOT NULL default '0'
) ENGINE=MyISAM DEFAULT CHARSET=latin1;

--
-- Dumping data for table `idx_custom_field`
--

INSERT INTO `idx_custom_field` VALUES ('image','Image','IMAGE','',0,0,0,'','0','0','2'),('address','Address','TEXT','',0,0,0,'','0','0','0'),('city','City','TEXT','',0,0,0,'','0','0','0'),('state','State','TEXT','',0,0,0,'','0','0','0'),('country','Country','TEXT','',0,0,0,'','0','0','0'),('zip','Zip','TEXT','',0,0,0,'','0','0','0'),('phone','Phone','TEXT','',0,0,0,'','0','0','0'),('fax','Fax','TEXT','',0,0,0,'','0','0','0');

--
-- Table structure for table `idx_default_field`
--

CREATE TABLE `idx_default_field` (
  `field_name` varchar(64) NOT NULL,
  `required` char(1) NOT NULL,
  `visible` char(1) NOT NULL default '1',
  `searchable` char(1) NOT NULL default '1'
) ENGINE=MyISAM DEFAULT CHARSET=latin1;

--
-- Dumping data for table `idx_default_field`
--

INSERT INTO `idx_default_field` VALUES ('title','1','1','1'),('url','1','1','1'),('description','1','1','1'),('keywords','1','1','0'),('contact_name','1','1','1'),('email','1','1','1'),('reciprocal_url','0','0','1');

--
-- Table structure for table `idx_discount_coupon`
--

CREATE TABLE `idx_discount_coupon` (
  `coupon_id` int(11) NOT NULL auto_increment,
  `coupon_code` varchar(255) default NULL,
  `coupon_value` varchar(50) default NULL,
  `link_type` varchar(255) default NULL,
  `start_date` date default NULL,
  `expired_date` date default NULL,
  `expired_usage` int(11) default NULL,
  `usage_count` int(11) default NULL,
  PRIMARY KEY  (`coupon_id`)
) ENGINE=MyISAM DEFAULT CHARSET=latin1;

--
-- Dumping data for table `idx_discount_coupon`
--


--
-- Table structure for table `idx_editor`
--

CREATE TABLE `idx_editor` (
  `username` varchar(20) default NULL,
  `category_id` mediumint(9) default NULL,
  `category` char(1) default NULL,
  `link` char(1) default NULL,
  `review` char(1) default NULL,
  `pick` char(1) default NULL,
  `status` char(1) default NULL,
  `date` date default NULL
) ENGINE=MyISAM DEFAULT CHARSET=latin1;

--
-- Dumping data for table `idx_editor`
--


--
-- Table structure for table `idx_email_template`
--

CREATE TABLE `idx_email_template` (
  `email_template_id` int(10) unsigned NOT NULL auto_increment,
  `name` varchar(255) default NULL,
  `subject` varchar(255) default NULL,
  `body` text,
  `altbody` text,
  PRIMARY KEY  (`email_template_id`)
) ENGINE=MyISAM AUTO_INCREMENT=37 DEFAULT CHARSET=latin1;

--
-- Dumping data for table `idx_email_template`
--



--
-- Table structure for table `idx_favorites`
--

CREATE TABLE `idx_favorites` (
  `favorite_id` int(11) NOT NULL auto_increment,
  `username` varchar(20) default NULL,
  `date` date default NULL,
  `title` varchar(100) default NULL,
  `description` text,
  PRIMARY KEY  (`favorite_id`)
) ENGINE=MyISAM AUTO_INCREMENT=2 DEFAULT CHARSET=latin1;

--
-- Dumping data for table `idx_favorites`
--

INSERT INTO `idx_favorites` VALUES (1,'adaptive84','2011-12-07','My Favorites',NULL);

--
-- Table structure for table `idx_favorites_detail`
--

CREATE TABLE `idx_favorites_detail` (
  `favorite_id` int(11) default NULL,
  `link_id` mediumint(9) default NULL
) ENGINE=MyISAM DEFAULT CHARSET=latin1;

--
-- Dumping data for table `idx_favorites_detail`
--


--
-- Table structure for table `idx_hook_place`
--

CREATE TABLE `idx_hook_place` (
  `hook_place_id` int(11) NOT NULL auto_increment,
  `filename` varchar(255) default NULL,
  `hookname` varchar(255) default NULL,
  PRIMARY KEY  (`hook_place_id`)
) ENGINE=MyISAM DEFAULT CHARSET=latin1;

--
-- Dumping data for table `idx_hook_place`
--


--
-- Table structure for table `idx_invoice`
--

CREATE TABLE `idx_invoice` (
  `invoice_id` varchar(10) NOT NULL default '',
  `invoice_date` date default NULL,
  `due_date` date default NULL,
  `invoiced_to` text,
  `service` varchar(255) default NULL,
  `description` text,
  `total` double(8,2) default NULL,
  `comment` text,
  `paid` char(1) default NULL,
  `paid_date` date default NULL,
  `email` varchar(255) default NULL,
  PRIMARY KEY  (`invoice_id`)
) ENGINE=MyISAM DEFAULT CHARSET=latin1;

--
-- Dumping data for table `idx_invoice`
--


--
-- Table structure for table `idx_invoice_config`
--

CREATE TABLE `idx_invoice_config` (
  `company` varchar(255) default NULL,
  `contact` varchar(255) default NULL,
  `address` text,
  `phone` varchar(255) default NULL,
  `email` varchar(255) default NULL,
  `currency_symbol` varchar(255) default '$',
  `currency_code` varchar(255) default 'USD'
) ENGINE=MyISAM DEFAULT CHARSET=latin1;

--
-- Dumping data for table `idx_invoice_config`
--

INSERT INTO `idx_invoice_config` VALUES ('Your website / Company','Billing Department','Your address','Your phone #','Billing<name@yourdomain.com>','$','USD');

--
-- Table structure for table `idx_link_temp`
--

CREATE TABLE `idx_link_temp` (
  `vid` mediumint(9) unsigned NOT NULL auto_increment,
  `spam` char(1) NOT NULL default '0',
  `link_id` mediumint(9) default NULL,
  `category_id` mediumint(9) unsigned NOT NULL default '0',
  `title` varchar(100) NOT NULL default '',
  `url` text NOT NULL,
  `description` text NOT NULL,
  `contact_name` varchar(100) NOT NULL default '',
  `email` varchar(100) NOT NULL default '',
  `hits` mediumint(9) default NULL,
  `votes` smallint(6) default NULL,
  `rating` float(4,2) default NULL,
  `date` datetime NOT NULL default '0000-00-00 00:00:00',
  `bid` smallint(6) NOT NULL default '0',
  `new` char(1) default NULL,
  `hot` char(1) default NULL,
  `top_rated` char(1) default NULL,
  `pick` char(1) default NULL,
  `password` varchar(20) default NULL,
  `updated` char(1) default NULL,
  `reviews` smallint(6) default NULL,
  `avg_review` float(4,2) default NULL,
  `last_updated` datetime default NULL,
  `official_review` text,
  `keywords` varchar(255) default NULL,
  `cat1` mediumint(6) NOT NULL default '0',
  `cat2` mediumint(6) NOT NULL default '0',
  `suspended` char(1) NOT NULL default '0',
  `reciprocal_url` varchar(255) default NULL,
  `address` varchar(255) default NULL,
  `city` varchar(255) default NULL,
  `state` varchar(255) default NULL,
  `country` varchar(255) default NULL,
  `zip` varchar(255) default NULL,
  `image` varchar(255) default NULL,
  `phone` varchar(255) default NULL,
  `fax` varchar(255) default NULL,
  PRIMARY KEY  (`vid`)
) ENGINE=MyISAM DEFAULT CHARSET=latin1;

--
-- Dumping data for table `idx_link_temp`
--


--
-- Table structure for table `idx_link_temp_user`
--

CREATE TABLE `idx_link_temp_user` (
  `vid` mediumint(9) unsigned NOT NULL default '0',
  `username` varchar(20) NOT NULL default '',
  PRIMARY KEY  (`vid`)
) ENGINE=MyISAM DEFAULT CHARSET=latin1;

--
-- Dumping data for table `idx_link_temp_user`
--


--
-- Table structure for table `idx_link_user`
--

CREATE TABLE `idx_link_user` (
  `link_id` mediumint(9) unsigned NOT NULL default '0',
  `username` varchar(20) NOT NULL default '',
  PRIMARY KEY  (`link_id`)
) ENGINE=MyISAM DEFAULT CHARSET=latin1;

--
-- Dumping data for table `idx_link_user`
--


--
-- Table structure for table `idx_mailing_list`
--

CREATE TABLE `idx_mailing_list` (
  `email` varchar(50) NOT NULL default '',
  `code` varchar(4) default NULL,
  `status` char(1) default NULL,
  PRIMARY KEY  (`email`)
) ENGINE=MyISAM DEFAULT CHARSET=latin1;

--
-- Dumping data for table `idx_mailing_list`
--


--
-- Table structure for table `idx_message`
--

CREATE TABLE `idx_message` (
  `message_id` smallint(6) NOT NULL auto_increment,
  `date` date default NULL,
  `body` text,
  `subject` varchar(100) default NULL,
  PRIMARY KEY  (`message_id`)
) ENGINE=MyISAM DEFAULT CHARSET=latin1;

--
-- Dumping data for table `idx_message`
--


--
-- Table structure for table `idx_notification`
--

CREATE TABLE `idx_notification` (
  `username` varchar(20) NOT NULL default '',
  `category_id` mediumint(9) NOT NULL default '0'
) ENGINE=MyISAM DEFAULT CHARSET=latin1;

--
-- Dumping data for table `idx_notification`
--


--
-- Table structure for table `idx_pagerank`
--

CREATE TABLE `idx_pagerank` (
  `link_id` mediumint(8) unsigned NOT NULL default '0',
  `engine` char(1) NOT NULL default '',
  `rank` tinyint(4) NOT NULL default '0',
  `last_update` date NOT NULL default '0000-00-00',
  PRIMARY KEY  (`link_id`,`engine`)
) ENGINE=MyISAM DEFAULT CHARSET=latin1;

--
-- Dumping data for table `idx_pagerank`
--

INSERT INTO `idx_pagerank` VALUES (8,'g',3,'2011-09-29'),(3,'g',4,'2011-09-30'),(4,'g',2,'2011-09-30'),(9,'g',2,'2011-09-29'),(7,'g',2,'2011-09-30'),(6,'g',2,'2011-09-22'),(2,'g',0,'2011-09-30'),(5,'g',0,'2011-09-30'),(10,'g',0,'2011-09-30'),(11,'g',3,'2011-09-21'),(12,'g',1,'2011-09-19'),(15,'g',0,'2011-10-07'),(13,'g',4,'2011-09-29'),(14,'g',3,'2011-09-30'),(18,'g',0,'2011-10-07'),(17,'g',0,'2011-10-02'),(30,'g',0,'2011-10-07'),(22,'g',0,'2012-03-01'),(19,'g',0,'2011-10-07'),(27,'g',0,'2011-10-07'),(20,'g',0,'2011-10-07'),(29,'g',0,'2011-10-07'),(16,'g',0,'2011-10-07'),(25,'g',0,'2011-10-07'),(21,'g',0,'2011-10-07'),(31,'g',0,'2011-09-08'),(1,'g',0,'2011-10-14'),(23,'g',0,'2012-02-03'),(24,'g',0,'2012-02-03'),(26,'g',1,'2011-09-10'),(28,'g',4,'2011-09-10'),(33,'g',0,'2011-09-11'),(37,'g',6,'2011-09-12'),(39,'g',2,'2011-09-16'),(42,'g',2,'2011-09-16'),(44,'g',2,'2011-09-16'),(43,'g',2,'2011-09-16'),(40,'g',0,'2011-09-16'),(41,'g',2,'2011-09-16'),(45,'g',2,'2011-09-16'),(49,'g',0,'2011-09-17'),(34,'g',0,'2012-02-03'),(32,'g',6,'2011-09-17'),(35,'g',1,'2011-09-17'),(47,'g',4,'2011-09-17'),(36,'g',0,'2011-09-18'),(48,'g',0,'2011-09-18'),(38,'g',2,'2011-09-18'),(58,'g',0,'2012-01-20'),(60,'g',0,'2012-01-20'),(59,'g',0,'2012-02-13'),(78,'g',0,'2012-01-07'),(76,'g',0,'2012-02-13'),(73,'g',0,'2012-02-13'),(80,'g',0,'2012-02-13'),(77,'g',0,'2012-02-13'),(51,'g',0,'2011-09-22'),(71,'g',0,'2012-02-03'),(74,'g',0,'2012-02-03'),(70,'g',0,'2012-02-03'),(63,'g',2,'2011-09-24'),(83,'g',0,'2012-01-17'),(82,'g',0,'2012-01-17'),(88,'g',0,'2012-01-07'),(89,'g',0,'2012-02-12'),(85,'g',2,'2011-09-27'),(94,'g',0,'2011-09-28'),(87,'g',0,'2012-02-03'),(90,'g',0,'2012-02-03'),(86,'g',0,'2012-02-24'),(95,'g',0,'2012-02-03'),(97,'g',0,'2012-01-17'),(119,'g',0,'2012-01-17'),(91,'g',0,'2012-02-03'),(79,'g',0,'2012-02-03'),(96,'g',0,'2012-02-03'),(72,'g',0,'2012-01-23'),(101,'g',0,'2012-02-03'),(75,'g',0,'2012-02-24'),(67,'g',3,'2011-10-02'),(68,'g',3,'2011-10-02'),(118,'g',0,'2012-02-24'),(141,'g',0,'2012-02-16'),(124,'g',0,'2012-01-17'),(133,'g',0,'2012-01-17'),(185,'g',2,'2011-10-04'),(199,'g',0,'2011-10-04'),(170,'g',2,'2011-10-04'),(222,'g',2,'2011-10-04'),(154,'g',0,'2012-02-03'),(212,'g',2,'2011-10-04'),(137,'g',0,'2012-03-07'),(537,'g',0,'2012-02-03'),(547,'g',0,'2011-10-05'),(544,'g',0,'2012-02-13'),(554,'g',4,'2011-10-05'),(52,'g',2,'2011-10-05'),(93,'g',4,'2011-10-05'),(92,'g',1,'2011-10-05'),(227,'g',0,'2011-11-16'),(142,'g',0,'2012-02-27'),(98,'g',0,'2012-02-03'),(117,'g',0,'2011-10-06'),(146,'g',0,'2012-01-17'),(145,'g',0,'2012-02-03'),(628,'g',0,'2012-02-03'),(641,'g',0,'2012-02-03'),(216,'g',0,'2011-10-07'),(131,'g',0,'2012-02-03'),(151,'g',0,'2012-02-03'),(143,'g',0,'2012-02-03'),(158,'g',0,'2012-02-03'),(203,'g',0,'2011-10-07'),(600,'g',0,'2011-11-19'),(602,'g',0,'2011-11-19'),(221,'g',0,'2011-10-07'),(601,'g',0,'2011-11-19'),(81,'g',0,'2012-02-16'),(144,'g',0,'2012-01-17'),(174,'g',0,'2011-10-07'),(140,'g',0,'2012-02-03'),(139,'g',0,'2012-02-15'),(138,'g',0,'2012-02-03'),(157,'g',0,'2012-02-03'),(134,'g',0,'2012-02-03'),(159,'g',0,'2011-10-07'),(147,'g',0,'2012-03-05'),(161,'g',0,'2011-10-07'),(163,'g',0,'2011-10-07'),(186,'g',0,'2011-10-07'),(192,'g',0,'2011-10-07'),(205,'g',0,'2011-10-07'),(303,'g',0,'2012-03-07'),(189,'g',0,'2011-10-07'),(338,'g',0,'2011-10-07'),(367,'g',0,'2011-10-07'),(409,'g',0,'2011-10-07'),(479,'g',0,'2011-10-07'),(609,'g',0,'2012-03-07'),(103,'g',0,'2012-01-20'),(610,'g',0,'2012-03-07'),(104,'g',0,'2012-01-27'),(646,'g',0,'2012-01-23'),(105,'g',0,'2012-01-20'),(106,'g',0,'2012-01-27'),(607,'g',0,'2011-10-07'),(272,'g',0,'2012-02-03'),(750,'g',0,'2012-02-03'),(654,'g',0,'2012-02-03'),(533,'g',0,'2012-03-03'),(531,'g',0,'2012-02-11'),(615,'g',0,'2012-03-05'),(236,'g',0,'2012-03-04'),(636,'g',0,'2012-02-03'),(248,'g',0,'2011-10-07'),(261,'g',0,'2012-02-03'),(150,'g',0,'2012-02-03'),(166,'g',0,'2011-10-07'),(132,'g',0,'2012-02-13'),(181,'g',0,'2011-10-07'),(135,'g',0,'2012-02-15'),(195,'g',0,'2011-10-07'),(136,'g',0,'2011-11-12'),(153,'g',0,'2012-02-15'),(208,'g',0,'2011-10-07'),(218,'g',0,'2011-10-07'),(238,'g',0,'2011-11-16'),(198,'g',0,'2011-10-07'),(230,'g',0,'2012-02-03'),(233,'g',0,'2012-02-03'),(266,'g',0,'2012-02-03'),(328,'g',0,'2012-02-03'),(579,'g',0,'2011-10-07'),(580,'g',0,'2011-10-07'),(582,'g',0,'2011-10-07'),(583,'g',0,'2011-10-07'),(584,'g',0,'2011-10-07'),(129,'g',0,'2012-02-03'),(585,'g',0,'2011-10-07'),(232,'g',0,'2012-02-07'),(599,'g',0,'2011-10-07'),(604,'g',0,'2011-10-07'),(606,'g',0,'2011-10-07'),(100,'g',0,'2012-02-03'),(302,'g',0,'2012-02-03'),(149,'g',0,'2012-03-04'),(337,'g',0,'2011-10-07'),(165,'g',0,'2011-10-07'),(365,'g',0,'2011-10-07'),(180,'g',0,'2011-10-07'),(408,'g',0,'2011-10-07'),(443,'g',0,'2011-10-07'),(194,'g',0,'2011-10-07'),(478,'g',0,'2011-10-07'),(217,'g',0,'2011-10-07'),(535,'g',0,'2012-02-15'),(625,'g',0,'2012-03-04'),(536,'g',0,'2012-02-15'),(633,'g',0,'2012-03-04'),(542,'g',0,'2012-02-12'),(173,'g',0,'2011-10-07'),(188,'g',0,'2011-10-07'),(190,'g',0,'2011-10-07'),(196,'g',0,'2011-10-07'),(344,'g',0,'2011-10-07'),(202,'g',0,'2011-10-07'),(209,'g',0,'2011-10-07'),(379,'g',0,'2011-10-07'),(396,'g',0,'2011-10-07'),(415,'g',0,'2011-10-07'),(450,'g',0,'2011-10-07'),(485,'g',0,'2011-10-07'),(501,'g',0,'2011-10-07'),(526,'g',0,'2011-11-15'),(635,'g',0,'2011-12-03'),(648,'g',0,'2011-12-03'),(219,'g',0,'2011-10-07'),(228,'g',0,'2011-11-16'),(234,'g',0,'2011-11-16'),(239,'g',0,'2011-11-15'),(250,'g',0,'2011-10-07'),(309,'g',0,'2011-11-15'),(229,'g',0,'2012-03-05'),(258,'g',0,'2011-10-07'),(274,'g',0,'2012-03-05'),(279,'g',0,'2012-02-03'),(69,'g',0,'2011-10-07'),(84,'g',0,'2011-10-07'),(126,'g',0,'2011-10-07'),(128,'g',0,'2011-10-07'),(50,'g',0,'2011-10-07'),(61,'g',0,'2011-10-07'),(56,'g',0,'2011-10-07'),(62,'g',0,'2011-10-07'),(64,'g',0,'2011-10-07'),(66,'g',0,'2011-10-07'),(557,'g',0,'2012-01-23'),(612,'g',0,'2012-01-23'),(614,'g',0,'2012-01-23'),(620,'g',0,'2012-01-23'),(639,'g',0,'2012-01-23'),(650,'g',0,'2012-01-23'),(54,'g',0,'2011-10-07'),(55,'g',0,'2011-10-07'),(99,'g',0,'2011-10-07'),(120,'g',0,'2012-01-23'),(121,'g',0,'2012-01-23'),(241,'g',0,'2012-03-01'),(270,'g',0,'2012-03-01'),(252,'g',0,'2011-10-07'),(265,'g',0,'2012-03-01'),(339,'g',0,'2011-10-07'),(273,'g',0,'2012-03-01'),(369,'g',0,'2011-10-07'),(410,'g',0,'2011-10-07'),(540,'g',0,'2012-01-23'),(445,'g',0,'2011-10-07'),(480,'g',0,'2011-10-07'),(550,'g',0,'2011-10-07'),(107,'g',0,'2012-01-27'),(108,'g',0,'2012-01-27'),(109,'g',0,'2011-10-07'),(111,'g',0,'2011-10-07'),(110,'g',0,'2011-10-07'),(155,'g',0,'2012-03-05'),(171,'g',0,'2011-10-07'),(113,'g',0,'2011-10-07'),(603,'g',0,'2011-10-07'),(114,'g',0,'2011-10-07'),(178,'g',0,'2011-10-07'),(611,'g',0,'2011-10-07'),(115,'g',0,'2011-10-07'),(624,'g',0,'2011-10-07'),(116,'g',0,'2011-10-07'),(200,'g',0,'2011-10-07'),(125,'g',0,'2011-10-07'),(268,'g',0,'2011-10-07'),(444,'g',0,'2011-10-07'),(260,'g',0,'2012-02-18'),(226,'g',0,'2011-10-07'),(231,'g',0,'2012-02-13'),(102,'g',0,'2012-01-20'),(235,'g',0,'2011-10-07'),(254,'g',0,'2011-10-07'),(262,'g',0,'2012-02-18'),(243,'g',0,'2011-10-07'),(267,'g',0,'2011-10-07'),(271,'g',0,'2011-10-07'),(618,'g',0,'2012-02-03'),(340,'g',0,'2011-10-07'),(237,'g',0,'2012-02-03'),(643,'g',0,'2012-02-03'),(623,'g',0,'2011-10-07'),(530,'g',0,'2011-10-07'),(343,'g',0,'2011-10-07'),(371,'g',0,'2011-10-07'),(169,'g',0,'2011-10-07'),(377,'g',0,'2011-10-07'),(411,'g',0,'2011-10-07'),(414,'g',0,'2011-10-07'),(184,'g',0,'2011-10-07'),(449,'g',0,'2011-10-07'),(446,'g',0,'2011-10-07'),(484,'g',0,'2011-10-07'),(249,'g',0,'2011-10-07'),(481,'g',0,'2011-10-07'),(211,'g',0,'2011-10-07'),(608,'g',0,'2011-11-28'),(748,'g',0,'2011-11-28'),(749,'g',0,'2011-11-28'),(257,'g',0,'2011-10-07'),(269,'g',0,'2011-10-07'),(280,'g',0,'2011-10-07'),(281,'g',0,'2011-10-07'),(282,'g',0,'2011-12-01'),(275,'g',0,'2012-02-03'),(378,'g',0,'2011-10-07'),(283,'g',0,'2011-12-01'),(284,'g',0,'2011-12-01'),(545,'g',0,'2012-02-03'),(555,'g',0,'2011-10-07'),(298,'g',0,'2011-10-07'),(286,'g',0,'2011-12-01'),(581,'g',0,'2011-10-07'),(300,'g',0,'2011-10-07'),(301,'g',0,'2011-10-07'),(324,'g',0,'2011-11-08'),(148,'g',0,'2012-01-17'),(292,'g',0,'2011-11-16'),(306,'g',0,'2011-10-07'),(652,'g',0,'2011-10-07'),(130,'g',0,'2012-03-04'),(327,'g',0,'2011-11-08'),(307,'g',0,'2011-10-07'),(156,'g',0,'2011-10-07'),(329,'g',0,'2011-10-07'),(310,'g',0,'2011-10-07'),(311,'g',0,'2011-10-07'),(207,'g',0,'2011-10-07'),(162,'g',0,'2011-10-07'),(330,'g',0,'2011-10-07'),(313,'g',0,'2011-10-07'),(164,'g',0,'2011-10-07'),(332,'g',0,'2011-10-07'),(167,'g',0,'2011-10-07'),(168,'g',0,'2011-10-07'),(176,'g',0,'2011-10-07'),(182,'g',0,'2011-10-07'),(333,'g',0,'2011-10-07'),(372,'g',0,'2011-10-07'),(175,'g',0,'2011-10-07'),(215,'g',0,'2011-10-07'),(431,'g',0,'2011-10-07'),(466,'g',0,'2011-10-07'),(315,'g',0,'2011-10-07'),(516,'g',0,'2011-10-07'),(179,'g',0,'2011-10-07'),(287,'g',0,'2011-12-01'),(183,'g',0,'2011-10-07'),(225,'g',0,'2011-10-07'),(317,'g',0,'2011-10-07'),(187,'g',0,'2011-10-07'),(244,'g',0,'2011-11-15'),(289,'g',0,'2011-12-01'),(318,'g',0,'2011-10-07'),(255,'g',0,'2011-10-07'),(319,'g',0,'2011-10-07'),(325,'g',0,'2011-11-15'),(213,'g',0,'2011-10-07'),(191,'g',0,'2011-10-07'),(290,'g',0,'2011-12-01'),(193,'g',0,'2011-10-07'),(223,'g',0,'2011-10-07'),(320,'g',0,'2012-03-03'),(197,'g',0,'2011-10-07'),(321,'g',0,'2011-11-08'),(291,'g',0,'2011-10-07'),(201,'g',0,'2011-10-07'),(247,'g',0,'2012-02-03'),(293,'g',0,'2011-12-01'),(204,'g',0,'2011-10-07'),(214,'g',0,'2011-10-07'),(294,'g',0,'2011-10-07'),(127,'g',0,'2011-10-07'),(46,'g',0,'2011-10-07'),(220,'g',0,'2011-10-07'),(323,'g',0,'2012-02-24'),(295,'g',0,'2011-10-07'),(53,'g',0,'2011-10-07'),(206,'g',0,'2011-10-07'),(224,'g',0,'2011-10-07'),(297,'g',0,'2011-10-07'),(240,'g',0,'2011-12-15'),(65,'g',0,'2011-10-07'),(242,'g',0,'2011-12-16'),(246,'g',0,'2011-12-14'),(245,'g',0,'2011-12-14'),(251,'g',0,'2011-10-07'),(253,'g',0,'2011-10-07'),(256,'g',0,'2011-10-07'),(621,'g',0,'2012-01-23'),(345,'g',0,'2011-10-07'),(630,'g',0,'2012-01-23'),(346,'g',0,'2011-10-07'),(57,'g',0,'2011-10-07'),(347,'g',0,'2011-10-07'),(350,'g',0,'2011-10-07'),(348,'g',0,'2011-10-07'),(349,'g',0,'2011-10-07'),(401,'g',0,'2011-10-07'),(351,'g',0,'2011-10-07'),(469,'g',0,'2011-10-07'),(304,'g',0,'2012-03-01'),(504,'g',0,'2011-10-07'),(471,'g',0,'2011-10-07'),(506,'g',0,'2011-10-07'),(586,'g',0,'2011-10-07'),(524,'g',0,'2012-01-19'),(519,'g',0,'2011-10-07'),(521,'g',0,'2011-10-07'),(589,'g',0,'2011-10-07'),(590,'g',0,'2011-10-07'),(112,'g',0,'2011-10-07'),(592,'g',0,'2011-10-07'),(593,'g',0,'2011-10-07'),(594,'g',0,'2011-10-07'),(595,'g',0,'2011-10-07'),(596,'g',0,'2011-10-07'),(598,'g',0,'2011-10-07'),(259,'g',0,'2012-02-03'),(631,'g',0,'2012-02-03'),(122,'g',0,'2011-10-07'),(123,'g',0,'2011-10-07'),(638,'g',0,'2012-02-03'),(552,'g',0,'2011-10-07'),(637,'g',0,'2011-10-07'),(277,'g',0,'2012-02-03'),(362,'g',0,'2011-10-07'),(278,'g',0,'2011-10-07'),(263,'g',0,'2011-10-07'),(264,'g',0,'2011-10-07'),(305,'g',0,'2011-10-07'),(308,'g',0,'2011-10-07'),(527,'g',0,'2012-03-01'),(276,'g',0,'2011-10-07'),(285,'g',0,'2011-12-01'),(299,'g',0,'2011-10-07'),(326,'g',0,'2011-11-08'),(152,'g',0,'2012-02-13'),(160,'g',0,'2011-10-07'),(312,'g',0,'2011-10-07'),(331,'g',0,'2011-10-07'),(172,'g',0,'2011-10-07'),(334,'g',0,'2011-10-07'),(335,'g',0,'2011-10-07'),(177,'g',0,'2011-10-07'),(314,'g',0,'2011-10-07'),(316,'g',0,'2011-10-07'),(288,'g',0,'2011-12-01'),(322,'g',0,'2011-11-08'),(210,'g',0,'2011-10-07'),(296,'g',0,'2011-10-07'),(336,'g',0,'2011-10-07'),(341,'g',0,'2011-10-07'),(342,'g',0,'2011-10-07'),(434,'g',0,'2011-10-07'),(436,'g',0,'2012-02-26'),(587,'g',0,'2011-10-07'),(588,'g',0,'2011-10-07'),(591,'g',0,'2011-10-07'),(597,'g',0,'2011-10-07'),(613,'g',0,'2012-02-03'),(627,'g',0,'2011-10-07'),(766,'g',0,'2011-11-12'),(759,'g',0,'2012-02-03'),(823,'g',0,'2011-10-13'),(751,'g',0,'2011-10-15'),(757,'g',0,'2012-01-07'),(827,'g',0,'2012-02-03'),(763,'g',0,'2012-02-27'),(753,'g',0,'2012-01-23'),(755,'g',0,'2012-01-23'),(764,'g',0,'2012-01-23'),(917,'g',0,'2012-02-03'),(785,'g',0,'2011-10-18'),(789,'g',0,'2011-10-18'),(815,'g',0,'2011-10-18'),(791,'g',0,'2011-10-18'),(883,'g',0,'2011-10-19'),(876,'g',0,'2011-10-19'),(841,'g',0,'2012-02-15'),(632,'g',0,'2012-03-03'),(715,'g',0,'2012-02-26'),(714,'g',0,'2011-10-19'),(720,'g',0,'2011-10-19'),(752,'g',0,'2012-03-06'),(914,'g',0,'2012-02-03'),(928,'g',0,'2012-02-03'),(831,'g',0,'2012-02-03'),(852,'g',0,'2012-02-03'),(850,'g',0,'2012-02-03'),(761,'g',0,'2012-02-03'),(851,'g',0,'2012-02-03'),(821,'g',0,'2012-02-03'),(848,'g',0,'2012-02-03'),(754,'g',0,'2012-02-03'),(811,'g',0,'2012-01-27'),(868,'g',0,'2012-02-03'),(849,'g',0,'2012-02-03'),(765,'g',0,'2012-03-06'),(801,'g',0,'2011-10-20'),(790,'g',0,'2012-02-03'),(878,'g',0,'2012-02-03'),(793,'g',0,'2012-02-03'),(908,'g',0,'2012-02-03'),(834,'g',0,'2012-02-03'),(784,'g',0,'2011-11-28'),(885,'g',0,'2012-02-03'),(875,'g',0,'2012-02-03'),(887,'g',0,'2012-02-03'),(911,'g',0,'2012-02-03'),(796,'g',0,'2012-02-03'),(893,'g',0,'2012-02-03'),(1074,'g',0,'2012-01-07'),(932,'g',0,'2012-03-02'),(892,'g',0,'2012-02-24'),(993,'g',0,'2012-02-03'),(1080,'g',0,'2012-03-01'),(1087,'g',0,'2012-03-01'),(760,'g',0,'2012-03-07'),(762,'g',0,'2012-03-07'),(1002,'g',0,'2012-02-03'),(816,'g',0,'2012-02-24'),(862,'g',0,'2012-02-24'),(999,'g',0,'2012-02-03'),(758,'g',0,'2012-03-07'),(808,'g',0,'2011-10-24'),(956,'g',0,'2012-01-23'),(1073,'g',0,'2011-10-24'),(985,'g',0,'2011-10-24'),(805,'g',0,'2011-10-24'),(806,'g',0,'2011-10-24'),(1016,'g',0,'2011-10-24'),(979,'g',0,'2012-02-03'),(940,'g',0,'2011-10-25'),(1102,'g',0,'2011-10-25'),(951,'g',0,'2011-11-28'),(978,'g',0,'2012-02-03'),(1045,'g',0,'2012-02-27'),(1038,'g',0,'2012-02-03'),(967,'g',0,'2012-02-15'),(1105,'g',0,'2011-10-26'),(1043,'g',0,'2011-12-01'),(1051,'g',0,'2012-02-27'),(944,'g',0,'2011-10-26'),(983,'g',0,'2012-02-27'),(1037,'g',0,'2012-02-03'),(934,'g',0,'2012-02-27'),(953,'g',0,'2012-02-13'),(952,'g',0,'2012-02-13'),(1022,'g',0,'2012-02-03'),(1010,'g',0,'2012-02-03'),(1054,'g',0,'2012-01-07'),(780,'g',0,'2011-10-27'),(1005,'g',0,'2012-01-27'),(981,'g',0,'2012-03-06'),(946,'g',0,'2012-01-27'),(945,'g',0,'2012-02-15'),(1030,'g',0,'2012-03-06'),(980,'g',0,'2012-02-27'),(990,'g',0,'2012-02-24'),(1019,'g',0,'2012-03-05'),(1063,'g',0,'2012-02-03'),(1082,'g',0,'2012-02-03'),(1060,'g',0,'2012-02-03'),(1031,'g',0,'2012-02-03'),(1062,'g',0,'2012-02-03'),(1061,'g',0,'2012-02-03'),(1059,'g',0,'2012-02-03'),(1064,'g',0,'2012-02-03'),(1066,'g',0,'2012-02-03'),(1042,'g',0,'2012-02-03'),(987,'g',0,'2012-02-03'),(1117,'g',0,'2011-10-29'),(1104,'g',0,'2011-10-31'),(794,'g',0,'2012-02-03'),(1044,'g',0,'2012-02-03'),(1135,'g',0,'2012-02-03'),(943,'g',0,'2012-02-03'),(1011,'g',0,'2012-02-03'),(1072,'g',0,'2011-11-01'),(1067,'g',0,'2011-11-01'),(1050,'g',0,'2012-03-04'),(1091,'g',0,'2012-03-04'),(786,'g',0,'2011-11-03'),(939,'g',0,'2011-11-03'),(814,'g',0,'2011-12-16'),(866,'g',0,'2011-11-03'),(1136,'g',0,'2012-02-03'),(1150,'g',0,'2011-11-03'),(1151,'g',0,'2011-11-04'),(1003,'g',0,'2012-02-03'),(1127,'g',0,'2012-02-03'),(1128,'g',0,'2012-02-03'),(982,'g',0,'2012-02-03'),(1146,'g',0,'2011-11-05'),(1142,'g',0,'2011-11-05'),(890,'g',0,'2012-02-03'),(889,'g',0,'2012-02-03'),(897,'g',0,'2011-12-16'),(888,'g',0,'2012-02-03'),(1121,'g',0,'2011-11-05'),(1114,'g',0,'2011-11-05'),(1115,'g',0,'2011-11-05'),(1118,'g',0,'2011-11-05'),(1119,'g',0,'2011-11-05'),(1124,'g',0,'2011-11-05'),(1122,'g',0,'2011-11-05'),(1126,'g',0,'2011-11-05'),(1123,'g',0,'2011-11-05'),(1116,'g',0,'2011-11-05'),(1081,'g',0,'2012-02-02'),(1147,'g',0,'2011-11-07'),(538,'g',0,'2011-11-08'),(558,'g',0,'2011-11-08'),(534,'g',0,'2011-11-08'),(541,'g',0,'2011-11-08'),(539,'g',0,'2011-11-08'),(543,'g',0,'2011-11-08'),(546,'g',0,'2011-11-08'),(561,'g',0,'2011-11-08'),(564,'g',0,'2011-11-08'),(559,'g',0,'2011-11-08'),(1109,'g',0,'2011-11-08'),(404,'g',0,'2012-02-27'),(1113,'g',0,'2011-11-08'),(1120,'g',0,'2012-02-24'),(622,'g',0,'2011-11-08'),(629,'g',0,'2011-11-08'),(616,'g',0,'2011-11-08'),(605,'g',0,'2011-11-08'),(578,'g',0,'2011-11-08'),(617,'g',0,'2011-11-08'),(619,'g',0,'2011-11-08'),(626,'g',0,'2011-11-08'),(577,'g',0,'2012-02-26'),(576,'g',0,'2012-02-19'),(569,'g',0,'2011-11-08'),(570,'g',0,'2011-11-08'),(566,'g',0,'2011-11-08'),(567,'g',0,'2011-11-08'),(574,'g',0,'2012-02-25'),(571,'g',0,'2011-11-08'),(572,'g',0,'2011-11-08'),(575,'g',0,'2011-11-08'),(573,'g',0,'2012-03-05'),(568,'g',0,'2011-11-08'),(529,'g',0,'2011-11-08'),(523,'g',0,'2011-11-08'),(532,'g',0,'2012-03-02'),(977,'g',0,'2011-11-08'),(525,'g',0,'2011-11-08'),(974,'g',0,'2011-11-08'),(522,'g',0,'2011-11-08'),(528,'g',0,'2011-11-08'),(1021,'g',0,'2011-11-08'),(1075,'g',0,'2011-11-08'),(1125,'g',0,'2011-11-08'),(1089,'g',0,'2011-11-09'),(1058,'g',0,'2012-02-03'),(1101,'g',0,'2012-01-23'),(1149,'g',0,'2011-11-10'),(867,'g',0,'2012-02-24'),(1057,'g',0,'2011-11-10'),(1040,'g',0,'2011-11-10'),(1148,'g',0,'2011-11-10'),(1083,'g',0,'2011-11-10'),(1047,'g',0,'2011-11-10'),(1155,'g',0,'2011-11-11'),(1200,'g',0,'2011-11-13'),(1194,'g',0,'2011-11-13'),(1184,'g',0,'2011-11-13'),(1181,'g',0,'2011-11-13'),(1145,'g',0,'2011-11-14'),(1144,'g',0,'2011-11-14'),(1153,'g',0,'2011-11-14'),(1152,'g',0,'2011-11-14'),(1154,'g',0,'2011-11-14'),(1129,'g',0,'2011-11-14'),(1188,'g',0,'2011-11-14'),(1185,'g',0,'2011-11-14'),(1186,'g',0,'2011-11-14'),(1172,'g',0,'2011-11-14'),(1196,'g',0,'2011-11-14'),(1018,'g',0,'2011-11-15'),(825,'g',0,'2011-11-15'),(828,'g',0,'2011-11-15'),(1027,'g',0,'2011-11-15'),(1079,'g',0,'2011-11-15'),(969,'g',0,'2011-11-15'),(1143,'g',0,'2011-11-15'),(998,'g',0,'2012-01-20'),(788,'g',0,'2011-11-15'),(1000,'g',0,'2011-11-15'),(1014,'g',0,'2011-11-15'),(775,'g',0,'2011-11-15'),(1207,'g',0,'2011-11-15'),(1208,'g',0,'2011-11-15'),(1017,'g',0,'2011-11-16'),(1195,'g',0,'2011-11-16'),(1178,'g',0,'2011-11-16'),(1197,'g',0,'2011-11-16'),(1211,'g',0,'2011-11-16'),(1167,'g',0,'2011-11-16'),(1168,'g',0,'2011-11-16'),(1173,'g',0,'2011-11-16'),(1183,'g',0,'2011-11-16'),(1203,'g',0,'2011-11-16'),(910,'g',0,'2011-11-16'),(1210,'g',0,'2011-11-16'),(1212,'g',0,'2011-11-16'),(1161,'g',0,'2011-11-16'),(1199,'g',0,'2011-11-16'),(1202,'g',0,'2011-11-16'),(1201,'g',0,'2011-11-16'),(1204,'g',0,'2011-11-16'),(1171,'g',0,'2011-11-16'),(1205,'g',0,'2011-11-16'),(1206,'g',0,'2011-11-16'),(1164,'g',0,'2011-11-16'),(1166,'g',0,'2011-11-16'),(1170,'g',0,'2011-11-16'),(1169,'g',0,'2011-11-16'),(1209,'g',0,'2011-11-16'),(1191,'g',0,'2011-11-16'),(1190,'g',0,'2011-11-16'),(1198,'g',0,'2011-11-16'),(1160,'g',0,'2011-11-16'),(1213,'g',0,'2011-11-16'),(835,'g',0,'2011-11-16'),(869,'g',0,'2011-11-16'),(894,'g',0,'2011-11-16'),(903,'g',0,'2011-11-16'),(881,'g',0,'2011-11-16'),(895,'g',0,'2011-11-16'),(886,'g',0,'2011-11-16'),(879,'g',0,'2011-11-16'),(907,'g',0,'2011-11-16'),(865,'g',0,'2011-11-16'),(1140,'g',0,'2011-11-17'),(1176,'g',0,'2011-11-17'),(1165,'g',0,'2011-11-17'),(1139,'g',0,'2011-11-17'),(1156,'g',0,'2011-11-17'),(1179,'g',0,'2011-11-17'),(1177,'g',0,'2011-11-17'),(1141,'g',0,'2011-11-17'),(1214,'g',0,'2011-11-19'),(1311,'g',0,'2012-02-15'),(1290,'g',0,'2012-02-15'),(1319,'g',0,'2012-02-03'),(1265,'g',0,'2011-11-19'),(1281,'g',0,'2012-02-15'),(1286,'g',0,'2012-02-13'),(1334,'g',0,'2012-02-03'),(1262,'g',0,'2012-02-03'),(1318,'g',0,'2012-02-03'),(1266,'g',0,'2012-02-03'),(1284,'g',0,'2012-02-03'),(1306,'g',0,'2012-02-03'),(1304,'g',0,'2012-02-03'),(1279,'g',0,'2012-02-03'),(1305,'g',0,'2012-02-03'),(1320,'g',0,'2012-03-06'),(1282,'g',0,'2012-01-27'),(1323,'g',0,'2012-01-23'),(1321,'g',0,'2012-03-01'),(1314,'g',0,'2012-01-23'),(1303,'g',0,'2012-01-23'),(1298,'g',0,'2012-03-01'),(1296,'g',0,'2012-03-01'),(1324,'g',0,'2012-01-23'),(950,'g',0,'2011-11-28'),(948,'g',0,'2011-11-28'),(797,'g',0,'2012-01-19'),(920,'g',0,'2012-01-19'),(1330,'g',0,'2012-03-01'),(1307,'g',0,'2012-03-01'),(949,'g',0,'2011-11-28'),(947,'g',0,'2011-11-28'),(933,'g',0,'2011-11-28'),(1371,'g',0,'2012-01-19'),(1428,'g',0,'2012-01-19'),(1219,'g',0,'2012-03-04'),(1216,'g',0,'2012-01-23'),(1099,'g',0,'2012-01-23'),(1247,'g',0,'2012-01-23'),(1159,'g',0,'2011-12-01'),(1218,'g',0,'2012-01-23'),(1189,'g',0,'2011-12-01'),(1174,'g',0,'2011-12-01'),(1157,'g',0,'2011-12-01'),(1291,'g',0,'2012-03-02'),(1370,'g',0,'2012-02-23'),(1365,'g',0,'2012-02-03'),(1389,'g',0,'2012-02-23'),(1373,'g',0,'2012-03-05'),(1376,'g',0,'2012-03-05'),(1257,'g',0,'2012-02-03'),(1397,'g',0,'2012-03-06'),(1357,'g',0,'2012-02-16'),(1360,'g',0,'2012-02-16'),(1329,'g',0,'2012-02-29'),(1331,'g',0,'2012-01-17'),(1271,'g',0,'2012-01-17'),(1332,'g',0,'2012-01-17'),(1225,'g',0,'2012-02-29'),(1229,'g',0,'2012-02-29'),(1228,'g',0,'2012-02-29'),(1223,'g',0,'2012-02-29'),(1263,'g',0,'2012-02-29'),(1333,'g',0,'2012-01-17'),(1335,'g',0,'2012-02-03'),(1313,'g',0,'2012-02-03'),(1322,'g',0,'2012-02-03'),(1295,'g',0,'2012-02-03'),(1326,'g',0,'2012-02-03'),(1328,'g',0,'2012-02-03'),(1297,'g',0,'2012-02-03'),(1327,'g',0,'2012-02-03'),(1336,'g',0,'2012-02-15'),(1301,'g',0,'2012-02-13'),(1443,'g',0,'2011-12-07'),(1269,'g',0,'2012-02-03'),(1287,'g',0,'2012-02-03'),(1220,'g',0,'2012-02-03'),(1315,'g',0,'2012-02-12'),(1312,'g',0,'2012-02-03'),(1375,'g',0,'2012-02-12'),(1285,'g',0,'2012-02-03'),(1378,'g',0,'2012-02-16'),(1325,'g',0,'2012-02-03'),(1232,'g',0,'2012-02-03'),(1275,'g',0,'2012-02-03'),(1309,'g',0,'2012-02-16'),(1310,'g',0,'2012-02-03'),(1268,'g',0,'2012-02-03'),(1227,'g',0,'2012-02-03'),(1350,'g',0,'2012-02-03'),(1299,'g',0,'2012-02-03'),(1289,'g',0,'2012-02-03'),(1226,'g',0,'2012-02-03'),(1302,'g',0,'2012-02-03'),(1277,'g',0,'2012-02-03'),(1316,'g',0,'2012-02-15'),(1272,'g',0,'2012-02-12'),(1293,'g',0,'2012-02-03'),(1351,'g',0,'2012-02-03'),(1308,'g',0,'2012-02-03'),(1300,'g',0,'2012-02-03'),(1317,'g',0,'2012-02-03'),(1260,'g',0,'2012-02-13'),(1288,'g',0,'2012-02-03'),(1276,'g',0,'2012-02-03'),(1158,'g',0,'2011-12-08'),(1217,'g',0,'2011-12-08'),(1193,'g',0,'2011-12-08'),(1359,'g',0,'2011-12-08'),(1444,'g',0,'2011-12-08'),(1339,'g',0,'2011-12-08'),(1345,'g',0,'2011-12-09'),(1410,'g',0,'2012-03-06'),(1236,'g',0,'2012-02-03'),(1233,'g',0,'2012-02-03'),(1235,'g',0,'2012-02-03'),(1240,'g',0,'2012-02-03'),(1231,'g',0,'2012-02-03'),(1234,'g',0,'2012-02-03'),(1237,'g',0,'2012-02-03'),(1241,'g',0,'2012-02-03'),(1238,'g',0,'2012-02-03'),(1239,'g',0,'2012-02-03'),(1505,'g',0,'2012-02-24'),(859,'g',0,'2011-12-16'),(1508,'g',0,'2012-02-03'),(870,'g',0,'2011-12-16'),(1500,'g',0,'2012-03-04'),(860,'g',0,'2012-01-23'),(904,'g',0,'2011-12-17'),(874,'g',0,'2012-01-23'),(891,'g',0,'2012-01-23'),(922,'g',0,'2012-01-23'),(832,'g',0,'2012-01-23'),(845,'g',0,'2011-12-17'),(810,'g',0,'2011-12-17'),(802,'g',0,'2011-12-17'),(819,'g',0,'2011-12-17'),(804,'g',0,'2011-12-17'),(807,'g',0,'2012-01-23'),(809,'g',0,'2011-12-17'),(855,'g',0,'2011-12-17'),(803,'g',0,'2011-12-17'),(822,'g',0,'2011-12-17'),(909,'g',0,'2011-12-17'),(820,'g',0,'2011-12-17'),(1493,'g',0,'2012-02-03'),(882,'g',0,'2011-12-17'),(800,'g',0,'2011-12-18'),(829,'g',0,'2011-12-18'),(818,'g',0,'2011-12-18'),(925,'g',0,'2011-12-18'),(1498,'g',0,'2012-02-03'),(1466,'g',0,'2011-12-19'),(1459,'g',0,'2011-12-19'),(1470,'g',0,'2011-12-19'),(1471,'g',0,'2012-02-03'),(1475,'g',0,'2011-12-19'),(1464,'g',0,'2011-12-19'),(1476,'g',0,'2011-12-19'),(1458,'g',0,'2011-12-19'),(1469,'g',0,'2012-01-23'),(1472,'g',0,'2011-12-19'),(1460,'g',0,'2011-12-19'),(1465,'g',0,'2011-12-19'),(1462,'g',0,'2012-01-23'),(1463,'g',0,'2012-01-23'),(1474,'g',0,'2012-01-23'),(1473,'g',0,'2011-12-19'),(1526,'g',0,'2012-02-03'),(1461,'g',0,'2011-12-22'),(1451,'g',0,'2012-03-05'),(1450,'g',0,'2012-03-05'),(1449,'g',0,'2012-03-05'),(1355,'g',0,'2011-12-24'),(1349,'g',0,'2011-12-24'),(1341,'g',0,'2011-12-24'),(1415,'g',0,'2011-12-24'),(1518,'g',0,'2012-03-05'),(1510,'g',0,'2012-03-05'),(1509,'g',0,'2012-03-05'),(1507,'g',0,'2012-02-03'),(1565,'g',0,'2012-02-03'),(1624,'g',0,'2012-02-03'),(1544,'g',0,'2012-02-03'),(1533,'g',0,'2012-02-03'),(1657,'g',0,'2012-03-05'),(1635,'g',0,'2012-02-03'),(1632,'g',0,'2012-02-03'),(1626,'g',0,'2012-02-03'),(1627,'g',0,'2012-03-04'),(1633,'g',0,'2012-03-04'),(1597,'g',0,'2012-02-03'),(1581,'g',0,'2012-02-03'),(1666,'g',0,'2012-02-03'),(1674,'g',0,'2012-03-05'),(1549,'g',0,'2012-01-05'),(1427,'g',0,'2012-01-05'),(1668,'g',0,'2012-01-09'),(1557,'g',0,'2012-01-10'),(923,'g',0,'2012-01-11'),(1572,'g',0,'2012-01-11'),(1542,'g',0,'2012-01-12'),(1535,'g',0,'2012-01-12'),(1534,'g',0,'2012-01-13'),(1675,'g',0,'2012-02-29'),(1692,'g',0,'2012-02-29'),(1687,'g',0,'2012-02-29'),(1731,'g',0,'2012-02-29'),(1710,'g',0,'2012-02-29'),(1684,'g',0,'2012-02-29'),(1623,'g',0,'2012-02-17'),(1693,'g',0,'2012-02-29'),(1488,'g',0,'2012-02-19'),(1491,'g',0,'2012-02-19'),(1504,'g',0,'2012-01-17'),(1536,'g',0,'2012-01-17'),(1522,'g',0,'2012-01-17'),(1537,'g',0,'2012-01-17'),(1492,'g',0,'2012-01-17'),(1501,'g',0,'2012-01-17'),(1543,'g',0,'2012-01-17'),(1603,'g',0,'2012-02-17'),(1363,'g',0,'2012-01-17'),(1570,'g',0,'2012-01-19'),(1640,'g',0,'2012-01-19'),(1721,'g',0,'2012-01-19'),(1720,'g',0,'2012-01-19'),(1662,'g',0,'2012-01-19'),(1683,'g',0,'2012-01-19'),(1445,'g',0,'2012-01-19'),(1586,'g',0,'2012-01-19'),(1730,'g',0,'2012-02-19'),(1752,'g',0,'2012-02-29'),(1680,'g',0,'2012-01-21'),(1745,'g',0,'2012-02-27'),(1292,'g',0,'2012-01-23'),(1280,'g',0,'2012-01-23'),(1259,'g',0,'2012-01-23'),(1251,'g',0,'2012-01-23'),(1249,'g',0,'2012-01-23'),(1248,'g',0,'2012-01-23'),(1250,'g',0,'2012-01-23'),(1545,'g',0,'2012-01-23'),(1520,'g',0,'2012-01-23'),(1525,'g',0,'2012-01-23'),(1523,'g',0,'2012-01-23'),(1550,'g',0,'2012-01-23'),(1553,'g',0,'2012-01-23'),(1564,'g',0,'2012-01-23'),(1056,'g',0,'2012-01-23'),(1053,'g',0,'2012-01-23'),(1049,'g',0,'2012-01-23'),(1052,'g',0,'2012-01-23'),(1036,'g',0,'2012-01-23'),(1034,'g',0,'2012-01-23'),(1035,'g',0,'2012-01-23'),(991,'g',0,'2012-01-23'),(989,'g',0,'2012-01-23'),(973,'g',0,'2012-01-23'),(970,'g',0,'2012-01-23'),(963,'g',0,'2012-01-23'),(959,'g',0,'2012-01-23'),(955,'g',0,'2012-01-23'),(957,'g',0,'2012-01-23'),(942,'g',0,'2012-01-23'),(781,'g',0,'2012-01-23'),(783,'g',0,'2012-01-23'),(938,'g',0,'2012-01-23'),(1361,'g',0,'2012-01-23'),(1369,'g',0,'2012-01-23'),(1372,'g',0,'2012-01-23'),(1399,'g',0,'2012-01-23'),(1436,'g',0,'2012-01-23'),(1628,'g',0,'2012-01-23'),(1625,'g',0,'2012-01-23'),(1584,'g',0,'2012-01-23'),(1673,'g',0,'2012-01-23'),(1733,'g',0,'2012-01-23'),(1747,'g',0,'2012-01-23'),(1735,'g',0,'2012-01-23'),(899,'g',0,'2012-01-23'),(1424,'g',0,'2012-01-23'),(1701,'g',0,'2012-01-23'),(1368,'g',0,'2012-01-23'),(1294,'g',0,'2012-01-23'),(1490,'g',0,'2012-01-23'),(1529,'g',0,'2012-01-23'),(1559,'g',0,'2012-01-23'),(1569,'g',0,'2012-01-23'),(1048,'g',0,'2012-01-23'),(1046,'g',0,'2012-01-23'),(1015,'g',0,'2012-01-23'),(988,'g',0,'2012-01-23'),(986,'g',0,'2012-01-23'),(976,'g',0,'2012-01-23'),(1033,'g',0,'2012-01-23'),(954,'g',0,'2012-01-23'),(972,'g',0,'2012-01-23'),(1354,'g',0,'2012-01-23'),(1366,'g',0,'2012-01-23'),(1486,'g',0,'2012-01-23'),(1390,'g',0,'2012-01-23'),(1453,'g',0,'2012-01-23'),(1636,'g',0,'2012-01-23'),(1637,'g',0,'2012-01-23'),(1358,'g',0,'2012-01-25'),(1396,'g',0,'2012-01-25'),(936,'g',0,'2012-01-25'),(1374,'g',0,'2012-01-25'),(1381,'g',0,'2012-01-25'),(1382,'g',0,'2012-01-25'),(1364,'g',0,'2012-01-25'),(1386,'g',0,'2012-01-25'),(1398,'g',0,'2012-01-25'),(1598,'g',0,'2012-01-25'),(847,'g',0,'2012-01-25'),(857,'g',0,'2012-01-25'),(853,'g',0,'2012-01-25'),(1778,'g',0,'2012-01-29'),(747,'g',0,'2012-01-29'),(776,'g',0,'2012-01-29'),(746,'g',0,'2012-01-29'),(774,'g',0,'2012-01-29'),(799,'g',0,'2012-01-29'),(779,'g',0,'2012-01-29'),(756,'g',0,'2012-01-29'),(767,'g',0,'2012-01-29'),(837,'g',0,'2012-01-29'),(830,'g',0,'2012-01-29'),(863,'g',0,'2012-01-29'),(880,'g',0,'2012-01-29'),(843,'g',0,'2012-01-29'),(733,'g',0,'2012-01-29'),(727,'g',0,'2012-01-29'),(730,'g',0,'2012-01-29'),(742,'g',0,'2012-01-29'),(736,'g',0,'2012-01-29'),(743,'g',0,'2012-01-29'),(741,'g',0,'2012-01-29'),(744,'g',0,'2012-01-29'),(740,'g',0,'2012-01-29'),(738,'g',0,'2012-01-29'),(737,'g',0,'2012-01-29'),(739,'g',0,'2012-01-29'),(745,'g',0,'2012-01-29'),(731,'g',0,'2012-01-29'),(729,'g',0,'2012-01-29'),(732,'g',0,'2012-01-29'),(728,'g',0,'2012-01-29'),(735,'g',0,'2012-01-29'),(734,'g',0,'2012-01-29'),(726,'g',0,'2012-01-29'),(913,'g',0,'2012-01-29'),(924,'g',0,'2012-01-30'),(905,'g',0,'2012-01-30'),(921,'g',0,'2012-01-30'),(896,'g',0,'2012-01-30'),(871,'g',0,'2012-01-30'),(916,'g',0,'2012-01-30'),(901,'g',0,'2012-01-30'),(1648,'g',0,'2012-01-30'),(1652,'g',0,'2012-01-30'),(1678,'g',0,'2012-01-30'),(1691,'g',0,'2012-01-30'),(1641,'g',0,'2012-01-30'),(1645,'g',0,'2012-01-30'),(1771,'g',0,'2012-01-30'),(1768,'g',0,'2012-03-03'),(1823,'g',0,'2012-02-01'),(1096,'g',0,'2012-02-02'),(1069,'g',0,'2012-02-02'),(1071,'g',0,'2012-02-02'),(1032,'g',0,'2012-02-02'),(1078,'g',0,'2012-02-02'),(1068,'g',0,'2012-02-02'),(1055,'g',0,'2012-02-02'),(1090,'g',0,'2012-02-02'),(1070,'g',0,'2012-02-02'),(1567,'g',0,'2012-02-02'),(1751,'g',0,'2012-03-05'),(1551,'g',0,'2012-03-05'),(1552,'g',0,'2012-03-05'),(1077,'g',0,'2012-02-02'),(1843,'g',0,'2012-02-03'),(1764,'g',0,'2012-02-03'),(1770,'g',0,'2012-02-03'),(1467,'g',0,'2012-03-05'),(1698,'g',0,'2012-02-03'),(1804,'g',0,'2012-02-03'),(1344,'g',0,'2012-02-03'),(1343,'g',0,'2012-02-03'),(1836,'g',0,'2012-02-03'),(1794,'g',0,'2012-02-03'),(1574,'g',0,'2012-02-03'),(1580,'g',0,'2012-02-03'),(1709,'g',0,'2012-02-03'),(1388,'g',0,'2012-02-03'),(1383,'g',0,'2012-02-03'),(1023,'g',0,'2012-02-03'),(1024,'g',0,'2012-02-03'),(1367,'g',0,'2012-02-03'),(1716,'g',0,'2012-02-03'),(1737,'g',0,'2012-02-03'),(1718,'g',0,'2012-02-03'),(1362,'g',0,'2012-02-03'),(1719,'g',0,'2012-02-03'),(1377,'g',0,'2012-02-03'),(1791,'g',0,'2012-02-03'),(1754,'g',0,'2012-02-03'),(1753,'g',0,'2012-02-03'),(1801,'g',0,'2012-02-03'),(1807,'g',0,'2012-02-03'),(1811,'g',0,'2012-02-03'),(1816,'g',0,'2012-02-03'),(1541,'g',0,'2012-02-03'),(1521,'g',0,'2012-02-03'),(1540,'g',0,'2012-02-03'),(1696,'g',0,'2012-02-03'),(1029,'g',0,'2012-02-03'),(1025,'g',0,'2012-02-03'),(1028,'g',0,'2012-02-03'),(1026,'g',0,'2012-02-03'),(1347,'g',0,'2012-02-03'),(1717,'g',0,'2012-02-03'),(1694,'g',0,'2012-02-03'),(1568,'g',0,'2012-02-03'),(1669,'g',0,'2012-02-03'),(1681,'g',0,'2012-02-03'),(1685,'g',0,'2012-02-03'),(1702,'g',0,'2012-02-03'),(1665,'g',0,'2012-02-03'),(1707,'g',0,'2012-02-03'),(1715,'g',0,'2012-02-03'),(1606,'g',0,'2012-02-03'),(1655,'g',0,'2012-02-03'),(1758,'g',0,'2012-02-03'),(1773,'g',0,'2012-02-03'),(1792,'g',0,'2012-02-03'),(1672,'g',0,'2012-02-03'),(1713,'g',0,'2012-02-03'),(1547,'g',0,'2012-02-05'),(1583,'g',0,'2012-02-05'),(1591,'g',0,'2012-02-05'),(1604,'g',0,'2012-02-05'),(1575,'g',0,'2012-02-05'),(1548,'g',0,'2012-02-05'),(1614,'g',0,'2012-02-05'),(1590,'g',0,'2012-02-05'),(1600,'g',0,'2012-02-05'),(1748,'g',0,'2012-02-07'),(1848,'g',0,'2012-02-07'),(1849,'g',0,'2012-02-07'),(1256,'g',0,'2012-02-07'),(1244,'g',0,'2012-02-07'),(1246,'g',0,'2012-02-07'),(1254,'g',0,'2012-02-07'),(1245,'g',0,'2012-02-07'),(1243,'g',0,'2012-02-07'),(1255,'g',0,'2012-02-07'),(1253,'g',0,'2012-02-07'),(1252,'g',0,'2012-02-07'),(1242,'g',0,'2012-02-07'),(1270,'g',0,'2012-02-07'),(1506,'g',0,'2012-02-07'),(1274,'g',0,'2012-02-07'),(1258,'g',0,'2012-02-07'),(1222,'g',0,'2012-02-07'),(1703,'g',0,'2012-02-07'),(1830,'g',0,'2012-02-08'),(1797,'g',0,'2012-02-08'),(1777,'g',0,'2012-02-08'),(833,'g',0,'2012-02-10'),(836,'g',0,'2012-02-10'),(840,'g',0,'2012-02-10'),(844,'g',0,'2012-02-10'),(813,'g',0,'2012-02-10'),(1566,'g',0,'2012-02-10'),(817,'g',0,'2012-02-10'),(1865,'g',0,'2012-02-11'),(1714,'g',0,'2012-02-11'),(1700,'g',0,'2012-02-11'),(1670,'g',0,'2012-02-11'),(1593,'g',0,'2012-02-11'),(1682,'g',0,'2012-02-11'),(1795,'g',0,'2012-02-11'),(1837,'g',0,'2012-02-11'),(1629,'g',0,'2012-02-11'),(1620,'g',0,'2012-02-11'),(1605,'g',0,'2012-02-11'),(1796,'g',0,'2012-02-11'),(1588,'g',0,'2012-02-11'),(1746,'g',0,'2012-02-11'),(1594,'g',0,'2012-02-11'),(1690,'g',0,'2012-02-11'),(1634,'g',0,'2012-02-11'),(1728,'g',0,'2012-02-11'),(1725,'g',0,'2012-02-11'),(1759,'g',0,'2012-02-11'),(1661,'g',0,'2012-02-11'),(1815,'g',0,'2012-02-11'),(1708,'g',0,'2012-02-11'),(1647,'g',0,'2012-02-11'),(1858,'g',0,'2012-02-11'),(1821,'g',0,'2012-02-11'),(1689,'g',0,'2012-02-11'),(1706,'g',0,'2012-02-11'),(1688,'g',0,'2012-02-11'),(1831,'g',0,'2012-02-11'),(1610,'g',0,'2012-02-12'),(1654,'g',0,'2012-02-12'),(1656,'g',0,'2012-02-12'),(1660,'g',0,'2012-02-12'),(1859,'g',0,'2012-02-12'),(1695,'g',0,'2012-02-12'),(1813,'g',0,'2012-02-12'),(1602,'g',0,'2012-02-12'),(1618,'g',0,'2012-02-12'),(1631,'g',0,'2012-02-12'),(1677,'g',0,'2012-02-12'),(1517,'g',0,'2012-02-12'),(1649,'g',0,'2012-02-12'),(1839,'g',0,'2012-02-12'),(1868,'g',0,'2012-02-12'),(1881,'g',0,'2012-02-12'),(1846,'g',0,'2012-02-12'),(1882,'g',0,'2012-02-13'),(1876,'g',0,'2012-02-14'),(1894,'g',0,'2012-02-14'),(1609,'g',0,'2012-02-16'),(1576,'g',0,'2012-02-16'),(1577,'g',0,'2012-02-17'),(1659,'g',0,'2012-02-17'),(1596,'g',0,'2012-02-17'),(1817,'g',0,'2012-02-17'),(1775,'g',0,'2012-02-17'),(1896,'g',0,'2012-02-17'),(1589,'g',0,'2012-02-17'),(1705,'g',0,'2012-02-17'),(1433,'g',0,'2012-02-17'),(1403,'g',0,'2012-02-17'),(1391,'g',0,'2012-02-17'),(1579,'g',0,'2012-02-17'),(1578,'g',0,'2012-02-17'),(1607,'g',0,'2012-02-17'),(1890,'g',0,'2012-02-18'),(1874,'g',0,'2012-02-18'),(1763,'g',0,'2012-02-18'),(1875,'g',0,'2012-02-19'),(1283,'g',0,'2012-02-19'),(1895,'g',0,'2012-02-19'),(1898,'g',0,'2012-02-19'),(1267,'g',0,'2012-02-20'),(1412,'g',0,'2012-02-21'),(1414,'g',0,'2012-02-21'),(1411,'g',0,'2012-02-21'),(1413,'g',0,'2012-02-21'),(1916,'g',0,'2012-02-22'),(1906,'g',0,'2012-02-22'),(1902,'g',0,'2012-02-24'),(1910,'g',0,'2012-02-25'),(1891,'g',0,'2012-02-26'),(1919,'g',0,'2012-02-26'),(961,'g',0,'2012-02-26'),(975,'g',0,'2012-02-26'),(1538,'g',0,'2012-02-26'),(1539,'g',0,'2012-02-26'),(1554,'g',0,'2012-02-26'),(772,'g',0,'2012-02-27'),(1352,'g',0,'2012-02-27'),(1877,'g',0,'2012-02-28'),(1929,'g',0,'2012-02-29'),(1853,'g',0,'2012-02-29'),(1863,'g',0,'2012-02-29'),(1864,'g',0,'2012-02-29'),(1850,'g',0,'2012-02-29'),(1619,'g',0,'2012-02-29'),(1617,'g',0,'2012-02-29'),(1845,'g',0,'2012-02-29'),(1851,'g',0,'2012-02-29'),(1840,'g',0,'2012-02-29'),(1712,'g',0,'2012-02-29'),(1639,'g',0,'2012-03-01'),(1630,'g',0,'2012-03-01'),(1854,'g',0,'2012-03-01'),(1860,'g',0,'2012-03-01'),(1886,'g',0,'2012-03-01'),(1855,'g',0,'2012-03-01'),(1856,'g',0,'2012-03-01'),(1901,'g',0,'2012-03-01'),(1900,'g',0,'2012-03-01'),(1495,'g',0,'2012-03-01'),(984,'g',0,'2012-03-01'),(1825,'g',0,'2012-03-01'),(1826,'g',0,'2012-03-01'),(1822,'g',0,'2012-03-01'),(1908,'g',0,'2012-03-01'),(1020,'g',0,'2012-03-01'),(1007,'g',0,'2012-03-01'),(842,'g',0,'2012-03-02'),(1842,'g',0,'2012-03-02'),(915,'g',0,'2012-03-02'),(1885,'g',0,'2012-03-02'),(1933,'g',0,'2012-03-02'),(1772,'g',0,'2012-03-03'),(1824,'g',0,'2012-03-03'),(1814,'g',0,'2012-03-03'),(1841,'g',0,'2012-03-03'),(1847,'g',0,'2012-03-03'),(1686,'g',0,'2012-03-03'),(1676,'g',0,'2012-03-03'),(1644,'g',0,'2012-03-03'),(1613,'g',0,'2012-03-03'),(1697,'g',0,'2012-03-03'),(1932,'g',0,'2012-03-04'),(935,'g',0,'2012-03-04'),(768,'g',0,'2012-03-04'),(1923,'g',0,'2012-03-04'),(1571,'g',0,'2012-03-04'),(1951,'g',0,'2012-03-06'),(1942,'g',0,'2012-03-07');

--
-- Table structure for table `idx_paid_listing`
--

CREATE TABLE `idx_paid_listing` (
  `link_id` mediumint(9) unsigned NOT NULL default '0',
  `premium` char(1) default NULL,
  `sponsored` char(1) default NULL,
  `expire` datetime default NULL,
  `paid` char(1) default NULL,
  PRIMARY KEY  (`link_id`)
) ENGINE=MyISAM DEFAULT CHARSET=latin1;

--
-- Dumping data for table `idx_paid_listing`
--


--
-- Table structure for table `idx_payment_gateway`
--

CREATE TABLE `idx_payment_gateway` (
  `payment_gateway_id` int(11) NOT NULL auto_increment,
  `name` varchar(100) default NULL,
  `enable` char(1) default NULL,
  `setting` text,
  `invoice_html` text,
  PRIMARY KEY  (`payment_gateway_id`)
) ENGINE=MyISAM AUTO_INCREMENT=9 DEFAULT CHARSET=latin1;

--
-- Dumping data for table `idx_payment_gateway`
--

INSERT INTO `idx_payment_gateway` VALUES (1,'paypal','1','a:2:{s:13:\"payment_email\";s:0:\"\";s:21:\"enable_paypal_sandbox\";s:1:\"0\";}','<p> \r\n	<a href=\'paynow.php?id={$invoice_id}&m=paypal\'><img src=\'http://www.paypal.com/images/x-click-but02.gif\' border=\'0\' alt=\'Make payments with PayPal - it is fast, free and secure!\' /></a> \r\n</p>\r\n'),(2,'2co','0','a:6:{s:6:\"co_sid\";s:5:\"84932\";s:9:\"co_secret\";s:5:\"tango\";s:12:\"co_recurring\";s:1:\"0\";s:9:\"co_prod_1\";s:6:\"100.00\";s:9:\"co_prod_2\";s:6:\"250.00\";s:9:\"co_prod_3\";s:6:\"400.00\";}','<p>\r\n<a href=\'paynow.php?id={$invoice_id}&m=2co\'><img src=\'http://www.2checkout.com/images/overview/btns/25.jpg\' alt=\'Pay Now with 2checkout...\' border=\'0\' /></a> \r\n</p>'),(3,'authorizenet','0','a:2:{s:21:\"authorizenet_login_id\";s:0:\"\";s:21:\"authorizenet_tran_key\";s:0:\"\";}','<p> \r\n<a href=\'paynow.php?id={$invoice_id}&m=authorizenet\'><img src=\'http://www.authorize.net/upload/images/Images/Header/authorizenet_logo.gif\' alt=\'Pay Now with Authorize.Net...\' width=\'99\' height=\'39\' style=\'{border : 1px solid #c0c0c0;}\' /></a>\r\n</p>'),(4,'egold','0','a:2:{s:19:\"egold_payee_account\";s:0:\"\";s:16:\"egold_payee_name\";s:0:\"\";}','<p> \r\n<a href=\'paynow.php?id={$invoice_id}&m=egold\'>\r\n<img src=\'http://www.e-gold.com/gif/paywith.gif\' border=\'0\' alt=\'Pay Now with e-gold...\' />\r\n</a>\r\n</p>'),(5,'moneybookers','0','a:1:{s:18:\"moneybookers_email\";s:0:\"\";}','<p> \r\n<a href=\'paynow.php?id={$invoice_id}&m=paypal\'><img src=\'http://www.moneybookers.com/images/banners/88_en_mb.gif\' border=\'0\' alt=\'Make payments with Moneybookers - it is fast, free and secure!\' /></a> \r\n</p>'),(6,'paypal-subscriptions','0','a:2:{s:13:\"payment_email\";s:0:\"\";s:21:\"enable_paypal_sandbox\";s:1:\"0\";}','<p> \r\n<a href=\'paynow.php?id={$invoice_id}&m=paypal\'><img src=\'https://www.paypal.com/en_US/i/btn/x-click-but20.gif\' border=\'0\' alt=\'Make payments with PayPal - it is fast, free and secure!\' /></a> \r\n</p>'),(7,'alertpay','0','a:2:{s:14:\"alertpay_email\";s:0:\"\";s:23:\"enable_alertpay_sandbox\";s:1:\"0\";}','<p> \r\n<a href=\'paynow.php?id={$invoice_id}&m=alertpay\'>\r\n<img src=\'https://www.alertpay.com/Images/BuyNow/pay_now_3.gif\' border=\'0\' alt=\'Make payments with PayPal - it is fast, free and secure!\' /></a> \r\n</p>'),(8,'alertpay-subcriptions','0','a:2:{s:14:\"alertpay_email\";s:0:\"\";s:23:\"enable_alertpay_sandbox\";s:1:\"0\";}','<p>\r\n<a href=\'paynow.php?id={$invoice_id}&m=alertpay-subcriptions\'>\r\n<img src=\'https://www.alertpay.com/Images/BuyNow/subscribe_now_15.gif\' border=\'0\' alt=\'Make payments with Alert Pay - it is fast, free and secure!\' /></a> \r\n</p>');

--
-- Table structure for table `idx_payment_history`
--

CREATE TABLE `idx_payment_history` (
  `payment_id` int(10) unsigned NOT NULL auto_increment,
  `contact_name` varchar(255) default NULL,
  `email` varchar(255) default NULL,
  `type` varchar(255) default NULL,
  `detail` text,
  `amount` double default NULL,
  `time` datetime default NULL,
  `invoice_id` varchar(10) default NULL,
  PRIMARY KEY  (`payment_id`)
) ENGINE=MyISAM DEFAULT CHARSET=latin1;

--
-- Dumping data for table `idx_payment_history`
--


--
-- Table structure for table `idx_pl_sociable`
--

CREATE TABLE `idx_pl_sociable` (
  `sb_id` int(11) NOT NULL auto_increment,
  `sb_name` varchar(255) character set utf8 default NULL,
  `sb_url` varchar(255) character set utf8 default NULL,
  `sb_icon` varchar(255) character set utf8 default NULL,
  `sb_enable` char(1) character set utf8 default '0',
  PRIMARY KEY  (`sb_id`)
) ENGINE=MyISAM AUTO_INCREMENT=90 DEFAULT CHARSET=latin1;

--
-- Dumping data for table `idx_pl_sociable`
--

INSERT INTO `idx_pl_sociable` VALUES (1,'BarraPunto','http://barrapunto.com/submit.pl?subj=TITLE&amp;story=PERMALINK','barrapunto.png','0'),(2,'Bitacoras.com','http://bitacoras.com/anotaciones/PERMALINK','bitacoras.png','0'),(3,'BlinkList','http://www.blinklist.com/index.php?Action=Blink/addblink.php&amp;Url=PERMALINK&amp;Title=TITLE','blinklist.png','0'),(4,'blogmarks','http://blogmarks.net/my/new.php?mini=1&amp;simple=1&amp;url=PERMALINK&amp;title=TITLE','blogmarks.png','0'),(5,'Blogosphere News','http://www.blogospherenews.com/submit.php?url=PERMALINK&amp;title=TITLE','blogospherenews.png','0'),(6,'blogtercimlap','http://cimlap.blogter.hu/index.php?action=suggest_link&amp;title=TITLE&amp;url=PERMALINK','blogter.png','0'),(7,'Faves','http://faves.com/Authoring.aspx?u=PERMALINK&amp;title=TITLE','bluedot.png','0'),(8,'connotea','http://www.connotea.org/addpopup?continue=confirm&amp;uri=PERMALINK&amp;title=TITLE&amp;description=EXCERPT','connotea.png','0'),(9,'Current','http://current.com/clipper.htm?url=PERMALINK&amp;title=TITLE','current.png','0'),(10,'del.icio.us','http://delicious.com/post?url=PERMALINK&amp;title=TITLE&amp;notes=EXCERPT','delicious.png','0'),(11,'Digg','http://digg.com/submit?phase=2&amp;url=PERMALINK&amp;title=TITLE&amp;bodytext=EXCERPT','digg.png','1'),(12,'Diigo','http://www.diigo.com/post?url=PERMALINK&amp;title=TITLE','diigo.png','0'),(13,'DotNetKicks','http://www.dotnetkicks.com/kick/?url=PERMALINK&amp;title=TITLE','dotnetkicks.png','0'),(14,'DZone','http://www.dzone.com/links/add.html?url=PERMALINK&amp;title=TITLE','dzone.png','0'),(15,'eKudos','http://www.ekudos.nl/artikel/nieuw?url=PERMALINK&amp;title=TITLE&amp;desc=EXCERPT','ekudos.png','0'),(16,'email','mailto:?subject=TITLE&amp;body=PERMALINK','email_link.png','0'),(17,'Facebook','http://www.facebook.com/share.php?u=PERMALINK&amp;t=TITLE','facebook.png','1'),(18,'Fark','http://cgi.fark.com/cgi/fark/farkit.pl?h=TITLE&amp;u=PERMALINK','fark.png','0'),(19,'Fleck','http://beta3.fleck.com/bookmarklet.php?url=PERMALINK&amp;title=TITLE','fleck.png','0'),(20,'FriendFeed','http://www.friendfeed.com/share?title=TITLE&amp;link=PERMALINK','friendfeed.png','0'),(21,'FSDaily','http://www.fsdaily.com/submit?url=PERMALINK&amp;title=TITLE','fsdaily.png','0'),(22,'Global Grind','http://globalgrind.com/submission/submit.aspx?url=PERMALINK&amp;type=Article&amp;title=TITLE','globalgrind.png','0'),(23,'Google','http://www.google.com/bookmarks/mark?op=edit&amp;bkmk=PERMALINK&amp;title=TITLE&amp;annotation=EXCERPT','googlebookmark.png','0'),(24,'Gwar','http://www.gwar.pl/DodajGwar.html?u=PERMALINK','gwar.png','0'),(25,'HackerNews','http://news.ycombinator.com/submitlink?u=PERMALINK&amp;t=TITLE','hackernews.png','0'),(26,'Haohao','http://www.haohaoreport.com/submit.php?url=PERMALINK&amp;title=TITLE','haohao.png','0'),(27,'HealthRanker','http://healthranker.com/submit.php?url=PERMALINK&amp;title=TITLE','healthranker.png','0'),(28,'HelloTxt','http://hellotxt.com/?status=TITLE+PERMALINK','hellotxt.png','0'),(29,'Hemidemi','http://www.hemidemi.com/user_bookmark/new?title=TITLE&amp;url=PERMALINK','hemidemi.png','0'),(30,'Hyves','http://www.hyves.nl/profilemanage/add/tips/?name=TITLE&amp;text=EXCERPT+PERMALINK&amp;rating=5','hyves.png','0'),(31,'Identi.ca','http://identi.ca/notice/new?status_textarea=PERMALINK','identica.png','0'),(32,'IndianPad','http://www.indianpad.com/submit.php?url=PERMALINK','indianpad.png','0'),(33,'Internetmedia','http://internetmedia.hu/submit.php?url=PERMALINK','im.png','0'),(34,'Kirtsy','http://www.kirtsy.com/submit.php?url=PERMALINK&amp;title=TITLE','kirtsy.png','0'),(35,'laaik.it','http://laaik.it/NewStoryCompact.aspx?uri=PERMALINK&amp;headline=TITLE&amp;cat=5e082fcc-8a3b-47e2-acec-fdf64ff19d12','laaikit.png','0'),(36,'LinkArena','http://linkarena.com/bookmarks/addlink/?url=PERMALINK&amp;title=TITLE','linkarena.png','0'),(37,'LinkaGoGo','http://www.linkagogo.com/go/AddNoPopup?url=PERMALINK&amp;title=TITLE','linkagogo.png','0'),(38,'LinkedIn','http://www.linkedin.com/shareArticle?mini=true&amp;url=PERMALINK&amp;title=TITLE&amp;source=BLOGNAME&amp;summary=EXCERPT','linkedin.png','0'),(39,'Linkter','http://www.linkter.hu/index.php?action=suggest_link&amp;url=PERMALINK&amp;title=TITLE','linkter.png','0'),(40,'Live','https://favorites.live.com/quickadd.aspx?marklet=1&amp;url=PERMALINK&amp;title=TITLE','live.png','0'),(41,'Meneame','http://meneame.net/submit.php?url=PERMALINK','meneame.png','0'),(42,'MisterWong','http://www.mister-wong.com/addurl/?bm_url=PERMALINK&amp;bm_description=TITLE&amp;plugin=soc','misterwong.png','0'),(43,'MisterWong.DE','http://www.mister-wong.de/addurl/?bm_url=PERMALINK&amp;bm_description=TITLE&amp;plugin=soc','misterwong.png','0'),(44,'Mixx','http://www.mixx.com/submit?page_url=PERMALINK&amp;title=TITLE','mixx.png','0'),(45,'muti','http://www.muti.co.za/submit?url=PERMALINK&amp;title=TITLE','muti.png','0'),(46,'MyShare','http://myshare.url.com.tw/index.php?func=newurl&amp;url=PERMALINK&amp;desc=TITLE','myshare.png','0'),(47,'MySpace','http://www.myspace.com/Modules/PostTo/Pages/?u=PERMALINK&amp;t=TITLE','myspace.png','0'),(48,'MSNReporter','http://reporter.nl.msn.com/?fn=contribute&amp;Title=TITLE&amp;URL=PERMALINK&amp;cat_id=6&amp;tag_id=31&amp;Remark=EXCERPT','msnreporter.png','0'),(49,'N4G','http://www.n4g.com/tips.aspx?url=PERMALINK&amp;title=TITLE','n4g.png','0'),(50,'Netvibes','http://www.netvibes.com/share?title=TITLE&amp;url=PERMALINK','netvibes.png','0'),(51,'NewsVine','http://www.newsvine.com/_tools/seed&amp;save?u=PERMALINK&amp;h=TITLE','newsvine.png','0'),(52,'Netvouz','http://www.netvouz.com/action/submitBookmark?url=PERMALINK&amp;title=TITLE&amp;popup=no','netvouz.png','0'),(53,'NuJIJ','http://nujij.nl/jij.lynkx?t=TITLE&amp;u=PERMALINK&amp;b=EXCERPT','nujij.png','0'),(54,'Ping.fm','http://ping.fm/ref/?link=PERMALINK&amp;title=TITLE&amp;body=EXCERPT','ping.png','0'),(55,'Posterous','http://posterous.com/share?linkto=PERMALINK&amp;title=TITLE&amp;selection=EXCERPT','posterous.png','0'),(56,'PDF','http://www.printfriendly.com/print?url=PERMALINK&amp;partner=sociable','pdf.png','0'),(57,'Print','http://www.printfriendly.com/print?url=PERMALINK&amp;partner=sociable','printfriendly.png','0'),(58,'Propeller','http://www.propeller.com/submit/?url=PERMALINK','propeller.png','0'),(59,'Ratimarks','http://ratimarks.org/bookmarks.php/?action=add&address=PERMALINK&amp;title=TITLE','ratimarks.png','0'),(60,'Rec6','http://rec6.via6.com/link.php?url=PERMALINK&amp;=TITLE','rec6.png','0'),(61,'Reddit','http://reddit.com/submit?url=PERMALINK&amp;title=TITLE','reddit.png','0'),(62,'RSS','FEEDLINK','rss.png','0'),(63,'Scoopeo','http://www.scoopeo.com/scoop/new?newurl=PERMALINK&amp;title=TITLE','scoopeo.png','0'),(64,'Segnalo','http://segnalo.alice.it/post.html.php?url=PERMALINK&amp;title=TITLE','segnalo.png','0'),(65,'Simpy','http://www.simpy.com/simpy/LinkAdd.do?href=PERMALINK&amp;title=TITLE','simpy.png','0'),(66,'Slashdot','http://slashdot.org/bookmark.pl?title=TITLE&amp;url=PERMALINK','slashdot.png','0'),(67,'Socialogs','http://socialogs.com/add_story.php?story_url=PERMALINK&amp;story_title=TITLE','socialogs.png','0'),(68,'SphereIt','http://www.sphere.com/search?q=sphereit:PERMALINK&amp;title=TITLE','sphere.png','0'),(69,'Sphinn','http://sphinn.com/index.php?c=post&amp;m=submit&amp;link=PERMALINK','sphinn.png','0'),(70,'StumbleUpon','http://www.stumbleupon.com/submit?url=PERMALINK&amp;title=TITLE','stumbleupon.png','0'),(71,'Techmeme','http://twitter.com/home/?status=tip%20@Techmeme%20PERMALINK%20TITLE','techmeme.png','0'),(72,'Technorati','http://technorati.com/faves?add=PERMALINK','technorati.png','1'),(73,'ThisNext','http://www.thisnext.com/pick/new/submit/sociable/?url=PERMALINK&amp;name=TITLE','thisnext.png','0'),(74,'Tipd','http://tipd.com/submit.php?url=PERMALINK','tipd.png','0'),(75,'Tumblr','http://www.tumblr.com/share?v=3&amp;u=PERMALINK&amp;t=TITLE&amp;s=EXCERPT','tumblr.png','0'),(76,'Twitter','http://twitter.com/home?status=TITLE%20-%20PERMALINK','twitter.png','1'),(77,'Upnews','http://www.upnews.it/submit?url=PERMALINK&amp;title=TITLE','upnews.png','0'),(78,'Webnews.de','http://www.webnews.de/einstellen?url=PERMALINK&amp;title=TITLE','webnews.png','0'),(79,'Webride','http://webride.org/discuss/split.php?uri=PERMALINK&amp;title=TITLE','webride.png','0'),(80,'Wikio','http://www.wikio.com/vote?url=PERMALINK','wikio.png','0'),(81,'Wikio FR','http://www.wikio.fr/vote?url=PERMALINK','wikio.png','0'),(82,'Wikio IT','http://www.wikio.it/vote?url=PERMALINK','wikio.png','0'),(83,'Wists','http://wists.com/s.php?c=&amp;r=PERMALINK&amp;title=TITLE','wists.png','0'),(84,'Wykop','http://www.wykop.pl/dodaj?url=PERMALINK','wykop.png','0'),(85,'Xerpi','http://www.xerpi.com/block/add_link_from_extension?url=PERMALINK&amp;title=TITLE','xerpi.png','0'),(86,'YahooBuzz','http://buzz.yahoo.com/submit/?submitUrl=PERMALINK&amp;submitHeadline=TITLE&amp;submitSummary=EXCERPT&amp;submitCategory=science&amp;submitAssetType=text','yahoobuzz.png','0'),(87,'Yahoo! Bookmarks','http://bookmarks.yahoo.com/toolbar/savebm?u=PERMALINK&amp;t=TITLE&opener=bm&amp;ei=UTF-8&amp;d=EXCERPT','yahoomyweb.png','0'),(88,'Yigg','http://yigg.de/neu?exturl=PERMALINK&amp;exttitle=TITLE','yiggit.png','0'),(89,'Blogplay','http://blogplay.com','blogplay.png','0');

--
-- Table structure for table `idx_pl_twitter_account`
--

CREATE TABLE `idx_pl_twitter_account` (
  `ck` varchar(255) character set utf8 default NULL,
  `cs` varchar(255) character set utf8 default NULL,
  `at` varchar(255) character set utf8 default NULL,
  `ats` varchar(255) character set utf8 default NULL
) ENGINE=MyISAM DEFAULT CHARSET=latin1;

--
-- Dumping data for table `idx_pl_twitter_account`
--

INSERT INTO `idx_pl_twitter_account` VALUES ('uhnze33NPiepCZ6t96Lrsg','z3OFPeQrb7KaIrCTkXPvKjFw8oenp4TxxtMSC6od2s','https://api.twitter.com/oauth/authorize','https://api.twitter.com/oauth/access_token');

--
-- Table structure for table `idx_plugin`
--

CREATE TABLE `idx_plugin` (
  `plugin_id` int(11) NOT NULL auto_increment,
  `name` varchar(255) default NULL,
  `plugin_file` varchar(255) default NULL,
  `status` enum('0','1') default NULL,
  `option_plugin` text,
  PRIMARY KEY  (`plugin_id`)
) ENGINE=MyISAM AUTO_INCREMENT=3 DEFAULT CHARSET=latin1;

--
-- Dumping data for table `idx_plugin`
--

INSERT INTO `idx_plugin` VALUES (1,'AutoTweet','twitter_auto_tweet/twitter_auto_tweet.php','1',NULL),(2,'Sociable','sociable/sociable.php','1',NULL);

--
-- Table structure for table `idx_review`
--

CREATE TABLE `idx_review` (
  `review_id` mediumint(9) unsigned NOT NULL auto_increment,
  `link_id` mediumint(9) unsigned NOT NULL default '0',
  `review` text NOT NULL,
  `rating` tinyint(3) unsigned NOT NULL default '0',
  `date` date NOT NULL default '0000-00-00',
  `subject` varchar(100) default NULL,
  `status` char(1) default NULL,
  `username` varchar(20) default NULL,
  `name` varchar(20) default NULL,
  `email` varchar(100) default NULL,
  PRIMARY KEY  (`review_id`)
) ENGINE=MyISAM DEFAULT CHARSET=latin1;

--
-- Dumping data for table `idx_review`
--


--
-- Table structure for table `idx_searchlog`
--

CREATE TABLE `idx_searchlog` (
  `keyword` varchar(100) NOT NULL default '',
  `time` datetime NOT NULL default '0000-00-00 00:00:00',
  `result` mediumint(9) unsigned default NULL,
  `ip` varchar(100) default NULL
) ENGINE=MyISAM DEFAULT CHARSET=latin1;

--
-- Dumping data for table `idx_searchlog`
--

INSERT INTO `idx_searchlog` VALUES ('mobilephonedeals.me.uk','2011-10-25 06:11:56',1,'174.37.196.178'),('mobilephonedeals.me.uk','2011-10-25 06:33:47',1,'174.37.196.178'),('sinussurgerylosangeles.com','2011-12-02 16:34:05',3,'203.92.47.195'),('bee removal','2012-01-17 17:09:07',4,'216.70.241.10'),('shawcoremodeling.com','2012-01-20 02:45:05',1,'203.92.47.195'),('www.eminiacademy.com','2012-01-23 15:13:24',0,'120.28.214.28'),('www.eminiacademy.com','2012-01-23 15:13:31',0,'120.28.214.28'),('Emini','2012-01-23 15:15:52',0,'120.28.214.28');

--
-- Table structure for table `idx_set_hook_place`
--

CREATE TABLE `idx_set_hook_place` (
  `set_hook_place_id` int(11) NOT NULL auto_increment,
  `plugin` varchar(255) default NULL,
  `set_hook_place` text,
  PRIMARY KEY  (`set_hook_place_id`)
) ENGINE=MyISAM DEFAULT CHARSET=latin1;

--
-- Dumping data for table `idx_set_hook_place`
--


--
-- Table structure for table `idx_setting`
--

CREATE TABLE `idx_setting` (
  `setting_id` int(11) NOT NULL auto_increment,
  `setting_name` varchar(255) default NULL,
  `setting_value` text,
  PRIMARY KEY  (`setting_id`)
) ENGINE=MyISAM AUTO_INCREMENT=55 DEFAULT CHARSET=latin1;

--
-- Dumping data for table `idx_setting`
--

INSERT INTO `idx_setting` VALUES (4,'site_name','gogodex.com'),(5,'site_url','http://gogodex.com'),(6,'email_address','gogodex@hotmail.com'),(7,'language_code','en_US'),(8,'theme_path','/home/gogodex/public_html/themes/'),(9,'admin_template_path','/home/gogodex/public_html/admin_tpl/'),(10,'plugin_path','/home/gogodex/public_html/plugin/'),(12,'active_theme','gogodex'),(14,'spam_proof','1'),(15,'enable_user_validation','1'),(16,'allowed_file_extension','gif,jpg,png,pdf,zip,doc'),(17,'yahoo_appid',''),(18,'whosonline','600'),(19,'reciprocal_check','0'),(20,'urlcheck_limit','1'),(21,'pagerank_cache','30'),(22,'max_image_width','1024'),(23,'max_image_height','756'),(24,'max_file_size','500'),(25,'only_registered_can_add_link','0'),(26,'only_registered_can_add_review','0'),(27,'db_use_persistent','0'),(28,'paid_link_day_period','30,60,90,180'),(29,'paid_link_price_factor','1,1.5,2,3'),(30,'enable_html_tag','1'),(31,'allowed_html_tag','<b>,<strong>,<i>,<em>,<u>,<pre>,<blockquote>,<ol>,<ul>,<li>,<p>,<span>,<div>,<table>,<tr>,<td>'),(32,'enable_page_compression','0'),(33,'enable_category_ajax','1'),(34,'require_visit_category','0'),(35,'additional_category_price','0.5'),(36,'enable_rating_ajax','1'),(37,'service_nicecoder_avail','1'),(38,'enable_recaptcha','0'),(39,'recaptcha_publickey',''),(40,'recaptcha_privatekey',''),(41,'enable_bidding','0'),(42,'minimum_bid','5'),(43,'bid_increament','1'),(44,'charset','utf-8'),(45,'mailer','mail'),(46,'smtp_auth','0'),(47,'smtp_host',''),(48,'smtp_username',''),(49,'smtp_password',''),(50,'smtp_port','25'),(51,'emailbody_as_html','0'),(52,'indexu_version','2.4'),(53,'tos',''),(54,'submission_guidelines','');

--
-- Table structure for table `idx_tags`
--

CREATE TABLE `idx_tags` (
  `tag` varchar(64) NOT NULL default '',
  `category_id` mediumint(8) unsigned NOT NULL default '0',
  `total` int(11) NOT NULL default '0',
  `tag_path` varchar(64) NOT NULL,
  PRIMARY KEY  (`tag`,`category_id`)
) ENGINE=MyISAM DEFAULT CHARSET=latin1;

--
-- Dumping data for table `idx_tags`
--


--
-- Table structure for table `idx_unavailable`
--

CREATE TABLE `idx_unavailable` (
  `idx_unavailable` int(11) NOT NULL auto_increment,
  `link_id` int(11) default NULL,
  `url` varchar(255) default NULL,
  `who_is` varchar(255) default NULL,
  `note` text,
  `date` datetime default NULL,
  PRIMARY KEY  (`idx_unavailable`)
) ENGINE=MyISAM DEFAULT CHARSET=latin1;

--
-- Dumping data for table `idx_unavailable`
--


--
-- Table structure for table `idx_unavailable_latest`
--

CREATE TABLE `idx_unavailable_latest` (
  `idx_link` int(11) default NULL,
  `record_execution` int(11) default NULL
) ENGINE=MyISAM DEFAULT CHARSET=latin1;

--
-- Dumping data for table `idx_unavailable_latest`
--


--
-- Table structure for table `idx_votes`
--

CREATE TABLE `idx_votes` (
  `link_id` mediumint(9) NOT NULL default '0',
  `ip` varchar(100) default NULL,
  `value` tinyint(4) default NULL
) ENGINE=MyISAM DEFAULT CHARSET=latin1;

--
-- Dumping data for table `idx_votes`
--



