--
-- Host: gotohub.net    Database: gotohub_indexu1
-- ------------------------------------------------------


--
-- Table structure for table `directory_save_data`
--

CREATE TABLE `directory_save_data` (
  `id` bigint(100) NOT NULL AUTO_INCREMENT,
  `schedule_id` bigint(100) NOT NULL,
  `project_id` bigint(100) NOT NULL,
  `link_id` bigint(100) NOT NULL,
  `confirm_link` text NOT NULL,
  `category_id` int(10) NOT NULL,
  `category_name` varchar(150) NOT NULL,
  PRIMARY KEY (`id`)
) ENGINE=InnoDB DEFAULT CHARSET=latin1;

--
-- Dumping data for table `directory_save_data`
--


--
-- Table structure for table `idx_admin_menu`
--

CREATE TABLE `idx_admin_menu` (
  `menu_id` int(11) NOT NULL AUTO_INCREMENT,
  `parent_id` int(11) DEFAULT NULL,
  `menu_title` varchar(255) DEFAULT NULL,
  `menu_url` varchar(255) DEFAULT NULL,
  `order_number` int(11) DEFAULT NULL,
  PRIMARY KEY (`menu_id`)
) ENGINE=MyISAM AUTO_INCREMENT=85 DEFAULT CHARSET=latin1;

--
-- Dumping data for table `idx_admin_menu`
--



--
-- Table structure for table `idx_bad_link`
--

CREATE TABLE `idx_bad_link` (
  `bad_link_id` mediumint(9) unsigned NOT NULL AUTO_INCREMENT,
  `link_id` mediumint(9) unsigned NOT NULL DEFAULT '0',
  `name` varchar(50) NOT NULL DEFAULT '',
  `email` varchar(50) NOT NULL DEFAULT '',
  `type` tinyint(3) unsigned NOT NULL DEFAULT '0',
  `date` date NOT NULL DEFAULT '0000-00-00',
  PRIMARY KEY (`bad_link_id`)
) ENGINE=MyISAM DEFAULT CHARSET=latin1;

--
-- Dumping data for table `idx_bad_link`
--


--
-- Table structure for table `idx_badwords`
--

CREATE TABLE `idx_badwords` (
  `word` varchar(100) NOT NULL DEFAULT ''
) ENGINE=MyISAM DEFAULT CHARSET=latin1;

--
-- Dumping data for table `idx_badwords`
--


--
-- Table structure for table `idx_blocked_domain`
--

CREATE TABLE `idx_blocked_domain` (
  `blocked_id` int(11) NOT NULL AUTO_INCREMENT,
  `blocked` varchar(255) DEFAULT NULL,
  `type` enum('domain','ip') DEFAULT NULL,
  PRIMARY KEY (`blocked_id`)
) ENGINE=MyISAM AUTO_INCREMENT=6 DEFAULT CHARSET=latin1;

--
-- Dumping data for table `idx_blocked_domain`
--

INSERT INTO `idx_blocked_domain` VALUES (1,'buydomains.com','domain'),(2,'this-domain-for-sale.com ','domain'),(3,'oversee.net','domain'),(4,'eNom','domain'),(5,'sedoparking.com','domain');

--
-- Table structure for table `idx_category`
--

CREATE TABLE `idx_category` (
  `category_id` mediumint(9) unsigned NOT NULL AUTO_INCREMENT,
  `parent_id` mediumint(9) unsigned NOT NULL DEFAULT '0',
  `name` varchar(100) NOT NULL DEFAULT '',
  `description` text NOT NULL,
  `image` varchar(100) DEFAULT NULL,
  `content` text,
  `visible` char(1) DEFAULT NULL,
  `links` mediumint(9) DEFAULT NULL,
  `meta_keyword` text,
  `meta_description` text,
  `permission` char(2) DEFAULT NULL,
  `registered_only` char(1) DEFAULT NULL,
  `header` text NOT NULL,
  `footer` text NOT NULL,
  `related` mediumint(6) NOT NULL DEFAULT '0',
  `page_title` varchar(200) NOT NULL DEFAULT '',
  `hits` int(11) NOT NULL DEFAULT '0',
  `order_num` smallint(6) NOT NULL DEFAULT '0',
  `basic_price` double unsigned NOT NULL DEFAULT '0',
  `premium_price` double unsigned NOT NULL DEFAULT '0',
  `sponsored_price` double unsigned NOT NULL DEFAULT '0',
  PRIMARY KEY (`category_id`)
) ENGINE=MyISAM AUTO_INCREMENT=36 DEFAULT CHARSET=latin1;

--
-- Dumping data for table `idx_category`
--

INSERT INTO `idx_category` VALUES (1,0,'Arts & Music','','folder.gif','','1',9,'','','1','0','','',0,'',1,0,0,0,0),(2,0,'Auto Industry','','folder.gif','','1',21,'','','1','0','','',0,'',1,0,0,0,0),(3,0,'Economy & Business','','folder.gif','','1',55,'','','1','0','','',0,'',0,0,0,0,0),(4,0,'Careers & Job Search','','folder.gif','','1',1,'','','1','0','','',0,'',0,0,0,0,0),(5,0,'Clothing Accessories','','folder.gif','','1',6,'','','1','0','','',0,'',0,0,0,0,0),(6,0,'Communications Services','','folder.gif','','1',11,'','','1','0','','',0,'',0,0,0,0,0),(7,0,'Computer Services','','folder.gif','','1',10,'','','1','0','','',0,'',0,0,0,0,0),(8,0,'Building & Construction','','folder.gif','','1',0,'','','1','0','','',0,'',0,0,0,0,0),(9,0,'Dental','','folder.gif','','1',0,'','','1','0','','',0,'',0,0,0,0,0),(10,0,'Heating and Air Conditioning','','folder.gif','','1',30,'','','1','0','','',0,'',0,0,0,0,0),(11,0,'Gifts & Flowers','','folder.gif','','1',7,'','','1','0','','',0,'',0,0,0,0,0),(12,0,'Hardware & Software Resources','','folder.gif','','1',2,'','','1','0','','',0,'',0,0,0,0,0),(13,0,'Medical & Health','','folder.gif','','1',0,'','','1','0','','',0,'',0,0,0,0,0),(14,0,'Healthcare Management','','folder.gif','','1',101,'','','1','0','','',0,'',0,0,0,0,0),(15,0,'Home & Garden Maintenance','','folder.gif','','1',50,'','','1','0','','',0,'',0,0,0,0,0),(16,0,'Home Improvement & Decor','','folder.gif','','1',261,'','','1','0','','',0,'',0,0,0,0,0),(17,0,'Hotels & Accomadation','','folder.gif','','1',14,'','','1','0','','',0,'',0,0,0,0,0),(18,0,'Insurance Companies','','folder.gif','','1',22,'','','1','0','','',0,'',0,0,0,0,0),(19,0,'Law Services','','folder.gif','','1',0,'','','1','0','','',0,'',0,0,0,0,0),(20,0,'Lawyers and Law Firms','','folder.gif','','1',104,'','','1','0','','',0,'',0,0,0,0,0),(21,0,'Lifestyle & People','','folder.gif','','1',2,'','','1','0','','',0,'',0,0,0,0,0),(22,0,'Medicine  Facilities','','folder.gif','','1',6,'','','1','0','','',0,'',0,0,0,0,0),(23,0,'Financial Services','','folder.gif','','1',7,'','','1','0','','',0,'',0,0,0,0,0),(24,0,'News','','folder.gif','','1',1,'','','1','0','','',0,'',0,0,0,0,0),(25,0,'Plumbing & Plumbers','','folder.gif','','1',33,'','','1','0','','',0,'',1,0,0,0,0),(26,0,'Real Estate Services','','folder.gif','','1',17,'','','1','0','','',0,'',0,0,0,0,0),(27,0,'Technology & Science','','folder.gif','','1',7,'','','1','0','','',0,'',0,0,0,0,0),(28,0,'SEO Services','','folder.gif','','1',15,'','','1','0','','',0,'',0,0,0,0,0),(29,0,'Shopping and Retail','','folder.gif','','1',25,'','','1','0','','',0,'',0,0,0,0,0),(30,0,'Recreation & Sports','','folder.gif','','1',0,'','','1','0','','',0,'',0,0,0,0,0),(31,0,'Transport & Moving Services ','','folder.gif','','1',29,'','','1','0','','',0,'',1,0,0,0,0),(32,0,'Travel Industry','','folder.gif','','1',8,'','','1','0','','',0,'',0,0,0,0,0),(33,0,'Wedding & Events','','folder.gif','','1',6,'','','1','0','','',0,'',0,0,0,0,0),(34,0,'Educational Resources','','folder.gif','','1',11,'','','1','0','','',0,'',0,0,0,0,0),(35,0,'Employment & Recruitment Services','','folder.gif','','1',0,'','','1','0','','',0,'',0,0,0,0,0);

--
-- Table structure for table `idx_category_path`
--

CREATE TABLE `idx_category_path` (
  `category_id` mediumint(9) NOT NULL DEFAULT '0',
  `path` text,
  `path_with_url` text,
  `parents` text,
  PRIMARY KEY (`category_id`)
) ENGINE=MyISAM DEFAULT CHARSET=latin1;

--
-- Dumping data for table `idx_category_path`
--

INSERT INTO `idx_category_path` VALUES (1,'Arts & Music','<a href=\"http://gotohub.net/arts-music/\" name=\"cat_1\" style=\"\">Arts & Music</a>',';0;'),(2,'Auto Industry','<a href=\"http://gotohub.net/auto-industry/\" name=\"cat_2\" style=\"\">Auto Industry</a>',';0;'),(3,'Economy & Business','<a href=\"http://gotohub.net/economy-business/\" name=\"cat_3\" style=\"\">Economy & Business</a>',';0;'),(4,'Careers & Job Search','<a href=\"http://gotohub.net/careers-job-search/\" name=\"cat_4\" style=\"\">Careers & Job Search</a>',';0;'),(5,'Clothing Accessories','<a href=\"http://gotohub.net/clothing-accessories/\" name=\"cat_5\" style=\"\">Clothing Accessories</a>',';0;'),(6,'Communications Services','<a href=\"http://gotohub.net/communications-services/\" name=\"cat_6\" style=\"\">Communications Services</a>',';0;'),(7,'Computer Services','<a href=\"http://gotohub.net/computer-services/\" name=\"cat_7\" style=\"\">Computer Services</a>',';0;'),(8,'Building & Construction','<a href=\"http://gotohub.net/building-construction/\" name=\"cat_8\" style=\"\">Building & Construction</a>',';0;'),(9,'Dental','<a href=\"http://gotohub.net/dental/\" name=\"cat_9\" style=\"\">Dental</a>',';0;'),(10,'Heating and Air Conditioning','<a href=\"http://gotohub.net/heating-and-air-conditioning/\" name=\"cat_10\" style=\"\">Heating and Air Conditioning</a>',';0;'),(11,'Gifts & Flowers','<a href=\"http://gotohub.net/gifts-flowers/\" name=\"cat_11\" style=\"\">Gifts & Flowers</a>',';0;'),(12,'Hardware & Software Resources','<a href=\"http://gotohub.net/hardware-software-resources/\" name=\"cat_12\" style=\"\">Hardware & Software Resources</a>',';0;'),(13,'Medical & Health','<a href=\"http://gotohub.net/medical-health/\" name=\"cat_13\" style=\"\">Medical & Health</a>',';0;'),(14,'Healthcare Management','<a href=\"http://gotohub.net/healthcare-management/\" name=\"cat_14\" style=\"\">Healthcare Management</a>',';0;'),(15,'Home & Garden Maintenance','<a href=\"http://gotohub.net/home-garden-maintenance/\" name=\"cat_15\" style=\"\">Home & Garden Maintenance</a>',';0;'),(16,'Home Improvement & Decor','<a href=\"http://gotohub.net/home-improvement-decor/\" name=\"cat_16\" style=\"\">Home Improvement & Decor</a>',';0;'),(17,'Hotels & Accomadation','<a href=\"http://gotohub.net/hotels-accomadation/\" name=\"cat_17\" style=\"\">Hotels & Accomadation</a>',';0;'),(18,'Insurance Companies','<a href=\"http://gotohub.net/insurance-companies/\" name=\"cat_18\" style=\"\">Insurance Companies</a>',';0;'),(19,'Law Services','<a href=\"http://gotohub.net/law-services/\" name=\"cat_19\" style=\"\">Law Services</a>',';0;'),(20,'Lawyers and Law Firms','<a href=\"http://gotohub.net/lawyers-and-law-firms/\" name=\"cat_20\" style=\"\">Lawyers and Law Firms</a>',';0;'),(21,'Lifestyle & People','<a href=\"http://gotohub.net/lifestyle-people/\" name=\"cat_21\" style=\"\">Lifestyle & People</a>',';0;'),(22,'Medicine  Facilities','<a href=\"http://gotohub.net/medicine-facilities/\" name=\"cat_22\" style=\"\">Medicine  Facilities</a>',';0;'),(23,'Financial Services','<a href=\"http://gotohub.net/financial-services/\" name=\"cat_23\" style=\"\">Financial Services</a>',';0;'),(24,'News','<a href=\"http://gotohub.net/news/\" name=\"cat_24\" style=\"\">News</a>',';0;'),(25,'Plumbing & Plumbers','<a href=\"http://gotohub.net/plumbing-plumbers/\" name=\"cat_25\" style=\"\">Plumbing & Plumbers</a>',';0;'),(26,'Real Estate Services','<a href=\"http://gotohub.net/real-estate-services/\" name=\"cat_26\" style=\"\">Real Estate Services</a>',';0;'),(27,'Technology & Science','<a href=\"http://gotohub.net/technology-science/\" name=\"cat_27\" style=\"\">Technology & Science</a>',';0;'),(28,'SEO Services','<a href=\"http://gotohub.net/seo-services/\" name=\"cat_28\" style=\"\">SEO Services</a>',';0;'),(29,'Shopping and Retail','<a href=\"http://gotohub.net/shopping-and-retail/\" name=\"cat_29\" style=\"\">Shopping and Retail</a>',';0;'),(30,'Recreation & Sports','<a href=\"http://gotohub.net/recreation-sports/\" name=\"cat_30\" style=\"\">Recreation & Sports</a>',';0;'),(31,'Transport & Moving Services ','<a href=\"http://gotohub.net/transport-moving-services/\" name=\"cat_31\" style=\"\">Transport & Moving Services </a>',';0;'),(32,'Travel Industry','<a href=\"http://gotohub.net/travel-industry/\" name=\"cat_32\" style=\"\">Travel Industry</a>',';0;'),(33,'Wedding & Events','<a href=\"http://gotohub.net/wedding-events/\" name=\"cat_33\" style=\"\">Wedding & Events</a>',';0;'),(34,'Educational Resources','<a href=\"http://gotohub.net/educational-resources/\" name=\"cat_34\" style=\"\">Educational Resources</a>',';0;'),(35,'Employment & Recruitment Services','<a href=\"http://gotohub.net/employment-recruitment-services/\" name=\"cat_35\" style=\"\">Employment & Recruitment Services</a>',';0;');

--
-- Table structure for table `idx_category_suggession`
--

CREATE TABLE `idx_category_suggession` (
  `id_cat_suggession` int(11) NOT NULL AUTO_INCREMENT,
  `parent_id` int(11) DEFAULT NULL,
  `name` varchar(255) DEFAULT NULL,
  `category_description` text,
  `date` datetime DEFAULT NULL,
  PRIMARY KEY (`id_cat_suggession`)
) ENGINE=MyISAM AUTO_INCREMENT=2 DEFAULT CHARSET=latin1;

--
-- Dumping data for table `idx_category_suggession`
--

INSERT INTO `idx_category_suggession` VALUES (1,20,'Strategic Legal Web','www.strategiclegalweb.com','2012-03-06 08:43:01');

--
-- Table structure for table `idx_checkurl`
--

CREATE TABLE `idx_checkurl` (
  `link_id` mediumint(9) NOT NULL DEFAULT '0',
  `date` date NOT NULL DEFAULT '0000-00-00',
  `live` char(1) NOT NULL DEFAULT '',
  `reciprocal_found` char(1) NOT NULL DEFAULT '',
  PRIMARY KEY (`link_id`)
) ENGINE=MyISAM DEFAULT CHARSET=latin1;

--
-- Dumping data for table `idx_checkurl`
--


--
-- Table structure for table `idx_cronjobs`
--

CREATE TABLE `idx_cronjobs` (
  `cronjobs_id` int(11) NOT NULL AUTO_INCREMENT,
  `cronjobs_name` varchar(255) DEFAULT NULL,
  `filename` varchar(255) NOT NULL,
  `schedule` varchar(255) NOT NULL,
  `time` datetime NOT NULL,
  `execution` varchar(1) NOT NULL,
  PRIMARY KEY (`cronjobs_id`)
) ENGINE=MyISAM AUTO_INCREMENT=4 DEFAULT CHARSET=latin1;

--
-- Dumping data for table `idx_cronjobs`
--

INSERT INTO `idx_cronjobs` VALUES (1,NULL,'clear_templates_c.php','1,*,*,*,*','0000-00-00 00:00:00',''),(2,NULL,'update_tag_cloud.php','*,24,*,*,*','0000-00-00 00:00:00',''),(3,NULL,'clear_rss_cache.php','*,24,*,*,*','0000-00-00 00:00:00','');

--
-- Table structure for table `idx_custom_field`
--

CREATE TABLE `idx_custom_field` (
  `field_name` varchar(32) NOT NULL DEFAULT '',
  `field_text` varchar(64) NOT NULL DEFAULT '',
  `field_type` enum('TEXT','TEXTAREA','SELECT','MULTISELECT','CHECKBOX','RADIO','FILE','IMAGE','DATE','DATETIME','RICHEDITOR') NOT NULL DEFAULT 'TEXT',
  `field_option` text NOT NULL,
  `field_img_width` int(10) unsigned NOT NULL DEFAULT '0',
  `field_img_height` int(10) unsigned NOT NULL DEFAULT '0',
  `field_file_size` int(10) unsigned NOT NULL DEFAULT '0',
  `field_file_extension` varchar(64) NOT NULL DEFAULT '',
  `required` char(1) NOT NULL DEFAULT '0',
  `searchable` char(1) NOT NULL DEFAULT '1',
  `permission` char(1) NOT NULL DEFAULT '0'
) ENGINE=MyISAM DEFAULT CHARSET=latin1;

--
-- Dumping data for table `idx_custom_field`
--

INSERT INTO `idx_custom_field` VALUES ('image','Image','IMAGE','',0,0,0,'','0','0','2'),('address','Address','TEXT','',0,0,0,'','0','0','0'),('city','City','TEXT','',0,0,0,'','0','0','0'),('state','State','TEXT','',0,0,0,'','0','0','0'),('country','Country','TEXT','',0,0,0,'','0','0','0'),('zip','Zip','TEXT','',0,0,0,'','0','0','0'),('phone','Phone','TEXT','',0,0,0,'','0','0','0'),('fax','Fax','TEXT','',0,0,0,'','0','0','0');

--
-- Table structure for table `idx_default_field`
--

CREATE TABLE `idx_default_field` (
  `field_name` varchar(64) NOT NULL,
  `required` char(1) NOT NULL,
  `visible` char(1) NOT NULL DEFAULT '1',
  `searchable` char(1) NOT NULL DEFAULT '1'
) ENGINE=MyISAM DEFAULT CHARSET=latin1;

--
-- Dumping data for table `idx_default_field`
--

INSERT INTO `idx_default_field` VALUES ('title','1','1','1'),('url','1','1','1'),('description','1','1','1'),('keywords','1','1','0'),('contact_name','1','1','1'),('email','1','1','1'),('reciprocal_url','0','0','1');

--
-- Table structure for table `idx_discount_coupon`
--

CREATE TABLE `idx_discount_coupon` (
  `coupon_id` int(11) NOT NULL AUTO_INCREMENT,
  `coupon_code` varchar(255) DEFAULT NULL,
  `coupon_value` varchar(50) DEFAULT NULL,
  `link_type` varchar(255) DEFAULT NULL,
  `start_date` date DEFAULT NULL,
  `expired_date` date DEFAULT NULL,
  `expired_usage` int(11) DEFAULT NULL,
  `usage_count` int(11) DEFAULT NULL,
  PRIMARY KEY (`coupon_id`)
) ENGINE=MyISAM DEFAULT CHARSET=latin1;

--
-- Dumping data for table `idx_discount_coupon`
--


--
-- Table structure for table `idx_editor`
--

CREATE TABLE `idx_editor` (
  `username` varchar(20) DEFAULT NULL,
  `category_id` mediumint(9) DEFAULT NULL,
  `category` char(1) DEFAULT NULL,
  `link` char(1) DEFAULT NULL,
  `review` char(1) DEFAULT NULL,
  `pick` char(1) DEFAULT NULL,
  `status` char(1) DEFAULT NULL,
  `date` date DEFAULT NULL
) ENGINE=MyISAM DEFAULT CHARSET=latin1;

--
-- Dumping data for table `idx_editor`
--


--
-- Table structure for table `idx_email_template`
--

CREATE TABLE `idx_email_template` (
  `email_template_id` int(10) unsigned NOT NULL AUTO_INCREMENT,
  `name` varchar(255) DEFAULT NULL,
  `subject` varchar(255) DEFAULT NULL,
  `body` text,
  `altbody` text,
  PRIMARY KEY (`email_template_id`)
) ENGINE=MyISAM AUTO_INCREMENT=37 DEFAULT CHARSET=latin1;

--
-- Dumping data for table `idx_email_template`
--



--
-- Table structure for table `idx_favorites`
--

CREATE TABLE `idx_favorites` (
  `favorite_id` int(11) NOT NULL AUTO_INCREMENT,
  `username` varchar(20) DEFAULT NULL,
  `date` date DEFAULT NULL,
  `title` varchar(100) DEFAULT NULL,
  `description` text,
  PRIMARY KEY (`favorite_id`)
) ENGINE=MyISAM AUTO_INCREMENT=3 DEFAULT CHARSET=latin1;

--
-- Dumping data for table `idx_favorites`
--

INSERT INTO `idx_favorites` VALUES (1,'bestcoffeegrinder','2011-12-01','My Favorites',NULL),(2,'cheapcarinsurancefor','2011-12-06','My Favorites',NULL);

--
-- Table structure for table `idx_favorites_detail`
--

CREATE TABLE `idx_favorites_detail` (
  `favorite_id` int(11) DEFAULT NULL,
  `link_id` mediumint(9) DEFAULT NULL
) ENGINE=MyISAM DEFAULT CHARSET=latin1;

--
-- Dumping data for table `idx_favorites_detail`
--


--
-- Table structure for table `idx_hook_place`
--

CREATE TABLE `idx_hook_place` (
  `hook_place_id` int(11) NOT NULL AUTO_INCREMENT,
  `filename` varchar(255) DEFAULT NULL,
  `hookname` varchar(255) DEFAULT NULL,
  PRIMARY KEY (`hook_place_id`)
) ENGINE=MyISAM DEFAULT CHARSET=latin1;

--
-- Dumping data for table `idx_hook_place`
--


--
-- Table structure for table `idx_invoice`
--

CREATE TABLE `idx_invoice` (
  `invoice_id` varchar(10) NOT NULL DEFAULT '',
  `invoice_date` date DEFAULT NULL,
  `due_date` date DEFAULT NULL,
  `invoiced_to` text,
  `service` varchar(255) DEFAULT NULL,
  `description` text,
  `total` double(8,2) DEFAULT NULL,
  `comment` text,
  `paid` char(1) DEFAULT NULL,
  `paid_date` date DEFAULT NULL,
  `email` varchar(255) DEFAULT NULL,
  PRIMARY KEY (`invoice_id`)
) ENGINE=MyISAM DEFAULT CHARSET=latin1;

--
-- Dumping data for table `idx_invoice`
--


--
-- Table structure for table `idx_invoice_config`
--

CREATE TABLE `idx_invoice_config` (
  `company` varchar(255) DEFAULT NULL,
  `contact` varchar(255) DEFAULT NULL,
  `address` text,
  `phone` varchar(255) DEFAULT NULL,
  `email` varchar(255) DEFAULT NULL,
  `currency_symbol` varchar(255) DEFAULT '$',
  `currency_code` varchar(255) DEFAULT 'USD'
) ENGINE=MyISAM DEFAULT CHARSET=latin1;

--
-- Dumping data for table `idx_invoice_config`
--

INSERT INTO `idx_invoice_config` VALUES ('Your website / Company','Billing Department','Your address','Your phone #','Billing<name@yourdomain.com>','$','USD');

--
-- Table structure for table `idx_link_temp`
--

CREATE TABLE `idx_link_temp` (
  `vid` mediumint(9) unsigned NOT NULL AUTO_INCREMENT,
  `spam` char(1) NOT NULL DEFAULT '0',
  `link_id` mediumint(9) DEFAULT NULL,
  `category_id` mediumint(9) unsigned NOT NULL DEFAULT '0',
  `title` varchar(100) NOT NULL DEFAULT '',
  `url` text NOT NULL,
  `description` text NOT NULL,
  `contact_name` varchar(100) NOT NULL DEFAULT '',
  `email` varchar(100) NOT NULL DEFAULT '',
  `hits` mediumint(9) DEFAULT NULL,
  `votes` smallint(6) DEFAULT NULL,
  `rating` float(4,2) DEFAULT NULL,
  `date` datetime NOT NULL DEFAULT '0000-00-00 00:00:00',
  `bid` smallint(6) NOT NULL DEFAULT '0',
  `new` char(1) DEFAULT NULL,
  `hot` char(1) DEFAULT NULL,
  `top_rated` char(1) DEFAULT NULL,
  `pick` char(1) DEFAULT NULL,
  `password` varchar(20) DEFAULT NULL,
  `updated` char(1) DEFAULT NULL,
  `reviews` smallint(6) DEFAULT NULL,
  `avg_review` float(4,2) DEFAULT NULL,
  `last_updated` datetime DEFAULT NULL,
  `official_review` text,
  `keywords` varchar(255) DEFAULT NULL,
  `cat1` mediumint(6) NOT NULL DEFAULT '0',
  `cat2` mediumint(6) NOT NULL DEFAULT '0',
  `suspended` char(1) NOT NULL DEFAULT '0',
  `reciprocal_url` varchar(255) DEFAULT NULL,
  `address` varchar(255) DEFAULT NULL,
  `city` varchar(255) DEFAULT NULL,
  `state` varchar(255) DEFAULT NULL,
  `country` varchar(255) DEFAULT NULL,
  `zip` varchar(255) DEFAULT NULL,
  `image` varchar(255) DEFAULT NULL,
  `phone` varchar(255) DEFAULT NULL,
  `fax` varchar(255) DEFAULT NULL,
  PRIMARY KEY (`vid`)
) ENGINE=MyISAM DEFAULT CHARSET=latin1;

--
-- Dumping data for table `idx_link_temp`
--


--
-- Table structure for table `idx_link_temp_user`
--

CREATE TABLE `idx_link_temp_user` (
  `vid` mediumint(9) unsigned NOT NULL DEFAULT '0',
  `username` varchar(20) NOT NULL DEFAULT '',
  PRIMARY KEY (`vid`)
) ENGINE=MyISAM DEFAULT CHARSET=latin1;

--
-- Dumping data for table `idx_link_temp_user`
--


--
-- Table structure for table `idx_link_user`
--

CREATE TABLE `idx_link_user` (
  `link_id` mediumint(9) unsigned NOT NULL DEFAULT '0',
  `username` varchar(20) NOT NULL DEFAULT '',
  PRIMARY KEY (`link_id`)
) ENGINE=MyISAM DEFAULT CHARSET=latin1;

--
-- Dumping data for table `idx_link_user`
--


--
-- Table structure for table `idx_mailing_list`
--

CREATE TABLE `idx_mailing_list` (
  `email` varchar(50) NOT NULL DEFAULT '',
  `code` varchar(4) DEFAULT NULL,
  `status` char(1) DEFAULT NULL,
  PRIMARY KEY (`email`)
) ENGINE=MyISAM DEFAULT CHARSET=latin1;

--
-- Dumping data for table `idx_mailing_list`
--


--
-- Table structure for table `idx_message`
--

CREATE TABLE `idx_message` (
  `message_id` smallint(6) NOT NULL AUTO_INCREMENT,
  `date` date DEFAULT NULL,
  `body` text,
  `subject` varchar(100) DEFAULT NULL,
  PRIMARY KEY (`message_id`)
) ENGINE=MyISAM DEFAULT CHARSET=latin1;

--
-- Dumping data for table `idx_message`
--


--
-- Table structure for table `idx_notification`
--

CREATE TABLE `idx_notification` (
  `username` varchar(20) NOT NULL DEFAULT '',
  `category_id` mediumint(9) NOT NULL DEFAULT '0'
) ENGINE=MyISAM DEFAULT CHARSET=latin1;

--
-- Dumping data for table `idx_notification`
--


--
-- Table structure for table `idx_pagerank`
--

CREATE TABLE `idx_pagerank` (
  `link_id` mediumint(8) unsigned NOT NULL DEFAULT '0',
  `engine` char(1) NOT NULL DEFAULT '',
  `rank` tinyint(4) NOT NULL DEFAULT '0',
  `last_update` date NOT NULL DEFAULT '0000-00-00',
  PRIMARY KEY (`link_id`,`engine`)
) ENGINE=MyISAM DEFAULT CHARSET=latin1;

--
-- Dumping data for table `idx_pagerank`
--

INSERT INTO `idx_pagerank` VALUES (1,'g',0,'2011-12-15'),(2,'g',0,'2011-12-15'),(3,'g',0,'2011-12-15'),(5,'g',0,'2011-12-15'),(4,'g',0,'2011-12-15'),(200,'g',0,'2011-12-15'),(287,'g',0,'2011-12-15'),(340,'g',0,'2011-12-15'),(405,'g',0,'2011-12-15'),(41,'g',0,'2011-12-15'),(145,'g',0,'2011-12-15'),(543,'g',0,'2011-12-15'),(382,'g',0,'2011-12-15'),(556,'g',0,'2011-12-15'),(549,'g',0,'2011-12-15'),(163,'g',0,'2011-12-15'),(950,'g',0,'2011-12-15'),(728,'g',0,'2012-01-19'),(1130,'g',0,'2012-01-19'),(1123,'g',0,'2011-12-15'),(986,'g',0,'2011-12-15'),(981,'g',0,'2011-12-15'),(757,'g',0,'2011-12-15'),(192,'g',0,'2011-12-15'),(165,'g',0,'2011-12-15'),(730,'g',0,'2011-12-15'),(411,'g',0,'2011-12-15'),(416,'g',0,'2011-12-15'),(33,'g',0,'2011-12-15'),(56,'g',0,'2011-12-15'),(615,'g',0,'2011-12-15'),(592,'g',0,'2011-12-15'),(550,'g',0,'2011-12-15'),(544,'g',0,'2011-12-15'),(626,'g',0,'2011-12-15'),(1124,'g',0,'2011-12-15'),(678,'g',0,'2011-12-15'),(828,'g',0,'2011-12-15'),(115,'g',0,'2011-12-15'),(261,'g',0,'2011-12-15'),(116,'g',0,'2011-12-15'),(679,'g',0,'2011-12-15'),(756,'g',0,'2011-12-15'),(191,'g',0,'2011-12-15'),(64,'g',0,'2011-12-16'),(26,'g',0,'2011-12-16'),(42,'g',0,'2011-12-16'),(436,'g',0,'2011-12-16'),(23,'g',0,'2011-12-16'),(309,'g',0,'2011-12-16'),(298,'g',0,'2011-12-16'),(327,'g',0,'2011-12-16'),(275,'g',0,'2011-12-16'),(36,'g',0,'2011-12-16'),(743,'g',0,'2011-12-17'),(846,'g',0,'2011-12-17'),(731,'g',0,'2011-12-17'),(744,'g',0,'2011-12-17'),(279,'g',0,'2011-12-17'),(178,'g',0,'2011-12-17'),(179,'g',0,'2011-12-17'),(166,'g',0,'2011-12-17'),(54,'g',0,'2011-12-17'),(65,'g',0,'2011-12-17'),(72,'g',0,'2011-12-17'),(82,'g',0,'2011-12-17'),(24,'g',0,'2011-12-17'),(83,'g',0,'2011-12-17'),(19,'g',0,'2011-12-17'),(91,'g',0,'2011-12-17'),(70,'g',0,'2011-12-17'),(47,'g',0,'2011-12-17'),(25,'g',0,'2011-12-17'),(201,'g',0,'2011-12-17'),(58,'g',0,'2011-12-17'),(225,'g',0,'2011-12-17'),(400,'g',0,'2011-12-17'),(264,'g',0,'2011-12-17'),(432,'g',0,'2011-12-17'),(66,'g',0,'2011-12-17'),(1118,'g',0,'2011-12-17'),(207,'g',0,'2011-12-18'),(535,'g',0,'2011-12-18'),(869,'g',0,'2012-01-22'),(774,'g',0,'2011-12-18'),(1020,'g',0,'2012-01-24'),(1109,'g',0,'2011-12-18'),(85,'g',0,'2011-12-18'),(29,'g',0,'2011-12-18'),(203,'g',0,'2011-12-18'),(720,'g',0,'2012-01-22'),(647,'g',0,'2011-12-19'),(644,'g',0,'2011-12-20'),(633,'g',0,'2011-12-20'),(575,'g',0,'2011-12-20'),(613,'g',0,'2011-12-20'),(581,'g',0,'2011-12-20'),(643,'g',0,'2011-12-20'),(625,'g',0,'2011-12-20'),(631,'g',0,'2011-12-20'),(652,'g',0,'2011-12-20'),(606,'g',0,'2011-12-20'),(557,'g',0,'2011-12-20'),(975,'g',0,'2011-12-20'),(560,'g',0,'2011-12-20'),(854,'g',0,'2011-12-20'),(907,'g',0,'2011-12-20'),(561,'g',0,'2011-12-20'),(558,'g',0,'2011-12-20'),(766,'g',0,'2011-12-20'),(559,'g',0,'2011-12-20'),(719,'g',0,'2011-12-20'),(677,'g',0,'2012-02-18'),(876,'g',0,'2011-12-22'),(595,'g',0,'2011-12-22'),(580,'g',0,'2012-01-25'),(842,'g',0,'2011-12-22'),(583,'g',0,'2011-12-22'),(624,'g',0,'2011-12-22'),(601,'g',0,'2011-12-22'),(894,'g',0,'2011-12-22'),(865,'g',0,'2011-12-22'),(1146,'g',0,'2012-01-25'),(721,'g',0,'2011-12-22'),(858,'g',0,'2011-12-22'),(585,'g',0,'2011-12-23'),(603,'g',0,'2012-02-16'),(591,'g',0,'2011-12-23'),(612,'g',0,'2011-12-23'),(588,'g',0,'2011-12-23'),(618,'g',0,'2011-12-23'),(628,'g',0,'2011-12-23'),(634,'g',0,'2012-02-18'),(1156,'g',0,'2011-12-23'),(616,'g',0,'2011-12-23'),(608,'g',0,'2011-12-23'),(639,'g',0,'2011-12-23'),(579,'g',0,'2011-12-23'),(622,'g',0,'2011-12-23'),(570,'g',0,'2011-12-23'),(666,'g',0,'2011-12-23'),(648,'g',0,'2011-12-23'),(1144,'g',0,'2011-12-23'),(617,'g',0,'2011-12-23'),(609,'g',0,'2011-12-23'),(646,'g',0,'2011-12-23'),(572,'g',0,'2011-12-23'),(792,'g',0,'2011-12-23'),(571,'g',0,'2011-12-23'),(596,'g',0,'2011-12-23'),(1149,'g',0,'2011-12-23'),(1151,'g',0,'2011-12-23'),(1153,'g',0,'2011-12-24'),(1148,'g',0,'2011-12-24'),(769,'g',0,'2011-12-24'),(1161,'g',0,'2011-12-24'),(1121,'g',0,'2011-12-24'),(787,'g',0,'2011-12-24'),(711,'g',0,'2011-12-24'),(973,'g',0,'2011-12-24'),(573,'g',0,'2011-12-24'),(587,'g',0,'2011-12-24'),(687,'g',0,'2011-12-24'),(1019,'g',0,'2011-12-24'),(1155,'g',0,'2011-12-24'),(706,'g',0,'2011-12-24'),(1047,'g',0,'2011-12-24'),(1119,'g',0,'2011-12-24'),(759,'g',0,'2011-12-24'),(961,'g',0,'2011-12-24'),(901,'g',0,'2011-12-24'),(604,'g',0,'2011-12-24'),(831,'g',0,'2011-12-24'),(1002,'g',0,'2011-12-24'),(574,'g',0,'2011-12-24'),(582,'g',0,'2011-12-24'),(597,'g',0,'2011-12-24'),(767,'g',0,'2011-12-24'),(970,'g',0,'2011-12-24'),(562,'g',0,'2012-03-03'),(629,'g',0,'2012-03-03'),(998,'g',0,'2011-12-24'),(630,'g',0,'2012-01-25'),(714,'g',0,'2012-01-25'),(953,'g',0,'2011-12-24'),(868,'g',0,'2012-01-25'),(908,'g',0,'2011-12-24'),(718,'g',0,'2012-01-25'),(742,'g',0,'2012-01-25'),(567,'g',0,'2012-02-18'),(974,'g',0,'2011-12-25'),(783,'g',0,'2012-02-18'),(593,'g',0,'2012-02-18'),(669,'g',0,'2012-02-18'),(980,'g',0,'2011-12-25'),(872,'g',0,'2011-12-25'),(734,'g',0,'2011-12-25'),(686,'g',0,'2011-12-25'),(649,'g',0,'2011-12-25'),(599,'g',0,'2011-12-25'),(1147,'g',0,'2011-12-25'),(790,'g',0,'2011-12-25'),(859,'g',0,'2012-03-04'),(638,'g',0,'2012-03-04'),(851,'g',0,'2012-03-04'),(568,'g',0,'2012-02-18'),(707,'g',0,'2011-12-26'),(796,'g',0,'2012-03-04'),(635,'g',0,'2011-12-26'),(740,'g',0,'2011-12-26'),(850,'g',0,'2011-12-26'),(835,'g',0,'2011-12-26'),(861,'g',0,'2011-12-26'),(793,'g',0,'2011-12-26'),(598,'g',0,'2011-12-26'),(689,'g',0,'2011-12-26'),(833,'g',0,'2011-12-26'),(957,'g',0,'2012-01-31'),(864,'g',0,'2012-01-31'),(1182,'g',0,'2012-02-01'),(836,'g',0,'2011-12-27'),(775,'g',0,'2011-12-27'),(590,'g',0,'2011-12-27'),(607,'g',0,'2011-12-27'),(577,'g',0,'2011-12-27'),(857,'g',0,'2011-12-27'),(569,'g',0,'2011-12-27'),(594,'g',0,'2011-12-27'),(563,'g',0,'2011-12-27'),(1150,'g',0,'2011-12-27'),(584,'g',0,'2011-12-27'),(564,'g',0,'2011-12-27'),(1154,'g',0,'2011-12-27'),(700,'g',0,'2011-12-27'),(795,'g',0,'2011-12-27'),(844,'g',0,'2011-12-27'),(841,'g',0,'2011-12-27'),(845,'g',0,'2011-12-27'),(1128,'g',0,'2011-12-27'),(785,'g',0,'2011-12-27'),(762,'g',0,'2011-12-27'),(753,'g',0,'2011-12-27'),(849,'g',0,'2011-12-27'),(735,'g',0,'2011-12-27'),(739,'g',0,'2011-12-27'),(1136,'g',0,'2011-12-27'),(789,'g',0,'2011-12-27'),(825,'g',0,'2011-12-27'),(640,'g',0,'2011-12-27'),(661,'g',0,'2011-12-27'),(662,'g',0,'2011-12-27'),(966,'g',0,'2011-12-27'),(645,'g',0,'2012-02-27'),(694,'g',0,'2011-12-27'),(605,'g',0,'2012-02-27'),(650,'g',0,'2011-12-27'),(702,'g',0,'2011-12-27'),(642,'g',0,'2012-02-27'),(566,'g',0,'2012-02-16'),(978,'g',0,'2011-12-27'),(701,'g',0,'2011-12-27'),(695,'g',0,'2011-12-27'),(665,'g',0,'2011-12-27'),(948,'g',0,'2011-12-27'),(637,'g',0,'2011-12-27'),(890,'g',0,'2011-12-27'),(726,'g',0,'2011-12-27'),(866,'g',0,'2011-12-27'),(898,'g',0,'2011-12-27'),(725,'g',0,'2011-12-27'),(1096,'g',0,'2011-12-28'),(852,'g',0,'2011-12-28'),(1055,'g',0,'2011-12-28'),(660,'g',0,'2011-12-28'),(680,'g',0,'2011-12-28'),(727,'g',0,'2011-12-28'),(863,'g',0,'2011-12-28'),(911,'g',0,'2011-12-28'),(1111,'g',0,'2011-12-28'),(848,'g',0,'2011-12-28'),(664,'g',0,'2011-12-28'),(1176,'g',0,'2011-12-28'),(641,'g',0,'2012-02-18'),(991,'g',0,'2012-02-18'),(653,'g',0,'2012-02-18'),(1175,'g',0,'2011-12-28'),(1177,'g',0,'2011-12-28'),(977,'g',0,'2011-12-28'),(772,'g',0,'2011-12-29'),(873,'g',0,'2012-02-20'),(847,'g',0,'2012-02-20'),(565,'g',0,'2011-12-29'),(1135,'g',0,'2011-12-29'),(1152,'g',0,'2011-12-29'),(1172,'g',0,'2011-12-29'),(602,'g',0,'2011-12-29'),(1173,'g',0,'2011-12-29'),(1223,'g',0,'2011-12-29'),(1224,'g',0,'2011-12-29'),(1197,'g',0,'2011-12-29'),(1190,'g',0,'2011-12-29'),(1222,'g',0,'2011-12-29'),(1225,'g',0,'2011-12-29'),(1204,'g',0,'2011-12-29'),(659,'g',0,'2011-12-30'),(708,'g',0,'2011-12-31'),(1221,'g',0,'2012-01-01'),(1212,'g',0,'2012-01-01'),(1196,'g',0,'2012-01-01'),(1169,'g',0,'2012-01-01'),(713,'g',0,'2012-01-01'),(1215,'g',0,'2012-01-01'),(1180,'g',0,'2012-01-01'),(1157,'g',0,'2012-01-01'),(576,'g',0,'2012-01-01'),(586,'g',0,'2012-01-01'),(668,'g',0,'2012-01-01'),(620,'g',0,'2012-01-01'),(589,'g',0,'2012-01-01'),(1145,'g',0,'2012-01-01'),(1137,'g',0,'2012-01-02'),(1179,'g',0,'2012-03-04'),(627,'g',0,'2012-01-02'),(1199,'g',0,'2012-01-02'),(1219,'g',0,'2012-01-02'),(1205,'g',0,'2012-01-02'),(1201,'g',0,'2012-01-02'),(1218,'g',0,'2012-01-02'),(1203,'g',0,'2012-01-02'),(1168,'g',0,'2012-01-02'),(1181,'g',0,'2012-01-02'),(1200,'g',0,'2012-01-03'),(1214,'g',0,'2012-01-03'),(1174,'g',0,'2012-01-03'),(1170,'g',0,'2012-01-03'),(1227,'g',0,'2012-01-04'),(1163,'g',0,'2012-01-04'),(1210,'g',0,'2012-01-04'),(1216,'g',0,'2012-01-04'),(1158,'g',0,'2012-01-04'),(1206,'g',0,'2012-01-04'),(1208,'g',0,'2012-01-04'),(1171,'g',0,'2012-01-04'),(1178,'g',0,'2012-01-04'),(1235,'g',0,'2012-01-04'),(1202,'g',0,'2012-01-04'),(1211,'g',0,'2012-01-04'),(1245,'g',0,'2012-01-05'),(1228,'g',0,'2012-01-05'),(1229,'g',0,'2012-01-05'),(1198,'g',0,'2012-01-05'),(1166,'g',0,'2012-02-27'),(1255,'g',0,'2012-01-06'),(1232,'g',0,'2012-01-06'),(1230,'g',0,'2012-01-06'),(1250,'g',0,'2012-01-07'),(1238,'g',0,'2012-01-08'),(1239,'g',0,'2012-01-08'),(969,'g',0,'2012-01-08'),(976,'g',0,'2012-01-08'),(967,'g',0,'2012-01-08'),(946,'g',0,'2012-01-08'),(947,'g',0,'2012-01-08'),(971,'g',0,'2012-01-08'),(945,'g',0,'2012-01-08'),(955,'g',0,'2012-01-08'),(1258,'g',0,'2012-02-27'),(1167,'g',0,'2012-02-27'),(1217,'g',0,'2012-03-03'),(1263,'g',0,'2012-01-08'),(1209,'g',0,'2012-01-09'),(685,'g',0,'2012-01-09'),(1269,'g',0,'2012-01-09'),(1268,'g',0,'2012-01-09'),(1270,'g',0,'2012-01-09'),(1288,'g',0,'2012-01-10'),(1272,'g',0,'2012-01-10'),(1271,'g',0,'2012-01-10'),(1277,'g',0,'2012-01-10'),(1283,'g',0,'2012-02-16'),(1294,'g',0,'2012-01-11'),(1244,'g',0,'2012-01-11'),(1231,'g',0,'2012-01-11'),(1301,'g',0,'2012-01-12'),(1300,'g',0,'2012-01-12'),(1297,'g',0,'2012-01-12'),(1298,'g',0,'2012-01-12'),(1303,'g',0,'2012-01-12'),(1302,'g',0,'2012-01-12'),(1299,'g',0,'2012-01-12'),(1236,'g',0,'2012-01-12'),(1327,'g',0,'2012-01-13'),(1273,'g',0,'2012-01-13'),(1284,'g',0,'2012-01-13'),(1265,'g',0,'2012-01-13'),(1313,'g',0,'2012-01-13'),(1274,'g',0,'2012-01-13'),(1281,'g',0,'2012-02-15'),(1278,'g',0,'2012-02-15'),(1312,'g',0,'2012-01-13'),(1325,'g',0,'2012-02-15'),(1285,'g',0,'2012-02-15'),(1311,'g',0,'2012-02-15'),(1324,'g',0,'2012-02-15'),(1279,'g',0,'2012-02-15'),(1267,'g',0,'2012-02-13'),(1254,'g',0,'2012-01-13'),(1306,'g',0,'2012-01-13'),(1243,'g',0,'2012-01-13'),(1286,'g',0,'2012-01-13'),(1259,'g',0,'2012-01-13'),(1253,'g',0,'2012-01-13'),(1310,'g',0,'2012-01-13'),(1314,'g',0,'2012-01-13'),(1321,'g',0,'2012-01-13'),(1323,'g',0,'2012-01-13'),(1031,'g',0,'2012-01-13'),(1094,'g',0,'2012-01-13'),(1126,'g',0,'2012-01-13'),(1044,'g',0,'2012-01-13'),(1129,'g',0,'2012-01-13'),(1045,'g',0,'2012-01-13'),(1087,'g',0,'2012-01-13'),(1026,'g',0,'2012-01-13'),(1033,'g',0,'2012-01-13'),(1113,'g',0,'2012-01-13'),(1260,'g',0,'2012-01-14'),(1249,'g',0,'2012-01-14'),(1261,'g',0,'2012-01-14'),(1322,'g',0,'2012-02-27'),(1234,'g',0,'2012-01-14'),(1237,'g',0,'2012-01-14'),(758,'g',0,'2012-01-14'),(780,'g',0,'2012-01-14'),(750,'g',0,'2012-01-14'),(746,'g',0,'2012-01-14'),(832,'g',0,'2012-01-14'),(754,'g',0,'2012-01-14'),(826,'g',0,'2012-01-14'),(777,'g',0,'2012-01-14'),(782,'g',0,'2012-01-14'),(684,'g',0,'2012-01-14'),(690,'g',0,'2012-01-14'),(676,'g',0,'2012-01-14'),(623,'g',0,'2012-01-14'),(682,'g',0,'2012-01-14'),(667,'g',0,'2012-01-14'),(672,'g',0,'2012-01-14'),(663,'g',0,'2012-01-14'),(656,'g',0,'2012-01-14'),(829,'g',0,'2012-01-14'),(611,'g',0,'2012-01-14'),(610,'g',0,'2012-01-14'),(621,'g',0,'2012-01-14'),(614,'g',0,'2012-01-14'),(691,'g',0,'2012-01-14'),(722,'g',0,'2012-01-14'),(745,'g',0,'2012-01-14'),(716,'g',0,'2012-01-14'),(693,'g',0,'2012-01-14'),(737,'g',0,'2012-01-14'),(715,'g',0,'2012-01-14'),(619,'g',0,'2012-01-14'),(732,'g',0,'2012-01-14'),(738,'g',0,'2012-01-14'),(723,'g',0,'2012-01-14'),(875,'g',0,'2012-01-14'),(853,'g',0,'2012-01-14'),(838,'g',0,'2012-01-14'),(883,'g',0,'2012-01-14'),(856,'g',0,'2012-01-14'),(881,'g',0,'2012-01-14'),(877,'g',0,'2012-01-14'),(834,'g',0,'2012-01-14'),(860,'g',0,'2012-01-14'),(879,'g',0,'2012-01-14'),(979,'g',0,'2012-01-14'),(963,'g',0,'2012-01-14'),(888,'g',0,'2012-01-14'),(884,'g',0,'2012-01-14'),(956,'g',0,'2012-01-15'),(906,'g',0,'2012-01-15'),(910,'g',0,'2012-01-15'),(886,'g',0,'2012-01-15'),(995,'g',0,'2012-01-15'),(900,'g',0,'2012-01-15'),(1309,'g',0,'2012-01-15'),(1246,'g',0,'2012-01-15'),(1256,'g',0,'2012-01-15'),(1292,'g',0,'2012-01-15'),(1276,'g',0,'2012-01-15'),(1289,'g',0,'2012-01-15'),(1307,'g',0,'2012-01-15'),(1290,'g',0,'2012-01-15'),(1304,'g',0,'2012-01-15'),(1319,'g',0,'2012-01-15'),(709,'g',0,'2012-01-15'),(600,'g',0,'2012-01-15'),(1241,'g',0,'2012-01-15'),(1296,'g',0,'2012-01-15'),(632,'g',0,'2012-01-15'),(1213,'g',0,'2012-01-15'),(1226,'g',0,'2012-01-15'),(1220,'g',0,'2012-01-15'),(1291,'g',0,'2012-01-16'),(578,'g',0,'2012-01-16'),(1251,'g',0,'2012-01-16'),(1252,'g',0,'2012-01-16'),(1320,'g',0,'2012-01-16'),(1308,'g',0,'2012-01-16'),(1248,'g',0,'2012-02-18'),(1240,'g',0,'2012-02-18'),(1247,'g',0,'2012-01-16'),(1328,'g',0,'2012-01-17'),(1295,'g',0,'2012-01-19'),(1330,'g',0,'2012-02-27'),(1257,'g',0,'2012-01-19'),(1264,'g',0,'2012-01-19'),(1262,'g',0,'2012-01-19'),(1275,'g',0,'2012-01-19'),(1266,'g',0,'2012-01-19'),(1106,'g',0,'2012-01-20'),(1101,'g',0,'2012-01-20'),(1134,'g',0,'2012-01-20'),(1334,'g',0,'2012-01-20'),(1351,'g',0,'2012-01-20'),(1293,'g',0,'2012-01-20'),(1355,'g',0,'2012-01-20'),(1287,'g',0,'2012-01-20'),(993,'g',0,'2012-01-21'),(1017,'g',0,'2012-01-21'),(1028,'g',0,'2012-01-21'),(1091,'g',0,'2012-01-21'),(1048,'g',0,'2012-01-21'),(1356,'g',0,'2012-01-21'),(1089,'g',0,'2012-01-21'),(1316,'g',0,'2012-01-21'),(1207,'g',0,'2012-01-21'),(1120,'g',0,'2012-01-22'),(1108,'g',0,'2012-01-22'),(1317,'g',0,'2012-02-27'),(1132,'g',0,'2012-01-22'),(1095,'g',0,'2012-01-22'),(1127,'g',0,'2012-01-22'),(1329,'g',0,'2012-01-23'),(1353,'g',0,'2012-01-23'),(1346,'g',0,'2012-01-24'),(1347,'g',0,'2012-01-24'),(1368,'g',0,'2012-03-05'),(1345,'g',0,'2012-01-24'),(1360,'g',0,'2012-03-05'),(1365,'g',0,'2012-03-05'),(1348,'g',0,'2012-01-24'),(1349,'g',0,'2012-01-24'),(1343,'g',0,'2012-01-24'),(1326,'g',0,'2012-03-03'),(1280,'g',0,'2012-01-24'),(1336,'g',0,'2012-01-24'),(1344,'g',0,'2012-01-24'),(1117,'g',0,'2012-01-24'),(733,'g',0,'2012-01-25'),(1114,'g',0,'2012-01-25'),(1050,'g',0,'2012-01-25'),(1036,'g',0,'2012-01-25'),(736,'g',0,'2012-01-25'),(1115,'g',0,'2012-01-25'),(1051,'g',0,'2012-01-25'),(1142,'g',0,'2012-01-25'),(1143,'g',0,'2012-01-25'),(1359,'g',0,'2012-01-25'),(1078,'g',0,'2012-01-26'),(1086,'g',0,'2012-01-26'),(1080,'g',0,'2012-01-26'),(1079,'g',0,'2012-01-26'),(1082,'g',0,'2012-01-26'),(1083,'g',0,'2012-01-26'),(1097,'g',0,'2012-01-26'),(1081,'g',0,'2012-01-26'),(1085,'g',0,'2012-01-26'),(1084,'g',0,'2012-01-26'),(1370,'g',0,'2012-01-26'),(968,'g',0,'2012-01-27'),(988,'g',0,'2012-01-27'),(962,'g',0,'2012-01-27'),(965,'g',0,'2012-01-27'),(996,'g',0,'2012-01-27'),(972,'g',0,'2012-01-27'),(1022,'g',0,'2012-01-27'),(1018,'g',0,'2012-01-27'),(1039,'g',0,'2012-01-27'),(1008,'g',0,'2012-01-27'),(1380,'g',0,'2012-01-27'),(1379,'g',0,'2012-01-28'),(1007,'g',0,'2012-01-28'),(1372,'g',0,'2012-03-03'),(1386,'g',0,'2012-03-05'),(1392,'g',0,'2012-03-05'),(1374,'g',0,'2012-03-05'),(1387,'g',0,'2012-01-31'),(1335,'g',0,'2012-01-31'),(1375,'g',0,'2012-01-31'),(1390,'g',0,'2012-01-31'),(1384,'g',0,'2012-01-31'),(1358,'g',0,'2012-02-01'),(938,'g',0,'2012-02-05'),(937,'g',0,'2012-02-05'),(935,'g',0,'2012-02-05'),(936,'g',0,'2012-02-05'),(939,'g',0,'2012-02-05'),(932,'g',0,'2012-02-05'),(934,'g',0,'2012-02-05'),(940,'g',0,'2012-02-05'),(941,'g',0,'2012-02-05'),(933,'g',0,'2012-02-05'),(1397,'g',0,'2012-02-05'),(1405,'g',0,'2012-02-10'),(909,'g',0,'2012-02-11'),(952,'g',0,'2012-02-11'),(954,'g',0,'2012-02-11'),(1125,'g',0,'2012-02-11'),(1112,'g',0,'2012-02-11'),(1090,'g',0,'2012-02-11'),(698,'g',0,'2012-02-11'),(705,'g',0,'2012-02-11'),(717,'g',0,'2012-02-11'),(683,'g',0,'2012-02-11'),(696,'g',0,'2012-02-11'),(729,'g',0,'2012-02-11'),(699,'g',0,'2012-02-11'),(704,'g',0,'2012-02-11'),(1442,'g',0,'2012-02-11'),(904,'g',0,'2012-02-11'),(761,'g',0,'2012-02-11'),(747,'g',0,'2012-02-11'),(837,'g',0,'2012-02-11'),(765,'g',0,'2012-02-11'),(830,'g',0,'2012-02-11'),(839,'g',0,'2012-02-11'),(764,'g',0,'2012-02-11'),(814,'g',0,'2012-02-11'),(788,'g',0,'2012-02-11'),(755,'g',0,'2012-02-11'),(1337,'g',0,'2012-02-11'),(1445,'g',0,'2012-02-11'),(1441,'g',0,'2012-02-11'),(1333,'g',0,'2012-02-11'),(741,'g',0,'2012-02-11'),(712,'g',0,'2012-02-11'),(760,'g',0,'2012-02-11'),(681,'g',0,'2012-02-11'),(840,'g',0,'2012-02-11'),(781,'g',0,'2012-02-11'),(688,'g',0,'2012-02-11'),(703,'g',0,'2012-02-11'),(752,'g',0,'2012-02-11'),(710,'g',0,'2012-02-11'),(724,'g',0,'2012-02-11'),(958,'g',0,'2012-02-11'),(902,'g',0,'2012-02-11'),(897,'g',0,'2012-02-12'),(871,'g',0,'2012-02-12'),(891,'g',0,'2012-02-12'),(912,'g',0,'2012-02-12'),(1318,'g',0,'2012-02-12'),(1400,'g',0,'2012-02-12'),(1399,'g',0,'2012-02-12'),(1315,'g',0,'2012-02-12'),(870,'g',0,'2012-02-12'),(862,'g',0,'2012-02-12'),(855,'g',0,'2012-02-12'),(867,'g',0,'2012-02-12'),(874,'g',0,'2012-02-12'),(951,'g',0,'2012-02-12'),(1452,'g',0,'2012-02-12'),(903,'g',0,'2012-02-13'),(1364,'g',0,'2012-02-13'),(1440,'g',0,'2012-02-13'),(1389,'g',0,'2012-02-14'),(763,'g',0,'2012-02-17'),(773,'g',0,'2012-02-17'),(1005,'g',0,'2012-02-17'),(1449,'g',0,'2012-02-17'),(959,'g',0,'2012-02-17'),(949,'g',0,'2012-02-17'),(1043,'g',0,'2012-02-17'),(1363,'g',0,'2012-02-17'),(1357,'g',0,'2012-02-17'),(1406,'g',0,'2012-02-17'),(1367,'g',0,'2012-02-17'),(1395,'g',0,'2012-02-17'),(1366,'g',0,'2012-02-17'),(810,'g',0,'2012-02-18'),(813,'g',0,'2012-02-18'),(805,'g',0,'2012-02-18'),(807,'g',0,'2012-02-18'),(809,'g',0,'2012-02-18'),(808,'g',0,'2012-02-18'),(804,'g',0,'2012-02-18'),(812,'g',0,'2012-02-18'),(806,'g',0,'2012-02-18'),(811,'g',0,'2012-02-18'),(670,'g',0,'2012-02-18'),(692,'g',0,'2012-02-18'),(657,'g',0,'2012-02-18'),(651,'g',0,'2012-02-18'),(673,'g',0,'2012-02-18'),(636,'g',0,'2012-02-18'),(931,'g',0,'2012-02-18'),(930,'g',0,'2012-02-18'),(1233,'g',0,'2012-02-18'),(1164,'g',0,'2012-02-18'),(1165,'g',0,'2012-02-18'),(1398,'g',0,'2012-02-18'),(1391,'g',0,'2012-02-18'),(1371,'g',0,'2012-02-18'),(1382,'g',0,'2012-02-18'),(1407,'g',0,'2012-02-18'),(1361,'g',0,'2012-02-18'),(1393,'g',0,'2012-02-18'),(1362,'g',0,'2012-02-18'),(1012,'g',0,'2012-02-18'),(1009,'g',0,'2012-02-18'),(1025,'g',0,'2012-02-18'),(1010,'g',0,'2012-02-18'),(1006,'g',0,'2012-02-18'),(1011,'g',0,'2012-02-18'),(1014,'g',0,'2012-02-18'),(1013,'g',0,'2012-02-18'),(1023,'g',0,'2012-02-18'),(1015,'g',0,'2012-02-18'),(990,'g',0,'2012-02-18'),(992,'g',0,'2012-02-18'),(994,'g',0,'2012-02-18'),(999,'g',0,'2012-02-18'),(997,'g',0,'2012-02-18'),(1001,'g',0,'2012-02-18'),(1000,'g',0,'2012-02-18'),(1004,'g',0,'2012-02-18'),(1003,'g',0,'2012-02-18'),(944,'g',0,'2012-02-18'),(942,'g',0,'2012-02-18'),(943,'g',0,'2012-02-18'),(1447,'g',0,'2012-02-18'),(1242,'g',0,'2012-02-18'),(1049,'g',0,'2012-02-18'),(893,'g',0,'2012-02-19'),(919,'g',0,'2012-02-19'),(917,'g',0,'2012-02-19'),(896,'g',0,'2012-02-19'),(918,'g',0,'2012-02-19'),(913,'g',0,'2012-02-19'),(916,'g',0,'2012-02-19'),(914,'g',0,'2012-02-19'),(895,'g',0,'2012-02-19'),(905,'g',0,'2012-02-19'),(1414,'g',0,'2012-02-19'),(1416,'g',0,'2012-02-19'),(1411,'g',0,'2012-02-19'),(1409,'g',0,'2012-02-19'),(1412,'g',0,'2012-02-19'),(1410,'g',0,'2012-02-19'),(1415,'g',0,'2012-02-19'),(1417,'g',0,'2012-02-19'),(1408,'g',0,'2012-02-19'),(1413,'g',0,'2012-02-19'),(1418,'g',0,'2012-02-19'),(1426,'g',0,'2012-02-19'),(1423,'g',0,'2012-02-19'),(1420,'g',0,'2012-02-19'),(1425,'g',0,'2012-02-19'),(1427,'g',0,'2012-02-19'),(1419,'g',0,'2012-02-19'),(1421,'g',0,'2012-02-19'),(1422,'g',0,'2012-02-19'),(1424,'g',0,'2012-02-19'),(985,'g',0,'2012-02-19'),(984,'g',0,'2012-02-19'),(989,'g',0,'2012-02-19'),(987,'g',0,'2012-02-19'),(983,'g',0,'2012-02-19'),(784,'g',0,'2012-02-19'),(749,'g',0,'2012-02-19'),(776,'g',0,'2012-02-19'),(779,'g',0,'2012-02-19'),(697,'g',0,'2012-02-19'),(786,'g',0,'2012-02-19'),(768,'g',0,'2012-02-19'),(770,'g',0,'2012-02-19'),(1448,'g',0,'2012-02-19'),(771,'g',0,'2012-02-19'),(1460,'g',0,'2012-02-20'),(1032,'g',0,'2012-02-21'),(1034,'g',0,'2012-02-21'),(1037,'g',0,'2012-02-21'),(1029,'g',0,'2012-02-21'),(1030,'g',0,'2012-02-21'),(1035,'g',0,'2012-02-21'),(1027,'g',0,'2012-02-21'),(1038,'g',0,'2012-02-21'),(1446,'g',0,'2012-02-21'),(1396,'g',0,'2012-02-21'),(1471,'g',0,'2012-02-21'),(1443,'g',0,'2012-02-21'),(1466,'g',0,'2012-02-21'),(1350,'g',0,'2012-02-22'),(1369,'g',0,'2012-02-22'),(1385,'g',0,'2012-02-22'),(1331,'g',0,'2012-02-22'),(1354,'g',0,'2012-02-22'),(1473,'g',0,'2012-02-22'),(1472,'g',0,'2012-02-22'),(1483,'g',0,'2012-02-29'),(1474,'g',0,'2012-03-01'),(1477,'g',0,'2012-03-02'),(1439,'g',0,'2012-03-02'),(1430,'g',0,'2012-03-02'),(1428,'g',0,'2012-03-02'),(1429,'g',0,'2012-03-02'),(1431,'g',0,'2012-03-02'),(1432,'g',0,'2012-03-02'),(1435,'g',0,'2012-03-02'),(1436,'g',0,'2012-03-02'),(1434,'g',0,'2012-03-02'),(1433,'g',0,'2012-03-02'),(1451,'g',0,'2012-03-03'),(1479,'g',0,'2012-03-03'),(1492,'g',0,'2012-03-03'),(1352,'g',0,'2012-03-03'),(1455,'g',0,'2012-03-03'),(1490,'g',0,'2012-03-04'),(1489,'g',0,'2012-03-04'),(1486,'g',0,'2012-03-04'),(1467,'g',0,'2012-03-04'),(1475,'g',0,'2012-03-04'),(1488,'g',0,'2012-03-04'),(1394,'g',0,'2012-03-04'),(1053,'g',0,'2012-03-04'),(1088,'g',0,'2012-03-05'),(1457,'g',0,'2012-03-05'),(1456,'g',0,'2012-03-05'),(1458,'g',0,'2012-03-05'),(1454,'g',0,'2012-03-05'),(1505,'g',0,'2012-03-05'),(1503,'g',0,'2012-03-05'),(1500,'g',0,'2012-03-06');

--
-- Table structure for table `idx_paid_listing`
--

CREATE TABLE `idx_paid_listing` (
  `link_id` mediumint(9) unsigned NOT NULL DEFAULT '0',
  `premium` char(1) DEFAULT NULL,
  `sponsored` char(1) DEFAULT NULL,
  `expire` datetime DEFAULT NULL,
  `paid` char(1) DEFAULT NULL,
  PRIMARY KEY (`link_id`)
) ENGINE=MyISAM DEFAULT CHARSET=latin1;

--
-- Dumping data for table `idx_paid_listing`
--


--
-- Table structure for table `idx_payment_gateway`
--

CREATE TABLE `idx_payment_gateway` (
  `payment_gateway_id` int(11) NOT NULL AUTO_INCREMENT,
  `name` varchar(100) DEFAULT NULL,
  `enable` char(1) DEFAULT NULL,
  `setting` text,
  `invoice_html` text,
  PRIMARY KEY (`payment_gateway_id`)
) ENGINE=MyISAM AUTO_INCREMENT=9 DEFAULT CHARSET=latin1;

--
-- Dumping data for table `idx_payment_gateway`
--

INSERT INTO `idx_payment_gateway` VALUES (1,'paypal','1','a:2:{s:13:\"payment_email\";s:0:\"\";s:21:\"enable_paypal_sandbox\";s:1:\"0\";}','<p> \r\n	<a href=\'paynow.php?id={$invoice_id}&m=paypal\'><img src=\'http://www.paypal.com/images/x-click-but02.gif\' border=\'0\' alt=\'Make payments with PayPal - it is fast, free and secure!\' /></a> \r\n</p>\r\n'),(2,'2co','0','a:6:{s:6:\"co_sid\";s:5:\"84932\";s:9:\"co_secret\";s:5:\"tango\";s:12:\"co_recurring\";s:1:\"0\";s:9:\"co_prod_1\";s:6:\"100.00\";s:9:\"co_prod_2\";s:6:\"250.00\";s:9:\"co_prod_3\";s:6:\"400.00\";}','<p>\r\n<a href=\'paynow.php?id={$invoice_id}&m=2co\'><img src=\'http://www.2checkout.com/images/overview/btns/25.jpg\' alt=\'Pay Now with 2checkout...\' border=\'0\' /></a> \r\n</p>'),(3,'authorizenet','0','a:2:{s:21:\"authorizenet_login_id\";s:0:\"\";s:21:\"authorizenet_tran_key\";s:0:\"\";}','<p> \r\n<a href=\'paynow.php?id={$invoice_id}&m=authorizenet\'><img src=\'http://www.authorize.net/upload/images/Images/Header/authorizenet_logo.gif\' alt=\'Pay Now with Authorize.Net...\' width=\'99\' height=\'39\' style=\'{border : 1px solid #c0c0c0;}\' /></a>\r\n</p>'),(4,'egold','0','a:2:{s:19:\"egold_payee_account\";s:0:\"\";s:16:\"egold_payee_name\";s:0:\"\";}','<p> \r\n<a href=\'paynow.php?id={$invoice_id}&m=egold\'>\r\n<img src=\'http://www.e-gold.com/gif/paywith.gif\' border=\'0\' alt=\'Pay Now with e-gold...\' />\r\n</a>\r\n</p>'),(5,'moneybookers','0','a:1:{s:18:\"moneybookers_email\";s:0:\"\";}','<p> \r\n<a href=\'paynow.php?id={$invoice_id}&m=paypal\'><img src=\'http://www.moneybookers.com/images/banners/88_en_mb.gif\' border=\'0\' alt=\'Make payments with Moneybookers - it is fast, free and secure!\' /></a> \r\n</p>'),(6,'paypal-subscriptions','0','a:2:{s:13:\"payment_email\";s:0:\"\";s:21:\"enable_paypal_sandbox\";s:1:\"0\";}','<p> \r\n<a href=\'paynow.php?id={$invoice_id}&m=paypal\'><img src=\'https://www.paypal.com/en_US/i/btn/x-click-but20.gif\' border=\'0\' alt=\'Make payments with PayPal - it is fast, free and secure!\' /></a> \r\n</p>'),(7,'alertpay','0','a:2:{s:14:\"alertpay_email\";s:0:\"\";s:23:\"enable_alertpay_sandbox\";s:1:\"0\";}','<p> \r\n<a href=\'paynow.php?id={$invoice_id}&m=alertpay\'>\r\n<img src=\'https://www.alertpay.com/Images/BuyNow/pay_now_3.gif\' border=\'0\' alt=\'Make payments with PayPal - it is fast, free and secure!\' /></a> \r\n</p>'),(8,'alertpay-subcriptions','0','a:2:{s:14:\"alertpay_email\";s:0:\"\";s:23:\"enable_alertpay_sandbox\";s:1:\"0\";}','<p>\r\n<a href=\'paynow.php?id={$invoice_id}&m=alertpay-subcriptions\'>\r\n<img src=\'https://www.alertpay.com/Images/BuyNow/subscribe_now_15.gif\' border=\'0\' alt=\'Make payments with Alert Pay - it is fast, free and secure!\' /></a> \r\n</p>');

--
-- Table structure for table `idx_payment_history`
--

CREATE TABLE `idx_payment_history` (
  `payment_id` int(10) unsigned NOT NULL AUTO_INCREMENT,
  `contact_name` varchar(255) DEFAULT NULL,
  `email` varchar(255) DEFAULT NULL,
  `type` varchar(255) DEFAULT NULL,
  `detail` text,
  `amount` double DEFAULT NULL,
  `time` datetime DEFAULT NULL,
  `invoice_id` varchar(10) DEFAULT NULL,
  PRIMARY KEY (`payment_id`)
) ENGINE=MyISAM DEFAULT CHARSET=latin1;

--
-- Dumping data for table `idx_payment_history`
--


--
-- Table structure for table `idx_pl_sociable`
--

CREATE TABLE `idx_pl_sociable` (
  `sb_id` int(11) NOT NULL AUTO_INCREMENT,
  `sb_name` varchar(255) CHARACTER SET utf8 DEFAULT NULL,
  `sb_url` varchar(255) CHARACTER SET utf8 DEFAULT NULL,
  `sb_icon` varchar(255) CHARACTER SET utf8 DEFAULT NULL,
  `sb_enable` char(1) CHARACTER SET utf8 DEFAULT '0',
  PRIMARY KEY (`sb_id`)
) ENGINE=MyISAM AUTO_INCREMENT=90 DEFAULT CHARSET=latin1;

--
-- Dumping data for table `idx_pl_sociable`
--

INSERT INTO `idx_pl_sociable` VALUES (1,'BarraPunto','http://barrapunto.com/submit.pl?subj=TITLE&amp;story=PERMALINK','barrapunto.png','0'),(2,'Bitacoras.com','http://bitacoras.com/anotaciones/PERMALINK','bitacoras.png','0'),(3,'BlinkList','http://www.blinklist.com/index.php?Action=Blink/addblink.php&amp;Url=PERMALINK&amp;Title=TITLE','blinklist.png','0'),(4,'blogmarks','http://blogmarks.net/my/new.php?mini=1&amp;simple=1&amp;url=PERMALINK&amp;title=TITLE','blogmarks.png','0'),(5,'Blogosphere News','http://www.blogospherenews.com/submit.php?url=PERMALINK&amp;title=TITLE','blogospherenews.png','0'),(6,'blogtercimlap','http://cimlap.blogter.hu/index.php?action=suggest_link&amp;title=TITLE&amp;url=PERMALINK','blogter.png','0'),(7,'Faves','http://faves.com/Authoring.aspx?u=PERMALINK&amp;title=TITLE','bluedot.png','0'),(8,'connotea','http://www.connotea.org/addpopup?continue=confirm&amp;uri=PERMALINK&amp;title=TITLE&amp;description=EXCERPT','connotea.png','0'),(9,'Current','http://current.com/clipper.htm?url=PERMALINK&amp;title=TITLE','current.png','0'),(10,'del.icio.us','http://delicious.com/post?url=PERMALINK&amp;title=TITLE&amp;notes=EXCERPT','delicious.png','0'),(11,'Digg','http://digg.com/submit?phase=2&amp;url=PERMALINK&amp;title=TITLE&amp;bodytext=EXCERPT','digg.png','1'),(12,'Diigo','http://www.diigo.com/post?url=PERMALINK&amp;title=TITLE','diigo.png','0'),(13,'DotNetKicks','http://www.dotnetkicks.com/kick/?url=PERMALINK&amp;title=TITLE','dotnetkicks.png','0'),(14,'DZone','http://www.dzone.com/links/add.html?url=PERMALINK&amp;title=TITLE','dzone.png','0'),(15,'eKudos','http://www.ekudos.nl/artikel/nieuw?url=PERMALINK&amp;title=TITLE&amp;desc=EXCERPT','ekudos.png','0'),(16,'email','mailto:?subject=TITLE&amp;body=PERMALINK','email_link.png','0'),(17,'Facebook','http://www.facebook.com/share.php?u=PERMALINK&amp;t=TITLE','facebook.png','1'),(18,'Fark','http://cgi.fark.com/cgi/fark/farkit.pl?h=TITLE&amp;u=PERMALINK','fark.png','0'),(19,'Fleck','http://beta3.fleck.com/bookmarklet.php?url=PERMALINK&amp;title=TITLE','fleck.png','0'),(20,'FriendFeed','http://www.friendfeed.com/share?title=TITLE&amp;link=PERMALINK','friendfeed.png','0'),(21,'FSDaily','http://www.fsdaily.com/submit?url=PERMALINK&amp;title=TITLE','fsdaily.png','0'),(22,'Global Grind','http://globalgrind.com/submission/submit.aspx?url=PERMALINK&amp;type=Article&amp;title=TITLE','globalgrind.png','0'),(23,'Google','http://www.google.com/bookmarks/mark?op=edit&amp;bkmk=PERMALINK&amp;title=TITLE&amp;annotation=EXCERPT','googlebookmark.png','0'),(24,'Gwar','http://www.gwar.pl/DodajGwar.html?u=PERMALINK','gwar.png','0'),(25,'HackerNews','http://news.ycombinator.com/submitlink?u=PERMALINK&amp;t=TITLE','hackernews.png','0'),(26,'Haohao','http://www.haohaoreport.com/submit.php?url=PERMALINK&amp;title=TITLE','haohao.png','0'),(27,'HealthRanker','http://healthranker.com/submit.php?url=PERMALINK&amp;title=TITLE','healthranker.png','0'),(28,'HelloTxt','http://hellotxt.com/?status=TITLE+PERMALINK','hellotxt.png','0'),(29,'Hemidemi','http://www.hemidemi.com/user_bookmark/new?title=TITLE&amp;url=PERMALINK','hemidemi.png','0'),(30,'Hyves','http://www.hyves.nl/profilemanage/add/tips/?name=TITLE&amp;text=EXCERPT+PERMALINK&amp;rating=5','hyves.png','0'),(31,'Identi.ca','http://identi.ca/notice/new?status_textarea=PERMALINK','identica.png','0'),(32,'IndianPad','http://www.indianpad.com/submit.php?url=PERMALINK','indianpad.png','0'),(33,'Internetmedia','http://internetmedia.hu/submit.php?url=PERMALINK','im.png','0'),(34,'Kirtsy','http://www.kirtsy.com/submit.php?url=PERMALINK&amp;title=TITLE','kirtsy.png','0'),(35,'laaik.it','http://laaik.it/NewStoryCompact.aspx?uri=PERMALINK&amp;headline=TITLE&amp;cat=5e082fcc-8a3b-47e2-acec-fdf64ff19d12','laaikit.png','0'),(36,'LinkArena','http://linkarena.com/bookmarks/addlink/?url=PERMALINK&amp;title=TITLE','linkarena.png','0'),(37,'LinkaGoGo','http://www.linkagogo.com/go/AddNoPopup?url=PERMALINK&amp;title=TITLE','linkagogo.png','0'),(38,'LinkedIn','http://www.linkedin.com/shareArticle?mini=true&amp;url=PERMALINK&amp;title=TITLE&amp;source=BLOGNAME&amp;summary=EXCERPT','linkedin.png','0'),(39,'Linkter','http://www.linkter.hu/index.php?action=suggest_link&amp;url=PERMALINK&amp;title=TITLE','linkter.png','0'),(40,'Live','https://favorites.live.com/quickadd.aspx?marklet=1&amp;url=PERMALINK&amp;title=TITLE','live.png','0'),(41,'Meneame','http://meneame.net/submit.php?url=PERMALINK','meneame.png','0'),(42,'MisterWong','http://www.mister-wong.com/addurl/?bm_url=PERMALINK&amp;bm_description=TITLE&amp;plugin=soc','misterwong.png','0'),(43,'MisterWong.DE','http://www.mister-wong.de/addurl/?bm_url=PERMALINK&amp;bm_description=TITLE&amp;plugin=soc','misterwong.png','0'),(44,'Mixx','http://www.mixx.com/submit?page_url=PERMALINK&amp;title=TITLE','mixx.png','0'),(45,'muti','http://www.muti.co.za/submit?url=PERMALINK&amp;title=TITLE','muti.png','0'),(46,'MyShare','http://myshare.url.com.tw/index.php?func=newurl&amp;url=PERMALINK&amp;desc=TITLE','myshare.png','0'),(47,'MySpace','http://www.myspace.com/Modules/PostTo/Pages/?u=PERMALINK&amp;t=TITLE','myspace.png','0'),(48,'MSNReporter','http://reporter.nl.msn.com/?fn=contribute&amp;Title=TITLE&amp;URL=PERMALINK&amp;cat_id=6&amp;tag_id=31&amp;Remark=EXCERPT','msnreporter.png','0'),(49,'N4G','http://www.n4g.com/tips.aspx?url=PERMALINK&amp;title=TITLE','n4g.png','0'),(50,'Netvibes','http://www.netvibes.com/share?title=TITLE&amp;url=PERMALINK','netvibes.png','0'),(51,'NewsVine','http://www.newsvine.com/_tools/seed&amp;save?u=PERMALINK&amp;h=TITLE','newsvine.png','0'),(52,'Netvouz','http://www.netvouz.com/action/submitBookmark?url=PERMALINK&amp;title=TITLE&amp;popup=no','netvouz.png','0'),(53,'NuJIJ','http://nujij.nl/jij.lynkx?t=TITLE&amp;u=PERMALINK&amp;b=EXCERPT','nujij.png','0'),(54,'Ping.fm','http://ping.fm/ref/?link=PERMALINK&amp;title=TITLE&amp;body=EXCERPT','ping.png','0'),(55,'Posterous','http://posterous.com/share?linkto=PERMALINK&amp;title=TITLE&amp;selection=EXCERPT','posterous.png','0'),(56,'PDF','http://www.printfriendly.com/print?url=PERMALINK&amp;partner=sociable','pdf.png','0'),(57,'Print','http://www.printfriendly.com/print?url=PERMALINK&amp;partner=sociable','printfriendly.png','0'),(58,'Propeller','http://www.propeller.com/submit/?url=PERMALINK','propeller.png','0'),(59,'Ratimarks','http://ratimarks.org/bookmarks.php/?action=add&address=PERMALINK&amp;title=TITLE','ratimarks.png','0'),(60,'Rec6','http://rec6.via6.com/link.php?url=PERMALINK&amp;=TITLE','rec6.png','0'),(61,'Reddit','http://reddit.com/submit?url=PERMALINK&amp;title=TITLE','reddit.png','0'),(62,'RSS','FEEDLINK','rss.png','0'),(63,'Scoopeo','http://www.scoopeo.com/scoop/new?newurl=PERMALINK&amp;title=TITLE','scoopeo.png','0'),(64,'Segnalo','http://segnalo.alice.it/post.html.php?url=PERMALINK&amp;title=TITLE','segnalo.png','0'),(65,'Simpy','http://www.simpy.com/simpy/LinkAdd.do?href=PERMALINK&amp;title=TITLE','simpy.png','0'),(66,'Slashdot','http://slashdot.org/bookmark.pl?title=TITLE&amp;url=PERMALINK','slashdot.png','0'),(67,'Socialogs','http://socialogs.com/add_story.php?story_url=PERMALINK&amp;story_title=TITLE','socialogs.png','0'),(68,'SphereIt','http://www.sphere.com/search?q=sphereit:PERMALINK&amp;title=TITLE','sphere.png','0'),(69,'Sphinn','http://sphinn.com/index.php?c=post&amp;m=submit&amp;link=PERMALINK','sphinn.png','0'),(70,'StumbleUpon','http://www.stumbleupon.com/submit?url=PERMALINK&amp;title=TITLE','stumbleupon.png','0'),(71,'Techmeme','http://twitter.com/home/?status=tip%20@Techmeme%20PERMALINK%20TITLE','techmeme.png','0'),(72,'Technorati','http://technorati.com/faves?add=PERMALINK','technorati.png','1'),(73,'ThisNext','http://www.thisnext.com/pick/new/submit/sociable/?url=PERMALINK&amp;name=TITLE','thisnext.png','0'),(74,'Tipd','http://tipd.com/submit.php?url=PERMALINK','tipd.png','0'),(75,'Tumblr','http://www.tumblr.com/share?v=3&amp;u=PERMALINK&amp;t=TITLE&amp;s=EXCERPT','tumblr.png','0'),(76,'Twitter','http://twitter.com/home?status=TITLE%20-%20PERMALINK','twitter.png','1'),(77,'Upnews','http://www.upnews.it/submit?url=PERMALINK&amp;title=TITLE','upnews.png','0'),(78,'Webnews.de','http://www.webnews.de/einstellen?url=PERMALINK&amp;title=TITLE','webnews.png','0'),(79,'Webride','http://webride.org/discuss/split.php?uri=PERMALINK&amp;title=TITLE','webride.png','0'),(80,'Wikio','http://www.wikio.com/vote?url=PERMALINK','wikio.png','0'),(81,'Wikio FR','http://www.wikio.fr/vote?url=PERMALINK','wikio.png','0'),(82,'Wikio IT','http://www.wikio.it/vote?url=PERMALINK','wikio.png','0'),(83,'Wists','http://wists.com/s.php?c=&amp;r=PERMALINK&amp;title=TITLE','wists.png','0'),(84,'Wykop','http://www.wykop.pl/dodaj?url=PERMALINK','wykop.png','0'),(85,'Xerpi','http://www.xerpi.com/block/add_link_from_extension?url=PERMALINK&amp;title=TITLE','xerpi.png','0'),(86,'YahooBuzz','http://buzz.yahoo.com/submit/?submitUrl=PERMALINK&amp;submitHeadline=TITLE&amp;submitSummary=EXCERPT&amp;submitCategory=science&amp;submitAssetType=text','yahoobuzz.png','0'),(87,'Yahoo! Bookmarks','http://bookmarks.yahoo.com/toolbar/savebm?u=PERMALINK&amp;t=TITLE&opener=bm&amp;ei=UTF-8&amp;d=EXCERPT','yahoomyweb.png','0'),(88,'Yigg','http://yigg.de/neu?exturl=PERMALINK&amp;exttitle=TITLE','yiggit.png','0'),(89,'Blogplay','http://blogplay.com','blogplay.png','0');

--
-- Table structure for table `idx_plugin`
--

CREATE TABLE `idx_plugin` (
  `plugin_id` int(11) NOT NULL AUTO_INCREMENT,
  `name` varchar(255) DEFAULT NULL,
  `plugin_file` varchar(255) DEFAULT NULL,
  `status` enum('0','1') DEFAULT NULL,
  `option_plugin` text,
  PRIMARY KEY (`plugin_id`)
) ENGINE=MyISAM AUTO_INCREMENT=2 DEFAULT CHARSET=latin1;

--
-- Dumping data for table `idx_plugin`
--

INSERT INTO `idx_plugin` VALUES (1,'Sociable','sociable/sociable.php','1',NULL);

--
-- Table structure for table `idx_review`
--

CREATE TABLE `idx_review` (
  `review_id` mediumint(9) unsigned NOT NULL AUTO_INCREMENT,
  `link_id` mediumint(9) unsigned NOT NULL DEFAULT '0',
  `review` text NOT NULL,
  `rating` tinyint(3) unsigned NOT NULL DEFAULT '0',
  `date` date NOT NULL DEFAULT '0000-00-00',
  `subject` varchar(100) DEFAULT NULL,
  `status` char(1) DEFAULT NULL,
  `username` varchar(20) DEFAULT NULL,
  `name` varchar(20) DEFAULT NULL,
  `email` varchar(100) DEFAULT NULL,
  PRIMARY KEY (`review_id`)
) ENGINE=MyISAM DEFAULT CHARSET=latin1;

--
-- Dumping data for table `idx_review`
--


--
-- Table structure for table `idx_searchlog`
--

CREATE TABLE `idx_searchlog` (
  `keyword` varchar(100) NOT NULL DEFAULT '',
  `time` datetime NOT NULL DEFAULT '0000-00-00 00:00:00',
  `result` mediumint(9) unsigned DEFAULT NULL,
  `ip` varchar(100) DEFAULT NULL
) ENGINE=MyISAM DEFAULT CHARSET=latin1;

--
-- Dumping data for table `idx_searchlog`
--

INSERT INTO `idx_searchlog` VALUES ('http://www.gsgwasteservices.co.uk','2011-12-08 04:13:42',0,'203.92.47.195');

--
-- Table structure for table `idx_set_hook_place`
--

CREATE TABLE `idx_set_hook_place` (
  `set_hook_place_id` int(11) NOT NULL AUTO_INCREMENT,
  `plugin` varchar(255) DEFAULT NULL,
  `set_hook_place` text,
  PRIMARY KEY (`set_hook_place_id`)
) ENGINE=MyISAM DEFAULT CHARSET=latin1;

--
-- Dumping data for table `idx_set_hook_place`
--


--
-- Table structure for table `idx_setting`
--

CREATE TABLE `idx_setting` (
  `setting_id` int(11) NOT NULL AUTO_INCREMENT,
  `setting_name` varchar(255) DEFAULT NULL,
  `setting_value` text,
  PRIMARY KEY (`setting_id`)
) ENGINE=MyISAM AUTO_INCREMENT=55 DEFAULT CHARSET=latin1;

--
-- Dumping data for table `idx_setting`
--

INSERT INTO `idx_setting` VALUES (4,'site_name','gotohub.net'),(5,'site_url','http://gotohub.net'),(6,'email_address','aniya.cristo2@gmail.com'),(7,'language_code','en_US'),(8,'theme_path','/home/gotohub/public_html/themes/'),(9,'admin_template_path','/home/gotohub/public_html/admin_tpl/'),(10,'plugin_path','/home/gotohub/public_html/plugin/'),(12,'active_theme','_gotohub'),(14,'spam_proof','1'),(15,'enable_user_validation','1'),(16,'allowed_file_extension','gif,jpg,png,pdf,zip,doc'),(17,'yahoo_appid',''),(18,'whosonline','600'),(19,'reciprocal_check','0'),(20,'urlcheck_limit','1'),(21,'pagerank_cache','30'),(22,'max_image_width','1024'),(23,'max_image_height','756'),(24,'max_file_size','500'),(25,'only_registered_can_add_link','0'),(26,'only_registered_can_add_review','0'),(27,'db_use_persistent','0'),(28,'paid_link_day_period','30,60,90,180'),(29,'paid_link_price_factor','1,1.5,2,3'),(30,'enable_html_tag','1'),(31,'allowed_html_tag','<b>,<strong>,<i>,<em>,<u>,<pre>,<blockquote>,<ol>,<ul>,<li>,<p>,<span>,<div>,<table>,<tr>,<td>'),(32,'enable_page_compression','0'),(33,'enable_category_ajax','1'),(34,'require_visit_category','0'),(35,'additional_category_price','0.5'),(36,'enable_rating_ajax','1'),(37,'service_nicecoder_avail','1'),(38,'enable_recaptcha','0'),(39,'recaptcha_publickey',''),(40,'recaptcha_privatekey',''),(41,'enable_bidding','0'),(42,'minimum_bid','5'),(43,'bid_increament','1'),(44,'charset','utf-8'),(45,'mailer','mail'),(46,'smtp_auth','0'),(47,'smtp_host',''),(48,'smtp_username',''),(49,'smtp_password',''),(50,'smtp_port','25'),(51,'emailbody_as_html','0'),(52,'indexu_version','2.4'),(53,'tos',''),(54,'submission_guidelines','');

--
-- Table structure for table `idx_tags`
--

CREATE TABLE `idx_tags` (
  `tag` varchar(64) NOT NULL DEFAULT '',
  `category_id` mediumint(8) unsigned NOT NULL DEFAULT '0',
  `total` int(11) NOT NULL DEFAULT '0',
  `tag_path` varchar(64) NOT NULL,
  PRIMARY KEY (`tag`,`category_id`)
) ENGINE=MyISAM DEFAULT CHARSET=latin1;

--
-- Dumping data for table `idx_tags`
--


--
-- Table structure for table `idx_unavailable`
--

CREATE TABLE `idx_unavailable` (
  `idx_unavailable` int(11) NOT NULL AUTO_INCREMENT,
  `link_id` int(11) DEFAULT NULL,
  `url` varchar(255) DEFAULT NULL,
  `who_is` varchar(255) DEFAULT NULL,
  `note` text,
  `date` datetime DEFAULT NULL,
  PRIMARY KEY (`idx_unavailable`)
) ENGINE=MyISAM DEFAULT CHARSET=latin1;

--
-- Dumping data for table `idx_unavailable`
--


--
-- Table structure for table `idx_unavailable_latest`
--

CREATE TABLE `idx_unavailable_latest` (
  `idx_link` int(11) DEFAULT NULL,
  `record_execution` int(11) DEFAULT NULL
) ENGINE=MyISAM DEFAULT CHARSET=latin1;

--
-- Dumping data for table `idx_unavailable_latest`
--


--
-- Table structure for table `idx_votes`
--

CREATE TABLE `idx_votes` (
  `link_id` mediumint(9) NOT NULL DEFAULT '0',
  `ip` varchar(100) DEFAULT NULL,
  `value` tinyint(4) DEFAULT NULL
) ENGINE=MyISAM DEFAULT CHARSET=latin1;

--
-- Dumping data for table `idx_votes`
--



