--
-- Host: greatlistingz.com    Database: greatlis_greatlis
-- ------------------------------------------------------


--
-- Table structure for table `directory_save_data`
--

CREATE TABLE `directory_save_data` (
  `id` bigint(100) NOT NULL AUTO_INCREMENT,
  `schedule_id` bigint(100) NOT NULL,
  `project_id` bigint(100) NOT NULL,
  `link_id` bigint(100) NOT NULL,
  `confirm_link` text NOT NULL,
  `category_id` int(10) NOT NULL,
  `category_name` varchar(150) NOT NULL,
  PRIMARY KEY (`id`)
) ENGINE=InnoDB AUTO_INCREMENT=134 DEFAULT CHARSET=latin1;

--
-- Dumping data for table `directory_save_data`
--


--
-- Table structure for table `idx_admin_menu`
--

CREATE TABLE `idx_admin_menu` (
  `menu_id` int(11) NOT NULL AUTO_INCREMENT,
  `parent_id` int(11) DEFAULT NULL,
  `menu_title` varchar(255) DEFAULT NULL,
  `menu_url` varchar(255) DEFAULT NULL,
  `order_number` int(11) DEFAULT NULL,
  PRIMARY KEY (`menu_id`)
) ENGINE=MyISAM AUTO_INCREMENT=85 DEFAULT CHARSET=latin1;

--
-- Dumping data for table `idx_admin_menu`
--



--
-- Table structure for table `idx_bad_link`
--

CREATE TABLE `idx_bad_link` (
  `bad_link_id` mediumint(9) unsigned NOT NULL AUTO_INCREMENT,
  `link_id` mediumint(9) unsigned NOT NULL DEFAULT '0',
  `name` varchar(50) NOT NULL DEFAULT '',
  `email` varchar(50) NOT NULL DEFAULT '',
  `type` tinyint(3) unsigned NOT NULL DEFAULT '0',
  `date` date NOT NULL DEFAULT '0000-00-00',
  PRIMARY KEY (`bad_link_id`)
) ENGINE=MyISAM DEFAULT CHARSET=latin1;

--
-- Dumping data for table `idx_bad_link`
--


--
-- Table structure for table `idx_badwords`
--

CREATE TABLE `idx_badwords` (
  `word` varchar(100) NOT NULL DEFAULT ''
) ENGINE=MyISAM DEFAULT CHARSET=latin1;

--
-- Dumping data for table `idx_badwords`
--


--
-- Table structure for table `idx_blocked_domain`
--

CREATE TABLE `idx_blocked_domain` (
  `blocked_id` int(11) NOT NULL AUTO_INCREMENT,
  `blocked` varchar(255) DEFAULT NULL,
  `type` enum('domain','ip') DEFAULT NULL,
  PRIMARY KEY (`blocked_id`)
) ENGINE=MyISAM AUTO_INCREMENT=6 DEFAULT CHARSET=latin1;

--
-- Dumping data for table `idx_blocked_domain`
--

INSERT INTO `idx_blocked_domain` VALUES (1,'buydomains.com','domain'),(2,'this-domain-for-sale.com ','domain'),(3,'oversee.net','domain'),(4,'eNom','domain'),(5,'sedoparking.com','domain');

--
-- Table structure for table `idx_category`
--

CREATE TABLE `idx_category` (
  `category_id` mediumint(9) unsigned NOT NULL AUTO_INCREMENT,
  `parent_id` mediumint(9) unsigned NOT NULL DEFAULT '0',
  `name` varchar(100) NOT NULL DEFAULT '',
  `description` text NOT NULL,
  `image` varchar(100) DEFAULT NULL,
  `content` text,
  `visible` char(1) DEFAULT NULL,
  `links` mediumint(9) DEFAULT NULL,
  `meta_keyword` text,
  `meta_description` text,
  `permission` char(2) DEFAULT NULL,
  `registered_only` char(1) DEFAULT NULL,
  `header` text NOT NULL,
  `footer` text NOT NULL,
  `related` mediumint(6) NOT NULL DEFAULT '0',
  `page_title` varchar(200) NOT NULL DEFAULT '',
  `hits` int(11) NOT NULL DEFAULT '0',
  `order_num` smallint(6) NOT NULL DEFAULT '0',
  `basic_price` double unsigned NOT NULL DEFAULT '0',
  `premium_price` double unsigned NOT NULL DEFAULT '0',
  `sponsored_price` double unsigned NOT NULL DEFAULT '0',
  PRIMARY KEY (`category_id`)
) ENGINE=MyISAM AUTO_INCREMENT=36 DEFAULT CHARSET=latin1;

--
-- Dumping data for table `idx_category`
--

INSERT INTO `idx_category` VALUES (1,0,'Arts & Music','','folder.gif','','1',14,'','','0','0','','',0,'',2,0,0,0,0),(2,0,'Auto Industry','','folder.gif','','1',20,'','','0','0','','',0,'',3,0,0,0,0),(3,0,'Economy & Business','','folder.gif','','1',108,'','','0','0','','',0,'',0,0,0,0,0),(4,0,'Careers & Job Search','','folder.gif','','1',1,'','','0','0','','',0,'',1,0,0,0,0),(5,0,'Clothing Accessories','','folder.gif','','1',7,'','','0','0','','',0,'',0,0,0,0,0),(6,0,'Communications Services','','folder.gif','','1',14,'','','0','0','','',0,'',0,0,0,0,0),(7,0,'Computer Services','','folder.gif','','1',17,'','','0','0','','',0,'',3,0,0,0,0),(8,0,'Construction and Remodeling','','folder.gif','','1',63,'','','0','0','','',0,'',0,0,0,0,0),(9,0,'Dental','','folder.gif','','1',23,'','','0','0','','',0,'',0,0,0,0,0),(10,0,'Education & Colleges','','folder.gif','','1',18,'','','0','0','','',0,'',1,0,0,0,0),(11,0,'Employment & Staffing','','folder.gif','','1',1,'','','0','0','','',0,'',1,0,0,0,0),(12,0,'Gifts & Stationery','','folder.gif','','1',20,'','','0','0','','',0,'',0,0,0,0,0),(13,0,'Hardware & Software Systems','','folder.gif','','1',9,'','','0','0','','',0,'',3,0,0,0,0),(14,0,'Health Resources','','folder.gif','','1',12,'','','0','0','','',0,'',1,0,0,0,0),(15,0,'Healthcare Services & Products','','folder.gif','','1',120,'','','0','0','','',0,'',4,0,0,0,0),(16,0,'Air Conditioning, Heating & Ventilating','','folder.gif','','1',31,'','','0','0','','',0,'',4,0,0,0,0),(17,0,'Family ,Home & Garden','','folder.gif','','1',18,'','','0','0','','',0,'',0,0,0,0,0),(18,0,'Home Improvement & Interiors','','folder.gif','','1',254,'','','0','0','','',0,'',0,0,0,0,0),(19,0,'Hotels & Restaurants','','folder.gif','','1',21,'','','0','0','','',0,'',2,0,0,0,0),(20,0,'Insurance Agents and Companies','','folder.gif','','1',22,'','','0','0','','',0,'',4,0,0,0,0),(21,0,'Law & Legal Services','','folder.gif','','1',0,'','','0','0','','',0,'',0,0,0,0,0),(22,0,'Lawyers & Legal Consultants','','folder.gif','','1',135,'','','0','0','','',0,'',1,0,0,0,0),(23,0,'Society & Lifestyle','','folder.gif','','1',3,'','','0','0','','',0,'',0,0,0,0,0),(24,0,'Medicine & Medical Services','','folder.gif','','1',10,'','','0','0','','',0,'',0,0,0,0,0),(25,0,'Finance','','folder.gif','','1',11,'','','0','0','','',0,'',1,0,0,0,0),(26,0,'News & Journals','','folder.gif','','1',2,'','','0','0','','',0,'',1,0,0,0,0),(27,0,'Plumbing & Fitting ','','folder.gif','','1',26,'','','0','0','','',0,'',0,0,0,0,0),(28,0,'Real Estate & Agents ','','folder.gif','','1',23,'','','0','0','','',0,'',1,0,0,0,0),(29,0,'Environment & Technology','','folder.gif','','1',13,'','','0','0','','',0,'',0,0,0,0,0),(30,0,'SEO & SMO Marketing','','folder.gif','','1',19,'','','0','0','','',0,'',0,0,0,0,0),(31,0,'Online Shopping','','folder.gif','','1',48,'','','0','0','','',0,'',1,0,0,0,0),(32,0,'Sports','','folder.gif','','1',3,'','','0','0','','',0,'',1,0,0,0,0),(33,0,'Transportation and Logistics Services','','folder.gif','','1',32,'','','0','0','','',0,'',2,0,0,0,0),(34,0,'Tours & Travel','','folder.gif','','1',15,'','','0','0','','',0,'',4,0,0,0,0),(35,0,'Wedding & Jewellery','','folder.gif','','1',7,'','','0','0','','',0,'',1,0,0,0,0);

--
-- Table structure for table `idx_category_path`
--

CREATE TABLE `idx_category_path` (
  `category_id` mediumint(9) NOT NULL DEFAULT '0',
  `path` text,
  `path_with_url` text,
  `parents` text,
  PRIMARY KEY (`category_id`)
) ENGINE=MyISAM DEFAULT CHARSET=latin1;

--
-- Dumping data for table `idx_category_path`
--

INSERT INTO `idx_category_path` VALUES (1,'Arts & Music','<a href=\"http://greatlistingz.com/arts-music/\" name=\"cat_1\" style=\"\">Arts & Music</a>',';0;'),(2,'Auto Industry','<a href=\"http://greatlistingz.com/auto-industry/\" name=\"cat_2\" style=\"\">Auto Industry</a>',';0;'),(3,'Economy & Business','<a href=\"http://greatlistingz.com/economy-business/\" name=\"cat_3\" style=\"\">Economy & Business</a>',';0;'),(4,'Careers & Job Search','<a href=\"http://greatlistingz.com/careers-job-search/\" name=\"cat_4\" style=\"\">Careers & Job Search</a>',';0;'),(5,'Clothing Accessories','<a href=\"http://greatlistingz.com/clothing-accessories/\" name=\"cat_5\" style=\"\">Clothing Accessories</a>',';0;'),(6,'Communications Services','<a href=\"http://greatlistingz.com/communications-services/\" name=\"cat_6\" style=\"\">Communications Services</a>',';0;'),(7,'Computer Services','<a href=\"http://greatlistingz.com/computer-services/\" name=\"cat_7\" style=\"\">Computer Services</a>',';0;'),(8,'Construction and Remodeling','<a href=\"http://greatlistingz.com/construction-and-remodeling/\" name=\"cat_8\" style=\"\">Construction and Remodeling</a>',';0;'),(9,'Dental','<a href=\"http://greatlistingz.com/dental/\" name=\"cat_9\" style=\"\">Dental</a>',';0;'),(10,'Education & Colleges','<a href=\"http://greatlistingz.com/education-colleges/\" name=\"cat_10\" style=\"\">Education & Colleges</a>',';0;'),(11,'Employment & Staffing','<a href=\"http://greatlistingz.com/employment-staffing/\" name=\"cat_11\" style=\"\">Employment & Staffing</a>',';0;'),(12,'Gifts & Stationery','<a href=\"http://greatlistingz.com/gifts-stationery/\" name=\"cat_12\" style=\"\">Gifts & Stationery</a>',';0;'),(13,'Hardware & Software Systems','<a href=\"http://greatlistingz.com/hardware-software-systems/\" name=\"cat_13\" style=\"\">Hardware & Software Systems</a>',';0;'),(14,'Health Resources','<a href=\"http://greatlistingz.com/health-resources/\" name=\"cat_14\" style=\"\">Health Resources</a>',';0;'),(15,'Healthcare Services & Products','<a href=\"http://greatlistingz.com/healthcare-services-products/\" name=\"cat_15\" style=\"\">Healthcare Services & Products</a>',';0;'),(16,'Air Conditioning, Heating & Ventilating','<a href=\"http://greatlistingz.com/air-conditioning-heating-ventilating/\" name=\"cat_16\" style=\"\">Air Conditioning, Heating & Ventilating</a>',';0;'),(17,'Family ,Home & Garden','<a href=\"http://greatlistingz.com/family-home-garden/\" name=\"cat_17\" style=\"\">Family ,Home & Garden</a>',';0;'),(18,'Home Improvement & Interiors','<a href=\"http://greatlistingz.com/home-improvement-interiors/\" name=\"cat_18\" style=\"\">Home Improvement & Interiors</a>',';0;'),(19,'Hotels & Restaurants','<a href=\"http://greatlistingz.com/hotels-restaurants/\" name=\"cat_19\" style=\"\">Hotels & Restaurants</a>',';0;'),(20,'Insurance Agents and Companies','<a href=\"http://greatlistingz.com/insurance-agents-and-companies/\" name=\"cat_20\" style=\"\">Insurance Agents and Companies</a>',';0;'),(21,'Law & Legal Services','<a href=\"http://greatlistingz.com/law-legal-services/\" name=\"cat_21\" style=\"\">Law & Legal Services</a>',';0;'),(22,'Lawyers & Legal Consultants','<a href=\"http://greatlistingz.com/lawyers-legal-consultants/\" name=\"cat_22\" style=\"\">Lawyers & Legal Consultants</a>',';0;'),(23,'Society & Lifestyle','<a href=\"http://greatlistingz.com/society-lifestyle/\" name=\"cat_23\" style=\"\">Society & Lifestyle</a>',';0;'),(24,'Medicine & Medical Services','<a href=\"http://greatlistingz.com/medicine-medical-services/\" name=\"cat_24\" style=\"\">Medicine & Medical Services</a>',';0;'),(25,'Finance','<a href=\"http://greatlistingz.com/finance/\" name=\"cat_25\" style=\"\">Finance</a>',';0;'),(26,'News & Journals','<a href=\"http://greatlistingz.com/news-journals/\" name=\"cat_26\" style=\"\">News & Journals</a>',';0;'),(27,'Plumbing & Fitting ','<a href=\"http://greatlistingz.com/plumbing-fitting/\" name=\"cat_27\" style=\"\">Plumbing & Fitting </a>',';0;'),(28,'Real Estate & Agents ','<a href=\"http://greatlistingz.com/real-estate-agents/\" name=\"cat_28\" style=\"\">Real Estate & Agents </a>',';0;'),(29,'Environment & Technology','<a href=\"http://greatlistingz.com/environment-technology/\" name=\"cat_29\" style=\"\">Environment & Technology</a>',';0;'),(30,'SEO & SMO Marketing','<a href=\"http://greatlistingz.com/seo-smo-marketing/\" name=\"cat_30\" style=\"\">SEO & SMO Marketing</a>',';0;'),(31,'Online Shopping','<a href=\"http://greatlistingz.com/online-shopping/\" name=\"cat_31\" style=\"\">Online Shopping</a>',';0;'),(32,'Sports','<a href=\"http://greatlistingz.com/sports/\" name=\"cat_32\" style=\"\">Sports</a>',';0;'),(33,'Transportation and Logistics Services','<a href=\"http://greatlistingz.com/transportation-and-logistics-services/\" name=\"cat_33\" style=\"\">Transportation and Logistics Services</a>',';0;'),(34,'Tours & Travel','<a href=\"http://greatlistingz.com/tours-travel/\" name=\"cat_34\" style=\"\">Tours & Travel</a>',';0;'),(35,'Wedding & Jewellery','<a href=\"http://greatlistingz.com/wedding-jewellery/\" name=\"cat_35\" style=\"\">Wedding & Jewellery</a>',';0;');

--
-- Table structure for table `idx_category_suggession`
--

CREATE TABLE `idx_category_suggession` (
  `id_cat_suggession` int(11) NOT NULL AUTO_INCREMENT,
  `parent_id` int(11) DEFAULT NULL,
  `name` varchar(255) DEFAULT NULL,
  `category_description` text,
  `date` datetime DEFAULT NULL,
  PRIMARY KEY (`id_cat_suggession`)
) ENGINE=MyISAM AUTO_INCREMENT=138 DEFAULT CHARSET=latin1;

--
-- Dumping data for table `idx_category_suggession`
--

INSERT INTO `idx_category_suggession` VALUES (1,24,'Jayde','Cool! That\'s a clever way of lokonig at it!','2011-11-21 07:37:01'),(2,15,'Weight Loss','Buy Pure ephedrine pills with no fillers on heavy discounts at http://bingephedrine.com/','2011-12-09 02:39:08'),(3,9,'Orthodontic treatment','North Royalton OH Orthodontist Dr. Samuel Papandreas at Papandreas Orthodontics - affordable Invisalign and Invisible Braces for children, teens, and adults.\r\nhttp://www.drpapandreas.com/','2012-01-11 23:45:57'),(4,25,'loans','Overnight Payday Loans offers a wide range of loans for our customers such as overnight cash loans, overnight payday loans. Apply online for overnight loans and fulfill your vital need of money','2012-02-08 06:06:09'),(5,0,'financial services','Same Day Debit Card Loans offers same day loans no faxing, payday loans no debit card, Debit card loans to help you in financial urgency. Apply with us to avail the loan instantly and meet your personal demands!','2012-02-08 06:07:03'),(6,25,'loans','Overnight Payday Loans offers a wide range of loans for our customers such as overnight cash loans, overnight payday loans. Apply online for overnight loans and fulfill your vital need of money','2012-02-08 06:07:21'),(7,25,'financial services','Same Day Debit Card Loans offers same day loans no faxing, payday loans no debit card, Debit card loans to help you in financial urgency. Apply with us to avail the loan instantly and meet your personal demands!','2012-02-08 06:08:01'),(8,25,'financial services','We arrange doorstep loans that allow you fast cash to easily fulfill your unexpected emergencies. Apply online without wasting your valuable time.','2012-02-09 00:40:46'),(9,25,'financial services','Instant unsecured loans, quick decision loans, instant cash loans are available here. Apply online and get instant approval.','2012-02-09 01:04:23'),(10,25,'business','We specialize in arranging door to door loans and eliminating all hassles within hours irrespective of your circumstances. Apply online for door step loans','2012-02-09 05:45:15'),(11,0,'financial services','We offer secured and unsecured loans without any hassle even having bad credit. Online services are being provided. Apply online straight away!','2012-02-09 06:19:50'),(12,25,'financial services','Are you unemployed? We arrange loans for unemployed at competitive interest rate. Apply with our online application form within a few seconds.','2012-02-09 23:32:24'),(13,25,'financial services','Loans For People On Benefits With Bad Credit will help you in facilitating any kinds of financial aid even you are unemployed or having bad credit. Apply now online for loans on benefits.','2012-02-09 23:34:12'),(14,25,'financial services','We arrange 90 day loans, 90 day payday loans at negligible interest rate and at flexible terms and conditions. Apply at 90 Day Loan and get cash within 24 hours.','2012-02-10 00:13:25'),(15,25,'financial services','We arrange you fast cash to meet your urgencies. Month end loans, 3 month payday loans, month end loans. Apply online and fullfil your urgent cash needs.','2012-02-10 00:20:44'),(16,25,'financial services','One Month Loans offers you 6 month loans, 1 month loans, one month loans that meet your entire financial crunches with an ease. Apply now!','2012-02-10 00:45:32'),(17,0,'financial services','Loans To Payday offers cash before payday, money before payday, loans to Payday without any delay. Fill the application and apply now!','2012-02-10 00:56:38'),(18,17,'financial services','Online Decision Loans – We arrange easy online procedure for all type loans. No verification documents required. You just need to feel up short and simple online form.','2012-02-10 02:42:39'),(19,0,'financial services','LOANSFORSELFEMPLOYED help self employed individuals to meet heir varied demands in an easy and simple way. We can arrange self employed unsecured loans, self employed loans and loans for self-employed in an easy way.','2012-02-10 03:50:43'),(20,25,'financial services','This is especially designed website to arrange money loans, money loans same day in affordable interest rates. So, get ready to apply loans with us!','2012-02-10 03:58:56'),(21,25,'financial services','Payday Loans No Fees is one of the right online entities where you can search for an ideal monetary support for you. Just visit and grab the best deals on loans today!','2012-02-10 04:50:08'),(22,25,'financial services','Same day Loans for Bad Credit ensures speedy monetary solution. Our services include same day loans for bad credit, same day bad credit loans and same day loans no credit check. Online application!','2012-02-10 05:37:24'),(23,0,'financial services','We are specializes in arranging loans for students, bad credit student loans in UK. Apply online for student loans through Loans for Students without any hassle.','2012-02-10 21:50:29'),(24,0,'financial services','We arrange loans for teachers, loans for doctors, loans for nurses in secured or unsecured options for any purpose at competitive interest rates. Apply now','2012-02-10 23:53:21'),(25,0,'financial services','Loans For Tenants provide services and help you find loan lenders offering Tenant loans, Loans for tenants, bad credit loans for tenants that can help them materialize their demands. Apply with us online.','2012-02-11 00:35:00'),(26,0,'loans','Apply online for loans for bad credit, bad credit loans at a very affordable interest rate. Instant Approval!','2012-02-11 04:12:50'),(27,25,'financial services','Same Day Loans for People on Benefits specialize in arranging every type loans for people on benefits, dss benefits, disabled and young people. Even Bad creditors can also apply for loan.','2012-02-11 04:51:57'),(28,25,'financial services','Same day Loans for Unemployed specialize in providing same day loans for unemployed, loans for unemployed and payday loans. Apply now right away.','2012-02-11 05:57:18'),(29,0,'financial services','LOANSSMALLBUSINESS.ME.UK is specialist in arranging business loans, small business loans and business car loans at competitive rate of interest. Apply with us to avail the loan in an easy way.','2012-02-12 22:03:12'),(30,25,'financial services','Same day loans instant can arrange short term loans in a hassle-free manner such as: same day loans, same day instant loans and same day loans no credit check. Apply with us to avail the loan in an easy way!','2012-02-12 22:09:49'),(31,0,'financial services','Are you jobless? No problem. Loans for the Unemployed arrange easy and hassle free unemployed loans for the unemployed people. Apply now online with loansfortheunemployed.me.uk and get instant approval.','2012-02-13 21:39:26'),(32,25,'financial services','Need short term cash loans? Get 1 month loans, 3 month loan without any delay. No any paper verification or any long procedure is required. Online Application! Fast Approval.','2012-02-13 22:18:11'),(33,25,'financial services','Loans Holiday offers secure and fast services to the citizens of the U.K in arranging loans. We can help you to avail Holiday Loans, Bad Credit Holiday Loans and Cheap Holiday Loans in an easy way!','2012-02-15 04:59:30'),(34,25,'financial services','Same day loans, same day cash available at Same Day Loans No Faxing. We arrange same day payday loans at competitive fee charges that are less burdensome. Apply now','2012-02-16 03:36:02'),(35,25,'financial services','Apply for same day loans no paper work, same day small loans and meet any emergency on time! With online accessibility, it becomes all the more simple.','2012-02-16 04:15:54'),(36,0,'financial services','Need unemployed cash loans? Get instant loans for unemployed without spending money, paperwork and your valuable time and money. Online short and simple application form.','2012-02-16 04:51:41'),(37,25,'financial services','Same Day Loans Online can help you find same day loans, same day online loans, pay till payday loans in an easy way. We offer our simple online application process only to make the application process easy and hassle-free. Apply now.','2012-02-16 22:15:13'),(38,25,'financial services','Same day money loans, same day loans give the borrowers every possible facility to aid you with cash loan to survive till the next month. Apply online','2012-02-16 22:45:07'),(39,25,'financial services','Avail same day cash loans, instant payout loans at Same Day Payout with quite reasonable interest rate. Online easy application form, Instant decision, Apply now!','2012-02-17 02:21:38'),(40,25,'financial services','3 Month Loans gives the borrowers every possible facility to evade financial worries. For urgent needs, apply now online for 3 month payday loans, 1 month loans.','2012-02-17 02:40:09'),(41,25,'financial services','SELFEMPLOYEDLOANS.ME.UK offer fast and secure way to find the lenders offering self employed loans across UK. We help you to avail the loan according to your compatibility. So, apply with us!','2012-02-17 02:44:42'),(42,17,'FINANCIAL SERVICES','Apply for loans with bad credit.  We offer loans for bad credit people, unsecured loans for bad and good credit UK applicants at competitive interest rate.','2012-02-17 03:31:36'),(43,25,'FINANCIAL SERVICES','NextDayCashLoans.org.uk offers instant financial assistance in form of payday loans today, next day payday loans, next day loans, next day cash loans. Avail the benefits of these loans in the fastest way by applying with UK!','2012-02-17 04:39:27'),(44,25,'financial services','Apply for no fax loans, payday loans at reasonable interest rate at 3 Month Payday Loans and get loan without asking you to fax documents. Apply through us right away!','2012-02-17 22:13:20'),(45,25,'financial services','6Monthloan is the right online loan portal for you. What are you thinking about? Just visit us and apply for 6 months loan offer and meet all your sudden expenses!','2012-02-17 23:32:01'),(46,25,'financial services','Small Cash Loans - With us, you can get small loans, small cash loans, short term loans and small payday loans. Apply for these loans with us.','2012-02-18 01:30:44'),(47,0,'financial services','We arrange small short term loans, small same day loans with no credit check terms. Apply online at any time because our services are open 24x7 for our clients.','2012-02-18 02:51:45'),(48,25,'business','Looking for urgent money? Fax Free Payday Loans is the perfect destination. No faxing has simplified the loan process. Apply online for hassle free payday loans, faxless payday loans now.','2012-02-18 03:35:42'),(49,25,'financial services','Tenant Unemployed Loans arranges unsecured loans for unemployed, tenant unemployed loans and tenant loans in an easy and simple online process.  Come with us now!','2012-02-18 05:05:43'),(50,25,'financial services','This website is especially designed to arrange text for cash loans, money adv in reasonable interest rates. So, never miss out to get payday loan to resolve financial crisis.','2012-02-18 05:31:12'),(51,25,'financial services','No worry about bad credit records, you can easily get applied for SMS Loans, text loans no credit check even with your bad credit history.','2012-02-18 05:51:25'),(52,25,'financial services','To grab any financial help, you need to apply for pay day loans over 6 months with us at 6 Month Payday Loans. Here, we offer monetary support for you. So, apply loans now!','2012-02-18 06:03:30'),(53,25,'financial services','Adverse Credit Loans have expertise in arranging bad credit loans. With us you can avail adverse credit loans, adverse credit unsecured loans without delay. Apply here.','2012-02-20 02:37:36'),(54,25,'financial services','Cash till payday, early payday loans available at Adv Loans for any purpose. Apply now and get cash in your account before pay day.','2012-02-20 03:56:19'),(55,25,'financial services','By getting sum of loan from money loans for people with bad credit, fast money loans bad credit, you can get rid of any financial crisis at any time.  Apply now!','2012-02-20 05:35:16'),(56,25,'financial services','Now, take the assist of payday loan requirements, cash till payday no credit check and resolve any financial crisis that you meet in your bad situation. So, apply now for payday loan!','2012-02-20 06:09:59'),(57,25,'financial services','Bad credit loans for people on benefits help people to meet miscellaneous demands irrespective of their adverse credit and limited earning capability. With us you can apply and avail the loan in an easy way!','2012-02-20 21:46:39'),(58,25,'financial services','Bad Credit Loans No Fees - You have arrived at the right online web portal for loans. Varieties of loan schemes can be availed without much hassle today!','2012-02-20 23:52:57'),(59,25,'business','First payday loans service is available to you in no time and it is obvious that very little background check is done here, into a customer\'s credit history.','2012-02-21 03:06:26'),(60,25,'loans','Unsecured Bad Credit Loans can arrange unsecured loans for bad credit, bad credit unsecured loans and non secured loans. We can help you to avail the loan at highly competitive rate of interest.','2012-02-21 05:19:28'),(61,25,'financial services','Unsecured Loans Bad Credit is trustable source for arranging unsecured loans, loans for people on bad credit. Apply online for hassle free loan deal.','2012-02-21 06:04:06'),(62,25,'financial services','Unsecured Cash Loan arranges instant cash loans, same day unsecured loans, unsecured cash loans in an easy way. Apply online from anywhere.','2012-02-21 06:09:10'),(63,25,'financial services','We arrange bad credit same day loans, same day loans for people with bad credit, same day cash at low interest rates. Getting approval is fast here.','2012-02-21 22:15:32'),(64,25,'financial services','UNSECUREDLOANSONLINE.ORG.UK can arrange unsecured loans, unsecured loans online and low credit score unsecured loans in an easy way. Our services are secure, simple and fast.','2012-02-21 22:43:32'),(65,0,'financial services','We specialize in secured loans and unsecured loans which can be availed with and without collaterals respectively. Apply now online and get loan approval now!','2012-02-22 01:08:24'),(66,0,'financial services','No credit check loans, no credit check business loans are available here without credit check. Even with bad credit you can find loans. Apply here online.','2012-02-22 01:59:11'),(67,25,'financial services','Bad Credit Unsecured Loan arranges bad credit unsecured loans, immediate bad credit loans and unsecured loans in an easy way.  Apply online','2012-02-22 03:26:22'),(68,25,'financial services','We arrange bad credit wedding loans, cosmetic surgery loans in both unsecured and secured options. Apply online at Wedding Loans and get instant approval.','2012-02-22 04:34:28'),(69,25,'financial services','Instant loans, bad debt unsecured loans are available in both unsecured and secured forms at Bad Debt Loans. Apply online from anywhere without any hassle.','2012-02-22 04:57:17'),(70,25,'financial services','Payday Loans No Fax – Instant approval, No fax and paperwork required. Just fill the correct details on the online application for ensuring of timely loan.','2012-02-22 05:05:16'),(71,25,'financial services','Wedding Loans for People with Bad Credit arranges wedding loans, bad credit wedding loans at lower competitive rate of interest. Getting approval is fast here.','2012-02-22 06:04:54'),(72,25,'financial services','Here, you have the option of getting monthly loans, monthly payday loans, monthly loans with bad credit in reasonable interest rates without any hassle from us!','2012-02-22 06:06:59'),(73,0,'financial services','We offer bad credit loans, payday loans for people on benefits to meet personal demands and improve your credit rating in an easy way. Avail the benefits of this loan by applying with uk!','2012-02-22 22:50:31'),(74,0,'financial services','Apply online for payday loans no fax no credit check, payday loans no credit checks to fulfill your urgent monetary needs. Application process is quite easy and hassle-free.','2012-02-23 00:26:32'),(75,0,'financial services','Need cash today? Payday Loans Today arranges cash loans 1000, loans 2day, payday cash today and many more. Apply now for payday loans toady with comfortable interest rates.','2012-02-23 01:19:12'),(76,25,'financial services','Next Day Payday Loans offers a wide spectrum of loans including next day payday loans, small payday loans quick payday loans. Come with us now!','2012-02-23 04:13:59'),(77,25,'financial services','Apply for very poor credit loans now! Get the required cash that can be availed with the aid of very poor credit loans available here at us.','2012-02-23 04:33:28'),(78,25,'financial services','BADDEBTUNSECUREDLOANS.ORG.UK help you find loans viz. loans for bad debt, bad debt unsecured and bad debt loans in an easy way. We help you to avail the loan in a simple process and against highly competitive rate of interest. Apply with us now!','2012-02-23 05:07:39'),(79,25,'financial services','No credit check cash advance is a short term cash loan that can be availed without pledging collateral. It helps bad creditors to meet urgent demands despite financial crisis. Apply with us to avail the cash within the shortest time period.','2012-02-23 21:40:05'),(80,0,'financial services','Get payday loans in UK. Instant approval, no fax, no hassle, easy and simple application form. Apply online at Payday UK Loans.','2012-02-23 22:15:50'),(81,25,'financial services','Apply for no credit check payday loans, no credit check cash now and get fast approval without credit check.  No faxing required.','2012-02-23 22:16:43'),(82,25,'financial services','We arrange small business loans, unsecured business loans at Business Startup Loans. Apply with all the details required. Bad credit is not a problem, No Collateral! No issues!','2012-02-23 22:47:21'),(83,25,'financial services','No Credit Check Payday Advance provides payday loans and cash loans at lower rate of interest. Apply now and get payday cash loan in your account.','2012-02-23 23:24:28'),(84,25,'financial services','No Fax Payday Loans Online arranges Christmas payday loans, 24 hours loans by phone for the people in need of fast cash. Apply now for no fax payday loans online.','2012-02-23 23:45:07'),(85,25,'financial services','We arrange no direct deposit payday loans, zip payday loans, pay check cash advance for the convenience of the borrowers. Apply with us now as per your suitability.','2012-02-24 01:03:01'),(86,25,'financial services','No teletrack cash advance are short term loans. It is free from collateral issue and helps you to overcome unexpected financial crisis. Apply with us to avail the loan in an easy way!','2012-02-24 02:58:19'),(87,25,'financial services','We at No Telecheck Payday Loans arrange cash loans without performing any scrutinizing credit checking formalities. We provide you no telecheck payday loans, no teletrack cash advance. Apply right now!','2012-02-24 03:25:30'),(88,25,'financial services','NOTELETRACKPAYDAYLOANS can arrange no teletrack payday loans, no teletrack check payday loans and paycheck cash advance in an easy way. The loans are collateral free. You can avail the loan instantly by applying with us.','2012-02-24 04:38:00'),(89,25,'financial services','Ohio Payday Loans is the reliable loan provider in Ohio and other states of US. With us, you can avail Ohio payday loans, payday advance Ohio, cash loans Ohio during crisis. Apply online','2012-02-24 05:46:03'),(90,0,'financial services','Now, you are applicable to apply for one day loans, payday loans in ad day which available with affordable interest rates. So, grab the best offers of loan scheme today!','2012-02-24 22:36:13'),(91,25,'financial services','ONEHOURPAYDAYLOANS can help you loan National Payday Loan, One Hour Payday Loans and 24 Hour Payday Loans in an easy and simple online application.','2012-02-24 23:36:11'),(92,25,'financial services','We offer online loans with monthly payments, loans with monthly payments without any credit checking process. and apply for the loans with ease.','2012-02-25 00:42:56'),(93,3,'business','Cash for Mobile is offering fast and convenient online services to its customers so that they can easily take full benefit from the scheme. In case of query, you can contact our online experts, who are always ready to serve you anytime.','2012-02-25 00:59:23'),(94,25,'financial services','Online NO Fax Payday Loans is specialize in arranging no fax pay day loan, easy no fax payday loans. Apply today and get cash.','2012-02-25 01:22:00'),(95,25,'financial services','Overnight Payday Loans offers a wide range of loans for our customers such as overnight cash loans, overnight payday loans. Apply online for overnight loans and fulfill your vital need of money','2012-02-25 03:47:46'),(96,3,'business','We are expert in arranging cash loans for unemployed, instant loans for unemployed for any particular purpose. So apply now!','2012-02-25 04:55:11'),(97,25,'financial services','We at Paperless Payday Loans strive to arrange online cash surge. Our service includes paperless payday loans, holiday payday loans and need payday loans online.','2012-02-25 05:54:07'),(98,25,'financial services','Apply for pay day cash advance from our Pay Advance loans, 1 hour payday loans no faxing and enjoy the other benefits in your hand with an ease','2012-02-26 22:12:49'),(99,25,'financial services','Pay Check Loans offers affordable payday loan options to gain loan at reasonable interest rate in all 50 states. Quick decision on application, Fast payout','2012-02-26 22:32:56'),(100,0,'business','Cash Loans Today provide services including Instant cash loans today, cash loans today without any hurdle and paperwork. Apply online now!','2012-02-26 22:37:56'),(101,25,'financial services','Payday Advance Today stretches out its service to give fiscal way out in the same day. We arrange payday advance today, instant cash today and paycheck today. Stay tune with us through our online application process!','2012-02-26 23:12:51'),(102,25,'financial services','Are you looking for a convenient Payday loan? Payday Advance No Teletrack offers various loan options including Payday advance no teletrack, salary loans and many more. Apply for a loan whenever you need money badly!','2012-02-26 23:30:29'),(103,0,'business','CASHLOANSUNEMPLOYED.ORG.UK helps you to find loans for unemployed, payday loans for unemployed, instant loans for unemployed, tenant unemployed loans so that unemployed individuals can meet their personal demands in an easy way. So apply with us!','2012-02-27 00:19:16'),(104,0,'financial services','Have you got stuck between paydays? You can fill your financial gap with Payday Installment Loans. We offers cash installment loans, payday installment loans, fast installment loans for your mid month crunches.','2012-02-27 01:01:13'),(105,25,'financial services','Payday Check Loans arranging payday check loans, 500 payday loans, and paycheck advance loans to meet the cash shortage till the next payment. Grab the opportunity.','2012-02-27 01:04:15'),(106,25,'financial services','Payday Instant Loans offers instant payday cash loans, 1000 instant loan to the borrowers with every possible facility to get out of cash dearth. Apply now and get a better loan experience.','2012-02-27 01:26:45'),(107,25,'financial services','Get money payday loans, overnight payday loans at Payday Loan Bad Credit. Apply online for a payday loan in US. Bad credit history not a problem. No credit check','2012-02-27 02:32:33'),(108,25,'financial services','Loans Next day arranges next day payday loans, next day advance for our customers who are in urgent need of money. Apply online for next day loans and get very fast approval.','2012-02-27 03:23:17'),(109,25,'financial services','PAYDAYLOANS1500.NET can help you loans within the same day or next day. We can arrange 1500 loans, payday loans 1500, 1500 cash loans, 1500 dollar loans, 1500 cash advance, 1500 personal loans in an easy way. So apply with us!','2012-02-27 03:56:45'),(110,25,'financial services','We arrange Cash loans by phone, loan by phone at Payday Loan by Phone. These loans are designed to cover all you cash needs instantly and without any hassles involved.','2012-02-27 04:30:46'),(111,25,'financial services','Are you looking for instant money? Payday Loans Direct Deposit offers Payday Loans Direct Deposit, 24 Hour Payday Loans. Apply online','2012-02-27 04:36:00'),(112,25,'financial services','Loans no credit checks arranges no credit check loans, unsecured loans, payday loans at quite reasonable interest rate and with flexible repayment procedures. Apply for loan through uk right away!','2012-02-27 04:51:34'),(113,25,'financial services','Have bad credit? Our quick loans arrange payday loans for people with bad credit without any faxing and credit check. So apply online now.','2012-02-27 05:01:49'),(114,25,'financial services','Payday Loans Georgia offers payday loans Georgia, cash until payday and online payday loans Georgia. Apply online now for instant approval.','2012-02-27 06:11:43'),(115,25,'financial services','Payday Loans In Minutes offers payday loans in minutes, overnight payday loans and American payday loans. Choose any of our service and meet your needs.','2012-02-27 22:48:15'),(116,25,'financial services','Apply for checking account payday loans, Paycheck advance loans at competitive interest rate. Payday Loans No Checking Account offer quick and easy approach for availing loans that is online application form.','2012-02-27 23:03:59'),(117,0,'financial services','Just get to your nearest personal computer and get down to the task of applying at personal loans unemployed. Your choice deal in personal loans unemployed might be waiting for you.','2012-02-27 23:16:08'),(118,25,'financial services','PAYDAYLOANSNOFAX.US specializes in availing instant payday loans, cash loans and instant cash loans. Apply online now and get approved!','2012-02-27 23:27:29'),(119,0,'financial services','Loans Till Payday quickly arranges affordable cash till payday loans, money till payday in a hassle-free manner for your financial emergencies. Apply now and bypass your short term monetary problems.','2012-02-27 23:31:19'),(120,25,'financial services','Payroll Loans offers salary loans, pay check loans, payday advance loans against your next paycheck. Apply today through online application and get instant cash without any delay','2012-02-28 00:18:06'),(121,25,'financial services','Payday loans USA arranges variety of payday loans services in all states of USA. If you are in short of cash, try our payday loan service for quick approval.','2012-02-28 00:31:54'),(122,25,'financial services','Payday Loans Services offers a wide spectrum of services including payday loans help, fast payday loans, payday loans services. You can apply through this website and get rid of financial obligations.','2012-02-28 00:53:55'),(123,25,'financial services','PAYDAYLOANSWITHNOCREDITCHECK can help you in availing payday loans with no credit check, payday loans with no faxing and cash right now for poor creditors in an easy way. Apply with us and get it within the shortest time period','2012-02-28 01:26:06'),(124,25,'financial services','Payday Loans No Credit Check offers payday loans no credit check, 1000 loan no credit check without credit check. We arrange payday loans free from hassles.','2012-02-28 03:51:15'),(125,25,'financial services','Phone Paydays Loans sustains cash backup till payday. Our range of services includes payday loans by phone, phone payday loans and mobile payday loans.','2012-02-28 04:27:14'),(126,25,'financial services','Quick Payday Loans helps you to overcome all unforeseen financial crisis. Quick cash loans, quick payday loans, fast loans are ideal to meet short term ends. Apply with uk to avail the benefits of these loans!','2012-02-28 22:44:02'),(127,25,'financial services','Looking for quick unsecured loans?  Apply Now Online for a unsecured loans, flexible loans, bad credit loans without collator. No credit check, instant decision at Quick Unsecured Loans.','2012-02-28 23:06:29'),(128,0,'financial services','Pounds Till Cash Payday arranges payday text loans, cash till payday at reasonable interest rate. Just fill our short and simple online application form and get fast approval.','2012-02-29 00:43:22'),(129,25,'financial services','Apply with uK now and get the best and most cost effective way to get Quick Loans for People on Benefits!','2012-02-29 01:02:10'),(130,25,'financial services','Loans for unemployed are quite supportive when unemployment brings plenty of additional grievances in the life. So, apply now at Loans for unemployed, the process is completely safe and sound.','2012-02-29 22:29:54'),(131,25,'financial services','Just get to your nearest personal computer and get down to the task of applying at personal loans unemployed. Your choice deal in personal loans unemployed might be waiting for you.','2012-02-29 22:54:05'),(132,0,'financial services','Apply for 12 month loans at cheap interest rate with flexible terms and conditions. We arrange 12 month loans no credit check without any hassle at Apply for 12 month loans at cheap interest rate with flexible terms and conditions loans12month.co.uk','2012-03-01 01:16:17'),(133,0,'financial services','Same day quick loans, debit card instant loans are available at New Payday Loans. Our services are work online so, you not need to stand in queue for long time. Apply now!','2012-03-01 03:02:45'),(134,25,'financial services','Looking for no fee loans? We arrange no fee loans, no fee bad credit loans without any collateral or loan with no fees etc. Apply online by just filling the basic requirements.','2012-03-01 05:22:12'),(135,25,'financial services','Cheap quick loans available here - By getting funds from Cheap Fast Loans, you can say goodbye to any financial crisis that pop up in mid of every month.','2012-03-01 05:54:26'),(136,25,'financial services','We are arranging various extremely bad credit personal loans available in reasonable interest rates. So, grab the best offers online and deals now!','2012-03-01 22:38:25'),(137,25,'financial services','Now, Bad Credit Loans Instant Decision is available with affordable interest rates. So, make instant decision and grab the best deals on these loans now.','2012-03-01 23:00:05');

--
-- Table structure for table `idx_checkurl`
--

CREATE TABLE `idx_checkurl` (
  `link_id` mediumint(9) NOT NULL DEFAULT '0',
  `date` date NOT NULL DEFAULT '0000-00-00',
  `live` char(1) NOT NULL DEFAULT '',
  `reciprocal_found` char(1) NOT NULL DEFAULT '',
  PRIMARY KEY (`link_id`)
) ENGINE=MyISAM DEFAULT CHARSET=latin1;

--
-- Dumping data for table `idx_checkurl`
--


--
-- Table structure for table `idx_cronjobs`
--

CREATE TABLE `idx_cronjobs` (
  `cronjobs_id` int(11) NOT NULL AUTO_INCREMENT,
  `cronjobs_name` varchar(255) DEFAULT NULL,
  `filename` varchar(255) NOT NULL,
  `schedule` varchar(255) NOT NULL,
  `time` datetime NOT NULL,
  `execution` varchar(1) NOT NULL,
  PRIMARY KEY (`cronjobs_id`)
) ENGINE=MyISAM AUTO_INCREMENT=4 DEFAULT CHARSET=latin1;

--
-- Dumping data for table `idx_cronjobs`
--

INSERT INTO `idx_cronjobs` VALUES (1,NULL,'clear_templates_c.php','1,*,*,*,*','0000-00-00 00:00:00',''),(2,NULL,'update_tag_cloud.php','*,24,*,*,*','0000-00-00 00:00:00',''),(3,NULL,'clear_rss_cache.php','*,24,*,*,*','0000-00-00 00:00:00','');

--
-- Table structure for table `idx_custom_field`
--

CREATE TABLE `idx_custom_field` (
  `field_name` varchar(32) NOT NULL DEFAULT '',
  `field_text` varchar(64) NOT NULL DEFAULT '',
  `field_type` enum('TEXT','TEXTAREA','SELECT','MULTISELECT','CHECKBOX','RADIO','FILE','IMAGE','DATE','DATETIME','RICHEDITOR') NOT NULL DEFAULT 'TEXT',
  `field_option` text NOT NULL,
  `field_img_width` int(10) unsigned NOT NULL DEFAULT '0',
  `field_img_height` int(10) unsigned NOT NULL DEFAULT '0',
  `field_file_size` int(10) unsigned NOT NULL DEFAULT '0',
  `field_file_extension` varchar(64) NOT NULL DEFAULT '',
  `required` char(1) NOT NULL DEFAULT '0',
  `searchable` char(1) NOT NULL DEFAULT '1',
  `permission` char(1) NOT NULL DEFAULT '0'
) ENGINE=MyISAM DEFAULT CHARSET=latin1;

--
-- Dumping data for table `idx_custom_field`
--

INSERT INTO `idx_custom_field` VALUES ('image','Image','IMAGE','',0,0,0,'','0','0','2'),('address','Address','TEXT','',0,0,0,'','0','0','0'),('city','City','TEXT','',0,0,0,'','0','0','0'),('state','State','TEXT','',0,0,0,'','0','0','0'),('country','Country','TEXT','',0,0,0,'','0','0','0'),('zip','Zip','TEXT','',0,0,0,'','0','0','0'),('phone','Phone','TEXT','',0,0,0,'','0','0','0'),('fax','Fax','TEXT','',0,0,0,'','0','0','0');

--
-- Table structure for table `idx_default_field`
--

CREATE TABLE `idx_default_field` (
  `field_name` varchar(64) NOT NULL,
  `required` char(1) NOT NULL,
  `visible` char(1) NOT NULL DEFAULT '1',
  `searchable` char(1) NOT NULL DEFAULT '1'
) ENGINE=MyISAM DEFAULT CHARSET=latin1;

--
-- Dumping data for table `idx_default_field`
--

INSERT INTO `idx_default_field` VALUES ('title','1','1','1'),('url','1','1','1'),('description','1','1','1'),('keywords','1','1','0'),('contact_name','1','1','1'),('email','1','1','1'),('reciprocal_url','0','0','1');

--
-- Table structure for table `idx_discount_coupon`
--

CREATE TABLE `idx_discount_coupon` (
  `coupon_id` int(11) NOT NULL AUTO_INCREMENT,
  `coupon_code` varchar(255) DEFAULT NULL,
  `coupon_value` varchar(50) DEFAULT NULL,
  `link_type` varchar(255) DEFAULT NULL,
  `start_date` date DEFAULT NULL,
  `expired_date` date DEFAULT NULL,
  `expired_usage` int(11) DEFAULT NULL,
  `usage_count` int(11) DEFAULT NULL,
  PRIMARY KEY (`coupon_id`)
) ENGINE=MyISAM DEFAULT CHARSET=latin1;

--
-- Dumping data for table `idx_discount_coupon`
--


--
-- Table structure for table `idx_editor`
--

CREATE TABLE `idx_editor` (
  `username` varchar(20) DEFAULT NULL,
  `category_id` mediumint(9) DEFAULT NULL,
  `category` char(1) DEFAULT NULL,
  `link` char(1) DEFAULT NULL,
  `review` char(1) DEFAULT NULL,
  `pick` char(1) DEFAULT NULL,
  `status` char(1) DEFAULT NULL,
  `date` date DEFAULT NULL
) ENGINE=MyISAM DEFAULT CHARSET=latin1;

--
-- Dumping data for table `idx_editor`
--


--
-- Table structure for table `idx_email_template`
--

CREATE TABLE `idx_email_template` (
  `email_template_id` int(10) unsigned NOT NULL AUTO_INCREMENT,
  `name` varchar(255) DEFAULT NULL,
  `subject` varchar(255) DEFAULT NULL,
  `body` text,
  `altbody` text,
  PRIMARY KEY (`email_template_id`)
) ENGINE=MyISAM AUTO_INCREMENT=37 DEFAULT CHARSET=latin1;

--
-- Dumping data for table `idx_email_template`
--



--
-- Table structure for table `idx_favorites`
--

CREATE TABLE `idx_favorites` (
  `favorite_id` int(11) NOT NULL AUTO_INCREMENT,
  `username` varchar(20) DEFAULT NULL,
  `date` date DEFAULT NULL,
  `title` varchar(100) DEFAULT NULL,
  `description` text,
  PRIMARY KEY (`favorite_id`)
) ENGINE=MyISAM AUTO_INCREMENT=6 DEFAULT CHARSET=latin1;

--
-- Dumping data for table `idx_favorites`
--

INSERT INTO `idx_favorites` VALUES (1,'emoryivoryf88o90','2011-10-18','My Favorites',NULL),(2,'granvilleberd91g71','2011-10-31','My Favorites',NULL),(3,'trentongaylox60d69','2011-11-01','My Favorites',NULL),(4,'eagleswatches','2011-11-24','My Favorites',NULL),(5,'adaptive84','2011-12-07','My Favorites',NULL);

--
-- Table structure for table `idx_favorites_detail`
--

CREATE TABLE `idx_favorites_detail` (
  `favorite_id` int(11) DEFAULT NULL,
  `link_id` mediumint(9) DEFAULT NULL
) ENGINE=MyISAM DEFAULT CHARSET=latin1;

--
-- Dumping data for table `idx_favorites_detail`
--


--
-- Table structure for table `idx_hook_place`
--

CREATE TABLE `idx_hook_place` (
  `hook_place_id` int(11) NOT NULL AUTO_INCREMENT,
  `filename` varchar(255) DEFAULT NULL,
  `hookname` varchar(255) DEFAULT NULL,
  PRIMARY KEY (`hook_place_id`)
) ENGINE=MyISAM DEFAULT CHARSET=latin1;

--
-- Dumping data for table `idx_hook_place`
--


--
-- Table structure for table `idx_invoice`
--

CREATE TABLE `idx_invoice` (
  `invoice_id` varchar(10) NOT NULL DEFAULT '',
  `invoice_date` date DEFAULT NULL,
  `due_date` date DEFAULT NULL,
  `invoiced_to` text,
  `service` varchar(255) DEFAULT NULL,
  `description` text,
  `total` double(8,2) DEFAULT NULL,
  `comment` text,
  `paid` char(1) DEFAULT NULL,
  `paid_date` date DEFAULT NULL,
  `email` varchar(255) DEFAULT NULL,
  PRIMARY KEY (`invoice_id`)
) ENGINE=MyISAM DEFAULT CHARSET=latin1;

--
-- Dumping data for table `idx_invoice`
--


--
-- Table structure for table `idx_invoice_config`
--

CREATE TABLE `idx_invoice_config` (
  `company` varchar(255) DEFAULT NULL,
  `contact` varchar(255) DEFAULT NULL,
  `address` text,
  `phone` varchar(255) DEFAULT NULL,
  `email` varchar(255) DEFAULT NULL,
  `currency_symbol` varchar(255) DEFAULT '$',
  `currency_code` varchar(255) DEFAULT 'USD'
) ENGINE=MyISAM DEFAULT CHARSET=latin1;

--
-- Dumping data for table `idx_invoice_config`
--

INSERT INTO `idx_invoice_config` VALUES ('Your website / Company','Billing Department','Your address','Your phone #','Billing<name@yourdomain.com>','$','USD');

--
-- Table structure for table `idx_link_temp`
--

CREATE TABLE `idx_link_temp` (
  `vid` mediumint(9) unsigned NOT NULL AUTO_INCREMENT,
  `spam` char(1) NOT NULL DEFAULT '0',
  `link_id` mediumint(9) DEFAULT NULL,
  `category_id` mediumint(9) unsigned NOT NULL DEFAULT '0',
  `title` varchar(100) NOT NULL DEFAULT '',
  `url` text NOT NULL,
  `description` text NOT NULL,
  `contact_name` varchar(100) NOT NULL DEFAULT '',
  `email` varchar(100) NOT NULL DEFAULT '',
  `hits` mediumint(9) DEFAULT NULL,
  `votes` smallint(6) DEFAULT NULL,
  `rating` float(4,2) DEFAULT NULL,
  `date` datetime NOT NULL DEFAULT '0000-00-00 00:00:00',
  `bid` smallint(6) NOT NULL DEFAULT '0',
  `new` char(1) DEFAULT NULL,
  `hot` char(1) DEFAULT NULL,
  `top_rated` char(1) DEFAULT NULL,
  `pick` char(1) DEFAULT NULL,
  `password` varchar(20) DEFAULT NULL,
  `updated` char(1) DEFAULT NULL,
  `reviews` smallint(6) DEFAULT NULL,
  `avg_review` float(4,2) DEFAULT NULL,
  `last_updated` datetime DEFAULT NULL,
  `official_review` text,
  `keywords` varchar(255) DEFAULT NULL,
  `cat1` mediumint(6) NOT NULL DEFAULT '0',
  `cat2` mediumint(6) NOT NULL DEFAULT '0',
  `suspended` char(1) NOT NULL DEFAULT '0',
  `reciprocal_url` varchar(255) DEFAULT NULL,
  `address` varchar(255) DEFAULT NULL,
  `city` varchar(255) DEFAULT NULL,
  `state` varchar(255) DEFAULT NULL,
  `country` varchar(255) DEFAULT NULL,
  `zip` varchar(255) DEFAULT NULL,
  `image` varchar(255) DEFAULT NULL,
  `phone` varchar(255) DEFAULT NULL,
  `fax` varchar(255) DEFAULT NULL,
  PRIMARY KEY (`vid`)
) ENGINE=MyISAM DEFAULT CHARSET=latin1;

--
-- Dumping data for table `idx_link_temp`
--


--
-- Table structure for table `idx_link_temp_user`
--

CREATE TABLE `idx_link_temp_user` (
  `vid` mediumint(9) unsigned NOT NULL DEFAULT '0',
  `username` varchar(20) NOT NULL DEFAULT '',
  PRIMARY KEY (`vid`)
) ENGINE=MyISAM DEFAULT CHARSET=latin1;

--
-- Dumping data for table `idx_link_temp_user`
--


--
-- Table structure for table `idx_link_user`
--

CREATE TABLE `idx_link_user` (
  `link_id` mediumint(9) unsigned NOT NULL DEFAULT '0',
  `username` varchar(20) NOT NULL DEFAULT '',
  PRIMARY KEY (`link_id`)
) ENGINE=MyISAM DEFAULT CHARSET=latin1;

--
-- Dumping data for table `idx_link_user`
--


--
-- Table structure for table `idx_mailing_list`
--

CREATE TABLE `idx_mailing_list` (
  `email` varchar(50) NOT NULL DEFAULT '',
  `code` varchar(4) DEFAULT NULL,
  `status` char(1) DEFAULT NULL,
  PRIMARY KEY (`email`)
) ENGINE=MyISAM DEFAULT CHARSET=latin1;

--
-- Dumping data for table `idx_mailing_list`
--


--
-- Table structure for table `idx_message`
--

CREATE TABLE `idx_message` (
  `message_id` smallint(6) NOT NULL AUTO_INCREMENT,
  `date` date DEFAULT NULL,
  `body` text,
  `subject` varchar(100) DEFAULT NULL,
  PRIMARY KEY (`message_id`)
) ENGINE=MyISAM DEFAULT CHARSET=latin1;

--
-- Dumping data for table `idx_message`
--


--
-- Table structure for table `idx_notification`
--

CREATE TABLE `idx_notification` (
  `username` varchar(20) NOT NULL DEFAULT '',
  `category_id` mediumint(9) NOT NULL DEFAULT '0'
) ENGINE=MyISAM DEFAULT CHARSET=latin1;

--
-- Dumping data for table `idx_notification`
--


--
-- Table structure for table `idx_pagerank`
--

CREATE TABLE `idx_pagerank` (
  `link_id` mediumint(8) unsigned NOT NULL DEFAULT '0',
  `engine` char(1) NOT NULL DEFAULT '',
  `rank` tinyint(4) NOT NULL DEFAULT '0',
  `last_update` date NOT NULL DEFAULT '0000-00-00',
  PRIMARY KEY (`link_id`,`engine`)
) ENGINE=MyISAM DEFAULT CHARSET=latin1;

--
-- Dumping data for table `idx_pagerank`
--

INSERT INTO `idx_pagerank` VALUES (1,'g',6,'2011-09-05'),(2,'g',0,'2012-02-06'),(6,'g',4,'2011-09-09'),(10,'g',3,'2011-09-16'),(14,'g',3,'2011-09-18'),(12,'g',1,'2011-09-18'),(13,'g',1,'2011-09-18'),(7,'g',0,'2011-12-13'),(15,'g',0,'2012-01-06'),(5,'g',6,'2011-09-30'),(21,'g',3,'2011-10-01'),(27,'g',0,'2012-01-14'),(20,'g',3,'2011-10-01'),(31,'g',0,'2012-01-23'),(4,'g',4,'2011-10-02'),(28,'g',0,'2011-12-30'),(35,'g',0,'2011-12-30'),(23,'g',0,'2012-01-08'),(38,'g',0,'2012-02-03'),(24,'g',0,'2012-01-08'),(25,'g',0,'2012-01-14'),(34,'g',6,'2011-10-04'),(32,'g',6,'2011-10-04'),(26,'g',2,'2011-10-04'),(22,'g',6,'2011-10-05'),(18,'g',3,'2011-10-05'),(33,'g',6,'2011-10-05'),(19,'g',3,'2011-10-05'),(17,'g',6,'2011-10-05'),(40,'g',2,'2011-10-05'),(42,'g',0,'2011-10-05'),(47,'g',0,'2011-11-30'),(44,'g',0,'2012-02-06'),(50,'g',0,'2012-02-06'),(63,'g',0,'2011-11-30'),(68,'g',0,'2012-01-21'),(67,'g',0,'2011-11-18'),(71,'g',0,'2012-01-23'),(60,'g',0,'2011-11-30'),(49,'g',0,'2011-12-30'),(55,'g',0,'2012-02-28'),(54,'g',0,'2012-02-18'),(56,'g',0,'2012-02-13'),(3,'g',0,'2011-10-17'),(36,'g',0,'2012-02-06'),(59,'g',0,'2012-01-06'),(66,'g',0,'2012-02-06'),(48,'g',0,'2012-02-20'),(61,'g',0,'2012-01-06'),(73,'g',0,'2012-02-06'),(41,'g',0,'2012-01-11'),(57,'g',0,'2012-01-13'),(39,'g',0,'2012-02-17'),(72,'g',0,'2012-01-27'),(52,'g',0,'2012-02-21'),(62,'g',0,'2012-01-22'),(51,'g',0,'2012-01-08'),(64,'g',0,'2012-02-27'),(114,'g',0,'2011-10-25'),(94,'g',0,'2011-10-25'),(137,'g',0,'2011-10-25'),(126,'g',0,'2011-10-25'),(140,'g',0,'2011-10-25'),(121,'g',0,'2011-10-25'),(87,'g',0,'2011-10-25'),(201,'g',0,'2011-10-25'),(223,'g',0,'2011-10-25'),(102,'g',0,'2011-10-26'),(92,'g',0,'2011-12-02'),(80,'g',0,'2011-12-02'),(69,'g',0,'2012-02-17'),(105,'g',0,'2011-10-26'),(145,'g',0,'2011-10-26'),(179,'g',0,'2011-10-26'),(167,'g',0,'2011-10-27'),(694,'g',0,'2011-11-30'),(258,'g',0,'2011-10-27'),(236,'g',0,'2011-10-27'),(89,'g',0,'2011-11-30'),(148,'g',0,'2011-10-27'),(740,'g',0,'2011-11-30'),(101,'g',0,'2011-12-02'),(192,'g',0,'2011-10-28'),(813,'g',0,'2011-11-30'),(108,'g',0,'2011-10-28'),(75,'g',0,'2011-12-02'),(82,'g',0,'2011-12-02'),(161,'g',0,'2011-12-02'),(177,'g',0,'2012-02-13'),(583,'g',0,'2011-12-02'),(109,'g',0,'2011-12-02'),(125,'g',0,'2011-12-02'),(781,'g',0,'2011-11-30'),(74,'g',0,'2011-12-02'),(776,'g',0,'2011-11-30'),(824,'g',0,'2011-11-30'),(116,'g',0,'2011-12-02'),(96,'g',0,'2011-11-30'),(133,'g',0,'2011-10-28'),(237,'g',0,'2011-10-28'),(45,'g',0,'2012-02-06'),(351,'g',0,'2011-10-31'),(243,'g',0,'2011-10-31'),(379,'g',0,'2011-10-31'),(314,'g',0,'2011-10-31'),(332,'g',0,'2011-10-31'),(198,'g',0,'2011-10-31'),(84,'g',0,'2011-10-31'),(88,'g',0,'2011-10-31'),(99,'g',0,'2011-10-31'),(91,'g',0,'2011-12-06'),(158,'g',0,'2011-12-06'),(141,'g',0,'2011-12-06'),(461,'g',0,'2011-10-31'),(416,'g',0,'2011-10-31'),(497,'g',0,'2011-10-31'),(279,'g',0,'2011-10-31'),(300,'g',0,'2011-10-31'),(288,'g',0,'2012-02-18'),(325,'g',0,'2011-10-31'),(260,'g',0,'2011-10-31'),(350,'g',0,'2012-02-18'),(83,'g',0,'2011-11-01'),(353,'g',0,'2011-11-01'),(335,'g',0,'2012-02-06'),(356,'g',0,'2011-11-01'),(338,'g',0,'2011-11-01'),(333,'g',0,'2011-11-01'),(328,'g',0,'2011-11-01'),(343,'g',0,'2012-02-06'),(336,'g',0,'2011-11-01'),(364,'g',0,'2011-11-01'),(930,'g',0,'2011-11-01'),(807,'g',0,'2011-11-01'),(897,'g',0,'2011-11-01'),(723,'g',0,'2011-11-01'),(918,'g',0,'2011-11-01'),(873,'g',0,'2011-11-01'),(283,'g',0,'2011-11-03'),(372,'g',0,'2011-11-03'),(169,'g',0,'2011-11-03'),(216,'g',0,'2011-12-09'),(376,'g',0,'2011-12-09'),(206,'g',0,'2011-11-03'),(112,'g',0,'2011-12-06'),(267,'g',0,'2011-12-06'),(249,'g',0,'2011-12-06'),(245,'g',0,'2011-12-09'),(294,'g',0,'2011-12-06'),(287,'g',0,'2011-12-06'),(144,'g',0,'2011-11-03'),(78,'g',0,'2011-11-03'),(789,'g',0,'2011-11-03'),(375,'g',0,'2011-11-03'),(763,'g',0,'2011-11-03'),(921,'g',0,'2011-11-03'),(256,'g',0,'2011-11-03'),(844,'g',0,'2011-11-03'),(420,'g',0,'2011-11-03'),(424,'g',0,'2011-11-03'),(119,'g',0,'2011-11-03'),(110,'g',0,'2011-12-06'),(748,'g',0,'2011-11-04'),(211,'g',0,'2011-11-04'),(856,'g',0,'2011-11-04'),(320,'g',0,'2011-11-04'),(344,'g',0,'2011-11-04'),(317,'g',0,'2011-11-04'),(299,'g',0,'2011-11-04'),(327,'g',0,'2012-02-10'),(58,'g',0,'2011-11-04'),(348,'g',0,'2011-11-04'),(276,'g',0,'2011-11-04'),(414,'g',0,'2011-11-04'),(176,'g',0,'2011-11-04'),(185,'g',0,'2011-11-04'),(81,'g',0,'2011-11-04'),(79,'g',0,'2011-11-04'),(162,'g',0,'2011-11-04'),(131,'g',0,'2011-11-04'),(150,'g',0,'2011-11-04'),(180,'g',0,'2011-11-04'),(90,'g',0,'2011-11-04'),(170,'g',0,'2011-11-04'),(830,'g',0,'2011-11-04'),(301,'g',0,'2011-11-04'),(304,'g',0,'2011-11-04'),(811,'g',0,'2011-11-04'),(388,'g',0,'2011-11-04'),(286,'g',0,'2011-11-04'),(289,'g',0,'2011-11-04'),(157,'g',0,'2011-11-04'),(774,'g',0,'2011-11-04'),(226,'g',0,'2011-11-04'),(896,'g',0,'2011-11-04'),(65,'g',0,'2012-03-03'),(318,'g',0,'2011-11-04'),(85,'g',0,'2011-12-06'),(367,'g',0,'2011-11-04'),(132,'g',0,'2011-11-04'),(107,'g',0,'2011-11-04'),(135,'g',0,'2011-11-04'),(323,'g',0,'2011-12-09'),(337,'g',0,'2011-11-04'),(207,'g',0,'2012-02-20'),(93,'g',0,'2011-11-04'),(194,'g',0,'2011-11-04'),(178,'g',0,'2011-12-09'),(139,'g',0,'2011-12-06'),(777,'g',0,'2011-11-06'),(869,'g',0,'2012-02-13'),(838,'g',0,'2012-02-13'),(727,'g',0,'2011-11-06'),(834,'g',0,'2011-11-06'),(658,'g',0,'2011-11-06'),(820,'g',0,'2011-11-06'),(744,'g',0,'2011-11-06'),(802,'g',0,'2011-11-06'),(627,'g',0,'2011-11-06'),(668,'g',0,'2011-11-06'),(745,'g',0,'2011-11-06'),(791,'g',0,'2012-01-04'),(771,'g',0,'2011-11-06'),(734,'g',0,'2011-11-07'),(780,'g',0,'2011-11-07'),(798,'g',0,'2012-01-02'),(676,'g',0,'2011-11-07'),(589,'g',0,'2011-11-07'),(632,'g',0,'2011-11-07'),(765,'g',0,'2011-11-07'),(698,'g',0,'2011-11-07'),(886,'g',0,'2011-11-07'),(889,'g',0,'2011-11-07'),(900,'g',0,'2012-02-16'),(831,'g',0,'2011-11-07'),(866,'g',0,'2011-11-07'),(408,'g',0,'2011-11-07'),(914,'g',0,'2011-11-07'),(858,'g',0,'2011-11-07'),(933,'g',0,'2011-11-07'),(842,'g',0,'2011-11-07'),(345,'g',0,'2011-11-07'),(305,'g',0,'2011-11-07'),(501,'g',0,'2012-02-06'),(852,'g',0,'2011-11-07'),(95,'g',0,'2011-11-07'),(452,'g',0,'2011-11-07'),(498,'g',0,'2011-11-07'),(474,'g',0,'2011-11-07'),(623,'g',0,'2011-11-07'),(155,'g',0,'2011-11-07'),(153,'g',0,'2011-11-07'),(184,'g',0,'2011-11-07'),(160,'g',0,'2011-11-07'),(165,'g',0,'2011-11-07'),(174,'g',0,'2011-11-07'),(203,'g',0,'2011-11-07'),(200,'g',0,'2011-11-07'),(195,'g',0,'2011-11-07'),(520,'g',0,'2011-11-07'),(543,'g',0,'2011-11-07'),(569,'g',0,'2011-11-07'),(582,'g',0,'2011-11-07'),(527,'g',0,'2011-11-07'),(541,'g',0,'2011-11-07'),(534,'g',0,'2011-11-07'),(563,'g',0,'2011-11-07'),(576,'g',0,'2011-11-07'),(731,'g',0,'2011-11-07'),(626,'g',0,'2012-03-03'),(242,'g',0,'2012-02-17'),(205,'g',0,'2011-11-07'),(186,'g',0,'2011-11-07'),(188,'g',0,'2011-11-07'),(264,'g',0,'2011-12-15'),(575,'g',0,'2011-11-07'),(212,'g',0,'2011-11-07'),(506,'g',0,'2011-11-07'),(209,'g',0,'2011-11-07'),(425,'g',0,'2011-11-07'),(617,'g',0,'2011-11-07'),(468,'g',0,'2011-11-07'),(525,'g',0,'2011-11-07'),(233,'g',0,'2011-11-07'),(941,'g',0,'2011-11-07'),(982,'g',0,'2011-11-07'),(972,'g',0,'2011-11-07'),(1113,'g',0,'2011-11-07'),(1050,'g',0,'2011-11-07'),(1027,'g',0,'2012-03-03'),(1007,'g',0,'2011-11-07'),(809,'g',0,'2011-11-07'),(707,'g',0,'2011-11-07'),(768,'g',0,'2011-11-07'),(724,'g',0,'2011-11-07'),(669,'g',0,'2011-11-07'),(804,'g',0,'2011-11-07'),(792,'g',0,'2011-11-07'),(685,'g',0,'2011-11-07'),(753,'g',0,'2011-11-07'),(1056,'g',0,'2011-11-07'),(1071,'g',0,'2012-01-06'),(1067,'g',0,'2011-11-07'),(1066,'g',0,'2011-11-07'),(1055,'g',0,'2011-11-07'),(1013,'g',0,'2011-11-07'),(1041,'g',0,'2011-11-07'),(1025,'g',0,'2011-11-07'),(1040,'g',0,'2011-11-07'),(782,'g',0,'2011-11-08'),(822,'g',0,'2011-11-08'),(850,'g',0,'2011-11-08'),(739,'g',0,'2011-11-08'),(978,'g',0,'2011-11-08'),(938,'g',0,'2011-11-08'),(843,'g',0,'2011-11-08'),(817,'g',0,'2011-11-08'),(827,'g',0,'2011-11-08'),(912,'g',0,'2011-11-08'),(957,'g',0,'2011-11-08'),(1078,'g',0,'2012-01-06'),(993,'g',0,'2012-01-06'),(863,'g',0,'2011-11-08'),(859,'g',0,'2011-11-08'),(594,'g',0,'2012-01-05'),(633,'g',0,'2011-11-08'),(313,'g',0,'2011-11-08'),(480,'g',0,'2012-01-02'),(284,'g',0,'2011-11-08'),(319,'g',0,'2012-02-06'),(391,'g',0,'2011-11-08'),(142,'g',0,'2011-11-08'),(398,'g',0,'2011-11-08'),(291,'g',0,'2011-11-08'),(374,'g',0,'2011-11-08'),(564,'g',0,'2011-11-08'),(471,'g',0,'2011-11-08'),(381,'g',0,'2011-11-08'),(311,'g',0,'2012-02-06'),(961,'g',0,'2011-11-08'),(939,'g',0,'2011-11-08'),(306,'g',0,'2011-11-08'),(308,'g',0,'2011-11-08'),(625,'g',0,'2011-11-08'),(475,'g',0,'2011-11-08'),(603,'g',0,'2011-11-08'),(444,'g',0,'2011-11-08'),(315,'g',0,'2011-11-08'),(833,'g',0,'2011-11-08'),(492,'g',0,'2011-11-08'),(870,'g',0,'2011-11-08'),(878,'g',0,'2012-01-06'),(268,'g',0,'2011-11-08'),(879,'g',0,'2011-11-08'),(619,'g',0,'2011-11-08'),(596,'g',0,'2011-11-08'),(1111,'g',0,'2012-01-22'),(1090,'g',0,'2011-11-08'),(1098,'g',0,'2011-11-08'),(1083,'g',0,'2012-01-13'),(857,'g',0,'2011-11-08'),(767,'g',0,'2011-12-30'),(274,'g',0,'2011-11-08'),(154,'g',0,'2011-11-08'),(181,'g',0,'2011-11-08'),(560,'g',0,'2011-11-08'),(553,'g',0,'2011-11-08'),(272,'g',0,'2012-02-17'),(252,'g',0,'2011-11-08'),(120,'g',0,'2011-11-08'),(147,'g',0,'2011-11-08'),(152,'g',0,'2011-11-08'),(760,'g',0,'2012-03-03'),(828,'g',0,'2011-11-08'),(241,'g',0,'2011-11-08'),(899,'g',0,'2011-11-08'),(187,'g',0,'2011-11-08'),(303,'g',0,'2012-01-24'),(123,'g',0,'2011-11-08'),(138,'g',0,'2011-11-08'),(151,'g',0,'2011-11-08'),(611,'g',0,'2011-11-08'),(598,'g',0,'2011-11-08'),(466,'g',0,'2011-11-08'),(360,'g',0,'2011-12-25'),(231,'g',0,'2011-11-08'),(266,'g',0,'2011-11-08'),(164,'g',0,'2011-11-08'),(927,'g',0,'2011-11-08'),(495,'g',0,'2011-11-08'),(273,'g',0,'2011-11-08'),(1072,'g',0,'2011-11-08'),(97,'g',0,'2011-11-08'),(255,'g',0,'2011-11-08'),(772,'g',0,'2011-11-08'),(1003,'g',0,'2011-11-08'),(115,'g',0,'2011-11-08'),(281,'g',0,'2011-11-08'),(134,'g',0,'2011-11-08'),(835,'g',0,'2011-11-08'),(612,'g',0,'2011-11-08'),(221,'g',0,'2011-12-22'),(915,'g',0,'2011-11-08'),(1017,'g',0,'2011-11-08'),(1064,'g',0,'2011-11-08'),(881,'g',0,'2011-11-08'),(129,'g',0,'2011-11-08'),(750,'g',0,'2011-11-08'),(234,'g',0,'2012-01-06'),(697,'g',0,'2011-11-08'),(790,'g',0,'2011-11-08'),(733,'g',0,'2011-11-08'),(591,'g',0,'2011-11-08'),(635,'g',0,'2011-11-08'),(743,'g',0,'2011-11-08'),(657,'g',0,'2011-11-08'),(646,'g',0,'2011-11-08'),(882,'g',0,'2011-11-08'),(1016,'g',0,'2011-11-08'),(976,'g',0,'2011-11-08'),(996,'g',0,'2011-11-08'),(948,'g',0,'2012-01-18'),(1038,'g',0,'2012-01-15'),(1120,'g',0,'2011-11-08'),(1028,'g',0,'2011-11-08'),(1106,'g',0,'2011-11-08'),(1125,'g',0,'2011-11-08'),(1096,'g',0,'2012-01-22'),(1124,'g',0,'2011-11-08'),(1121,'g',0,'2012-01-22'),(906,'g',0,'2011-11-08'),(816,'g',0,'2011-11-08'),(849,'g',0,'2011-11-08'),(173,'g',0,'2011-11-08'),(662,'g',0,'2011-11-09'),(539,'g',0,'2011-11-09'),(705,'g',0,'2011-11-09'),(710,'g',0,'2011-11-09'),(726,'g',0,'2011-11-09'),(600,'g',0,'2011-11-09'),(1099,'g',0,'2011-11-09'),(1115,'g',0,'2011-11-09'),(478,'g',0,'2011-11-09'),(877,'g',0,'2011-11-09'),(1012,'g',0,'2011-11-09'),(620,'g',0,'2011-11-09'),(476,'g',0,'2011-11-09'),(521,'g',0,'2011-11-09'),(371,'g',0,'2011-11-09'),(270,'g',0,'2011-11-10'),(349,'g',0,'2011-11-10'),(871,'g',0,'2011-11-10'),(366,'g',0,'2011-11-10'),(893,'g',0,'2011-11-10'),(429,'g',0,'2011-11-10'),(980,'g',0,'2011-11-10'),(1087,'g',0,'2012-01-27'),(329,'g',0,'2011-11-10'),(346,'g',0,'2011-11-10'),(210,'g',0,'2011-11-10'),(901,'g',0,'2011-11-10'),(514,'g',0,'2011-11-10'),(943,'g',0,'2011-11-10'),(1046,'g',0,'2011-11-10'),(562,'g',0,'2011-11-10'),(479,'g',0,'2011-11-10'),(528,'g',0,'2011-11-10'),(538,'g',0,'2011-11-10'),(542,'g',0,'2012-02-03'),(265,'g',0,'2011-11-10'),(218,'g',0,'2011-12-10'),(227,'g',0,'2011-12-10'),(189,'g',0,'2011-11-10'),(248,'g',0,'2011-11-10'),(159,'g',0,'2011-12-10'),(1112,'g',0,'2011-11-10'),(128,'g',0,'2011-12-10'),(469,'g',0,'2011-11-10'),(814,'g',0,'2011-11-10'),(1009,'g',0,'2011-12-19'),(217,'g',0,'2011-11-10'),(362,'g',0,'2011-11-10'),(1063,'g',0,'2011-11-10'),(518,'g',0,'2011-11-10'),(472,'g',0,'2011-11-10'),(585,'g',0,'2012-01-10'),(500,'g',0,'2011-11-10'),(602,'g',0,'2011-11-10'),(989,'g',0,'2011-11-10'),(199,'g',0,'2011-12-25'),(136,'g',0,'2011-11-10'),(175,'g',0,'2011-11-10'),(825,'g',0,'2011-11-10'),(762,'g',0,'2011-11-10'),(720,'g',0,'2011-12-26'),(1069,'g',0,'2011-11-10'),(1109,'g',0,'2011-11-10'),(86,'g',0,'2011-11-11'),(355,'g',0,'2011-11-11'),(1058,'g',0,'2011-11-11'),(457,'g',0,'2011-11-11'),(783,'g',0,'2012-02-17'),(577,'g',0,'2012-02-10'),(751,'g',0,'2011-11-11'),(547,'g',0,'2011-11-11'),(462,'g',0,'2012-02-03'),(1122,'g',0,'2012-02-03'),(445,'g',0,'2011-11-11'),(394,'g',0,'2011-11-11'),(228,'g',0,'2012-02-21'),(396,'g',0,'2011-11-11'),(446,'g',0,'2012-01-11'),(415,'g',0,'2011-11-11'),(465,'g',0,'2011-11-11'),(548,'g',0,'2011-11-11'),(985,'g',0,'2011-11-11'),(448,'g',0,'2011-11-11'),(551,'g',0,'2011-11-11'),(149,'g',0,'2011-11-11'),(1102,'g',0,'2011-12-15'),(761,'g',0,'2011-11-11'),(100,'g',0,'2011-11-11'),(163,'g',0,'2011-11-11'),(872,'g',0,'2011-11-11'),(639,'g',0,'2011-11-11'),(522,'g',0,'2011-11-11'),(324,'g',0,'2011-11-11'),(441,'g',0,'2011-11-11'),(860,'g',0,'2011-11-11'),(487,'g',0,'2011-11-11'),(581,'g',0,'2011-11-11'),(712,'g',0,'2011-11-11'),(679,'g',0,'2011-11-11'),(342,'g',0,'2011-11-11'),(269,'g',0,'2011-11-11'),(378,'g',0,'2011-11-11'),(779,'g',0,'2011-11-11'),(796,'g',0,'2011-11-11'),(510,'g',0,'2011-11-11'),(77,'g',0,'2011-11-11'),(616,'g',0,'2011-11-11'),(574,'g',0,'2011-11-11'),(981,'g',0,'2011-11-11'),(488,'g',0,'2011-11-11'),(483,'g',0,'2011-11-11'),(403,'g',0,'2011-11-11'),(489,'g',0,'2011-11-11'),(677,'g',0,'2011-11-11'),(664,'g',0,'2011-11-11'),(377,'g',0,'2011-11-11'),(1014,'g',0,'2011-11-11'),(970,'g',0,'2011-11-11'),(399,'g',0,'2011-11-11'),(406,'g',0,'2011-11-11'),(507,'g',0,'2011-11-11'),(593,'g',0,'2011-11-11'),(426,'g',0,'2011-11-11'),(759,'g',0,'2011-11-11'),(1048,'g',0,'2011-11-11'),(729,'g',0,'2011-11-11'),(1001,'g',0,'2011-11-11'),(1030,'g',0,'2011-11-11'),(854,'g',0,'2011-12-26'),(1060,'g',0,'2011-11-11'),(818,'g',0,'2011-11-11'),(926,'g',0,'2011-11-11'),(988,'g',0,'2011-11-11'),(182,'g',0,'2012-01-27'),(949,'g',0,'2011-11-11'),(370,'g',0,'2011-11-11'),(240,'g',0,'2011-11-11'),(637,'g',0,'2011-11-11'),(559,'g',0,'2011-11-11'),(655,'g',0,'2011-11-11'),(983,'g',0,'2011-11-11'),(680,'g',0,'2011-11-11'),(565,'g',0,'2011-11-11'),(799,'g',0,'2011-11-11'),(815,'g',0,'2012-01-10'),(407,'g',0,'2012-02-24'),(224,'g',0,'2011-11-11'),(890,'g',0,'2011-11-11'),(608,'g',0,'2011-11-11'),(908,'g',0,'2011-11-11'),(275,'g',0,'2011-11-11'),(837,'g',0,'2011-11-11'),(111,'g',0,'2011-11-11'),(499,'g',0,'2011-11-11'),(447,'g',0,'2011-11-11'),(1123,'g',0,'2012-02-13'),(413,'g',0,'2011-11-11'),(321,'g',0,'2011-11-11'),(382,'g',0,'2011-11-11'),(1081,'g',0,'2011-12-27'),(1005,'g',0,'2011-11-11'),(436,'g',0,'2011-11-11'),(992,'g',0,'2011-11-11'),(557,'g',0,'2011-11-11'),(430,'g',0,'2011-11-11'),(331,'g',0,'2011-11-11'),(579,'g',0,'2011-11-11'),(113,'g',0,'2011-11-11'),(1039,'g',0,'2011-11-11'),(910,'g',0,'2011-11-11'),(839,'g',0,'2011-11-11'),(1074,'g',0,'2011-11-11'),(682,'g',0,'2011-11-11'),(688,'g',0,'2011-11-11'),(1097,'g',0,'2011-11-11'),(435,'g',0,'2011-11-11'),(587,'g',0,'2011-11-11'),(545,'g',0,'2011-11-11'),(663,'g',0,'2011-11-11'),(456,'g',0,'2011-11-11'),(629,'g',0,'2011-11-11'),(544,'g',0,'2011-11-11'),(1082,'g',0,'2011-11-11'),(232,'g',0,'2011-11-11'),(295,'g',0,'2011-11-11'),(395,'g',0,'2011-11-11'),(392,'g',0,'2012-03-03'),(505,'g',0,'2011-11-11'),(439,'g',0,'2011-11-11'),(166,'g',0,'2011-11-11'),(964,'g',0,'2011-11-11'),(496,'g',0,'2011-11-11'),(459,'g',0,'2011-11-11'),(714,'g',0,'2011-11-11'),(778,'g',0,'2011-11-11'),(417,'g',0,'2011-11-11'),(895,'g',0,'2011-11-11'),(936,'g',0,'2011-11-11'),(390,'g',0,'2011-11-11'),(481,'g',0,'2011-11-11'),(482,'g',0,'2011-11-11'),(103,'g',0,'2011-11-11'),(950,'g',0,'2011-11-11'),(130,'g',0,'2011-11-11'),(143,'g',0,'2011-11-11'),(645,'g',0,'2011-11-11'),(595,'g',0,'2011-11-11'),(411,'g',0,'2011-11-11'),(537,'g',0,'2011-11-11'),(902,'g',0,'2011-11-11'),(235,'g',0,'2011-11-11'),(546,'g',0,'2011-11-11'),(775,'g',0,'2012-01-10'),(310,'g',0,'2011-11-11'),(361,'g',0,'2011-11-11'),(250,'g',0,'2011-11-11'),(532,'g',0,'2011-11-11'),(357,'g',0,'2011-11-11'),(402,'g',0,'2011-11-11'),(263,'g',0,'2011-11-12'),(261,'g',0,'2011-11-12'),(1032,'g',0,'2011-11-12'),(702,'g',0,'2011-11-12'),(670,'g',0,'2011-11-12'),(699,'g',0,'2011-11-12'),(443,'g',0,'2011-11-12'),(974,'g',0,'2011-11-12'),(991,'g',0,'2011-11-12'),(1103,'g',0,'2011-11-12'),(433,'g',0,'2011-11-12'),(963,'g',0,'2011-11-12'),(458,'g',0,'2011-11-12'),(784,'g',0,'2011-11-12'),(98,'g',0,'2011-11-12'),(156,'g',0,'2011-11-12'),(502,'g',0,'2011-11-12'),(558,'g',0,'2011-11-12'),(347,'g',0,'2011-11-12'),(477,'g',0,'2011-11-12'),(925,'g',0,'2011-11-12'),(213,'g',0,'2012-03-03'),(290,'g',0,'2011-11-12'),(552,'g',0,'2012-01-10'),(253,'g',0,'2011-11-12'),(365,'g',0,'2011-11-12'),(764,'g',0,'2011-11-12'),(954,'g',0,'2012-02-18'),(30,'g',0,'2012-01-27'),(37,'g',0,'2012-01-27'),(29,'g',0,'2012-01-08'),(363,'g',0,'2011-11-12'),(509,'g',0,'2012-01-26'),(853,'g',0,'2011-11-12'),(419,'g',0,'2011-11-12'),(533,'g',0,'2011-11-12'),(578,'g',0,'2011-11-12'),(644,'g',0,'2011-11-12'),(601,'g',0,'2011-11-12'),(884,'g',0,'2011-12-26'),(795,'g',0,'2011-11-12'),(70,'g',0,'2012-02-03'),(701,'g',0,'2011-11-12'),(793,'g',0,'2011-11-12'),(1085,'g',0,'2011-12-15'),(76,'g',0,'2011-11-12'),(588,'g',0,'2011-11-12'),(630,'g',0,'2011-11-12'),(352,'g',0,'2011-11-12'),(1065,'g',0,'2012-01-05'),(718,'g',0,'2011-11-12'),(690,'g',0,'2011-11-12'),(757,'g',0,'2011-11-12'),(491,'g',0,'2011-11-12'),(504,'g',0,'2011-11-12'),(511,'g',0,'2011-11-12'),(401,'g',0,'2011-11-12'),(868,'g',0,'2011-11-12'),(513,'g',0,'2011-11-12'),(389,'g',0,'2011-11-12'),(434,'g',0,'2011-11-12'),(998,'g',0,'2011-11-12'),(373,'g',0,'2011-11-12'),(571,'g',0,'2011-11-12'),(455,'g',0,'2011-11-12'),(966,'g',0,'2011-11-12'),(686,'g',0,'2012-02-20'),(464,'g',0,'2011-11-12'),(651,'g',0,'2011-11-12'),(535,'g',0,'2011-11-12'),(942,'g',0,'2011-11-12'),(695,'g',0,'2011-11-12'),(642,'g',0,'2011-12-16'),(621,'g',0,'2011-11-12'),(397,'g',0,'2011-11-12'),(358,'g',0,'2011-11-12'),(1052,'g',0,'2011-11-13'),(334,'g',0,'2011-11-13'),(183,'g',0,'2011-11-13'),(693,'g',0,'2012-02-20'),(484,'g',0,'2011-11-13'),(503,'g',0,'2011-11-13'),(666,'g',0,'2012-02-20'),(341,'g',0,'2011-11-13'),(197,'g',0,'2011-11-13'),(385,'g',0,'2011-11-13'),(530,'g',0,'2011-11-13'),(486,'g',0,'2011-11-13'),(1073,'g',0,'2011-11-13'),(122,'g',0,'2011-11-13'),(440,'g',0,'2012-02-20'),(431,'g',0,'2011-11-13'),(561,'g',0,'2012-02-04'),(330,'g',0,'2011-11-13'),(247,'g',0,'2011-11-13'),(741,'g',0,'2011-11-13'),(735,'g',0,'2011-11-13'),(470,'g',0,'2011-11-13'),(570,'g',0,'2011-11-13'),(239,'g',0,'2011-11-13'),(193,'g',0,'2011-11-13'),(605,'g',0,'2011-11-13'),(604,'g',0,'2011-11-13'),(222,'g',0,'2011-11-13'),(244,'g',0,'2011-11-13'),(229,'g',0,'2011-11-13'),(204,'g',0,'2011-11-13'),(738,'g',0,'2011-11-13'),(728,'g',0,'2011-11-13'),(955,'g',0,'2011-11-13'),(931,'g',0,'2011-11-13'),(904,'g',0,'2011-11-13'),(806,'g',0,'2011-11-13'),(946,'g',0,'2011-11-13'),(905,'g',0,'2011-11-13'),(903,'g',0,'2011-11-13'),(864,'g',0,'2011-11-13'),(880,'g',0,'2011-11-13'),(821,'g',0,'2011-11-13'),(953,'g',0,'2011-11-13'),(359,'g',0,'2011-11-13'),(703,'g',0,'2011-12-13'),(580,'g',0,'2011-11-13'),(540,'g',0,'2011-11-13'),(643,'g',0,'2011-11-13'),(451,'g',0,'2011-11-13'),(404,'g',0,'2011-11-13'),(607,'g',0,'2011-11-13'),(659,'g',0,'2012-02-20'),(219,'g',0,'2011-11-13'),(689,'g',0,'2011-11-13'),(640,'g',0,'2011-11-14'),(652,'g',0,'2011-11-14'),(716,'g',0,'2011-11-14'),(667,'g',0,'2011-11-14'),(700,'g',0,'2011-11-14'),(674,'g',0,'2011-11-14'),(851,'g',0,'2011-11-14'),(861,'g',0,'2011-11-14'),(819,'g',0,'2011-11-14'),(928,'g',0,'2011-11-14'),(848,'g',0,'2011-11-14'),(493,'g',0,'2011-11-14'),(1093,'g',0,'2011-12-14'),(597,'g',0,'2011-11-14'),(340,'g',0,'2011-11-14'),(453,'g',0,'2011-12-14'),(1256,'g',0,'2011-12-16'),(550,'g',0,'2011-11-14'),(512,'g',0,'2011-11-14'),(449,'g',0,'2011-11-14'),(554,'g',0,'2011-11-14'),(191,'g',0,'2011-11-14'),(127,'g',0,'2011-11-14'),(225,'g',0,'2011-11-14'),(254,'g',0,'2011-11-14'),(706,'g',0,'2011-11-14'),(713,'g',0,'2011-11-14'),(704,'g',0,'2011-11-14'),(641,'g',0,'2011-11-14'),(650,'g',0,'2011-11-14'),(675,'g',0,'2011-11-14'),(715,'g',0,'2011-11-14'),(684,'g',0,'2011-11-14'),(732,'g',0,'2011-11-15'),(1116,'g',0,'2011-12-28'),(1024,'g',0,'2011-11-15'),(1299,'g',0,'2011-11-15'),(1318,'g',0,'2011-11-15'),(523,'g',0,'2011-11-15'),(1325,'g',0,'2011-11-15'),(568,'g',0,'2012-02-27'),(965,'g',0,'2011-11-15'),(923,'g',0,'2011-11-15'),(885,'g',0,'2011-11-15'),(1271,'g',0,'2011-11-15'),(1286,'g',0,'2012-01-26'),(1091,'g',0,'2012-01-27'),(1279,'g',0,'2012-01-27'),(124,'g',0,'2011-11-16'),(1292,'g',0,'2012-01-09'),(1161,'g',0,'2012-01-28'),(898,'g',0,'2011-11-17'),(1189,'g',0,'2012-01-29'),(1152,'g',0,'2011-11-17'),(1141,'g',0,'2011-11-17'),(1195,'g',0,'2011-11-17'),(1136,'g',0,'2011-11-18'),(1253,'g',0,'2012-01-02'),(1238,'g',0,'2011-12-21'),(238,'g',0,'2011-11-19'),(517,'g',0,'2011-11-20'),(592,'g',0,'2011-11-20'),(567,'g',0,'2011-11-20'),(1126,'g',0,'2011-11-20'),(1307,'g',0,'2012-02-18'),(1203,'g',0,'2012-02-18'),(1182,'g',0,'2012-02-28'),(1159,'g',0,'2011-11-22'),(1297,'g',0,'2011-11-22'),(1242,'g',0,'2011-11-23'),(987,'g',0,'2011-11-23'),(967,'g',0,'2011-11-23'),(951,'g',0,'2011-11-23'),(984,'g',0,'2011-11-23'),(937,'g',0,'2011-11-23'),(973,'g',0,'2011-11-23'),(888,'g',0,'2011-11-23'),(913,'g',0,'2011-11-23'),(876,'g',0,'2011-11-23'),(932,'g',0,'2011-11-23'),(846,'g',0,'2011-11-23'),(847,'g',0,'2011-11-23'),(920,'g',0,'2011-11-23'),(907,'g',0,'2011-11-23'),(1068,'g',0,'2012-01-02'),(1018,'g',0,'2011-11-23'),(1054,'g',0,'2011-11-23'),(1051,'g',0,'2011-11-23'),(1026,'g',0,'2011-11-23'),(1036,'g',0,'2011-11-23'),(770,'g',0,'2011-11-23'),(766,'g',0,'2011-11-23'),(787,'g',0,'2011-11-23'),(773,'g',0,'2011-11-23'),(788,'g',0,'2011-11-23'),(785,'g',0,'2011-11-23'),(800,'g',0,'2011-11-23'),(752,'g',0,'2011-11-23'),(836,'g',0,'2011-11-23'),(810,'g',0,'2011-11-23'),(805,'g',0,'2011-11-23'),(826,'g',0,'2011-11-23'),(801,'g',0,'2011-11-23'),(823,'g',0,'2012-01-05'),(803,'g',0,'2011-11-23'),(808,'g',0,'2012-02-18'),(829,'g',0,'2011-11-23'),(1425,'g',0,'2012-03-03'),(104,'g',0,'2011-11-24'),(271,'g',0,'2011-11-24'),(1394,'g',0,'2012-01-06'),(1429,'g',0,'2012-01-13'),(1393,'g',0,'2011-11-24'),(1432,'g',0,'2012-01-08'),(1301,'g',0,'2011-11-24'),(962,'g',0,'2011-11-25'),(1187,'g',0,'2011-11-25'),(1151,'g',0,'2011-11-25'),(1142,'g',0,'2011-11-25'),(1134,'g',0,'2011-11-25'),(1395,'g',0,'2012-01-13'),(1193,'g',0,'2011-11-25'),(1250,'g',0,'2011-11-27'),(519,'g',0,'2011-11-27'),(409,'g',0,'2011-11-27'),(432,'g',0,'2011-11-27'),(410,'g',0,'2011-11-28'),(1137,'g',0,'2012-01-05'),(1086,'g',0,'2012-01-05'),(874,'g',0,'2011-11-28'),(1396,'g',0,'2012-02-08'),(1422,'g',0,'2012-01-05'),(1360,'g',0,'2012-02-08'),(1129,'g',0,'2011-11-28'),(1153,'g',0,'2011-11-28'),(106,'g',0,'2011-11-28'),(146,'g',0,'2011-11-28'),(1156,'g',0,'2011-11-29'),(1192,'g',0,'2011-11-29'),(1070,'g',0,'2011-11-29'),(1077,'g',0,'2011-11-29'),(1057,'g',0,'2011-11-29'),(1359,'g',0,'2012-02-08'),(1128,'g',0,'2011-11-29'),(1127,'g',0,'2011-11-29'),(1163,'g',0,'2011-11-29'),(1372,'g',0,'2011-11-29'),(46,'g',0,'2012-02-15'),(202,'g',0,'2011-11-30'),(208,'g',0,'2011-11-30'),(293,'g',0,'2011-11-30'),(277,'g',0,'2011-11-30'),(316,'g',0,'2011-11-30'),(339,'g',0,'2011-11-30'),(118,'g',0,'2011-11-30'),(1177,'g',0,'2011-12-04'),(168,'g',0,'2011-12-04'),(1162,'g',0,'2011-12-04'),(1479,'g',0,'2012-01-26'),(1659,'g',0,'2012-01-10'),(1285,'g',0,'2011-12-07'),(1246,'g',0,'2011-12-07'),(1449,'g',0,'2011-12-08'),(1416,'g',0,'2011-12-08'),(1339,'g',0,'2011-12-08'),(1257,'g',0,'2011-12-08'),(1457,'g',0,'2011-12-09'),(285,'g',0,'2011-12-09'),(278,'g',0,'2011-12-09'),(302,'g',0,'2011-12-09'),(386,'g',0,'2011-12-09'),(1481,'g',0,'2011-12-09'),(1255,'g',0,'2011-12-09'),(1315,'g',0,'2011-12-09'),(1276,'g',0,'2011-12-09'),(1191,'g',0,'2012-01-27'),(1289,'g',0,'2011-12-09'),(1319,'g',0,'2011-12-09'),(1320,'g',0,'2011-12-09'),(1002,'g',0,'2011-12-09'),(1037,'g',0,'2011-12-09'),(1021,'g',0,'2011-12-09'),(1022,'g',0,'2011-12-09'),(1034,'g',0,'2011-12-09'),(1047,'g',0,'2011-12-09'),(1043,'g',0,'2011-12-09'),(1000,'g',0,'2011-12-09'),(1049,'g',0,'2011-12-09'),(1308,'g',0,'2011-12-10'),(1323,'g',0,'2011-12-10'),(1171,'g',0,'2011-12-10'),(1202,'g',0,'2011-12-10'),(1199,'g',0,'2011-12-10'),(1185,'g',0,'2011-12-10'),(1184,'g',0,'2011-12-10'),(1186,'g',0,'2011-12-10'),(1501,'g',0,'2012-03-03'),(1436,'g',0,'2011-12-11'),(1453,'g',0,'2011-12-11'),(1500,'g',0,'2011-12-11'),(1508,'g',0,'2011-12-11'),(1466,'g',0,'2011-12-11'),(1598,'g',0,'2011-12-11'),(1336,'g',0,'2012-01-17'),(1338,'g',0,'2011-12-11'),(1364,'g',0,'2011-12-11'),(1385,'g',0,'2011-12-11'),(1420,'g',0,'2011-12-11'),(1428,'g',0,'2012-02-15'),(1505,'g',0,'2011-12-11'),(1446,'g',0,'2011-12-11'),(1168,'g',0,'2011-12-11'),(1283,'g',0,'2011-12-11'),(1482,'g',0,'2012-01-10'),(1277,'g',0,'2012-03-04'),(1314,'g',0,'2011-12-12'),(832,'g',0,'2012-02-17'),(1275,'g',0,'2012-03-04'),(1258,'g',0,'2012-02-27'),(1433,'g',0,'2012-02-27'),(1409,'g',0,'2012-02-27'),(1306,'g',0,'2011-12-12'),(1322,'g',0,'2011-12-12'),(1492,'g',0,'2011-12-12'),(1597,'g',0,'2011-12-12'),(1700,'g',0,'2011-12-12'),(1480,'g',0,'2011-12-12'),(1703,'g',0,'2011-12-12'),(1487,'g',0,'2011-12-12'),(1519,'g',0,'2011-12-12'),(1455,'g',0,'2011-12-13'),(1196,'g',0,'2011-12-13'),(1568,'g',0,'2011-12-13'),(1181,'g',0,'2011-12-13'),(1569,'g',0,'2011-12-13'),(1169,'g',0,'2011-12-13'),(1346,'g',0,'2011-12-13'),(1347,'g',0,'2012-01-14'),(297,'g',0,'2011-12-13'),(1274,'g',0,'2011-12-13'),(1327,'g',0,'2011-12-13'),(1263,'g',0,'2011-12-13'),(1517,'g',0,'2011-12-14'),(1596,'g',0,'2011-12-14'),(1520,'g',0,'2011-12-14'),(1211,'g',0,'2011-12-14'),(1694,'g',0,'2011-12-14'),(1595,'g',0,'2011-12-14'),(1733,'g',0,'2011-12-14'),(1739,'g',0,'2011-12-14'),(1334,'g',0,'2011-12-14'),(1594,'g',0,'2011-12-14'),(171,'g',0,'2012-01-24'),(1725,'g',0,'2011-12-14'),(1728,'g',0,'2011-12-14'),(1721,'g',0,'2011-12-14'),(1734,'g',0,'2011-12-14'),(1280,'g',0,'2011-12-14'),(1313,'g',0,'2011-12-14'),(423,'g',0,'2012-01-14'),(280,'g',0,'2012-01-14'),(1362,'g',0,'2011-12-14'),(1302,'g',0,'2011-12-14'),(1743,'g',0,'2011-12-14'),(1723,'g',0,'2011-12-14'),(1741,'g',0,'2011-12-15'),(911,'g',0,'2011-12-15'),(1118,'g',0,'2011-12-15'),(1389,'g',0,'2011-12-15'),(1089,'g',0,'2011-12-15'),(1400,'g',0,'2011-12-15'),(1117,'g',0,'2011-12-15'),(1053,'g',0,'2011-12-15'),(919,'g',0,'2012-02-17'),(1695,'g',0,'2011-12-16'),(1478,'g',0,'2012-01-16'),(892,'g',0,'2012-01-16'),(649,'g',0,'2012-02-20'),(1731,'g',0,'2011-12-16'),(1732,'g',0,'2012-01-15'),(1088,'g',0,'2011-12-16'),(1107,'g',0,'2011-12-16'),(384,'g',0,'2012-03-03'),(1133,'g',0,'2012-02-03'),(524,'g',0,'2012-02-13'),(1259,'g',0,'2012-02-23'),(1570,'g',0,'2012-02-13'),(1243,'g',0,'2011-12-17'),(1104,'g',0,'2011-12-17'),(1749,'g',0,'2011-12-17'),(1132,'g',0,'2012-02-03'),(1208,'g',0,'2012-02-03'),(1270,'g',0,'2011-12-18'),(1742,'g',0,'2012-02-27'),(1130,'g',0,'2012-01-26'),(1298,'g',0,'2012-01-26'),(1282,'g',0,'2012-01-26'),(1699,'g',0,'2012-01-26'),(1269,'g',0,'2012-01-26'),(1172,'g',0,'2011-12-18'),(1174,'g',0,'2011-12-18'),(1158,'g',0,'2011-12-18'),(1698,'g',0,'2011-12-18'),(1513,'g',0,'2011-12-18'),(1515,'g',0,'2011-12-18'),(1503,'g',0,'2011-12-18'),(1491,'g',0,'2011-12-18'),(1719,'g',0,'2011-12-18'),(1494,'g',0,'2011-12-18'),(1504,'g',0,'2011-12-18'),(1493,'g',0,'2011-12-18'),(1179,'g',0,'2011-12-18'),(1397,'g',0,'2011-12-18'),(1273,'g',0,'2011-12-18'),(1272,'g',0,'2011-12-18'),(1720,'g',0,'2011-12-18'),(1747,'g',0,'2011-12-18'),(1485,'g',0,'2011-12-18'),(1750,'g',0,'2011-12-18'),(1740,'g',0,'2011-12-18'),(1752,'g',0,'2011-12-18'),(1190,'g',0,'2011-12-18'),(1738,'g',0,'2011-12-18'),(1227,'g',0,'2011-12-18'),(1366,'g',0,'2011-12-18'),(1413,'g',0,'2011-12-18'),(1287,'g',0,'2011-12-18'),(1369,'g',0,'2011-12-18'),(1404,'g',0,'2011-12-18'),(1342,'g',0,'2011-12-18'),(1437,'g',0,'2011-12-18'),(1341,'g',0,'2011-12-18'),(1291,'g',0,'2011-12-18'),(1345,'g',0,'2011-12-18'),(1343,'g',0,'2011-12-18'),(1361,'g',0,'2011-12-18'),(1391,'g',0,'2011-12-18'),(1375,'g',0,'2011-12-18'),(1392,'g',0,'2011-12-18'),(1401,'g',0,'2011-12-18'),(1390,'g',0,'2011-12-18'),(1365,'g',0,'2011-12-18'),(1201,'g',0,'2011-12-19'),(1209,'g',0,'2011-12-19'),(1388,'g',0,'2012-01-26'),(1415,'g',0,'2012-01-26'),(1381,'g',0,'2012-01-26'),(1418,'g',0,'2011-12-19'),(1417,'g',0,'2012-01-26'),(1311,'g',0,'2011-12-19'),(1213,'g',0,'2011-12-19'),(1220,'g',0,'2011-12-19'),(1219,'g',0,'2011-12-19'),(1217,'g',0,'2011-12-19'),(1215,'g',0,'2011-12-19'),(1212,'g',0,'2011-12-19'),(1221,'g',0,'2011-12-19'),(1218,'g',0,'2011-12-19'),(1214,'g',0,'2011-12-19'),(1216,'g',0,'2011-12-19'),(516,'g',0,'2011-12-19'),(1735,'g',0,'2011-12-19'),(1441,'g',0,'2011-12-20'),(1377,'g',0,'2011-12-20'),(400,'g',0,'2012-02-20'),(1762,'g',0,'2012-01-21'),(1727,'g',0,'2012-03-01'),(1244,'g',0,'2012-01-20'),(1248,'g',0,'2011-12-21'),(1268,'g',0,'2012-01-20'),(1284,'g',0,'2011-12-21'),(1764,'g',0,'2011-12-21'),(1775,'g',0,'2012-01-23'),(1767,'g',0,'2012-01-24'),(1774,'g',0,'2011-12-22'),(1412,'g',0,'2011-12-22'),(1321,'g',0,'2011-12-22'),(1442,'g',0,'2011-12-22'),(1770,'g',0,'2011-12-22'),(1769,'g',0,'2012-02-08'),(1435,'g',0,'2011-12-22'),(1410,'g',0,'2011-12-23'),(1456,'g',0,'2011-12-23'),(1443,'g',0,'2011-12-23'),(1514,'g',0,'2011-12-23'),(1788,'g',0,'2012-02-01'),(1722,'g',0,'2011-12-24'),(1197,'g',0,'2012-02-27'),(1768,'g',0,'2011-12-26'),(1746,'g',0,'2011-12-26'),(1730,'g',0,'2011-12-26'),(1509,'g',0,'2012-02-27'),(1791,'g',0,'2012-03-03'),(1805,'g',0,'2012-01-26'),(1765,'g',0,'2012-02-21'),(1803,'g',0,'2011-12-27'),(1794,'g',0,'2011-12-28'),(1807,'g',0,'2012-02-05'),(1795,'g',0,'2011-12-29'),(1809,'g',0,'2011-12-30'),(1821,'g',0,'2011-12-30'),(1833,'g',0,'2012-02-13'),(1823,'g',0,'2011-12-30'),(1820,'g',0,'2011-12-31'),(1309,'g',0,'2011-12-31'),(1166,'g',0,'2011-12-31'),(1154,'g',0,'2011-12-31'),(1173,'g',0,'2011-12-31'),(1226,'g',0,'2011-12-31'),(1766,'g',0,'2011-12-31'),(1571,'g',0,'2011-12-31'),(1599,'g',0,'2011-12-31'),(1784,'g',0,'2011-12-31'),(1729,'g',0,'2011-12-31'),(1748,'g',0,'2011-12-31'),(1802,'g',0,'2011-12-31'),(1804,'g',0,'2011-12-31'),(1761,'g',0,'2011-12-31'),(1373,'g',0,'2012-01-01'),(1376,'g',0,'2012-01-01'),(1340,'g',0,'2012-01-01'),(1317,'g',0,'2012-01-01'),(1251,'g',0,'2012-03-04'),(1254,'g',0,'2012-03-04'),(1414,'g',0,'2012-01-01'),(1095,'g',0,'2012-01-01'),(1110,'g',0,'2012-01-01'),(1108,'g',0,'2012-01-01'),(1092,'g',0,'2012-01-01'),(1138,'g',0,'2012-01-01'),(1094,'g',0,'2012-01-01'),(1812,'g',0,'2012-01-01'),(1454,'g',0,'2012-01-01'),(1427,'g',0,'2012-01-01'),(1486,'g',0,'2012-01-01'),(1468,'g',0,'2012-01-01'),(1510,'g',0,'2012-01-01'),(1781,'g',0,'2012-01-01'),(1475,'g',0,'2012-01-01'),(1469,'g',0,'2012-01-01'),(1786,'g',0,'2012-01-01'),(1785,'g',0,'2012-01-01'),(1757,'g',0,'2012-01-01'),(1465,'g',0,'2012-01-01'),(746,'g',0,'2012-01-01'),(1473,'g',0,'2012-01-02'),(1502,'g',0,'2012-01-02'),(1701,'g',0,'2012-01-02'),(1758,'g',0,'2012-01-02'),(1374,'g',0,'2012-01-02'),(1358,'g',0,'2012-01-02'),(1353,'g',0,'2012-01-02'),(1354,'g',0,'2012-01-02'),(1348,'g',0,'2012-01-02'),(1355,'g',0,'2012-01-02'),(1350,'g',0,'2012-01-02'),(1349,'g',0,'2012-01-02'),(1351,'g',0,'2012-01-02'),(1352,'g',0,'2012-01-02'),(1367,'g',0,'2012-01-02'),(1305,'g',0,'2012-01-03'),(1811,'g',0,'2012-01-03'),(1842,'g',0,'2012-01-03'),(1448,'g',0,'2012-01-03'),(1237,'g',0,'2012-01-03'),(1335,'g',0,'2012-01-03'),(1333,'g',0,'2012-01-03'),(1331,'g',0,'2012-01-03'),(1304,'g',0,'2012-03-03'),(1266,'g',0,'2012-03-03'),(1450,'g',0,'2012-01-03'),(1452,'g',0,'2012-01-03'),(1444,'g',0,'2012-01-03'),(1236,'g',0,'2012-01-03'),(1511,'g',0,'2012-01-04'),(1845,'g',0,'2012-01-04'),(1841,'g',0,'2012-01-04'),(1488,'g',0,'2012-01-04'),(1403,'g',0,'2012-01-04'),(1383,'g',0,'2012-01-04'),(1419,'g',0,'2012-01-04'),(1424,'g',0,'2012-01-04'),(1378,'g',0,'2012-01-04'),(1840,'g',0,'2012-01-04'),(1831,'g',0,'2012-02-06'),(1593,'g',0,'2012-01-04'),(1591,'g',0,'2012-01-04'),(1857,'g',0,'2012-01-05'),(1856,'g',0,'2012-01-05'),(1844,'g',0,'2012-01-05'),(1813,'g',0,'2012-01-05'),(1808,'g',0,'2012-01-05'),(1776,'g',0,'2012-01-05'),(1744,'g',0,'2012-01-05'),(999,'g',0,'2012-01-05'),(1084,'g',0,'2012-01-05'),(1194,'g',0,'2012-01-05'),(1170,'g',0,'2012-01-05'),(1198,'g',0,'2012-01-05'),(1206,'g',0,'2012-01-05'),(1228,'g',0,'2012-01-05'),(1229,'g',0,'2012-01-05'),(1230,'g',0,'2012-01-05'),(1232,'g',0,'2012-03-04'),(1231,'g',0,'2012-01-05'),(1249,'g',0,'2012-03-04'),(1260,'g',0,'2012-03-04'),(1290,'g',0,'2012-01-05'),(1296,'g',0,'2012-01-05'),(1300,'g',0,'2012-01-05'),(1303,'g',0,'2012-01-05'),(1402,'g',0,'2012-01-05'),(1421,'g',0,'2012-01-05'),(1464,'g',0,'2012-01-05'),(1855,'g',0,'2012-02-08'),(1850,'g',0,'2012-01-05'),(1851,'g',0,'2012-01-05'),(1175,'g',0,'2012-01-05'),(1178,'g',0,'2012-01-05'),(1587,'g',0,'2012-01-06'),(1600,'g',0,'2012-01-06'),(1601,'g',0,'2012-01-06'),(1581,'g',0,'2012-01-06'),(1583,'g',0,'2012-01-06'),(1736,'g',0,'2012-01-06'),(1584,'g',0,'2012-01-06'),(1588,'g',0,'2012-01-06'),(1578,'g',0,'2012-01-06'),(1576,'g',0,'2012-01-06'),(1586,'g',0,'2012-01-07'),(1579,'g',0,'2012-01-07'),(1577,'g',0,'2012-01-07'),(1580,'g',0,'2012-01-07'),(1582,'g',0,'2012-01-07'),(977,'g',0,'2012-02-17'),(1869,'g',0,'2012-01-07'),(1864,'g',0,'2012-01-07'),(1860,'g',0,'2012-01-07'),(251,'g',0,'2012-02-21'),(1888,'g',0,'2012-01-07'),(1884,'g',0,'2012-01-07'),(1871,'g',0,'2012-02-17'),(1585,'g',0,'2012-01-07'),(1883,'g',0,'2012-01-07'),(1849,'g',0,'2012-01-07'),(1589,'g',0,'2012-01-07'),(1572,'g',0,'2012-01-07'),(1574,'g',0,'2012-01-07'),(1496,'g',0,'2012-01-07'),(1573,'g',0,'2012-01-07'),(1566,'g',0,'2012-01-07'),(1575,'g',0,'2012-01-08'),(1880,'g',0,'2012-02-10'),(1824,'g',0,'2012-02-10'),(1818,'g',0,'2012-01-08'),(1854,'g',0,'2012-01-08'),(1848,'g',0,'2012-02-18'),(1882,'g',0,'2012-01-08'),(53,'g',0,'2012-03-06'),(1789,'g',0,'2012-01-08'),(1356,'g',0,'2012-01-08'),(1886,'g',0,'2012-01-08'),(1874,'g',0,'2012-01-08'),(368,'g',0,'2012-01-10'),(1900,'g',0,'2012-01-10'),(1892,'g',0,'2012-01-10'),(1792,'g',0,'2012-01-10'),(610,'g',0,'2012-01-10'),(1564,'g',0,'2012-01-11'),(1561,'g',0,'2012-01-11'),(1899,'g',0,'2012-02-17'),(1922,'g',0,'2012-01-11'),(1918,'g',0,'2012-01-11'),(1920,'g',0,'2012-01-11'),(1924,'g',0,'2012-01-11'),(1919,'g',0,'2012-01-11'),(1921,'g',0,'2012-01-11'),(1865,'g',0,'2012-01-12'),(1934,'g',0,'2012-01-13'),(1927,'g',0,'2012-01-13'),(1949,'g',0,'2012-01-13'),(1947,'g',0,'2012-01-13'),(1933,'g',0,'2012-02-16'),(1461,'g',0,'2012-01-13'),(1890,'g',0,'2012-01-13'),(531,'g',0,'2012-02-18'),(1896,'g',0,'2012-02-17'),(1946,'g',0,'2012-01-13'),(1904,'g',0,'2012-01-13'),(1898,'g',0,'2012-01-13'),(1909,'g',0,'2012-01-14'),(1945,'g',0,'2012-01-14'),(1928,'g',0,'2012-01-14'),(1925,'g',0,'2012-01-14'),(1911,'g',0,'2012-02-18'),(1907,'g',0,'2012-01-14'),(1773,'g',0,'2012-01-14'),(1799,'g',0,'2012-01-15'),(1533,'g',0,'2012-01-15'),(1891,'g',0,'2012-01-15'),(1912,'g',0,'2012-01-15'),(1941,'g',0,'2012-01-15'),(1929,'g',0,'2012-01-15'),(1956,'g',0,'2012-01-15'),(1895,'g',0,'2012-01-15'),(1889,'g',0,'2012-01-15'),(1531,'g',0,'2012-01-15'),(1536,'g',0,'2012-01-15'),(1759,'g',0,'2012-01-15'),(1953,'g',0,'2012-01-15'),(1954,'g',0,'2012-01-15'),(1539,'g',0,'2012-01-16'),(1944,'g',0,'2012-01-16'),(1943,'g',0,'2012-01-16'),(1913,'g',0,'2012-01-16'),(1931,'g',0,'2012-01-16'),(1535,'g',0,'2012-01-16'),(1534,'g',0,'2012-01-16'),(1532,'g',0,'2012-01-16'),(1499,'g',0,'2012-01-16'),(1538,'g',0,'2012-01-16'),(1819,'g',0,'2012-01-16'),(1914,'g',0,'2012-01-16'),(1537,'g',0,'2012-01-17'),(1497,'g',0,'2012-01-17'),(1222,'g',0,'2012-01-17'),(1474,'g',0,'2012-01-17'),(1470,'g',0,'2012-01-17'),(1518,'g',0,'2012-01-17'),(1495,'g',0,'2012-01-17'),(1525,'g',0,'2012-01-17'),(1524,'g',0,'2012-01-17'),(1523,'g',0,'2012-01-17'),(1507,'g',0,'2012-01-17'),(1512,'g',0,'2012-01-17'),(1522,'g',0,'2012-01-17'),(1447,'g',0,'2012-01-17'),(1506,'g',0,'2012-01-17'),(1225,'g',0,'2012-01-17'),(1223,'g',0,'2012-01-17'),(1838,'g',0,'2012-01-17'),(1832,'g',0,'2012-01-17'),(1337,'g',0,'2012-01-17'),(1979,'g',0,'2012-01-17'),(1981,'g',0,'2012-01-17'),(1976,'g',0,'2012-01-19'),(1985,'g',0,'2012-01-19'),(1986,'g',0,'2012-01-19'),(1984,'g',0,'2012-01-19'),(1978,'g',0,'2012-01-19'),(1490,'g',0,'2012-01-19'),(1406,'g',0,'2012-01-19'),(1310,'g',0,'2012-01-19'),(1477,'g',0,'2012-01-19'),(1233,'g',0,'2012-01-19'),(1235,'g',0,'2012-03-03'),(1234,'g',0,'2012-01-19'),(1959,'g',0,'2012-01-19'),(1966,'g',0,'2012-01-19'),(1960,'g',0,'2012-01-19'),(1975,'g',0,'2012-01-19'),(1971,'g',0,'2012-01-19'),(1972,'g',0,'2012-01-19'),(1906,'g',0,'2012-01-19'),(1814,'g',0,'2012-01-19'),(1952,'g',0,'2012-01-20'),(1147,'g',0,'2012-01-21'),(1140,'g',0,'2012-01-21'),(1148,'g',0,'2012-01-21'),(1131,'g',0,'2012-01-21'),(1145,'g',0,'2012-01-21'),(1150,'g',0,'2012-01-21'),(1149,'g',0,'2012-01-21'),(1146,'g',0,'2012-01-21'),(1157,'g',0,'2012-01-21'),(1779,'g',0,'2012-01-21'),(1910,'g',0,'2012-01-22'),(1868,'g',0,'2012-01-22'),(1853,'g',0,'2012-01-22'),(1961,'g',0,'2012-01-22'),(1968,'g',0,'2012-01-22'),(1780,'g',0,'2012-01-22'),(1964,'g',0,'2012-01-22'),(1207,'g',0,'2012-01-22'),(1969,'g',0,'2012-01-22'),(1962,'g',0,'2012-01-22'),(1970,'g',0,'2012-01-22'),(1963,'g',0,'2012-01-23'),(1958,'g',0,'2012-01-23'),(1938,'g',0,'2012-01-24'),(1983,'g',0,'2012-01-25'),(1988,'g',0,'2012-01-25'),(1932,'g',0,'2012-01-27'),(1887,'g',0,'2012-01-27'),(1241,'g',0,'2012-01-28'),(1135,'g',0,'2012-01-29'),(1565,'g',0,'2012-01-29'),(1951,'g',0,'2012-01-30'),(1936,'g',0,'2012-01-30'),(1930,'g',0,'2012-01-30'),(1935,'g',0,'2012-01-30'),(1955,'g',0,'2012-01-30'),(1261,'g',0,'2012-01-30'),(1996,'g',0,'2012-02-01'),(2054,'g',0,'2012-02-01'),(1948,'g',0,'2012-02-01'),(1894,'g',0,'2012-02-01'),(1755,'g',0,'2012-02-03'),(1829,'g',0,'2012-02-03'),(2040,'g',0,'2012-02-03'),(2012,'g',0,'2012-02-03'),(2033,'g',0,'2012-02-03'),(2043,'g',0,'2012-02-03'),(1994,'g',0,'2012-02-03'),(1997,'g',0,'2012-02-03'),(1998,'g',0,'2012-02-03'),(2035,'g',0,'2012-02-03'),(2000,'g',0,'2012-02-03'),(2024,'g',0,'2012-02-04'),(2017,'g',0,'2012-02-04'),(1451,'g',0,'2012-02-04'),(1438,'g',0,'2012-02-04'),(1330,'g',0,'2012-02-04'),(1702,'g',0,'2012-02-04'),(1326,'g',0,'2012-02-04'),(1476,'g',0,'2012-02-05'),(1903,'g',0,'2012-02-05'),(2042,'g',0,'2012-02-05'),(1020,'g',0,'2012-02-06'),(2049,'g',0,'2012-02-06'),(257,'g',0,'2012-02-06'),(2062,'g',0,'2012-02-06'),(2013,'g',0,'2012-02-06'),(2027,'g',0,'2012-02-06'),(2090,'g',0,'2012-02-07'),(2089,'g',0,'2012-02-07'),(2115,'g',0,'2012-02-07'),(1772,'g',0,'2012-02-08'),(1771,'g',0,'2012-02-08'),(2060,'g',0,'2012-02-08'),(2006,'g',0,'2012-02-08'),(2102,'g',0,'2012-02-09'),(2016,'g',0,'2012-02-09'),(1915,'g',0,'2012-02-10'),(2056,'g',0,'2012-02-10'),(2021,'g',0,'2012-02-10'),(2116,'g',0,'2012-02-10'),(2118,'g',0,'2012-02-10'),(2110,'g',0,'2012-02-10'),(2111,'g',0,'2012-02-10'),(2114,'g',0,'2012-02-11'),(2113,'g',0,'2012-02-11'),(2112,'g',0,'2012-02-11'),(2124,'g',0,'2012-02-11'),(2091,'g',0,'2012-02-11'),(2086,'g',0,'2012-02-11'),(2085,'g',0,'2012-02-11'),(2126,'g',0,'2012-02-12'),(2119,'g',0,'2012-02-12'),(2057,'g',0,'2012-02-12'),(2074,'g',0,'2012-02-13'),(2070,'g',0,'2012-02-13'),(2073,'g',0,'2012-02-13'),(2081,'g',0,'2012-02-13'),(2065,'g',0,'2012-02-13'),(2064,'g',0,'2012-02-13'),(2079,'g',0,'2012-02-13'),(2078,'g',0,'2012-02-13'),(2125,'g',0,'2012-02-13'),(2084,'g',0,'2012-02-13'),(2083,'g',0,'2012-02-13'),(2050,'g',0,'2012-02-13'),(2087,'g',0,'2012-02-13'),(2031,'g',0,'2012-02-13'),(2045,'g',0,'2012-02-13'),(2059,'g',0,'2012-02-13'),(2034,'g',0,'2012-02-13'),(1796,'g',0,'2012-02-13'),(1817,'g',0,'2012-02-13'),(2135,'g',0,'2012-02-13'),(2095,'g',0,'2012-02-13'),(2053,'g',0,'2012-02-13'),(1763,'g',0,'2012-02-13'),(1754,'g',0,'2012-02-13'),(1756,'g',0,'2012-02-13'),(1877,'g',0,'2012-02-13'),(1902,'g',0,'2012-02-13'),(1801,'g',0,'2012-02-13'),(1870,'g',0,'2012-02-13'),(1872,'g',0,'2012-02-13'),(2096,'g',0,'2012-02-13'),(2058,'g',0,'2012-02-13'),(2048,'g',0,'2012-02-13'),(1800,'g',0,'2012-02-13'),(1797,'g',0,'2012-02-13'),(1815,'g',0,'2012-02-13'),(1901,'g',0,'2012-02-13'),(2051,'g',0,'2012-02-13'),(1793,'g',0,'2012-02-13'),(1827,'g',0,'2012-02-13'),(1837,'g',0,'2012-02-13'),(1861,'g',0,'2012-02-13'),(1852,'g',0,'2012-02-13'),(1828,'g',0,'2012-02-13'),(1830,'g',0,'2012-02-13'),(2004,'g',0,'2012-02-13'),(2041,'g',0,'2012-02-13'),(2067,'g',0,'2012-02-13'),(2066,'g',0,'2012-02-13'),(2076,'g',0,'2012-02-13'),(2068,'g',0,'2012-02-13'),(2044,'g',0,'2012-02-13'),(2072,'g',0,'2012-02-13'),(2075,'g',0,'2012-02-13'),(2097,'g',0,'2012-02-13'),(2002,'g',0,'2012-02-13'),(2101,'g',0,'2012-02-13'),(2025,'g',0,'2012-02-13'),(2003,'g',0,'2012-02-13'),(1825,'g',0,'2012-02-13'),(2052,'g',0,'2012-02-13'),(2139,'g',0,'2012-02-13'),(2061,'g',0,'2012-02-13'),(2030,'g',0,'2012-02-13'),(2019,'g',0,'2012-02-14'),(2026,'g',0,'2012-02-14'),(2014,'g',0,'2012-02-14'),(2029,'g',0,'2012-02-14'),(2010,'g',0,'2012-02-14'),(1993,'g',0,'2012-02-14'),(2020,'g',0,'2012-02-14'),(2009,'g',0,'2012-02-14'),(1992,'g',0,'2012-02-14'),(2128,'g',0,'2012-02-14'),(1875,'g',0,'2012-02-14'),(2122,'g',0,'2012-02-14'),(1937,'g',0,'2012-02-14'),(2133,'g',0,'2012-02-14'),(1806,'g',0,'2012-02-16'),(1726,'g',0,'2012-02-16'),(2094,'g',0,'2012-02-17'),(2080,'g',0,'2012-02-17'),(2109,'g',0,'2012-02-17'),(2104,'g',0,'2012-02-17'),(2107,'g',0,'2012-02-17'),(2093,'g',0,'2012-02-17'),(2108,'g',0,'2012-02-17'),(2105,'g',0,'2012-02-17'),(2106,'g',0,'2012-02-17'),(2103,'g',0,'2012-02-17'),(2055,'g',0,'2012-02-17'),(2120,'g',0,'2012-02-17'),(2092,'g',0,'2012-02-17'),(2141,'g',0,'2012-02-17'),(1835,'g',0,'2012-02-18'),(1407,'g',0,'2012-02-18'),(2146,'g',0,'2012-02-18'),(1836,'g',0,'2012-02-18'),(2137,'g',0,'2012-02-21'),(2145,'g',0,'2012-02-21'),(2011,'g',0,'2012-02-23'),(634,'g',0,'2012-02-23'),(2142,'g',0,'2012-02-23'),(2134,'g',0,'2012-02-25'),(618,'g',0,'2012-02-27'),(2153,'g',0,'2012-02-28'),(2155,'g',0,'2012-02-28'),(2157,'g',0,'2012-02-28'),(1647,'g',0,'2012-02-29'),(1689,'g',0,'2012-02-29'),(1687,'g',0,'2012-02-29'),(1615,'g',0,'2012-02-29'),(1614,'g',0,'2012-02-29'),(1646,'g',0,'2012-02-29'),(1612,'g',0,'2012-02-29'),(1641,'g',0,'2012-02-29'),(1617,'g',0,'2012-02-29'),(1685,'g',0,'2012-02-29'),(1611,'g',0,'2012-02-29'),(1640,'g',0,'2012-02-29'),(1686,'g',0,'2012-02-29'),(1644,'g',0,'2012-02-29'),(1645,'g',0,'2012-02-29'),(1616,'g',0,'2012-02-29'),(1642,'g',0,'2012-02-29'),(1681,'g',0,'2012-02-29'),(1690,'g',0,'2012-02-29'),(1610,'g',0,'2012-02-29'),(1683,'g',0,'2012-02-29'),(1648,'g',0,'2012-02-29'),(1682,'g',0,'2012-02-29'),(1639,'g',0,'2012-02-29'),(1684,'g',0,'2012-02-29'),(1619,'g',0,'2012-02-29'),(1613,'g',0,'2012-02-29'),(1620,'g',0,'2012-02-29'),(1622,'g',0,'2012-02-29'),(1621,'g',0,'2012-02-29'),(1618,'g',0,'2012-02-29'),(2136,'g',0,'2012-03-01'),(2170,'g',0,'2012-03-02'),(2144,'g',0,'2012-03-03'),(2179,'g',0,'2012-03-03'),(485,'g',0,'2012-03-03'),(2174,'g',0,'2012-03-03'),(2149,'g',0,'2012-03-03'),(2172,'g',0,'2012-03-03'),(2158,'g',0,'2012-03-03'),(1878,'g',0,'2012-03-03'),(1879,'g',0,'2012-03-03'),(2022,'g',0,'2012-03-04'),(2036,'g',0,'2012-03-04'),(1942,'g',0,'2012-03-04'),(1859,'g',0,'2012-03-04'),(1834,'g',0,'2012-03-04'),(1264,'g',0,'2012-03-04'),(1267,'g',0,'2012-03-04'),(1782,'g',0,'2012-03-04'),(2163,'g',0,'2012-03-06');

--
-- Table structure for table `idx_paid_listing`
--

CREATE TABLE `idx_paid_listing` (
  `link_id` mediumint(9) unsigned NOT NULL DEFAULT '0',
  `premium` char(1) DEFAULT NULL,
  `sponsored` char(1) DEFAULT NULL,
  `expire` datetime DEFAULT NULL,
  `paid` char(1) DEFAULT NULL,
  PRIMARY KEY (`link_id`)
) ENGINE=MyISAM DEFAULT CHARSET=latin1;

--
-- Dumping data for table `idx_paid_listing`
--


--
-- Table structure for table `idx_payment_gateway`
--

CREATE TABLE `idx_payment_gateway` (
  `payment_gateway_id` int(11) NOT NULL AUTO_INCREMENT,
  `name` varchar(100) DEFAULT NULL,
  `enable` char(1) DEFAULT NULL,
  `setting` text,
  `invoice_html` text,
  PRIMARY KEY (`payment_gateway_id`)
) ENGINE=MyISAM AUTO_INCREMENT=9 DEFAULT CHARSET=latin1;

--
-- Dumping data for table `idx_payment_gateway`
--

INSERT INTO `idx_payment_gateway` VALUES (1,'paypal','1','a:2:{s:13:\"payment_email\";s:0:\"\";s:21:\"enable_paypal_sandbox\";s:1:\"0\";}','<p> \r\n	<a href=\'paynow.php?id={$invoice_id}&m=paypal\'><img src=\'http://www.paypal.com/images/x-click-but02.gif\' border=\'0\' alt=\'Make payments with PayPal - it is fast, free and secure!\' /></a> \r\n</p>\r\n'),(2,'2co','0','a:6:{s:6:\"co_sid\";s:5:\"84932\";s:9:\"co_secret\";s:5:\"tango\";s:12:\"co_recurring\";s:1:\"0\";s:9:\"co_prod_1\";s:6:\"100.00\";s:9:\"co_prod_2\";s:6:\"250.00\";s:9:\"co_prod_3\";s:6:\"400.00\";}','<p>\r\n<a href=\'paynow.php?id={$invoice_id}&m=2co\'><img src=\'http://www.2checkout.com/images/overview/btns/25.jpg\' alt=\'Pay Now with 2checkout...\' border=\'0\' /></a> \r\n</p>'),(3,'authorizenet','0','a:2:{s:21:\"authorizenet_login_id\";s:0:\"\";s:21:\"authorizenet_tran_key\";s:0:\"\";}','<p> \r\n<a href=\'paynow.php?id={$invoice_id}&m=authorizenet\'><img src=\'http://www.authorize.net/upload/images/Images/Header/authorizenet_logo.gif\' alt=\'Pay Now with Authorize.Net...\' width=\'99\' height=\'39\' style=\'{border : 1px solid #c0c0c0;}\' /></a>\r\n</p>'),(4,'egold','0','a:2:{s:19:\"egold_payee_account\";s:0:\"\";s:16:\"egold_payee_name\";s:0:\"\";}','<p> \r\n<a href=\'paynow.php?id={$invoice_id}&m=egold\'>\r\n<img src=\'http://www.e-gold.com/gif/paywith.gif\' border=\'0\' alt=\'Pay Now with e-gold...\' />\r\n</a>\r\n</p>'),(5,'moneybookers','0','a:1:{s:18:\"moneybookers_email\";s:0:\"\";}','<p> \r\n<a href=\'paynow.php?id={$invoice_id}&m=paypal\'><img src=\'http://www.moneybookers.com/images/banners/88_en_mb.gif\' border=\'0\' alt=\'Make payments with Moneybookers - it is fast, free and secure!\' /></a> \r\n</p>'),(6,'paypal-subscriptions','0','a:2:{s:13:\"payment_email\";s:0:\"\";s:21:\"enable_paypal_sandbox\";s:1:\"0\";}','<p> \r\n<a href=\'paynow.php?id={$invoice_id}&m=paypal\'><img src=\'https://www.paypal.com/en_US/i/btn/x-click-but20.gif\' border=\'0\' alt=\'Make payments with PayPal - it is fast, free and secure!\' /></a> \r\n</p>'),(7,'alertpay','0','a:2:{s:14:\"alertpay_email\";s:0:\"\";s:23:\"enable_alertpay_sandbox\";s:1:\"0\";}','<p> \r\n<a href=\'paynow.php?id={$invoice_id}&m=alertpay\'>\r\n<img src=\'https://www.alertpay.com/Images/BuyNow/pay_now_3.gif\' border=\'0\' alt=\'Make payments with PayPal - it is fast, free and secure!\' /></a> \r\n</p>'),(8,'alertpay-subcriptions','0','a:2:{s:14:\"alertpay_email\";s:0:\"\";s:23:\"enable_alertpay_sandbox\";s:1:\"0\";}','<p>\r\n<a href=\'paynow.php?id={$invoice_id}&m=alertpay-subcriptions\'>\r\n<img src=\'https://www.alertpay.com/Images/BuyNow/subscribe_now_15.gif\' border=\'0\' alt=\'Make payments with Alert Pay - it is fast, free and secure!\' /></a> \r\n</p>');

--
-- Table structure for table `idx_payment_history`
--

CREATE TABLE `idx_payment_history` (
  `payment_id` int(10) unsigned NOT NULL AUTO_INCREMENT,
  `contact_name` varchar(255) DEFAULT NULL,
  `email` varchar(255) DEFAULT NULL,
  `type` varchar(255) DEFAULT NULL,
  `detail` text,
  `amount` double DEFAULT NULL,
  `time` datetime DEFAULT NULL,
  `invoice_id` varchar(10) DEFAULT NULL,
  PRIMARY KEY (`payment_id`)
) ENGINE=MyISAM DEFAULT CHARSET=latin1;

--
-- Dumping data for table `idx_payment_history`
--


--
-- Table structure for table `idx_pl_sociable`
--

CREATE TABLE `idx_pl_sociable` (
  `sb_id` int(11) NOT NULL AUTO_INCREMENT,
  `sb_name` varchar(255) CHARACTER SET utf8 DEFAULT NULL,
  `sb_url` varchar(255) CHARACTER SET utf8 DEFAULT NULL,
  `sb_icon` varchar(255) CHARACTER SET utf8 DEFAULT NULL,
  `sb_enable` char(1) CHARACTER SET utf8 DEFAULT '0',
  PRIMARY KEY (`sb_id`)
) ENGINE=MyISAM AUTO_INCREMENT=90 DEFAULT CHARSET=latin1;

--
-- Dumping data for table `idx_pl_sociable`
--

INSERT INTO `idx_pl_sociable` VALUES (1,'BarraPunto','http://barrapunto.com/submit.pl?subj=TITLE&amp;story=PERMALINK','barrapunto.png','0'),(2,'Bitacoras.com','http://bitacoras.com/anotaciones/PERMALINK','bitacoras.png','0'),(3,'BlinkList','http://www.blinklist.com/index.php?Action=Blink/addblink.php&amp;Url=PERMALINK&amp;Title=TITLE','blinklist.png','0'),(4,'blogmarks','http://blogmarks.net/my/new.php?mini=1&amp;simple=1&amp;url=PERMALINK&amp;title=TITLE','blogmarks.png','0'),(5,'Blogosphere News','http://www.blogospherenews.com/submit.php?url=PERMALINK&amp;title=TITLE','blogospherenews.png','0'),(6,'blogtercimlap','http://cimlap.blogter.hu/index.php?action=suggest_link&amp;title=TITLE&amp;url=PERMALINK','blogter.png','0'),(7,'Faves','http://faves.com/Authoring.aspx?u=PERMALINK&amp;title=TITLE','bluedot.png','0'),(8,'connotea','http://www.connotea.org/addpopup?continue=confirm&amp;uri=PERMALINK&amp;title=TITLE&amp;description=EXCERPT','connotea.png','0'),(9,'Current','http://current.com/clipper.htm?url=PERMALINK&amp;title=TITLE','current.png','0'),(10,'del.icio.us','http://delicious.com/post?url=PERMALINK&amp;title=TITLE&amp;notes=EXCERPT','delicious.png','0'),(11,'Digg','http://digg.com/submit?phase=2&amp;url=PERMALINK&amp;title=TITLE&amp;bodytext=EXCERPT','digg.png','1'),(12,'Diigo','http://www.diigo.com/post?url=PERMALINK&amp;title=TITLE','diigo.png','0'),(13,'DotNetKicks','http://www.dotnetkicks.com/kick/?url=PERMALINK&amp;title=TITLE','dotnetkicks.png','0'),(14,'DZone','http://www.dzone.com/links/add.html?url=PERMALINK&amp;title=TITLE','dzone.png','0'),(15,'eKudos','http://www.ekudos.nl/artikel/nieuw?url=PERMALINK&amp;title=TITLE&amp;desc=EXCERPT','ekudos.png','0'),(16,'email','mailto:?subject=TITLE&amp;body=PERMALINK','email_link.png','0'),(17,'Facebook','http://www.facebook.com/share.php?u=PERMALINK&amp;t=TITLE','facebook.png','1'),(18,'Fark','http://cgi.fark.com/cgi/fark/farkit.pl?h=TITLE&amp;u=PERMALINK','fark.png','0'),(19,'Fleck','http://beta3.fleck.com/bookmarklet.php?url=PERMALINK&amp;title=TITLE','fleck.png','0'),(20,'FriendFeed','http://www.friendfeed.com/share?title=TITLE&amp;link=PERMALINK','friendfeed.png','0'),(21,'FSDaily','http://www.fsdaily.com/submit?url=PERMALINK&amp;title=TITLE','fsdaily.png','0'),(22,'Global Grind','http://globalgrind.com/submission/submit.aspx?url=PERMALINK&amp;type=Article&amp;title=TITLE','globalgrind.png','0'),(23,'Google','http://www.google.com/bookmarks/mark?op=edit&amp;bkmk=PERMALINK&amp;title=TITLE&amp;annotation=EXCERPT','googlebookmark.png','0'),(24,'Gwar','http://www.gwar.pl/DodajGwar.html?u=PERMALINK','gwar.png','0'),(25,'HackerNews','http://news.ycombinator.com/submitlink?u=PERMALINK&amp;t=TITLE','hackernews.png','0'),(26,'Haohao','http://www.haohaoreport.com/submit.php?url=PERMALINK&amp;title=TITLE','haohao.png','0'),(27,'HealthRanker','http://healthranker.com/submit.php?url=PERMALINK&amp;title=TITLE','healthranker.png','0'),(28,'HelloTxt','http://hellotxt.com/?status=TITLE+PERMALINK','hellotxt.png','0'),(29,'Hemidemi','http://www.hemidemi.com/user_bookmark/new?title=TITLE&amp;url=PERMALINK','hemidemi.png','0'),(30,'Hyves','http://www.hyves.nl/profilemanage/add/tips/?name=TITLE&amp;text=EXCERPT+PERMALINK&amp;rating=5','hyves.png','0'),(31,'Identi.ca','http://identi.ca/notice/new?status_textarea=PERMALINK','identica.png','0'),(32,'IndianPad','http://www.indianpad.com/submit.php?url=PERMALINK','indianpad.png','0'),(33,'Internetmedia','http://internetmedia.hu/submit.php?url=PERMALINK','im.png','0'),(34,'Kirtsy','http://www.kirtsy.com/submit.php?url=PERMALINK&amp;title=TITLE','kirtsy.png','0'),(35,'laaik.it','http://laaik.it/NewStoryCompact.aspx?uri=PERMALINK&amp;headline=TITLE&amp;cat=5e082fcc-8a3b-47e2-acec-fdf64ff19d12','laaikit.png','0'),(36,'LinkArena','http://linkarena.com/bookmarks/addlink/?url=PERMALINK&amp;title=TITLE','linkarena.png','0'),(37,'LinkaGoGo','http://www.linkagogo.com/go/AddNoPopup?url=PERMALINK&amp;title=TITLE','linkagogo.png','0'),(38,'LinkedIn','http://www.linkedin.com/shareArticle?mini=true&amp;url=PERMALINK&amp;title=TITLE&amp;source=BLOGNAME&amp;summary=EXCERPT','linkedin.png','0'),(39,'Linkter','http://www.linkter.hu/index.php?action=suggest_link&amp;url=PERMALINK&amp;title=TITLE','linkter.png','0'),(40,'Live','https://favorites.live.com/quickadd.aspx?marklet=1&amp;url=PERMALINK&amp;title=TITLE','live.png','0'),(41,'Meneame','http://meneame.net/submit.php?url=PERMALINK','meneame.png','0'),(42,'MisterWong','http://www.mister-wong.com/addurl/?bm_url=PERMALINK&amp;bm_description=TITLE&amp;plugin=soc','misterwong.png','0'),(43,'MisterWong.DE','http://www.mister-wong.de/addurl/?bm_url=PERMALINK&amp;bm_description=TITLE&amp;plugin=soc','misterwong.png','0'),(44,'Mixx','http://www.mixx.com/submit?page_url=PERMALINK&amp;title=TITLE','mixx.png','0'),(45,'muti','http://www.muti.co.za/submit?url=PERMALINK&amp;title=TITLE','muti.png','0'),(46,'MyShare','http://myshare.url.com.tw/index.php?func=newurl&amp;url=PERMALINK&amp;desc=TITLE','myshare.png','0'),(47,'MySpace','http://www.myspace.com/Modules/PostTo/Pages/?u=PERMALINK&amp;t=TITLE','myspace.png','0'),(48,'MSNReporter','http://reporter.nl.msn.com/?fn=contribute&amp;Title=TITLE&amp;URL=PERMALINK&amp;cat_id=6&amp;tag_id=31&amp;Remark=EXCERPT','msnreporter.png','0'),(49,'N4G','http://www.n4g.com/tips.aspx?url=PERMALINK&amp;title=TITLE','n4g.png','0'),(50,'Netvibes','http://www.netvibes.com/share?title=TITLE&amp;url=PERMALINK','netvibes.png','0'),(51,'NewsVine','http://www.newsvine.com/_tools/seed&amp;save?u=PERMALINK&amp;h=TITLE','newsvine.png','0'),(52,'Netvouz','http://www.netvouz.com/action/submitBookmark?url=PERMALINK&amp;title=TITLE&amp;popup=no','netvouz.png','0'),(53,'NuJIJ','http://nujij.nl/jij.lynkx?t=TITLE&amp;u=PERMALINK&amp;b=EXCERPT','nujij.png','0'),(54,'Ping.fm','http://ping.fm/ref/?link=PERMALINK&amp;title=TITLE&amp;body=EXCERPT','ping.png','0'),(55,'Posterous','http://posterous.com/share?linkto=PERMALINK&amp;title=TITLE&amp;selection=EXCERPT','posterous.png','0'),(56,'PDF','http://www.printfriendly.com/print?url=PERMALINK&amp;partner=sociable','pdf.png','0'),(57,'Print','http://www.printfriendly.com/print?url=PERMALINK&amp;partner=sociable','printfriendly.png','0'),(58,'Propeller','http://www.propeller.com/submit/?url=PERMALINK','propeller.png','0'),(59,'Ratimarks','http://ratimarks.org/bookmarks.php/?action=add&address=PERMALINK&amp;title=TITLE','ratimarks.png','0'),(60,'Rec6','http://rec6.via6.com/link.php?url=PERMALINK&amp;=TITLE','rec6.png','0'),(61,'Reddit','http://reddit.com/submit?url=PERMALINK&amp;title=TITLE','reddit.png','0'),(62,'RSS','FEEDLINK','rss.png','0'),(63,'Scoopeo','http://www.scoopeo.com/scoop/new?newurl=PERMALINK&amp;title=TITLE','scoopeo.png','0'),(64,'Segnalo','http://segnalo.alice.it/post.html.php?url=PERMALINK&amp;title=TITLE','segnalo.png','0'),(65,'Simpy','http://www.simpy.com/simpy/LinkAdd.do?href=PERMALINK&amp;title=TITLE','simpy.png','0'),(66,'Slashdot','http://slashdot.org/bookmark.pl?title=TITLE&amp;url=PERMALINK','slashdot.png','0'),(67,'Socialogs','http://socialogs.com/add_story.php?story_url=PERMALINK&amp;story_title=TITLE','socialogs.png','0'),(68,'SphereIt','http://www.sphere.com/search?q=sphereit:PERMALINK&amp;title=TITLE','sphere.png','0'),(69,'Sphinn','http://sphinn.com/index.php?c=post&amp;m=submit&amp;link=PERMALINK','sphinn.png','0'),(70,'StumbleUpon','http://www.stumbleupon.com/submit?url=PERMALINK&amp;title=TITLE','stumbleupon.png','0'),(71,'Techmeme','http://twitter.com/home/?status=tip%20@Techmeme%20PERMALINK%20TITLE','techmeme.png','0'),(72,'Technorati','http://technorati.com/faves?add=PERMALINK','technorati.png','1'),(73,'ThisNext','http://www.thisnext.com/pick/new/submit/sociable/?url=PERMALINK&amp;name=TITLE','thisnext.png','0'),(74,'Tipd','http://tipd.com/submit.php?url=PERMALINK','tipd.png','0'),(75,'Tumblr','http://www.tumblr.com/share?v=3&amp;u=PERMALINK&amp;t=TITLE&amp;s=EXCERPT','tumblr.png','0'),(76,'Twitter','http://twitter.com/home?status=TITLE%20-%20PERMALINK','twitter.png','1'),(77,'Upnews','http://www.upnews.it/submit?url=PERMALINK&amp;title=TITLE','upnews.png','0'),(78,'Webnews.de','http://www.webnews.de/einstellen?url=PERMALINK&amp;title=TITLE','webnews.png','0'),(79,'Webride','http://webride.org/discuss/split.php?uri=PERMALINK&amp;title=TITLE','webride.png','0'),(80,'Wikio','http://www.wikio.com/vote?url=PERMALINK','wikio.png','0'),(81,'Wikio FR','http://www.wikio.fr/vote?url=PERMALINK','wikio.png','0'),(82,'Wikio IT','http://www.wikio.it/vote?url=PERMALINK','wikio.png','0'),(83,'Wists','http://wists.com/s.php?c=&amp;r=PERMALINK&amp;title=TITLE','wists.png','0'),(84,'Wykop','http://www.wykop.pl/dodaj?url=PERMALINK','wykop.png','0'),(85,'Xerpi','http://www.xerpi.com/block/add_link_from_extension?url=PERMALINK&amp;title=TITLE','xerpi.png','0'),(86,'YahooBuzz','http://buzz.yahoo.com/submit/?submitUrl=PERMALINK&amp;submitHeadline=TITLE&amp;submitSummary=EXCERPT&amp;submitCategory=science&amp;submitAssetType=text','yahoobuzz.png','0'),(87,'Yahoo! Bookmarks','http://bookmarks.yahoo.com/toolbar/savebm?u=PERMALINK&amp;t=TITLE&opener=bm&amp;ei=UTF-8&amp;d=EXCERPT','yahoomyweb.png','0'),(88,'Yigg','http://yigg.de/neu?exturl=PERMALINK&amp;exttitle=TITLE','yiggit.png','0'),(89,'Blogplay','http://blogplay.com','blogplay.png','0');

--
-- Table structure for table `idx_pl_twitter_account`
--

CREATE TABLE `idx_pl_twitter_account` (
  `ck` varchar(255) CHARACTER SET utf8 DEFAULT NULL,
  `cs` varchar(255) CHARACTER SET utf8 DEFAULT NULL,
  `at` varchar(255) CHARACTER SET utf8 DEFAULT NULL,
  `ats` varchar(255) CHARACTER SET utf8 DEFAULT NULL
) ENGINE=MyISAM DEFAULT CHARSET=latin1;

--
-- Dumping data for table `idx_pl_twitter_account`
--

INSERT INTO `idx_pl_twitter_account` VALUES ('IQQycwRveY2U7RtTi7hw','MGUwEkfBwfLjKxoIJ0JdK7pfB3U3jQQoaw7ddXTJac','https://api.twitter.com/oauth/authorize','https://api.twitter.com/oauth/access_token');

--
-- Table structure for table `idx_plugin`
--

CREATE TABLE `idx_plugin` (
  `plugin_id` int(11) NOT NULL AUTO_INCREMENT,
  `name` varchar(255) DEFAULT NULL,
  `plugin_file` varchar(255) DEFAULT NULL,
  `status` enum('0','1') DEFAULT NULL,
  `option_plugin` text,
  PRIMARY KEY (`plugin_id`)
) ENGINE=MyISAM AUTO_INCREMENT=3 DEFAULT CHARSET=latin1;

--
-- Dumping data for table `idx_plugin`
--

INSERT INTO `idx_plugin` VALUES (1,'Sociable','sociable/sociable.php','1',NULL),(2,'AutoTweet','twitter_auto_tweet/twitter_auto_tweet.php','1',NULL);

--
-- Table structure for table `idx_review`
--

CREATE TABLE `idx_review` (
  `review_id` mediumint(9) unsigned NOT NULL AUTO_INCREMENT,
  `link_id` mediumint(9) unsigned NOT NULL DEFAULT '0',
  `review` text NOT NULL,
  `rating` tinyint(3) unsigned NOT NULL DEFAULT '0',
  `date` date NOT NULL DEFAULT '0000-00-00',
  `subject` varchar(100) DEFAULT NULL,
  `status` char(1) DEFAULT NULL,
  `username` varchar(20) DEFAULT NULL,
  `name` varchar(20) DEFAULT NULL,
  `email` varchar(100) DEFAULT NULL,
  PRIMARY KEY (`review_id`)
) ENGINE=MyISAM AUTO_INCREMENT=2 DEFAULT CHARSET=latin1;

--
-- Dumping data for table `idx_review`
--


--
-- Table structure for table `idx_searchlog`
--

CREATE TABLE `idx_searchlog` (
  `keyword` varchar(100) NOT NULL DEFAULT '',
  `time` datetime NOT NULL DEFAULT '0000-00-00 00:00:00',
  `result` mediumint(9) unsigned DEFAULT NULL,
  `ip` varchar(100) DEFAULT NULL
) ENGINE=MyISAM DEFAULT CHARSET=latin1;

--
-- Dumping data for table `idx_searchlog`
--


--
-- Table structure for table `idx_set_hook_place`
--

CREATE TABLE `idx_set_hook_place` (
  `set_hook_place_id` int(11) NOT NULL AUTO_INCREMENT,
  `plugin` varchar(255) DEFAULT NULL,
  `set_hook_place` text,
  PRIMARY KEY (`set_hook_place_id`)
) ENGINE=MyISAM DEFAULT CHARSET=latin1;

--
-- Dumping data for table `idx_set_hook_place`
--


--
-- Table structure for table `idx_setting`
--

CREATE TABLE `idx_setting` (
  `setting_id` int(11) NOT NULL AUTO_INCREMENT,
  `setting_name` varchar(255) DEFAULT NULL,
  `setting_value` text,
  PRIMARY KEY (`setting_id`)
) ENGINE=MyISAM AUTO_INCREMENT=55 DEFAULT CHARSET=latin1;

--
-- Dumping data for table `idx_setting`
--

INSERT INTO `idx_setting` VALUES (4,'site_name','greatlistingz.com'),(5,'site_url','http://greatlistingz.com'),(6,'email_address','greatlistingz@hotmail.com'),(7,'language_code','en_US'),(8,'theme_path','/home/greatlis/public_html/themes/'),(9,'admin_template_path','/home/greatlis/public_html/admin_tpl/'),(10,'plugin_path','/home/greatlis/public_html/plugin/'),(12,'active_theme','greatlistingz'),(14,'spam_proof','1'),(15,'enable_user_validation','1'),(16,'allowed_file_extension','gif,jpg,png,pdf,zip,doc'),(17,'yahoo_appid',''),(18,'whosonline','600'),(19,'reciprocal_check','0'),(20,'urlcheck_limit','1'),(21,'pagerank_cache','30'),(22,'max_image_width','1024'),(23,'max_image_height','756'),(24,'max_file_size','500'),(25,'only_registered_can_add_link','0'),(26,'only_registered_can_add_review','0'),(27,'db_use_persistent','0'),(28,'paid_link_day_period','30,60,90,180'),(29,'paid_link_price_factor','1,1.5,2,3'),(30,'enable_html_tag','1'),(31,'allowed_html_tag','<b>,<strong>,<i>,<em>,<u>,<pre>,<blockquote>,<ol>,<ul>,<li>,<p>,<span>,<div>,<table>,<tr>,<td>'),(32,'enable_page_compression','0'),(33,'enable_category_ajax','1'),(34,'require_visit_category','0'),(35,'additional_category_price','0.5'),(36,'enable_rating_ajax','1'),(37,'service_nicecoder_avail','1'),(38,'enable_recaptcha','0'),(39,'recaptcha_publickey',''),(40,'recaptcha_privatekey',''),(41,'enable_bidding','0'),(42,'minimum_bid','5'),(43,'bid_increament','1'),(44,'charset','utf-8'),(45,'mailer','mail'),(46,'smtp_auth','0'),(47,'smtp_host',''),(48,'smtp_username',''),(49,'smtp_password',''),(50,'smtp_port','25'),(51,'emailbody_as_html','0'),(52,'indexu_version','2.4'),(53,'tos',''),(54,'submission_guidelines','');

--
-- Table structure for table `idx_tags`
--

CREATE TABLE `idx_tags` (
  `tag` varchar(64) NOT NULL DEFAULT '',
  `category_id` mediumint(8) unsigned NOT NULL DEFAULT '0',
  `total` int(11) NOT NULL DEFAULT '0',
  `tag_path` varchar(64) NOT NULL,
  PRIMARY KEY (`tag`,`category_id`)
) ENGINE=MyISAM DEFAULT CHARSET=latin1;

--
-- Dumping data for table `idx_tags`
--


--
-- Table structure for table `idx_unavailable`
--

CREATE TABLE `idx_unavailable` (
  `idx_unavailable` int(11) NOT NULL AUTO_INCREMENT,
  `link_id` int(11) DEFAULT NULL,
  `url` varchar(255) DEFAULT NULL,
  `who_is` varchar(255) DEFAULT NULL,
  `note` text,
  `date` datetime DEFAULT NULL,
  PRIMARY KEY (`idx_unavailable`)
) ENGINE=MyISAM DEFAULT CHARSET=latin1;

--
-- Dumping data for table `idx_unavailable`
--


--
-- Table structure for table `idx_unavailable_latest`
--

CREATE TABLE `idx_unavailable_latest` (
  `idx_link` int(11) DEFAULT NULL,
  `record_execution` int(11) DEFAULT NULL
) ENGINE=MyISAM DEFAULT CHARSET=latin1;

--
-- Dumping data for table `idx_unavailable_latest`
--


--
-- Table structure for table `idx_votes`
--

CREATE TABLE `idx_votes` (
  `link_id` mediumint(9) NOT NULL DEFAULT '0',
  `ip` varchar(100) DEFAULT NULL,
  `value` tinyint(4) DEFAULT NULL
) ENGINE=MyISAM DEFAULT CHARSET=latin1;

--
-- Dumping data for table `idx_votes`
--

INSERT INTO `idx_votes` VALUES (249,'97.101.110.135',5);


