--
-- Host: hurrah.me    Database: hurrah_indexu
-- ------------------------------------------------------


--
-- Table structure for table `directory_save_data`
--

CREATE TABLE `directory_save_data` (
  `id` bigint(100) NOT NULL AUTO_INCREMENT,
  `schedule_id` bigint(100) NOT NULL,
  `project_id` bigint(100) NOT NULL,
  `link_id` bigint(100) NOT NULL,
  `confirm_link` text NOT NULL,
  `category_id` int(10) NOT NULL,
  `category_name` varchar(150) NOT NULL,
  PRIMARY KEY (`id`)
) ENGINE=InnoDB DEFAULT CHARSET=latin1;

--
-- Dumping data for table `directory_save_data`
--


--
-- Table structure for table `idx_admin_menu`
--

CREATE TABLE `idx_admin_menu` (
  `menu_id` int(11) NOT NULL AUTO_INCREMENT,
  `parent_id` int(11) DEFAULT NULL,
  `menu_title` varchar(255) DEFAULT NULL,
  `menu_url` varchar(255) DEFAULT NULL,
  `order_number` int(11) DEFAULT NULL,
  PRIMARY KEY (`menu_id`)
) ENGINE=MyISAM AUTO_INCREMENT=85 DEFAULT CHARSET=latin1;

--
-- Dumping data for table `idx_admin_menu`
--



--
-- Table structure for table `idx_bad_link`
--

CREATE TABLE `idx_bad_link` (
  `bad_link_id` mediumint(9) unsigned NOT NULL AUTO_INCREMENT,
  `link_id` mediumint(9) unsigned NOT NULL DEFAULT '0',
  `name` varchar(50) NOT NULL DEFAULT '',
  `email` varchar(50) NOT NULL DEFAULT '',
  `type` tinyint(3) unsigned NOT NULL DEFAULT '0',
  `date` date NOT NULL DEFAULT '0000-00-00',
  PRIMARY KEY (`bad_link_id`)
) ENGINE=MyISAM DEFAULT CHARSET=latin1;

--
-- Dumping data for table `idx_bad_link`
--


--
-- Table structure for table `idx_badwords`
--

CREATE TABLE `idx_badwords` (
  `word` varchar(100) NOT NULL DEFAULT ''
) ENGINE=MyISAM DEFAULT CHARSET=latin1;

--
-- Dumping data for table `idx_badwords`
--


--
-- Table structure for table `idx_blocked_domain`
--

CREATE TABLE `idx_blocked_domain` (
  `blocked_id` int(11) NOT NULL AUTO_INCREMENT,
  `blocked` varchar(255) DEFAULT NULL,
  `type` enum('domain','ip') DEFAULT NULL,
  PRIMARY KEY (`blocked_id`)
) ENGINE=MyISAM AUTO_INCREMENT=6 DEFAULT CHARSET=latin1;

--
-- Dumping data for table `idx_blocked_domain`
--

INSERT INTO `idx_blocked_domain` VALUES (1,'buydomains.com','domain'),(2,'this-domain-for-sale.com ','domain'),(3,'oversee.net','domain'),(4,'eNom','domain'),(5,'sedoparking.com','domain');

--
-- Table structure for table `idx_category`
--

CREATE TABLE `idx_category` (
  `category_id` mediumint(9) unsigned NOT NULL AUTO_INCREMENT,
  `parent_id` mediumint(9) unsigned NOT NULL DEFAULT '0',
  `name` varchar(100) NOT NULL DEFAULT '',
  `description` text NOT NULL,
  `image` varchar(100) DEFAULT NULL,
  `content` text,
  `visible` char(1) DEFAULT NULL,
  `links` mediumint(9) DEFAULT NULL,
  `meta_keyword` text,
  `meta_description` text,
  `permission` char(2) DEFAULT NULL,
  `registered_only` char(1) DEFAULT NULL,
  `header` text NOT NULL,
  `footer` text NOT NULL,
  `related` mediumint(6) NOT NULL DEFAULT '0',
  `page_title` varchar(200) NOT NULL DEFAULT '',
  `hits` int(11) NOT NULL DEFAULT '0',
  `order_num` smallint(6) NOT NULL DEFAULT '0',
  `basic_price` double unsigned NOT NULL DEFAULT '0',
  `premium_price` double unsigned NOT NULL DEFAULT '0',
  `sponsored_price` double unsigned NOT NULL DEFAULT '0',
  PRIMARY KEY (`category_id`)
) ENGINE=MyISAM AUTO_INCREMENT=36 DEFAULT CHARSET=latin1;

--
-- Dumping data for table `idx_category`
--

INSERT INTO `idx_category` VALUES (1,0,'Arts & Humanities','','folder.gif','','1',19,'','','0','0','','',0,'',0,0,0,0,0),(2,0,'Automobile industry','','folder.gif','','1',45,'','','0','0','','',0,'',0,0,0,0,0),(3,0,'Business & Economy','','folder.gif','','1',156,'','','0','0','','',0,'',0,0,0,0,0),(4,0,'Careers','','folder.gif','','1',2,'','','0','0','','',0,'',0,0,0,0,0),(5,0,'Clothing & Fashion','','folder.gif','','1',14,'','','0','0','','',0,'',0,0,0,0,0),(6,0,'Mass Communications','','folder.gif','','1',24,'','','0','0','','',0,'',0,0,0,0,0),(7,0,'Computers & IT','','folder.gif','','1',19,'','','0','0','','',0,'',0,0,0,0,0),(8,0,'Construction Services','','folder.gif','','1',81,'','','0','0','','',0,'',0,0,0,0,0),(9,0,'Dental','','folder.gif','','1',68,'','','0','0','','',0,'',0,0,0,0,0),(10,0,'Education & Training','','folder.gif','','1',31,'','','0','0','','',0,'',0,0,0,0,0),(11,0,'Employment & Recruitment','','folder.gif','','1',1,'','','0','0','','',0,'',0,0,0,0,0),(12,0,'Gifts & Novelties','','folder.gif','','1',23,'','','0','0','','',0,'',0,0,0,0,0),(13,0,'Software & Hardware','','folder.gif','','1',11,'','','0','0','','',0,'',0,0,0,0,0),(14,0,'Health Services','','folder.gif','','1',25,'','','0','0','','',0,'',0,0,0,0,0),(15,0,'Healthcare Industry','','folder.gif','','1',164,'','','0','0','','',0,'',0,0,0,0,0),(16,0,'Heating, Ventilating and Air Conditioning','','folder.gif','','1',77,'','','0','0','','',0,'',0,0,0,0,0),(17,0,'Home & Garden Making','','folder.gif','','1',224,'','','0','0','','',0,'',0,0,0,0,0),(18,0,'Home Improvement Services','','folder.gif','','1',101,'','','0','0','','',0,'',0,0,0,0,0),(19,0,'Hotels & Resorts','','folder.gif','','1',64,'','','0','0','','',0,'',0,0,0,0,0),(20,0,'Insurance Services','','folder.gif','','1',33,'','','0','0','','',0,'',0,0,0,0,0),(21,0,'Law Services','','folder.gif','','1',1,'','','0','0','','',0,'',0,0,0,0,0),(22,0,'Lawyers and Law Firms','','folder.gif','','1',192,'','','0','0','','',0,'',0,0,0,0,0),(23,0,'Lifestyle & People','','folder.gif','','1',6,'','','0','0','','',0,'',0,0,0,0,0),(24,0,'Medicine  Facilities','','folder.gif','','1',14,'','','0','0','','',0,'',0,0,0,0,0),(25,0,'Financial Services','','folder.gif','','1',23,'','','0','0','','',0,'',0,0,0,0,0),(26,0,'News','','folder.gif','','1',2,'','','0','0','','',0,'',0,0,0,0,0),(27,0,'Plumbing & Plumbers','','folder.gif','','1',45,'','','0','0','','',0,'',0,0,0,0,0),(28,0,'Real Estate Services','','folder.gif','','1',40,'','','0','0','','',0,'',0,0,0,0,0),(29,0,'Technology & Science','','folder.gif','','1',14,'','','0','0','','',0,'',0,0,0,0,0),(30,0,'SEO Services','','folder.gif','','1',21,'','','0','0','','',0,'',0,0,0,0,0),(31,0,'Shopping and Fashion','','folder.gif','','1',66,'','','0','0','','',0,'',0,0,0,0,0),(32,0,'Games & Sports','','folder.gif','','1',8,'','','0','0','','',0,'',0,0,0,0,0),(33,0,'Transport & Freight Forwarding','','folder.gif','','1',37,'','','0','0','','',0,'',0,0,0,0,0),(34,0,'Travel & Vacations','','folder.gif','','1',23,'','','0','0','','',0,'',0,0,0,0,0),(35,0,'Wedding Accessories','','folder.gif','','1',10,'','','0','0','','',0,'',0,0,0,0,0);

--
-- Table structure for table `idx_category_path`
--

CREATE TABLE `idx_category_path` (
  `category_id` mediumint(9) NOT NULL DEFAULT '0',
  `path` text,
  `path_with_url` text,
  `parents` text,
  PRIMARY KEY (`category_id`)
) ENGINE=MyISAM DEFAULT CHARSET=latin1;

--
-- Dumping data for table `idx_category_path`
--

INSERT INTO `idx_category_path` VALUES (1,'Arts & Humanities','<a href=\"http://hurrah.me/arts-humanities/\" name=\"cat_1\" style=\"\">Arts & Humanities</a>',';0;'),(2,'Automobile industry','<a href=\"http://hurrah.me/automobile-industry/\" name=\"cat_2\" style=\"\">Automobile industry</a>',';0;'),(3,'Business & Economy','<a href=\"http://hurrah.me/business-economy/\" name=\"cat_3\" style=\"\">Business & Economy</a>',';0;'),(4,'Careers','<a href=\"http://hurrah.me/careers/\" name=\"cat_4\" style=\"\">Careers</a>',';0;'),(5,'Clothing & Fashion','<a href=\"http://hurrah.me/clothing-fashion/\" name=\"cat_5\" style=\"\">Clothing & Fashion</a>',';0;'),(6,'Mass Communications','<a href=\"http://hurrah.me/mass-communications/\" name=\"cat_6\" style=\"\">Mass Communications</a>',';0;'),(7,'Computers & IT','<a href=\"http://hurrah.me/computers-it/\" name=\"cat_7\" style=\"\">Computers & IT</a>',';0;'),(8,'Construction Services','<a href=\"http://hurrah.me/construction-services/\" name=\"cat_8\" style=\"\">Construction Services</a>',';0;'),(9,'Dental','<a href=\"http://hurrah.me/dental/\" name=\"cat_9\" style=\"\">Dental</a>',';0;'),(10,'Education & Training','<a href=\"http://hurrah.me/education-training/\" name=\"cat_10\" style=\"\">Education & Training</a>',';0;'),(11,'Employment & Recruitment','<a href=\"http://hurrah.me/employment-recruitment/\" name=\"cat_11\" style=\"\">Employment & Recruitment</a>',';0;'),(12,'Gifts & Novelties','<a href=\"http://hurrah.me/gifts-novelties/\" name=\"cat_12\" style=\"\">Gifts & Novelties</a>',';0;'),(13,'Software & Hardware','<a href=\"http://hurrah.me/software-hardware/\" name=\"cat_13\" style=\"\">Software & Hardware</a>',';0;'),(14,'Health Services','<a href=\"http://hurrah.me/health-services/\" name=\"cat_14\" style=\"\">Health Services</a>',';0;'),(15,'Healthcare Industry','<a href=\"http://hurrah.me/healthcare-industry/\" name=\"cat_15\" style=\"\">Healthcare Industry</a>',';0;'),(16,'Heating, Ventilating and Air Conditioning','<a href=\"http://hurrah.me/heating-ventilating-and-air-conditioning/\" name=\"cat_16\" style=\"\">Heating, Ventilating and Air Conditioning</a>',';0;'),(17,'Home & Garden Making','<a href=\"http://hurrah.me/home-garden-making/\" name=\"cat_17\" style=\"\">Home & Garden Making</a>',';0;'),(18,'Home Improvement Services','<a href=\"http://hurrah.me/home-improvement-services/\" name=\"cat_18\" style=\"\">Home Improvement Services</a>',';0;'),(19,'Hotels & Resorts','<a href=\"http://hurrah.me/hotels-resorts/\" name=\"cat_19\" style=\"\">Hotels & Resorts</a>',';0;'),(20,'Insurance Services','<a href=\"http://hurrah.me/insurance-services/\" name=\"cat_20\" style=\"\">Insurance Services</a>',';0;'),(21,'Law Services','<a href=\"http://hurrah.me/law-services/\" name=\"cat_21\" style=\"\">Law Services</a>',';0;'),(22,'Lawyers and Law Firms','<a href=\"http://hurrah.me/lawyers-and-law-firms/\" name=\"cat_22\" style=\"\">Lawyers and Law Firms</a>',';0;'),(23,'Lifestyle & People','<a href=\"http://hurrah.me/lifestyle-people/\" name=\"cat_23\" style=\"\">Lifestyle & People</a>',';0;'),(24,'Medicine  Facilities','<a href=\"http://hurrah.me/medicine-facilities/\" name=\"cat_24\" style=\"\">Medicine  Facilities</a>',';0;'),(25,'Financial Services','<a href=\"http://hurrah.me/financial-services/\" name=\"cat_25\" style=\"\">Financial Services</a>',';0;'),(26,'News','<a href=\"http://hurrah.me/news/\" name=\"cat_26\" style=\"\">News</a>',';0;'),(27,'Plumbing & Plumbers','<a href=\"http://hurrah.me/plumbing-plumbers/\" name=\"cat_27\" style=\"\">Plumbing & Plumbers</a>',';0;'),(28,'Real Estate Services','<a href=\"http://hurrah.me/real-estate-services/\" name=\"cat_28\" style=\"\">Real Estate Services</a>',';0;'),(29,'Technology & Science','<a href=\"http://hurrah.me/technology-science/\" name=\"cat_29\" style=\"\">Technology & Science</a>',';0;'),(30,'SEO Services','<a href=\"http://hurrah.me/seo-services/\" name=\"cat_30\" style=\"\">SEO Services</a>',';0;'),(31,'Shopping and Fashion','<a href=\"http://hurrah.me/shopping-and-fashion/\" name=\"cat_31\" style=\"\">Shopping and Fashion</a>',';0;'),(32,'Games & Sports','<a href=\"http://hurrah.me/games-sports/\" name=\"cat_32\" style=\"\">Games & Sports</a>',';0;'),(33,'Transport & Freight Forwarding','<a href=\"http://hurrah.me/transport-freight-forwarding/\" name=\"cat_33\" style=\"\">Transport & Freight Forwarding</a>',';0;'),(34,'Travel & Vacations','<a href=\"http://hurrah.me/travel-vacations/\" name=\"cat_34\" style=\"\">Travel & Vacations</a>',';0;'),(35,'Wedding Accessories','<a href=\"http://hurrah.me/wedding-accessories/\" name=\"cat_35\" style=\"\">Wedding Accessories</a>',';0;');

--
-- Table structure for table `idx_category_suggession`
--

CREATE TABLE `idx_category_suggession` (
  `id_cat_suggession` int(11) NOT NULL AUTO_INCREMENT,
  `parent_id` int(11) DEFAULT NULL,
  `name` varchar(255) DEFAULT NULL,
  `category_description` text,
  `date` datetime DEFAULT NULL,
  PRIMARY KEY (`id_cat_suggession`)
) ENGINE=MyISAM DEFAULT CHARSET=latin1;

--
-- Dumping data for table `idx_category_suggession`
--


--
-- Table structure for table `idx_checkurl`
--

CREATE TABLE `idx_checkurl` (
  `link_id` mediumint(9) NOT NULL DEFAULT '0',
  `date` date NOT NULL DEFAULT '0000-00-00',
  `live` char(1) NOT NULL DEFAULT '',
  `reciprocal_found` char(1) NOT NULL DEFAULT '',
  PRIMARY KEY (`link_id`)
) ENGINE=MyISAM DEFAULT CHARSET=latin1;

--
-- Dumping data for table `idx_checkurl`
--


--
-- Table structure for table `idx_cronjobs`
--

CREATE TABLE `idx_cronjobs` (
  `cronjobs_id` int(11) NOT NULL AUTO_INCREMENT,
  `cronjobs_name` varchar(255) DEFAULT NULL,
  `filename` varchar(255) NOT NULL,
  `schedule` varchar(255) NOT NULL,
  `time` datetime NOT NULL,
  `execution` varchar(1) NOT NULL,
  PRIMARY KEY (`cronjobs_id`)
) ENGINE=MyISAM AUTO_INCREMENT=4 DEFAULT CHARSET=latin1;

--
-- Dumping data for table `idx_cronjobs`
--

INSERT INTO `idx_cronjobs` VALUES (1,NULL,'clear_templates_c.php','1,*,*,*,*','0000-00-00 00:00:00',''),(2,NULL,'update_tag_cloud.php','*,24,*,*,*','0000-00-00 00:00:00',''),(3,NULL,'clear_rss_cache.php','*,24,*,*,*','0000-00-00 00:00:00','');

--
-- Table structure for table `idx_custom_field`
--

CREATE TABLE `idx_custom_field` (
  `field_name` varchar(32) NOT NULL DEFAULT '',
  `field_text` varchar(64) NOT NULL DEFAULT '',
  `field_type` enum('TEXT','TEXTAREA','SELECT','MULTISELECT','CHECKBOX','RADIO','FILE','IMAGE','DATE','DATETIME','RICHEDITOR') NOT NULL DEFAULT 'TEXT',
  `field_option` text NOT NULL,
  `field_img_width` int(10) unsigned NOT NULL DEFAULT '0',
  `field_img_height` int(10) unsigned NOT NULL DEFAULT '0',
  `field_file_size` int(10) unsigned NOT NULL DEFAULT '0',
  `field_file_extension` varchar(64) NOT NULL DEFAULT '',
  `required` char(1) NOT NULL DEFAULT '0',
  `searchable` char(1) NOT NULL DEFAULT '1',
  `permission` char(1) NOT NULL DEFAULT '0'
) ENGINE=MyISAM DEFAULT CHARSET=latin1;

--
-- Dumping data for table `idx_custom_field`
--

INSERT INTO `idx_custom_field` VALUES ('image','Image','IMAGE','',0,0,0,'','0','0','2'),('address','Address','TEXT','',0,0,0,'','0','0','0'),('city','City','TEXT','',0,0,0,'','0','0','0'),('state','State','TEXT','',0,0,0,'','0','0','0'),('country','Country','TEXT','',0,0,0,'','0','0','0'),('zip','Zip','TEXT','',0,0,0,'','0','0','0'),('phone','Phone','TEXT','',0,0,0,'','0','0','0'),('fax','Fax','TEXT','',0,0,0,'','0','0','0');

--
-- Table structure for table `idx_default_field`
--

CREATE TABLE `idx_default_field` (
  `field_name` varchar(64) NOT NULL,
  `required` char(1) NOT NULL,
  `visible` char(1) NOT NULL DEFAULT '1',
  `searchable` char(1) NOT NULL DEFAULT '1'
) ENGINE=MyISAM DEFAULT CHARSET=latin1;

--
-- Dumping data for table `idx_default_field`
--

INSERT INTO `idx_default_field` VALUES ('title','1','1','1'),('url','1','1','1'),('description','1','1','1'),('keywords','1','1','0'),('contact_name','1','1','1'),('email','1','1','1'),('reciprocal_url','0','0','1');

--
-- Table structure for table `idx_discount_coupon`
--

CREATE TABLE `idx_discount_coupon` (
  `coupon_id` int(11) NOT NULL AUTO_INCREMENT,
  `coupon_code` varchar(255) DEFAULT NULL,
  `coupon_value` varchar(50) DEFAULT NULL,
  `link_type` varchar(255) DEFAULT NULL,
  `start_date` date DEFAULT NULL,
  `expired_date` date DEFAULT NULL,
  `expired_usage` int(11) DEFAULT NULL,
  `usage_count` int(11) DEFAULT NULL,
  PRIMARY KEY (`coupon_id`)
) ENGINE=MyISAM DEFAULT CHARSET=latin1;

--
-- Dumping data for table `idx_discount_coupon`
--


--
-- Table structure for table `idx_editor`
--

CREATE TABLE `idx_editor` (
  `username` varchar(20) DEFAULT NULL,
  `category_id` mediumint(9) DEFAULT NULL,
  `category` char(1) DEFAULT NULL,
  `link` char(1) DEFAULT NULL,
  `review` char(1) DEFAULT NULL,
  `pick` char(1) DEFAULT NULL,
  `status` char(1) DEFAULT NULL,
  `date` date DEFAULT NULL
) ENGINE=MyISAM DEFAULT CHARSET=latin1;

--
-- Dumping data for table `idx_editor`
--


--
-- Table structure for table `idx_email_template`
--

CREATE TABLE `idx_email_template` (
  `email_template_id` int(10) unsigned NOT NULL AUTO_INCREMENT,
  `name` varchar(255) DEFAULT NULL,
  `subject` varchar(255) DEFAULT NULL,
  `body` text,
  `altbody` text,
  PRIMARY KEY (`email_template_id`)
) ENGINE=MyISAM AUTO_INCREMENT=37 DEFAULT CHARSET=latin1;

--
-- Dumping data for table `idx_email_template`
--



--
-- Table structure for table `idx_favorites`
--

CREATE TABLE `idx_favorites` (
  `favorite_id` int(11) NOT NULL AUTO_INCREMENT,
  `username` varchar(20) DEFAULT NULL,
  `date` date DEFAULT NULL,
  `title` varchar(100) DEFAULT NULL,
  `description` text,
  PRIMARY KEY (`favorite_id`)
) ENGINE=MyISAM DEFAULT CHARSET=latin1;

--
-- Dumping data for table `idx_favorites`
--


--
-- Table structure for table `idx_favorites_detail`
--

CREATE TABLE `idx_favorites_detail` (
  `favorite_id` int(11) DEFAULT NULL,
  `link_id` mediumint(9) DEFAULT NULL
) ENGINE=MyISAM DEFAULT CHARSET=latin1;

--
-- Dumping data for table `idx_favorites_detail`
--


--
-- Table structure for table `idx_hook_place`
--

CREATE TABLE `idx_hook_place` (
  `hook_place_id` int(11) NOT NULL AUTO_INCREMENT,
  `filename` varchar(255) DEFAULT NULL,
  `hookname` varchar(255) DEFAULT NULL,
  PRIMARY KEY (`hook_place_id`)
) ENGINE=MyISAM DEFAULT CHARSET=latin1;

--
-- Dumping data for table `idx_hook_place`
--


--
-- Table structure for table `idx_invoice`
--

CREATE TABLE `idx_invoice` (
  `invoice_id` varchar(10) NOT NULL DEFAULT '',
  `invoice_date` date DEFAULT NULL,
  `due_date` date DEFAULT NULL,
  `invoiced_to` text,
  `service` varchar(255) DEFAULT NULL,
  `description` text,
  `total` double(8,2) DEFAULT NULL,
  `comment` text,
  `paid` char(1) DEFAULT NULL,
  `paid_date` date DEFAULT NULL,
  `email` varchar(255) DEFAULT NULL,
  PRIMARY KEY (`invoice_id`)
) ENGINE=MyISAM DEFAULT CHARSET=latin1;

--
-- Dumping data for table `idx_invoice`
--


--
-- Table structure for table `idx_invoice_config`
--

CREATE TABLE `idx_invoice_config` (
  `company` varchar(255) DEFAULT NULL,
  `contact` varchar(255) DEFAULT NULL,
  `address` text,
  `phone` varchar(255) DEFAULT NULL,
  `email` varchar(255) DEFAULT NULL,
  `currency_symbol` varchar(255) DEFAULT '$',
  `currency_code` varchar(255) DEFAULT 'USD'
) ENGINE=MyISAM DEFAULT CHARSET=latin1;

--
-- Dumping data for table `idx_invoice_config`
--

INSERT INTO `idx_invoice_config` VALUES ('Your website / Company','Billing Department','Your address','Your phone #','Billing<name@yourdomain.com>','$','USD');

--
-- Table structure for table `idx_link_temp`
--

CREATE TABLE `idx_link_temp` (
  `vid` mediumint(9) unsigned NOT NULL AUTO_INCREMENT,
  `spam` char(1) NOT NULL DEFAULT '0',
  `link_id` mediumint(9) DEFAULT NULL,
  `category_id` mediumint(9) unsigned NOT NULL DEFAULT '0',
  `title` varchar(100) NOT NULL DEFAULT '',
  `url` text NOT NULL,
  `description` text NOT NULL,
  `contact_name` varchar(100) NOT NULL DEFAULT '',
  `email` varchar(100) NOT NULL DEFAULT '',
  `hits` mediumint(9) DEFAULT NULL,
  `votes` smallint(6) DEFAULT NULL,
  `rating` float(4,2) DEFAULT NULL,
  `date` datetime NOT NULL DEFAULT '0000-00-00 00:00:00',
  `bid` smallint(6) NOT NULL DEFAULT '0',
  `new` char(1) DEFAULT NULL,
  `hot` char(1) DEFAULT NULL,
  `top_rated` char(1) DEFAULT NULL,
  `pick` char(1) DEFAULT NULL,
  `password` varchar(20) DEFAULT NULL,
  `updated` char(1) DEFAULT NULL,
  `reviews` smallint(6) DEFAULT NULL,
  `avg_review` float(4,2) DEFAULT NULL,
  `last_updated` datetime DEFAULT NULL,
  `official_review` text,
  `keywords` varchar(255) DEFAULT NULL,
  `cat1` mediumint(6) NOT NULL DEFAULT '0',
  `cat2` mediumint(6) NOT NULL DEFAULT '0',
  `suspended` char(1) NOT NULL DEFAULT '0',
  `reciprocal_url` varchar(255) DEFAULT NULL,
  `address` varchar(255) DEFAULT NULL,
  `city` varchar(255) DEFAULT NULL,
  `state` varchar(255) DEFAULT NULL,
  `country` varchar(255) DEFAULT NULL,
  `zip` varchar(255) DEFAULT NULL,
  `image` varchar(255) DEFAULT NULL,
  `phone` varchar(255) DEFAULT NULL,
  `fax` varchar(255) DEFAULT NULL,
  PRIMARY KEY (`vid`)
) ENGINE=MyISAM DEFAULT CHARSET=latin1;

--
-- Dumping data for table `idx_link_temp`
--


--
-- Table structure for table `idx_link_temp_user`
--

CREATE TABLE `idx_link_temp_user` (
  `vid` mediumint(9) unsigned NOT NULL DEFAULT '0',
  `username` varchar(20) NOT NULL DEFAULT '',
  PRIMARY KEY (`vid`)
) ENGINE=MyISAM DEFAULT CHARSET=latin1;

--
-- Dumping data for table `idx_link_temp_user`
--


--
-- Table structure for table `idx_link_user`
--

CREATE TABLE `idx_link_user` (
  `link_id` mediumint(9) unsigned NOT NULL DEFAULT '0',
  `username` varchar(20) NOT NULL DEFAULT '',
  PRIMARY KEY (`link_id`)
) ENGINE=MyISAM DEFAULT CHARSET=latin1;

--
-- Dumping data for table `idx_link_user`
--


--
-- Table structure for table `idx_mailing_list`
--

CREATE TABLE `idx_mailing_list` (
  `email` varchar(50) NOT NULL DEFAULT '',
  `code` varchar(4) DEFAULT NULL,
  `status` char(1) DEFAULT NULL,
  PRIMARY KEY (`email`)
) ENGINE=MyISAM DEFAULT CHARSET=latin1;

--
-- Dumping data for table `idx_mailing_list`
--


--
-- Table structure for table `idx_message`
--

CREATE TABLE `idx_message` (
  `message_id` smallint(6) NOT NULL AUTO_INCREMENT,
  `date` date DEFAULT NULL,
  `body` text,
  `subject` varchar(100) DEFAULT NULL,
  PRIMARY KEY (`message_id`)
) ENGINE=MyISAM DEFAULT CHARSET=latin1;

--
-- Dumping data for table `idx_message`
--


--
-- Table structure for table `idx_notification`
--

CREATE TABLE `idx_notification` (
  `username` varchar(20) NOT NULL DEFAULT '',
  `category_id` mediumint(9) NOT NULL DEFAULT '0'
) ENGINE=MyISAM DEFAULT CHARSET=latin1;

--
-- Dumping data for table `idx_notification`
--


--
-- Table structure for table `idx_pagerank`
--

CREATE TABLE `idx_pagerank` (
  `link_id` mediumint(8) unsigned NOT NULL DEFAULT '0',
  `engine` char(1) NOT NULL DEFAULT '',
  `rank` tinyint(4) NOT NULL DEFAULT '0',
  `last_update` date NOT NULL DEFAULT '0000-00-00',
  PRIMARY KEY (`link_id`,`engine`)
) ENGINE=MyISAM DEFAULT CHARSET=latin1;

--
-- Dumping data for table `idx_pagerank`
--

INSERT INTO `idx_pagerank` VALUES (4991,'g',0,'2012-03-01'),(39085,'g',2,'2011-09-11'),(5008,'g',0,'2012-03-06'),(39354,'g',3,'2011-09-11'),(40113,'g',2,'2011-09-11'),(5048,'g',0,'2012-02-27'),(5678,'g',0,'2012-02-14'),(39827,'g',0,'2011-09-11'),(38969,'g',0,'2011-09-11'),(38766,'g',3,'2011-09-11'),(38784,'g',0,'2011-09-11'),(38788,'g',0,'2011-09-11'),(5054,'g',0,'2011-12-30'),(40304,'g',0,'2011-09-11'),(38823,'g',0,'2011-09-11'),(5982,'g',0,'2012-02-18'),(1358,'g',3,'2011-09-11'),(27,'g',0,'2012-01-22'),(38759,'g',0,'2011-09-11'),(4963,'g',1,'2011-09-11'),(5009,'g',0,'2012-02-19'),(979,'g',5,'2011-09-11'),(49,'g',0,'2011-09-11'),(50,'g',0,'2011-12-27'),(38762,'g',0,'2011-09-11'),(977,'g',0,'2011-09-11'),(1309,'g',0,'2011-09-11'),(575,'g',0,'2012-02-18'),(1216,'g',1,'2011-09-11'),(991,'g',5,'2011-09-11'),(572,'g',0,'2012-02-13'),(103,'g',0,'2011-12-30'),(32,'g',0,'2011-09-11'),(1299,'g',7,'2011-09-11'),(13,'g',0,'2012-02-17'),(994,'g',2,'2011-09-11'),(1360,'g',0,'2011-09-11'),(5030,'g',0,'2012-03-02'),(1249,'g',4,'2011-09-11'),(38779,'g',0,'2011-09-11'),(2,'g',0,'2011-10-24'),(38882,'g',3,'2011-09-11'),(4981,'g',0,'2012-03-06'),(4977,'g',0,'2012-03-06'),(1248,'g',1,'2011-09-11'),(38789,'g',3,'2011-09-11'),(1355,'g',0,'2011-09-11'),(4942,'g',0,'2011-09-11'),(4980,'g',0,'2012-03-06'),(48,'g',0,'2011-09-11'),(4925,'g',3,'2011-09-11'),(61,'g',0,'2012-02-22'),(79,'g',0,'2012-03-04'),(5983,'g',0,'2012-02-18'),(55,'g',0,'2011-12-27'),(1230,'g',2,'2011-09-11'),(5027,'g',0,'2012-03-01'),(4982,'g',0,'2012-03-06'),(15,'g',0,'2012-02-16'),(5031,'g',0,'2012-02-20'),(1357,'g',3,'2011-09-11'),(5921,'g',0,'2012-03-06'),(38881,'g',0,'2011-09-11'),(5032,'g',0,'2012-02-22'),(1254,'g',3,'2011-09-11'),(42,'g',2,'2011-09-11'),(38754,'g',3,'2011-09-11'),(38883,'g',5,'2011-09-11'),(38837,'g',0,'2011-09-11'),(4929,'g',5,'2011-09-11'),(982,'g',5,'2011-09-11'),(114,'g',0,'2012-02-17'),(1232,'g',2,'2011-09-11'),(1316,'g',0,'2011-09-11'),(38840,'g',1,'2011-09-11'),(11,'g',0,'2012-01-22'),(53,'g',0,'2012-02-22'),(5025,'g',0,'2012-03-06'),(567,'g',0,'2012-02-13'),(4962,'g',4,'2011-09-11'),(1325,'g',3,'2011-09-11'),(983,'g',0,'2011-09-11'),(4961,'g',2,'2011-09-11'),(869,'g',7,'2011-09-11'),(56,'g',0,'2011-12-21'),(81,'g',2,'2011-09-11'),(38811,'g',6,'2011-09-11'),(5070,'g',0,'2011-12-30'),(113,'g',0,'2011-12-27'),(40072,'g',2,'2011-09-11'),(4967,'g',5,'2011-09-11'),(38839,'g',0,'2011-09-11'),(1300,'g',4,'2011-09-11'),(5086,'g',0,'2012-03-05'),(82,'g',0,'2012-03-04'),(5300,'g',0,'2012-03-07'),(38853,'g',3,'2011-09-11'),(38864,'g',3,'2011-09-11'),(38845,'g',4,'2011-09-11'),(5066,'g',0,'2012-03-05'),(38758,'g',2,'2011-09-11'),(5038,'g',4,'2011-09-11'),(5671,'g',0,'2012-02-27'),(5050,'g',0,'2012-02-09'),(5073,'g',0,'2012-03-06'),(5072,'g',0,'2012-03-06'),(4993,'g',0,'2011-12-30'),(5279,'g',0,'2012-02-18'),(38785,'g',3,'2011-09-11'),(38842,'g',1,'2011-09-11'),(39835,'g',0,'2011-09-11'),(5618,'g',0,'2011-09-11'),(5845,'g',0,'2012-03-01'),(5034,'g',1,'2011-09-11'),(40332,'g',2,'2011-09-11'),(35,'g',0,'2011-09-11'),(5310,'g',0,'2012-03-02'),(5984,'g',0,'2012-02-18'),(569,'g',0,'2012-02-13'),(115,'g',0,'2011-12-30'),(1333,'g',0,'2011-09-11'),(1354,'g',0,'2011-09-11'),(1353,'g',0,'2011-09-11'),(5026,'g',0,'2012-03-07'),(5980,'g',0,'2012-02-18'),(1323,'g',0,'2011-09-11'),(98,'g',0,'2012-02-17'),(4973,'g',0,'2011-09-11'),(38835,'g',5,'2011-09-11'),(1253,'g',2,'2011-09-11'),(1226,'g',0,'2011-09-11'),(4965,'g',4,'2011-09-11'),(981,'g',0,'2011-09-11'),(4959,'g',2,'2011-09-11'),(974,'g',0,'2011-09-11'),(1227,'g',5,'2011-09-11'),(38843,'g',0,'2011-09-11'),(93,'g',0,'2012-02-07'),(571,'g',0,'2012-03-01'),(10,'g',0,'2012-03-04'),(1356,'g',3,'2011-09-11'),(110,'g',0,'2011-09-11'),(1351,'g',1,'2011-09-11'),(38844,'g',0,'2011-09-11'),(38782,'g',3,'2011-09-11'),(4,'g',0,'2011-12-27'),(90,'g',0,'2012-03-05'),(868,'g',4,'2011-09-11'),(38836,'g',0,'2011-09-11'),(4976,'g',0,'2011-09-11'),(109,'g',0,'2011-12-30'),(87,'g',0,'2011-12-30'),(570,'g',0,'2012-03-05'),(1217,'g',3,'2011-09-11'),(57,'g',0,'2012-02-13'),(38783,'g',1,'2011-09-11'),(7,'g',0,'2011-12-27'),(1352,'g',0,'2011-09-11'),(5920,'g',0,'2012-02-18'),(59,'g',0,'2012-02-22'),(976,'g',1,'2011-09-11'),(574,'g',0,'2011-10-24'),(80,'g',0,'2012-02-17'),(566,'g',3,'2011-09-11'),(38886,'g',0,'2011-09-11'),(112,'g',0,'2012-03-04'),(1308,'g',5,'2011-09-11'),(1228,'g',3,'2011-09-11'),(1250,'g',7,'2011-09-11'),(1218,'g',2,'2011-09-11'),(4978,'g',0,'2011-09-11'),(1233,'g',1,'2011-09-11'),(4975,'g',0,'2011-09-11'),(4974,'g',0,'2011-09-11'),(4960,'g',1,'2011-09-11'),(8,'g',0,'2011-12-27'),(1231,'g',1,'2011-09-11'),(89,'g',0,'2012-02-22'),(4964,'g',0,'2011-09-11'),(978,'g',0,'2011-09-11'),(106,'g',0,'2012-02-15'),(14,'g',0,'2011-12-27'),(5029,'g',0,'2012-02-23'),(108,'g',0,'2012-02-14'),(54,'g',0,'2012-02-13'),(47,'g',0,'2012-02-22'),(1,'g',0,'2012-02-22'),(105,'g',0,'2012-02-13'),(5981,'g',0,'2012-02-18'),(573,'g',0,'2012-03-06'),(1251,'g',7,'2011-09-11'),(984,'g',0,'2011-09-11'),(4935,'g',0,'2011-09-11'),(5927,'g',0,'2012-02-09'),(4923,'g',4,'2011-09-11'),(1332,'g',3,'2011-09-11'),(6,'g',0,'2011-10-15'),(38841,'g',2,'2011-09-11'),(5028,'g',0,'2012-03-01'),(1851,'g',4,'2011-09-11'),(38838,'g',0,'2011-09-11'),(3,'g',0,'2012-03-06'),(38780,'g',3,'2011-09-11'),(40696,'g',5,'2011-09-11'),(980,'g',0,'2011-09-11'),(1298,'g',2,'2011-09-11'),(1328,'g',3,'2011-09-11'),(1252,'g',0,'2011-09-11'),(12,'g',0,'2012-01-22'),(38764,'g',0,'2011-09-11'),(9,'g',0,'2011-12-27'),(38786,'g',0,'2011-09-11'),(29,'g',0,'2012-01-22'),(4922,'g',5,'2011-09-11'),(1229,'g',0,'2011-09-11'),(91,'g',0,'2012-02-25'),(37,'g',1,'2011-09-12'),(58,'g',0,'2011-12-27'),(31,'g',0,'2011-09-12'),(1324,'g',3,'2011-09-12'),(4979,'g',0,'2012-03-06'),(41,'g',5,'2011-09-12'),(1359,'g',2,'2011-09-12'),(1255,'g',0,'2011-09-12'),(30,'g',0,'2011-09-12'),(38885,'g',0,'2011-09-12'),(4966,'g',1,'2011-09-12'),(102,'g',0,'2011-12-30'),(111,'g',0,'2012-02-13'),(36,'g',0,'2011-09-12'),(107,'g',0,'2012-02-13'),(96,'g',0,'2012-02-24'),(4954,'g',0,'2011-09-12'),(1345,'g',0,'2011-09-12'),(1850,'g',4,'2011-09-12'),(5,'g',0,'2012-02-12'),(38884,'g',1,'2011-09-12'),(1317,'g',0,'2011-09-12'),(5033,'g',0,'2011-09-12'),(4930,'g',0,'2011-09-12'),(38781,'g',0,'2011-09-12'),(568,'g',0,'2011-09-12'),(88,'g',0,'2012-02-13'),(1318,'g',0,'2011-09-12'),(40732,'g',4,'2011-09-12'),(4924,'g',3,'2011-09-13'),(52,'g',0,'2011-11-04'),(865,'g',0,'2011-09-13'),(38763,'g',4,'2011-09-13'),(862,'g',3,'2011-09-13'),(40698,'g',3,'2011-09-13'),(1305,'g',0,'2011-09-13'),(1306,'g',7,'2011-09-13'),(1215,'g',5,'2011-09-13'),(1295,'g',0,'2011-09-13'),(33,'g',3,'2011-09-13'),(1294,'g',2,'2011-09-13'),(4920,'g',0,'2011-09-13'),(40703,'g',4,'2011-09-13'),(4999,'g',0,'2012-02-24'),(40730,'g',0,'2011-09-13'),(5926,'g',0,'2011-09-13'),(565,'g',0,'2012-02-18'),(1350,'g',0,'2011-09-13'),(5944,'g',0,'2012-03-06'),(40728,'g',0,'2011-09-13'),(5945,'g',0,'2012-02-18'),(4941,'g',3,'2011-09-13'),(1334,'g',2,'2011-09-13'),(1241,'g',6,'2011-09-13'),(38825,'g',2,'2011-09-13'),(5943,'g',0,'2012-03-05'),(95,'g',0,'2012-02-17'),(39,'g',0,'2011-09-13'),(5977,'g',0,'2012-02-18'),(1240,'g',0,'2011-09-13'),(38824,'g',3,'2011-09-13'),(40707,'g',0,'2011-09-13'),(5079,'g',0,'2012-03-01'),(5987,'g',0,'2012-02-18'),(4933,'g',3,'2011-09-13'),(975,'g',5,'2011-09-13'),(1304,'g',1,'2011-09-13'),(5971,'g',0,'2012-02-17'),(78,'g',0,'2012-02-25'),(40731,'g',3,'2011-09-13'),(5970,'g',0,'2012-02-17'),(5986,'g',0,'2012-02-18'),(1303,'g',0,'2011-09-13'),(101,'g',0,'2012-02-23'),(5936,'g',0,'2012-02-29'),(1311,'g',4,'2011-09-13'),(970,'g',0,'2011-09-13'),(38834,'g',2,'2011-09-13'),(4958,'g',5,'2011-09-13'),(1348,'g',1,'2011-09-13'),(4928,'g',1,'2011-09-13'),(871,'g',5,'2011-09-13'),(28,'g',0,'2012-01-22'),(1302,'g',1,'2011-09-13'),(40704,'g',2,'2011-09-13'),(40,'g',3,'2011-09-13'),(51,'g',0,'2012-02-12'),(46,'g',0,'2012-02-16'),(5001,'g',0,'2012-03-05'),(5919,'g',0,'2012-03-06'),(971,'g',3,'2011-09-13'),(40723,'g',4,'2011-09-13'),(5078,'g',0,'2012-03-06'),(38826,'g',0,'2011-09-13'),(1342,'g',0,'2011-09-13'),(539,'g',0,'2012-02-18'),(4944,'g',0,'2011-09-13'),(5979,'g',0,'2012-02-18'),(40697,'g',4,'2011-09-13'),(1220,'g',3,'2011-09-13'),(1329,'g',3,'2011-09-13'),(1322,'g',0,'2011-09-13'),(1245,'g',0,'2011-09-13'),(5966,'g',0,'2012-02-18'),(5935,'g',0,'2012-02-18'),(38755,'g',4,'2011-09-13'),(1297,'g',4,'2011-09-13'),(1282,'g',0,'2011-09-13'),(973,'g',5,'2011-09-13'),(5061,'g',0,'2011-12-30'),(4997,'g',0,'2011-09-13'),(5978,'g',0,'2012-02-18'),(38765,'g',1,'2011-09-13'),(4952,'g',4,'2011-09-13'),(1301,'g',3,'2011-09-13'),(5969,'g',0,'2012-02-19'),(4998,'g',0,'2012-03-07'),(38761,'g',3,'2011-09-13'),(873,'g',3,'2011-09-13'),(63,'g',0,'2012-03-04'),(94,'g',0,'2012-02-17'),(1330,'g',3,'2011-09-13'),(964,'g',6,'2011-09-13'),(34,'g',3,'2011-09-13'),(83,'g',0,'2012-03-04'),(5985,'g',0,'2012-02-18'),(40712,'g',0,'2011-09-13'),(38778,'g',2,'2011-09-13'),(40729,'g',4,'2011-09-13'),(1239,'g',0,'2011-09-13'),(38752,'g',3,'2011-09-13'),(38,'g',2,'2011-09-13'),(86,'g',0,'2012-03-05'),(564,'g',0,'2012-02-18'),(5976,'g',0,'2012-02-18'),(4972,'g',3,'2011-09-13'),(5975,'g',0,'2012-02-18'),(563,'g',0,'2012-03-05'),(3563,'g',0,'2011-09-14'),(3270,'g',2,'2011-09-14'),(2663,'g',2,'2011-09-14'),(2082,'g',2,'2011-09-14'),(3027,'g',2,'2011-09-14'),(1594,'g',0,'2011-09-14'),(1706,'g',1,'2011-09-14'),(4892,'g',3,'2011-09-14'),(4946,'g',5,'2011-09-15'),(4877,'g',2,'2011-09-15'),(863,'g',4,'2011-09-15'),(4884,'g',3,'2011-09-15'),(4936,'g',0,'2011-09-15'),(1286,'g',2,'2011-09-15'),(5932,'g',0,'2012-02-18'),(4917,'g',2,'2011-09-15'),(4945,'g',2,'2011-09-15'),(4876,'g',6,'2011-09-15'),(4880,'g',4,'2011-09-15'),(40709,'g',3,'2011-09-15'),(1346,'g',3,'2011-09-15'),(1296,'g',3,'2011-09-15'),(5964,'g',0,'2012-02-20'),(538,'g',0,'2012-02-13'),(5973,'g',0,'2012-02-18'),(4918,'g',2,'2011-09-15'),(1848,'g',6,'2011-09-15'),(5974,'g',0,'2012-02-18'),(4881,'g',4,'2011-09-15'),(4947,'g',2,'2011-09-15'),(1247,'g',3,'2011-09-15'),(1343,'g',4,'2011-09-15'),(4987,'g',0,'2012-03-06'),(993,'g',3,'2011-09-15'),(4883,'g',0,'2011-09-15'),(5968,'g',0,'2012-02-17'),(5931,'g',0,'2012-02-19'),(560,'g',0,'2012-02-24'),(5933,'g',0,'2012-02-20'),(1847,'g',0,'2011-09-15'),(1349,'g',3,'2011-09-15'),(1840,'g',4,'2011-09-15'),(5941,'g',0,'2011-09-15'),(5942,'g',1,'2011-09-15'),(4957,'g',7,'2011-09-15'),(4919,'g',5,'2011-09-15'),(4879,'g',0,'2011-09-15'),(1842,'g',4,'2011-09-15'),(4916,'g',4,'2011-09-15'),(5929,'g',2,'2011-09-15'),(1843,'g',0,'2011-09-15'),(5934,'g',2,'2011-09-15'),(84,'g',0,'2012-02-22'),(85,'g',0,'2012-02-16'),(561,'g',3,'2011-09-16'),(972,'g',2,'2011-09-16'),(562,'g',4,'2011-09-16'),(1344,'g',4,'2011-09-16'),(190,'g',0,'2012-03-06'),(38867,'g',2,'2011-09-16'),(141,'g',0,'2011-12-31'),(142,'g',0,'2011-12-30'),(5135,'g',0,'2011-12-30'),(40659,'g',1,'2011-09-16'),(1046,'g',2,'2011-09-16'),(192,'g',0,'2012-02-13'),(5046,'g',4,'2011-09-16'),(600,'g',0,'2011-09-16'),(4926,'g',0,'2011-09-16'),(38880,'g',0,'2011-09-16'),(1028,'g',0,'2011-09-16'),(38876,'g',0,'2011-09-16'),(603,'g',0,'2012-02-18'),(38914,'g',0,'2011-09-16'),(38952,'g',2,'2011-09-16'),(38910,'g',0,'2011-09-16'),(578,'g',0,'2011-12-30'),(38874,'g',0,'2011-09-16'),(5118,'g',0,'2011-12-31'),(191,'g',4,'2011-09-16'),(5035,'g',3,'2011-09-16'),(21,'g',0,'2012-02-17'),(5093,'g',0,'2012-03-01'),(188,'g',0,'2011-12-30'),(5096,'g',0,'2012-03-06'),(38929,'g',4,'2011-09-16'),(872,'g',4,'2011-09-16'),(576,'g',3,'2011-09-16'),(5938,'g',0,'2012-03-07'),(5082,'g',0,'2012-03-01'),(40724,'g',0,'2011-09-16'),(132,'g',0,'2012-01-24'),(38934,'g',0,'2011-09-16'),(134,'g',0,'2011-12-31'),(193,'g',0,'2011-12-30'),(947,'g',0,'2011-09-16'),(546,'g',0,'2012-03-06'),(122,'g',0,'2012-02-17'),(38861,'g',0,'2011-09-16'),(129,'g',0,'2011-12-30'),(955,'g',0,'2011-09-16'),(620,'g',0,'2012-01-28'),(38945,'g',2,'2011-09-16'),(5003,'g',4,'2011-09-16'),(5021,'g',0,'2012-02-19'),(5133,'g',0,'2012-02-18'),(5024,'g',2,'2011-09-16'),(137,'g',0,'2012-02-18'),(902,'g',4,'2011-09-16'),(613,'g',0,'2012-02-20'),(1022,'g',0,'2011-09-16'),(4990,'g',3,'2011-09-16'),(23,'g',0,'2012-01-22'),(580,'g',0,'2011-12-30'),(5120,'g',0,'2012-02-19'),(5095,'g',0,'2012-02-19'),(38932,'g',0,'2011-09-16'),(1042,'g',7,'2011-09-16'),(4943,'g',5,'2011-09-16'),(5089,'g',0,'2012-03-06'),(60,'g',0,'2012-02-12'),(1031,'g',2,'2011-09-16'),(5004,'g',0,'2011-09-16'),(196,'g',0,'2012-02-17'),(118,'g',0,'2011-12-30'),(38868,'g',2,'2011-09-16'),(72,'g',0,'2011-10-24'),(5128,'g',0,'2012-02-20'),(4988,'g',0,'2012-03-07'),(136,'g',0,'2011-12-30'),(38866,'g',0,'2011-09-16'),(998,'g',3,'2011-09-16'),(138,'g',0,'2011-12-30'),(38946,'g',0,'2011-09-16'),(5088,'g',0,'2012-02-22'),(154,'g',0,'2012-03-04'),(38849,'g',3,'2011-09-16'),(126,'g',0,'2012-03-06'),(43,'g',2,'2011-09-16'),(637,'g',0,'2012-01-28'),(1047,'g',4,'2011-09-16'),(4983,'g',0,'2011-09-16'),(38942,'g',1,'2011-09-16'),(38951,'g',2,'2011-09-16'),(200,'g',0,'2011-12-30'),(592,'g',0,'2011-10-24'),(1023,'g',4,'2011-09-16'),(901,'g',0,'2011-09-16'),(5114,'g',2,'2011-09-16'),(5112,'g',0,'2011-12-30'),(5131,'g',0,'2012-02-19'),(622,'g',0,'2012-02-24'),(5042,'g',0,'2012-02-19'),(5099,'g',0,'2012-02-19'),(1043,'g',4,'2011-09-16'),(117,'g',0,'2012-03-04'),(203,'g',0,'2012-02-17'),(648,'g',0,'2011-12-30'),(38756,'g',3,'2011-09-16'),(4984,'g',1,'2011-09-16'),(38846,'g',0,'2011-09-16'),(187,'g',0,'2012-03-05'),(6000,'g',0,'2012-03-05'),(189,'g',0,'2011-12-30'),(38830,'g',1,'2011-09-16'),(38862,'g',0,'2011-09-16'),(38832,'g',0,'2011-09-16'),(40735,'g',0,'2011-09-16'),(38955,'g',0,'2011-09-16'),(5122,'g',0,'2012-02-19'),(38772,'g',1,'2011-09-16'),(17,'g',0,'2012-03-04'),(68,'g',0,'2012-02-16'),(610,'g',0,'2012-01-28'),(5053,'g',0,'2012-02-24'),(945,'g',6,'2011-09-16'),(1001,'g',7,'2011-09-16'),(602,'g',4,'2011-09-16'),(4970,'g',0,'2011-09-16'),(38873,'g',0,'2011-09-16'),(40738,'g',2,'2011-09-16'),(38911,'g',1,'2011-09-16'),(5972,'g',0,'2012-02-17'),(905,'g',0,'2011-09-16'),(5143,'g',0,'2012-02-20'),(67,'g',0,'2011-12-27'),(40677,'g',2,'2011-09-16'),(204,'g',0,'2011-12-30'),(658,'g',0,'2011-10-24'),(38931,'g',2,'2011-09-16'),(205,'g',0,'2012-02-20'),(904,'g',0,'2011-09-16'),(5083,'g',0,'2012-03-01'),(915,'g',4,'2011-09-16'),(958,'g',0,'2011-09-16'),(140,'g',0,'2011-12-30'),(896,'g',0,'2011-09-16'),(5121,'g',0,'2012-02-19'),(589,'g',0,'2012-03-05'),(38875,'g',3,'2011-09-16'),(124,'g',0,'2012-03-05'),(5037,'g',2,'2011-09-16'),(952,'g',0,'2011-09-16'),(646,'g',0,'2012-02-13'),(40733,'g',6,'2011-09-16'),(5103,'g',0,'2012-02-13'),(40741,'g',0,'2011-09-16'),(38907,'g',0,'2011-09-16'),(5007,'g',0,'2012-03-01'),(146,'g',0,'2011-12-30'),(627,'g',2,'2011-09-16'),(654,'g',0,'2012-03-05'),(104,'g',0,'2011-12-21'),(4931,'g',6,'2011-09-16'),(5104,'g',0,'2011-09-16'),(40673,'g',2,'2011-09-16'),(548,'g',0,'2012-02-13'),(590,'g',0,'2012-02-09'),(5022,'g',0,'2012-02-19'),(121,'g',0,'2012-02-29'),(38937,'g',0,'2011-09-16'),(130,'g',0,'2011-12-30'),(38771,'g',3,'2011-09-16'),(4888,'g',2,'2011-09-16'),(158,'g',0,'2012-02-24'),(152,'g',0,'2012-02-17'),(649,'g',0,'2011-09-16'),(163,'g',0,'2011-12-30'),(40661,'g',1,'2011-09-16'),(604,'g',0,'2011-10-24'),(44,'g',0,'2011-12-27'),(956,'g',0,'2011-09-16'),(960,'g',3,'2011-09-16'),(38913,'g',4,'2011-09-16'),(1219,'g',3,'2011-09-16'),(652,'g',4,'2011-09-16'),(5132,'g',0,'2012-02-22'),(1026,'g',2,'2011-09-16'),(38930,'g',3,'2011-09-16'),(40685,'g',0,'2011-09-16'),(639,'g',0,'2012-03-05'),(40655,'g',0,'2011-09-16'),(657,'g',0,'2012-03-05'),(5098,'g',0,'2011-12-30'),(1029,'g',0,'2011-09-16'),(40656,'g',0,'2011-09-16'),(40701,'g',2,'2011-09-16'),(5126,'g',0,'2012-02-18'),(153,'g',0,'2012-02-17'),(38879,'g',0,'2011-09-16'),(40700,'g',0,'2011-09-16'),(38936,'g',4,'2011-09-16'),(38933,'g',0,'2011-09-16'),(918,'g',2,'2011-09-16'),(40740,'g',0,'2011-09-16'),(549,'g',0,'2012-03-06'),(139,'g',0,'2011-12-30'),(40681,'g',0,'2011-09-16'),(615,'g',0,'2012-03-06'),(38949,'g',0,'2011-09-16'),(659,'g',0,'2012-02-15'),(1238,'g',2,'2011-09-16'),(5091,'g',0,'2012-02-18'),(601,'g',0,'2012-03-05'),(40687,'g',5,'2011-09-16'),(38863,'g',2,'2011-09-16'),(1024,'g',0,'2011-09-16'),(164,'g',0,'2011-10-24'),(74,'g',0,'2012-02-13'),(38865,'g',2,'2011-09-16'),(997,'g',2,'2011-09-16'),(40674,'g',0,'2011-09-16'),(5057,'g',0,'2012-02-19'),(1050,'g',2,'2011-09-16'),(5047,'g',6,'2011-09-16'),(949,'g',1,'2011-09-16'),(40657,'g',2,'2011-09-16'),(616,'g',0,'2012-02-18'),(992,'g',0,'2011-09-16'),(38939,'g',1,'2011-09-16'),(38869,'g',0,'2011-09-16'),(4937,'g',5,'2011-09-16'),(159,'g',0,'2011-12-30'),(1025,'g',2,'2011-09-16'),(642,'g',0,'2012-02-13'),(5015,'g',0,'2011-09-16'),(40734,'g',3,'2011-09-16'),(25,'g',0,'2012-01-22'),(40658,'g',2,'2011-09-16'),(550,'g',4,'2011-09-16'),(4927,'g',6,'2011-09-16'),(73,'g',0,'2011-12-27'),(5137,'g',0,'2012-03-02'),(5036,'g',2,'2011-09-16'),(38848,'g',4,'2011-09-16'),(40692,'g',0,'2011-09-16'),(150,'g',0,'2011-12-30'),(5111,'g',0,'2012-02-23'),(647,'g',3,'2011-09-16'),(5113,'g',0,'2011-12-30'),(661,'g',0,'2012-02-17'),(638,'g',2,'2011-09-16'),(632,'g',2,'2011-09-16'),(40739,'g',2,'2011-09-16'),(4989,'g',0,'2012-03-06'),(5127,'g',1,'2011-09-16'),(38954,'g',4,'2011-09-16'),(996,'g',0,'2011-09-16'),(40695,'g',0,'2011-09-16'),(186,'g',0,'2012-03-05'),(597,'g',0,'2012-03-06'),(5005,'g',0,'2011-12-30'),(145,'g',0,'2011-12-30'),(5006,'g',1,'2011-09-16'),(1027,'g',6,'2011-09-16'),(156,'g',0,'2011-12-30'),(605,'g',0,'2012-02-18'),(38912,'g',0,'2011-09-16'),(40694,'g',0,'2011-09-16'),(643,'g',0,'2012-02-13'),(40680,'g',0,'2011-09-16'),(5124,'g',0,'2012-02-18'),(1045,'g',0,'2011-09-16'),(38916,'g',0,'2011-09-16'),(5130,'g',0,'2012-02-19'),(909,'g',4,'2011-09-16'),(921,'g',4,'2011-09-16'),(4886,'g',0,'2011-09-16'),(4951,'g',3,'2011-09-16'),(100,'g',0,'2012-03-04'),(634,'g',0,'2012-03-06'),(5087,'g',0,'2012-03-02'),(5051,'g',5,'2011-09-16'),(195,'g',0,'2011-12-30'),(40679,'g',0,'2011-09-16'),(199,'g',0,'2011-12-30'),(165,'g',0,'2011-12-30'),(38909,'g',0,'2011-09-16'),(16,'g',0,'2012-02-17'),(40662,'g',4,'2011-09-16'),(5056,'g',0,'2012-03-06'),(148,'g',0,'2011-12-30'),(4913,'g',2,'2011-09-16'),(5116,'g',0,'2011-12-30'),(40699,'g',1,'2011-09-16'),(557,'g',0,'2012-02-21'),(38871,'g',2,'2011-09-16'),(897,'g',5,'2011-09-16'),(609,'g',0,'2012-02-18'),(4996,'g',2,'2011-09-16'),(147,'g',0,'2012-02-13'),(957,'g',1,'2011-09-16'),(5097,'g',0,'2012-03-06'),(38948,'g',0,'2011-09-16'),(968,'g',0,'2011-09-16'),(19,'g',0,'2012-02-17'),(655,'g',0,'2012-02-18'),(5076,'g',0,'2012-02-22'),(635,'g',3,'2011-09-16'),(38767,'g',1,'2011-09-16'),(38928,'g',0,'2011-09-16'),(38935,'g',4,'2011-09-16'),(914,'g',4,'2011-09-16'),(587,'g',0,'2012-03-05'),(38770,'g',2,'2011-09-16'),(38757,'g',4,'2011-09-16'),(640,'g',0,'2012-02-17'),(651,'g',0,'2011-09-16'),(162,'g',0,'2011-12-30'),(4914,'g',7,'2011-09-17'),(607,'g',0,'2012-03-05'),(40672,'g',0,'2011-09-17'),(144,'g',0,'2011-12-30'),(619,'g',0,'2012-02-26'),(22,'g',0,'2012-02-12'),(612,'g',0,'2012-02-18'),(133,'g',0,'2011-12-30'),(5090,'g',0,'2012-02-18'),(5017,'g',0,'2012-02-18'),(38915,'g',4,'2011-09-17'),(38941,'g',3,'2011-09-17'),(40690,'g',0,'2011-09-17'),(125,'g',0,'2011-12-30'),(38827,'g',3,'2011-09-17'),(5105,'g',0,'2011-12-30'),(5999,'g',0,'2012-02-25'),(625,'g',0,'2012-03-06'),(5045,'g',0,'2012-02-27'),(542,'g',0,'2012-03-05'),(4995,'g',0,'2011-09-17'),(4921,'g',2,'2011-09-17'),(644,'g',0,'2012-02-12'),(906,'g',0,'2011-09-17'),(898,'g',1,'2011-09-17'),(40691,'g',0,'2011-09-17'),(5129,'g',0,'2012-02-18'),(911,'g',0,'2011-09-17'),(944,'g',3,'2011-09-17'),(123,'g',0,'2012-02-16'),(1237,'g',2,'2011-09-17'),(40683,'g',2,'2011-09-17'),(5101,'g',0,'2012-02-13'),(5059,'g',0,'2012-03-06'),(1051,'g',0,'2011-09-17'),(662,'g',0,'2012-03-05'),(608,'g',0,'2012-02-17'),(45,'g',0,'2012-03-05'),(951,'g',2,'2011-09-17'),(160,'g',0,'2011-12-30'),(38908,'g',0,'2011-09-17'),(5125,'g',0,'2012-02-18'),(595,'g',0,'2012-03-05'),(5044,'g',2,'2011-09-17'),(919,'g',3,'2011-09-17'),(630,'g',0,'2012-03-06'),(66,'g',0,'2012-02-22'),(641,'g',0,'2012-02-20'),(5084,'g',0,'2012-02-23'),(38953,'g',3,'2011-09-17'),(143,'g',0,'2011-12-30'),(959,'g',0,'2011-09-17'),(614,'g',0,'2012-03-05'),(5136,'g',0,'2011-09-17'),(76,'g',0,'2012-02-16'),(663,'g',0,'2012-03-06'),(967,'g',4,'2011-09-17'),(5055,'g',0,'2012-03-06'),(899,'g',2,'2011-09-17'),(40682,'g',2,'2011-09-17'),(119,'g',0,'2012-02-17'),(4938,'g',0,'2011-09-17'),(4968,'g',1,'2011-09-17'),(38847,'g',1,'2011-09-17'),(636,'g',3,'2011-09-17'),(75,'g',0,'2012-03-06'),(577,'g',0,'2012-03-05'),(5138,'g',0,'2012-03-06'),(5020,'g',0,'2012-03-06'),(946,'g',0,'2011-09-17'),(903,'g',4,'2011-09-17'),(1331,'g',3,'2011-09-17'),(966,'g',0,'2011-09-17'),(552,'g',0,'2012-03-06'),(38822,'g',2,'2011-09-17'),(38927,'g',0,'2011-09-17'),(1049,'g',6,'2011-09-17'),(950,'g',4,'2011-09-17'),(633,'g',2,'2011-09-17'),(62,'g',0,'2011-12-27'),(908,'g',2,'2011-09-17'),(5115,'g',0,'2011-09-17'),(948,'g',1,'2011-09-17'),(907,'g',1,'2011-09-17'),(5119,'g',0,'2012-02-19'),(556,'g',0,'2012-03-05'),(5141,'g',0,'2012-03-02'),(650,'g',0,'2012-02-18'),(40650,'g',2,'2011-09-17'),(1044,'g',7,'2011-09-17'),(5016,'g',0,'2012-02-18'),(1048,'g',0,'2011-09-17'),(38943,'g',2,'2011-09-17'),(1030,'g',7,'2011-09-17'),(963,'g',0,'2011-09-17'),(961,'g',3,'2011-09-17'),(40652,'g',0,'2011-09-17'),(5140,'g',0,'2012-02-22'),(4985,'g',0,'2011-09-17'),(38950,'g',0,'2011-09-17'),(99,'g',0,'2011-12-30'),(5998,'g',0,'2012-03-02'),(594,'g',2,'2011-09-17'),(38833,'g',2,'2011-09-17'),(995,'g',4,'2011-09-17'),(40646,'g',0,'2011-09-17'),(660,'g',0,'2012-02-17'),(593,'g',0,'2012-03-05'),(38940,'g',0,'2011-09-17'),(131,'g',0,'2011-12-30'),(586,'g',0,'2012-02-19'),(24,'g',0,'2012-01-22'),(553,'g',0,'2011-11-04'),(5039,'g',0,'2011-09-17'),(551,'g',3,'2011-09-17'),(38878,'g',3,'2011-09-17'),(5997,'g',0,'2012-02-25'),(558,'g',0,'2012-02-13'),(559,'g',0,'2012-03-02'),(900,'g',3,'2011-09-17'),(40737,'g',0,'2011-09-17'),(631,'g',0,'2012-02-09'),(38944,'g',4,'2011-09-17'),(5100,'g',0,'2011-09-17'),(596,'g',0,'2012-02-09'),(653,'g',0,'2012-03-06'),(922,'g',0,'2011-09-17'),(38768,'g',0,'2011-09-17'),(40645,'g',0,'2011-09-17'),(606,'g',0,'2011-09-17'),(923,'g',4,'2011-09-17'),(543,'g',0,'2011-10-24'),(664,'g',3,'2011-09-17'),(40647,'g',0,'2011-09-17'),(40648,'g',0,'2011-09-17'),(40688,'g',0,'2011-09-17'),(4969,'g',0,'2011-09-17'),(910,'g',4,'2011-09-17'),(540,'g',0,'2012-03-05'),(541,'g',0,'2012-03-05'),(962,'g',3,'2011-09-17'),(40676,'g',4,'2011-09-17'),(155,'g',0,'2011-12-30'),(611,'g',0,'2012-03-06'),(69,'g',0,'2011-12-27'),(5107,'g',0,'2012-03-06'),(40684,'g',1,'2011-09-17'),(40736,'g',3,'2011-09-17'),(40651,'g',0,'2011-09-17'),(5058,'g',0,'2012-02-19'),(544,'g',3,'2011-09-17'),(18,'g',0,'2012-01-22'),(894,'g',3,'2011-09-17'),(40702,'g',0,'2011-09-17'),(912,'g',4,'2011-09-17'),(621,'g',0,'2012-01-28'),(5041,'g',0,'2012-02-20'),(157,'g',0,'2012-03-05'),(40675,'g',3,'2011-09-17'),(40713,'g',2,'2011-09-17'),(656,'g',0,'2012-02-12'),(917,'g',4,'2011-09-17'),(38870,'g',0,'2011-09-17'),(5081,'g',0,'2012-03-01'),(5939,'g',0,'2012-02-19'),(40644,'g',0,'2011-09-17'),(624,'g',0,'2011-10-19'),(40643,'g',2,'2011-09-17'),(965,'g',3,'2011-09-17'),(5109,'g',4,'2011-09-17'),(617,'g',0,'2012-02-25'),(40653,'g',0,'2011-09-17'),(149,'g',0,'2011-12-30'),(38775,'g',5,'2011-09-17'),(645,'g',0,'2012-02-12'),(5052,'g',0,'2011-09-17'),(599,'g',0,'2012-02-13'),(71,'g',0,'2012-02-17'),(40686,'g',0,'2011-09-17'),(201,'g',0,'2012-02-17'),(194,'g',0,'2012-03-03'),(5080,'g',1,'2011-09-17'),(5092,'g',0,'2012-03-07'),(5102,'g',0,'2012-02-13'),(579,'g',4,'2011-09-17'),(70,'g',0,'2012-03-05'),(116,'g',0,'2012-03-05'),(202,'g',0,'2011-12-30'),(38956,'g',1,'2011-09-17'),(5040,'g',6,'2011-09-17'),(5139,'g',6,'2011-09-17'),(5937,'g',0,'2012-03-07'),(5123,'g',0,'2012-02-19'),(954,'g',2,'2011-09-17'),(920,'g',0,'2011-09-17'),(591,'g',0,'2011-09-17'),(629,'g',0,'2011-09-17'),(151,'g',0,'2011-12-30'),(5043,'g',0,'2012-02-19'),(628,'g',0,'2011-09-17'),(5094,'g',0,'2012-03-01'),(38938,'g',1,'2011-09-17'),(40660,'g',0,'2011-09-17'),(665,'g',0,'2012-02-24'),(5108,'g',0,'2012-03-06'),(5106,'g',0,'2011-12-30'),(555,'g',0,'2012-02-13'),(120,'g',4,'2011-09-17'),(65,'g',0,'2011-12-27'),(5018,'g',0,'2012-02-22'),(38828,'g',2,'2011-09-17'),(92,'g',0,'2012-03-04'),(40654,'g',0,'2011-09-17'),(38821,'g',0,'2011-09-17'),(626,'g',0,'2011-09-17'),(554,'g',0,'2012-03-02'),(38947,'g',0,'2011-09-17'),(4992,'g',0,'2011-12-30'),(1000,'g',0,'2011-09-17'),(127,'g',0,'2012-02-13'),(198,'g',0,'2012-02-20'),(581,'g',0,'2012-03-06'),(38829,'g',0,'2011-09-17'),(4986,'g',0,'2012-03-06'),(38877,'g',0,'2011-09-17'),(161,'g',0,'2011-12-30'),(40689,'g',3,'2011-09-17'),(128,'g',0,'2011-12-21'),(547,'g',0,'2012-02-25'),(197,'g',0,'2012-02-17'),(5951,'g',0,'2012-02-20'),(38831,'g',0,'2011-09-17'),(5989,'g',0,'2012-02-18'),(5993,'g',0,'2012-02-18'),(876,'g',0,'2011-09-17'),(1214,'g',1,'2011-09-17'),(999,'g',7,'2011-09-17'),(5995,'g',0,'2012-02-18'),(5946,'g',0,'2012-02-18'),(5991,'g',0,'2012-02-18'),(5948,'g',0,'2012-02-20'),(5996,'g',0,'2012-03-06'),(5994,'g',0,'2012-02-18'),(953,'g',0,'2011-09-17'),(5988,'g',0,'2012-02-18'),(875,'g',0,'2011-09-17'),(598,'g',4,'2011-09-17'),(866,'g',5,'2011-09-17'),(874,'g',4,'2011-09-17'),(987,'g',3,'2011-09-17'),(5085,'g',0,'2012-02-13'),(1283,'g',4,'2011-09-17'),(882,'g',0,'2011-09-17'),(38860,'g',0,'2011-09-17'),(5019,'g',0,'2012-02-19'),(5950,'g',0,'2012-03-05'),(40678,'g',1,'2011-09-17'),(1280,'g',7,'2011-09-17'),(870,'g',0,'2011-09-17'),(988,'g',0,'2011-09-17'),(5954,'g',0,'2012-02-18'),(877,'g',0,'2011-09-17'),(881,'g',0,'2011-09-17'),(5953,'g',0,'2012-02-12'),(990,'g',0,'2011-09-17'),(989,'g',0,'2011-09-17'),(1284,'g',4,'2011-09-17'),(861,'g',4,'2011-09-17'),(864,'g',3,'2011-09-17'),(5142,'g',0,'2012-03-06'),(5949,'g',0,'2012-02-21'),(5992,'g',0,'2012-02-18'),(985,'g',0,'2011-12-08'),(40649,'g',3,'2011-09-17'),(618,'g',0,'2012-03-05'),(5990,'g',0,'2012-02-18'),(5117,'g',0,'2012-03-01'),(867,'g',3,'2011-09-17'),(5947,'g',0,'2012-02-28'),(5952,'g',0,'2012-02-22'),(5023,'g',0,'2012-02-19'),(623,'g',0,'2011-09-17'),(5049,'g',0,'2012-03-02'),(5955,'g',0,'2012-02-18'),(880,'g',0,'2011-09-17'),(4994,'g',0,'2012-03-01'),(895,'g',3,'2011-09-17'),(20,'g',0,'2012-02-15'),(588,'g',0,'2012-03-02'),(38872,'g',0,'2011-09-17'),(1285,'g',2,'2011-09-17'),(5110,'g',0,'2011-09-17'),(4887,'g',2,'2011-09-17'),(879,'g',3,'2011-09-17'),(986,'g',1,'2011-09-17'),(5134,'g',0,'2012-03-06'),(916,'g',0,'2011-09-17'),(545,'g',3,'2011-09-17'),(878,'g',4,'2011-09-17'),(1313,'g',3,'2011-09-17'),(1315,'g',2,'2011-09-17'),(1314,'g',2,'2011-09-17'),(4934,'g',3,'2011-09-17'),(1293,'g',6,'2011-09-17'),(1347,'g',5,'2011-09-17'),(883,'g',3,'2011-09-17'),(238,'g',0,'2011-12-30'),(170,'g',0,'2011-12-30'),(375,'g',0,'2012-03-06'),(369,'g',0,'2012-03-06'),(370,'g',0,'2012-02-11'),(208,'g',0,'2011-10-18'),(214,'g',0,'2011-10-18'),(303,'g',0,'2011-10-18'),(304,'g',0,'2011-10-18'),(306,'g',0,'2011-10-18'),(307,'g',0,'2011-10-18'),(215,'g',0,'2011-10-18'),(302,'g',0,'2011-10-18'),(305,'g',0,'2011-10-18'),(308,'g',0,'2011-10-18'),(341,'g',0,'2012-02-23'),(703,'g',0,'2011-10-19'),(755,'g',0,'2012-02-17'),(706,'g',0,'2012-02-17'),(806,'g',0,'2011-10-19'),(728,'g',0,'2011-10-23'),(767,'g',0,'2011-10-23'),(776,'g',0,'2011-10-23'),(695,'g',0,'2011-10-23'),(809,'g',0,'2011-10-23'),(26,'g',0,'2012-01-22'),(447,'g',0,'2012-02-17'),(329,'g',0,'2012-02-17'),(453,'g',0,'2012-02-17'),(491,'g',0,'2011-11-04'),(773,'g',0,'2012-03-07'),(827,'g',0,'2012-03-07'),(833,'g',0,'2012-03-07'),(336,'g',0,'2012-02-17'),(492,'g',0,'2011-11-04'),(858,'g',0,'2011-11-21'),(689,'g',0,'2012-02-17'),(717,'g',0,'2012-02-17'),(744,'g',0,'2012-02-17'),(798,'g',0,'2012-02-17'),(708,'g',0,'2012-02-17'),(851,'g',0,'2012-02-17'),(670,'g',0,'2012-02-12'),(1546,'g',0,'2011-12-02'),(1365,'g',0,'2011-12-02'),(1442,'g',0,'2011-12-02'),(1597,'g',0,'2011-12-02'),(1366,'g',0,'2011-12-02'),(1494,'g',0,'2011-12-02'),(1523,'g',0,'2011-12-02'),(1016,'g',0,'2011-12-02'),(1950,'g',0,'2011-12-02'),(1483,'g',0,'2011-12-02'),(2420,'g',0,'2011-12-02'),(2921,'g',0,'2011-12-02'),(1369,'g',0,'2011-12-02'),(1386,'g',0,'2011-12-02'),(1477,'g',0,'2011-12-02'),(2414,'g',0,'2011-12-02'),(1944,'g',0,'2011-12-02'),(2915,'g',0,'2011-12-02'),(1010,'g',0,'2011-12-02'),(1012,'g',0,'2011-12-02'),(1479,'g',0,'2011-12-02'),(1946,'g',0,'2011-12-02'),(2416,'g',0,'2011-12-02'),(2917,'g',0,'2011-12-02'),(1919,'g',0,'2011-12-08'),(1452,'g',0,'2011-12-08'),(2389,'g',0,'2011-12-08'),(2890,'g',0,'2011-12-08'),(4508,'g',0,'2011-12-08'),(3941,'g',0,'2011-12-08'),(3396,'g',0,'2011-12-08'),(2483,'g',0,'2011-12-10'),(2379,'g',0,'2011-12-10'),(2460,'g',0,'2011-12-10'),(2301,'g',0,'2011-12-10'),(2300,'g',0,'2011-12-10'),(2306,'g',0,'2011-12-10'),(2323,'g',0,'2011-12-10'),(2303,'g',0,'2011-12-10'),(2431,'g',0,'2011-12-10'),(2302,'g',0,'2011-12-10'),(852,'g',0,'2012-03-03'),(427,'g',0,'2012-02-16'),(178,'g',0,'2011-12-27'),(180,'g',0,'2012-03-05'),(357,'g',0,'2012-02-22'),(344,'g',0,'2012-02-22'),(310,'g',0,'2012-02-22'),(313,'g',0,'2012-02-22'),(224,'g',0,'2012-02-22'),(315,'g',0,'2012-02-22'),(409,'g',0,'2012-02-22'),(211,'g',0,'2011-12-29'),(216,'g',0,'2011-12-30'),(135,'g',0,'2011-12-30'),(227,'g',0,'2011-12-30'),(168,'g',0,'2011-12-30'),(233,'g',0,'2011-12-30'),(213,'g',0,'2011-12-30'),(218,'g',0,'2011-12-30'),(702,'g',0,'2012-02-17'),(5645,'g',0,'2012-02-17'),(419,'g',0,'2012-02-17'),(5674,'g',0,'2012-02-17'),(240,'g',0,'2011-12-30'),(221,'g',0,'2011-12-30'),(210,'g',0,'2011-12-30'),(234,'g',0,'2011-12-30'),(242,'g',0,'2011-12-30'),(173,'g',0,'2011-12-30'),(176,'g',0,'2011-12-30'),(77,'g',0,'2011-12-30'),(184,'g',0,'2011-12-30'),(338,'g',0,'2012-02-17'),(668,'g',0,'2012-02-18'),(343,'g',0,'2011-12-30'),(349,'g',0,'2012-02-17'),(319,'g',0,'2012-02-17'),(830,'g',0,'2012-02-17'),(430,'g',0,'2011-12-30'),(696,'g',0,'2012-02-18'),(780,'g',0,'2011-12-30'),(5734,'g',0,'2011-12-30'),(698,'g',0,'2012-02-18'),(768,'g',0,'2012-02-17'),(5641,'g',0,'2012-02-17'),(5636,'g',0,'2012-02-17'),(845,'g',0,'2012-02-17'),(5064,'g',0,'2011-12-30'),(720,'g',0,'2012-02-17'),(5677,'g',0,'2012-02-17'),(502,'g',0,'2012-02-17'),(509,'g',0,'2011-12-30'),(331,'g',0,'2012-02-17'),(532,'g',0,'2011-12-30'),(5621,'g',0,'2012-02-17'),(688,'g',0,'2012-02-18'),(450,'g',0,'2012-02-17'),(321,'g',0,'2012-02-17'),(674,'g',0,'2012-02-18'),(5713,'g',0,'2012-02-17'),(236,'g',0,'2012-02-17'),(5649,'g',0,'2012-02-17'),(5714,'g',0,'2011-12-30'),(518,'g',0,'2011-12-30'),(700,'g',0,'2012-02-17'),(179,'g',0,'2011-12-30'),(678,'g',0,'2012-02-18'),(5622,'g',0,'2012-02-17'),(826,'g',0,'2011-12-30'),(414,'g',0,'2012-02-17'),(166,'g',0,'2011-12-30'),(718,'g',0,'2011-12-30'),(241,'g',0,'2011-12-30'),(229,'g',0,'2011-12-30'),(355,'g',0,'2012-02-17'),(212,'g',0,'2011-12-30'),(5717,'g',0,'2011-12-30'),(797,'g',0,'2012-02-17'),(172,'g',0,'2011-12-30'),(228,'g',0,'2011-12-30'),(223,'g',0,'2011-12-30'),(217,'g',0,'2011-12-30'),(679,'g',0,'2012-02-18'),(324,'g',0,'2012-02-17'),(182,'g',0,'2011-12-30'),(844,'g',0,'2012-02-17'),(207,'g',0,'2011-12-30'),(325,'g',0,'2012-02-17'),(226,'g',0,'2011-12-30'),(5652,'g',0,'2012-02-17'),(167,'g',0,'2011-12-30'),(181,'g',0,'2011-12-30'),(347,'g',0,'2012-02-17'),(666,'g',0,'2011-12-30'),(219,'g',0,'2011-12-30'),(239,'g',0,'2011-12-30'),(177,'g',0,'2011-12-30'),(731,'g',0,'2011-12-30'),(231,'g',0,'2011-12-30'),(342,'g',0,'2012-02-17'),(222,'g',0,'2011-12-30'),(673,'g',0,'2012-02-18'),(448,'g',0,'2011-12-30'),(435,'g',0,'2012-02-17'),(235,'g',0,'2011-12-30'),(220,'g',0,'2011-12-30'),(97,'g',0,'2011-12-30'),(225,'g',0,'2011-12-30'),(232,'g',0,'2011-12-30'),(174,'g',0,'2011-12-30'),(230,'g',0,'2011-12-31'),(699,'g',0,'2012-02-18'),(5695,'g',0,'2012-01-01'),(5625,'g',0,'2012-02-17'),(584,'g',0,'2012-03-06'),(712,'g',0,'2012-01-03'),(352,'g',0,'2012-01-03'),(322,'g',0,'2012-03-06'),(494,'g',0,'2012-01-03'),(711,'g',0,'2012-01-03'),(5613,'g',0,'2012-03-06'),(5615,'g',0,'2012-03-06'),(5614,'g',0,'2012-03-06'),(5620,'g',0,'2012-03-06'),(171,'g',0,'2012-01-03'),(348,'g',0,'2012-02-13'),(353,'g',0,'2012-02-13'),(421,'g',0,'2012-02-13'),(5682,'g',0,'2012-02-13'),(469,'g',0,'2012-02-20'),(351,'g',0,'2012-01-09'),(5701,'g',0,'2012-02-20'),(682,'g',0,'2012-02-20'),(5196,'g',0,'2012-01-09'),(5332,'g',0,'2012-02-20'),(5333,'g',0,'2012-02-20'),(408,'g',0,'2012-02-20'),(522,'g',0,'2012-02-20'),(5644,'g',0,'2012-01-09'),(5469,'g',0,'2012-02-19'),(726,'g',0,'2012-01-09'),(5805,'g',0,'2012-03-06'),(719,'g',0,'2012-01-28'),(725,'g',0,'2012-01-28'),(746,'g',0,'2012-01-28'),(738,'g',0,'2012-01-28'),(692,'g',0,'2012-01-28'),(737,'g',0,'2012-01-28'),(5536,'g',0,'2012-01-28'),(5554,'g',0,'2012-01-28'),(5560,'g',0,'2012-01-28'),(5562,'g',0,'2012-01-28'),(5764,'g',0,'2012-03-05'),(5654,'g',0,'2012-03-06'),(332,'g',0,'2012-03-05'),(5728,'g',0,'2012-03-05'),(320,'g',0,'2012-03-05'),(206,'g',0,'2012-01-29'),(686,'g',0,'2012-03-05'),(461,'g',0,'2012-03-05'),(5889,'g',0,'2012-03-06'),(5915,'g',0,'2012-03-06'),(335,'g',0,'2012-02-07'),(404,'g',0,'2012-02-07'),(407,'g',0,'2012-02-07'),(405,'g',0,'2012-02-07'),(799,'g',0,'2012-02-07'),(816,'g',0,'2012-02-07'),(831,'g',0,'2012-02-08'),(5635,'g',0,'2012-02-09'),(5776,'g',0,'2012-02-09'),(5676,'g',0,'2012-02-09'),(5655,'g',0,'2012-02-09'),(5810,'g',0,'2012-02-10'),(5434,'g',0,'2012-02-10'),(5531,'g',0,'2012-02-10'),(766,'g',0,'2012-02-11'),(769,'g',0,'2012-02-11'),(423,'g',0,'2012-02-12'),(316,'g',0,'2012-02-12'),(520,'g',0,'2012-02-12'),(530,'g',0,'2012-02-12'),(535,'g',0,'2012-02-12'),(496,'g',0,'2012-02-12'),(470,'g',0,'2012-02-12'),(478,'g',0,'2012-02-12'),(354,'g',0,'2012-02-12'),(463,'g',0,'2012-02-12'),(503,'g',0,'2012-02-12'),(508,'g',0,'2012-02-12'),(832,'g',0,'2012-02-12'),(671,'g',0,'2012-02-12'),(452,'g',0,'2012-02-13'),(693,'g',0,'2012-02-13'),(672,'g',0,'2012-02-13'),(684,'g',0,'2012-02-13'),(680,'g',0,'2012-02-13'),(681,'g',0,'2012-02-13'),(789,'g',0,'2012-02-13'),(782,'g',0,'2012-02-13'),(5680,'g',0,'2012-02-13'),(730,'g',0,'2012-02-14'),(709,'g',0,'2012-02-14'),(750,'g',0,'2012-02-14'),(5271,'g',0,'2012-02-14'),(5075,'g',0,'2012-02-14'),(5796,'g',0,'2012-02-14'),(5166,'g',0,'2012-02-14'),(5890,'g',0,'2012-02-14'),(5858,'g',0,'2012-02-14'),(5797,'g',0,'2012-02-14'),(5863,'g',0,'2012-02-14'),(5838,'g',0,'2012-02-14'),(751,'g',0,'2012-02-14'),(5396,'g',0,'2012-02-14'),(752,'g',0,'2012-02-14'),(669,'g',0,'2012-02-14'),(5371,'g',0,'2012-02-15'),(5349,'g',0,'2012-02-15'),(5541,'g',0,'2012-02-15'),(5460,'g',0,'2012-02-15'),(5495,'g',0,'2012-02-15'),(5426,'g',0,'2012-02-15'),(5528,'g',0,'2012-02-15'),(5525,'g',0,'2012-02-15'),(748,'g',0,'2012-02-15'),(340,'g',0,'2012-02-15'),(339,'g',0,'2012-02-15'),(514,'g',0,'2012-02-15'),(489,'g',0,'2012-02-15'),(749,'g',0,'2012-02-15'),(456,'g',0,'2012-02-16'),(505,'g',0,'2012-02-16'),(458,'g',0,'2012-02-16'),(479,'g',0,'2012-02-17'),(487,'g',0,'2012-02-17'),(519,'g',0,'2012-02-17'),(5689,'g',0,'2012-02-17'),(5958,'g',0,'2012-02-17'),(5963,'g',0,'2012-02-17'),(5428,'g',0,'2012-02-17'),(5432,'g',0,'2012-02-17'),(5442,'g',0,'2012-02-17'),(5450,'g',0,'2012-02-17'),(5466,'g',0,'2012-02-17'),(5483,'g',0,'2012-02-17'),(5496,'g',0,'2012-02-17'),(5511,'g',0,'2012-02-17'),(5514,'g',0,'2012-02-17'),(5515,'g',0,'2012-02-17'),(5566,'g',0,'2012-02-17'),(5707,'g',0,'2012-02-17'),(5482,'g',0,'2012-02-17'),(5516,'g',0,'2012-02-17'),(5519,'g',0,'2012-02-17'),(460,'g',0,'2012-02-17'),(813,'g',0,'2012-02-17'),(5720,'g',0,'2012-02-17'),(5897,'g',0,'2012-02-17'),(457,'g',0,'2012-02-17'),(733,'g',0,'2012-02-17'),(774,'g',0,'2012-02-18'),(5839,'g',0,'2012-02-18'),(5683,'g',0,'2012-02-18'),(847,'g',0,'2012-02-18'),(5433,'g',0,'2012-02-18'),(5752,'g',0,'2012-02-18'),(5749,'g',0,'2012-02-18'),(5342,'g',0,'2012-02-18'),(5685,'g',0,'2012-02-18'),(5773,'g',0,'2012-02-18'),(5571,'g',0,'2012-02-18'),(5559,'g',0,'2012-02-18'),(5817,'g',0,'2012-02-18'),(5422,'g',0,'2012-02-18'),(5191,'g',0,'2012-02-18'),(761,'g',0,'2012-02-18'),(5793,'g',0,'2012-02-18'),(5732,'g',0,'2012-02-18'),(5918,'g',0,'2012-02-18'),(5770,'g',0,'2012-02-18'),(5711,'g',0,'2012-02-18'),(5659,'g',0,'2012-02-18'),(5882,'g',0,'2012-02-18'),(5699,'g',0,'2012-02-18'),(5661,'g',0,'2012-02-18'),(5853,'g',0,'2012-02-18'),(5901,'g',0,'2012-02-18'),(5750,'g',0,'2012-02-18'),(5812,'g',0,'2012-02-18'),(5841,'g',0,'2012-02-18'),(5288,'g',0,'2012-02-18'),(5210,'g',0,'2012-02-18'),(5693,'g',0,'2012-02-18'),(5321,'g',0,'2012-02-18'),(5228,'g',0,'2012-02-18'),(5447,'g',0,'2012-02-18'),(5513,'g',0,'2012-02-18'),(5917,'g',0,'2012-02-18'),(5821,'g',0,'2012-02-18'),(5807,'g',0,'2012-02-18'),(5925,'g',0,'2012-02-18'),(5716,'g',0,'2012-02-18'),(5327,'g',0,'2012-02-18'),(5547,'g',0,'2012-02-18'),(5204,'g',0,'2012-02-18'),(5206,'g',0,'2012-02-18'),(5245,'g',0,'2012-02-18'),(5205,'g',0,'2012-02-18'),(5314,'g',0,'2012-02-18'),(5226,'g',0,'2012-02-18'),(5467,'g',0,'2012-02-18'),(828,'g',0,'2012-02-18'),(5448,'g',0,'2012-02-18'),(5778,'g',0,'2012-02-19'),(5550,'g',0,'2012-02-19'),(5862,'g',0,'2012-02-19'),(5813,'g',0,'2012-02-19'),(5741,'g',0,'2012-02-19'),(5648,'g',0,'2012-02-19'),(5726,'g',0,'2012-02-19'),(5855,'g',0,'2012-02-19'),(5660,'g',0,'2012-02-19'),(5705,'g',0,'2012-02-19'),(5883,'g',0,'2012-02-19'),(5365,'g',0,'2012-02-19'),(853,'g',0,'2012-02-19'),(5538,'g',0,'2012-02-19'),(5453,'g',0,'2012-02-19'),(5316,'g',0,'2012-02-19'),(5202,'g',0,'2012-02-19'),(5370,'g',0,'2012-02-19'),(5564,'g',0,'2012-02-19'),(5207,'g',0,'2012-02-19'),(5960,'g',0,'2012-02-19'),(849,'g',0,'2012-02-19'),(5794,'g',0,'2012-02-19'),(5786,'g',0,'2012-02-19'),(5399,'g',0,'2012-02-19'),(5545,'g',0,'2012-02-19'),(5533,'g',0,'2012-02-19'),(765,'g',0,'2012-02-19'),(5768,'g',0,'2012-02-19'),(5397,'g',0,'2012-02-19'),(5211,'g',0,'2012-02-19'),(5244,'g',0,'2012-02-19'),(5759,'g',0,'2012-02-19'),(5543,'g',0,'2012-02-19'),(5402,'g',0,'2012-02-19'),(5312,'g',0,'2012-02-19'),(5451,'g',0,'2012-02-19'),(5456,'g',0,'2012-02-19'),(5227,'g',0,'2012-02-19'),(5800,'g',0,'2012-02-19'),(5787,'g',0,'2012-02-19'),(5213,'g',0,'2012-02-19'),(5172,'g',0,'2012-02-19'),(5225,'g',0,'2012-02-19'),(753,'g',0,'2012-02-19'),(5215,'g',0,'2012-02-19'),(5201,'g',0,'2012-02-19'),(5145,'g',0,'2012-02-19'),(5783,'g',0,'2012-02-19'),(5188,'g',0,'2012-02-19'),(5427,'g',0,'2012-02-19'),(5468,'g',0,'2012-02-19'),(5278,'g',0,'2012-02-19'),(5446,'g',0,'2012-02-19'),(5832,'g',0,'2012-02-19'),(5229,'g',0,'2012-02-19'),(5753,'g',0,'2012-02-20'),(5902,'g',0,'2012-02-20'),(5470,'g',0,'2012-02-20'),(5653,'g',0,'2012-02-20'),(5454,'g',0,'2012-02-20'),(5724,'g',0,'2012-02-20'),(5364,'g',0,'2012-02-20'),(5216,'g',0,'2012-02-20'),(5305,'g',0,'2012-02-20'),(5405,'g',0,'2012-02-20'),(5208,'g',0,'2012-02-20'),(5212,'g',0,'2012-02-20'),(5440,'g',0,'2012-02-20'),(5806,'g',0,'2012-02-20'),(5298,'g',0,'2012-02-20'),(5675,'g',0,'2012-02-20'),(5782,'g',0,'2012-02-20'),(741,'g',0,'2012-02-20'),(5246,'g',0,'2012-02-20'),(5214,'g',0,'2012-02-20'),(5837,'g',0,'2012-02-20'),(5892,'g',0,'2012-02-20'),(5362,'g',0,'2012-02-20'),(5367,'g',0,'2012-02-20'),(5390,'g',0,'2012-02-20'),(5431,'g',0,'2012-02-20'),(412,'g',0,'2012-02-20'),(5962,'g',0,'2012-02-20'),(501,'g',0,'2012-02-20'),(428,'g',0,'2012-02-20'),(317,'g',0,'2012-02-20'),(6002,'g',0,'2012-02-20'),(5640,'g',0,'2012-02-20'),(5967,'g',0,'2012-02-20'),(5459,'g',0,'2012-02-20'),(5237,'g',0,'2012-02-20'),(5735,'g',0,'2012-02-21'),(5260,'g',0,'2012-02-21'),(5561,'g',0,'2012-02-21'),(5729,'g',0,'2012-02-21'),(5865,'g',0,'2012-02-21'),(5366,'g',0,'2012-02-21'),(5455,'g',0,'2012-02-21'),(820,'g',0,'2012-02-21'),(5801,'g',0,'2012-02-21'),(5894,'g',0,'2012-02-21'),(5421,'g',0,'2012-02-21'),(5209,'g',0,'2012-02-21'),(5203,'g',0,'2012-02-21'),(5069,'g',0,'2012-02-21'),(5790,'g',0,'2012-02-21'),(5861,'g',0,'2012-02-21'),(5240,'g',0,'2012-02-22'),(5169,'g',0,'2012-02-22'),(5243,'g',0,'2012-02-22'),(5192,'g',0,'2012-02-22'),(5313,'g',0,'2012-02-22'),(64,'g',0,'2012-02-22'),(417,'g',0,'2012-02-22'),(5324,'g',0,'2012-02-23'),(5157,'g',0,'2012-02-23'),(5161,'g',0,'2012-02-23'),(5922,'g',0,'2012-02-23'),(5658,'g',0,'2012-02-23'),(5242,'g',0,'2012-02-24'),(772,'g',0,'2012-02-24'),(5484,'g',0,'2012-02-24'),(455,'g',0,'2012-02-24'),(812,'g',0,'2012-02-24'),(5373,'g',0,'2012-02-24'),(815,'g',0,'2012-02-24'),(334,'g',0,'2012-02-24'),(724,'g',0,'2012-02-24'),(5627,'g',0,'2012-02-24'),(5290,'g',0,'2012-02-24'),(5633,'g',0,'2012-02-24'),(5341,'g',0,'2012-02-24'),(5758,'g',0,'2012-02-24'),(5733,'g',0,'2012-02-24'),(710,'g',0,'2012-02-24'),(785,'g',0,'2012-02-24'),(734,'g',0,'2012-02-24'),(5651,'g',0,'2012-02-24'),(5526,'g',0,'2012-02-24'),(5463,'g',0,'2012-02-24'),(5639,'g',0,'2012-02-24'),(787,'g',0,'2012-02-24'),(495,'g',0,'2012-02-24'),(5769,'g',0,'2012-02-24'),(5077,'g',0,'2012-02-24'),(443,'g',0,'2012-02-24'),(5719,'g',0,'2012-02-24'),(854,'g',0,'2012-02-24'),(5852,'g',0,'2012-02-24'),(5461,'g',0,'2012-02-24'),(5062,'g',0,'2012-02-24'),(493,'g',0,'2012-02-24'),(5885,'g',0,'2012-02-24'),(5688,'g',0,'2012-02-24'),(5766,'g',0,'2012-02-24'),(843,'g',0,'2012-02-24'),(175,'g',0,'2012-02-25'),(483,'g',0,'2012-02-25'),(5322,'g',0,'2012-02-25'),(5617,'g',0,'2012-02-25'),(697,'g',0,'2012-02-25'),(5643,'g',0,'2012-02-25'),(5607,'g',0,'2012-02-25'),(5605,'g',0,'2012-02-25'),(5884,'g',0,'2012-02-25'),(5763,'g',0,'2012-02-25'),(5738,'g',0,'2012-02-25'),(5619,'g',0,'2012-02-25'),(5608,'g',0,'2012-02-25'),(5609,'g',0,'2012-02-25'),(5604,'g',0,'2012-02-25'),(5606,'g',0,'2012-02-25'),(5912,'g',0,'2012-02-25'),(5408,'g',0,'2012-02-25'),(416,'g',0,'2012-02-25'),(5522,'g',0,'2012-02-25'),(5268,'g',0,'2012-02-25'),(5435,'g',0,'2012-02-25'),(5638,'g',0,'2012-02-25'),(5591,'g',0,'2012-02-26'),(5595,'g',0,'2012-02-26'),(5600,'g',0,'2012-02-26'),(5597,'g',0,'2012-02-26'),(5602,'g',0,'2012-02-26'),(5594,'g',0,'2012-02-26'),(5567,'g',0,'2012-02-27'),(5718,'g',0,'2012-02-27'),(5173,'g',0,'2012-02-27'),(5603,'g',0,'2012-02-27'),(415,'g',0,'2012-02-27'),(346,'g',0,'2012-02-27'),(707,'g',0,'2012-02-27'),(5712,'g',0,'2012-02-27'),(356,'g',0,'2012-02-27'),(5252,'g',0,'2012-02-27'),(5670,'g',0,'2012-02-27'),(5599,'g',0,'2012-02-27'),(5592,'g',0,'2012-02-27'),(5593,'g',0,'2012-02-27'),(6030,'g',0,'2012-02-27'),(5596,'g',0,'2012-02-27'),(5698,'g',0,'2012-02-28'),(5684,'g',0,'2012-02-28'),(5694,'g',0,'2012-02-28'),(5956,'g',0,'2012-02-28'),(5814,'g',0,'2012-02-28'),(5849,'g',0,'2012-02-28'),(6001,'g',0,'2012-02-28'),(5721,'g',0,'2012-02-28'),(5957,'g',0,'2012-02-28'),(5601,'g',0,'2012-02-28'),(5270,'g',0,'2012-02-28'),(5256,'g',0,'2012-02-28'),(5267,'g',0,'2012-02-28'),(5258,'g',0,'2012-02-28'),(5261,'g',0,'2012-02-28'),(5269,'g',0,'2012-02-28'),(5265,'g',0,'2012-02-28'),(5262,'g',0,'2012-02-28'),(5263,'g',0,'2012-02-29'),(5255,'g',0,'2012-02-29'),(5253,'g',0,'2012-02-29'),(5702,'g',0,'2012-02-29'),(6017,'g',0,'2012-02-29'),(345,'g',0,'2012-02-29'),(498,'g',0,'2012-02-29'),(5959,'g',0,'2012-02-29'),(6032,'g',0,'2012-02-29'),(5781,'g',0,'2012-02-29'),(6025,'g',0,'2012-02-29'),(5264,'g',0,'2012-02-29'),(6024,'g',0,'2012-02-29'),(5859,'g',0,'2012-02-29'),(5804,'g',0,'2012-02-29'),(6004,'g',0,'2012-02-29'),(6009,'g',0,'2012-02-29'),(6022,'g',0,'2012-02-29'),(6029,'g',0,'2012-02-29'),(5881,'g',0,'2012-02-29'),(5487,'g',0,'2012-02-29'),(5844,'g',0,'2012-03-01'),(5743,'g',0,'2012-03-01'),(5565,'g',0,'2012-03-01'),(5722,'g',0,'2012-03-01'),(5961,'g',0,'2012-03-01'),(5445,'g',0,'2012-03-01'),(5318,'g',0,'2012-03-01'),(5742,'g',0,'2012-03-01'),(5272,'g',0,'2012-03-01'),(5527,'g',0,'2012-03-01'),(5441,'g',0,'2012-03-01'),(5437,'g',0,'2012-03-01'),(5623,'g',0,'2012-03-01'),(5624,'g',0,'2012-03-01'),(5757,'g',0,'2012-03-01'),(5708,'g',0,'2012-03-01'),(5297,'g',0,'2012-03-01'),(5899,'g',0,'2012-03-01'),(5197,'g',0,'2012-03-01'),(5914,'g',0,'2012-03-01'),(5167,'g',0,'2012-03-01'),(5803,'g',0,'2012-03-01'),(5725,'g',0,'2012-03-01'),(5295,'g',0,'2012-03-01'),(5553,'g',0,'2012-03-01'),(5751,'g',0,'2012-03-01'),(5710,'g',0,'2012-03-01'),(5294,'g',0,'2012-03-01'),(5634,'g',0,'2012-03-01'),(5512,'g',0,'2012-03-01'),(5150,'g',0,'2012-03-01'),(5727,'g',0,'2012-03-01'),(5293,'g',0,'2012-03-01'),(5767,'g',0,'2012-03-01'),(5871,'g',0,'2012-03-01'),(5828,'g',0,'2012-03-01'),(5857,'g',0,'2012-03-01'),(5672,'g',0,'2012-03-01'),(5798,'g',0,'2012-03-01'),(5746,'g',0,'2012-03-01'),(5063,'g',0,'2012-03-01'),(5338,'g',0,'2012-03-01'),(5175,'g',0,'2012-03-01'),(5147,'g',0,'2012-03-01'),(5274,'g',0,'2012-03-01'),(5224,'g',0,'2012-03-01'),(6040,'g',0,'2012-03-01'),(5348,'g',0,'2012-03-01'),(5539,'g',0,'2012-03-01'),(5336,'g',0,'2012-03-01'),(5154,'g',0,'2012-03-01'),(5563,'g',0,'2012-03-01'),(5532,'g',0,'2012-03-01'),(5706,'g',0,'2012-03-01'),(5275,'g',0,'2012-03-01'),(5568,'g',0,'2012-03-01'),(5153,'g',0,'2012-03-01'),(5346,'g',0,'2012-03-01'),(5481,'g',0,'2012-03-01'),(5509,'g',0,'2012-03-01'),(5637,'g',0,'2012-03-01'),(5317,'g',0,'2012-03-01'),(6035,'g',0,'2012-03-01'),(5363,'g',0,'2012-03-01'),(5628,'g',0,'2012-03-01'),(5266,'g',0,'2012-03-01'),(5331,'g',0,'2012-03-01'),(5476,'g',0,'2012-03-01'),(5629,'g',0,'2012-03-01'),(5377,'g',0,'2012-03-01'),(5383,'g',0,'2012-03-01'),(5900,'g',0,'2012-03-01'),(5474,'g',0,'2012-03-02'),(5488,'g',0,'2012-03-02'),(5478,'g',0,'2012-03-02'),(5343,'g',0,'2012-03-02'),(5473,'g',0,'2012-03-02'),(5475,'g',0,'2012-03-02'),(5411,'g',0,'2012-03-02'),(5493,'g',0,'2012-03-02'),(5490,'g',0,'2012-03-02'),(5412,'g',0,'2012-03-02'),(5501,'g',0,'2012-03-02'),(5416,'g',0,'2012-03-02'),(5337,'g',0,'2012-03-02'),(5386,'g',0,'2012-03-02'),(5472,'g',0,'2012-03-02'),(5410,'g',0,'2012-03-02'),(5505,'g',0,'2012-03-02'),(5417,'g',0,'2012-03-02'),(5506,'g',0,'2012-03-02'),(5067,'g',0,'2012-03-02'),(5375,'g',0,'2012-03-02'),(5458,'g',0,'2012-03-02'),(5503,'g',0,'2012-03-02'),(5500,'g',0,'2012-03-02'),(5508,'g',0,'2012-03-02'),(5492,'g',0,'2012-03-02'),(5376,'g',0,'2012-03-02'),(5477,'g',0,'2012-03-02'),(5388,'g',0,'2012-03-02'),(5480,'g',0,'2012-03-02'),(5850,'g',0,'2012-03-02'),(5499,'g',0,'2012-03-02'),(5491,'g',0,'2012-03-02'),(5471,'g',0,'2012-03-02'),(5507,'g',0,'2012-03-02'),(5479,'g',0,'2012-03-02'),(5414,'g',0,'2012-03-02'),(5489,'g',0,'2012-03-02'),(6014,'g',0,'2012-03-02'),(5387,'g',0,'2012-03-02'),(5385,'g',0,'2012-03-02'),(6031,'g',0,'2012-03-02'),(5494,'g',0,'2012-03-03'),(5744,'g',0,'2012-03-05'),(5071,'g',0,'2012-03-05'),(5199,'g',0,'2012-03-05'),(5679,'g',0,'2012-03-05'),(5777,'g',0,'2012-03-05'),(328,'g',0,'2012-03-05'),(333,'g',0,'2012-03-05'),(406,'g',0,'2012-03-05'),(5626,'g',0,'2012-03-05'),(5159,'g',0,'2012-03-05'),(5730,'g',0,'2012-03-05'),(5354,'g',0,'2012-03-05'),(330,'g',0,'2012-03-05'),(425,'g',0,'2012-03-05'),(822,'g',0,'2012-03-05'),(434,'g',0,'2012-03-05'),(676,'g',0,'2012-03-05'),(675,'g',0,'2012-03-05'),(5657,'g',0,'2012-03-05'),(6019,'g',0,'2012-03-05'),(5692,'g',0,'2012-03-05'),(410,'g',0,'2012-03-05'),(183,'g',0,'2012-03-05'),(714,'g',0,'2012-03-05'),(323,'g',0,'2012-03-05'),(413,'g',0,'2012-03-05'),(5860,'g',0,'2012-03-05'),(5843,'g',0,'2012-03-05'),(5748,'g',0,'2012-03-05'),(5690,'g',0,'2012-03-05'),(783,'g',0,'2012-03-05'),(528,'g',0,'2012-03-05'),(811,'g',0,'2012-03-05'),(529,'g',0,'2012-03-05'),(5772,'g',0,'2012-03-05'),(743,'g',0,'2012-03-05'),(462,'g',0,'2012-03-05'),(5831,'g',0,'2012-03-05'),(5736,'g',0,'2012-03-05'),(690,'g',0,'2012-03-05'),(5835,'g',0,'2012-03-05'),(685,'g',0,'2012-03-05'),(5686,'g',0,'2012-03-05'),(481,'g',0,'2012-03-05'),(5731,'g',0,'2012-03-05'),(473,'g',0,'2012-03-05'),(326,'g',0,'2012-03-05'),(454,'g',0,'2012-03-05'),(5846,'g',0,'2012-03-05'),(713,'g',0,'2012-03-05'),(533,'g',0,'2012-03-05'),(762,'g',0,'2012-03-05'),(445,'g',0,'2012-03-05'),(531,'g',0,'2012-03-05'),(446,'g',0,'2012-03-05'),(6010,'g',0,'2012-03-05'),(5709,'g',0,'2012-03-05'),(5775,'g',0,'2012-03-05'),(6036,'g',0,'2012-03-05'),(722,'g',0,'2012-03-05'),(5823,'g',0,'2012-03-05'),(6013,'g',0,'2012-03-05'),(823,'g',0,'2012-03-05'),(739,'g',0,'2012-03-05'),(5774,'g',0,'2012-03-05'),(691,'g',0,'2012-03-05'),(436,'g',0,'2012-03-05'),(524,'g',0,'2012-03-05'),(5833,'g',0,'2012-03-05'),(5842,'g',0,'2012-03-05'),(536,'g',0,'2012-03-05'),(778,'g',0,'2012-03-05'),(5808,'g',0,'2012-03-06'),(5893,'g',0,'2012-03-06'),(309,'g',0,'2012-03-06'),(6008,'g',0,'2012-03-06'),(5848,'g',0,'2012-03-06'),(5691,'g',0,'2012-03-06'),(5854,'g',0,'2012-03-06'),(779,'g',0,'2012-03-06'),(5905,'g',0,'2012-03-06'),(472,'g',0,'2012-03-06'),(817,'g',0,'2012-03-06'),(5840,'g',0,'2012-03-06'),(433,'g',0,'2012-03-06'),(804,'g',0,'2012-03-06'),(5745,'g',0,'2012-03-06'),(482,'g',0,'2012-03-06'),(5895,'g',0,'2012-03-06'),(756,'g',0,'2012-03-06'),(841,'g',0,'2012-03-06'),(732,'g',0,'2012-03-06'),(5303,'g',0,'2012-03-06'),(5190,'g',0,'2012-03-06'),(5060,'g',0,'2012-03-06'),(5162,'g',0,'2012-03-06'),(5155,'g',0,'2012-03-06'),(5193,'g',0,'2012-03-06'),(5187,'g',0,'2012-03-06'),(5163,'g',0,'2012-03-06'),(5144,'g',0,'2012-03-06'),(5148,'g',0,'2012-03-06'),(6043,'g',0,'2012-03-06'),(5189,'g',0,'2012-03-06'),(5548,'g',0,'2012-03-06'),(5549,'g',0,'2012-03-06'),(5524,'g',0,'2012-03-06'),(5520,'g',0,'2012-03-06'),(5464,'g',0,'2012-03-06'),(5497,'g',0,'2012-03-06'),(5443,'g',0,'2012-03-06'),(5888,'g',0,'2012-03-06'),(5498,'g',0,'2012-03-06'),(5323,'g',0,'2012-03-06'),(5286,'g',0,'2012-03-06'),(5285,'g',0,'2012-03-06'),(5309,'g',0,'2012-03-06'),(5400,'g',0,'2012-03-06'),(5282,'g',0,'2012-03-06'),(5283,'g',0,'2012-03-06'),(5281,'g',0,'2012-03-06'),(5284,'g',0,'2012-03-06'),(5647,'g',0,'2012-03-06'),(5449,'g',0,'2012-03-06'),(5715,'g',0,'2012-03-06'),(5632,'g',0,'2012-03-06'),(5631,'g',0,'2012-03-06'),(763,'g',0,'2012-03-06'),(5523,'g',0,'2012-03-06'),(5257,'g',0,'2012-03-06'),(411,'g',0,'2012-03-06'),(740,'g',0,'2012-03-06'),(511,'g',0,'2012-03-06'),(169,'g',0,'2012-03-06'),(418,'g',0,'2012-03-06'),(516,'g',0,'2012-03-06'),(5544,'g',0,'2012-03-06'),(513,'g',0,'2012-03-06'),(6021,'g',0,'2012-03-06'),(5703,'g',0,'2012-03-06'),(5304,'g',0,'2012-03-06'),(5570,'g',0,'2012-03-06'),(5667,'g',0,'2012-03-06'),(5555,'g',0,'2012-03-06'),(5356,'g',0,'2012-03-06'),(5345,'g',0,'2012-03-06'),(5223,'g',0,'2012-03-06'),(5357,'g',0,'2012-03-06'),(5413,'g',0,'2012-03-06'),(5681,'g',0,'2012-03-06'),(5406,'g',0,'2012-03-06'),(5425,'g',0,'2012-03-06'),(5909,'g',0,'2012-03-06'),(5551,'g',0,'2012-03-06'),(5248,'g',0,'2012-03-06'),(5420,'g',0,'2012-03-06'),(704,'g',0,'2012-03-06'),(759,'g',0,'2012-03-06'),(5296,'g',0,'2012-03-06'),(667,'g',0,'2012-03-06'),(5000,'g',0,'2012-03-06'),(5928,'g',0,'2012-03-06'),(5540,'g',0,'2012-03-06'),(5361,'g',0,'2012-03-06'),(5552,'g',0,'2012-03-06'),(5673,'g',0,'2012-03-06'),(5558,'g',0,'2012-03-06'),(5330,'g',0,'2012-03-06'),(5344,'g',0,'2012-03-06'),(5630,'g',0,'2012-03-06'),(5287,'g',0,'2012-03-06'),(5247,'g',0,'2012-03-06'),(5340,'g',0,'2012-03-06'),(5530,'g',0,'2012-03-06'),(5353,'g',0,'2012-03-06'),(814,'g',0,'2012-03-06'),(5319,'g',0,'2012-03-06'),(5546,'g',0,'2012-03-06'),(5259,'g',0,'2012-03-06'),(5557,'g',0,'2012-03-06'),(5669,'g',0,'2012-03-06'),(5251,'g',0,'2012-03-06'),(5518,'g',0,'2012-03-06'),(440,'g',0,'2012-03-06'),(683,'g',0,'2012-03-06'),(788,'g',0,'2012-03-06'),(5250,'g',0,'2012-03-06'),(5756,'g',0,'2012-03-06'),(5650,'g',0,'2012-03-06'),(5415,'g',0,'2012-03-06'),(5642,'g',0,'2012-03-06'),(5898,'g',0,'2012-03-06'),(5359,'g',0,'2012-03-06'),(5556,'g',0,'2012-03-06'),(5423,'g',0,'2012-03-06'),(5249,'g',0,'2012-03-06'),(5419,'g',0,'2012-03-06'),(6037,'g',0,'2012-03-06'),(5238,'g',0,'2012-03-06'),(5233,'g',0,'2012-03-06'),(5355,'g',0,'2012-03-06'),(5916,'g',0,'2012-03-06'),(5418,'g',0,'2012-03-06'),(836,'g',0,'2012-03-06'),(835,'g',0,'2012-03-06'),(5802,'g',0,'2012-03-06'),(5277,'g',0,'2012-03-06'),(5168,'g',0,'2012-03-06'),(5241,'g',0,'2012-03-06'),(5439,'g',0,'2012-03-06'),(793,'g',0,'2012-03-06'),(5822,'g',0,'2012-03-06'),(5521,'g',0,'2012-03-06'),(5792,'g',0,'2012-03-06'),(5830,'g',0,'2012-03-06'),(5438,'g',0,'2012-03-06'),(5502,'g',0,'2012-03-06'),(5065,'g',0,'2012-03-06'),(791,'g',0,'2012-03-06'),(5529,'g',0,'2012-03-06'),(5740,'g',0,'2012-03-07'),(5799,'g',0,'2012-03-07'),(5276,'g',0,'2012-03-07'),(794,'g',0,'2012-03-07'),(5535,'g',0,'2012-03-07'),(6067,'g',0,'2012-03-07'),(796,'g',0,'2012-03-07'),(825,'g',0,'2012-03-07'),(5907,'g',0,'2012-03-07'),(5569,'g',0,'2012-03-07'),(5795,'g',0,'2012-03-07'),(5164,'g',0,'2012-03-07'),(5697,'g',0,'2012-03-07'),(5174,'g',0,'2012-03-07'),(5761,'g',0,'2012-03-07'),(840,'g',0,'2012-03-07'),(5236,'g',0,'2012-03-07'),(838,'g',0,'2012-03-07'),(5534,'g',0,'2012-03-07'),(5696,'g',0,'2012-03-07'),(5704,'g',0,'2012-03-07'),(5896,'g',0,'2012-03-07'),(5864,'g',0,'2012-03-07'),(5389,'g',0,'2012-03-07'),(5485,'g',0,'2012-03-07'),(705,'g',0,'2012-03-07'),(5700,'g',0,'2012-03-07'),(5152,'g',0,'2012-03-07'),(5280,'g',0,'2012-03-07'),(5429,'g',0,'2012-03-07'),(5151,'g',0,'2012-03-07'),(5908,'g',0,'2012-03-07'),(795,'g',0,'2012-03-07'),(781,'g',0,'2012-03-07'),(839,'g',0,'2012-03-07');

--
-- Table structure for table `idx_paid_listing`
--

CREATE TABLE `idx_paid_listing` (
  `link_id` mediumint(9) unsigned NOT NULL DEFAULT '0',
  `premium` char(1) DEFAULT NULL,
  `sponsored` char(1) DEFAULT NULL,
  `expire` datetime DEFAULT NULL,
  `paid` char(1) DEFAULT NULL,
  PRIMARY KEY (`link_id`)
) ENGINE=MyISAM DEFAULT CHARSET=latin1;

--
-- Dumping data for table `idx_paid_listing`
--


--
-- Table structure for table `idx_payment_gateway`
--

CREATE TABLE `idx_payment_gateway` (
  `payment_gateway_id` int(11) NOT NULL AUTO_INCREMENT,
  `name` varchar(100) DEFAULT NULL,
  `enable` char(1) DEFAULT NULL,
  `setting` text,
  `invoice_html` text,
  PRIMARY KEY (`payment_gateway_id`)
) ENGINE=MyISAM AUTO_INCREMENT=9 DEFAULT CHARSET=latin1;

--
-- Dumping data for table `idx_payment_gateway`
--

INSERT INTO `idx_payment_gateway` VALUES (1,'paypal','1','a:2:{s:13:\"payment_email\";s:0:\"\";s:21:\"enable_paypal_sandbox\";s:1:\"0\";}','<p> \r\n	<a href=\'paynow.php?id={$invoice_id}&m=paypal\'><img src=\'http://www.paypal.com/images/x-click-but02.gif\' border=\'0\' alt=\'Make payments with PayPal - it is fast, free and secure!\' /></a> \r\n</p>\r\n'),(2,'2co','0','a:6:{s:6:\"co_sid\";s:5:\"84932\";s:9:\"co_secret\";s:5:\"tango\";s:12:\"co_recurring\";s:1:\"0\";s:9:\"co_prod_1\";s:6:\"100.00\";s:9:\"co_prod_2\";s:6:\"250.00\";s:9:\"co_prod_3\";s:6:\"400.00\";}','<p>\r\n<a href=\'paynow.php?id={$invoice_id}&m=2co\'><img src=\'http://www.2checkout.com/images/overview/btns/25.jpg\' alt=\'Pay Now with 2checkout...\' border=\'0\' /></a> \r\n</p>'),(3,'authorizenet','0','a:2:{s:21:\"authorizenet_login_id\";s:0:\"\";s:21:\"authorizenet_tran_key\";s:0:\"\";}','<p> \r\n<a href=\'paynow.php?id={$invoice_id}&m=authorizenet\'><img src=\'http://www.authorize.net/upload/images/Images/Header/authorizenet_logo.gif\' alt=\'Pay Now with Authorize.Net...\' width=\'99\' height=\'39\' style=\'{border : 1px solid #c0c0c0;}\' /></a>\r\n</p>'),(4,'egold','0','a:2:{s:19:\"egold_payee_account\";s:0:\"\";s:16:\"egold_payee_name\";s:0:\"\";}','<p> \r\n<a href=\'paynow.php?id={$invoice_id}&m=egold\'>\r\n<img src=\'http://www.e-gold.com/gif/paywith.gif\' border=\'0\' alt=\'Pay Now with e-gold...\' />\r\n</a>\r\n</p>'),(5,'moneybookers','0','a:1:{s:18:\"moneybookers_email\";s:0:\"\";}','<p> \r\n<a href=\'paynow.php?id={$invoice_id}&m=paypal\'><img src=\'http://www.moneybookers.com/images/banners/88_en_mb.gif\' border=\'0\' alt=\'Make payments with Moneybookers - it is fast, free and secure!\' /></a> \r\n</p>'),(6,'paypal-subscriptions','0','a:2:{s:13:\"payment_email\";s:0:\"\";s:21:\"enable_paypal_sandbox\";s:1:\"0\";}','<p> \r\n<a href=\'paynow.php?id={$invoice_id}&m=paypal\'><img src=\'https://www.paypal.com/en_US/i/btn/x-click-but20.gif\' border=\'0\' alt=\'Make payments with PayPal - it is fast, free and secure!\' /></a> \r\n</p>'),(7,'alertpay','0','a:2:{s:14:\"alertpay_email\";s:0:\"\";s:23:\"enable_alertpay_sandbox\";s:1:\"0\";}','<p> \r\n<a href=\'paynow.php?id={$invoice_id}&m=alertpay\'>\r\n<img src=\'https://www.alertpay.com/Images/BuyNow/pay_now_3.gif\' border=\'0\' alt=\'Make payments with PayPal - it is fast, free and secure!\' /></a> \r\n</p>'),(8,'alertpay-subcriptions','0','a:2:{s:14:\"alertpay_email\";s:0:\"\";s:23:\"enable_alertpay_sandbox\";s:1:\"0\";}','<p>\r\n<a href=\'paynow.php?id={$invoice_id}&m=alertpay-subcriptions\'>\r\n<img src=\'https://www.alertpay.com/Images/BuyNow/subscribe_now_15.gif\' border=\'0\' alt=\'Make payments with Alert Pay - it is fast, free and secure!\' /></a> \r\n</p>');

--
-- Table structure for table `idx_payment_history`
--

CREATE TABLE `idx_payment_history` (
  `payment_id` int(10) unsigned NOT NULL AUTO_INCREMENT,
  `contact_name` varchar(255) DEFAULT NULL,
  `email` varchar(255) DEFAULT NULL,
  `type` varchar(255) DEFAULT NULL,
  `detail` text,
  `amount` double DEFAULT NULL,
  `time` datetime DEFAULT NULL,
  `invoice_id` varchar(10) DEFAULT NULL,
  PRIMARY KEY (`payment_id`)
) ENGINE=MyISAM DEFAULT CHARSET=latin1;

--
-- Dumping data for table `idx_payment_history`
--


--
-- Table structure for table `idx_pl_sociable`
--

CREATE TABLE `idx_pl_sociable` (
  `sb_id` int(11) NOT NULL AUTO_INCREMENT,
  `sb_name` varchar(255) CHARACTER SET utf8 DEFAULT NULL,
  `sb_url` varchar(255) CHARACTER SET utf8 DEFAULT NULL,
  `sb_icon` varchar(255) CHARACTER SET utf8 DEFAULT NULL,
  `sb_enable` char(1) CHARACTER SET utf8 DEFAULT '0',
  PRIMARY KEY (`sb_id`)
) ENGINE=MyISAM AUTO_INCREMENT=90 DEFAULT CHARSET=latin1;

--
-- Dumping data for table `idx_pl_sociable`
--

INSERT INTO `idx_pl_sociable` VALUES (1,'BarraPunto','http://barrapunto.com/submit.pl?subj=TITLE&amp;story=PERMALINK','barrapunto.png','0'),(2,'Bitacoras.com','http://bitacoras.com/anotaciones/PERMALINK','bitacoras.png','0'),(3,'BlinkList','http://www.blinklist.com/index.php?Action=Blink/addblink.php&amp;Url=PERMALINK&amp;Title=TITLE','blinklist.png','0'),(4,'blogmarks','http://blogmarks.net/my/new.php?mini=1&amp;simple=1&amp;url=PERMALINK&amp;title=TITLE','blogmarks.png','0'),(5,'Blogosphere News','http://www.blogospherenews.com/submit.php?url=PERMALINK&amp;title=TITLE','blogospherenews.png','0'),(6,'blogtercimlap','http://cimlap.blogter.hu/index.php?action=suggest_link&amp;title=TITLE&amp;url=PERMALINK','blogter.png','0'),(7,'Faves','http://faves.com/Authoring.aspx?u=PERMALINK&amp;title=TITLE','bluedot.png','0'),(8,'connotea','http://www.connotea.org/addpopup?continue=confirm&amp;uri=PERMALINK&amp;title=TITLE&amp;description=EXCERPT','connotea.png','0'),(9,'Current','http://current.com/clipper.htm?url=PERMALINK&amp;title=TITLE','current.png','0'),(10,'del.icio.us','http://delicious.com/post?url=PERMALINK&amp;title=TITLE&amp;notes=EXCERPT','delicious.png','0'),(11,'Digg','http://digg.com/submit?phase=2&amp;url=PERMALINK&amp;title=TITLE&amp;bodytext=EXCERPT','digg.png','1'),(12,'Diigo','http://www.diigo.com/post?url=PERMALINK&amp;title=TITLE','diigo.png','0'),(13,'DotNetKicks','http://www.dotnetkicks.com/kick/?url=PERMALINK&amp;title=TITLE','dotnetkicks.png','0'),(14,'DZone','http://www.dzone.com/links/add.html?url=PERMALINK&amp;title=TITLE','dzone.png','0'),(15,'eKudos','http://www.ekudos.nl/artikel/nieuw?url=PERMALINK&amp;title=TITLE&amp;desc=EXCERPT','ekudos.png','0'),(16,'email','mailto:?subject=TITLE&amp;body=PERMALINK','email_link.png','0'),(17,'Facebook','http://www.facebook.com/share.php?u=PERMALINK&amp;t=TITLE','facebook.png','1'),(18,'Fark','http://cgi.fark.com/cgi/fark/farkit.pl?h=TITLE&amp;u=PERMALINK','fark.png','0'),(19,'Fleck','http://beta3.fleck.com/bookmarklet.php?url=PERMALINK&amp;title=TITLE','fleck.png','0'),(20,'FriendFeed','http://www.friendfeed.com/share?title=TITLE&amp;link=PERMALINK','friendfeed.png','0'),(21,'FSDaily','http://www.fsdaily.com/submit?url=PERMALINK&amp;title=TITLE','fsdaily.png','0'),(22,'Global Grind','http://globalgrind.com/submission/submit.aspx?url=PERMALINK&amp;type=Article&amp;title=TITLE','globalgrind.png','0'),(23,'Google','http://www.google.com/bookmarks/mark?op=edit&amp;bkmk=PERMALINK&amp;title=TITLE&amp;annotation=EXCERPT','googlebookmark.png','0'),(24,'Gwar','http://www.gwar.pl/DodajGwar.html?u=PERMALINK','gwar.png','0'),(25,'HackerNews','http://news.ycombinator.com/submitlink?u=PERMALINK&amp;t=TITLE','hackernews.png','0'),(26,'Haohao','http://www.haohaoreport.com/submit.php?url=PERMALINK&amp;title=TITLE','haohao.png','0'),(27,'HealthRanker','http://healthranker.com/submit.php?url=PERMALINK&amp;title=TITLE','healthranker.png','0'),(28,'HelloTxt','http://hellotxt.com/?status=TITLE+PERMALINK','hellotxt.png','0'),(29,'Hemidemi','http://www.hemidemi.com/user_bookmark/new?title=TITLE&amp;url=PERMALINK','hemidemi.png','0'),(30,'Hyves','http://www.hyves.nl/profilemanage/add/tips/?name=TITLE&amp;text=EXCERPT+PERMALINK&amp;rating=5','hyves.png','0'),(31,'Identi.ca','http://identi.ca/notice/new?status_textarea=PERMALINK','identica.png','0'),(32,'IndianPad','http://www.indianpad.com/submit.php?url=PERMALINK','indianpad.png','0'),(33,'Internetmedia','http://internetmedia.hu/submit.php?url=PERMALINK','im.png','0'),(34,'Kirtsy','http://www.kirtsy.com/submit.php?url=PERMALINK&amp;title=TITLE','kirtsy.png','0'),(35,'laaik.it','http://laaik.it/NewStoryCompact.aspx?uri=PERMALINK&amp;headline=TITLE&amp;cat=5e082fcc-8a3b-47e2-acec-fdf64ff19d12','laaikit.png','0'),(36,'LinkArena','http://linkarena.com/bookmarks/addlink/?url=PERMALINK&amp;title=TITLE','linkarena.png','0'),(37,'LinkaGoGo','http://www.linkagogo.com/go/AddNoPopup?url=PERMALINK&amp;title=TITLE','linkagogo.png','0'),(38,'LinkedIn','http://www.linkedin.com/shareArticle?mini=true&amp;url=PERMALINK&amp;title=TITLE&amp;source=BLOGNAME&amp;summary=EXCERPT','linkedin.png','0'),(39,'Linkter','http://www.linkter.hu/index.php?action=suggest_link&amp;url=PERMALINK&amp;title=TITLE','linkter.png','0'),(40,'Live','https://favorites.live.com/quickadd.aspx?marklet=1&amp;url=PERMALINK&amp;title=TITLE','live.png','0'),(41,'Meneame','http://meneame.net/submit.php?url=PERMALINK','meneame.png','0'),(42,'MisterWong','http://www.mister-wong.com/addurl/?bm_url=PERMALINK&amp;bm_description=TITLE&amp;plugin=soc','misterwong.png','0'),(43,'MisterWong.DE','http://www.mister-wong.de/addurl/?bm_url=PERMALINK&amp;bm_description=TITLE&amp;plugin=soc','misterwong.png','0'),(44,'Mixx','http://www.mixx.com/submit?page_url=PERMALINK&amp;title=TITLE','mixx.png','0'),(45,'muti','http://www.muti.co.za/submit?url=PERMALINK&amp;title=TITLE','muti.png','0'),(46,'MyShare','http://myshare.url.com.tw/index.php?func=newurl&amp;url=PERMALINK&amp;desc=TITLE','myshare.png','0'),(47,'MySpace','http://www.myspace.com/Modules/PostTo/Pages/?u=PERMALINK&amp;t=TITLE','myspace.png','0'),(48,'MSNReporter','http://reporter.nl.msn.com/?fn=contribute&amp;Title=TITLE&amp;URL=PERMALINK&amp;cat_id=6&amp;tag_id=31&amp;Remark=EXCERPT','msnreporter.png','0'),(49,'N4G','http://www.n4g.com/tips.aspx?url=PERMALINK&amp;title=TITLE','n4g.png','0'),(50,'Netvibes','http://www.netvibes.com/share?title=TITLE&amp;url=PERMALINK','netvibes.png','0'),(51,'NewsVine','http://www.newsvine.com/_tools/seed&amp;save?u=PERMALINK&amp;h=TITLE','newsvine.png','0'),(52,'Netvouz','http://www.netvouz.com/action/submitBookmark?url=PERMALINK&amp;title=TITLE&amp;popup=no','netvouz.png','0'),(53,'NuJIJ','http://nujij.nl/jij.lynkx?t=TITLE&amp;u=PERMALINK&amp;b=EXCERPT','nujij.png','0'),(54,'Ping.fm','http://ping.fm/ref/?link=PERMALINK&amp;title=TITLE&amp;body=EXCERPT','ping.png','0'),(55,'Posterous','http://posterous.com/share?linkto=PERMALINK&amp;title=TITLE&amp;selection=EXCERPT','posterous.png','0'),(56,'PDF','http://www.printfriendly.com/print?url=PERMALINK&amp;partner=sociable','pdf.png','0'),(57,'Print','http://www.printfriendly.com/print?url=PERMALINK&amp;partner=sociable','printfriendly.png','0'),(58,'Propeller','http://www.propeller.com/submit/?url=PERMALINK','propeller.png','0'),(59,'Ratimarks','http://ratimarks.org/bookmarks.php/?action=add&address=PERMALINK&amp;title=TITLE','ratimarks.png','0'),(60,'Rec6','http://rec6.via6.com/link.php?url=PERMALINK&amp;=TITLE','rec6.png','0'),(61,'Reddit','http://reddit.com/submit?url=PERMALINK&amp;title=TITLE','reddit.png','0'),(62,'RSS','FEEDLINK','rss.png','0'),(63,'Scoopeo','http://www.scoopeo.com/scoop/new?newurl=PERMALINK&amp;title=TITLE','scoopeo.png','0'),(64,'Segnalo','http://segnalo.alice.it/post.html.php?url=PERMALINK&amp;title=TITLE','segnalo.png','0'),(65,'Simpy','http://www.simpy.com/simpy/LinkAdd.do?href=PERMALINK&amp;title=TITLE','simpy.png','0'),(66,'Slashdot','http://slashdot.org/bookmark.pl?title=TITLE&amp;url=PERMALINK','slashdot.png','0'),(67,'Socialogs','http://socialogs.com/add_story.php?story_url=PERMALINK&amp;story_title=TITLE','socialogs.png','0'),(68,'SphereIt','http://www.sphere.com/search?q=sphereit:PERMALINK&amp;title=TITLE','sphere.png','0'),(69,'Sphinn','http://sphinn.com/index.php?c=post&amp;m=submit&amp;link=PERMALINK','sphinn.png','0'),(70,'StumbleUpon','http://www.stumbleupon.com/submit?url=PERMALINK&amp;title=TITLE','stumbleupon.png','0'),(71,'Techmeme','http://twitter.com/home/?status=tip%20@Techmeme%20PERMALINK%20TITLE','techmeme.png','0'),(72,'Technorati','http://technorati.com/faves?add=PERMALINK','technorati.png','1'),(73,'ThisNext','http://www.thisnext.com/pick/new/submit/sociable/?url=PERMALINK&amp;name=TITLE','thisnext.png','0'),(74,'Tipd','http://tipd.com/submit.php?url=PERMALINK','tipd.png','0'),(75,'Tumblr','http://www.tumblr.com/share?v=3&amp;u=PERMALINK&amp;t=TITLE&amp;s=EXCERPT','tumblr.png','0'),(76,'Twitter','http://twitter.com/home?status=TITLE%20-%20PERMALINK','twitter.png','1'),(77,'Upnews','http://www.upnews.it/submit?url=PERMALINK&amp;title=TITLE','upnews.png','0'),(78,'Webnews.de','http://www.webnews.de/einstellen?url=PERMALINK&amp;title=TITLE','webnews.png','0'),(79,'Webride','http://webride.org/discuss/split.php?uri=PERMALINK&amp;title=TITLE','webride.png','0'),(80,'Wikio','http://www.wikio.com/vote?url=PERMALINK','wikio.png','0'),(81,'Wikio FR','http://www.wikio.fr/vote?url=PERMALINK','wikio.png','0'),(82,'Wikio IT','http://www.wikio.it/vote?url=PERMALINK','wikio.png','0'),(83,'Wists','http://wists.com/s.php?c=&amp;r=PERMALINK&amp;title=TITLE','wists.png','0'),(84,'Wykop','http://www.wykop.pl/dodaj?url=PERMALINK','wykop.png','0'),(85,'Xerpi','http://www.xerpi.com/block/add_link_from_extension?url=PERMALINK&amp;title=TITLE','xerpi.png','0'),(86,'YahooBuzz','http://buzz.yahoo.com/submit/?submitUrl=PERMALINK&amp;submitHeadline=TITLE&amp;submitSummary=EXCERPT&amp;submitCategory=science&amp;submitAssetType=text','yahoobuzz.png','0'),(87,'Yahoo! Bookmarks','http://bookmarks.yahoo.com/toolbar/savebm?u=PERMALINK&amp;t=TITLE&opener=bm&amp;ei=UTF-8&amp;d=EXCERPT','yahoomyweb.png','0'),(88,'Yigg','http://yigg.de/neu?exturl=PERMALINK&amp;exttitle=TITLE','yiggit.png','0'),(89,'Blogplay','http://blogplay.com','blogplay.png','0');

--
-- Table structure for table `idx_pl_twitter_account`
--

CREATE TABLE `idx_pl_twitter_account` (
  `ck` varchar(255) CHARACTER SET utf8 DEFAULT NULL,
  `cs` varchar(255) CHARACTER SET utf8 DEFAULT NULL,
  `at` varchar(255) CHARACTER SET utf8 DEFAULT NULL,
  `ats` varchar(255) CHARACTER SET utf8 DEFAULT NULL
) ENGINE=MyISAM DEFAULT CHARSET=latin1;

--
-- Dumping data for table `idx_pl_twitter_account`
--

INSERT INTO `idx_pl_twitter_account` VALUES ('','','','');

--
-- Table structure for table `idx_plugin`
--

CREATE TABLE `idx_plugin` (
  `plugin_id` int(11) NOT NULL AUTO_INCREMENT,
  `name` varchar(255) DEFAULT NULL,
  `plugin_file` varchar(255) DEFAULT NULL,
  `status` enum('0','1') DEFAULT NULL,
  `option_plugin` text,
  PRIMARY KEY (`plugin_id`)
) ENGINE=MyISAM AUTO_INCREMENT=3 DEFAULT CHARSET=latin1;

--
-- Dumping data for table `idx_plugin`
--

INSERT INTO `idx_plugin` VALUES (1,'Sociable','sociable/sociable.php','1',NULL),(2,'AutoTweet','twitter_auto_tweet/twitter_auto_tweet.php','1',NULL);

--
-- Table structure for table `idx_review`
--

CREATE TABLE `idx_review` (
  `review_id` mediumint(9) unsigned NOT NULL AUTO_INCREMENT,
  `link_id` mediumint(9) unsigned NOT NULL DEFAULT '0',
  `review` text NOT NULL,
  `rating` tinyint(3) unsigned NOT NULL DEFAULT '0',
  `date` date NOT NULL DEFAULT '0000-00-00',
  `subject` varchar(100) DEFAULT NULL,
  `status` char(1) DEFAULT NULL,
  `username` varchar(20) DEFAULT NULL,
  `name` varchar(20) DEFAULT NULL,
  `email` varchar(100) DEFAULT NULL,
  PRIMARY KEY (`review_id`)
) ENGINE=MyISAM DEFAULT CHARSET=latin1;

--
-- Dumping data for table `idx_review`
--


--
-- Table structure for table `idx_searchlog`
--

CREATE TABLE `idx_searchlog` (
  `keyword` varchar(100) NOT NULL DEFAULT '',
  `time` datetime NOT NULL DEFAULT '0000-00-00 00:00:00',
  `result` mediumint(9) unsigned DEFAULT NULL,
  `ip` varchar(100) DEFAULT NULL
) ENGINE=MyISAM DEFAULT CHARSET=latin1;

--
-- Dumping data for table `idx_searchlog`
--

INSERT INTO `idx_searchlog` VALUES ('lighting','2011-10-19 22:18:24',6,'75.85.188.121'),('skincancerlosangeles.com','2011-12-02 14:55:06',5,'203.92.47.195'),('eyelidplasticsurgerylosangeles.com','2011-12-02 15:59:01',5,'203.92.47.195'),('Hernialosangeles.com','2011-12-02 17:04:27',5,'203.92.47.195'),('Packing machines','2012-02-17 05:44:16',1,'120.59.72.128'),('Gear Oils','2012-02-18 00:33:34',0,'59.177.129.6'),('Hong Kong Escort','2012-02-18 00:33:48',2,'59.177.129.6'),('Pageants','2012-02-18 00:35:52',1,'59.177.129.6'),('Custom Embroidery Digitizing','2012-02-18 00:36:07',1,'59.177.129.6'),('Embroidery Designs','2012-02-18 00:36:22',3,'59.177.129.6'),('Spider Vein','2012-02-18 00:36:46',2,'59.177.129.6'),('Long Term Alcohol Rehab Centers','2012-02-18 00:37:09',1,'59.177.129.6'),('Executive Retreat','2012-02-18 00:37:26',1,'59.177.129.6'),('Limo Hire London','2012-02-18 00:37:39',1,'59.177.129.6'),('Atv Rentals','2012-02-18 00:37:44',1,'59.177.129.6'),('Window Cleaning London','2012-02-18 00:38:12',1,'59.177.129.6'),('Bathroom Fitter London','2012-02-18 00:38:21',1,'59.177.129.6'),('Bellevue House Cleaning','2012-02-18 00:38:37',2,'59.177.129.6'),('Living Rooms Furniture','2012-02-18 00:38:55',1,'59.177.129.6'),('Bed And Breakfast Brooklyn Ny','2012-02-18 00:39:09',1,'59.177.129.6'),('Bellevue House Cleaning','2012-02-18 00:40:52',2,'59.177.129.6'),('Embroidery Designs','2012-02-18 00:41:16',3,'59.177.129.6'),('Gear Oils','2012-02-18 00:42:54',1,'59.177.129.6'),('SEO Company','2012-02-18 00:44:00',12,'59.177.129.6'),('Free Video Conferencing Online','2012-02-18 00:44:56',1,'59.177.129.6'),('Hong Kong Escort','2012-02-18 00:45:46',3,'59.177.129.6'),('Hong Kong Escort','2012-02-18 00:48:29',7,'59.177.129.6'),('Packing machines','2012-02-20 21:40:30',0,'59.177.131.180');

--
-- Table structure for table `idx_set_hook_place`
--

CREATE TABLE `idx_set_hook_place` (
  `set_hook_place_id` int(11) NOT NULL AUTO_INCREMENT,
  `plugin` varchar(255) DEFAULT NULL,
  `set_hook_place` text,
  PRIMARY KEY (`set_hook_place_id`)
) ENGINE=MyISAM DEFAULT CHARSET=latin1;

--
-- Dumping data for table `idx_set_hook_place`
--


--
-- Table structure for table `idx_setting`
--

CREATE TABLE `idx_setting` (
  `setting_id` int(11) NOT NULL AUTO_INCREMENT,
  `setting_name` varchar(255) DEFAULT NULL,
  `setting_value` text,
  PRIMARY KEY (`setting_id`)
) ENGINE=MyISAM AUTO_INCREMENT=55 DEFAULT CHARSET=latin1;

--
-- Dumping data for table `idx_setting`
--

INSERT INTO `idx_setting` VALUES (4,'site_name','hurrah.me'),(5,'site_url','http://hurrah.me'),(6,'email_address','brianas.kingbird@gmail.com'),(7,'language_code','en_US'),(8,'theme_path','/home/hurrah/public_html/themes/'),(9,'admin_template_path','/home/hurrah/public_html/admin_tpl/'),(10,'plugin_path','/home/hurrah/public_html/plugin/'),(12,'active_theme','_hurrah'),(14,'spam_proof','1'),(15,'enable_user_validation','1'),(16,'allowed_file_extension','gif,jpg,png,pdf,zip,doc'),(17,'yahoo_appid',''),(18,'whosonline','600'),(19,'reciprocal_check','0'),(20,'urlcheck_limit','1'),(21,'pagerank_cache','30'),(22,'max_image_width','1024'),(23,'max_image_height','756'),(24,'max_file_size','500'),(25,'only_registered_can_add_link','0'),(26,'only_registered_can_add_review','0'),(27,'db_use_persistent','0'),(28,'paid_link_day_period','30,60,90,180'),(29,'paid_link_price_factor','1,1.5,2,3'),(30,'enable_html_tag','1'),(31,'allowed_html_tag','<b>,<strong>,<i>,<em>,<u>,<pre>,<blockquote>,<ol>,<ul>,<li>,<p>,<span>,<div>,<table>,<tr>,<td>'),(32,'enable_page_compression','0'),(33,'enable_category_ajax','1'),(34,'require_visit_category','0'),(35,'additional_category_price','0.5'),(36,'enable_rating_ajax','1'),(37,'service_nicecoder_avail','1'),(38,'enable_recaptcha','0'),(39,'recaptcha_publickey',''),(40,'recaptcha_privatekey',''),(41,'enable_bidding','0'),(42,'minimum_bid','5'),(43,'bid_increament','1'),(44,'charset','utf-8'),(45,'mailer','mail'),(46,'smtp_auth','0'),(47,'smtp_host',''),(48,'smtp_username',''),(49,'smtp_password',''),(50,'smtp_port','25'),(51,'emailbody_as_html','0'),(52,'indexu_version','2.4'),(53,'tos',''),(54,'submission_guidelines','');

--
-- Table structure for table `idx_tags`
--

CREATE TABLE `idx_tags` (
  `tag` varchar(64) NOT NULL DEFAULT '',
  `category_id` mediumint(8) unsigned NOT NULL DEFAULT '0',
  `total` int(11) NOT NULL DEFAULT '0',
  `tag_path` varchar(64) NOT NULL,
  PRIMARY KEY (`tag`,`category_id`)
) ENGINE=MyISAM DEFAULT CHARSET=latin1;

--
-- Dumping data for table `idx_tags`
--


--
-- Table structure for table `idx_unavailable`
--

CREATE TABLE `idx_unavailable` (
  `idx_unavailable` int(11) NOT NULL AUTO_INCREMENT,
  `link_id` int(11) DEFAULT NULL,
  `url` varchar(255) DEFAULT NULL,
  `who_is` varchar(255) DEFAULT NULL,
  `note` text,
  `date` datetime DEFAULT NULL,
  PRIMARY KEY (`idx_unavailable`)
) ENGINE=MyISAM DEFAULT CHARSET=latin1;

--
-- Dumping data for table `idx_unavailable`
--


--
-- Table structure for table `idx_unavailable_latest`
--

CREATE TABLE `idx_unavailable_latest` (
  `idx_link` int(11) DEFAULT NULL,
  `record_execution` int(11) DEFAULT NULL
) ENGINE=MyISAM DEFAULT CHARSET=latin1;

--
-- Dumping data for table `idx_unavailable_latest`
--


--
-- Table structure for table `idx_votes`
--

CREATE TABLE `idx_votes` (
  `link_id` mediumint(9) NOT NULL DEFAULT '0',
  `ip` varchar(100) DEFAULT NULL,
  `value` tinyint(4) DEFAULT NULL
) ENGINE=MyISAM DEFAULT CHARSET=latin1;

--
-- Dumping data for table `idx_votes`
--



