--
-- Host: ilweb.biz    Database: ilweb_live
-- ------------------------------------------------------


--
-- Table structure for table `directory_save_data`
--

CREATE TABLE `directory_save_data` (
  `id` bigint(100) NOT NULL AUTO_INCREMENT,
  `schedule_id` bigint(100) NOT NULL,
  `project_id` bigint(100) NOT NULL,
  `link_id` bigint(100) NOT NULL,
  `confirm_link` text NOT NULL,
  `category_id` int(10) NOT NULL,
  `category_name` varchar(150) NOT NULL,
  PRIMARY KEY (`id`)
) ENGINE=InnoDB DEFAULT CHARSET=latin1;

--
-- Dumping data for table `directory_save_data`
--


--
-- Table structure for table `idx_admin_menu`
--

CREATE TABLE `idx_admin_menu` (
  `menu_id` int(11) NOT NULL AUTO_INCREMENT,
  `parent_id` int(11) DEFAULT NULL,
  `menu_title` varchar(255) DEFAULT NULL,
  `menu_url` varchar(255) DEFAULT NULL,
  `order_number` int(11) DEFAULT NULL,
  PRIMARY KEY (`menu_id`)
) ENGINE=MyISAM AUTO_INCREMENT=85 DEFAULT CHARSET=latin1;

--
-- Dumping data for table `idx_admin_menu`
--



--
-- Table structure for table `idx_bad_link`
--

CREATE TABLE `idx_bad_link` (
  `bad_link_id` mediumint(9) unsigned NOT NULL AUTO_INCREMENT,
  `link_id` mediumint(9) unsigned NOT NULL DEFAULT '0',
  `name` varchar(50) NOT NULL DEFAULT '',
  `email` varchar(50) NOT NULL DEFAULT '',
  `type` tinyint(3) unsigned NOT NULL DEFAULT '0',
  `date` date NOT NULL DEFAULT '0000-00-00',
  PRIMARY KEY (`bad_link_id`)
) ENGINE=MyISAM DEFAULT CHARSET=latin1;

--
-- Dumping data for table `idx_bad_link`
--


--
-- Table structure for table `idx_badwords`
--

CREATE TABLE `idx_badwords` (
  `word` varchar(100) NOT NULL DEFAULT ''
) ENGINE=MyISAM DEFAULT CHARSET=latin1;

--
-- Dumping data for table `idx_badwords`
--


--
-- Table structure for table `idx_blocked_domain`
--

CREATE TABLE `idx_blocked_domain` (
  `blocked_id` int(11) NOT NULL AUTO_INCREMENT,
  `blocked` varchar(255) DEFAULT NULL,
  `type` enum('domain','ip') DEFAULT NULL,
  PRIMARY KEY (`blocked_id`)
) ENGINE=MyISAM AUTO_INCREMENT=6 DEFAULT CHARSET=latin1;

--
-- Dumping data for table `idx_blocked_domain`
--

INSERT INTO `idx_blocked_domain` VALUES (1,'buydomains.com','domain'),(2,'this-domain-for-sale.com ','domain'),(3,'oversee.net','domain'),(4,'eNom','domain'),(5,'sedoparking.com','domain');

--
-- Table structure for table `idx_category`
--

CREATE TABLE `idx_category` (
  `category_id` mediumint(9) unsigned NOT NULL AUTO_INCREMENT,
  `parent_id` mediumint(9) unsigned NOT NULL DEFAULT '0',
  `name` varchar(100) NOT NULL DEFAULT '',
  `description` text NOT NULL,
  `image` varchar(100) DEFAULT NULL,
  `content` text,
  `visible` char(1) DEFAULT NULL,
  `links` mediumint(9) DEFAULT NULL,
  `meta_keyword` text,
  `meta_description` text,
  `permission` char(2) DEFAULT NULL,
  `registered_only` char(1) DEFAULT NULL,
  `header` text NOT NULL,
  `footer` text NOT NULL,
  `related` mediumint(6) NOT NULL DEFAULT '0',
  `page_title` varchar(200) NOT NULL DEFAULT '',
  `hits` int(11) NOT NULL DEFAULT '0',
  `order_num` smallint(6) NOT NULL DEFAULT '0',
  `basic_price` double unsigned NOT NULL DEFAULT '0',
  `premium_price` double unsigned NOT NULL DEFAULT '0',
  `sponsored_price` double unsigned NOT NULL DEFAULT '0',
  PRIMARY KEY (`category_id`)
) ENGINE=MyISAM AUTO_INCREMENT=36 DEFAULT CHARSET=latin1;

--
-- Dumping data for table `idx_category`
--

INSERT INTO `idx_category` VALUES (1,0,'Arts & Entertainment','','folder.gif','','1',8,'','','1','0','','',0,'',0,0,0,0,0),(2,0,'Automotive','','folder.gif','','1',21,'','','1','0','','',0,'',0,0,0,0,0),(3,0,'Business','','folder.gif','','1',58,'','','1','0','','',0,'',0,0,0,0,0),(4,0,'Careers & Jobs','','folder.gif','','1',1,'','','1','0','','',0,'',0,0,0,0,0),(5,0,'Clothing','','folder.gif','','1',6,'','','1','0','','',0,'',0,0,0,0,0),(6,0,'Communications','','folder.gif','','1',11,'','','1','0','','',0,'',0,0,0,0,0),(7,0,'Computer & Internet','','folder.gif','','1',10,'','','1','0','','',0,'',0,0,0,0,0),(8,0,'Construction and Maintenance','','folder.gif','','1',50,'','','1','0','','',0,'',0,0,0,0,0),(9,0,'Dental Services','','folder.gif','','1',18,'','','1','0','','',0,'',0,0,0,0,0),(10,0,'Education','','folder.gif','','1',9,'','','1','0','','',0,'',0,0,0,0,0),(11,0,'Employment Services','','folder.gif','','1',1,'','','1','0','','',0,'',0,0,0,0,0),(12,0,'Gift Baskets','','folder.gif','','1',7,'','','1','0','','',0,'',0,0,0,0,0),(13,0,'Hardware & Software Services','','folder.gif','','1',2,'','','1','0','','',0,'',0,0,0,0,0),(14,0,'Health & Medical','','folder.gif','','1',0,'','','1','0','','',0,'',0,0,0,0,0),(15,0,'Healthcare Related','','folder.gif','','1',82,'','','1','0','','',0,'',0,0,0,0,0),(16,0,'Air Conditioning & Heating','','folder.gif','','1',28,'','','1','0','','',0,'',0,0,0,0,0),(17,0,'Home & Garden Decor','','folder.gif','','1',0,'','','1','0','','',0,'',0,0,0,0,0),(18,0,'Home Improvement Services','','folder.gif','','1',258,'','','1','0','','',0,'',0,0,0,0,0),(19,0,'Hotels & Resorts','','folder.gif','','1',20,'','','1','0','','',0,'',0,0,0,0,0),(20,0,'Insurance Services','','folder.gif','','1',21,'','','1','0','','',0,'',0,0,0,0,0),(21,0,'Law Services','','folder.gif','','1',0,'','','1','0','','',0,'',0,0,0,0,0),(22,0,'Lawyers and Law Firms','','folder.gif','','1',103,'','','1','0','','',0,'',0,0,0,0,0),(23,0,'Lifestyle & People','','folder.gif','','1',1,'','','1','0','','',0,'',0,0,0,0,0),(24,0,'Medicine  Facilities','','folder.gif','','1',4,'','','1','0','','',0,'',0,0,0,0,0),(25,0,'Financial Services','','folder.gif','','1',8,'','','1','0','','',0,'',0,0,0,0,0),(26,0,'News','','folder.gif','','1',1,'','','1','0','','',0,'',0,0,0,0,0),(27,0,'Plumbing & Plumbers','','folder.gif','','1',33,'','','1','0','','',0,'',0,0,0,0,0),(28,0,'Real Estate Services','','folder.gif','','1',16,'','','1','0','','',0,'',0,0,0,0,0),(29,0,'Technology & Science','','folder.gif','','1',7,'','','1','0','','',0,'',0,0,0,0,0),(30,0,'SEO Services','','folder.gif','','1',14,'','','1','0','','',0,'',0,0,0,0,0),(31,0,'Shopping and Fashion','','folder.gif','','1',27,'','','1','0','','',0,'',0,0,0,0,0),(32,0,'Games & Sports','','folder.gif','','1',0,'','','1','0','','',0,'',0,0,0,0,0),(33,0,'Transport & Freight Forwarding ','','folder.gif','','1',24,'','','1','0','','',0,'',0,0,0,0,0),(34,0,'Travel & Vacations','','folder.gif','','1',9,'','','1','0','','',0,'',0,0,0,0,0),(35,0,'Wedding Accessories','','folder.gif','','1',5,'','','1','0','','',0,'',0,0,0,0,0);

--
-- Table structure for table `idx_category_path`
--

CREATE TABLE `idx_category_path` (
  `category_id` mediumint(9) NOT NULL DEFAULT '0',
  `path` text,
  `path_with_url` text,
  `parents` text,
  PRIMARY KEY (`category_id`)
) ENGINE=MyISAM DEFAULT CHARSET=latin1;

--
-- Dumping data for table `idx_category_path`
--

INSERT INTO `idx_category_path` VALUES (1,'Arts & Entertainment','<a href=\"http://ilweb.biz/arts-entertainment/\" name=\"cat_1\" style=\"\">Arts & Entertainment</a>',';0;'),(2,'Automotive','<a href=\"http://ilweb.biz/automotive/\" name=\"cat_2\" style=\"\">Automotive</a>',';0;'),(3,'Business','<a href=\"http://ilweb.biz/business/\" name=\"cat_3\" style=\"\">Business</a>',';0;'),(4,'Careers & Jobs','<a href=\"http://ilweb.biz/careers-jobs/\" name=\"cat_4\" style=\"\">Careers & Jobs</a>',';0;'),(5,'Clothing','<a href=\"http://ilweb.biz/clothing/\" name=\"cat_5\" style=\"\">Clothing</a>',';0;'),(6,'Communications','<a href=\"http://ilweb.biz/communications/\" name=\"cat_6\" style=\"\">Communications</a>',';0;'),(7,'Computer & Internet','<a href=\"http://ilweb.biz/computer-internet/\" name=\"cat_7\" style=\"\">Computer & Internet</a>',';0;'),(8,'Construction and Maintenance','<a href=\"http://ilweb.biz/construction-and-maintenance/\" name=\"cat_8\" style=\"\">Construction and Maintenance</a>',';0;'),(9,'Dental Services','<a href=\"http://ilweb.biz/dental-services/\" name=\"cat_9\" style=\"\">Dental Services</a>',';0;'),(10,'Education','<a href=\"http://ilweb.biz/education/\" name=\"cat_10\" style=\"\">Education</a>',';0;'),(11,'Employment Services','<a href=\"http://ilweb.biz/employment-services/\" name=\"cat_11\" style=\"\">Employment Services</a>',';0;'),(12,'Gift Baskets','<a href=\"http://ilweb.biz/gift-baskets/\" name=\"cat_12\" style=\"\">Gift Baskets</a>',';0;'),(13,'Hardware & Software Services','<a href=\"http://ilweb.biz/hardware-software-services/\" name=\"cat_13\" style=\"\">Hardware & Software Services</a>',';0;'),(14,'Health & Medical','<a href=\"http://ilweb.biz/health-medical/\" name=\"cat_14\" style=\"\">Health & Medical</a>',';0;'),(15,'Healthcare Related','<a href=\"http://ilweb.biz/healthcare-related/\" name=\"cat_15\" style=\"\">Healthcare Related</a>',';0;'),(16,'Air Conditioning & Heating','<a href=\"http://ilweb.biz/air-conditioning-heating/\" name=\"cat_16\" style=\"\">Air Conditioning & Heating</a>',';0;'),(17,'Home & Garden Decor','<a href=\"http://ilweb.biz/home-garden-decor/\" name=\"cat_17\" style=\"\">Home & Garden Decor</a>',';0;'),(18,'Home Improvement Services','<a href=\"http://ilweb.biz/home-improvement-services/\" name=\"cat_18\" style=\"\">Home Improvement Services</a>',';0;'),(19,'Hotels & Resorts','<a href=\"http://ilweb.biz/hotels-resorts/\" name=\"cat_19\" style=\"\">Hotels & Resorts</a>',';0;'),(20,'Insurance Services','<a href=\"http://ilweb.biz/insurance-services/\" name=\"cat_20\" style=\"\">Insurance Services</a>',';0;'),(21,'Law Services','<a href=\"http://ilweb.biz/law-services/\" name=\"cat_21\" style=\"\">Law Services</a>',';0;'),(22,'Lawyers and Law Firms','<a href=\"http://ilweb.biz/lawyers-and-law-firms/\" name=\"cat_22\" style=\"\">Lawyers and Law Firms</a>',';0;'),(23,'Lifestyle & People','<a href=\"http://ilweb.biz/lifestyle-people/\" name=\"cat_23\" style=\"\">Lifestyle & People</a>',';0;'),(24,'Medicine  Facilities','<a href=\"http://ilweb.biz/medicine-facilities/\" name=\"cat_24\" style=\"\">Medicine  Facilities</a>',';0;'),(25,'Financial Services','<a href=\"http://ilweb.biz/financial-services/\" name=\"cat_25\" style=\"\">Financial Services</a>',';0;'),(26,'News','<a href=\"http://ilweb.biz/news/\" name=\"cat_26\" style=\"\">News</a>',';0;'),(27,'Plumbing & Plumbers','<a href=\"http://ilweb.biz/plumbing-plumbers/\" name=\"cat_27\" style=\"\">Plumbing & Plumbers</a>',';0;'),(28,'Real Estate Services','<a href=\"http://ilweb.biz/real-estate-services/\" name=\"cat_28\" style=\"\">Real Estate Services</a>',';0;'),(29,'Technology & Science','<a href=\"http://ilweb.biz/technology-science/\" name=\"cat_29\" style=\"\">Technology & Science</a>',';0;'),(30,'SEO Services','<a href=\"http://ilweb.biz/seo-services/\" name=\"cat_30\" style=\"\">SEO Services</a>',';0;'),(31,'Shopping and Fashion','<a href=\"http://ilweb.biz/shopping-and-fashion/\" name=\"cat_31\" style=\"\">Shopping and Fashion</a>',';0;'),(32,'Games & Sports','<a href=\"http://ilweb.biz/games-sports/\" name=\"cat_32\" style=\"\">Games & Sports</a>',';0;'),(33,'Transport & Freight Forwarding ','<a href=\"http://ilweb.biz/transport-freight-forwarding/\" name=\"cat_33\" style=\"\">Transport & Freight Forwarding </a>',';0;'),(34,'Travel & Vacations','<a href=\"http://ilweb.biz/travel-vacations/\" name=\"cat_34\" style=\"\">Travel & Vacations</a>',';0;'),(35,'Wedding Accessories','<a href=\"http://ilweb.biz/wedding-accessories/\" name=\"cat_35\" style=\"\">Wedding Accessories</a>',';0;');

--
-- Table structure for table `idx_category_suggession`
--

CREATE TABLE `idx_category_suggession` (
  `id_cat_suggession` int(11) NOT NULL AUTO_INCREMENT,
  `parent_id` int(11) DEFAULT NULL,
  `name` varchar(255) DEFAULT NULL,
  `category_description` text,
  `date` datetime DEFAULT NULL,
  PRIMARY KEY (`id_cat_suggession`)
) ENGINE=MyISAM AUTO_INCREMENT=2 DEFAULT CHARSET=latin1;

--
-- Dumping data for table `idx_category_suggession`
--

INSERT INTO `idx_category_suggession` VALUES (1,14,'Dentist Leesburg VA','Comprehensive dental practice located in Lansdowne VA. Dr Nik and his staff provide dental care ranging from general health checkups to full mouth restorations. Visit our website www.lcidentist.com for more information on our services and to contact us. ','2012-01-05 12:41:50');

--
-- Table structure for table `idx_checkurl`
--

CREATE TABLE `idx_checkurl` (
  `link_id` mediumint(9) NOT NULL DEFAULT '0',
  `date` date NOT NULL DEFAULT '0000-00-00',
  `live` char(1) NOT NULL DEFAULT '',
  `reciprocal_found` char(1) NOT NULL DEFAULT '',
  PRIMARY KEY (`link_id`)
) ENGINE=MyISAM DEFAULT CHARSET=latin1;

--
-- Dumping data for table `idx_checkurl`
--


--
-- Table structure for table `idx_cronjobs`
--

CREATE TABLE `idx_cronjobs` (
  `cronjobs_id` int(11) NOT NULL AUTO_INCREMENT,
  `cronjobs_name` varchar(255) DEFAULT NULL,
  `filename` varchar(255) NOT NULL,
  `schedule` varchar(255) NOT NULL,
  `time` datetime NOT NULL,
  `execution` varchar(1) NOT NULL,
  PRIMARY KEY (`cronjobs_id`)
) ENGINE=MyISAM AUTO_INCREMENT=4 DEFAULT CHARSET=latin1;

--
-- Dumping data for table `idx_cronjobs`
--

INSERT INTO `idx_cronjobs` VALUES (1,NULL,'clear_templates_c.php','1,*,*,*,*','0000-00-00 00:00:00',''),(2,NULL,'update_tag_cloud.php','*,24,*,*,*','0000-00-00 00:00:00',''),(3,NULL,'clear_rss_cache.php','*,24,*,*,*','0000-00-00 00:00:00','');

--
-- Table structure for table `idx_custom_field`
--

CREATE TABLE `idx_custom_field` (
  `field_name` varchar(32) NOT NULL DEFAULT '',
  `field_text` varchar(64) NOT NULL DEFAULT '',
  `field_type` enum('TEXT','TEXTAREA','SELECT','MULTISELECT','CHECKBOX','RADIO','FILE','IMAGE','DATE','DATETIME','RICHEDITOR') NOT NULL DEFAULT 'TEXT',
  `field_option` text NOT NULL,
  `field_img_width` int(10) unsigned NOT NULL DEFAULT '0',
  `field_img_height` int(10) unsigned NOT NULL DEFAULT '0',
  `field_file_size` int(10) unsigned NOT NULL DEFAULT '0',
  `field_file_extension` varchar(64) NOT NULL DEFAULT '',
  `required` char(1) NOT NULL DEFAULT '0',
  `searchable` char(1) NOT NULL DEFAULT '1',
  `permission` char(1) NOT NULL DEFAULT '0'
) ENGINE=MyISAM DEFAULT CHARSET=latin1;

--
-- Dumping data for table `idx_custom_field`
--

INSERT INTO `idx_custom_field` VALUES ('image','Image','IMAGE','',0,0,0,'','0','0','2'),('address','Address','TEXT','',0,0,0,'','0','0','0'),('city','City','TEXT','',0,0,0,'','0','0','0'),('state','State','TEXT','',0,0,0,'','0','0','0'),('country','Country','TEXT','',0,0,0,'','0','0','0'),('zip','Zip','TEXT','',0,0,0,'','0','0','0'),('phone','Phone','TEXT','',0,0,0,'','0','0','0'),('fax','Fax','TEXT','',0,0,0,'','0','0','0');

--
-- Table structure for table `idx_default_field`
--

CREATE TABLE `idx_default_field` (
  `field_name` varchar(64) NOT NULL,
  `required` char(1) NOT NULL,
  `visible` char(1) NOT NULL DEFAULT '1',
  `searchable` char(1) NOT NULL DEFAULT '1'
) ENGINE=MyISAM DEFAULT CHARSET=latin1;

--
-- Dumping data for table `idx_default_field`
--

INSERT INTO `idx_default_field` VALUES ('title','1','1','1'),('url','1','1','1'),('description','1','1','1'),('keywords','1','1','0'),('contact_name','1','1','1'),('email','1','1','1'),('reciprocal_url','0','0','1');

--
-- Table structure for table `idx_discount_coupon`
--

CREATE TABLE `idx_discount_coupon` (
  `coupon_id` int(11) NOT NULL AUTO_INCREMENT,
  `coupon_code` varchar(255) DEFAULT NULL,
  `coupon_value` varchar(50) DEFAULT NULL,
  `link_type` varchar(255) DEFAULT NULL,
  `start_date` date DEFAULT NULL,
  `expired_date` date DEFAULT NULL,
  `expired_usage` int(11) DEFAULT NULL,
  `usage_count` int(11) DEFAULT NULL,
  PRIMARY KEY (`coupon_id`)
) ENGINE=MyISAM DEFAULT CHARSET=latin1;

--
-- Dumping data for table `idx_discount_coupon`
--


--
-- Table structure for table `idx_editor`
--

CREATE TABLE `idx_editor` (
  `username` varchar(20) DEFAULT NULL,
  `category_id` mediumint(9) DEFAULT NULL,
  `category` char(1) DEFAULT NULL,
  `link` char(1) DEFAULT NULL,
  `review` char(1) DEFAULT NULL,
  `pick` char(1) DEFAULT NULL,
  `status` char(1) DEFAULT NULL,
  `date` date DEFAULT NULL
) ENGINE=MyISAM DEFAULT CHARSET=latin1;

--
-- Dumping data for table `idx_editor`
--


--
-- Table structure for table `idx_email_template`
--

CREATE TABLE `idx_email_template` (
  `email_template_id` int(10) unsigned NOT NULL AUTO_INCREMENT,
  `name` varchar(255) DEFAULT NULL,
  `subject` varchar(255) DEFAULT NULL,
  `body` text,
  `altbody` text,
  PRIMARY KEY (`email_template_id`)
) ENGINE=MyISAM AUTO_INCREMENT=37 DEFAULT CHARSET=latin1;

--
-- Dumping data for table `idx_email_template`
--



--
-- Table structure for table `idx_favorites`
--

CREATE TABLE `idx_favorites` (
  `favorite_id` int(11) NOT NULL AUTO_INCREMENT,
  `username` varchar(20) DEFAULT NULL,
  `date` date DEFAULT NULL,
  `title` varchar(100) DEFAULT NULL,
  `description` text,
  PRIMARY KEY (`favorite_id`)
) ENGINE=MyISAM DEFAULT CHARSET=latin1;

--
-- Dumping data for table `idx_favorites`
--


--
-- Table structure for table `idx_favorites_detail`
--

CREATE TABLE `idx_favorites_detail` (
  `favorite_id` int(11) DEFAULT NULL,
  `link_id` mediumint(9) DEFAULT NULL
) ENGINE=MyISAM DEFAULT CHARSET=latin1;

--
-- Dumping data for table `idx_favorites_detail`
--


--
-- Table structure for table `idx_hook_place`
--

CREATE TABLE `idx_hook_place` (
  `hook_place_id` int(11) NOT NULL AUTO_INCREMENT,
  `filename` varchar(255) DEFAULT NULL,
  `hookname` varchar(255) DEFAULT NULL,
  PRIMARY KEY (`hook_place_id`)
) ENGINE=MyISAM DEFAULT CHARSET=latin1;

--
-- Dumping data for table `idx_hook_place`
--


--
-- Table structure for table `idx_invoice`
--

CREATE TABLE `idx_invoice` (
  `invoice_id` varchar(10) NOT NULL DEFAULT '',
  `invoice_date` date DEFAULT NULL,
  `due_date` date DEFAULT NULL,
  `invoiced_to` text,
  `service` varchar(255) DEFAULT NULL,
  `description` text,
  `total` double(8,2) DEFAULT NULL,
  `comment` text,
  `paid` char(1) DEFAULT NULL,
  `paid_date` date DEFAULT NULL,
  `email` varchar(255) DEFAULT NULL,
  PRIMARY KEY (`invoice_id`)
) ENGINE=MyISAM DEFAULT CHARSET=latin1;

--
-- Dumping data for table `idx_invoice`
--


--
-- Table structure for table `idx_invoice_config`
--

CREATE TABLE `idx_invoice_config` (
  `company` varchar(255) DEFAULT NULL,
  `contact` varchar(255) DEFAULT NULL,
  `address` text,
  `phone` varchar(255) DEFAULT NULL,
  `email` varchar(255) DEFAULT NULL,
  `currency_symbol` varchar(255) DEFAULT '$',
  `currency_code` varchar(255) DEFAULT 'USD'
) ENGINE=MyISAM DEFAULT CHARSET=latin1;

--
-- Dumping data for table `idx_invoice_config`
--

INSERT INTO `idx_invoice_config` VALUES ('Your website / Company','Billing Department','Your address','Your phone #','Billing<name@yourdomain.com>','$','USD');

--
-- Table structure for table `idx_link_temp`
--

CREATE TABLE `idx_link_temp` (
  `vid` mediumint(9) unsigned NOT NULL AUTO_INCREMENT,
  `spam` char(1) NOT NULL DEFAULT '0',
  `link_id` mediumint(9) DEFAULT NULL,
  `category_id` mediumint(9) unsigned NOT NULL DEFAULT '0',
  `title` varchar(100) NOT NULL DEFAULT '',
  `url` text NOT NULL,
  `description` text NOT NULL,
  `contact_name` varchar(100) NOT NULL DEFAULT '',
  `email` varchar(100) NOT NULL DEFAULT '',
  `hits` mediumint(9) DEFAULT NULL,
  `votes` smallint(6) DEFAULT NULL,
  `rating` float(4,2) DEFAULT NULL,
  `date` datetime NOT NULL DEFAULT '0000-00-00 00:00:00',
  `bid` smallint(6) NOT NULL DEFAULT '0',
  `new` char(1) DEFAULT NULL,
  `hot` char(1) DEFAULT NULL,
  `top_rated` char(1) DEFAULT NULL,
  `pick` char(1) DEFAULT NULL,
  `password` varchar(20) DEFAULT NULL,
  `updated` char(1) DEFAULT NULL,
  `reviews` smallint(6) DEFAULT NULL,
  `avg_review` float(4,2) DEFAULT NULL,
  `last_updated` datetime DEFAULT NULL,
  `official_review` text,
  `keywords` varchar(255) DEFAULT NULL,
  `cat1` mediumint(6) NOT NULL DEFAULT '0',
  `cat2` mediumint(6) NOT NULL DEFAULT '0',
  `suspended` char(1) NOT NULL DEFAULT '0',
  `reciprocal_url` varchar(255) DEFAULT NULL,
  `address` varchar(255) DEFAULT NULL,
  `city` varchar(255) DEFAULT NULL,
  `state` varchar(255) DEFAULT NULL,
  `country` varchar(255) DEFAULT NULL,
  `zip` varchar(255) DEFAULT NULL,
  `image` varchar(255) DEFAULT NULL,
  `phone` varchar(255) DEFAULT NULL,
  `fax` varchar(255) DEFAULT NULL,
  PRIMARY KEY (`vid`)
) ENGINE=MyISAM DEFAULT CHARSET=latin1;

--
-- Dumping data for table `idx_link_temp`
--


--
-- Table structure for table `idx_link_temp_user`
--

CREATE TABLE `idx_link_temp_user` (
  `vid` mediumint(9) unsigned NOT NULL DEFAULT '0',
  `username` varchar(20) NOT NULL DEFAULT '',
  PRIMARY KEY (`vid`)
) ENGINE=MyISAM DEFAULT CHARSET=latin1;

--
-- Dumping data for table `idx_link_temp_user`
--


--
-- Table structure for table `idx_link_user`
--

CREATE TABLE `idx_link_user` (
  `link_id` mediumint(9) unsigned NOT NULL DEFAULT '0',
  `username` varchar(20) NOT NULL DEFAULT '',
  PRIMARY KEY (`link_id`)
) ENGINE=MyISAM DEFAULT CHARSET=latin1;

--
-- Dumping data for table `idx_link_user`
--


--
-- Table structure for table `idx_mailing_list`
--

CREATE TABLE `idx_mailing_list` (
  `email` varchar(50) NOT NULL DEFAULT '',
  `code` varchar(4) DEFAULT NULL,
  `status` char(1) DEFAULT NULL,
  PRIMARY KEY (`email`)
) ENGINE=MyISAM DEFAULT CHARSET=latin1;

--
-- Dumping data for table `idx_mailing_list`
--


--
-- Table structure for table `idx_message`
--

CREATE TABLE `idx_message` (
  `message_id` smallint(6) NOT NULL AUTO_INCREMENT,
  `date` date DEFAULT NULL,
  `body` text,
  `subject` varchar(100) DEFAULT NULL,
  PRIMARY KEY (`message_id`)
) ENGINE=MyISAM DEFAULT CHARSET=latin1;

--
-- Dumping data for table `idx_message`
--


--
-- Table structure for table `idx_notification`
--

CREATE TABLE `idx_notification` (
  `username` varchar(20) NOT NULL DEFAULT '',
  `category_id` mediumint(9) NOT NULL DEFAULT '0'
) ENGINE=MyISAM DEFAULT CHARSET=latin1;

--
-- Dumping data for table `idx_notification`
--


--
-- Table structure for table `idx_pagerank`
--

CREATE TABLE `idx_pagerank` (
  `link_id` mediumint(8) unsigned NOT NULL DEFAULT '0',
  `engine` char(1) NOT NULL DEFAULT '',
  `rank` tinyint(4) NOT NULL DEFAULT '0',
  `last_update` date NOT NULL DEFAULT '0000-00-00',
  PRIMARY KEY (`link_id`,`engine`)
) ENGINE=MyISAM DEFAULT CHARSET=latin1;

--
-- Dumping data for table `idx_pagerank`
--

INSERT INTO `idx_pagerank` VALUES (77,'g',0,'2011-12-01'),(53,'g',0,'2012-02-06'),(118,'g',0,'2012-02-06'),(120,'g',0,'2012-02-04'),(191,'g',0,'2011-12-01'),(158,'g',0,'2011-12-01'),(155,'g',0,'2011-12-01'),(123,'g',0,'2012-02-06'),(178,'g',0,'2011-12-01'),(139,'g',0,'2011-12-01'),(119,'g',0,'2012-02-04'),(35,'g',0,'2011-12-02'),(98,'g',0,'2012-02-03'),(111,'g',0,'2011-12-02'),(110,'g',0,'2012-02-04'),(100,'g',0,'2012-02-04'),(2,'g',0,'2011-12-02'),(67,'g',0,'2012-02-04'),(94,'g',0,'2012-02-04'),(136,'g',0,'2012-02-04'),(19,'g',0,'2011-12-02'),(37,'g',0,'2011-12-02'),(92,'g',0,'2011-12-02'),(61,'g',0,'2011-12-02'),(42,'g',0,'2011-12-02'),(22,'g',0,'2011-12-02'),(1,'g',0,'2011-12-02'),(62,'g',0,'2011-12-02'),(60,'g',0,'2011-12-02'),(72,'g',0,'2011-12-02'),(82,'g',0,'2011-12-02'),(83,'g',0,'2011-12-02'),(56,'g',0,'2011-12-02'),(16,'g',0,'2011-12-02'),(115,'g',0,'2012-01-31'),(36,'g',0,'2012-01-31'),(145,'g',0,'2011-12-02'),(157,'g',0,'2011-12-02'),(132,'g',0,'2012-01-31'),(156,'g',0,'2011-12-02'),(103,'g',0,'2012-01-31'),(117,'g',0,'2012-01-31'),(64,'g',0,'2012-01-31'),(3,'g',0,'2012-01-31'),(68,'g',0,'2012-01-31'),(95,'g',0,'2012-01-31'),(90,'g',0,'2012-01-31'),(161,'g',0,'2011-12-03'),(33,'g',0,'2012-01-31'),(81,'g',0,'2011-12-03'),(20,'g',0,'2012-01-31'),(99,'g',0,'2012-01-31'),(114,'g',0,'2012-01-31'),(38,'g',0,'2012-02-04'),(229,'g',0,'2011-12-03'),(32,'g',0,'2012-02-04'),(109,'g',0,'2012-02-04'),(91,'g',0,'2012-02-04'),(55,'g',0,'2012-02-04'),(17,'g',0,'2012-02-16'),(27,'g',0,'2012-01-02'),(152,'g',0,'2011-12-03'),(11,'g',0,'2012-02-04'),(28,'g',0,'2012-02-16'),(93,'g',0,'2012-02-04'),(51,'g',0,'2012-02-16'),(46,'g',0,'2012-02-04'),(124,'g',0,'2012-01-31'),(175,'g',0,'2011-12-03'),(122,'g',0,'2012-02-04'),(88,'g',0,'2012-02-04'),(21,'g',0,'2012-02-04'),(204,'g',0,'2011-12-03'),(30,'g',0,'2012-02-04'),(59,'g',0,'2012-02-04'),(24,'g',0,'2012-02-04'),(58,'g',0,'2012-02-04'),(57,'g',0,'2012-02-04'),(29,'g',0,'2012-01-31'),(73,'g',0,'2012-01-31'),(70,'g',0,'2012-01-31'),(9,'g',0,'2012-01-31'),(26,'g',0,'2012-01-31'),(49,'g',0,'2012-01-31'),(63,'g',0,'2012-01-31'),(65,'g',0,'2012-01-31'),(7,'g',0,'2012-01-31'),(47,'g',0,'2012-01-31'),(39,'g',0,'2012-01-09'),(130,'g',0,'2012-01-09'),(6,'g',0,'2012-02-04'),(183,'g',0,'2011-12-03'),(8,'g',0,'2012-02-04'),(182,'g',0,'2011-12-03'),(135,'g',0,'2012-02-04'),(184,'g',0,'2011-12-03'),(5,'g',0,'2012-02-04'),(4,'g',0,'2012-02-04'),(79,'g',0,'2012-02-04'),(177,'g',0,'2011-12-03'),(131,'g',0,'2012-02-04'),(10,'g',0,'2012-02-04'),(14,'g',0,'2011-12-03'),(15,'g',0,'2012-02-23'),(25,'g',0,'2012-02-23'),(126,'g',0,'2012-01-06'),(50,'g',0,'2011-12-04'),(18,'g',0,'2012-02-23'),(31,'g',0,'2012-02-23'),(48,'g',0,'2012-01-06'),(43,'g',0,'2012-02-23'),(12,'g',0,'2012-02-23'),(128,'g',0,'2012-01-06'),(44,'g',0,'2012-02-23'),(23,'g',0,'2012-01-06'),(142,'g',0,'2011-12-04'),(52,'g',0,'2011-12-04'),(143,'g',0,'2011-12-04'),(96,'g',0,'2012-01-31'),(34,'g',0,'2012-01-31'),(195,'g',0,'2011-12-04'),(193,'g',0,'2011-12-04'),(66,'g',0,'2012-01-31'),(125,'g',0,'2012-02-04'),(141,'g',0,'2011-12-04'),(76,'g',0,'2012-01-31'),(370,'g',0,'2012-01-09'),(102,'g',0,'2012-01-09'),(395,'g',0,'2012-01-09'),(13,'g',0,'2012-01-09'),(97,'g',0,'2012-01-31'),(219,'g',0,'2011-12-04'),(262,'g',0,'2012-02-04'),(71,'g',0,'2012-01-09'),(40,'g',0,'2012-01-31'),(74,'g',0,'2012-01-31'),(75,'g',0,'2012-01-31'),(85,'g',0,'2011-12-04'),(45,'g',0,'2011-12-04'),(194,'g',0,'2011-12-04'),(69,'g',0,'2012-01-31'),(165,'g',0,'2011-12-04'),(41,'g',0,'2012-01-09'),(352,'g',0,'2012-01-06'),(261,'g',0,'2012-01-06'),(254,'g',0,'2012-01-06'),(394,'g',0,'2011-12-05'),(250,'g',0,'2011-12-05'),(260,'g',0,'2011-12-05'),(265,'g',0,'2011-12-05'),(296,'g',0,'2011-12-06'),(368,'g',0,'2011-12-06'),(382,'g',0,'2012-02-04'),(374,'g',0,'2012-02-04'),(455,'g',0,'2012-01-30'),(373,'g',0,'2012-03-04'),(354,'g',0,'2011-12-06'),(380,'g',0,'2012-03-04'),(384,'g',0,'2012-03-04'),(456,'g',0,'2012-01-30'),(381,'g',0,'2012-02-25'),(258,'g',0,'2012-02-16'),(391,'g',0,'2011-12-06'),(390,'g',0,'2012-02-04'),(445,'g',0,'2012-02-04'),(387,'g',0,'2012-02-04'),(398,'g',0,'2012-02-09'),(408,'g',0,'2011-12-07'),(454,'g',0,'2011-12-07'),(450,'g',0,'2011-12-07'),(459,'g',0,'2011-12-07'),(461,'g',0,'2011-12-07'),(364,'g',0,'2012-02-04'),(462,'g',0,'2011-12-07'),(386,'g',0,'2012-01-09'),(447,'g',0,'2012-01-09'),(350,'g',0,'2012-02-04'),(473,'g',0,'2012-02-04'),(553,'g',0,'2011-12-08'),(451,'g',0,'2011-12-08'),(468,'g',0,'2011-12-08'),(534,'g',0,'2012-02-04'),(521,'g',0,'2012-02-04'),(584,'g',0,'2012-01-09'),(561,'g',0,'2011-12-09'),(289,'g',0,'2012-02-04'),(212,'g',0,'2011-12-10'),(215,'g',0,'2011-12-10'),(295,'g',0,'2012-02-06'),(291,'g',0,'2012-02-06'),(207,'g',0,'2011-12-10'),(210,'g',0,'2011-12-10'),(234,'g',0,'2011-12-10'),(255,'g',0,'2012-02-06'),(281,'g',0,'2012-02-06'),(587,'g',0,'2011-12-12'),(457,'g',0,'2011-12-12'),(516,'g',0,'2011-12-12'),(551,'g',0,'2011-12-12'),(444,'g',0,'2011-12-12'),(337,'g',0,'2011-12-12'),(512,'g',0,'2011-12-12'),(423,'g',0,'2011-12-12'),(270,'g',0,'2011-12-12'),(133,'g',0,'2011-12-12'),(269,'g',0,'2011-12-12'),(272,'g',0,'2011-12-12'),(285,'g',0,'2011-12-12'),(108,'g',0,'2011-12-12'),(626,'g',0,'2011-12-12'),(259,'g',0,'2011-12-12'),(279,'g',0,'2011-12-12'),(267,'g',0,'2011-12-12'),(621,'g',0,'2011-12-12'),(416,'g',0,'2011-12-12'),(362,'g',0,'2011-12-12'),(293,'g',0,'2011-12-12'),(303,'g',0,'2011-12-12'),(614,'g',0,'2011-12-12'),(607,'g',0,'2011-12-12'),(417,'g',0,'2011-12-12'),(308,'g',0,'2011-12-12'),(625,'g',0,'2011-12-14'),(662,'g',0,'2012-02-04'),(393,'g',0,'2011-12-14'),(505,'g',0,'2011-12-14'),(542,'g',0,'2011-12-14'),(539,'g',0,'2011-12-14'),(478,'g',0,'2012-02-04'),(479,'g',0,'2011-12-14'),(333,'g',0,'2011-12-14'),(331,'g',0,'2011-12-14'),(298,'g',0,'2011-12-14'),(383,'g',0,'2011-12-14'),(318,'g',0,'2012-02-04'),(292,'g',0,'2012-02-04'),(317,'g',0,'2012-02-04'),(286,'g',0,'2012-02-04'),(361,'g',0,'2011-12-14'),(378,'g',0,'2011-12-14'),(276,'g',0,'2011-12-14'),(307,'g',0,'2011-12-14'),(400,'g',0,'2011-12-14'),(404,'g',0,'2011-12-14'),(531,'g',0,'2011-12-14'),(524,'g',0,'2011-12-14'),(523,'g',0,'2011-12-14'),(540,'g',0,'2011-12-14'),(487,'g',0,'2011-12-14'),(477,'g',0,'2011-12-14'),(489,'g',0,'2011-12-14'),(544,'g',0,'2011-12-14'),(508,'g',0,'2011-12-14'),(537,'g',0,'2011-12-14'),(529,'g',0,'2011-12-14'),(486,'g',0,'2011-12-14'),(488,'g',0,'2011-12-14'),(536,'g',0,'2011-12-14'),(545,'g',0,'2011-12-14'),(530,'g',0,'2011-12-15'),(506,'g',0,'2011-12-15'),(440,'g',0,'2011-12-15'),(543,'g',0,'2011-12-15'),(546,'g',0,'2011-12-15'),(310,'g',0,'2011-12-15'),(412,'g',0,'2011-12-15'),(420,'g',0,'2011-12-15'),(421,'g',0,'2011-12-15'),(409,'g',0,'2011-12-15'),(327,'g',0,'2011-12-15'),(284,'g',0,'2011-12-15'),(402,'g',0,'2011-12-15'),(403,'g',0,'2011-12-15'),(305,'g',0,'2011-12-15'),(397,'g',0,'2011-12-15'),(379,'g',0,'2011-12-15'),(312,'g',0,'2012-02-27'),(405,'g',0,'2011-12-15'),(535,'g',0,'2011-12-15'),(441,'g',0,'2011-12-15'),(482,'g',0,'2011-12-15'),(485,'g',0,'2011-12-15'),(492,'g',0,'2011-12-15'),(493,'g',0,'2011-12-15'),(366,'g',0,'2011-12-15'),(363,'g',0,'2011-12-15'),(392,'g',0,'2011-12-15'),(335,'g',0,'2011-12-15'),(365,'g',0,'2011-12-15'),(418,'g',0,'2011-12-15'),(355,'g',0,'2011-12-15'),(349,'g',0,'2012-02-27'),(484,'g',0,'2011-12-15'),(533,'g',0,'2011-12-15'),(491,'g',0,'2011-12-15'),(467,'g',0,'2011-12-15'),(483,'g',0,'2011-12-15'),(357,'g',0,'2011-12-15'),(449,'g',0,'2011-12-15'),(465,'g',0,'2011-12-15'),(353,'g',0,'2011-12-15'),(429,'g',0,'2011-12-15'),(399,'g',0,'2011-12-15'),(314,'g',0,'2012-02-27'),(522,'g',0,'2011-12-15'),(527,'g',0,'2011-12-15'),(463,'g',0,'2011-12-15'),(419,'g',0,'2011-12-15'),(358,'g',0,'2011-12-15'),(410,'g',0,'2011-12-15'),(396,'g',0,'2011-12-15'),(356,'g',0,'2011-12-15'),(369,'g',0,'2011-12-15'),(334,'g',0,'2011-12-15'),(351,'g',0,'2012-02-27'),(413,'g',0,'2011-12-15'),(401,'g',0,'2011-12-15'),(306,'g',0,'2011-12-16'),(507,'g',0,'2011-12-16'),(481,'g',0,'2011-12-16'),(509,'g',0,'2011-12-16'),(628,'g',0,'2011-12-16'),(646,'g',0,'2011-12-16'),(651,'g',0,'2011-12-16'),(642,'g',0,'2011-12-16'),(538,'g',0,'2012-02-04'),(644,'g',0,'2011-12-16'),(629,'g',0,'2011-12-16'),(631,'g',0,'2011-12-16'),(630,'g',0,'2011-12-16'),(283,'g',0,'2011-12-16'),(264,'g',0,'2011-12-16'),(616,'g',0,'2011-12-16'),(615,'g',0,'2011-12-16'),(282,'g',0,'2011-12-16'),(330,'g',0,'2011-12-16'),(336,'g',0,'2011-12-16'),(297,'g',0,'2011-12-16'),(466,'g',0,'2011-12-16'),(520,'g',0,'2011-12-16'),(300,'g',0,'2011-12-16'),(439,'g',0,'2011-12-16'),(319,'g',0,'2011-12-16'),(407,'g',0,'2011-12-16'),(375,'g',0,'2011-12-16'),(367,'g',0,'2011-12-16'),(389,'g',0,'2011-12-16'),(273,'g',0,'2012-02-16'),(415,'g',0,'2011-12-16'),(332,'g',0,'2011-12-16'),(301,'g',0,'2011-12-16'),(414,'g',0,'2011-12-16'),(377,'g',0,'2011-12-16'),(474,'g',0,'2011-12-16'),(511,'g',0,'2011-12-16'),(528,'g',0,'2011-12-16'),(480,'g',0,'2011-12-16'),(472,'g',0,'2011-12-16'),(525,'g',0,'2011-12-16'),(438,'g',0,'2011-12-16'),(475,'g',0,'2011-12-16'),(476,'g',0,'2011-12-16'),(518,'g',0,'2011-12-16'),(275,'g',0,'2011-12-16'),(328,'g',0,'2011-12-16'),(329,'g',0,'2011-12-16'),(510,'g',0,'2011-12-16'),(294,'g',0,'2011-12-16'),(360,'g',0,'2011-12-16'),(458,'g',0,'2011-12-16'),(526,'g',0,'2011-12-16'),(490,'g',0,'2011-12-16'),(324,'g',0,'2011-12-16'),(325,'g',0,'2011-12-16'),(323,'g',0,'2011-12-16'),(326,'g',0,'2011-12-16'),(715,'g',0,'2012-02-04'),(706,'g',0,'2012-01-31'),(678,'g',0,'2012-01-31'),(680,'g',0,'2012-01-31'),(696,'g',0,'2012-01-31'),(580,'g',0,'2012-02-04'),(663,'g',0,'2011-12-18'),(675,'g',0,'2012-01-30'),(676,'g',0,'2012-01-30'),(674,'g',0,'2012-01-30'),(432,'g',0,'2011-12-18'),(426,'g',0,'2012-02-07'),(564,'g',0,'2011-12-18'),(606,'g',0,'2011-12-18'),(582,'g',0,'2011-12-18'),(566,'g',0,'2011-12-18'),(559,'g',0,'2011-12-18'),(464,'g',0,'2011-12-18'),(609,'g',0,'2011-12-18'),(453,'g',0,'2011-12-18'),(446,'g',0,'2011-12-18'),(425,'g',0,'2011-12-18'),(422,'g',0,'2011-12-18'),(460,'g',0,'2011-12-18'),(442,'g',0,'2011-12-18'),(278,'g',0,'2012-02-04'),(309,'g',0,'2011-12-18'),(290,'g',0,'2012-02-04'),(302,'g',0,'2012-02-04'),(322,'g',0,'2011-12-18'),(315,'g',0,'2011-12-18'),(320,'g',0,'2011-12-18'),(311,'g',0,'2011-12-18'),(321,'g',0,'2011-12-18'),(313,'g',0,'2011-12-18'),(710,'g',0,'2012-01-24'),(688,'g',0,'2012-01-24'),(697,'g',0,'2012-01-24'),(685,'g',0,'2012-02-04'),(708,'g',0,'2012-01-24'),(640,'g',0,'2012-01-24'),(569,'g',0,'2011-12-19'),(471,'g',0,'2011-12-19'),(541,'g',0,'2011-12-19'),(586,'g',0,'2011-12-19'),(575,'g',0,'2011-12-19'),(581,'g',0,'2011-12-19'),(552,'g',0,'2011-12-19'),(573,'g',0,'2011-12-19'),(554,'g',0,'2011-12-19'),(576,'g',0,'2011-12-19'),(585,'g',0,'2011-12-19'),(557,'g',0,'2011-12-19'),(572,'g',0,'2011-12-19'),(718,'g',0,'2012-02-04'),(514,'g',0,'2011-12-20'),(519,'g',0,'2011-12-20'),(443,'g',0,'2011-12-20'),(515,'g',0,'2011-12-20'),(532,'g',0,'2011-12-20'),(503,'g',0,'2011-12-20'),(448,'g',0,'2011-12-20'),(555,'g',0,'2011-12-20'),(469,'g',0,'2011-12-20'),(638,'g',0,'2012-02-04'),(637,'g',0,'2012-02-04'),(709,'g',0,'2012-02-04'),(717,'g',0,'2012-02-04'),(661,'g',0,'2012-02-04'),(695,'g',0,'2012-02-04'),(639,'g',0,'2012-02-06'),(721,'g',0,'2012-02-04'),(701,'g',0,'2011-12-23'),(702,'g',0,'2011-12-23'),(513,'g',0,'2011-12-23'),(470,'g',0,'2011-12-23'),(694,'g',0,'2012-02-07'),(666,'g',0,'2012-02-04'),(667,'g',0,'2011-12-24'),(670,'g',0,'2012-02-04'),(668,'g',0,'2011-12-24'),(669,'g',0,'2012-02-04'),(340,'g',0,'2011-12-26'),(338,'g',0,'2011-12-26'),(342,'g',0,'2011-12-26'),(341,'g',0,'2011-12-26'),(343,'g',0,'2011-12-26'),(339,'g',0,'2011-12-26'),(406,'g',0,'2011-12-27'),(430,'g',0,'2011-12-27'),(427,'g',0,'2011-12-27'),(452,'g',0,'2011-12-27'),(577,'g',0,'2011-12-27'),(411,'g',0,'2012-02-04'),(517,'g',0,'2011-12-27'),(691,'g',0,'2012-02-03'),(716,'g',0,'2012-02-03'),(692,'g',0,'2012-02-04'),(712,'g',0,'2012-01-31'),(671,'g',0,'2012-02-04'),(690,'g',0,'2012-02-04'),(266,'g',0,'2012-02-04'),(257,'g',0,'2012-02-04'),(684,'g',0,'2012-02-04'),(268,'g',0,'2012-02-04'),(87,'g',0,'2011-12-29'),(80,'g',0,'2011-12-29'),(84,'g',0,'2011-12-29'),(129,'g',0,'2011-12-29'),(713,'g',0,'2011-12-29'),(689,'g',0,'2012-02-04'),(127,'g',0,'2011-12-29'),(711,'g',0,'2011-12-29'),(698,'g',0,'2011-12-29'),(754,'g',0,'2012-02-04'),(760,'g',0,'2012-03-04'),(770,'g',0,'2011-12-30'),(749,'g',0,'2011-12-30'),(699,'g',0,'2011-12-30'),(359,'g',0,'2011-12-30'),(263,'g',0,'2011-12-30'),(703,'g',0,'2011-12-30'),(681,'g',0,'2011-12-30'),(656,'g',0,'2011-12-30'),(316,'g',0,'2011-12-30'),(719,'g',0,'2012-02-04'),(736,'g',0,'2011-12-30'),(588,'g',0,'2011-12-30'),(579,'g',0,'2011-12-30'),(744,'g',0,'2011-12-30'),(757,'g',0,'2011-12-30'),(735,'g',0,'2011-12-30'),(725,'g',0,'2011-12-30'),(759,'g',0,'2011-12-30'),(89,'g',0,'2011-12-30'),(78,'g',0,'2011-12-30'),(54,'g',0,'2011-12-30'),(86,'g',0,'2011-12-30'),(106,'g',0,'2011-12-30'),(101,'g',0,'2011-12-30'),(105,'g',0,'2011-12-30'),(113,'g',0,'2011-12-30'),(112,'g',0,'2011-12-30'),(116,'g',0,'2011-12-30'),(371,'g',0,'2011-12-30'),(372,'g',0,'2011-12-30'),(304,'g',0,'2011-12-30'),(299,'g',0,'2011-12-30'),(256,'g',0,'2012-02-04'),(376,'g',0,'2011-12-30'),(385,'g',0,'2011-12-30'),(348,'g',0,'2011-12-30'),(253,'g',0,'2011-12-30'),(388,'g',0,'2011-12-30'),(635,'g',0,'2011-12-30'),(722,'g',0,'2011-12-30'),(107,'g',0,'2011-12-30'),(252,'g',0,'2011-12-30'),(121,'g',0,'2011-12-30'),(654,'g',0,'2011-12-30'),(248,'g',0,'2011-12-30'),(104,'g',0,'2012-01-31'),(655,'g',0,'2011-12-30'),(251,'g',0,'2011-12-30'),(714,'g',0,'2011-12-30'),(700,'g',0,'2011-12-30'),(660,'g',0,'2011-12-30'),(693,'g',0,'2011-12-30'),(679,'g',0,'2011-12-30'),(687,'g',0,'2011-12-30'),(704,'g',0,'2011-12-30'),(740,'g',0,'2011-12-30'),(705,'g',0,'2011-12-30'),(134,'g',0,'2011-12-30'),(287,'g',0,'2011-12-30'),(280,'g',0,'2011-12-30'),(274,'g',0,'2011-12-30'),(271,'g',0,'2011-12-30'),(277,'g',0,'2011-12-30'),(249,'g',0,'2011-12-30'),(633,'g',0,'2011-12-30'),(288,'g',0,'2011-12-30'),(636,'g',0,'2011-12-30'),(751,'g',0,'2012-02-03'),(762,'g',0,'2012-02-04'),(764,'g',0,'2012-01-01'),(772,'g',0,'2012-01-01'),(758,'g',0,'2012-02-04'),(435,'g',0,'2012-01-01'),(433,'g',0,'2012-01-01'),(347,'g',0,'2012-01-01'),(424,'g',0,'2012-01-02'),(436,'g',0,'2012-01-02'),(428,'g',0,'2012-01-02'),(344,'g',0,'2012-01-02'),(431,'g',0,'2012-01-02'),(346,'g',0,'2012-01-02'),(437,'g',0,'2012-01-02'),(345,'g',0,'2012-01-02'),(434,'g',0,'2012-01-03'),(755,'g',0,'2012-01-06'),(773,'g',0,'2012-01-06'),(786,'g',0,'2012-01-06'),(780,'g',0,'2012-01-06'),(726,'g',0,'2012-01-06'),(574,'g',0,'2012-01-06'),(578,'g',0,'2012-01-06'),(571,'g',0,'2012-01-06'),(570,'g',0,'2012-01-06'),(739,'g',0,'2012-01-06'),(727,'g',0,'2012-01-06'),(724,'g',0,'2012-01-06'),(568,'g',0,'2012-01-06'),(730,'g',0,'2012-01-06'),(723,'g',0,'2012-01-07'),(750,'g',0,'2012-01-07'),(589,'g',0,'2012-01-07'),(783,'g',0,'2012-01-09'),(801,'g',0,'2012-01-09'),(720,'g',0,'2012-01-10'),(798,'g',0,'2012-03-05'),(792,'g',0,'2012-02-19'),(789,'g',0,'2012-01-15'),(752,'g',0,'2012-01-16'),(748,'g',0,'2012-01-16'),(733,'g',0,'2012-01-16'),(743,'g',0,'2012-01-16'),(738,'g',0,'2012-01-16'),(732,'g',0,'2012-01-16'),(734,'g',0,'2012-01-16'),(799,'g',0,'2012-02-25'),(781,'g',0,'2012-01-16'),(812,'g',0,'2012-01-17'),(836,'g',0,'2012-01-17'),(787,'g',0,'2012-01-19'),(884,'g',0,'2012-02-28'),(819,'g',0,'2012-01-19'),(830,'g',0,'2012-02-28'),(824,'g',0,'2012-01-19'),(831,'g',0,'2012-01-20'),(782,'g',0,'2012-01-20'),(900,'g',0,'2012-01-21'),(904,'g',0,'2012-01-21'),(913,'g',0,'2012-01-21'),(891,'g',0,'2012-01-21'),(872,'g',0,'2012-01-22'),(825,'g',0,'2012-01-22'),(844,'g',0,'2012-03-04'),(838,'g',0,'2012-03-04'),(870,'g',0,'2012-01-23'),(879,'g',0,'2012-01-23'),(707,'g',0,'2012-01-26'),(657,'g',0,'2012-01-26'),(659,'g',0,'2012-01-26'),(951,'g',0,'2012-01-27'),(790,'g',0,'2012-01-28'),(765,'g',0,'2012-01-28'),(791,'g',0,'2012-01-28'),(761,'g',0,'2012-01-28'),(767,'g',0,'2012-01-28'),(768,'g',0,'2012-01-28'),(889,'g',0,'2012-01-30'),(930,'g',0,'2012-01-31'),(967,'g',0,'2012-01-31'),(931,'g',0,'2012-01-31'),(969,'g',0,'2012-01-31'),(932,'g',0,'2012-01-31'),(963,'g',0,'2012-01-31'),(964,'g',0,'2012-01-31'),(978,'g',0,'2012-01-31'),(929,'g',0,'2012-01-31'),(957,'g',0,'2012-02-01'),(970,'g',0,'2012-02-01'),(979,'g',0,'2012-02-03'),(956,'g',0,'2012-02-03'),(971,'g',0,'2012-02-03'),(982,'g',0,'2012-03-04'),(983,'g',0,'2012-03-04'),(960,'g',0,'2012-02-04'),(959,'g',0,'2012-02-04'),(961,'g',0,'2012-02-05'),(846,'g',0,'2012-02-05'),(641,'g',0,'2012-02-07'),(634,'g',0,'2012-02-07'),(818,'g',0,'2012-02-07'),(826,'g',0,'2012-02-07'),(827,'g',0,'2012-02-07'),(958,'g',0,'2012-02-07'),(1068,'g',0,'2012-02-08'),(682,'g',0,'2012-02-08'),(683,'g',0,'2012-02-09'),(658,'g',0,'2012-02-09'),(1026,'g',0,'2012-02-09'),(906,'g',0,'2012-02-09'),(917,'g',0,'2012-02-09'),(804,'g',0,'2012-02-09'),(972,'g',0,'2012-02-09'),(673,'g',0,'2012-02-09'),(664,'g',0,'2012-02-09'),(686,'g',0,'2012-02-09'),(809,'g',0,'2012-02-11'),(984,'g',0,'2012-02-11'),(986,'g',0,'2012-02-11'),(985,'g',0,'2012-02-11'),(988,'g',0,'2012-02-11'),(987,'g',0,'2012-02-11'),(815,'g',0,'2012-02-11'),(820,'g',0,'2012-02-11'),(990,'g',0,'2012-02-11'),(996,'g',0,'2012-02-11'),(1027,'g',0,'2012-02-11'),(1008,'g',0,'2012-02-11'),(1012,'g',0,'2012-02-11'),(1011,'g',0,'2012-02-11'),(1013,'g',0,'2012-02-11'),(1009,'g',0,'2012-02-11'),(908,'g',0,'2012-02-11'),(911,'g',0,'2012-02-11'),(1010,'g',0,'2012-02-11'),(968,'g',0,'2012-02-12'),(909,'g',0,'2012-02-12'),(955,'g',0,'2012-02-12'),(973,'g',0,'2012-02-12'),(954,'g',0,'2012-02-12'),(953,'g',0,'2012-02-12'),(840,'g',0,'2012-02-12'),(784,'g',0,'2012-02-12'),(793,'g',0,'2012-02-12'),(813,'g',0,'2012-02-12'),(980,'g',0,'2012-02-12'),(803,'g',0,'2012-02-12'),(977,'g',0,'2012-02-12'),(899,'g',0,'2012-02-13'),(802,'g',0,'2012-02-13'),(847,'g',0,'2012-02-13'),(916,'g',0,'2012-02-13'),(962,'g',0,'2012-02-13'),(842,'g',0,'2012-02-13'),(807,'g',0,'2012-02-13'),(902,'g',0,'2012-02-13'),(848,'g',0,'2012-02-13'),(849,'g',0,'2012-02-13'),(741,'g',0,'2012-02-13'),(746,'g',0,'2012-02-13'),(1071,'g',0,'2012-02-13'),(737,'g',0,'2012-02-13'),(494,'g',0,'2012-02-13'),(1078,'g',0,'2012-02-13'),(841,'g',0,'2012-02-13'),(805,'g',0,'2012-02-13'),(800,'g',0,'2012-02-13'),(821,'g',0,'2012-02-13'),(892,'g',0,'2012-02-13'),(775,'g',0,'2012-02-13'),(1028,'g',0,'2012-02-13'),(833,'g',0,'2012-02-13'),(851,'g',0,'2012-02-13'),(550,'g',0,'2012-02-13'),(806,'g',0,'2012-02-13'),(850,'g',0,'2012-02-13'),(834,'g',0,'2012-02-13'),(901,'g',0,'2012-02-13'),(731,'g',0,'2012-02-13'),(729,'g',0,'2012-02-13'),(728,'g',0,'2012-02-13'),(897,'g',0,'2012-02-15'),(871,'g',0,'2012-02-15'),(839,'g',0,'2012-02-15'),(852,'g',0,'2012-02-15'),(918,'g',0,'2012-02-15'),(921,'g',0,'2012-02-15'),(880,'g',0,'2012-02-15'),(845,'g',0,'2012-02-15'),(814,'g',0,'2012-02-15'),(1075,'g',0,'2012-02-15'),(1081,'g',0,'2012-02-15'),(915,'g',0,'2012-02-18'),(1077,'g',0,'2012-02-19'),(843,'g',0,'2012-02-20'),(776,'g',0,'2012-02-20'),(878,'g',0,'2012-02-20'),(788,'g',0,'2012-02-20'),(822,'g',0,'2012-02-20'),(829,'g',0,'2012-02-20'),(914,'g',0,'2012-02-20'),(1073,'g',0,'2012-02-23'),(1072,'g',0,'2012-02-23'),(567,'g',0,'2012-02-26'),(1020,'g',0,'2012-02-26'),(887,'g',0,'2012-02-27'),(1003,'g',0,'2012-02-27'),(998,'g',0,'2012-02-27'),(997,'g',0,'2012-02-27'),(952,'g',0,'2012-02-27'),(1004,'g',0,'2012-02-27'),(1051,'g',0,'2012-02-27'),(1037,'g',0,'2012-02-27'),(1031,'g',0,'2012-02-27'),(1023,'g',0,'2012-02-27'),(1032,'g',0,'2012-02-27'),(1047,'g',0,'2012-02-27'),(1056,'g',0,'2012-02-27'),(1064,'g',0,'2012-02-27'),(1057,'g',0,'2012-02-27'),(893,'g',0,'2012-02-27'),(999,'g',0,'2012-02-27'),(1006,'g',0,'2012-02-27'),(1076,'g',0,'2012-02-27'),(1000,'g',0,'2012-02-27'),(1005,'g',0,'2012-02-27'),(1041,'g',0,'2012-02-27'),(1022,'g',0,'2012-02-27'),(1019,'g',0,'2012-02-27'),(1052,'g',0,'2012-02-27'),(1048,'g',0,'2012-02-27'),(1046,'g',0,'2012-02-27'),(1045,'g',0,'2012-02-27'),(1007,'g',0,'2012-02-27'),(1036,'g',0,'2012-02-27'),(1050,'g',0,'2012-02-27'),(1030,'g',0,'2012-02-27'),(1038,'g',0,'2012-02-27'),(1034,'g',0,'2012-02-27'),(1053,'g',0,'2012-02-27'),(1025,'g',0,'2012-02-27'),(1067,'g',0,'2012-02-27'),(1002,'g',0,'2012-02-27'),(1062,'g',0,'2012-02-27'),(992,'g',0,'2012-02-27'),(1001,'g',0,'2012-02-27'),(919,'g',0,'2012-02-27'),(974,'g',0,'2012-02-27'),(1039,'g',0,'2012-02-27'),(1033,'g',0,'2012-02-27'),(1035,'g',0,'2012-02-27'),(1054,'g',0,'2012-02-27'),(1042,'g',0,'2012-02-27'),(1017,'g',0,'2012-02-27'),(1021,'g',0,'2012-02-27'),(1015,'g',0,'2012-02-27'),(1029,'g',0,'2012-02-27'),(1044,'g',0,'2012-02-27'),(1040,'g',0,'2012-02-27'),(1016,'g',0,'2012-02-27'),(1059,'g',0,'2012-02-27'),(1063,'g',0,'2012-02-27'),(1055,'g',0,'2012-02-27'),(1069,'g',0,'2012-02-27'),(898,'g',0,'2012-02-27'),(1074,'g',0,'2012-02-27'),(907,'g',0,'2012-02-27'),(1049,'g',0,'2012-02-27'),(1018,'g',0,'2012-02-27'),(1058,'g',0,'2012-02-27'),(975,'g',0,'2012-02-28'),(1024,'g',0,'2012-02-28'),(1060,'g',0,'2012-02-28'),(1043,'g',0,'2012-02-28'),(1087,'g',0,'2012-02-28'),(1091,'g',0,'2012-02-28'),(1070,'g',0,'2012-02-28'),(1061,'g',0,'2012-02-28'),(1095,'g',0,'2012-02-28'),(1090,'g',0,'2012-02-29'),(1089,'g',0,'2012-03-01'),(1094,'g',0,'2012-03-03'),(1065,'g',0,'2012-03-06'),(1066,'g',0,'2012-03-06'),(993,'g',0,'2012-03-06'),(1102,'g',0,'2012-03-07');

--
-- Table structure for table `idx_paid_listing`
--

CREATE TABLE `idx_paid_listing` (
  `link_id` mediumint(9) unsigned NOT NULL DEFAULT '0',
  `premium` char(1) DEFAULT NULL,
  `sponsored` char(1) DEFAULT NULL,
  `expire` datetime DEFAULT NULL,
  `paid` char(1) DEFAULT NULL,
  PRIMARY KEY (`link_id`)
) ENGINE=MyISAM DEFAULT CHARSET=latin1;

--
-- Dumping data for table `idx_paid_listing`
--


--
-- Table structure for table `idx_payment_gateway`
--

CREATE TABLE `idx_payment_gateway` (
  `payment_gateway_id` int(11) NOT NULL AUTO_INCREMENT,
  `name` varchar(100) DEFAULT NULL,
  `enable` char(1) DEFAULT NULL,
  `setting` text,
  `invoice_html` text,
  PRIMARY KEY (`payment_gateway_id`)
) ENGINE=MyISAM AUTO_INCREMENT=9 DEFAULT CHARSET=latin1;

--
-- Dumping data for table `idx_payment_gateway`
--

INSERT INTO `idx_payment_gateway` VALUES (1,'paypal','1','a:2:{s:13:\"payment_email\";s:0:\"\";s:21:\"enable_paypal_sandbox\";s:1:\"0\";}','<p> \r\n	<a href=\'paynow.php?id={$invoice_id}&m=paypal\'><img src=\'http://www.paypal.com/images/x-click-but02.gif\' border=\'0\' alt=\'Make payments with PayPal - it is fast, free and secure!\' /></a> \r\n</p>\r\n'),(2,'2co','0','a:6:{s:6:\"co_sid\";s:5:\"84932\";s:9:\"co_secret\";s:5:\"tango\";s:12:\"co_recurring\";s:1:\"0\";s:9:\"co_prod_1\";s:6:\"100.00\";s:9:\"co_prod_2\";s:6:\"250.00\";s:9:\"co_prod_3\";s:6:\"400.00\";}','<p>\r\n<a href=\'paynow.php?id={$invoice_id}&m=2co\'><img src=\'http://www.2checkout.com/images/overview/btns/25.jpg\' alt=\'Pay Now with 2checkout...\' border=\'0\' /></a> \r\n</p>'),(3,'authorizenet','0','a:2:{s:21:\"authorizenet_login_id\";s:0:\"\";s:21:\"authorizenet_tran_key\";s:0:\"\";}','<p> \r\n<a href=\'paynow.php?id={$invoice_id}&m=authorizenet\'><img src=\'http://www.authorize.net/upload/images/Images/Header/authorizenet_logo.gif\' alt=\'Pay Now with Authorize.Net...\' width=\'99\' height=\'39\' style=\'{border : 1px solid #c0c0c0;}\' /></a>\r\n</p>'),(4,'egold','0','a:2:{s:19:\"egold_payee_account\";s:0:\"\";s:16:\"egold_payee_name\";s:0:\"\";}','<p> \r\n<a href=\'paynow.php?id={$invoice_id}&m=egold\'>\r\n<img src=\'http://www.e-gold.com/gif/paywith.gif\' border=\'0\' alt=\'Pay Now with e-gold...\' />\r\n</a>\r\n</p>'),(5,'moneybookers','0','a:1:{s:18:\"moneybookers_email\";s:0:\"\";}','<p> \r\n<a href=\'paynow.php?id={$invoice_id}&m=paypal\'><img src=\'http://www.moneybookers.com/images/banners/88_en_mb.gif\' border=\'0\' alt=\'Make payments with Moneybookers - it is fast, free and secure!\' /></a> \r\n</p>'),(6,'paypal-subscriptions','0','a:2:{s:13:\"payment_email\";s:0:\"\";s:21:\"enable_paypal_sandbox\";s:1:\"0\";}','<p> \r\n<a href=\'paynow.php?id={$invoice_id}&m=paypal\'><img src=\'https://www.paypal.com/en_US/i/btn/x-click-but20.gif\' border=\'0\' alt=\'Make payments with PayPal - it is fast, free and secure!\' /></a> \r\n</p>'),(7,'alertpay','0','a:2:{s:14:\"alertpay_email\";s:0:\"\";s:23:\"enable_alertpay_sandbox\";s:1:\"0\";}','<p> \r\n<a href=\'paynow.php?id={$invoice_id}&m=alertpay\'>\r\n<img src=\'https://www.alertpay.com/Images/BuyNow/pay_now_3.gif\' border=\'0\' alt=\'Make payments with PayPal - it is fast, free and secure!\' /></a> \r\n</p>'),(8,'alertpay-subcriptions','0','a:2:{s:14:\"alertpay_email\";s:0:\"\";s:23:\"enable_alertpay_sandbox\";s:1:\"0\";}','<p>\r\n<a href=\'paynow.php?id={$invoice_id}&m=alertpay-subcriptions\'>\r\n<img src=\'https://www.alertpay.com/Images/BuyNow/subscribe_now_15.gif\' border=\'0\' alt=\'Make payments with Alert Pay - it is fast, free and secure!\' /></a> \r\n</p>');

--
-- Table structure for table `idx_payment_history`
--

CREATE TABLE `idx_payment_history` (
  `payment_id` int(10) unsigned NOT NULL AUTO_INCREMENT,
  `contact_name` varchar(255) DEFAULT NULL,
  `email` varchar(255) DEFAULT NULL,
  `type` varchar(255) DEFAULT NULL,
  `detail` text,
  `amount` double DEFAULT NULL,
  `time` datetime DEFAULT NULL,
  `invoice_id` varchar(10) DEFAULT NULL,
  PRIMARY KEY (`payment_id`)
) ENGINE=MyISAM DEFAULT CHARSET=latin1;

--
-- Dumping data for table `idx_payment_history`
--


--
-- Table structure for table `idx_plugin`
--

CREATE TABLE `idx_plugin` (
  `plugin_id` int(11) NOT NULL AUTO_INCREMENT,
  `name` varchar(255) DEFAULT NULL,
  `plugin_file` varchar(255) DEFAULT NULL,
  `status` enum('0','1') DEFAULT NULL,
  `option_plugin` text,
  PRIMARY KEY (`plugin_id`)
) ENGINE=MyISAM DEFAULT CHARSET=latin1;

--
-- Dumping data for table `idx_plugin`
--


--
-- Table structure for table `idx_review`
--

CREATE TABLE `idx_review` (
  `review_id` mediumint(9) unsigned NOT NULL AUTO_INCREMENT,
  `link_id` mediumint(9) unsigned NOT NULL DEFAULT '0',
  `review` text NOT NULL,
  `rating` tinyint(3) unsigned NOT NULL DEFAULT '0',
  `date` date NOT NULL DEFAULT '0000-00-00',
  `subject` varchar(100) DEFAULT NULL,
  `status` char(1) DEFAULT NULL,
  `username` varchar(20) DEFAULT NULL,
  `name` varchar(20) DEFAULT NULL,
  `email` varchar(100) DEFAULT NULL,
  PRIMARY KEY (`review_id`)
) ENGINE=MyISAM DEFAULT CHARSET=latin1;

--
-- Dumping data for table `idx_review`
--


--
-- Table structure for table `idx_searchlog`
--

CREATE TABLE `idx_searchlog` (
  `keyword` varchar(100) NOT NULL DEFAULT '',
  `time` datetime NOT NULL DEFAULT '0000-00-00 00:00:00',
  `result` mediumint(9) unsigned DEFAULT NULL,
  `ip` varchar(100) DEFAULT NULL
) ENGINE=MyISAM DEFAULT CHARSET=latin1;

--
-- Dumping data for table `idx_searchlog`
--


--
-- Table structure for table `idx_set_hook_place`
--

CREATE TABLE `idx_set_hook_place` (
  `set_hook_place_id` int(11) NOT NULL AUTO_INCREMENT,
  `plugin` varchar(255) DEFAULT NULL,
  `set_hook_place` text,
  PRIMARY KEY (`set_hook_place_id`)
) ENGINE=MyISAM DEFAULT CHARSET=latin1;

--
-- Dumping data for table `idx_set_hook_place`
--


--
-- Table structure for table `idx_setting`
--

CREATE TABLE `idx_setting` (
  `setting_id` int(11) NOT NULL AUTO_INCREMENT,
  `setting_name` varchar(255) DEFAULT NULL,
  `setting_value` text,
  PRIMARY KEY (`setting_id`)
) ENGINE=MyISAM AUTO_INCREMENT=55 DEFAULT CHARSET=latin1;

--
-- Dumping data for table `idx_setting`
--

INSERT INTO `idx_setting` VALUES (4,'site_name','ilweb.biz'),(5,'site_url','http://ilweb.biz'),(6,'email_address','hunter.talsma@gmail.com'),(7,'language_code','en_US'),(8,'theme_path','/home/ilweb/public_html/themes/'),(9,'admin_template_path','/home/ilweb/public_html/admin_tpl/'),(10,'plugin_path','/home/ilweb/public_html/plugin/'),(12,'active_theme','_ilweb'),(14,'spam_proof','1'),(15,'enable_user_validation','1'),(16,'allowed_file_extension','gif,jpg,png,pdf,zip,doc'),(17,'yahoo_appid',''),(18,'whosonline','600'),(19,'reciprocal_check','0'),(20,'urlcheck_limit','1'),(21,'pagerank_cache','30'),(22,'max_image_width','1024'),(23,'max_image_height','756'),(24,'max_file_size','500'),(25,'only_registered_can_add_link','0'),(26,'only_registered_can_add_review','0'),(27,'db_use_persistent','0'),(28,'paid_link_day_period','30,60,90,180'),(29,'paid_link_price_factor','1,1.5,2,3'),(30,'enable_html_tag','1'),(31,'allowed_html_tag','<b>,<strong>,<i>,<em>,<u>,<pre>,<blockquote>,<ol>,<ul>,<li>,<p>,<span>,<div>,<table>,<tr>,<td>'),(32,'enable_page_compression','0'),(33,'enable_category_ajax','1'),(34,'require_visit_category','0'),(35,'additional_category_price','0.5'),(36,'enable_rating_ajax','1'),(37,'service_nicecoder_avail','1'),(38,'enable_recaptcha','0'),(39,'recaptcha_publickey',''),(40,'recaptcha_privatekey',''),(41,'enable_bidding','0'),(42,'minimum_bid','5'),(43,'bid_increament','1'),(44,'charset','utf-8'),(45,'mailer','mail'),(46,'smtp_auth','0'),(47,'smtp_host',''),(48,'smtp_username',''),(49,'smtp_password',''),(50,'smtp_port','25'),(51,'emailbody_as_html','0'),(52,'indexu_version','2.4'),(53,'tos',''),(54,'submission_guidelines','');

--
-- Table structure for table `idx_tags`
--

CREATE TABLE `idx_tags` (
  `tag` varchar(64) NOT NULL DEFAULT '',
  `category_id` mediumint(8) unsigned NOT NULL DEFAULT '0',
  `total` int(11) NOT NULL DEFAULT '0',
  `tag_path` varchar(64) NOT NULL,
  PRIMARY KEY (`tag`,`category_id`)
) ENGINE=MyISAM DEFAULT CHARSET=latin1;

--
-- Dumping data for table `idx_tags`
--


--
-- Table structure for table `idx_unavailable`
--

CREATE TABLE `idx_unavailable` (
  `idx_unavailable` int(11) NOT NULL AUTO_INCREMENT,
  `link_id` int(11) DEFAULT NULL,
  `url` varchar(255) DEFAULT NULL,
  `who_is` varchar(255) DEFAULT NULL,
  `note` text,
  `date` datetime DEFAULT NULL,
  PRIMARY KEY (`idx_unavailable`)
) ENGINE=MyISAM DEFAULT CHARSET=latin1;

--
-- Dumping data for table `idx_unavailable`
--


--
-- Table structure for table `idx_unavailable_latest`
--

CREATE TABLE `idx_unavailable_latest` (
  `idx_link` int(11) DEFAULT NULL,
  `record_execution` int(11) DEFAULT NULL
) ENGINE=MyISAM DEFAULT CHARSET=latin1;

--
-- Dumping data for table `idx_unavailable_latest`
--


--
-- Table structure for table `idx_votes`
--

CREATE TABLE `idx_votes` (
  `link_id` mediumint(9) NOT NULL DEFAULT '0',
  `ip` varchar(100) DEFAULT NULL,
  `value` tinyint(4) DEFAULT NULL
) ENGINE=MyISAM DEFAULT CHARSET=latin1;

--
-- Dumping data for table `idx_votes`
--



