--
-- Host: infolion.net    Database: infolion_indexu
-- ------------------------------------------------------


--
-- Not dumping tablespaces as no INFORMATION_SCHEMA.FILES table on this server
--

--
-- Table structure for table `directory_save_data`
--

CREATE TABLE `directory_save_data` (
  `id` bigint(100) NOT NULL auto_increment,
  `schedule_id` bigint(100) NOT NULL,
  `project_id` bigint(100) NOT NULL,
  `link_id` bigint(100) NOT NULL,
  `confirm_link` text NOT NULL,
  `category_id` int(10) NOT NULL,
  `category_name` varchar(150) NOT NULL,
  PRIMARY KEY  (`id`)
) ENGINE=MyISAM DEFAULT CHARSET=latin1;

--
-- Dumping data for table `directory_save_data`
--


--
-- Table structure for table `idx_admin_menu`
--

CREATE TABLE `idx_admin_menu` (
  `menu_id` int(11) NOT NULL auto_increment,
  `parent_id` int(11) default NULL,
  `menu_title` varchar(255) default NULL,
  `menu_url` varchar(255) default NULL,
  `order_number` int(11) default NULL,
  PRIMARY KEY  (`menu_id`)
) ENGINE=MyISAM AUTO_INCREMENT=85 DEFAULT CHARSET=latin1;

--
-- Dumping data for table `idx_admin_menu`
--

INSERT INTO `idx_admin_menu` VALUES (1,0,'Dashboard','summary.php',0),(3,0,'Categories','cat_view.php',0),(4,3,'View/ Edit/ Delete','cat_view.php',1),(5,3,'Add New Category','cat_add.php',2),(2,1,'Summary','summary.php',1),(7,3,'Check Category Structure','cat_struc.php',4),(8,3,'Update Category Path','cat_path_update.php',5),(6,3,'Pending Category','cat_pending_suggestion.php',3),(9,3,'Set Default Price','cat_set_default_price.php',6),(10,3,'Hidden Category','cat_view_hidden.php',7),(11,3,'Registered Users Only','cat_view_registered_only.php',8),(12,3,'Search Category','cat_search.php',9),(13,0,'Links','link_search.php',0),(14,13,'Search/ Edit/ Delete','link_search.php',1),(15,13,'Add New Link','link_add.php',2),(16,13,'Validate Link','link_validate.php',3),(17,13,'Premium Listing','link_premium_listing.php',4),(18,13,'Sponsored Listing','link_sponsored_listing.php',5),(19,13,'Suspended Listing','link_suspended_listing.php',6),(20,13,'Spam Links','link_validate.php?spam=1',7),(22,13,'Update Number of Links','app_update_nol.php',9),(23,13,'Update Tag Clouds','tag_cloud_update.php',10),(21,13,'Editor Pick Links','link_editor_pick.php',8),(25,13,'Validate Reviews','review_validate.php',11),(26,13,'Discount Coupon','coupon.php',12),(27,13,'Default Field','link_default_field.php',13),(28,13,'Custom Field','link_custom_field.php',14),(29,0,'Users','user_active.php',0),(30,29,'View All','user_active.php',1),(31,29,'Add New User','user_add.php',2),(32,29,'View Suspend','user_suspend.php',3),(33,29,'View Unactive','user_active.php?pflag=Unactive',4),(34,29,'Search User','user_search.php',5),(35,0,'Editors','editor_add.php',0),(36,35,'Add New Editor','editor_add.php',1),(37,35,'Validate Editors','editor_validate.php',2),(38,0,'Invoices','inv_config.php',0),(39,38,'Configure','inv_config.php',1),(40,38,'Create An Invoice','inv_create.php',2),(41,38,'Paid Invoice','inv_paid.php',3),(42,38,'Unpaid Invoice','inv_unpaid.php',4),(43,38,'Overdue Invoice','inv_overdue.php',5),(44,38,'Payment History','pay_history.php',6),(45,0,'Mailling Systems','message_view.php',0),(46,45,'Send/ Edit/ Delete','message_view.php',1),(47,45,'Create Template','message_create.php',2),(48,45,'Mailing List Subscribers','message_subscriber.php',3),(49,0,'Templates','template_manager.php',0),(50,49,'Site Templates Manager','template_manager.php',1),(51,49,'Import Site Template','template_import.php',2),(52,49,'Export Site Template','template_export.php',3),(53,49,'Email Templates','email_template.php',4),(54,49,'Export Email Template','email_template_export.php',5),(55,49,'Import Email Template','email_template_import.php',6),(56,0,'Tools','link_duplicate.php',0),(57,56,'Find Duplicate Link','link_duplicate.php',1),(58,56,'Broken Link Report','link_bad.php',2),(59,56,'Spider Link CheckUrl','checkurl_web.php',3),(60,56,'Block Name server Domain','blocked_domain_list.php',4),(61,56,'Add Block Name server Domain','add_blocked_domain.php',5),(62,56,'Unavailable domain listing','unavailable_link_list.php',6),(63,56,'Clear Template Cache','clear_templates_c.php',7),(64,56,'PHP Configuration','phpinfo.php',8),(65,56,'Sitemap Generator','sitemap.php',9),(66,56,'Cronjobs','cronjobs.php',10),(67,56,'Fetch Meta','fetch_meta.php',11),(68,56,'Hook Place','hook_place.php',12),(69,56,'CheckUrl Result','link_checkurl.php',13),(70,56,'View Search Log','log_search.php',14),(71,56,'Bad Words Filter','badword_filter.php',15),(72,0,'Options','app_setup.php',0),(73,72,'Setup','app_setup.php',1),(74,72,'Page Caching','app_page_caching.php',2),(75,72,'Mod-rewrite','app_mod_rewrite.php',3),(76,72,'Change Password','app_change_pwd.php',4),(77,0,'Database','db_import.php',0),(78,77,'Import','db_import.php',1),(79,77,'Export','db_export.php',2),(80,77,'Backup','db_backup.php',3),(81,77,'Query','db_query.php',4),(82,77,'Find Replace','db_find_replace.php',5),(83,0,'Plugins','plugin_listing.php',0),(84,83,'View All','plugin_listing.php',1);

--
-- Table structure for table `idx_bad_link`
--

CREATE TABLE `idx_bad_link` (
  `bad_link_id` mediumint(9) unsigned NOT NULL auto_increment,
  `link_id` mediumint(9) unsigned NOT NULL default '0',
  `name` varchar(50) NOT NULL default '',
  `email` varchar(50) NOT NULL default '',
  `type` tinyint(3) unsigned NOT NULL default '0',
  `date` date NOT NULL default '0000-00-00',
  PRIMARY KEY  (`bad_link_id`)
) ENGINE=MyISAM DEFAULT CHARSET=latin1;

--
-- Dumping data for table `idx_bad_link`
--


--
-- Table structure for table `idx_badwords`
--

CREATE TABLE `idx_badwords` (
  `word` varchar(100) NOT NULL default ''
) ENGINE=MyISAM DEFAULT CHARSET=latin1;

--
-- Dumping data for table `idx_badwords`
--


--
-- Table structure for table `idx_blocked_domain`
--

CREATE TABLE `idx_blocked_domain` (
  `blocked_id` int(11) NOT NULL auto_increment,
  `blocked` varchar(255) default NULL,
  `type` enum('domain','ip') default NULL,
  PRIMARY KEY  (`blocked_id`)
) ENGINE=MyISAM AUTO_INCREMENT=6 DEFAULT CHARSET=latin1;

--
-- Dumping data for table `idx_blocked_domain`
--

INSERT INTO `idx_blocked_domain` VALUES (1,'buydomains.com','domain'),(2,'this-domain-for-sale.com ','domain'),(3,'oversee.net','domain'),(4,'eNom','domain'),(5,'sedoparking.com','domain');

--
-- Table structure for table `idx_category`
--

CREATE TABLE `idx_category` (
  `category_id` mediumint(9) unsigned NOT NULL auto_increment,
  `parent_id` mediumint(9) unsigned NOT NULL default '0',
  `name` varchar(100) NOT NULL default '',
  `description` text NOT NULL,
  `image` varchar(100) default NULL,
  `content` text,
  `visible` char(1) default NULL,
  `links` mediumint(9) default NULL,
  `meta_keyword` text,
  `meta_description` text,
  `permission` char(2) default NULL,
  `registered_only` char(1) default NULL,
  `header` text NOT NULL,
  `footer` text NOT NULL,
  `related` mediumint(6) NOT NULL default '0',
  `page_title` varchar(200) NOT NULL default '',
  `hits` int(11) NOT NULL default '0',
  `order_num` smallint(6) NOT NULL default '0',
  `basic_price` double unsigned NOT NULL default '0',
  `premium_price` double unsigned NOT NULL default '0',
  `sponsored_price` double unsigned NOT NULL default '0',
  PRIMARY KEY  (`category_id`)
) ENGINE=MyISAM AUTO_INCREMENT=36 DEFAULT CHARSET=latin1;

--
-- Dumping data for table `idx_category`
--

INSERT INTO `idx_category` VALUES (1,0,'Arts & Entertainment','','folder.gif','','1',0,'','','1','0','','',0,'',0,0,0,0,0),(2,0,'Automotive','','folder.gif','','1',0,'','','1','0','','',0,'',0,0,0,0,0),(3,0,'Business','','folder.gif','','1',0,'','','1','0','','',0,'',0,0,0,0,0),(4,0,'Careers & Jobs','','folder.gif','','1',0,'','','1','0','','',0,'',0,0,0,0,0),(5,0,'Clothing','','folder.gif','','1',0,'','','1','0','','',0,'',0,0,0,0,0),(6,0,'Communications','','folder.gif','','1',0,'','','1','0','','',0,'',0,0,0,0,0),(7,0,'Computer & Internet','','folder.gif','','1',0,'','','1','0','','',0,'',0,0,0,0,0),(8,0,'Construction and Maintenance','','folder.gif','','1',0,'','','1','0','','',0,'',0,0,0,0,0),(9,0,'Dental Services','','folder.gif','','1',0,'','','1','0','','',0,'',0,0,0,0,0),(10,0,'Education','','folder.gif','','1',0,'','','1','0','','',0,'',0,0,0,0,0),(11,0,'Employment','','folder.gif','','1',0,'','','1','0','','',0,'',0,0,0,0,0),(12,0,'Gifts','','folder.gif','','1',0,'','','1','0','','',0,'',0,0,0,0,0),(13,0,'Hardware & Software','','folder.gif','','1',0,'','','1','0','','',0,'',0,0,0,0,0),(14,0,'Health & fitness','','folder.gif','','1',0,'','','1','0','','',0,'',0,0,0,0,0),(15,0,'Healthcare','','folder.gif','','1',0,'','','1','0','','',0,'',0,0,0,0,0),(16,0,'Heating and Air Conditioning','','folder.gif','','1',0,'','','1','0','','',0,'',0,0,0,0,0),(17,0,'Home & Garden','','folder.gif','','1',0,'','','1','0','','',0,'',0,0,0,0,0),(18,0,'Home Improvement','','folder.gif','','1',1,'','','1','0','','',0,'',0,0,0,0,0),(19,0,'Hotels & Motels','','folder.gif','','1',0,'','','1','0','','',0,'',0,0,0,0,0),(20,0,'Insurance','','folder.gif','','1',0,'','','1','0','','',0,'',0,0,0,0,0),(21,0,'Law & Politics','','folder.gif','','1',0,'','','1','0','','',0,'',0,0,0,0,0),(22,0,'Lawyers','','folder.gif','','1',1,'','','1','0','','',0,'',0,0,0,0,0),(23,0,'Lifestyle & Relationships','','folder.gif','','1',0,'','','1','0','','',0,'',0,0,0,0,0),(24,0,'Medicine','','folder.gif','','1',0,'','','1','0','','',0,'',0,0,0,0,0),(25,0,'Money & Finance','','folder.gif','','1',0,'','','1','0','','',0,'',0,0,0,0,0),(26,0,'News & Issues','','folder.gif','','1',0,'','','1','0','','',0,'',0,0,0,0,0),(27,0,'Plumbing','','folder.gif','','1',0,'','','1','0','','',0,'',0,0,0,0,0),(28,0,'Real Estate','','folder.gif','','1',0,'','','1','0','','',0,'',0,0,0,0,0),(29,0,'Science & Technology','','folder.gif','','1',0,'','','1','0','','',0,'',0,0,0,0,0),(30,0,'SEO & SMO','','folder.gif','','1',0,'','','1','0','','',0,'',0,0,0,0,0),(31,0,'Shopping and Sales','','folder.gif','','1',1,'','','1','0','','',0,'',0,0,0,0,0),(32,0,'Sports & Recreation','','folder.gif','','1',0,'','','1','0','','',0,'',0,0,0,0,0),(33,0,'Transportation Services','','folder.gif','','1',0,'','','1','0','','',0,'',0,0,0,0,0),(34,0,'Travel & Tour','','folder.gif','','1',0,'','','1','0','','',0,'',0,0,0,0,0),(35,0,'Weddings','','folder.gif','','1',1,'','','1','0','','',0,'',0,0,0,0,0);

--
-- Table structure for table `idx_category_path`
--

CREATE TABLE `idx_category_path` (
  `category_id` mediumint(9) NOT NULL default '0',
  `path` text,
  `path_with_url` text,
  `parents` text,
  PRIMARY KEY  (`category_id`)
) ENGINE=MyISAM DEFAULT CHARSET=latin1;

--
-- Dumping data for table `idx_category_path`
--

INSERT INTO `idx_category_path` VALUES (1,'Arts & Entertainment','<a href=\"http://infolion.net/arts-entertainment/\" name=\"cat_1\" style=\"\">Arts & Entertainment</a>',';0;'),(2,'Automotive','<a href=\"http://infolion.net/automotive/\" name=\"cat_2\" style=\"\">Automotive</a>',';0;'),(3,'Business','<a href=\"http://infolion.net/business/\" name=\"cat_3\" style=\"\">Business</a>',';0;'),(4,'Careers & Jobs','<a href=\"http://infolion.net/careers-jobs/\" name=\"cat_4\" style=\"\">Careers & Jobs</a>',';0;'),(5,'Clothing','<a href=\"http://infolion.net/clothing/\" name=\"cat_5\" style=\"\">Clothing</a>',';0;'),(6,'Communications','<a href=\"http://infolion.net/communications/\" name=\"cat_6\" style=\"\">Communications</a>',';0;'),(7,'Computer & Internet','<a href=\"http://infolion.net/computer-internet/\" name=\"cat_7\" style=\"\">Computer & Internet</a>',';0;'),(8,'Construction and Maintenance','<a href=\"http://infolion.net/construction-and-maintenance/\" name=\"cat_8\" style=\"\">Construction and Maintenance</a>',';0;'),(9,'Dental Services','<a href=\"http://infolion.net/dental-services/\" name=\"cat_9\" style=\"\">Dental Services</a>',';0;'),(10,'Education','<a href=\"http://infolion.net/education/\" name=\"cat_10\" style=\"\">Education</a>',';0;'),(11,'Employment','<a href=\"http://infolion.net/employment/\" name=\"cat_11\" style=\"\">Employment</a>',';0;'),(12,'Gifts','<a href=\"http://infolion.net/gifts/\" name=\"cat_12\" style=\"\">Gifts</a>',';0;'),(13,'Hardware & Software','<a href=\"http://infolion.net/hardware-software/\" name=\"cat_13\" style=\"\">Hardware & Software</a>',';0;'),(14,'Health & fitness','<a href=\"http://infolion.net/health-fitness/\" name=\"cat_14\" style=\"\">Health & fitness</a>',';0;'),(15,'Healthcare','<a href=\"http://infolion.net/healthcare/\" name=\"cat_15\" style=\"\">Healthcare</a>',';0;'),(16,'Heating and Air Conditioning','<a href=\"http://infolion.net/heating-and-air-conditioning/\" name=\"cat_16\" style=\"\">Heating and Air Conditioning</a>',';0;'),(17,'Home & Garden','<a href=\"http://infolion.net/home-garden/\" name=\"cat_17\" style=\"\">Home & Garden</a>',';0;'),(18,'Home Improvement','<a href=\"http://infolion.net/home-improvement/\" name=\"cat_18\" style=\"\">Home Improvement</a>',';0;'),(19,'Hotels & Motels','<a href=\"http://infolion.net/hotels-motels/\" name=\"cat_19\" style=\"\">Hotels & Motels</a>',';0;'),(20,'Insurance','<a href=\"http://infolion.net/insurance/\" name=\"cat_20\" style=\"\">Insurance</a>',';0;'),(21,'Law & Politics','<a href=\"http://infolion.net/law-politics/\" name=\"cat_21\" style=\"\">Law & Politics</a>',';0;'),(22,'Lawyers','<a href=\"http://infolion.net/lawyers/\" name=\"cat_22\" style=\"\">Lawyers</a>',';0;'),(23,'Lifestyle & Relationships','<a href=\"http://infolion.net/lifestyle-relationships/\" name=\"cat_23\" style=\"\">Lifestyle & Relationships</a>',';0;'),(24,'Medicine','<a href=\"http://infolion.net/medicine/\" name=\"cat_24\" style=\"\">Medicine</a>',';0;'),(25,'Money & Finance','<a href=\"http://infolion.net/money-finance/\" name=\"cat_25\" style=\"\">Money & Finance</a>',';0;'),(26,'News & Issues','<a href=\"http://infolion.net/news-issues/\" name=\"cat_26\" style=\"\">News & Issues</a>',';0;'),(27,'Plumbing','<a href=\"http://infolion.net/plumbing/\" name=\"cat_27\" style=\"\">Plumbing</a>',';0;'),(28,'Real Estate','<a href=\"http://infolion.net/real-estate/\" name=\"cat_28\" style=\"\">Real Estate</a>',';0;'),(29,'Science & Technology','<a href=\"http://infolion.net/science-technology/\" name=\"cat_29\" style=\"\">Science & Technology</a>',';0;'),(30,'SEO & SMO','<a href=\"http://infolion.net/seo-smo/\" name=\"cat_30\" style=\"\">SEO & SMO</a>',';0;'),(31,'Shopping and Sales','<a href=\"http://infolion.net/shopping-and-sales/\" name=\"cat_31\" style=\"\">Shopping and Sales</a>',';0;'),(32,'Sports & Recreation','<a href=\"http://infolion.net/sports-recreation/\" name=\"cat_32\" style=\"\">Sports & Recreation</a>',';0;'),(33,'Transportation Services','<a href=\"http://infolion.net/transportation-services/\" name=\"cat_33\" style=\"\">Transportation Services</a>',';0;'),(34,'Travel & Tour','<a href=\"http://infolion.net/travel-tour/\" name=\"cat_34\" style=\"\">Travel & Tour</a>',';0;'),(35,'Weddings','<a href=\"http://infolion.net/weddings/\" name=\"cat_35\" style=\"\">Weddings</a>',';0;');

--
-- Table structure for table `idx_category_suggession`
--

CREATE TABLE `idx_category_suggession` (
  `id_cat_suggession` int(11) NOT NULL auto_increment,
  `parent_id` int(11) default NULL,
  `name` varchar(255) default NULL,
  `category_description` text,
  `date` datetime default NULL,
  PRIMARY KEY  (`id_cat_suggession`)
) ENGINE=MyISAM DEFAULT CHARSET=latin1;

--
-- Dumping data for table `idx_category_suggession`
--


--
-- Table structure for table `idx_checkurl`
--

CREATE TABLE `idx_checkurl` (
  `link_id` mediumint(9) NOT NULL default '0',
  `date` date NOT NULL default '0000-00-00',
  `live` char(1) NOT NULL default '',
  `reciprocal_found` char(1) NOT NULL default '',
  PRIMARY KEY  (`link_id`)
) ENGINE=MyISAM DEFAULT CHARSET=latin1;

--
-- Dumping data for table `idx_checkurl`
--


--
-- Table structure for table `idx_cronjobs`
--

CREATE TABLE `idx_cronjobs` (
  `cronjobs_id` int(11) NOT NULL auto_increment,
  `cronjobs_name` varchar(255) default NULL,
  `filename` varchar(255) NOT NULL,
  `schedule` varchar(255) NOT NULL,
  `time` datetime NOT NULL,
  `execution` varchar(1) NOT NULL,
  PRIMARY KEY  (`cronjobs_id`)
) ENGINE=MyISAM AUTO_INCREMENT=4 DEFAULT CHARSET=latin1;

--
-- Dumping data for table `idx_cronjobs`
--

INSERT INTO `idx_cronjobs` VALUES (1,NULL,'clear_templates_c.php','1,*,*,*,*','0000-00-00 00:00:00',''),(2,NULL,'update_tag_cloud.php','*,24,*,*,*','0000-00-00 00:00:00',''),(3,NULL,'clear_rss_cache.php','*,24,*,*,*','0000-00-00 00:00:00','');

--
-- Table structure for table `idx_custom_field`
--

CREATE TABLE `idx_custom_field` (
  `field_name` varchar(32) NOT NULL default '',
  `field_text` varchar(64) NOT NULL default '',
  `field_type` enum('TEXT','TEXTAREA','SELECT','MULTISELECT','CHECKBOX','RADIO','FILE','IMAGE','DATE','DATETIME','RICHEDITOR') NOT NULL default 'TEXT',
  `field_option` text NOT NULL,
  `field_img_width` int(10) unsigned NOT NULL default '0',
  `field_img_height` int(10) unsigned NOT NULL default '0',
  `field_file_size` int(10) unsigned NOT NULL default '0',
  `field_file_extension` varchar(64) NOT NULL default '',
  `required` char(1) NOT NULL default '0',
  `searchable` char(1) NOT NULL default '1',
  `permission` char(1) NOT NULL default '0'
) ENGINE=MyISAM DEFAULT CHARSET=latin1;

--
-- Dumping data for table `idx_custom_field`
--

INSERT INTO `idx_custom_field` VALUES ('image','Image','IMAGE','',0,0,0,'','0','0','2'),('address','Address','TEXT','',0,0,0,'','0','0','0'),('city','City','TEXT','',0,0,0,'','0','0','0'),('state','State','TEXT','',0,0,0,'','0','0','0'),('country','Country','TEXT','',0,0,0,'','0','0','0'),('zip','Zip','TEXT','',0,0,0,'','0','0','0'),('phone','Phone','TEXT','',0,0,0,'','0','0','0'),('fax','Fax','TEXT','',0,0,0,'','0','0','0');

--
-- Table structure for table `idx_default_field`
--

CREATE TABLE `idx_default_field` (
  `field_name` varchar(64) NOT NULL,
  `required` char(1) NOT NULL,
  `visible` char(1) NOT NULL default '1',
  `searchable` char(1) NOT NULL default '1'
) ENGINE=MyISAM DEFAULT CHARSET=latin1;

--
-- Dumping data for table `idx_default_field`
--

INSERT INTO `idx_default_field` VALUES ('title','1','1','1'),('url','1','1','1'),('description','1','1','1'),('keywords','1','1','0'),('contact_name','1','1','1'),('email','1','1','1'),('reciprocal_url','0','0','1');

--
-- Table structure for table `idx_discount_coupon`
--

CREATE TABLE `idx_discount_coupon` (
  `coupon_id` int(11) NOT NULL auto_increment,
  `coupon_code` varchar(255) default NULL,
  `coupon_value` varchar(50) default NULL,
  `link_type` varchar(255) default NULL,
  `start_date` date default NULL,
  `expired_date` date default NULL,
  `expired_usage` int(11) default NULL,
  `usage_count` int(11) default NULL,
  PRIMARY KEY  (`coupon_id`)
) ENGINE=MyISAM DEFAULT CHARSET=latin1;

--
-- Dumping data for table `idx_discount_coupon`
--


--
-- Table structure for table `idx_editor`
--

CREATE TABLE `idx_editor` (
  `username` varchar(20) default NULL,
  `category_id` mediumint(9) default NULL,
  `category` char(1) default NULL,
  `link` char(1) default NULL,
  `review` char(1) default NULL,
  `pick` char(1) default NULL,
  `status` char(1) default NULL,
  `date` date default NULL
) ENGINE=MyISAM DEFAULT CHARSET=latin1;

--
-- Dumping data for table `idx_editor`
--


--
-- Table structure for table `idx_email_template`
--

CREATE TABLE `idx_email_template` (
  `email_template_id` int(10) unsigned NOT NULL auto_increment,
  `name` varchar(255) default NULL,
  `subject` varchar(255) default NULL,
  `body` text,
  `altbody` text,
  PRIMARY KEY  (`email_template_id`)
) ENGINE=MyISAM AUTO_INCREMENT=37 DEFAULT CHARSET=latin1;

--
-- Dumping data for table `idx_email_template`
--

INSERT INTO `idx_email_template` VALUES (1,'add_ok','Resource Added','<div style=\"font-weight:bold;\">Thank you for your submission to <%$site_name%></div>\r\n<p>\r\n<div style=\"float:left;width:200px;\">Resource ID</div>\r\n<div style=\"float:left;width:10px;\"> : </div>\r\n<div style=\"float:left;width:200px;\"><%$link_id%></div>\r\n<div style=\"float:left;width:200px;\">Title</div>\r\n<div style=\"float:left;width:10px;\"> : </div>\r\n<div style=\"float:left;width:200px;\"><%$title%></div>\r\n<div style=\"float:left;width:200px;\">Url</div>\r\n<div style=\"float:left;width:10px;\">  : </div>\r\n<div style=\"float:left;width:200px;\"><%$url%></div>\r\n<div style=\"float:left;width:200px;\">Description </div>\r\n<div style=\"float:left;width:10px;\"> : </div>\r\n<div style=\"float:left;width:200px;\"><%$description%></div>\r\n<div style=\"float:left;width:200px;\">Category </div>\r\n<div style=\"float:left;width:10px;\"> : </div>\r\n<div style=\"float:left;width:200px;\"><%$category%></div>\r\n<div style=\"float:left;width:200px;\">Contact name</div>\r\n<div style=\"float:left;width:10px;\"> : </div>\r\n<div style=\"float:left;width:200px;\"><%$contact_name%></div>\r\n<div style=\"float:left;width:200px;\">Email</div>\r\n<div style=\"float:left;width:10px;\">  : </div>\r\n<div style=\"float:left;width:200px;\"><%$email%></div>\r\n<div style=\"float:left;width:200px;\">Password </div>\r\n<div style=\"float:left;width:10px;\"> : </div>\r\n<div style=\"float:left;width:200px;\"><%$password%></div>\r\n<p>\r\nYour link has been added.\r\n<p>\r\n<p>\r\nRegards,\r\n<p>\r\n<%$site_name%> Team\r\n','Thank you for your submission to <%$site_name%>\r\nResource ID  : <%$link_id%>\r\nTitle        : <%$title%>\r\nUrl          : <%$url%>\r\nDescription  : <%$description%>\r\nCategory     : <%$category%>\r\nContact name : <%$contact_name%>\r\nEmail        : <%$email%>\r\nPassword     : <%$password%>\r\nYour link has been added.\r\nRegards,\r\n<%$site_name%> Team'),(2,'add_ok_editor','Resource Added','<div style=\"font-family:arial;font-size:12px;\">\r\nThere\'s a new submission to <b><%$site_name%></b>.\r\n<p>\r\n<p>\r\n<table cellspacing=0 cellpadding=0>\r\n<tr><td style=\"width:100px;\">Resource ID</td><td style=\"width:10px;\">:</td><td ><%$link_id%></td></tr>\r\n<tr><td style=\"width:100px;\">Title</td><td style=\"width:10px;\">:</td><td ><%$title%></td></tr>\r\n<tr><td style=\"width:100px;\">Url</td><td style=\"width:10px;\">:</td><td ><%$url%></td></tr>\r\n<tr><td style=\"width:100px;\">Description</td><td style=\"width:10px;\">:</td><td ><%$description%></td></tr>\r\n<tr><td style=\"width:100px;\">Category</td><td style=\"width:10px;\">:</td><td ><%$category%></td></tr>\r\n<tr><td style=\"width:100px;\">Contact name</td><td style=\"width:10px;\">:</td><td ><%$contact_name%></td></tr>\r\n<tr><td style=\"width:100px;\">Email/td><td style=\"width:10px;\">:</td><td ><%$email%></td></tr>\r\n</table>\r\n<p>\r\nThe category permissions allow webmasters to add/modify links without needing approval.\r\nThe link has been added.\r\n<p>\r\n<p>\r\nRegards,\r\n<p>\r\n<%$site_name%> Team\r\n</div>','There\'s a new submission to <%$site_name%>.\r\nResource ID  : <%$link_id%>\r\nTitle        : <%$title%>\r\nUrl          : <%$url%>\r\nDescription  : <%$description%>\r\nCategory     : <%$category%>\r\nContact name : <%$contact_name%>\r\nEmail        : <%$email%>\r\nThe category permissions allow webmasters to add/modify links without needing approval.\r\nThe link has beed added.\r\nRegards,\r\n<%$site_name%> Team\r\n'),(3,'add_ok_subscriber','Resource Added','<div style=\"font-family:arial;font-size:12px;\">\r\nYou are receiving this email because you have a subscription for update notifications in <b><%$category%></b> category.\r\n<p>\r\nThere\'s a new submission to <b><%$site_name%><b>.\r\n<p>\r\n<table cellspacing=0 cellpadding=0>\r\n<tr><td style=\"width:100px;\">Resource ID</td><td style=\"width:10px;\">:</td><td ><%$link_id%></td></tr>\r\n<tr><td style=\"width:100px;\">Title</td><td style=\"width:10px;\">:</td><td ><%$title%></td></tr>\r\n<tr><td style=\"width:100px;\">Url</td><td style=\"width:10px;\">:</td><td ><%$url%></td></tr>\r\n<tr><td style=\"width:100px;\">Description</td><td style=\"width:10px;\">:</td><td ><%$description%></td></tr>\r\n<tr><td style=\"width:100px;\">Category</td><td style=\"width:10px;\">:</td><td ><%$category%></td></tr>\r\n<tr><td style=\"width:100px;\">Contact name</td><td style=\"width:10px;\">:</td><td ><%$contact_name%></td></tr>\r\n</table>\r\n<p>\r\n<p>\r\nRegards,\r\n<p>\r\n<b><%$site_name%></b> Team\r\n</div>','You are receiving this email because you have a subscription for update notifications in <%$category%> category.\r\nThere\'s a new submission to <%$site_name%>.\r\nResource ID  : <%$link_id%>\r\nTitle        : <%$title%>\r\nUrl          : <%$url%>\r\nDescription  : <%$description%>\r\nCategory     : <%$category%>\r\nContact name : <%$contact_name%>\r\nRegards,\r\n<%$site_name%> Team\r\n'),(4,'add_pending','Pending Resource','<div style=\"font-family:arial;font-size:12px;\">\r\nThank you for your submission to <b><%$site_name%></b>.\r\n<p>\r\n<table cellspacing=0 cellpadding=0>\r\n<tr><td style=\"width:100px;\">Title</td><td style=\"width:10px;\">:</td><td ><%$title%></td></tr>\r\n<tr><td style=\"width:100px;\">Url</td><td style=\"width:10px;\">:</td><td ><%$url%></td></tr>\r\n<tr><td style=\"width:100px;\">Description</td><td style=\"width:10px;\">:</td><td ><%$description%></td></tr>\r\n<tr><td style=\"width:100px;\">Category</td><td style=\"width:10px;\">:</td><td ><%$category%></td></tr>\r\n<tr><td style=\"width:100px;\">Contact name</td><td style=\"width:10px;\">:</td><td ><%$contact_name%></td></tr>\r\n<tr><td style=\"width:100px;\">Email</td><td style=\"width:10px;\">:</td><td ><%$email%></td></tr>\r\n</table>\r\n<p>\r\n<p>\r\nYour link will be reviewed by our team. We will contact you as soon <br>\r\nas we have reviewed your link.\r\n<p>\r\n<p>\r\nRegards,\r\n<p>\r\n<b><%$site_name%></b> Team\r\n</div>','Thank you for your submission to <%$site_name%>.\r\nTitle        : <%$title%>\r\nUrl          : <%$url%>\r\nDescription  : <%$description%>\r\nCategory     : <%$category%>\r\nContact name : <%$contact_name%>\r\nEmail        : <%$email%>\r\nYour link will be reviewed by our team. We will contact you as soon \r\nas we have reviewed your link.\r\nRegards,\r\n<%$site_name%> Team\r\n'),(5,'add_pending_editor','Pending Resource','<div style=\"font-family:arial;font-size:12px;\">\r\nThere\'s a new submission to <b><%$site_name%></b>.\r\n<p>\r\n<table cellspacing=0 cellpadding=0>\r\n<tr><td style=\"width:100px;\">Title</td><td style=\"width:10px;\">:</td><td ><%$title%></td></tr>\r\n<tr><td style=\"width:100px;\">Url</td><td style=\"width:10px;\">:</td><td ><%$url%></td></tr>\r\n<tr><td style=\"width:100px;\">Description</td><td style=\"width:10px;\">:</td><td ><%$description%></td></tr>\r\n<tr><td style=\"width:100px;\">Category</td><td style=\"width:10px;\">:</td><td ><%$category%></td></tr>\r\n<tr><td style=\"width:100px;\">Contact name</td><td style=\"width:10px;\">:</td><td ><%$contact_name%></td></tr>\r\n<tr><td style=\"width:100px;\">Email</td><td style=\"width:10px;\">:</td><td ><%$email%></td></tr>\r\n</table>\r\n<p>\r\n<p>\r\nYou need to review this link here:<br>\r\n<label style=\"margin-left:10px;\"><a href=\"<%$site_url%>/cp/editor_link_validate.php\"><%$site_url%>/cp/editor_link_validate.php</a></label><br>\r\nYou can approve this submission by clicking here:<br>\r\n<label style=\"margin-left:10px;\"><a href=\"<%$approve_notice%>\"><%$approve_notice%></a></label><br>\r\nYou can reject this submission by clicking here:<br>\r\n<label style=\"margin-left:10px;\"><a href=\"<%$reject_notice%>\"><%$reject_notice%></a></label><br>\r\nSilent reject here:<br>\r\n<label style=\"margin-left:10px;\"><a href=\"<%$reject_silent%>\"><%$reject_silent%></a></label><br>\r\n\r\n<p>\r\n<p>\r\nRegards,\r\n<p>\r\n<b><%$site_name%></b> Team\r\n</div>\r\n','There\'s a new submission to <%$site_name%>.\r\nTitle        : <%$title%>\r\nUrl          : <%$url%>\r\nDescription  : <%$description%>\r\nCategory     : <%$category%>\r\nContact name : <%$contact_name%>\r\nEmail        : <%$email%>\r\nYou need to review this link here:\r\n<%$site_url%>/cp/editor_link_validate.php\r\nYou can approve this submission by clicking here:\r\n<%$approve_notice%>\r\nYou can reject this submission by clicking here:\r\n<%$reject_notice%>\r\nSilent reject here:\r\n<%$reject_silent%>\r\n\r\nRegards,\r\n<%$site_name%> Team\r\n'),(6,'approved','Editor Approved.','<div style=\"font-family:arial;font-size:12px;\">\r\nYour submission at <b><%$site_name%></b> has been approved.\r\n<p>\r\n<table cellspacing=0 cellpadding=0>\r\n<tr><td style=\"width:100px;\">Resource ID</td><td style=\"width:10px;\">:</td><td ><%$link_id%></td></tr>\r\n<tr><td style=\"width:100px;\">Title</td><td style=\"width:10px;\">:</td><td ><%$title%></td></tr>\r\n<tr><td style=\"width:100px;\">Url</td><td style=\"width:10px;\">:</td><td ><%$url%></td></tr>\r\n<tr><td style=\"width:100px;\">Description</td><td style=\"width:10px;\">:</td><td ><%$description%></td></tr>\r\n<tr><td style=\"width:100px;\">Category</td><td style=\"width:10px;\">:</td><td ><%$category%></td></tr>\r\n<tr><td style=\"width:100px;\">Contact name</td><td style=\"width:10px;\">:</td><td ><%$contact_name%></td></tr>\r\n<tr><td style=\"width:100px;\">Email</td><td style=\"width:10px;\">:</td><td ><%$email%></td></tr>\r\n<tr><td style=\"width:100px;\">Password </td><td style=\"width:10px;\">:</td><td ><%$password%></td></tr>\r\n</table>\r\n<p>\r\n<p>\r\nRegards,\r\n<p>\r\n<b><%$site_name%></b> Team\r\n</div>','Your submission at <%$site_name%> has been approved.\r\nResource ID  : <%$link_id%>\r\nTitle        : <%$title%>\r\nUrl          : <%$url%>\r\nDescription  : <%$description%>\r\nCategory     : <%$category%>\r\nContact name : <%$contact_name%>\r\nEmail        : <%$email%>\r\nPassword     : <%$password%>\r\nRegards,\r\n<%$site_name%> Team\r\n'),(7,'approved_editor','Link approved','<div style=\"font-family:arial;font-size:12px;\">\r\nThe following submission has been approved.\r\n<p>\r\n<table cellspacing=0 cellpadding=0>\r\n<tr><td style=\"width:100px;\">Resource ID</td><td style=\"width:10px;\">:</td><td ><%$link_id%></td></tr>\r\n<tr><td style=\"width:100px;\">Title</td><td style=\"width:10px;\">:</td><td ><%$title%></td></tr>\r\n<tr><td style=\"width:100px;\">Url</td><td style=\"width:10px;\">:</td><td ><%$url%></td></tr>\r\n<tr><td style=\"width:100px;\">Description</td><td style=\"width:10px;\">:</td><td ><%$description%></td></tr>\r\n<tr><td style=\"width:100px;\">Category</td><td style=\"width:10px;\">:</td><td ><%$category%></td></tr>\r\n<tr><td style=\"width:100px;\">Contact name</td><td style=\"width:10px;\">:</td><td ><%$contact_name%></td></tr>\r\n<tr><td style=\"width:100px;\">Email</td><td style=\"width:10px;\">:</td><td ><%$email%></td></tr>\r\n</table>\r\n<p>\r\n<p>\r\nRegards,\r\n<p>\r\n<b><%$site_name%></b> Team\r\n</div>','The following submission has been approved.\r\nResource ID  : <%$link_id%>\r\nTitle        : <%$title%>\r\nUrl          : <%$url%>\r\nDescription  : <%$description%>\r\nCategory     : <%$category%>\r\nContact name : <%$contact_name%>\r\nEmail        : <%$email%>\r\nRegards,\r\n<%$site_name%> Team\r\n'),(8,'approved_subscriber','link_approved','<div style=\"font-family:arial;font-size:12px;\">\r\nYou are receiving this email because you have a subscription for update notifications in <b><%$category%></b> category.\r\n<p>\r\nThe following submission has been approved.\r\n<p>\r\n<table cellspacing=0 cellpadding=0>\r\n<tr><td style=\"width:100px;\">Resource ID</td><td style=\"width:10px;\">:</td><td ><%$link_id%></td></tr>\r\n<tr><td style=\"width:100px;\">Title</td><td style=\"width:10px;\">:</td><td ><%$title%></td></tr>\r\n<tr><td style=\"width:100px;\">Url</td><td style=\"width:10px;\">:</td><td ><%$url%></td></tr>\r\n<tr><td style=\"width:100px;\">Description</td><td style=\"width:10px;\">:</td><td ><%$description%></td></tr>\r\n<tr><td style=\"width:100px;\">Category</td><td style=\"width:10px;\">:</td><td ><%$category%></td></tr>\r\n<tr><td style=\"width:100px;\">Contact name</td><td style=\"width:10px;\">:</td><td ><%$contact_name%></td></tr>\r\n</table>\r\n<p>\r\n<p>\r\nRegards,\r\n<p>\r\n<b><%$site_name%></b> Team\r\n</div>','You are receiving this email because you have a subscription for update notifications in <%$category%> category.\r\nThe following submission has been approved.\r\nResource ID  : <%$link_id%>\r\nTitle        : <%$title%>\r\nUrl          : <%$url%>\r\nDescription  : <%$description%>\r\nCategory     : <%$category%>\r\nContact name : <%$contact_name%>\r\nRegards,\r\n<%$site_name%> Team\r\n'),(9,'bad_link_editor','Broken link report','<div style=\"font-family:arial;font-size:12px;\">\r\nThere\'s a new bad link report submission to <b><%$site_name%></b>.\r\n<p>\r\n<table cellspacing=0 cellpadding=0>\r\n<tr><td style=\"width:100px;\">Title</td><td style=\"width:10px;\">:</td><td ><%$title%></td></tr>\r\n<tr><td style=\"width:100px;\">Url</td><td style=\"width:10px;\">:</td><td ><%$url%></td></tr>\r\n<tr><td style=\"width:100px;\">Description</td><td style=\"width:10px;\">:</td><td ><%$description%></td></tr>\r\n<tr><td style=\"width:100px;\">Category</td><td style=\"width:10px;\">:</td><td ><%$category%></td></tr>\r\n<tr><td style=\"width:100px;\">Name</td><td style=\"width:10px;\">:</td><td ><%$r_name%></td></tr>\r\n<tr><td style=\"width:100px;\">Email</td><td style=\"width:10px;\">:</td><td ><%$email%></td></tr>\r\n<tr><td style=\"width:100px;\">Error type</td><td style=\"width:10px;\">:</td><td ><%$type_val%></td></tr>\r\n</table>\r\n<p>\r\nThis report has been added in your administrator area.<br>\r\nPlease review this report here:<br>\r\n<a href=\"<%$site_url%>/admin/link_bad.php\"><%$site_url%>/admin/link_bad.php</a>\r\n<p>\r\n<p>\r\nRegards,\r\n<p>\r\n<b><%$site_name%></b> Team\r\n</div>','There\'s a new bad link report submission to <%$site_name%>.\r\nTitle       : <%$title%>\r\nUrl         : <%$url%>\r\nDescription : <%$description%>\r\nCategory    : <%$category%>\r\nName        : <%$r_name%>\r\nEmail       : <%$r_email%>\r\nError type  : <%$type_val%>\r\nThis report has been added in your administrator area.\r\nPlease review this report here:\r\n<%$site_url%>/admin/link_bad.php\r\nRegards,\r\n<%$site_name%> Team\r\n'),(10,'become_editor_approved','Editor Approved.','<div style=\"font-family:arial;font-size:12px;\">\r\nYour request to become an editor at <b><%$site_name%></b> has been approved.\r\n<p>\r\n<table cellspacing=0 cellpadding=0>\r\n<tr><td style=\"width:100px;\">Username</td><td style=\"width:10px;\">:</td><td ><%$username%></td></tr>\r\n<tr><td style=\"width:100px;\">Name </td><td style=\"width:10px;\">:</td><td ><%$name%></td></tr>\r\n<tr><td style=\"width:100px;\">Email</td><td style=\"width:10px;\">:</td><td ><%$email%></td></tr>\r\n<tr><td style=\"width:100px;\">Category </td><td style=\"width:10px;\">:</td><td ><%$category%></td></tr>\r\n</table>\r\n<p>\r\n<p>\r\nRegards,\r\n<p>\r\n<b><%$site_name%></b> Team\r\n</div>','Your request to become an editor at <%$site_name%> has been approved.\r\nUsername  : <%$username%>\r\nName      : <%$name%>\r\nEmail     : <%$email%>\r\nCategory  : <%$category%>\r\nRegards,\r\n<%$site_name%> Team\r\n'),(11,'become_editor_pending','Request to become an editor','<div style=\"font-family:arial;font-size:12px;\">\r\nThank you for your request to become an editor at <b><%$site_name%></b>.\r\n<p>\r\n<table cellspacing=0 cellpadding=0>\r\n<tr><td style=\"width:100px;\">Username</td><td style=\"width:10px;\">:</td><td ><%$username%></td></tr>\r\n<tr><td style=\"width:100px;\">Name </td><td style=\"width:10px;\">:</td><td ><%$name%></td></tr>\r\n<tr><td style=\"width:100px;\">Email</td><td style=\"width:10px;\">:</td><td ><%$email%></td></tr>\r\n<tr><td style=\"width:100px;\">Category </td><td style=\"width:10px;\">:</td><td ><%$category%></td></tr>\r\n</table>\r\n<p>\r\nYour request will be processed soon.\r\n<p>\r\n<p>\r\nRegards,\r\n<p>\r\n<b><%$site_name%></b> Team\r\n</div>','Thank you for your request to become an editor at <%$site_name%>.\r\nUsername  : <%$username%>\r\nName      : <%$name%>\r\nEmail     : <%$email%>\r\nCategory  : <%$category%>\r\nYour request will be processed soon.\r\nRegards,\r\n<%$site_name%> Team\r\n'),(12,'become_editor_pending_admin','Request to become an editor','<div style=\"font-family:arial;font-size:12px;\">\r\nThere\'s a new request to become an editor at <b><%$site_name%></b>.\r\n<p>\r\n<table cellspacing=0 cellpadding=0>\r\n<tr><td style=\"width:100px;\">Username</td><td style=\"width:10px;\">:</td><td ><%$username%></td></tr>\r\n<tr><td style=\"width:100px;\">Name </td><td style=\"width:10px;\">:</td><td ><%$name%></td></tr>\r\n<tr><td style=\"width:100px;\">Email</td><td style=\"width:10px;\">:</td><td ><%$email%></td></tr>\r\n<tr><td style=\"width:100px;\">Category </td><td style=\"width:10px;\">:</td><td ><%$category%></td></tr>\r\n</table>\r\n<p>\r\nPlease review editor request here:\r\n  <label style=\"margin-left:10px;\"><a href=\"<%$site_url%>/admin/index.php\"><%$site_url%>/admin/index.php</a></label>\r\n<p>\r\n<p>\r\nRegards,\r\n<p>\r\n<b><%$site_name%></b> Team\r\n</div>','There\'s a new request to become an editor at <%$site_name%>.\r\nUsername  : <%$username%>\r\nName      : <%$name%>\r\nEmail     : <%$email%>\r\nCategory  : <%$category%>\r\nPlease review editor requests here:\r\n<%$site_url%>/admin/index.php\r\nRegards,\r\n<%$site_name%> Team\r\n'),(13,'become_editor_rejected','Editor Rejected.','<div style=\"font-family:arial;font-size:12px;\">\r\nYour request to become an editor at <b><%$site_name%></b> has been rejected.\r\n<p>\r\n<table cellspacing=0 cellpadding=0>\r\n<tr><td style=\"width:100px;\">Username</td><td style=\"width:10px;\">:</td><td ><%$username%></td></tr>\r\n<tr><td style=\"width:100px;\">Name </td><td style=\"width:10px;\">:</td><td ><%$name%></td></tr>\r\n<tr><td style=\"width:100px;\">Email</td><td style=\"width:10px;\">:</td><td ><%$email%></td></tr>\r\n<tr><td style=\"width:100px;\">Category </td><td style=\"width:10px;\">:</td><td ><%$category%></td></tr>\r\n</table>\r\n<p>\r\n<p>\r\nRegards,\r\n<p>\r\n<b><%$site_name%></b> Team\r\n</div>','Your request to become an editor at <%$site_name%> has been rejected.\r\nUsername  : <%$username%>\r\nName      : <%$name%>\r\nEmail     : <%$email%>\r\nCategory  : <%$category%>\r\nRegards,\r\n<%$site_name%> Team\r\n'),(14,'inv_ask_payment','<%$company%>, Invoice #<%$invoice_id%>','<div style=\"font-family:arial;font-size:12px;\">\r\nAn invoice has been created, and is available for viewing at the following URL:<br>\r\n<label><a href=\"<%$site_url%>/invoice.php?id=<%$invoice_id%>\"><%$site_url%>/invoice.php?id=<%$invoice_id%></a></label>\r\n<p>\r\nIf you should have any questions, please do not hesitate to contact us.<br>\r\nThank you for your business.\r\n<p>\r\n<p>\r\nRegards,\r\n<p>\r\n<b><%$site_name%></b> Team\r\n</div>','An invoice has been created, and is available for viewing at the following URL:\r\n<%$site_url%>/invoice.php?id=<%$invoice_id%>\r\nIf you should have any questions, please do not hesitate to contact us.\r\nThank you for your business.\r\nRegards,\r\n<%$site_name%> Team\r\n'),(15,'mailing_list_sub','Mailing list subscription','<div style=\"font-family:arial;font-size:12px;\">\r\nThank you. Your email address, <b><%$email%></b> has been added to our mailing list.\r\n<p>\r\n<p>\r\nRegards,\r\n<p>\r\n<%$site_name%> Team\r\n</div>','Thank you. Your email address, <%$email%> has been added to our mailing list.\r\nRegards,\r\n<%$site_name%> Team\r\n'),(16,'mailing_list_sub_confirm','Mailing list validation code','<div style=\"font-family:arial;font-size:12px;\">\r\nWe received your subscription request onto our mailing list.<br>\r\nPlease confirm your subscription here:<br>\r\n<label style=\"margin-left:50px;\"><a href=\"<%$confirm_url%>\"><%$confirm_url%></a></label>\r\n<p>\r\n<p>\r\nRegards,\r\n<p>\r\n<b><%$site_name%></b> Team\r\n</div>','We received your subscription request onto our mailing list.\r\nPlease confirm your subscription here:\r\n<%$confirm_url%>\r\nRegards,\r\n<%$site_name%> Team\r\n'),(17,'modify_ok','Resource Modified','<div style=\"font-family:arial;font-size:12px;\">\r\nThank you for your submission to <b><%$site_name%></b>.\r\n<table cellspacing=0 cellpadding=0>\r\n<tr><td style=\"width:100px;\">Title</td><td style=\"width:10px;\">:</td><td ><%$title%></td></tr>\r\n<tr><td style=\"width:100px;\">Url</td><td style=\"width:10px;\">:</td><td ><%$url%></td></tr>\r\n<tr><td style=\"width:100px;\">Description</td><td style=\"width:10px;\">:</td><td ><%$description%></td></tr>\r\n<tr><td style=\"width:100px;\">Category</td><td style=\"width:10px;\">:</td><td ><%$category%></td></tr>\r\n<tr><td style=\"width:100px;\">Contact name</td><td style=\"width:10px;\">:</td><td ><%$contact_name%></td></tr>\r\n<tr><td style=\"width:100px;\">Email/td><td style=\"width:10px;\">:</td><td ><%$email%></td></tr>\r\n</table>\r\n<p>\r\nYour link has been changed.\r\n<p>\r\n<p>\r\nRegards,\r\n<p>\r\n<b><%$site_name%></b> Team\r\n</div>','Thank you for your submission to <%$site_name%>.\r\nTitle        : <%$title%>\r\nUrl          : <%$url%>\r\nDescription  : <%$description%>\r\nCategory     : <%$category%>\r\nContact name : <%$contact_name%>\r\nEmail        : <%$email%>\r\nYour link has been changed.\r\nRegards,\r\n<%$site_name%> Team\r\n'),(18,'modify_ok_editor','Resource Modified','<div style=\"font-family:arial;font-size:12px;\">\r\nThere\'s a new submission to <%$site_name%>.\r\nTitle        : <%$title%>\r\nUrl          : <%$url%>\r\nDescription  : <%$description%>\r\nCategory     : <%$category%>\r\nContact name : <%$contact_name%>\r\nEmail        : <%$email%>\r\nThe category permissions allow webmasters to add/modify links without approval.\r\nThe link has been modified.\r\n<p>\r\n<p>\r\nRegards,\r\n<p>\r\n<b><%$site_name%></b> Team\r\n</div>','There\'s a new submission to <%$site_name%>.\r\nTitle        : <%$title%>\r\nUrl          : <%$url%>\r\nDescription  : <%$description%>\r\nCategory     : <%$category%>\r\nContact name : <%$contact_name%>\r\nEmail        : <%$email%>\r\nThe category permissions allow webmasters to add/modify links without approval.\r\nThe link has been modified.\r\nRegards,\r\n<%$site_name%> Team\r\n'),(19,'modify_ok_subscriber','Resource Modified','<div style=\"font-family:arial;font-size:12px;\">\r\nYou are receiving this email because you have a subscription for update notifications in <b><%$category%></b> category.\r\n<p>\r\nThere\'s a new submission to <b><%$site_name%></b>.\r\n<p>\r\n<table cellspacing=0 cellpadding=0>\r\n<tr><td style=\"width:100px;\">Title</td><td style=\"width:10px;\">:</td><td ><%$title%></td></tr>\r\n<tr><td style=\"width:100px;\">Url</td><td style=\"width:10px;\">:</td><td ><%$url%></td></tr>\r\n<tr><td style=\"width:100px;\">Description</td><td style=\"width:10px;\">:</td><td ><%$description%></td></tr>\r\n<tr><td style=\"width:100px;\">Category</td><td style=\"width:10px;\">:</td><td ><%$category%></td></tr>\r\n<tr><td style=\"width:100px;\">Contact name</td><td style=\"width:10px;\">:</td><td ><%$contact_name%></td></tr>\r\n</table>\r\n<p>\r\n<p>\r\nRegards,\r\n<p>\r\n<b><%$site_name%></b> Team\r\n</div>','You are receiving this email because you have a subscription for update notifications in <%$category%> category.\r\nThere\'s a new submission to <%$site_name%>.\r\nTitle        : <%$title%>\r\nUrl          : <%$url%>\r\nDescription  : <%$description%>\r\nCategory     : <%$category%>\r\nContact name : <%$contact_name%>\r\nRegards,\r\n<%$site_name%> Team\r\n'),(20,'modify_pending','Resource Modified','<div style=\"font-family:arial;font-size:12px;\">\r\nThank you for your submission to <b><%$site_name%><b>.\r\n<p>\r\n<table cellspacing=0 cellpadding=0>\r\n<tr><td style=\"width:100px;\">Title</td><td style=\"width:10px;\">:</td><td ><%$title%></td></tr>\r\n<tr><td style=\"width:100px;\">Url</td><td style=\"width:10px;\">:</td><td ><%$url%></td></tr>\r\n<tr><td style=\"width:100px;\">Description</td><td style=\"width:10px;\">:</td><td ><%$description%></td></tr>\r\n<tr><td style=\"width:100px;\">Category</td><td style=\"width:10px;\">:</td><td ><%$category%></td></tr>\r\n<tr><td style=\"width:100px;\">Contact name</td><td style=\"width:10px;\">:</td><td ><%$contact_name%></td></tr>\r\n<tr><td style=\"width:100px;\">Email</td><td style=\"width:10px;\">:</td><td ><%$email%></td></tr>\r\n</table>\r\n<p>\r\nYour link will be reviewed by our team. We will contact you as soon <br>\r\nas we have reviewed your link.\r\n<p>\r\n<p>\r\nRegards,\r\n<p>\r\n<b><%$site_name%></b> Team\r\n</div>','Thank you for your submission to <%$site_name%>.\r\nTitle        : <%$title%>\r\nUrl          : <%$url%>\r\nDescription  : <%$description%>\r\nCategory     : <%$category%>\r\nContact name : <%$contact_name%>\r\nEmail        : <%$email%>\r\nYour link will be reviewed by our team. We will contact you as soon \r\nas we have reviewed your link.\r\nRegards,\r\n<%$site_name%> Team\r\n'),(21,'modify_pending_editor','Resource Modified','<div style=\"font-family:arial;font-size:12px;\">\r\nThere\'s a new submission to <b><%$site_name%></b>.\r\n<p>\r\n<table cellspacing=0 cellpadding=0>\r\n<tr><td style=\"width:100px;\">Title</td><td style=\"width:10px;\">:</td><td ><%$title%></td></tr>\r\n<tr><td style=\"width:100px;\">Url</td><td style=\"width:10px;\">:</td><td ><%$url%></td></tr>\r\n<tr><td style=\"width:100px;\">Description</td><td style=\"width:10px;\">:</td><td ><%$description%></td></tr>\r\n<tr><td style=\"width:100px;\">Category</td><td style=\"width:10px;\">:</td><td ><%$category%></td></tr>\r\n<tr><td style=\"width:100px;\">Contact name</td><td style=\"width:10px;\">:</td><td ><%$contact_name%></td></tr>\r\n<tr><td style=\"width:100px;\">Email</td><td style=\"width:10px;\">:</td><td ><%$email%></td></tr>\r\n</table>\r\n<p>\r\n<p>\r\nYou need to review this link here:<br>\r\n<label style=\"margin-left:10px;\"><a href=\"<%$site_url%>/cp/editor_link_validate.php\"><%$site_url%>/cp/editor_link_validate.php</a></label>\r\n<p>\r\n<p>\r\nRegards,\r\n<p>\r\n<b><%$site_name%></b> Team\r\n</div>\r\n','There\'s a new submission to <%$site_name%>.\r\nTitle        : <%$title%>\r\nUrl          : <%$url%>\r\nDescription  : <%$description%>\r\nCategory     : <%$category%>\r\nContact name : <%$contact_name%>\r\nEmail        : <%$email%>\r\nYou need to review this link here:\r\n<%$site_url%>/cp/editor_link_validate.php\r\nRegards,\r\n<%$site_name%> Team\r\n'),(22,'register_confirm','Registration','<div style=\"font-family:arial;font-size:12px;\">\r\nThanks for joining <b><%$site_name%><b>.\r\n<p>\r\n<table cellspacing=0 cellpadding=0>\r\n<tr><td style=\"width:100px;\">Username</td><td style=\"width:10px;\">:</td><td ><%$username%></td></tr>\r\n<tr><td style=\"width:100px;\">Password</td><td style=\"width:10px;\">:</td><td ><%$password%></td></tr>\r\n</table>\r\n<p>\r\n<p>\r\nPlease confirm your registration here:<br>\r\n<label style=\"margin-left:10px;\"><A href=\"<%$site_url%>/register.php?u=<%$username%>&v=<%$vcode%>&pflag=cf\"><%$site_url%>/register.php?u=<%$username%>&v=<%$vcode%>&pflag=cf</a></label>\r\n<p>\r\n<p>\r\nSincerely,\r\n<p>\r\n<b><%$site_name%></b> Team\r\n</div>','Thanks for joining <%$site_name%>.\r\nUsername : <%$username%>\r\nPassword : <%$password%>\r\nPlease confirm your registration here:\r\n<%$site_url%>/register.php?u=<%$username%>&v=<%$vcode%>&pflag=cf\r\nSincerely,\r\n<%$site_name%> Team\r\n'),(23,'register_ok','Registration','<div style=\"font-family:arial;font-size:12px;\">\r\nThanks for joining <b><%$site_name%></b>.\r\n<p>\r\n<table cellspacing=0 cellpadding=0>\r\n<tr><td style=\"width:100px;\">Username</td><td style=\"width:10px;\">:</td><td ><%$username%></td></tr>\r\n<tr><td style=\"width:100px;\">Password</td><td style=\"width:10px;\">:</td><td ><%$password%></td></tr>\r\n</table>\r\n<p>\r\nSincerely,\r\n<p>\r\n<p>\r\n<b><%$site_name%></b> Team\r\n</div>','Thanks for joining <%$site_name%>.\r\nUsername : <%$username%>\r\nPassword : <%$password%>\r\nSincerely,\r\n<%$site_name%> Team\r\n'),(24,'rejected','Your submission has been rejected','<div style=\"font-family:arial;font-size:12px;\">\r\nYour submission has been rejected.<br>\r\nThis may be caused by one of the following reason:\r\n<p>\r\n<ul>\r\n<li>adult material</li>\r\n<li>the site is under construction</li>\r\n<li>the topic is not related with our directory</li>\r\n</ul>\r\n</p>\r\n<table cellspacing=0 cellpadding=0>\r\n<tr><td style=\"width:100px;\">Title</td><td style=\"width:10px;\">:</td><td ><%$title%></td></tr>\r\n<tr><td style=\"width:100px;\">Url</td><td style=\"width:10px;\">:</td><td ><%$url%></td></tr>\r\n<tr><td style=\"width:100px;\">Description</td><td style=\"width:10px;\">:</td><td ><%$description%></td></tr>\r\n<tr><td style=\"width:100px;\">Category</td><td style=\"width:10px;\">:</td><td ><%$category%></td></tr>\r\n<tr><td style=\"width:100px;\">Contact name</td><td style=\"width:10px;\">:</td><td ><%$contact_name%></td></tr>\r\n<tr><td style=\"width:100px;\">Email/td><td style=\"width:10px;\">:</td><td ><%$email%></td></tr>\r\n</table>\r\n<p>\r\n<p>\r\nRegards,\r\n<p>\r\n<b><%$site_name%></b> Team\r\n</div>','Your submission has been rejected.\r\nThis may caused by one of the following reasons:\r\n- adult material\r\n- the site is under construction\r\n- the topic is not related with our directory\r\nTitle        : <%$title%>\r\nUrl          : <%$url%>\r\nDescription  : <%$description%>\r\nCategory     : <%$category%>\r\nContact name : <%$contact_name%>\r\nEmail        : <%$email%>\r\nRegards,\r\n<%$site_name%> Team\r\n'),(25,'rejected_editor','Link rejected','<div style=\"font-family:arial;font-size:12px;\">\r\nThe following submission has been rejected.\r\n<p>\r\n<table cellspacing=0 cellpadding=0>\r\n<tr><td style=\"width:100px;\">Title</td><td style=\"width:10px;\">:</td><td ><%$title%></td></tr>\r\n<tr><td style=\"width:100px;\">Url</td><td style=\"width:10px;\">:</td><td ><%$url%></td></tr>\r\n<tr><td style=\"width:100px;\">Description</td><td style=\"width:10px;\">:</td><td ><%$description%></td></tr>\r\n<tr><td style=\"width:100px;\">Category</td><td style=\"width:10px;\">:</td><td ><%$category%></td></tr>\r\n<tr><td style=\"width:100px;\">Contact name</td><td style=\"width:10px;\">:</td><td ><%$contact_name%></td></tr>\r\n<tr><td style=\"width:100px;\">Email</td><td style=\"width:10px;\">:</td><td ><%$email%></td></tr>\r\n</table>\r\n<p>\r\n<p>\r\nRegards,\r\n<p>\r\n<b><%$site_name%></b> Team\r\n</div>\r\n','The following submission has been rejected.\r\nTitle        : <%$title%>\r\nUrl          : <%$url%>\r\nDescription  : <%$description%>\r\nCategory     : <%$category%>\r\nContact name : <%$contact_name%>\r\nEmail        : <%$email%>\r\nRegards,\r\n<%$site_name%> Team\r\n'),(26,'review_pending_editor','Pending Review','<div style=\"font-family:arial;font-size:12px;\">\r\nThere\'s a new review to <b><%$site_name%></b>.\r\n<p>\r\n<table cellspacing=0 cellpadding=0>\r\n<tr><td style=\"width:100px;\">Title</td><td style=\"width:10px;\">:</td><td ><%$title%></td></tr>\r\n<tr><td style=\"width:100px;\">Url</td><td style=\"width:10px;\">:</td><td ><%$url%></td></tr>\r\n<tr><td style=\"width:100px;\">Description</td><td style=\"width:10px;\">:</td><td ><%$description%></td></tr>\r\n<tr><td style=\"width:100px;\">Category</td><td style=\"width:10px;\">:</td><td ><%$category%></td></tr>\r\n</table>\r\n<p>\r\n<table cellspacing=0 cellpadding=0>\r\n<tr><td style=\"width:100px;\">Username</td><td style=\"width:10px;\">:</td><td ><%$username%></td></tr>\r\n<tr><td style=\"width:100px;\">Subject</td><td style=\"width:10px;\">:</td><td ><%$rev_subject%></td></tr>\r\n<tr><td style=\"width:100px;\">Rating</td><td style=\"width:10px;\">:</td><td ><%$rev_rating%></td></tr>\r\n<tr><td style=\"width:100px;\">Review</td><td style=\"width:10px;\">:</td><td ><%$rev_review%></td></tr>\r\n</table>\r\n<p>\r\n<p>\r\nPlease review it here:<br>\r\n<label style=\"margin-left:10px;\"><a href=\"<%$site_url%>/cp/\"><%$site_url%>/cp/</a></label>\r\n<p>\r\n<p>\r\nRegards,\r\n<p>\r\n<b><%$site_name%></b> Team\r\n</div>\r\n','There\'s new review to <%$site_name%>.\r\nTitle       : <%$title%>\r\nUrl         : <%$url%>\r\nDescription : <%$description%>\r\nCategory    : <%$category%>\r\nUsername    : <%$username%>\r\nSubject     : <%$rev_subject%>\r\nRating      : <%$rev_rating%>\r\nReview      : <%$rev_review%>\r\nPlease review it here:\r\n<%$site_url%>/cp/\r\nRegards,\r\n<%$site_name%> Team\r\n'),(27,'send_pwd_link','Your resource password','<div style=\"font-family:arial;font-size:12px;\">\r\nHere is your password for <b><%$title%></b> (<a href=\"<%$url%>\"><%$url%></a>)\r\n<p>\r\nPassword : <%$password%>\r\n<p>\r\n<p>\r\nRegards,\r\n<p>\r\n<b><%$site_name%></b> Team\r\n</div>','Here is your password for <%$title%> (<%$url%>)\r\nPassword : <%$password%>\r\nRegards,\r\n<%$site_name%> Team\r\n'),(28,'send_pwd_login','Your login password','<div style=\"font-family:arial;font-size:12px;\">\r\nHere is your username and password:\r\n<p>\r\n<table cellspacing=0 cellpadding=0>\r\n<tr><td style=\"width:100px;\">Username</td><td style=\"width:10px;\">:</td><td ><%$username%></td></tr>\r\n<tr><td style=\"width:100px;\">Password</td><td style=\"width:10px;\">:</td><td ><%$password%></td></tr>\r\n</table>\r\n<p>\r\n<p>\r\nRegards,\r\n<p>\r\n<b><%$site_name%></b> Team\r\n</div>','Here is your username and password:\r\nUsername : <%$username%>\r\nPassword : <%$password%>\r\nRegards,\r\n<%$site_name%> Team\r\n'),(29,'send_pwd_reset','Password reset request','<div style=\"font-family:arial;font-size:12px;\">\r\nWe received a request to reset your password.<br>\r\nPlease visit this URL to proceed:<br>\r\n<label style=\"margin-left:10px;\"><a href=\"<%$site_url%>/reset_pwd.php?u=<%$username%>&hash=<%$hash%>\"><%$site_url%>/reset_pwd.php?u=<%$username%>&hash=<%$hash%></a></label>\r\n<p>\r\n<p>\r\nRegards,\r\n<p>\r\n<b><%$site_name%></b> Team\r\n</div>','We received a request to reset your password.\r\nPlease visit this URL to proceed:\r\n<%$site_url%>/reset_pwd.php?u=<%$username%>&hash=<%$hash%>\r\nRegards,\r\n<%$site_name%> Team\r\n'),(30,'suggest_category','Category suggestion','<div style=\"font-family:arial;font-size:12px;\">\r\nCategory suggestion for <b><%$site_name%></b>.\r\n<p>\r\nParent               : <%$parent%>\r\nCategory Name        : <%$cat_name%>\r\nCategory Description : <%$cat_desc%>\r\n<p>\r\n<p>\r\nRegards,\r\n<p>\r\n<b><%$site_name%></b> Team\r\n</div>','Category suggestion for <%$site_name%>.\r\nParent               : <%$parent%>\r\nCategory Name        : <%$cat_name%>\r\nCategory Description : <%$cat_desc%>\r\nRegards,\r\n<%$site_name%> Team\r\n'),(31,'tell_friend_favorite','Your friend has shared his/her favorite listing','<div style=\"font-family:arial;font-size:12px;\">\r\nHi <%$friend_name%>,\r\n<p>\r\nI\'d like to share my favorite listing at <b><%$site_name%></b> (<a href=\"<%$site_url%>\"><%$site_url%></a>).<br>\r\nI hope you like them and find them useful.\r\n<p>\r\n<p>\r\n<%$fav_item%>\r\n<p>\r\n<p>\r\nSincerely,\r\n<p>\r\n<p>\r\n<%$my_name%> <<%$my_email%>>\r\n</div>','Hi <%$friend_name%>,\r\nI\'d like to share my favorite listings at <%$site_name%> (<%$site_url%>).\r\nI hope you like them and find them useful.\r\n<%$fav_item%>\r\nSincerely,\r\n<%$my_name%> <<%$my_email%>>\r\n'),(32,'tell_friend_favorite_rows',NULL,'<div style=\"font-family:arial;font-size:12px;\">\r\n<table cellspacing=0 cellpadding=0>\r\n<tr><td style=\"width:100px;\">Title</td><td style=\"width:10px;\">:</td><td ><%$title%></td></tr>\r\n<tr><td style=\"width:100px;\">Url</td><td style=\"width:10px;\">:</td><td ><%$url%></td></tr>\r\n<tr><td style=\"width:100px;\">Description</td><td style=\"width:10px;\">:</td><td ><%$description%></td></tr>\r\n</table>\r\n</div>\r\n','Title       : <%$title%>\r\nUrl         : <%$url%>\r\nDescription : <%$description%>\r\n'),(33,'tell_friend_link','Your friend recommended a link','<div style=\"font-family:arial;font-size:12px;\">\r\nHi <b><%$friend_name%></b>,\r\n<p>\r\nI found a good website that you may find interesting.\r\n<p>\r\n<div>\r\n<label style=\"float:left;width:100px;\">Website</label><label style=\"float:left;\"> : <b><%$title%></b></label>\r\n</div>\r\n<div style=\"clear:both;\">\r\n<label style=\"clear:both;float:left;width:100px;\">Url </label><label style=\"float:left;\"> : <a href=\"<%$url%>\"><%$url%></a></label>\r\n</div>\r\n<p style=\"clear:both;\">\r\nI found this website from <%$site_name%> (<a href=\"<%$site_url%>\"><%$site_url%></a>).\r\n<p>\r\n<p>\r\nSincerely,\r\n<p>\r\n<%$my_name%> <<%$my_email%>>\r\n</div>\r\n','Hi <%$friend_name%>,\r\nI found a good website that you may find interesting.\r\nWebsite : <%$title%>\r\nUrl     : <%$url%>\r\nI found this website from <%$site_name%> (<%$site_url%>).\r\nSincerely,\r\n<%$my_name%> <<%$my_email%>>\r\n'),(34,'tell_friend_website','hi <%$friend_name%>, I found a good website that you may find interesting','<div style=\"font-family:arial;font-size:12px;\">\r\nHi <b><%$friend_name%></b>,\r\n<p>\r\nI found good website that you may find interesting. The website is <b><%$site_name%></b> (<a href=\"<%$site_url%>\"><%$site_url%></a>).\r\n<p>\r\n<p>\r\nSincerely,\r\n<p>\r\n<%$my_name%> <<%$my_email%>>\r\n</div>','Hi <%$friend_name%>,\r\nI found a good website that you may find interesting. The website is <%$site_name%> (<%$site_url%>).\r\nSincerely,\r\n<%$my_name%> <<%$my_email%>>\r\n'),(35,'send_activation_link','Your activation link','<div style=\"font-family:arial;font-size:12px;\">\r\nHere is your activation link\r\n<p>\r\nActivation Link  : <A href=\"<%$activation_link%>\"><%$activation_link%></a>\r\n<p>\r\n<p>\r\nRegards,\r\n<p>\r\n<b><%$site_name%></b> Team\r\n</div>','Here is your activation link\r\nActivation Link  : <%$activation_link%>\r\nRegards,\r\n<%$site_name%> Team\r\n'),(36,'send_activated_account','Your account had been activated','<div style=\"font-family:arial;font-size:12px;\">\r\nYour account had been activated. Now you can login.\r\n<p>\r\nRegards,\r\n<p>\r\n<b><%$site_name%></b> Team\r\n</div>','Your account had been activated. Now you can login.\r\n\r\nRegards,\r\n<%$site_name%> Team\r\n');

--
-- Table structure for table `idx_favorites`
--

CREATE TABLE `idx_favorites` (
  `favorite_id` int(11) NOT NULL auto_increment,
  `username` varchar(20) default NULL,
  `date` date default NULL,
  `title` varchar(100) default NULL,
  `description` text,
  PRIMARY KEY  (`favorite_id`)
) ENGINE=MyISAM DEFAULT CHARSET=latin1;

--
-- Dumping data for table `idx_favorites`
--


--
-- Table structure for table `idx_favorites_detail`
--

CREATE TABLE `idx_favorites_detail` (
  `favorite_id` int(11) default NULL,
  `link_id` mediumint(9) default NULL
) ENGINE=MyISAM DEFAULT CHARSET=latin1;

--
-- Dumping data for table `idx_favorites_detail`
--


--
-- Table structure for table `idx_hook_place`
--

CREATE TABLE `idx_hook_place` (
  `hook_place_id` int(11) NOT NULL auto_increment,
  `filename` varchar(255) default NULL,
  `hookname` varchar(255) default NULL,
  PRIMARY KEY  (`hook_place_id`)
) ENGINE=MyISAM DEFAULT CHARSET=latin1;

--
-- Dumping data for table `idx_hook_place`
--


--
-- Table structure for table `idx_invoice`
--

CREATE TABLE `idx_invoice` (
  `invoice_id` varchar(10) NOT NULL default '',
  `invoice_date` date default NULL,
  `due_date` date default NULL,
  `invoiced_to` text,
  `service` varchar(255) default NULL,
  `description` text,
  `total` double(8,2) default NULL,
  `comment` text,
  `paid` char(1) default NULL,
  `paid_date` date default NULL,
  `email` varchar(255) default NULL,
  PRIMARY KEY  (`invoice_id`)
) ENGINE=MyISAM DEFAULT CHARSET=latin1;

--
-- Dumping data for table `idx_invoice`
--


--
-- Table structure for table `idx_invoice_config`
--

CREATE TABLE `idx_invoice_config` (
  `company` varchar(255) default NULL,
  `contact` varchar(255) default NULL,
  `address` text,
  `phone` varchar(255) default NULL,
  `email` varchar(255) default NULL,
  `currency_symbol` varchar(255) default '$',
  `currency_code` varchar(255) default 'USD'
) ENGINE=MyISAM DEFAULT CHARSET=latin1;

--
-- Dumping data for table `idx_invoice_config`
--

INSERT INTO `idx_invoice_config` VALUES ('Your website / Company','Billing Department','Your address','Your phone #','Billing<name@yourdomain.com>','$','USD');

--
-- Table structure for table `idx_link`
--

CREATE TABLE `idx_link` (
  `link_id` mediumint(9) unsigned NOT NULL auto_increment,
  `category_id` mediumint(9) unsigned NOT NULL default '0',
  `title` varchar(100) NOT NULL default '',
  `url` text NOT NULL,
  `description` text NOT NULL,
  `contact_name` varchar(100) NOT NULL default '',
  `email` varchar(100) NOT NULL default '',
  `hits` mediumint(9) NOT NULL default '0',
  `votes` smallint(6) NOT NULL default '0',
  `rating` float(4,2) NOT NULL default '0.00',
  `date` datetime NOT NULL default '0000-00-00 00:00:00',
  `bid` smallint(6) NOT NULL default '0',
  `new` char(1) default NULL,
  `hot` char(1) default NULL,
  `top_rated` char(1) default NULL,
  `pick` char(1) default NULL,
  `password` varchar(20) default NULL,
  `updated` char(1) default NULL,
  `reviews` smallint(6) default NULL,
  `avg_review` float(4,2) default NULL,
  `last_updated` datetime default NULL,
  `official_review` text,
  `keywords` varchar(255) default NULL,
  `cat1` mediumint(6) NOT NULL default '0',
  `cat2` mediumint(6) NOT NULL default '0',
  `suspended` char(1) NOT NULL default '0',
  `reciprocal_url` varchar(255) default NULL,
  `address` varchar(255) default NULL,
  `city` varchar(255) default NULL,
  `state` varchar(255) default NULL,
  `country` varchar(255) default NULL,
  `zip` varchar(255) default NULL,
  `image` varchar(255) default NULL,
  `phone` varchar(255) default NULL,
  `fax` varchar(255) default NULL,
  PRIMARY KEY  (`link_id`)
) ENGINE=MyISAM AUTO_INCREMENT=5 DEFAULT CHARSET=latin1;

--
-- Dumping data for table `idx_link`
--

INSERT INTO `idx_link` VALUES (1,31,'Cigar Accessories','http://www.habanosyhermanos.com','At Habanos & Hermanos, we offer discount cigars, the best cigar prices, cigar deals, and cheapest cigar accessories on the internet. We handle international cigars delivery, cigar humidors, cigar samplers, and more. We carry all premium cigars and boutique cigars, Arturo Fuente, Padron, Gurkha, Rocky Patel, Montecristo, Macanudo, Romeo and Juliet and more. Free shipping, low prices, the best online cigar prices available!','simon peterson','1simonpeterson1@gmail.com',0,0,0.00,'2012-02-08 20:19:23',0,NULL,'0','0',NULL,NULL,NULL,NULL,NULL,NULL,NULL,'cheap cigars, cheap humidors, cigar accessories, cigar ashtray, cigar cabinets, cigar cases, cigar cutters, cigar gifts, cigar lighters, custom humidors, gurkha cigars, humidor solutions, humidors for cigars, travel humidors, wholesale cigars',0,0,'0',NULL,NULL,NULL,NULL,NULL,NULL,NULL,NULL,NULL),(2,35,'Scroll Wedding Invitations','http://www.parekhcards.com','Parekh Cards offers traditional and modern Indian Wedding Cards in a large selection of designs, colors, and styles. To shop check us out online!','Nilesh Parekh','weddingcards@vsnl.net',0,0,0.00,'2012-02-13 18:03:24',0,NULL,'0','0',NULL,NULL,NULL,NULL,NULL,NULL,NULL,'indian wedding favours, wedding program scroll, scroll wedding invitations, wedding shopping india, kankotri',0,0,'0',NULL,NULL,NULL,NULL,NULL,NULL,NULL,NULL,NULL),(3,22,'Workers Comp Injury Philadelphia','http://www.workerscompaccident.com','Adam M Kotlar Attorney at Law provides legal representation for work accidents cases in Cherry Hill, Mt Laurel, New Jersey (NJ) and surrounding areas. We take an aggressive and thorough approach to the law, and handle all sorts of work related legal claims. Call us at 856-751-7676 for free consultation.','Stuart','stuart@smwebmarketing.com',0,0,0.00,'2012-02-15 15:40:46',0,NULL,'0','0',NULL,NULL,NULL,NULL,NULL,NULL,NULL,'workmans compensation cherry hill, car accident lawyer cherry hill, workers comp mt laurel, workers comp lawyer mt laurel, workers compensation new jersey, car accident lawyer new jersey, workmans comp lawyer nj, workers comp nj',0,0,'0',NULL,NULL,NULL,NULL,NULL,NULL,NULL,NULL,NULL),(4,18,'Storage Bench Ottoman','http://www.shoparearugs.com','Shop Area Rugs offers best selection of cocktail ottoman, storage bench ottoman and end tables for every budget and lifestyle. For more details visit us online!','Zac Zolfaghari','zac@shoparearugs.com',0,0,0.00,'2012-03-03 12:52:44',0,NULL,NULL,NULL,NULL,NULL,NULL,NULL,NULL,NULL,NULL,'cocktail ottoman, storage bench ottoman, end tables, area rugs, 8x10 area rug, area rugs nj',0,0,'0',NULL,NULL,NULL,NULL,NULL,NULL,NULL,NULL,NULL);

--
-- Table structure for table `idx_link_temp`
--

CREATE TABLE `idx_link_temp` (
  `vid` mediumint(9) unsigned NOT NULL auto_increment,
  `spam` char(1) NOT NULL default '0',
  `link_id` mediumint(9) default NULL,
  `category_id` mediumint(9) unsigned NOT NULL default '0',
  `title` varchar(100) NOT NULL default '',
  `url` text NOT NULL,
  `description` text NOT NULL,
  `contact_name` varchar(100) NOT NULL default '',
  `email` varchar(100) NOT NULL default '',
  `hits` mediumint(9) default NULL,
  `votes` smallint(6) default NULL,
  `rating` float(4,2) default NULL,
  `date` datetime NOT NULL default '0000-00-00 00:00:00',
  `bid` smallint(6) NOT NULL default '0',
  `new` char(1) default NULL,
  `hot` char(1) default NULL,
  `top_rated` char(1) default NULL,
  `pick` char(1) default NULL,
  `password` varchar(20) default NULL,
  `updated` char(1) default NULL,
  `reviews` smallint(6) default NULL,
  `avg_review` float(4,2) default NULL,
  `last_updated` datetime default NULL,
  `official_review` text,
  `keywords` varchar(255) default NULL,
  `cat1` mediumint(6) NOT NULL default '0',
  `cat2` mediumint(6) NOT NULL default '0',
  `suspended` char(1) NOT NULL default '0',
  `reciprocal_url` varchar(255) default NULL,
  `address` varchar(255) default NULL,
  `city` varchar(255) default NULL,
  `state` varchar(255) default NULL,
  `country` varchar(255) default NULL,
  `zip` varchar(255) default NULL,
  `image` varchar(255) default NULL,
  `phone` varchar(255) default NULL,
  `fax` varchar(255) default NULL,
  PRIMARY KEY  (`vid`)
) ENGINE=MyISAM DEFAULT CHARSET=latin1;

--
-- Dumping data for table `idx_link_temp`
--


--
-- Table structure for table `idx_link_temp_user`
--

CREATE TABLE `idx_link_temp_user` (
  `vid` mediumint(9) unsigned NOT NULL default '0',
  `username` varchar(20) NOT NULL default '',
  PRIMARY KEY  (`vid`)
) ENGINE=MyISAM DEFAULT CHARSET=latin1;

--
-- Dumping data for table `idx_link_temp_user`
--


--
-- Table structure for table `idx_link_user`
--

CREATE TABLE `idx_link_user` (
  `link_id` mediumint(9) unsigned NOT NULL default '0',
  `username` varchar(20) NOT NULL default '',
  PRIMARY KEY  (`link_id`)
) ENGINE=MyISAM DEFAULT CHARSET=latin1;

--
-- Dumping data for table `idx_link_user`
--


--
-- Table structure for table `idx_mailing_list`
--

CREATE TABLE `idx_mailing_list` (
  `email` varchar(50) NOT NULL default '',
  `code` varchar(4) default NULL,
  `status` char(1) default NULL,
  PRIMARY KEY  (`email`)
) ENGINE=MyISAM DEFAULT CHARSET=latin1;

--
-- Dumping data for table `idx_mailing_list`
--


--
-- Table structure for table `idx_message`
--

CREATE TABLE `idx_message` (
  `message_id` smallint(6) NOT NULL auto_increment,
  `date` date default NULL,
  `body` text,
  `subject` varchar(100) default NULL,
  PRIMARY KEY  (`message_id`)
) ENGINE=MyISAM DEFAULT CHARSET=latin1;

--
-- Dumping data for table `idx_message`
--


--
-- Table structure for table `idx_notification`
--

CREATE TABLE `idx_notification` (
  `username` varchar(20) NOT NULL default '',
  `category_id` mediumint(9) NOT NULL default '0'
) ENGINE=MyISAM DEFAULT CHARSET=latin1;

--
-- Dumping data for table `idx_notification`
--


--
-- Table structure for table `idx_pagerank`
--

CREATE TABLE `idx_pagerank` (
  `link_id` mediumint(8) unsigned NOT NULL default '0',
  `engine` char(1) NOT NULL default '',
  `rank` tinyint(4) NOT NULL default '0',
  `last_update` date NOT NULL default '0000-00-00',
  PRIMARY KEY  (`link_id`,`engine`)
) ENGINE=MyISAM DEFAULT CHARSET=latin1;

--
-- Dumping data for table `idx_pagerank`
--

INSERT INTO `idx_pagerank` VALUES (2,'g',0,'2012-02-17'),(3,'g',0,'2012-02-23'),(1,'g',0,'2012-02-25');

--
-- Table structure for table `idx_paid_listing`
--

CREATE TABLE `idx_paid_listing` (
  `link_id` mediumint(9) unsigned NOT NULL default '0',
  `premium` char(1) default NULL,
  `sponsored` char(1) default NULL,
  `expire` datetime default NULL,
  `paid` char(1) default NULL,
  PRIMARY KEY  (`link_id`)
) ENGINE=MyISAM DEFAULT CHARSET=latin1;

--
-- Dumping data for table `idx_paid_listing`
--


--
-- Table structure for table `idx_payment_gateway`
--

CREATE TABLE `idx_payment_gateway` (
  `payment_gateway_id` int(11) NOT NULL auto_increment,
  `name` varchar(100) default NULL,
  `enable` char(1) default NULL,
  `setting` text,
  `invoice_html` text,
  PRIMARY KEY  (`payment_gateway_id`)
) ENGINE=MyISAM AUTO_INCREMENT=9 DEFAULT CHARSET=latin1;

--
-- Dumping data for table `idx_payment_gateway`
--

INSERT INTO `idx_payment_gateway` VALUES (1,'paypal','1','a:2:{s:13:\"payment_email\";s:0:\"\";s:21:\"enable_paypal_sandbox\";s:1:\"0\";}','<p> \r\n	<a href=\'paynow.php?id={$invoice_id}&m=paypal\'><img src=\'http://www.paypal.com/images/x-click-but02.gif\' border=\'0\' alt=\'Make payments with PayPal - it is fast, free and secure!\' /></a> \r\n</p>\r\n'),(2,'2co','0','a:6:{s:6:\"co_sid\";s:5:\"84932\";s:9:\"co_secret\";s:5:\"tango\";s:12:\"co_recurring\";s:1:\"0\";s:9:\"co_prod_1\";s:6:\"100.00\";s:9:\"co_prod_2\";s:6:\"250.00\";s:9:\"co_prod_3\";s:6:\"400.00\";}','<p>\r\n<a href=\'paynow.php?id={$invoice_id}&m=2co\'><img src=\'http://www.2checkout.com/images/overview/btns/25.jpg\' alt=\'Pay Now with 2checkout...\' border=\'0\' /></a> \r\n</p>'),(3,'authorizenet','0','a:2:{s:21:\"authorizenet_login_id\";s:0:\"\";s:21:\"authorizenet_tran_key\";s:0:\"\";}','<p> \r\n<a href=\'paynow.php?id={$invoice_id}&m=authorizenet\'><img src=\'http://www.authorize.net/upload/images/Images/Header/authorizenet_logo.gif\' alt=\'Pay Now with Authorize.Net...\' width=\'99\' height=\'39\' style=\'{border : 1px solid #c0c0c0;}\' /></a>\r\n</p>'),(4,'egold','0','a:2:{s:19:\"egold_payee_account\";s:0:\"\";s:16:\"egold_payee_name\";s:0:\"\";}','<p> \r\n<a href=\'paynow.php?id={$invoice_id}&m=egold\'>\r\n<img src=\'http://www.e-gold.com/gif/paywith.gif\' border=\'0\' alt=\'Pay Now with e-gold...\' />\r\n</a>\r\n</p>'),(5,'moneybookers','0','a:1:{s:18:\"moneybookers_email\";s:0:\"\";}','<p> \r\n<a href=\'paynow.php?id={$invoice_id}&m=paypal\'><img src=\'http://www.moneybookers.com/images/banners/88_en_mb.gif\' border=\'0\' alt=\'Make payments with Moneybookers - it is fast, free and secure!\' /></a> \r\n</p>'),(6,'paypal-subscriptions','0','a:2:{s:13:\"payment_email\";s:0:\"\";s:21:\"enable_paypal_sandbox\";s:1:\"0\";}','<p> \r\n<a href=\'paynow.php?id={$invoice_id}&m=paypal\'><img src=\'https://www.paypal.com/en_US/i/btn/x-click-but20.gif\' border=\'0\' alt=\'Make payments with PayPal - it is fast, free and secure!\' /></a> \r\n</p>'),(7,'alertpay','0','a:2:{s:14:\"alertpay_email\";s:0:\"\";s:23:\"enable_alertpay_sandbox\";s:1:\"0\";}','<p> \r\n<a href=\'paynow.php?id={$invoice_id}&m=alertpay\'>\r\n<img src=\'https://www.alertpay.com/Images/BuyNow/pay_now_3.gif\' border=\'0\' alt=\'Make payments with PayPal - it is fast, free and secure!\' /></a> \r\n</p>'),(8,'alertpay-subcriptions','0','a:2:{s:14:\"alertpay_email\";s:0:\"\";s:23:\"enable_alertpay_sandbox\";s:1:\"0\";}','<p>\r\n<a href=\'paynow.php?id={$invoice_id}&m=alertpay-subcriptions\'>\r\n<img src=\'https://www.alertpay.com/Images/BuyNow/subscribe_now_15.gif\' border=\'0\' alt=\'Make payments with Alert Pay - it is fast, free and secure!\' /></a> \r\n</p>');

--
-- Table structure for table `idx_payment_history`
--

CREATE TABLE `idx_payment_history` (
  `payment_id` int(10) unsigned NOT NULL auto_increment,
  `contact_name` varchar(255) default NULL,
  `email` varchar(255) default NULL,
  `type` varchar(255) default NULL,
  `detail` text,
  `amount` double default NULL,
  `time` datetime default NULL,
  `invoice_id` varchar(10) default NULL,
  PRIMARY KEY  (`payment_id`)
) ENGINE=MyISAM DEFAULT CHARSET=latin1;

--
-- Dumping data for table `idx_payment_history`
--


--
-- Table structure for table `idx_pl_sociable`
--

CREATE TABLE `idx_pl_sociable` (
  `sb_id` int(11) NOT NULL auto_increment,
  `sb_name` varchar(255) character set utf8 default NULL,
  `sb_url` varchar(255) character set utf8 default NULL,
  `sb_icon` varchar(255) character set utf8 default NULL,
  `sb_enable` char(1) character set utf8 default '0',
  PRIMARY KEY  (`sb_id`)
) ENGINE=MyISAM AUTO_INCREMENT=90 DEFAULT CHARSET=latin1;

--
-- Dumping data for table `idx_pl_sociable`
--

INSERT INTO `idx_pl_sociable` VALUES (1,'BarraPunto','http://barrapunto.com/submit.pl?subj=TITLE&amp;story=PERMALINK','barrapunto.png','0'),(2,'Bitacoras.com','http://bitacoras.com/anotaciones/PERMALINK','bitacoras.png','0'),(3,'BlinkList','http://www.blinklist.com/index.php?Action=Blink/addblink.php&amp;Url=PERMALINK&amp;Title=TITLE','blinklist.png','0'),(4,'blogmarks','http://blogmarks.net/my/new.php?mini=1&amp;simple=1&amp;url=PERMALINK&amp;title=TITLE','blogmarks.png','0'),(5,'Blogosphere News','http://www.blogospherenews.com/submit.php?url=PERMALINK&amp;title=TITLE','blogospherenews.png','0'),(6,'blogtercimlap','http://cimlap.blogter.hu/index.php?action=suggest_link&amp;title=TITLE&amp;url=PERMALINK','blogter.png','0'),(7,'Faves','http://faves.com/Authoring.aspx?u=PERMALINK&amp;title=TITLE','bluedot.png','0'),(8,'connotea','http://www.connotea.org/addpopup?continue=confirm&amp;uri=PERMALINK&amp;title=TITLE&amp;description=EXCERPT','connotea.png','0'),(9,'Current','http://current.com/clipper.htm?url=PERMALINK&amp;title=TITLE','current.png','0'),(10,'del.icio.us','http://delicious.com/post?url=PERMALINK&amp;title=TITLE&amp;notes=EXCERPT','delicious.png','0'),(11,'Digg','http://digg.com/submit?phase=2&amp;url=PERMALINK&amp;title=TITLE&amp;bodytext=EXCERPT','digg.png','1'),(12,'Diigo','http://www.diigo.com/post?url=PERMALINK&amp;title=TITLE','diigo.png','0'),(13,'DotNetKicks','http://www.dotnetkicks.com/kick/?url=PERMALINK&amp;title=TITLE','dotnetkicks.png','0'),(14,'DZone','http://www.dzone.com/links/add.html?url=PERMALINK&amp;title=TITLE','dzone.png','0'),(15,'eKudos','http://www.ekudos.nl/artikel/nieuw?url=PERMALINK&amp;title=TITLE&amp;desc=EXCERPT','ekudos.png','0'),(16,'email','mailto:?subject=TITLE&amp;body=PERMALINK','email_link.png','0'),(17,'Facebook','http://www.facebook.com/share.php?u=PERMALINK&amp;t=TITLE','facebook.png','1'),(18,'Fark','http://cgi.fark.com/cgi/fark/farkit.pl?h=TITLE&amp;u=PERMALINK','fark.png','0'),(19,'Fleck','http://beta3.fleck.com/bookmarklet.php?url=PERMALINK&amp;title=TITLE','fleck.png','0'),(20,'FriendFeed','http://www.friendfeed.com/share?title=TITLE&amp;link=PERMALINK','friendfeed.png','0'),(21,'FSDaily','http://www.fsdaily.com/submit?url=PERMALINK&amp;title=TITLE','fsdaily.png','0'),(22,'Global Grind','http://globalgrind.com/submission/submit.aspx?url=PERMALINK&amp;type=Article&amp;title=TITLE','globalgrind.png','0'),(23,'Google','http://www.google.com/bookmarks/mark?op=edit&amp;bkmk=PERMALINK&amp;title=TITLE&amp;annotation=EXCERPT','googlebookmark.png','0'),(24,'Gwar','http://www.gwar.pl/DodajGwar.html?u=PERMALINK','gwar.png','0'),(25,'HackerNews','http://news.ycombinator.com/submitlink?u=PERMALINK&amp;t=TITLE','hackernews.png','0'),(26,'Haohao','http://www.haohaoreport.com/submit.php?url=PERMALINK&amp;title=TITLE','haohao.png','0'),(27,'HealthRanker','http://healthranker.com/submit.php?url=PERMALINK&amp;title=TITLE','healthranker.png','0'),(28,'HelloTxt','http://hellotxt.com/?status=TITLE+PERMALINK','hellotxt.png','0'),(29,'Hemidemi','http://www.hemidemi.com/user_bookmark/new?title=TITLE&amp;url=PERMALINK','hemidemi.png','0'),(30,'Hyves','http://www.hyves.nl/profilemanage/add/tips/?name=TITLE&amp;text=EXCERPT+PERMALINK&amp;rating=5','hyves.png','0'),(31,'Identi.ca','http://identi.ca/notice/new?status_textarea=PERMALINK','identica.png','0'),(32,'IndianPad','http://www.indianpad.com/submit.php?url=PERMALINK','indianpad.png','0'),(33,'Internetmedia','http://internetmedia.hu/submit.php?url=PERMALINK','im.png','0'),(34,'Kirtsy','http://www.kirtsy.com/submit.php?url=PERMALINK&amp;title=TITLE','kirtsy.png','0'),(35,'laaik.it','http://laaik.it/NewStoryCompact.aspx?uri=PERMALINK&amp;headline=TITLE&amp;cat=5e082fcc-8a3b-47e2-acec-fdf64ff19d12','laaikit.png','0'),(36,'LinkArena','http://linkarena.com/bookmarks/addlink/?url=PERMALINK&amp;title=TITLE','linkarena.png','0'),(37,'LinkaGoGo','http://www.linkagogo.com/go/AddNoPopup?url=PERMALINK&amp;title=TITLE','linkagogo.png','0'),(38,'LinkedIn','http://www.linkedin.com/shareArticle?mini=true&amp;url=PERMALINK&amp;title=TITLE&amp;source=BLOGNAME&amp;summary=EXCERPT','linkedin.png','0'),(39,'Linkter','http://www.linkter.hu/index.php?action=suggest_link&amp;url=PERMALINK&amp;title=TITLE','linkter.png','0'),(40,'Live','https://favorites.live.com/quickadd.aspx?marklet=1&amp;url=PERMALINK&amp;title=TITLE','live.png','0'),(41,'Meneame','http://meneame.net/submit.php?url=PERMALINK','meneame.png','0'),(42,'MisterWong','http://www.mister-wong.com/addurl/?bm_url=PERMALINK&amp;bm_description=TITLE&amp;plugin=soc','misterwong.png','0'),(43,'MisterWong.DE','http://www.mister-wong.de/addurl/?bm_url=PERMALINK&amp;bm_description=TITLE&amp;plugin=soc','misterwong.png','0'),(44,'Mixx','http://www.mixx.com/submit?page_url=PERMALINK&amp;title=TITLE','mixx.png','0'),(45,'muti','http://www.muti.co.za/submit?url=PERMALINK&amp;title=TITLE','muti.png','0'),(46,'MyShare','http://myshare.url.com.tw/index.php?func=newurl&amp;url=PERMALINK&amp;desc=TITLE','myshare.png','0'),(47,'MySpace','http://www.myspace.com/Modules/PostTo/Pages/?u=PERMALINK&amp;t=TITLE','myspace.png','0'),(48,'MSNReporter','http://reporter.nl.msn.com/?fn=contribute&amp;Title=TITLE&amp;URL=PERMALINK&amp;cat_id=6&amp;tag_id=31&amp;Remark=EXCERPT','msnreporter.png','0'),(49,'N4G','http://www.n4g.com/tips.aspx?url=PERMALINK&amp;title=TITLE','n4g.png','0'),(50,'Netvibes','http://www.netvibes.com/share?title=TITLE&amp;url=PERMALINK','netvibes.png','0'),(51,'NewsVine','http://www.newsvine.com/_tools/seed&amp;save?u=PERMALINK&amp;h=TITLE','newsvine.png','0'),(52,'Netvouz','http://www.netvouz.com/action/submitBookmark?url=PERMALINK&amp;title=TITLE&amp;popup=no','netvouz.png','0'),(53,'NuJIJ','http://nujij.nl/jij.lynkx?t=TITLE&amp;u=PERMALINK&amp;b=EXCERPT','nujij.png','0'),(54,'Ping.fm','http://ping.fm/ref/?link=PERMALINK&amp;title=TITLE&amp;body=EXCERPT','ping.png','0'),(55,'Posterous','http://posterous.com/share?linkto=PERMALINK&amp;title=TITLE&amp;selection=EXCERPT','posterous.png','0'),(56,'PDF','http://www.printfriendly.com/print?url=PERMALINK&amp;partner=sociable','pdf.png','0'),(57,'Print','http://www.printfriendly.com/print?url=PERMALINK&amp;partner=sociable','printfriendly.png','0'),(58,'Propeller','http://www.propeller.com/submit/?url=PERMALINK','propeller.png','0'),(59,'Ratimarks','http://ratimarks.org/bookmarks.php/?action=add&address=PERMALINK&amp;title=TITLE','ratimarks.png','0'),(60,'Rec6','http://rec6.via6.com/link.php?url=PERMALINK&amp;=TITLE','rec6.png','0'),(61,'Reddit','http://reddit.com/submit?url=PERMALINK&amp;title=TITLE','reddit.png','0'),(62,'RSS','FEEDLINK','rss.png','0'),(63,'Scoopeo','http://www.scoopeo.com/scoop/new?newurl=PERMALINK&amp;title=TITLE','scoopeo.png','0'),(64,'Segnalo','http://segnalo.alice.it/post.html.php?url=PERMALINK&amp;title=TITLE','segnalo.png','0'),(65,'Simpy','http://www.simpy.com/simpy/LinkAdd.do?href=PERMALINK&amp;title=TITLE','simpy.png','0'),(66,'Slashdot','http://slashdot.org/bookmark.pl?title=TITLE&amp;url=PERMALINK','slashdot.png','0'),(67,'Socialogs','http://socialogs.com/add_story.php?story_url=PERMALINK&amp;story_title=TITLE','socialogs.png','0'),(68,'SphereIt','http://www.sphere.com/search?q=sphereit:PERMALINK&amp;title=TITLE','sphere.png','0'),(69,'Sphinn','http://sphinn.com/index.php?c=post&amp;m=submit&amp;link=PERMALINK','sphinn.png','0'),(70,'StumbleUpon','http://www.stumbleupon.com/submit?url=PERMALINK&amp;title=TITLE','stumbleupon.png','0'),(71,'Techmeme','http://twitter.com/home/?status=tip%20@Techmeme%20PERMALINK%20TITLE','techmeme.png','0'),(72,'Technorati','http://technorati.com/faves?add=PERMALINK','technorati.png','1'),(73,'ThisNext','http://www.thisnext.com/pick/new/submit/sociable/?url=PERMALINK&amp;name=TITLE','thisnext.png','0'),(74,'Tipd','http://tipd.com/submit.php?url=PERMALINK','tipd.png','0'),(75,'Tumblr','http://www.tumblr.com/share?v=3&amp;u=PERMALINK&amp;t=TITLE&amp;s=EXCERPT','tumblr.png','0'),(76,'Twitter','http://twitter.com/home?status=TITLE%20-%20PERMALINK','twitter.png','1'),(77,'Upnews','http://www.upnews.it/submit?url=PERMALINK&amp;title=TITLE','upnews.png','0'),(78,'Webnews.de','http://www.webnews.de/einstellen?url=PERMALINK&amp;title=TITLE','webnews.png','0'),(79,'Webride','http://webride.org/discuss/split.php?uri=PERMALINK&amp;title=TITLE','webride.png','0'),(80,'Wikio','http://www.wikio.com/vote?url=PERMALINK','wikio.png','0'),(81,'Wikio FR','http://www.wikio.fr/vote?url=PERMALINK','wikio.png','0'),(82,'Wikio IT','http://www.wikio.it/vote?url=PERMALINK','wikio.png','0'),(83,'Wists','http://wists.com/s.php?c=&amp;r=PERMALINK&amp;title=TITLE','wists.png','0'),(84,'Wykop','http://www.wykop.pl/dodaj?url=PERMALINK','wykop.png','0'),(85,'Xerpi','http://www.xerpi.com/block/add_link_from_extension?url=PERMALINK&amp;title=TITLE','xerpi.png','0'),(86,'YahooBuzz','http://buzz.yahoo.com/submit/?submitUrl=PERMALINK&amp;submitHeadline=TITLE&amp;submitSummary=EXCERPT&amp;submitCategory=science&amp;submitAssetType=text','yahoobuzz.png','0'),(87,'Yahoo! Bookmarks','http://bookmarks.yahoo.com/toolbar/savebm?u=PERMALINK&amp;t=TITLE&opener=bm&amp;ei=UTF-8&amp;d=EXCERPT','yahoomyweb.png','0'),(88,'Yigg','http://yigg.de/neu?exturl=PERMALINK&amp;exttitle=TITLE','yiggit.png','0'),(89,'Blogplay','http://blogplay.com','blogplay.png','0');

--
-- Table structure for table `idx_plugin`
--

CREATE TABLE `idx_plugin` (
  `plugin_id` int(11) NOT NULL auto_increment,
  `name` varchar(255) default NULL,
  `plugin_file` varchar(255) default NULL,
  `status` enum('0','1') default NULL,
  `option_plugin` text,
  PRIMARY KEY  (`plugin_id`)
) ENGINE=MyISAM AUTO_INCREMENT=2 DEFAULT CHARSET=latin1;

--
-- Dumping data for table `idx_plugin`
--

INSERT INTO `idx_plugin` VALUES (1,'Sociable','sociable/sociable.php','1',NULL);

--
-- Table structure for table `idx_review`
--

CREATE TABLE `idx_review` (
  `review_id` mediumint(9) unsigned NOT NULL auto_increment,
  `link_id` mediumint(9) unsigned NOT NULL default '0',
  `review` text NOT NULL,
  `rating` tinyint(3) unsigned NOT NULL default '0',
  `date` date NOT NULL default '0000-00-00',
  `subject` varchar(100) default NULL,
  `status` char(1) default NULL,
  `username` varchar(20) default NULL,
  `name` varchar(20) default NULL,
  `email` varchar(100) default NULL,
  PRIMARY KEY  (`review_id`)
) ENGINE=MyISAM DEFAULT CHARSET=latin1;

--
-- Dumping data for table `idx_review`
--


--
-- Table structure for table `idx_searchlog`
--

CREATE TABLE `idx_searchlog` (
  `keyword` varchar(100) NOT NULL default '',
  `time` datetime NOT NULL default '0000-00-00 00:00:00',
  `result` mediumint(9) unsigned default NULL,
  `ip` varchar(100) default NULL
) ENGINE=MyISAM DEFAULT CHARSET=latin1;

--
-- Dumping data for table `idx_searchlog`
--


--
-- Table structure for table `idx_sessions`
--

CREATE TABLE `idx_sessions` (
  `SESSKEY` varchar(32) NOT NULL default '',
  `EXPIRY` int(11) unsigned NOT NULL default '0',
  `EXPIREREF` varchar(64) default NULL,
  `DATA` text NOT NULL,
  PRIMARY KEY  (`SESSKEY`)
) ENGINE=MyISAM DEFAULT CHARSET=latin1;

--
-- Dumping data for table `idx_sessions`
--

INSERT INTO `idx_sessions` VALUES ('de6d63c7492a1761b0797278e5dbeac8',1330837697,NULL,'MFBaZ2lduOsFs0e6sR6vG7hKTtuZ78klZ4NrcQ5bV5dwHWeChrQDbhwhYaIPvpcbOCSHKFmtbqzo8VMdh-MMqXO0Z4w385LqKs6fC7PYYbFofhG10Cv_QC5LGuOgHzlx1fz8XUT8Gv7bupu8knUXRRb2K9X9T2L2ETO6oSppT4Q.'),('adf8efcc1acd311367cd0da0f8b97467',1330838624,NULL,'b_WLFJiaaHFM1BbexH3bBpLVCzcaT7Ir1_lyddJHMtXBPPbGouia7NCB3fA9ehyRW5H8WqyyqgvLwa4tR7b-g7PUaMYzzVFINUwKszN_-Q9i-25MruXpaY_0jpvyIeyNvTmFR0wp732KbgpDtqFwlaYomDjtyTAT6C9HmMNtrzc.'),('485f401eb16bc3860de04947e33fd1b8',1330842275,NULL,'v5u-tL9DehRzPz-jtC28AUYIcReTfj6PaaLlJPF8gCtENMTlvdNfe95eg6sCHPITsQoF08HVYq4_8IDK0_QI23WLoEQL5RSkTY8VDLmzR6M7wakzXz2P_724sDw-chFd7NaRdjhq1C8EkMEdDdHlCa5PCwwakTacooziu_dxzjIGeahqgdyCB6rbc_CNrdpi'),('e2f087bf42b18edac93c23d32067521a',1330843711,NULL,'mi5m6qOSGKyru5W2yOvl7pMyP--xjt9H91HuiM7PevhpeJQRshxSEuEgavY2sb4Oq_Bz2Bhl-ch0G9YOiEt6UWxZMbRrLgxhPXaDWn6bQg1I9l-fKvh7z8HJaFauTXbBluF8Pnrk_r6rsUCKPbohig..'),('cd1ffabb11365bf1e5a60dc509e7d1b6',1330848001,NULL,'dA4rIr25WKWtdX3I7tmOKZIZgQluDtIV-f2iG_Jz5ymTB3xMAImMyB4EjlSFDW7JwareqGGpvwHPOaSqMhnIn4UKAVvVImOlqIo0-d_OfQn81vW-cwwgCcGhQ4R48LqB86OXbWfjcxWBOWKrwUPJdlzx--_eCVkHKK-05QeUWoPOkNRHgsFQrcw9nReca94X'),('c9d20df537ddc7d9876ab4240609b32f',1330848297,NULL,'BBoRWYzlMbfTqi0bAULEaFWPXIzHoty2zc1xe8rHNrmKqpUsozdHZEzPv_55pMySp-pUPzXLa0FoIVwSRZnWudQeqYsid2L7xrwrli_Lr0QGdsbYdi_Xc-RVDEaB9s3nM2mOeqrs7XLoWcie6uulurYtBMIHHJ4g4xf9zNrJOXc.'),('cc6b6d76e96052c8fcf616d26651e2eb',1330850585,NULL,'B-9UoOxqqVH38bugPM4rnXWV91W9_ecC7vpSd-L3-WXSLI-8qQqze0oZGrjURCTeEXlaLDdm8CfbI5lLFwclzYS_uPApnB5mnHwUOX27fQk6_bsQ0cwSp8joWyu8R4ovo19pFjxZcN0ZRpATjlYrPw..'),('643f785a8a18febd931436f7fc687ec3',1330850995,NULL,'EHEFDVSmWEnrE5PQtOj8E9Q2q3c3DZF-_1WE42J8JWNLZr9Rgv6Miid37WP7JF2yIMcbVJL5zMDhq-KmTS-PJUeIx8SNlf2prQnQ83CLXNqqCr0Oy2_2V8HoqX8s5qj7Dbe9WPdNMCoOchKMorID6mEUijQ3P6Piuh6czeVfa6E.'),('d22a3879eb34ccfd928b07acc6cd84c2',1330856691,NULL,'U16AN8WX7M9piGOY8qqkEtukyS6gNmzlCrp2UicUQkrexuFRe__6upREgCU-dip3GWTUpfGWeDGkZDmMBw0dgy6Nhd6bPVTGLKx-YoMpmaRcZ9sYSdxwNhctx708d3DhsYW49CWR0TO8AmqJHMns__mUDpDOjei0G8CzW5CjYhl17NLhWwUez8OQPlIU3wkK'),('c21d49154004c912022541a40990f530',1330857763,NULL,'B-9UoOxqqVH38bugPM4rnXWV91W9_ecC7vpSd-L3-WXSLI-8qQqze0oZGrjURCTeEXlaLDdm8CfbI5lLFwclzYS_uPApnB5mnHwUOX27fQk6_bsQ0cwSp8joWyu8R4ovo19pFjxZcN0ZRpATjlYrPw..'),('9496af176c969ee4b0fa7014619d8f14',1330863543,NULL,'RUw1LZuutvm6q0JAx3W-4yS1ypD21g1NTeuJC8C9Ji3VeokdwOZ77wb2dkNxOeuGvIcKXWBg7guBNHSohLlROA9d8lArUqv8FXYM_oUzNrVm31W9CcrAqGuemiL9l7vyMYPMoSQIEFo7VFNWyGqvYyiKhwgxqC_qBOTvzF04f5Y.'),('71623511b37c15d5fe9986945aac9073',1330865110,NULL,'bk4RFx1RlIoo9_QT1jR6s4EeazdHhgFjQzbMHJSjDj75U7fBfspiav6StzlpflQkc6YohOx5ENzY8yBlZ2Ls6hb05JYV4_ZHOnw0UvAutrtNpoMuxLfEHCoXvFsB1moy3Xr850FKjKLdfV9rgejO0w..'),('79568377fcba538718942fd8a70ccd58',1330865237,NULL,'XQFKzxDWRnoS8Bq-gsJgca4KAkw51oYT_UTwUJvK_KTK6s7RV5SCpaYfKKMnj1hDSsKDITxdoOskdGsqYKPhZyQNGqfZALR036L72ng09Vnkfnbw0AxxmBNWelGcygDL7lMAtoiGDa-dd-dxYIdWTRPfuvL-C-TG9TzkhiNaXgMJ3ejcZa3Jat5a_TSTC-ww'),('12f73fb5b50488cd8abd1bdd5d47714d',1330866001,NULL,'vZUWMuRTCxmUSdVrVoVCkDtJ7nVIcHg2yP6P4av4GBwIVeOfK6HzQDhEB9Gvj8dIe7UeMTlm2vpbBy8QdzdxkJrzzz1FiPmpsCfZwZOvsspUWECbuXLE8babIHa9sjpVHTkHa0le8T6hjqZhm40qiPKSFRq7sjdbb5FrvsXRing.'),('68e4cecb4099739eb3f83dd43f5e6e0b',1330866629,NULL,'5v23TYKUTzxZMbzip_ZOfMdeSDXInCFinOF2xSSr6quK38Kskiypyv3EZVaGHJ600kFO2nM8rhd7hUUDFleAB4b0fCx0EFgfeX9PRn0NYYkaB-_22wGs49in49BcI2cBrgm928hjV_RB2QgO5UWE02EJhmR0t51x9S0jPjaUdWI.'),('fdef82dd98c17001c16f75e59cc111e7',1330871466,NULL,'wcIdtaTceI_ABkl_1YMK2q1-fcBjAum_gwywaNOOF-HhLNgkcxWov_RXmqg3J36f51gRrxeVeq3aNeGjFxu-OqVO4-xjXucacX52L5A4LrszlVmquVcNaeeKeWVYJZG6eJlt8EB-pvD2ToCJEtdRNxHK8G-4v0Tkv7WGaG5EIDVU1hT5WL7hxY6JMrMYISwZ'),('cee5105e97b508d655d361be7a2654ac',1330872603,NULL,'tI4uuTDxFZ3rxoowhpS7L61QxGQhJISPdttc4a6J0Z1gZDf-ldO1YfkiVM_TfO1UCyhsRH2Ev7JS73gq2SIOWkb1oYx6Ua6L-jyl8EVMhqANlAPNLgJ4gDqTNy2BXUCH5elJZYIDy8f5tkG7P_O96g..'),('2f360b23568a257db94f2057284e07a4',1330877595,NULL,'zUHboha8fLxJzniKpvX0Vy_7np0-vFOyzVP-awns8HnxJ2YqtXC9U_RQQIVypjvwDgXoaCf4R7ViVG9pLyd4xrOTgb2cMx72YLHdFy3gvDIfhq79BQi5AmGLPZb4-HSh8DnlTf6uJcanK14N-ok-KgyhsyMXQTkTZ4AgOnvc8Z2hYwyul9XW1l7OvABL3xY6'),('0cacfe42ade4d8d973864e4d76b0350c',1330879472,NULL,'VOCQ5i0em5AbCurkPhNpi5O0WhKJ_8oLi6pc9nGHTeJMujfTHXJwcC8Re1u8QZFpPSAUu6hHtrdahcp1xFIKnWQe3qQp-ZiWLShbfZLrc_GDPj3VTmO-BoBcs8x9PngglA1htO9zhcfJL5AJAKox0g..'),('d25ce6f316fe922da0e7a48b8cabf9ba',1330883510,NULL,'FbXdtf8QoAjQFmeaLMoGK-oQz7JBcOVosSMCTi0zok4Bz6oXFgLdtCxZ56M9EhE_4yoeQYlDBe86mAbR3Otl4x56zDWjEY6O0t9cf6uUp1to-ihQ72UiS9tJijF0yD_mWwHMoGOR6zqrKwO7L6OwEChpRcJP0GgD863VuYaZfv4Zp2wK6aNWmqVmv6JNR2ci'),('822768e66e944b14690b2b1c770bed61',1330886418,NULL,'PvAz7WoG8fZxRrz8InkRheNxaQK7cxWWGvAaFF7hkG0QkoJaAEXptcOoYSw7sf3c5Ae-K2Jmn653OD_95PdXgwUJoduQTnPY2h-6HkFEoFvae4j6XDznsMz1BzCsB6T2gDE2WhxDbhHhLZSIml7wggmzxynkAdxAC0rtUAGyw2A.'),('6925d0ff94aa0966dabbb9baf40e1293',1330886631,NULL,'y4H7FLs-hCayro3sGBe2K_vZvHHkfmurDQ_TFXpEgNaFYOoTCTa_uMY1AA4wzqC5xa50Qv-nvDjqqdfWsJ1XNOOurOLgY8uYFPuFlOdpHKXUul-9B0PpbbdICpDveyKHjE1G9qE9b1bRm67HLcpKQg..'),('3a00f623afb2cf67d53a569b5ace497a',1330889694,NULL,'NXJyoq2_soVcyLXPl4Vup0cQK_un5QSwPFzNaH1Qa8gXXv8vMuoiVkOIxPZtQaEWddY8Z_JRPtYW-epDbN4870P9XN0H31YjCnuszvK9Keb9nMc6ZmA6M92SCxzO6IRViTlc7yXXQofHfOGIMrQi1tAemxih6YJSxeX5bAJLS2x82IV0pPKIkeH6usFcg5Jw'),('4a6869f6258f497ca9b0898547b13fde',1330894166,NULL,'XLkgmvbcuFfeUxUQN9UmoN96ZWnd0lUZczfrYtnL-WFu4wCxnFMfmxc6m03LlPgUDS_rLL3-77DkNW4YoATafWa532a8s1rhFwb_zJR-126CyDEot064yvGdUQ-UI-FlhALjHLbebwlR51-QTBLxhA..'),('2946d4df17a201c52eace561d9561b59',1330896040,NULL,'n3nWTHbLpfvtgqs14A9hm9_pe9IQ5_2hnwN8Elxi7_-4krHnINSjwrxu5py-q8j4emRkZYQYlN35IiIJmCwkuN98le7sPOYlvc-OM-pNrTPorxKudVolAhBwyP_gOXHWMzk0kF6l3cMJTTKbISQzLHhF-T0uo6490CBM4c-e2KA.'),('e477fc735e78bbf7a730cd655ad5b867',1330900957,NULL,'1NblAsuTxbxyRSLq-sVd36w8UaXiQlFQ_8UlOAYobyOzWT196mcpgM6EMcH8HZT3MJKHM95qm83XZRcxXeDFiFi5B5fQVlZKV49XunjCTJyRqeaNL4LercW1A0WSSk9IV6UI0X9H9FUf9aQq4WuFSQ..'),('b30d263d886dd5d4bcc3e81b8b60d89c',1330902041,NULL,'B-RhMs_rC7BPIW-8SGkDUkm9DtG1RYfUxKYYWcIAyygv1EUePbg1t2ZxBD3CuKGk7U88UlRzScfQX4rOBRSNUqgAX83sV7ClQJg3E7dqR1HFVf-65uRSHyk3yDlwWjef1cGWQ1w4X49ONvrvCpG0BW1eZDUa2YiqW2_bvD1JTY0.'),('250d19528557cfab403bdcc621914b9b',1330908136,NULL,'2eqkXpuWGZNrE7VGZ9t1yw879C_PGvpKkR7L_bTKoNHrBVjTuDeJcisc4ks1UqRp64jBylnUSqg5zaYvhGG7Stvubwjm0V7YkTG3xvTaIhKViD06KLjyF3b0MvUIuZ4htuUaqEIugaCXGasRQHoi2j2B4mFhPaBs_toFYywCI1k.'),('ecb103edb29a5b36bbb1d5b6f08c2b5b',1330908204,NULL,'gKvWL0kEqVJsvOTGHnqoHG_wEXfA2iVOxDEV_r-7xFtxEAZfr_qwuNjw_6hKi4YjN6zxl7oAuWCk5E4ZbPIzX9WY4Ukin3qIFw_bQe3CSyPuMU03trMtYi-EosjcKsK98iiN9LJ5YeFnJmw-80mG6lewThPY_4p33IcAGjyIl9MCZZF79WlDyuVVCT_O_iwV'),('0e7a1d588c931a5b3ccf38d0895b2c9a',1330908430,NULL,'0N0X9sOyoyY-o65z0QxDvWc7FHHMwPv0hQ2GSRHzitDdWZZZGUAR-X6Em7xlD6bViNmDOj-Q7FRsXBX6yCXbSos8gPg0xOCCYgbRU1_fItgcGVXRAjh0nfc-hIua9EDfWlw5WBSE6ARAcmSwu0y_qg..'),('4dd8006071f022e20986d04395236f68',1330914410,NULL,'Jl2j_JfYaAHN8EZCFc67s1clBTmCRjzfFYLn-hkf-7Det_QKXfkoHWqkA4dlFf2SjvZRawMCHrdIornQBAiaZCH0W1ndtt1uEWzVV_f1zFdAplzYZCZw9JnPlL4vrMhtWJOBN3vWebIDclLJSYpfHA..'),('54103b5a60426061dc759211fab2bd6e',1330914643,NULL,'ewgql1TXaFIs-L6oDTncJVfkk6O4TA7-i5D9GCRjK2WFTedcF1lKWoXj_n08zPhPQKA6c4O48YioHghx2tyeGpKVb0_8vIRts_aiO4qK9_HjbsGilEKnB5uYR8fajG4u1rb8IkfDA9jviZTIXClEoMU6zt4TeUhB3vBTh3B2xQTkmk6UKLLvj2vsjIyRDqJz'),('5da76cc6a471f0e29a45580de45c7c7a',1330915363,NULL,'z_ZDQQANKbooK-29icMM19yysvITVnnuWeFcKW8F22jtkZc3eocaFx2l4eXT0_gWW0T_gXxgn0ZwSozgF-F34tdxW22drjuIQP19HUd9akJuGE-OQ3usHxz-XBvNTzgnX5HSKCQ4FgxO6TZLSav6zQ..'),('ba50344490acb866f260e2b6d370d0b8',1330918364,NULL,'xT9ZA-hb-Yus0lvcdTvKax1JG0mOYMlGQC_4bJl1Jpv-_yjjtF7dHrRDTwDlF9jqOH9ukUqtewoSVDdgzH9XdxX9aAnvGD7-D6YgdjuREm_X6bEPbcFRH6iqQTXF4nvFILtW_1oa0NwjUEY8APqMCFL2i5qxQGy1THIZPNJl9QI.'),('dc16778dfe56fc33485e9eff414a58f7',1330918680,NULL,'_iKSofvT9EwKTqpbaXFpVZT0qWMy4sfdPL3nEAkTqHDS2JcM87AR4V968gwq35lFD1-VGjNFiW3JjxaTrlw-5_kqdXf7bTLlNddCLF1GspFR2ZjyGMWmh9dT09Z4XIyte5YAOB7Id2BUU3KbxbVLJyE8ZEFPVWNFf9O7h55Kbj4.'),('218aa07a730f24a1db51adde3257e478',1330922642,NULL,'3Ig8f9bVeh_vFa45DM5XYzwaaH00jEqFe8xFTFzFEN0WFVMBVLNdH9K_R4ln-jcWcXIZMCCpQqbx56HpNLs7z43DIg5WbaGdma4RydWufEUv2avLdVoymbQMNVvX8F48E2KG7Ozl1DCDplCa7cJnfg..'),('10db8135f7e604c869de917042e12fa7',1330927193,NULL,'sAZav48iXlS4tkkMAl7Y03I_kkj6pwkBd70f8AI6CIw1fQCYgmMWe_6WukDkxmHi7qcByWP4P3qY_RZfx-B2WSAjjzBTvhHThIlPASL8FgmHglyKc_VyoyRQuJ41UJEegXxl33GH560y59PBd0w7AX6Za7xxUQ4s0W-xTwvAVsBKNHB5zD01pcm8y5jTvOmL'),('cbb62d381e10a6ed365e317aea60c3cf',1330929879,NULL,'3OznN24OiE2xtSTsUlN4P7uNrh7Q3DDnlerlry-X2zRoWl6zmG2kOAmMS339gnb2gohBw-R30kKLql__zM2eoTynn7lpAXB4VLVIXZgvSSyaYu4wBr6A2hHwn0WE0VaT-BB3vLxWtqOx3I-uF0UYjA..'),('b15570673e330167908583465e6c3335',1330931678,NULL,'rxvCX_kA_E0rrxud4eXAe7L7x3Pah-8ZAJjyhZSKduQD2xHqiMH5b3GfzlwaBmvHLDaTpI-lRB-qHomezNw_58nyV8y4LlU2pFvjSsowf4EEOonzOI2hLBxnmCkGNBy4KlvXgnQOQROPUsDFpIBth80Trbk0EfgGXLv1OwrYD80.'),('2533f772d1e6bbaca31493dae3aec07d',1330935834,NULL,'dou74DmDv7DbmBpDQ56ioQb8vsjl_0v2hyVBv3vlgMouTTqwpz2d8_mNS1esmn-mOTnoRf3AVP8zp-4KhC6m1t-HP1O00iX02O8-9x-uVTE9KoBAydu-xon8LwIvqltjB3i05pEtBTclvZh1QoF5mOSc7fXjgV84sEBVIAVxbVgm4AFG4uhaCxBa1ntsaYr4'),('73667b282e417e0e2715aed0b56908b8',1330937362,NULL,'70bJ4Kjx0Hf_giAZBgCcyT0qVLdNDcRZal2AFUgzh7K0HM6sCbPZonC7rSsu4QCoq4lTU9m4XzhLXumwOSSiW98N2_ZKGor0I1gCtNEB9MZl1L-1PgJZn6id8dbolhFJt_A7FlAEaYoRH4-qDZXTOw..'),('31714c6ff599f8fef8cecaeb2992f222',1330940130,NULL,'cFfwN_r9mzM2otYKA-bWbrI_xb_v6M7pwi1NIqjy_2v_Pu709MUcb8Lj5HIIJctML1KhE2-XWQxbBdVkc6YV1UimyQQoqKkBf1H5OiadtbYAYmLHFMesr_kYskcmjVg4bGIAx9g58NyTcOjOaAi6-HF_k7w1zN_WXImciDk6t4I.'),('b01f9d5a7619d3b743ce863e692dfc90',1330944108,NULL,'LFEI-vK7s23v7VAsVTdUR-_4H84J90dEkJrKBd0-QAUjxjPIrYzXolDNhL6F0TQEqP6Q1zRrBJM6j2Qzwi7YXS1FMs8KnsfUTC-3tvb0ZEXm2rIp6vNYGfhKTB5fjBOjhstkrdOvQ3mDqge59l19RA..'),('f00348e6197724c212e37c8c7ae8a4ee',1330944461,NULL,'BuQhR2pebgKNc40wFaHM6mWWD-l_75UfV8102n-IagOGzSUckJK1VLPyGc-lmxGJcmgcBcJNWOER6yUuGd3UwfN6N_mCCUgIsAkKU0Qf8unQsd9RcgrLz4FsRergf425eqSdI4SND5AT3fhrCYjgWL0sVpUNtGbBpug4EN7JrCgADYezWbw4AbtgivLj3Pi5'),('ceace6af61e3ab539e918b5ab7abb46a',1330948781,NULL,'Zjc80p9ZVu8YauLJ3XyYamtmkjvxjwXUFgrWUZskJFz5I9oMQhfTQTEO4sGmwqsH8oI-OFygdshD9i9GLR84thrT-bRVhq-SLZ2m3PcD0SEi9tYt-F-pKsUm2_BOYI_27QWO3i5-v6Wiz54CXDgLfELFZXzk31XvwSJSxtjsyzU.'),('731cbf990e979211300b29d7743fe66f',1330951460,NULL,'0BUVIQ1ARIaPoKdXwTpiAULFnfwUB3PX2rbpc_nLw8Ta7pEms5Sevx8R5zXioxTioIrUbKRC5dcKTBb_oPcV01LLWDdTlFVFDa2Wgjud7Tw-0HeQBwjXw1BC3IcRG5rmgXN5XlR6qBL0Q2Ytu2Uhzg..'),('7345c2db94f84586ca4899dd9feb9c97',1330953238,NULL,'NIDyMwRqKbuabvhIuZaKvroGZHFmJLkF7t9NxE1GQVUi7x8muZ0h-wmex3p9T2sAFGawJKlkceUvCliWogvjA2NBGj3fU-YIlCxYJzDccS07pRo71Sxpnfv0FdM3-6cc43fkwdUeucDCty0jqOQ8BxhRaO1vBxGt-o9N-4QroXLr9N75QDGhwUBbAckaAGTg5P3XQbUY7GigcCJhbIfH4A..'),('f4707a0268b24e00ec0beb69ac8f174b',1330958490,NULL,'l_1HVL-7MesSbFhyf37N9AJE62HD1bZeyJzv-Z4m4w4hcIUDWFSQDLzT4EoiaILEFxZjAIiZ1naavoT59NFliOAVzvB0Y4dmhiy7HwTYTk7rT7Qh6wj-RaReQtT2w9sJkPFrAv4pFQ_ISWhSgVwkhg..'),('de91a37677b9bcc29f12b15dfc214cf3',1330959554,NULL,'A05Jv4SfReqGg7LFhZLOxH3baUgukd6iJJ7oUnF9bfZKSqWN1WcuR296EbP5_b-v2EFrlc5ZrUpI6VNiqk6D0LPF_ac6wxHVxtpvu7yPr0K0SlQS69l0dcmoi8kOHNoIFf5xfMARgdKApmoxJJBissMgl7QSSWfnIotIpISHtQGWlIf_u1kXW-gk2uvfxOo8'),('00a4ba256417e97b55e477e76957b9c1',1330965834,NULL,'XLkgmvbcuFfeUxUQN9UmoN96ZWnd0lUZczfrYtnL-WFu4wCxnFMfmxc6m03LlPgUDS_rLL3-77DkNW4YoATafWa532a8s1rhFwb_zJR-126CyDEot064yvGdUQ-UI-FlhALjHLbebwlR51-QTBLxhA..'),('712dfb0bfa6959b461dc992c979598d4',1330966586,NULL,'1Evk7HOaKdQlyuoOjaeoUXhoMsLRhSkHB14w5MkR6EZtSAw-lNhy9XCKGe-NNUAp4zIpb2wnVTN3fHWT0ZNk6JO-n42JiuJm80dbvMtfABG9ho7csyNjdBReBgWw3QzlUpov3BBM6fSL9VDHeblc2OryKuVLfspU5Xdsfkz6GTVsBBkDzDGNzc5LkDUgLs0JMd6lmbf_2u7BQ1FXpaGjdw..'),('18820b75330f08c539294e68ac4b80d1',1330973048,NULL,'QwAOW7_FFs0Rn8sF8HjPkYBk8UuhI1eZENfVuLtlWoh9ITaOX6xJVYDWcAOReAdo4LFk_J44OiGxvDaI8kCJYV8f5lf59GFYOQEzrbuOWJi29rPA1ZKRXw_jJCsFnvHAWXlnYRDIUTcGSd1hDwfzVA..'),('30d70180eff3cd6ef2ef4542eac7d584',1330974045,NULL,'F9Oe2oGA6kpuvVIZm5UCvNbIw1t87JD8vvWtVjf81TyM4VnEtdGegeBsd4kFaOH7t7hiBcb69OHB4zUBYAStxBfM6YgMvOipHEQImYxJI9OeWAdg9uHYt-dUBetHmg8GDlXqTA7UltJRrCI9ToQXVUL2GGrv9OCe8Qvfg7IpwB99Cf__e_mt9u5ePj9I0H57'),('e4eac3d18575dd0d858c8b698292b11b',1330980152,NULL,'o84QBuzB9tEfQ6y6rot0qk2x_zk6L8XR0Rr7SAuZK6wkPwjDMprhK1x3PRFEwS_YbOQUS-6vIGRwq1UJOMinjS0HNonoflUx_8CumeelQfO8HOYwDijWhom68gTP_iuW3pOvWLFNER_BOAYgJoOcNQ..'),('ab3a91b03dbd2f067568c0fc195f5ecb',1330981278,NULL,'YIixhiuT3S2MoWlk3hNES5KHrqHxLJOyLZomQDH_uPTvau1pYeQOLdXZvxw_DGVStv2J2Q6pQcEKQdgGB-8x2VfZ9iEVF1bP-YghBeEiqFqKP297kJ9RdF3LQJfTmzjKY81eGz-8cG1KDLR7h0GJ4il0ov0Gpebvqs8kJZFvcq0tVVy306_VP6Sa337nFbSD'),('ac6bd088a35de80cff72b51dd6d1c6ae',1330987637,NULL,'yOk11n96Set3MMhq3zSm-ta_Er34x71sqluxYtMtVn-IJe3RgMbAst1P_CS6WB_4E7qUvxu4nOdsxa-s_94tUI-QcyvAdpHMIqKYYFISV2dy25fq-krk8q4eMxBo41IA-sisVEtVDpHH25gz2nKcgw..'),('a7caf8601d86c74c0014fbd7cbe267e9',1330987870,NULL,'HI7zUGyGP5xEqSdbSRyG6BZYKRPx1JwVo56C9306JyALmYoTVdRJsLv9Kl0VFpqCr0vIeiOkXUqpXKIOyLCbbmgh7bk9aYrLSizYi8uzJvN9q1X66VXS0fbnZEjL-CHHILLWXEX7J5lO9EBWzC11J_mfrCwlhP5FO9HNrQmLz9c.'),('1f994dc80204cff010362bccee67f7ec',1330987870,NULL,'HI7zUGyGP5xEqSdbSRyG6BZYKRPx1JwVo56C9306JyALmYoTVdRJsLv9Kl0VFpqCr0vIeiOkXUqpXKIOyLCbbmgh7bk9aYrLSizYi8uzJvN9q1X66VXS0fbnZEjL-CHHILLWXEX7J5lO9EBWzC11J_mfrCwlhP5FO9HNrQmLz9c.'),('42672ece607a6b1433799615a8980bde',1330987871,NULL,'HI7zUGyGP5xEqSdbSRyG6BZYKRPx1JwVo56C9306JyALmYoTVdRJsLv9Kl0VFpqCr0vIeiOkXUqpXKIOyLCbbmgh7bk9aYrLSizYi8uzJvN9q1X66VXS0fbnZEjL-CHHILLWXEX7J5lO9EBWzC11J_mfrCwlhP5FO9HNrQmLz9c.'),('d1b28576811d54e43fae6e9104315884',1330987871,NULL,'HI7zUGyGP5xEqSdbSRyG6BZYKRPx1JwVo56C9306JyALmYoTVdRJsLv9Kl0VFpqCr0vIeiOkXUqpXKIOyLCbbmgh7bk9aYrLSizYi8uzJvN9q1X66VXS0fbnZEjL-CHHILLWXEX7J5lO9EBWzC11J_mfrCwlhP5FO9HNrQmLz9c.'),('8b0e7d89303d756aaaeaacb8adb0e792',1330988191,NULL,'GxIpi3EozSznwwetcgkZYM3rgPWKWrAVtAXMfOELAAa2uqJxVoxvfpiWDAGExXcx_hk1DW9n1KP0LdIz0RZqMdTAwwgW__zG4FpwBFVEh4mIfADlde-R_1HfugqdXvqtxnslr8oIIdxTn64QB4MTdSaO3j0ZzyBbylFOBIgnxQMAnNEQpxVI7n7ng-h54gSu'),('611ee36e3602c107cb31fa9033c1d9c3',1330994633,NULL,'M9t9mxN-MGX3QfSgvLxS3bbjyddMjT01Wjo1xRo0ruXqGoGewkTnjhkBOOBd0TAVP21OaMc9z0WEpHCKYSdsuMJ5KP2vvFJrgSYGgvk4LvN0W0ja8djXv-GJTvVrfBXlzpXP4Ik0gzPd498lySJAPw..'),('49a5be20703ed095202beefadfe49f1c',1330995487,NULL,'oK_uMKd4FNtjaCWMt1MOeBvsCTABBlW57AQ3zFK6MABVFONUgav2HlvECm8HZvqFIMsOlhtD0_PH3fww-4dEHgN9iCCboBbH7QA5jmhEaP6mWOnTcVvX_Mdro7QnbmTZPvD7SaOG7uCVKy6ribi8eztmtuwfyJtnk6ewfU_4Mvbx0WBrrte_86cuj9nRQkoB'),('b28d311d8c878ce7f13ac246cc36764a',1330997331,NULL,'UwfkFENTD1SinP49Vdmhk9ioHN35rpfzsSDLEZq6nBN0ZxaJPIBqLrDBf0wN3-6nt1y4ho5wpXvdR6gaylE1JqzeBAhcwS3rUvxWmUN95bpL4roklSXvtrEpY2G7VubNBqrM18YUAS-ieMV9OZK66h0SDqoPLgYtsBFx8BTssHU.'),('a00d66b89e4fc51cd3b2151153164fb7',1331001887,NULL,'PVV7qi9LUUCdGcstkL-bvi-nurBOiJHF_pfs53C1BTKcFfTei88UcRCphsCN4Ush_qUHl_kOFcNE_kw_1fx-H5WLyBcvo2J5RAjflEltAYcPEE1MBhJoT95BY7ee6NlVS2LADlTgZwbI-wNxPQ4-ezVai56MxxaTuU7Vast7z2k.'),('dcb68a88b42c34ad04c064f21d9be822',1331002267,NULL,'XLkgmvbcuFfeUxUQN9UmoN96ZWnd0lUZczfrYtnL-WFu4wCxnFMfmxc6m03LlPgUDS_rLL3-77DkNW4YoATafWa532a8s1rhFwb_zJR-126CyDEot064yvGdUQ-UI-FlhALjHLbebwlR51-QTBLxhA..'),('f36c633fad7a484ece8c2d4777dfc90e',1331008007,NULL,'ax1eUsu2y3fUFWCzcRyIQ6FRCblPqTxf43Bxvv6W4hA9U-SmvEezjUkd2lAHzT6sp_pzZaiYCc6v5vssFsC-3ccaEEvWOWdxzIm37cHPyOS1Qo2dm56VceJFmpAiYxTtObTEh9X-5D1bnbTas62Xv9HMISJD0eiEbhMsYajnV-U.'),('0b2bcc93d6418c775e3a5e31660d075d',1331009031,NULL,'TOokmhdDW7D--thLILDildFK2rj-WSFPAOQvqQAvsNPDDcTl9cgbpLIjCtT6MjIRTAekf7yWeZhUEUfFvRcCv21It2zsJJFxnh9WotrppScZST-ktht7LJ9qAYpJVrKn_2geYHABMa_YBzBFHhD1Yg..'),('4eed8285489ccb32d740011934960c24',1331013960,NULL,'KjMZezC-5mn6VAvM2lkWPjmse4WLDwUzle-Ax47tRlWh_03XLn4WbPRW3yhRSaRb7nrZgzApwIuHnF9NeZCauhDv_1_Su4CN0LlOrZVWbwfLozsDlvj58FX0zMAPVRTu90s5hP15H_ldY8Mlcpec_d7hpnr_VCg0xG33F9IJ-nTyGyRXDMGbEJ2ag4tOmnMH'),('f508f9d0fe1b0d187eef732e249e3dbb',1331015799,NULL,'1OoqVEsaeSYU81EQDRhzO4dTyESFJ6R_BXUNGhACKsY0dz5hIzf5GKia2QOGIksZMEHgLKVo-kMSOaddMg3XcpfvSb9Rm7zwzpsue2uLpiO88p14U1fA7_YtHTZizBSphaBqJ89DckIdNCSICalTW7ghzFsokFBFqQrjQTdiL74.'),('6122ad1b447b2300eac6f80ba5844434',1331016242,NULL,'9pxmzraWAS1NTvxJKJiGFPuB2kJJ0Nn1qdnu10wQ-eiaF-mnC0nnrlYtKZIpeuMALZX4IX4RclHoAF9ZZbsBRSp1CxilWxSohE2LbUDWkSus6WxJRBFmr4OCtPj3GHwqwtB0fcAgIAc8IbraunGNKg..'),('a27a7376936df4a98fb091bed2012a13',1331016693,NULL,'eoBJjYyUlJd90XLg1EiyEjSKipSPssv0jihqigB3dwex9mhgg03FiaX4KdqvxWmaKRooXhXRmm6DV-UkiIkv6ARFXn87t77__K2sjumDfdXI2yPtnR-WWFTMg9GHIAuVE05ymaoak5JaWt-2IfUqw6HxIfcH6WzuDpGGhE4wKpk.'),('74629604cd512f73920251de53848904',1331020027,NULL,'Iy_YrJxFt7gF7nfxfE-RsU5sHQDfpGpMyKKcDc5o5j3Mrm1rJwFsvnfp7CWapQx7WAoIKJhqAqXOFxOgWL6Kf_5RuKPByACidTK3YO839HB1S9wVVNk6vSdYjwLQ1w7CuEIKhB892QLhXQCJ_ERSpcbWzfHP-_ftgK6vu6EelyJoHVRms0Czqu5O0XqP228X'),('6493eebc95252951a37187b85f6f27c4',1331020309,NULL,'4cANmJbHchcttnkNr7ZkxWRChaOBigtktuFgwtKbgGuBNHbT4F9BVWCj9mlDNQys4eR1XiI1-d1Qe55Yh_Gm15FhVbriIe4eCEfZIVHV8J4laTxTCUctCnN_7HSEbJNJuw_Bwo_b30uldRwmkE5kG57OkJ3h5fd0Wr44G8CQdr0xSr7ciNLafl5woOaiznAx'),('1ca09185b3e7b57663723d5bf879fef7',1331021116,NULL,'gtaRrojpscvaBVRRZL3v46Cp3x6iUj67sqp-f636Sb5hVAY1AYjyvlUdyBHKI1wVVGAzulO33wG4bhIrZLQBZGPMgRg8DJcwZj24UksAWG0jpeDoDoV2Pbuqd-Tb62UQf7Aj82SNoexf88QUQ2fC8zzDm6R_esfL8P4somfolnc.'),('b956824ec699809488cca9d1c9b3741d',1331023340,NULL,'0N0X9sOyoyY-o65z0QxDvWc7FHHMwPv0hQ2GSRHzitDdWZZZGUAR-X6Em7xlD6bViNmDOj-Q7FRsXBX6yCXbSos8gPg0xOCCYgbRU1_fItgcGVXRAjh0nfc-hIua9EDfWlw5WBSE6ARAcmSwu0y_qg..'),('4c3be7b857ddf8cb9af6fb7514d8a65b',1331026607,NULL,'AJIoEcnvU-7P2JviYzncwakxJYMNhQY3HQbOMttNnW_XnP-cFvhgRaD_VIaqobJmhrMLR6JixI-REz9_IUHJ9Ji_SGi8xX3O7OLNl9_w18rxhp-OlY6IpnVq3hEMrJEkzO4p8lIXrachHOE6XyzHh133nOCdBe4zOHv8FT0BH7g.'),('24671f26f07858631f4f815835a4672c',1331030548,NULL,'yOk11n96Set3MMhq3zSm-ta_Er34x71sqluxYtMtVn-IJe3RgMbAst1P_CS6WB_4E7qUvxu4nOdsxa-s_94tUI-QcyvAdpHMIqKYYFISV2dy25fq-krk8q4eMxBo41IA-sisVEtVDpHH25gz2nKcgw..'),('c9ca353cc166f85fa9921127b8c5c091',1331032584,NULL,'Wz6uUMAFwZk3GR8V4rQA6DGUJC0msF8hX44Jmqzd1sqQYjPUtWxLn5nvqORbJCxbQ55BRHMlTqAhHj7AV4o8RehBzqNhu6Z8t8jV3T4T9VSpqlHvqxvCSgD_J-uNKAaqlGkTCWI_W3puo0IqSP5P2TG-OvHdecrDrE3GUCdeMJw.'),('1e5f5a64663a690d78c071d32dbd3791',1331037877,NULL,'MQ00WoOmaQwCX8Ko_XNpyP-O3cC1jqrJ0RQOlG2GEj86Yt1mjvTn8LzQr7xPF4X1BUOpk7lJ38pG4XwUgJ71n8LziEEztAegHn8XiOzilDH5s5WyNAIxKOa-HwftNwVI6kjymdxMc2OKn7zGSmDweQ..'),('988af1c29bcfba48b7361683dbd3ca70',1331038604,NULL,'nemqUh6_DB7tE_Lh7LBshQmY-3ta63yIiNupddKwbo2ElbCN2w_GseqJyn3WhKmkFdcvUZ-eIxp_rFiQMtCzdhsJITLz_cI2Rd0-gEIQ7pS52vNrYdF1X30zJ0BhR4swjC_qCq2XmMNEt6EetoUzkV1boinEIdNnjHWobxNh6bw.'),('06e1ef1429f186e9b7f8cc45dfe0d95a',1331043771,NULL,'VLYPa3nY0giE6dY52l4KEsM3BC9worKffokRZ0kGJfe_zkigMoKXx7e0uNbqkLkRoiCAHNNTrpmT29_2_2vaaPs1l4g7XcK25j1J_FvA7sKsvwDQClbBltCXQzaIY6v1FVrP2mpQkfpMLs6uQWXnfppJ3nyH8raY-LWGZOntlbrczCcRAT0NTfZ9nAZ05z6U'),('1d933e42b2bfe76568095992dbc83489',1331044878,NULL,'LJ_gpsl4_UA6MkGo9iwbadHUECx0R1J0LSx_jbY7pTQHtEttOy9Awj7KjlQ8VAREKRnQNZfKcNLRVWrXLR8aqQOf5lgDBgmjKsB9BClHQtfnUjDS_lAo9CbsGbuyc3GynJ7c88-1fdJfL-O8AYMCIg..'),('a1f328eced934995fd2a174827138839',1331050746,NULL,'ZA3VFOSPMwqhh_xYcWWOQ_YexxSkRfW3oKy0UAoZS24tID8ECti5gAGHjGL9D4fjgMDLy3XXOQrdz597Fv579XaNOgxfPtpyLb-JApd1CMT-GWqNQoisgK8KoXzs1pk5nsFrNvgYINrLjKoCcdUiVsRXLk7qTw35bpaGj_STavCo9RT6T5WcC-QOIyINGsZw'),('f4427ef503a6f94951c67c45a65a2a96',1331052240,NULL,'I4M-Dn76rikxDnspjJk0brq2LewkKvkJ9LxcPFrtzgxbWWhxoQG2hdxuKhDpY6ruQQ_PZBPPzzxxUfCPoKDGbgO6rlzqMRnJoQuvOhDz_zvRVdVrQK66PAGcNTiVXjXNld0EiB5AcCHbvJ4Yt-d16g..'),('3f55008ced5c960da14458b24d346a76',1331058184,NULL,'wOpn_YubZE4teBFBCwwxdOMdd7dzO-x-rituu15wqqzUb0eoqhd2Jugvhb1INaegUlHx6GLMN1_yGmQt-1uOGhs3xBJa-0YeEnK276CFIKMxnDdAVDnAdHz4lOYNJfcH0mWmf13Ql2j-3YZR0Jv605n6d2Do1AvI54FcIG_oQAc.'),('c545842dcf1c404957dc4285dda410cc',1331058348,NULL,'Tclgp1Ko-1BqQd1BnxQ2vIQ8_rlRxFk4NtS4UYZEnSBHnB0-dbK3V3BqboPH0AUnudyUH56hQyW0taDQTIoHwvrLtaSoHjxyBKmtVFzuR9bG966MWzWswG6k2XAV3CPcQI6KULvkLAZ9qSbKpodKyYbCWb1D0C1CB3p4Uci_x4o.'),('952e99a5f730dd153e5a7811e4718bd6',1331058552,NULL,'Ku22XaR9XdJGUU9nmtYjpH3Fpyf3JMltoqNkZ_PHuOvAKlKQkwntcJ89sXQydSqzaZOOjbizAKepWhQQFn0r9yM5ALHokT6PoW3JufyAPFPdJ8U9MEDwXmjsNR7C4koSubjCtSplsZu9VZr2z0GZVVf4w009AvCm5-vbW72F8_I63Fmw7VEbZIu94KrrFNQ2'),('dc561e5474a9cf784898bb8fdc79cc2c',1331059438,NULL,'NBkWib2czIPiw9RJUqnVEB2eZSU_X4lmgmOff94-6D8UZfnOyOwnXdFJeCNfzChf1wBkaBBM1s8xO4RTH0EwdR29N97Wyf5luhXiGM4XfS0SZxlAh09VGZ731p5ev82y2PvvgyzJVFSyYLP1yh2HQg..'),('ee54362cb8870d0a610738e7b9fa964f',1331065359,NULL,'GmG8ecJrh8YQq3DO-Zd_ad4OJ056mA6fK63g-77g75fMfzT_x_DpRL1gA3DEwthHd4nU-Y1bdVPkwP75GZT4oD_UIfhW3-z61TJY-6k19XjOWbmNY3uf2M3dJNAA4Uspb10of-RtWuVx-MjJpw3LFoOouAtXDPy60rWz6kcgRt0.'),('2b4fa8e4fee8585323cbce1ed06c59a2',1331066578,NULL,'pVsP-qMDor15ok5LtCRcu1qh9Wz6xjWyRW2r7eoNT4j5P1bLJAqbr-cigq1u85F0HdmGeWMQoQWXFXywmE2SpDTzojoptv1mTeP7MQvGtfvbF8ZD_Ne-n_I4nezXhwPABrxpWaEuHtCbquBK33mCFA..'),('91a5fe1ce2801672321586730412ea41',1331072338,NULL,'Q7_WcmRWMCc9Y0it1RinNJoSQwf7ZiIDxspvrJUDJ5FI1ts180nmNGOlAGPwD7S_fkVxkbJZZN6nwEjnKtyzsflwLFEY9toPgC8yUpRIMbZPI4bGdAe4VFhygCDUlE7VzNYgkt-jSu8-mKGqzwalJIsP_m2Gj5ofRFtTwB8BoZ0Fhl_LIES03_DTOFn0eCRI'),('16b197e65a1755ad07d210b7f0cdb085',1331073717,NULL,'y4H7FLs-hCayro3sGBe2K_vZvHHkfmurDQ_TFXpEgNaFYOoTCTa_uMY1AA4wzqC5xa50Qv-nvDjqqdfWsJ1XNOOurOLgY8uYFPuFlOdpHKXUul-9B0PpbbdICpDveyKHjE1G9qE9b1bRm67HLcpKQg..'),('153fdc54ebe3b326ee8e555a5cc45cf3',1331079641,NULL,'WLbZqSXvSWh-By7Y91y9nS3XGUF35JER8ImgKLJFlRw7OBQ99UYfdDdQFN0srcI7S9QCxnEhPbhN5YqToTSDKICqIER6NepJ3GnIVu75k3CIJnzMMT6yQeNKzwg3N4pWK4Nkj7UFYIgoQN2n1p0qbdeiNdmCCeqrHBPqi6wfmEb8OCyyDsyV4mbb0WBB96OB'),('7db6f4c442f42774ce488768764f1c5b',1331081094,NULL,'4TJhLhs0pMpr_dNZz9GpzA4QAsIHqHltvnXbIAmpEZ4SguhWinh3Xyn686UFu6q7wn_B0E0bL9DHJ2SyyQPNOuuSQ9fU8-OT38VrVxqjIy0MRg6wOVnHBpBXUewo5at3M2OfreNGNYbwm91WrtC4tg..'),('2ef7c55e6082ea008215e899677cbeb1',1331083857,NULL,'Wm1xlRanNSRtEQcWpTO_RlKL5Sup9c7P7SzdpAFm2IPq1EOmCDbGAVa0VcsYcQcevjXmboQ8GUpKnhSHEz0oOYq9oH6-YJEATV1Z8dVrFrZP7M5WzfynEMppY9uwj1GNtl3qUDNXQApJNXD4VJvtN7X_tgw1S3ttwt9OPfYNH-zG7p2SGMef64T9oZrVF_GpS30QwRmwwtgYhrn6ijlPMQ..'),('bf2c77f0e8acd6fd7c9adfd78183e543',1331086864,NULL,'eocvUhQXn6DMqeP5TdshHlD-mRm7NTyCmOUpj8Ym-dhezJQZcbk25Vz1FFUj3Qx725QsUYrC3fNLSf9CvBNGAIgKgDOiFfeAsJ1DbLx1OKbDh4SvIzTBPN3VeI5CVU01zw5IR_b-78ZPaEJGdZ4s5w..'),('0d2567a953947133f6e4a63ab32e9b8c',1331087096,NULL,'tE_8ln2r7aFv4OlQCeIpino6cp4BtNTCTmhDJ5yk1Nup_Ke1xFD5yhQbXlIYjEXlDf3DTUWavl3JI1ZEYjUEL5WpPJ5QaKowR_YVU_D1zEVHEvnAWXUJFYIZd6sEP62yZEbnc-sjw8cQT1I6z4acNGkwxAMhYnHW9Hidm6BlBag.'),('53c9d68e1d0063cce2b2033e4f863e2e',1331088179,NULL,'pFjas8zlldl-RDwwBspV0RJBeqJsbkA2q39_3YldHr4FGmbFKvsbd9QygFS8Jc_jX8JYs8MbBF6flTDTGNxKmhgQlFTvHWKQyYhuA_1v5zePDN6RV0mygP3hA5U1CjHkUsjIFfjGc8zbvv-jlPMB3g..'),('7426fa3ca7b5882b3c30d2936d2699a8',1331090727,NULL,'WxAh7Q4-zWqx8GHFCfP1yI7pdUs_zrRcQQsEVtgxYHpUFziif28BustprexzPhRgCIzD_whjYtKbveKa1p_7x-tniCx0dauBYV2-E5ohygaIaTfipKn_4zNvNGf-TMbY2hjSLLro9bEoZcl6DP2kFZIkn7X-nx2O6UuPWegKkco.'),('b3f3fc89e6047fbd5a804ba3f4e82fae',1331091710,NULL,'ewgql1TXaFIs-L6oDTncJVfkk6O4TA7-i5D9GCRjK2WFTedcF1lKWoXj_n08zPhPQKA6c4O48YioHghx2tyeGpKVb0_8vIRts_aiO4qK9_HjbsGilEKnB5uYR8fajG4u1rb8IkfDA9jviZTIXClEoMU6zt4TeUhB3vBTh3B2xQTkmk6UKLLvj2vsjIyRDqJz'),('692d0236701c5af963e9be1f0736405c',1331095633,NULL,'yM46VrkENsjRnk69TZavpGvggP_3IbIkWHjlMpCW9QGDKW1c05NXDx0XKH-aB797vXU-uCQ_qrSiuOgbmpdtrYD1yGACt2cfsbjFuxngDs11uhBAwMj6v7Xtg4rTWeDwUH8C5wEsInpE-uYJJu6cFQ..'),('9f6e819c601eb900cd54d2767bcd4499',1331096413,NULL,'iguuvqeyZH7cjX6y8dVkaEcPDlA0ZdcsRKhpv6nlbwXifh_P5poWTa7SI6942K8tvMey81McViXLjBq2AtoePUQqea0OBp6dll0njJThuy0zEE0iVvI_It_JL-vAmwY40RuM9bJU3gRUCcdTzmXjk8hlQx5E2mP-HOrtPDCcLXqFBgEyTQD216mubN3Gb3zL'),('2f79e6e4f05ccd94a40d09cc5a84fc8b',1331101224,NULL,'_X6mhjlKbFo7CIW1Y7CuefWPesBBZfX9VG_LIBdOAym1P-2IXCXyyLsDKBymUCgr_GDBr-GU72mGEbHJnmWD2UPzIRrSSHswRZ9wMerZSn9-cujf0HHEyRV88uKJLcdKc1oSbhL70ZJYBeq2at96Ut5gq_EfM5tcRz4t20N7NWO83WmFVePxj-YEHvOp57Yx'),('702a6ba0d110569fa8b4bd5de0ace1d2',1331102702,NULL,'UzWi1h-8ccwTDs_By6zTKSbFURXEQazOxfot5gaz6sozsG7DwkggDIQwUgZy0O3UcyaxgrcDlOPpzJjJKrdfGX2b_C8NnR_UXW9isloyX-PMbCOrprrLRkwe68v2t4b71Hw0ujJ-tgrfKC9WTXGR6w..'),('81954b789a251eddb1b70eb812151f70',1331103743,NULL,'oVPj18sLHUawtvzQerbYMp1CmSaPVnTLlEqHBCPjp2FIAtzvpihpXn9AIG7JqDkDoRXwcnPHzGvGh-nPbnXKACLPAVo8U3DefDS_6aA8ofWW_twutCkZpfiOO-Cp3JfR0-xKNi9_iXWeMaOgsz4B7hcU65ijgGQ61Z_2kTeAIZQ.'),('1bf28b89ba1207e7a6d0c535965be5c7',1331105879,NULL,'3KjllRDWBJ8dTq48zfNMg_Oz9Gl29eamur9M0ADMOC2HxIHyqnqdCbwBPoGoEOagAwfx2cgaQmh62QsdG0ReqKV9tkz_Hvu2NDWBgc7-om2-Fgqjf4u9_WSzwy7IyKrLIlrS6vUN6H--YlnZf_q6C1yOB8s-GWRSVJgVJVViDN4.'),('f4dbf5ba78ba7ff1e0fb9a6eba02f68a',1331109712,NULL,'-62MIKQZUnZvHXeUB1V0fDfkljGuxg4FA2qyRW-lqDBwM6tQ1SidYIEZGA0c1UhwBQp8h5Rluztn0ABI4WnwZmP7jFKvfmZlGmHujBZmMhuiemsnYFlQc1DlWYtlAXugIEu1q2szSZ4aIeLlINmMSA..'),('baaa19ce2895b02417ff4a92310521ef',1331110741,NULL,'CKGo7_6gSZFuQG-FOPPkDiM3UHV4d5UmjQ1toMnXZyKlW7T2eBtfdSsb95r8hgW5v5HTLONqRpMroubAt5hcCzLRYpZvGBwQsqhDfWfdtySpsZ0UX_vXSKCJ8WJh7wtnyK4pni3nVgaZJA2gYvtAusrv5HSH-VI56_jkdOQrL26FFuIpX4r64h1Qu6csa_gHtUpaVO34D7JTNwtVVcZe3w..'),('e6d4de280e278faacdd897905b934ab0',1331114909,NULL,'V92UMT7l29Y4iVZI4JGIuzMBT2uztv4Id077n7P9b_deZOySRi01VPn8t31Tr_FpQLh85xWpsVyUajxSIIlQBvq9FtjGLfnqraSYYbdrtxTwCdnEKKTrvS8Ib_one7QclLUtc_eyELt8sZOJYjmbWi_Ev2p53-ylVDvdZumPEkA6ROXwtHHkPbhWMduy7ZhF'),('e0db7344e6435891224621685f393e0d',1331115462,NULL,'ItfbH5SsxEzUho2RxnyApBSMrG_v7vkzESnakSHdliCLOUk4UMKH9uFvR7q3b3wNCOy5OiaM7wV0B_0rlyIINXM5Q3JDYlFdh5QJV3lQompT47BbYrCRKf8_hfsznP4iMLotrWhs0cqS01hRfPBau4Vq_GwWPWiKm4Tby7Is7TvkYU6UY6aBHTnMAKnOJ1qdUr7R70yi6GuFevy-6vZv_w..'),('9b2b88b1ac958e5ff6c28eb649595d88',1331116945,NULL,'LFEI-vK7s23v7VAsVTdUR-_4H84J90dEkJrKBd0-QAUjxjPIrYzXolDNhL6F0TQEqP6Q1zRrBJM6j2Qzwi7YXS1FMs8KnsfUTC-3tvb0ZEXm2rIp6vNYGfhKTB5fjBOjhstkrdOvQ3mDqge59l19RA..'),('ef40e2fcc4a876278b3f46c5c624e79a',1331124104,NULL,'t6LoykGcUzCLbeVfae0_4tuhgDBU4LhMpZrSOoSMJhXnaefjLONBXvaRCQt7kzzHQ_g0vAwYZsetxQ83vkfcRN5Ae3T149wXRSYm-gs9jJkxrGz6lnvJ0x55PVHL5AEGnwFUwZjAL-qhy9n_jQ2b7Ahhm5P7WAkm9l6Pap-_k4xwZKjSJj6cL8MtELnXjq-n'),('99cbc526331ade6b1dc999296277a815',1331124304,NULL,'riOWKkb0mkGO2eeRe9Ql5dt3n32UJZP13wh9z-2Wp7a0ZnBAzsKNlj-caD0Qz8HmFjO4Ob0n_UNKlnlnA3H_KTMzYb86E4kudMi0KUdNmaiuyFd3y-1lyVHYtTGava6zyHFKrg-mHTey1WHOW2KzKQ..'),('f46b241853ba84ca911f72af418b2fc5',1331124867,NULL,'hHfAn69dCX-bNgD-bAYuE3qikRdMuVJa0BW1Ra7KvPPb9lGFQeArBEqiZ93cufypWNeRB3TED5dmyv8Aoqy3Yh-tYK6SVs1P__N_qAF9CMgYebRdzWH69FtZEk4indw-P9xZHek6jC-aLIJVkj1INd097qF5eFlraGrINTzWaHDQtW009FgCJcgqxKbqMF3F'),('c6e74b743a89014b2b3b0e40e9540665',1331127573,NULL,'Xr-i6s_C1bUlfdLH83cn6nU-ldW13jmGxy0E17U1juxVfg7M5ujR5l9Ns8bWES832P4VjXeYYC22E0wCteCgsXc15mG2FpQNUnwX4mNZBs9jBkB3-FQj6i24tGbW9M4a0VyGcMD9P5XKuptTB5S9jv76ZscOL2XE6KxS5PD5Gs8.'),('95b1ab0630f95e9602362ac184606414',1331127854,NULL,'Vazw1hxSdow5pirFJC8h3Iv7npL9szGgqFhsKYKP2hj7GGtDQ2ugz3QJDkSFiqPC2hxKLblDWp-7wnt_D92FFy92N-C_J3snHV1kInHywKk6Em7KoU5fvFtFvsYT0IsXb0pLRGnm22trwLKvphvZjKzHoo8ZedwcUuq1SSAWjVw.'),('2affb8ca1a7e01c8d7662317246c4413',1331131252,NULL,'cmKHX7TvpfkzdZuGLmZPtulg0UonF84-nRNV7rTPlqurxWgumTOyDxUJulFWVuySmgqt_ZGWPPkyBltuDpXdMa0uuKYYa2YvwvpoAc1xIsw8_nGg4VgLNQTzZII7wlCGIqH-QUnTReiJkJJwNPJU2YuZeJY6ZnxSHxEZt3swAm9emP3s78nDToXbSWWfAJO8'),('49614f0bb16518dacc04a61445a03a56',1331131294,NULL,'VOCQ5i0em5AbCurkPhNpi5O0WhKJ_8oLi6pc9nGHTeJMujfTHXJwcC8Re1u8QZFpPSAUu6hHtrdahcp1xFIKnWQe3qQp-ZiWLShbfZLrc_GDPj3VTmO-BoBcs8x9PngglA1htO9zhcfJL5AJAKox0g..'),('38383169f3f8f32f39496030dee90228',1331135797,NULL,'dsD-RUm9nVGea0AeoNKwWy0zqlOY_mKc3ouzcJLwMOqm2_X4_n47CbkAMCIWTz4ynJzTL3Ym-9ZNms-fZYoCinqyfzCEqYU0jghEgN-tHO31zmSnsmsAm2YIIF0zU4dZfDCW1cnmHd45YSr8-axoIAKxTUfHrb_QA3hAXN6HyvBbUCEffnSEe_cZySScMSOl'),('eac1d2435e734123e6ca3749d5845f2f',1331138647,NULL,'o8tjqyvT3FHgW3sjpuv4zkqPxAP2sRaDonrWqti8DQluRHxrCtP1IEk2xfwlnwsQtqWDr-Ls-fxhz0dVYesmguPkQ7f6e2p4A7PnHLCPP-6bc7waFYhDaC0hPGbjZWxBfbvwUoWrSb6gk7vXQTAukA..'),('20bf3ca5258126893d0442708ec3f698',1331139937,NULL,'LwV5_Cnd5ol2Rt87loxV2VNZLjNbjB6XNlXoOFuHKK4skMGlDR4yGI7u7DtLQys-WNrGhflzr7oDeQpGSacbBiyM798nLOQ3K7cbC4Jg1ljxIF5POlt4MSJBzl9u-Cd_x5bq3Wta32FH2QWhXMMa6cRdXGxf-8hKFYD593gFg0P0Q1OTsRVrzTjQRgytvbpT'),('cda9d3dd86feb0ae9b7a8a266692b26d',1331144293,NULL,'EsPg0D-IzRwAbW0XbJwSYTr_A6usCw0ctkhtCA3HOm5bLMNE5VIMpWoUib1cM-frI7mSy0averYJBXgrlxNOlPOspCyDp5pT0du8PtmKGGHo9YEze30qgi1fAY1BpCoarHP-dwY6Qhfipr4Fmd_Uvz68g1rwbmemwe2ndMCcZpFjj7sDxRHkWWQIHobo43fF'),('833ff7fec9bee9585d36c9e4f06643de',1331146079,NULL,'OXb1kOTL60eTeMReptJsQCb7kSE4Mjr5oenjC11jwTnzhgQw7fH1wO35lwEiDbY1fpKCIIU9toDJ-QljMS7SL9cX7GrsZDlng55utHXmYhaQiFZI1tYFJpEiN4oLXNkHPrz2kXZBZJ05V5X95BXNQw..'),('a65dba079267d6ffbf712ea8a94b74f8',1331148755,NULL,'CK_TrBHwlMAdvVVdyYZXaEq3Vy2hLR5yVASvgRAe_u9PuqNwVHMOayXbWpKuNCov6QOPeDOOLnfyU3hn70T2keau2j4A8khmJ0a5Apz4QRYXEhMRaY-_dICMr2X04u0vh2XmO5ErHyedT6wY-LYQFMQE5nwzfoxt-VMrhF9hvRDg4ODvKGfs1imH7JylkEBp'),('95ed881493075ac10957142315dc6cc4',1331152981,NULL,'AsSrMgWjfgWNSQrghF-n6fe_oHH2tzsuZUAP-B7DonoKQbAboEEqHDjRJj7aVDqLV_Pih2Lh6rpLwnLKaajBe-5VNXWQx8ZLjsm5g9m2kqmDgqrWg-jTDda3ySyYN9PWZe5gcLJwnd9TGLwM_sIkyQ..'),('0ebc208b8920ac1e8a83d8adb49ffb95',1331153030,NULL,'xIfpUG4M3ighBBPbJj_G1ZLRsfeSqIShxea66nP5qxxBbb-h5kWCk_d-968fW7apuMmoIo5CwI-E920BRd2Hcm-fvlF2PJUEOrrnK2PESodiDvZ3Y_nPmlxDpXwM7z13as7riZBEjCOVIim0hzMtIFyPk9UHsWj5f8KqmQTPpbM.'),('f43a8aadd3b64f51a73887cd4e6747be',1331157286,NULL,'JTQxDGiVkPeg_T9MNHGlUdmE9DGOU4VR9NpoKBErezhY3BVuiNK6piND2apoa7ySFQFlbsDLgULSzdGVjVzaIijzBBkTBY6_yT73Ziymw4CEmAWwP__MYcQPQovvLwBMzr1ku8pUo7c55zEI2w2E0xAgWyLjKevWRbDt09JA7yS-q0GaUcRNfhqpRC64DAcr'),('e6ebda55c273e77d5a8949ec94b2bdce',1331159508,NULL,'58muj7AXKIRIyFYPbS6db1JaLsfOykulRBZAMtW5wvau6wmCj5u5Ii-R7W4GdW2cNjbcO1cYROLRqInI2xqle9TtiO1KmJfgFdn6_EaHCfpM8zEetbh8D5b0RSzYsmzXk0I-kCsn5iQoE85ZO_tgjMQODw4OFoQE_0ELCsUcnRU.'),('8a10a7dce07f8367d45885da862f4dd0',1331160177,NULL,'WrLLmzU_B_G3ucHha6bSFvkICr6fZPQOb8e3B0qvYYUQq83munYL0vNu1Q6RsgxYKM8Cqe7xSy-3GQcSY1bJUeHOn-Yb-DW-GcZSSYPa9bcA34x_PdGX0i_fW1ZCqzVcpOGXBQEQ0Rn3RG546Le2_Q..'),('3a7cc72312d4377bed18f118014eb02b',1331161636,NULL,'XMcqvgdm6VGYdZ_oEZFqbCfCJI_mdrBxwFhm2SVOoKyzHdmdH9j9CyFj63jHdF9aMYoyhQqu6Y9alSaNFyN8MUoouvM03KBhb84C_FdeFY7Rl7g2ncDsf0Bl0_pt9YoE06gCox27iL34ZHYDY5UB4bvZ9ciHFQvS6saUTM8dihM.'),('828dba7b437db2876e64f061e7b05be4',1331165843,NULL,'I9tY8aG6x4XauQBrdsEkr5BZHxznNrWvGyl2gkRLyOmUYFz_dlqp73tNmoXHJSUDqwfYJTWJdmfedXtjMqlnrvi5r2VDJnuXtK9JBlCME1aisMu9xlMjzvs_TVmTfQwQrayFpGlZsIlDbhaP-ky0VArhdImUKQCsGOdRW92jXmz69FmzMLoLrFXzrH3fop_4'),('4e42076e43aafb204fd623cd832b00ab',1331167451,NULL,'M5pAnYmZvj5ANHWDfu0eiXtua-RHjzOjllMCTuR92y1d-M9UPBBgiSOBXmb1rvFMATHWTomWdU8_feqnshzqo9S2GpRAc1NVK6XG9nq1pbKR1vkIL9t_zHIVhcfjU249TSTESGNWGGhIcooVj5hCqg..'),('c66b65830b982821453bfad276b39eaf',1331170273,NULL,'bHUvVG7AQYGWOSEyspCJhRI-bh1pouMy6frd7hvJp2MQ3O8D8zlmxnTXr7TGfkbjMMgvE2pPbo0xKH8ENuNQsZYYNLIl7T4-Qf4EvFL9ySPJWbnbDTZIOHCqvwtKmJyQvAjhAnAW86RJk_LxXUPjb3xmmxAtky82avy7sBLk1_k.'),('806e5e003a8a41e5e00ce1fa05218a95',1331174505,NULL,'Xa7zB_bptGVda5IH-pQ63ZCjk4eHChvrTqYMwiRTbZXKJMJSiw91Fw56xG9TYsA76GmXySwBO7Eob7_AztwpowJHr_ER1I9nHQDav7s2yBIl_Zhq6jNQFy83WKJLYPhbH3_FP2Ju9F86Ee0Eg3x2pA..'),('771221b2c3c37f1f8568931c6a402701',1331176599,NULL,'c8BVLdxTsyG-ojJdZp3zZ61Ucrjv3Z_JxZ0TDncUMkRm3FdWNBdLtQOl5753HlWAYBC0dPlY84aHmYZ9PQAAFCkzyLWEeeGftG7C-UwSVtz2ZhTeHShuefJuEMHDHra_2ugiToDbr61R20q_jGAsTw..'),('f52c2f6d531bd6a18add889db33f2a51',1331176852,NULL,'K-_TUrojNLdOZTOxXpxExoVn1wVEnpTs5JJLM-yksgYw6GnmJSkVHsyLKiQSwZdkDlrrTkTlJGEsX_ojTse4pWW81-SyfCfvs4CGyZ0lYQ70a_K3rwBCLLchfqRYQE-B45hhywyzgl0hhyUHoqa5kVMTM_8b-oLVNuzOn8YCMNQ.'),('2ffe76450855499631a14556c4f2cbf0',1331181786,NULL,'it9LV59d4Z7cU5Fpl_z4iVBELRnRcIfjmeGvhBuo8YGsxiKqB1DBEvc2vtoZQv0RnvwdiQQs5EoXPlzpw7I5CAlwJTx9tclgdLVNN1dstGfAMeIleLdFPeneIjf7vZ9vykqhJr89NMK_r-c9zZB0KA..'),('c14937712aaa14e3885bd3c62cbb5921',1331182794,NULL,'U8p7hxOSqiDNOyx7fVoXH8K3rbUuTTyTnB0TDoKJ9roOyzu2rZT9typiU-0auAd_ta0Por0M8NOMIjAy026RW0-dZdCclgx3JJPxBBIr_6EB-mEHDtlWQbukqlJbJggxTMc0BAMqECq1-02I5UJhvRTO3GD3jJGYjjLvHY0wbps.');

--
-- Table structure for table `idx_set_hook_place`
--

CREATE TABLE `idx_set_hook_place` (
  `set_hook_place_id` int(11) NOT NULL auto_increment,
  `plugin` varchar(255) default NULL,
  `set_hook_place` text,
  PRIMARY KEY  (`set_hook_place_id`)
) ENGINE=MyISAM DEFAULT CHARSET=latin1;

--
-- Dumping data for table `idx_set_hook_place`
--


--
-- Table structure for table `idx_setting`
--

CREATE TABLE `idx_setting` (
  `setting_id` int(11) NOT NULL auto_increment,
  `setting_name` varchar(255) default NULL,
  `setting_value` text,
  PRIMARY KEY  (`setting_id`)
) ENGINE=MyISAM AUTO_INCREMENT=55 DEFAULT CHARSET=latin1;

--
-- Dumping data for table `idx_setting`
--

INSERT INTO `idx_setting` VALUES (4,'site_name','infolion.net'),(5,'site_url','http://infolion.net'),(6,'email_address','jadyn.woodhul@gmail.com'),(7,'language_code','en_US'),(8,'theme_path','/home/infolion/public_html/themes/'),(9,'admin_template_path','/home/infolion/public_html/admin_tpl/'),(10,'plugin_path','/home/infolion/public_html/plugin/'),(12,'active_theme','_infolion'),(14,'spam_proof','1'),(15,'enable_user_validation','1'),(16,'allowed_file_extension','gif,jpg,png,pdf,zip,doc'),(17,'yahoo_appid',''),(18,'whosonline','600'),(19,'reciprocal_check','0'),(20,'urlcheck_limit','1'),(21,'pagerank_cache','30'),(22,'max_image_width','1024'),(23,'max_image_height','756'),(24,'max_file_size','500'),(25,'only_registered_can_add_link','0'),(26,'only_registered_can_add_review','0'),(27,'db_use_persistent','0'),(28,'paid_link_day_period','30,60,90,180'),(29,'paid_link_price_factor','1,1.5,2,3'),(30,'enable_html_tag','1'),(31,'allowed_html_tag','<b>,<strong>,<i>,<em>,<u>,<pre>,<blockquote>,<ol>,<ul>,<li>,<p>,<span>,<div>,<table>,<tr>,<td>'),(32,'enable_page_compression','0'),(33,'enable_category_ajax','1'),(34,'require_visit_category','0'),(35,'additional_category_price','0.5'),(36,'enable_rating_ajax','1'),(37,'service_nicecoder_avail','1'),(38,'enable_recaptcha','0'),(39,'recaptcha_publickey',''),(40,'recaptcha_privatekey',''),(41,'enable_bidding','0'),(42,'minimum_bid','5'),(43,'bid_increament','1'),(44,'charset','utf-8'),(45,'mailer','mail'),(46,'smtp_auth','0'),(47,'smtp_host',''),(48,'smtp_username',''),(49,'smtp_password',''),(50,'smtp_port','25'),(51,'emailbody_as_html','0'),(52,'indexu_version','2.4'),(53,'tos',''),(54,'submission_guidelines','');

--
-- Table structure for table `idx_tags`
--

CREATE TABLE `idx_tags` (
  `tag` varchar(64) NOT NULL default '',
  `category_id` mediumint(8) unsigned NOT NULL default '0',
  `total` int(11) NOT NULL default '0',
  `tag_path` varchar(64) NOT NULL,
  PRIMARY KEY  (`tag`,`category_id`)
) ENGINE=MyISAM DEFAULT CHARSET=latin1;

--
-- Dumping data for table `idx_tags`
--


--
-- Table structure for table `idx_unavailable`
--

CREATE TABLE `idx_unavailable` (
  `idx_unavailable` int(11) NOT NULL auto_increment,
  `link_id` int(11) default NULL,
  `url` varchar(255) default NULL,
  `who_is` varchar(255) default NULL,
  `note` text,
  `date` datetime default NULL,
  PRIMARY KEY  (`idx_unavailable`)
) ENGINE=MyISAM DEFAULT CHARSET=latin1;

--
-- Dumping data for table `idx_unavailable`
--


--
-- Table structure for table `idx_unavailable_latest`
--

CREATE TABLE `idx_unavailable_latest` (
  `idx_link` int(11) default NULL,
  `record_execution` int(11) default NULL
) ENGINE=MyISAM DEFAULT CHARSET=latin1;

--
-- Dumping data for table `idx_unavailable_latest`
--


--
-- Table structure for table `idx_users`
--

CREATE TABLE `idx_users` (
  `username` varchar(20) NOT NULL default '',
  `password` varchar(50) NOT NULL,
  `name` varchar(50) default NULL,
  `email` varchar(50) default NULL,
  `date` date default NULL,
  `status` char(1) default NULL,
  `vcode` varchar(4) default NULL,
  `group_id` tinyint(4) default NULL,
  `homepage` varchar(100) default NULL,
  `icq` varchar(20) default NULL,
  `aol` varchar(20) default NULL,
  `yahoo` varchar(20) default NULL,
  `biography` text,
  `location` varchar(50) default NULL,
  `interest` varchar(50) default NULL,
  `occupation` varchar(50) default NULL,
  PRIMARY KEY  (`username`)
) ENGINE=MyISAM DEFAULT CHARSET=latin1;

--
-- Dumping data for table `idx_users`
--

INSERT INTO `idx_users` VALUES ('admin','8cb4bac0319dfd062af9a8000aa5f6b1','Administrator','jadyn.woodhul@gmail.com','2011-11-29','1','',0,'','','','','','','','');

--
-- Table structure for table `idx_votes`
--

CREATE TABLE `idx_votes` (
  `link_id` mediumint(9) NOT NULL default '0',
  `ip` varchar(100) default NULL,
  `value` tinyint(4) default NULL
) ENGINE=MyISAM DEFAULT CHARSET=latin1;

--
-- Dumping data for table `idx_votes`
--



