--
-- Host: killerlinkx.com    Database: illerli_illerli
-- ------------------------------------------------------


--
-- Not dumping tablespaces as no INFORMATION_SCHEMA.FILES table on this server
--

--
-- Table structure for table `directory_save_data`
--

CREATE TABLE `directory_save_data` (
  `id` bigint(100) NOT NULL auto_increment,
  `schedule_id` bigint(100) NOT NULL,
  `project_id` bigint(100) NOT NULL,
  `link_id` bigint(100) NOT NULL,
  `confirm_link` text NOT NULL,
  `category_id` int(10) NOT NULL,
  `category_name` varchar(150) NOT NULL,
  PRIMARY KEY  (`id`)
) ENGINE=InnoDB AUTO_INCREMENT=40 DEFAULT CHARSET=latin1;

--
-- Dumping data for table `directory_save_data`
--


--
-- Table structure for table `idx_admin_menu`
--

CREATE TABLE `idx_admin_menu` (
  `menu_id` int(11) NOT NULL auto_increment,
  `parent_id` int(11) default NULL,
  `menu_title` varchar(255) default NULL,
  `menu_url` varchar(255) default NULL,
  `order_number` int(11) default NULL,
  PRIMARY KEY  (`menu_id`)
) ENGINE=MyISAM AUTO_INCREMENT=85 DEFAULT CHARSET=latin1;

--
-- Dumping data for table `idx_admin_menu`
--



--
-- Table structure for table `idx_bad_link`
--

CREATE TABLE `idx_bad_link` (
  `bad_link_id` mediumint(9) unsigned NOT NULL auto_increment,
  `link_id` mediumint(9) unsigned NOT NULL default '0',
  `name` varchar(50) NOT NULL default '',
  `email` varchar(50) NOT NULL default '',
  `type` tinyint(3) unsigned NOT NULL default '0',
  `date` date NOT NULL default '0000-00-00',
  PRIMARY KEY  (`bad_link_id`)
) ENGINE=MyISAM DEFAULT CHARSET=latin1;

--
-- Dumping data for table `idx_bad_link`
--


--
-- Table structure for table `idx_badwords`
--

CREATE TABLE `idx_badwords` (
  `word` varchar(100) NOT NULL default ''
) ENGINE=MyISAM DEFAULT CHARSET=latin1;

--
-- Dumping data for table `idx_badwords`
--


--
-- Table structure for table `idx_blocked_domain`
--

CREATE TABLE `idx_blocked_domain` (
  `blocked_id` int(11) NOT NULL auto_increment,
  `blocked` varchar(255) default NULL,
  `type` enum('domain','ip') default NULL,
  PRIMARY KEY  (`blocked_id`)
) ENGINE=MyISAM AUTO_INCREMENT=6 DEFAULT CHARSET=latin1;

--
-- Dumping data for table `idx_blocked_domain`
--

INSERT INTO `idx_blocked_domain` VALUES (1,'buydomains.com','domain'),(2,'this-domain-for-sale.com ','domain'),(3,'oversee.net','domain'),(4,'eNom','domain'),(5,'sedoparking.com','domain');

--
-- Table structure for table `idx_category`
--

CREATE TABLE `idx_category` (
  `category_id` mediumint(9) unsigned NOT NULL auto_increment,
  `parent_id` mediumint(9) unsigned NOT NULL default '0',
  `name` varchar(100) NOT NULL default '',
  `description` text NOT NULL,
  `image` varchar(100) default NULL,
  `content` text,
  `visible` char(1) default NULL,
  `links` mediumint(9) default NULL,
  `meta_keyword` text,
  `meta_description` text,
  `permission` char(2) default NULL,
  `registered_only` char(1) default NULL,
  `header` text NOT NULL,
  `footer` text NOT NULL,
  `related` mediumint(6) NOT NULL default '0',
  `page_title` varchar(200) NOT NULL default '',
  `hits` int(11) NOT NULL default '0',
  `order_num` smallint(6) NOT NULL default '0',
  `basic_price` double unsigned NOT NULL default '0',
  `premium_price` double unsigned NOT NULL default '0',
  `sponsored_price` double unsigned NOT NULL default '0',
  PRIMARY KEY  (`category_id`)
) ENGINE=MyISAM AUTO_INCREMENT=36 DEFAULT CHARSET=latin1;

--
-- Dumping data for table `idx_category`
--

INSERT INTO `idx_category` VALUES (1,0,'Arts Gallery & Entertainment','','folder.gif','','1',10,'','','0','0','','',0,'',0,0,0,0,0),(2,0,'Automobiles','','folder.gif','','1',29,'','','0','0','','',0,'',0,0,0,0,0),(3,0,'Business & Investment','','folder.gif','','1',122,'','','0','0','','',0,'',0,0,0,0,0),(4,0,'Careers & Recruitment','','folder.gif','','1',1,'','','0','0','','',0,'',0,0,0,0,0),(5,0,'Clothing & Designers','','folder.gif','','1',8,'','','0','0','','',0,'',0,0,0,0,0),(6,0,'Communication','','folder.gif','','1',13,'','','0','0','','',0,'',0,0,0,0,0),(7,0,'Computers','','folder.gif','','1',16,'','','0','0','','',0,'',0,0,0,0,0),(8,0,'Construction and Remodeling','','folder.gif','','1',70,'','','0','0','','',0,'',0,0,0,0,0),(9,0,'Dental','','folder.gif','','1',41,'','','0','0','','',0,'',0,0,0,0,0),(10,0,'Education & Colleges','','folder.gif','','1',24,'','','0','0','','',0,'',0,0,0,0,0),(11,0,'Employment & Staffing','','folder.gif','','1',1,'','','0','0','','',0,'',0,0,0,0,0),(12,0,'Gifts & Stationery','','folder.gif','','1',20,'','','0','0','','',0,'',0,0,0,0,0),(13,0,'Hardware & Software Systems','','folder.gif','','1',10,'','','0','0','','',0,'',0,0,0,0,0),(14,0,'Health Resources','','folder.gif','','1',28,'','','0','0','','',0,'',0,0,0,0,0),(15,0,'Healthcare Industry','','folder.gif','','1',122,'','','0','0','','',0,'',0,0,0,0,0),(16,0,'Heating, Ventilating and Air Conditioning','','folder.gif','','1',47,'','','0','0','','',0,'',0,0,0,0,0),(17,0,'Home & Garden Making','','folder.gif','','1',208,'','','0','0','','',0,'',0,0,0,0,0),(18,0,'Home Improvement & Appliances','','folder.gif','','1',72,'','','0','0','','',0,'',0,0,0,0,0),(19,0,'Hotels','','folder.gif','','1',25,'','','0','0','','',0,'',0,0,0,0,0),(20,0,'Insurance Providers','','folder.gif','','1',22,'','','0','0','','',0,'',0,0,0,0,0),(21,0,'Law & Legal','','folder.gif','','1',1,'','','0','0','','',0,'',0,0,0,0,0),(22,0,'Lawyers & Legal Consultants','','folder.gif','','1',146,'','','0','0','','',0,'',0,0,0,0,0),(23,0,'Lifestyle & Relationships','','folder.gif','','1',8,'','','0','0','','',0,'',0,0,0,0,0),(24,0,'Medicine & Medical Services','','folder.gif','','1',5,'','','0','0','','',0,'',0,0,0,0,0),(25,0,'Finance','','folder.gif','','1',16,'','','0','0','','',0,'',0,0,0,0,0),(26,0,'News & Journals','','folder.gif','','1',1,'','','0','0','','',0,'',0,0,0,0,0),(27,0,'Plumbing & Fitting','','folder.gif','','1',29,'','','0','0','','',0,'',0,0,0,0,0),(28,0,'Real Estate & Agents','','folder.gif','','1',33,'','','0','0','','',0,'',0,0,0,0,0),(29,0,'Environment & Technology','','folder.gif','','1',12,'','','0','0','','',0,'',0,0,0,0,0),(30,0,'SEO & SMO Marketing','','folder.gif','','1',17,'','','0','0','','',0,'',0,0,0,0,0),(31,0,'Online Shopping','','folder.gif','','1',64,'','','0','0','','',0,'',0,0,0,0,0),(32,0,'Sports','','folder.gif','','1',7,'','','0','0','','',0,'',0,0,0,0,0),(33,0,'Transportation and Logistics Services','','folder.gif','','1',30,'','','0','0','','',0,'',0,0,0,0,0),(34,0,'Tours & Travel','','folder.gif','','1',24,'','','0','0','','',0,'',0,0,0,0,0),(35,0,'Wedding & Jewellery','','folder.gif','','1',10,'','','0','0','','',0,'',0,0,0,0,0);

--
-- Table structure for table `idx_category_path`
--

CREATE TABLE `idx_category_path` (
  `category_id` mediumint(9) NOT NULL default '0',
  `path` text,
  `path_with_url` text,
  `parents` text,
  PRIMARY KEY  (`category_id`)
) ENGINE=MyISAM DEFAULT CHARSET=latin1;

--
-- Dumping data for table `idx_category_path`
--

INSERT INTO `idx_category_path` VALUES (1,'Arts Gallery & Entertainment','<a href=\"http://killerlinkx.com/arts-gallery-entertainment/\" name=\"cat_1\" style=\"\">Arts Gallery & Entertainment</a>',';0;'),(2,'Automobiles','<a href=\"http://killerlinkx.com/automobiles/\" name=\"cat_2\" style=\"\">Automobiles</a>',';0;'),(3,'Business & Investment','<a href=\"http://killerlinkx.com/business-investment/\" name=\"cat_3\" style=\"\">Business & Investment</a>',';0;'),(4,'Careers & Recruitment','<a href=\"http://killerlinkx.com/careers-recruitment/\" name=\"cat_4\" style=\"\">Careers & Recruitment</a>',';0;'),(5,'Clothing & Designers','<a href=\"http://killerlinkx.com/clothing-designers/\" name=\"cat_5\" style=\"\">Clothing & Designers</a>',';0;'),(6,'Communication','<a href=\"http://killerlinkx.com/communication/\" name=\"cat_6\" style=\"\">Communication</a>',';0;'),(7,'Computers','<a href=\"http://killerlinkx.com/computers/\" name=\"cat_7\" style=\"\">Computers</a>',';0;'),(8,'Construction and Remodeling','<a href=\"http://killerlinkx.com/construction-and-remodeling/\" name=\"cat_8\" style=\"\">Construction and Remodeling</a>',';0;'),(9,'Dental','<a href=\"http://killerlinkx.com/dental/\" name=\"cat_9\" style=\"\">Dental</a>',';0;'),(10,'Education & Colleges','<a href=\"http://killerlinkx.com/education-colleges/\" name=\"cat_10\" style=\"\">Education & Colleges</a>',';0;'),(11,'Employment & Staffing','<a href=\"http://killerlinkx.com/employment-staffing/\" name=\"cat_11\" style=\"\">Employment & Staffing</a>',';0;'),(12,'Gifts & Stationery','<a href=\"http://killerlinkx.com/gifts-stationery/\" name=\"cat_12\" style=\"\">Gifts & Stationery</a>',';0;'),(13,'Hardware & Software Systems','<a href=\"http://killerlinkx.com/hardware-software-systems/\" name=\"cat_13\" style=\"\">Hardware & Software Systems</a>',';0;'),(14,'Health Resources','<a href=\"http://killerlinkx.com/health-resources/\" name=\"cat_14\" style=\"\">Health Resources</a>',';0;'),(15,'Healthcare Industry','<a href=\"http://killerlinkx.com/healthcare-industry/\" name=\"cat_15\" style=\"\">Healthcare Industry</a>',';0;'),(16,'Heating, Ventilating and Air Conditioning','<a href=\"http://killerlinkx.com/heating-ventilating-and-air-conditioning/\" name=\"cat_16\" style=\"\">Heating, Ventilating and Air Conditioning</a>',';0;'),(17,'Home & Garden Making','<a href=\"http://killerlinkx.com/home-garden-making/\" name=\"cat_17\" style=\"\">Home & Garden Making</a>',';0;'),(18,'Home Improvement & Appliances','<a href=\"http://killerlinkx.com/home-improvement-appliances/\" name=\"cat_18\" style=\"\">Home Improvement & Appliances</a>',';0;'),(19,'Hotels','<a href=\"http://killerlinkx.com/hotels/\" name=\"cat_19\" style=\"\">Hotels</a>',';0;'),(20,'Insurance Providers','<a href=\"http://killerlinkx.com/insurance-providers/\" name=\"cat_20\" style=\"\">Insurance Providers</a>',';0;'),(21,'Law & Legal','<a href=\"http://killerlinkx.com/law-legal/\" name=\"cat_21\" style=\"\">Law & Legal</a>',';0;'),(22,'Lawyers & Legal Consultants','<a href=\"http://killerlinkx.com/lawyers-legal-consultants/\" name=\"cat_22\" style=\"\">Lawyers & Legal Consultants</a>',';0;'),(23,'Lifestyle & Relationships','<a href=\"http://killerlinkx.com/lifestyle-relationships/\" name=\"cat_23\" style=\"\">Lifestyle & Relationships</a>',';0;'),(24,'Medicine & Medical Services','<a href=\"http://killerlinkx.com/medicine-medical-services/\" name=\"cat_24\" style=\"\">Medicine & Medical Services</a>',';0;'),(25,'Finance','<a href=\"http://killerlinkx.com/finance/\" name=\"cat_25\" style=\"\">Finance</a>',';0;'),(26,'News & Journals','<a href=\"http://killerlinkx.com/news-journals/\" name=\"cat_26\" style=\"\">News & Journals</a>',';0;'),(27,'Plumbing & Fitting','<a href=\"http://killerlinkx.com/plumbing-fitting/\" name=\"cat_27\" style=\"\">Plumbing & Fitting</a>',';0;'),(28,'Real Estate & Agents','<a href=\"http://killerlinkx.com/real-estate-agents/\" name=\"cat_28\" style=\"\">Real Estate & Agents</a>',';0;'),(29,'Environment & Technology','<a href=\"http://killerlinkx.com/environment-technology/\" name=\"cat_29\" style=\"\">Environment & Technology</a>',';0;'),(30,'SEO & SMO Marketing','<a href=\"http://killerlinkx.com/seo-smo-marketing/\" name=\"cat_30\" style=\"\">SEO & SMO Marketing</a>',';0;'),(31,'Online Shopping','<a href=\"http://killerlinkx.com/online-shopping/\" name=\"cat_31\" style=\"\">Online Shopping</a>',';0;'),(32,'Sports','<a href=\"http://killerlinkx.com/sports/\" name=\"cat_32\" style=\"\">Sports</a>',';0;'),(33,'Transportation and Logistics Services','<a href=\"http://killerlinkx.com/transportation-and-logistics-services/\" name=\"cat_33\" style=\"\">Transportation and Logistics Services</a>',';0;'),(34,'Tours & Travel','<a href=\"http://killerlinkx.com/tours-travel/\" name=\"cat_34\" style=\"\">Tours & Travel</a>',';0;'),(35,'Wedding & Jewellery','<a href=\"http://killerlinkx.com/wedding-jewellery/\" name=\"cat_35\" style=\"\">Wedding & Jewellery</a>',';0;');

--
-- Table structure for table `idx_category_suggession`
--

CREATE TABLE `idx_category_suggession` (
  `id_cat_suggession` int(11) NOT NULL auto_increment,
  `parent_id` int(11) default NULL,
  `name` varchar(255) default NULL,
  `category_description` text,
  `date` datetime default NULL,
  PRIMARY KEY  (`id_cat_suggession`)
) ENGINE=MyISAM AUTO_INCREMENT=2 DEFAULT CHARSET=latin1;

--
-- Dumping data for table `idx_category_suggession`
--

INSERT INTO `idx_category_suggession` VALUES (1,15,'Weight Loss','Buy Pure ephedrine pills with no fillers on heavy discounts at http://bingephedrine.com/','2011-12-09 08:27:07');

--
-- Table structure for table `idx_checkurl`
--

CREATE TABLE `idx_checkurl` (
  `link_id` mediumint(9) NOT NULL default '0',
  `date` date NOT NULL default '0000-00-00',
  `live` char(1) NOT NULL default '',
  `reciprocal_found` char(1) NOT NULL default '',
  PRIMARY KEY  (`link_id`)
) ENGINE=MyISAM DEFAULT CHARSET=latin1;

--
-- Dumping data for table `idx_checkurl`
--


--
-- Table structure for table `idx_cronjobs`
--

CREATE TABLE `idx_cronjobs` (
  `cronjobs_id` int(11) NOT NULL auto_increment,
  `cronjobs_name` varchar(255) default NULL,
  `filename` varchar(255) NOT NULL,
  `schedule` varchar(255) NOT NULL,
  `time` datetime NOT NULL,
  `execution` varchar(1) NOT NULL,
  PRIMARY KEY  (`cronjobs_id`)
) ENGINE=MyISAM AUTO_INCREMENT=4 DEFAULT CHARSET=latin1;

--
-- Dumping data for table `idx_cronjobs`
--

INSERT INTO `idx_cronjobs` VALUES (1,NULL,'clear_templates_c.php','1,*,*,*,*','0000-00-00 00:00:00',''),(2,NULL,'update_tag_cloud.php','*,24,*,*,*','0000-00-00 00:00:00',''),(3,NULL,'clear_rss_cache.php','*,24,*,*,*','0000-00-00 00:00:00','');

--
-- Table structure for table `idx_custom_field`
--

CREATE TABLE `idx_custom_field` (
  `field_name` varchar(32) NOT NULL default '',
  `field_text` varchar(64) NOT NULL default '',
  `field_type` enum('TEXT','TEXTAREA','SELECT','MULTISELECT','CHECKBOX','RADIO','FILE','IMAGE','DATE','DATETIME','RICHEDITOR') NOT NULL default 'TEXT',
  `field_option` text NOT NULL,
  `field_img_width` int(10) unsigned NOT NULL default '0',
  `field_img_height` int(10) unsigned NOT NULL default '0',
  `field_file_size` int(10) unsigned NOT NULL default '0',
  `field_file_extension` varchar(64) NOT NULL default '',
  `required` char(1) NOT NULL default '0',
  `searchable` char(1) NOT NULL default '1',
  `permission` char(1) NOT NULL default '0'
) ENGINE=MyISAM DEFAULT CHARSET=latin1;

--
-- Dumping data for table `idx_custom_field`
--

INSERT INTO `idx_custom_field` VALUES ('image','Image','IMAGE','',0,0,0,'','0','0','2'),('address','Address','TEXT','',0,0,0,'','0','0','0'),('city','City','TEXT','',0,0,0,'','0','0','0'),('state','State','TEXT','',0,0,0,'','0','0','0'),('country','Country','TEXT','',0,0,0,'','0','0','0'),('zip','Zip','TEXT','',0,0,0,'','0','0','0'),('phone','Phone','TEXT','',0,0,0,'','0','0','0'),('fax','Fax','TEXT','',0,0,0,'','0','0','0');

--
-- Table structure for table `idx_default_field`
--

CREATE TABLE `idx_default_field` (
  `field_name` varchar(64) NOT NULL,
  `required` char(1) NOT NULL,
  `visible` char(1) NOT NULL default '1',
  `searchable` char(1) NOT NULL default '1'
) ENGINE=MyISAM DEFAULT CHARSET=latin1;

--
-- Dumping data for table `idx_default_field`
--

INSERT INTO `idx_default_field` VALUES ('title','1','1','1'),('url','1','1','1'),('description','1','1','1'),('keywords','1','1','0'),('contact_name','1','1','1'),('email','1','1','1'),('reciprocal_url','0','0','1');

--
-- Table structure for table `idx_discount_coupon`
--

CREATE TABLE `idx_discount_coupon` (
  `coupon_id` int(11) NOT NULL auto_increment,
  `coupon_code` varchar(255) default NULL,
  `coupon_value` varchar(50) default NULL,
  `link_type` varchar(255) default NULL,
  `start_date` date default NULL,
  `expired_date` date default NULL,
  `expired_usage` int(11) default NULL,
  `usage_count` int(11) default NULL,
  PRIMARY KEY  (`coupon_id`)
) ENGINE=MyISAM DEFAULT CHARSET=latin1;

--
-- Dumping data for table `idx_discount_coupon`
--


--
-- Table structure for table `idx_editor`
--

CREATE TABLE `idx_editor` (
  `username` varchar(20) default NULL,
  `category_id` mediumint(9) default NULL,
  `category` char(1) default NULL,
  `link` char(1) default NULL,
  `review` char(1) default NULL,
  `pick` char(1) default NULL,
  `status` char(1) default NULL,
  `date` date default NULL
) ENGINE=MyISAM DEFAULT CHARSET=latin1;

--
-- Dumping data for table `idx_editor`
--


--
-- Table structure for table `idx_email_template`
--

CREATE TABLE `idx_email_template` (
  `email_template_id` int(10) unsigned NOT NULL auto_increment,
  `name` varchar(255) default NULL,
  `subject` varchar(255) default NULL,
  `body` text,
  `altbody` text,
  PRIMARY KEY  (`email_template_id`)
) ENGINE=MyISAM AUTO_INCREMENT=37 DEFAULT CHARSET=latin1;

--
-- Dumping data for table `idx_email_template`
--



--
-- Table structure for table `idx_favorites`
--

CREATE TABLE `idx_favorites` (
  `favorite_id` int(11) NOT NULL auto_increment,
  `username` varchar(20) default NULL,
  `date` date default NULL,
  `title` varchar(100) default NULL,
  `description` text,
  PRIMARY KEY  (`favorite_id`)
) ENGINE=MyISAM AUTO_INCREMENT=2 DEFAULT CHARSET=latin1;

--
-- Dumping data for table `idx_favorites`
--

INSERT INTO `idx_favorites` VALUES (1,'adaptive84','2011-12-07','My Favorites',NULL);

--
-- Table structure for table `idx_favorites_detail`
--

CREATE TABLE `idx_favorites_detail` (
  `favorite_id` int(11) default NULL,
  `link_id` mediumint(9) default NULL
) ENGINE=MyISAM DEFAULT CHARSET=latin1;

--
-- Dumping data for table `idx_favorites_detail`
--


--
-- Table structure for table `idx_hook_place`
--

CREATE TABLE `idx_hook_place` (
  `hook_place_id` int(11) NOT NULL auto_increment,
  `filename` varchar(255) default NULL,
  `hookname` varchar(255) default NULL,
  PRIMARY KEY  (`hook_place_id`)
) ENGINE=MyISAM DEFAULT CHARSET=latin1;

--
-- Dumping data for table `idx_hook_place`
--


--
-- Table structure for table `idx_invoice`
--

CREATE TABLE `idx_invoice` (
  `invoice_id` varchar(10) NOT NULL default '',
  `invoice_date` date default NULL,
  `due_date` date default NULL,
  `invoiced_to` text,
  `service` varchar(255) default NULL,
  `description` text,
  `total` double(8,2) default NULL,
  `comment` text,
  `paid` char(1) default NULL,
  `paid_date` date default NULL,
  `email` varchar(255) default NULL,
  PRIMARY KEY  (`invoice_id`)
) ENGINE=MyISAM DEFAULT CHARSET=latin1;

--
-- Dumping data for table `idx_invoice`
--


--
-- Table structure for table `idx_invoice_config`
--

CREATE TABLE `idx_invoice_config` (
  `company` varchar(255) default NULL,
  `contact` varchar(255) default NULL,
  `address` text,
  `phone` varchar(255) default NULL,
  `email` varchar(255) default NULL,
  `currency_symbol` varchar(255) default '$',
  `currency_code` varchar(255) default 'USD'
) ENGINE=MyISAM DEFAULT CHARSET=latin1;

--
-- Dumping data for table `idx_invoice_config`
--

INSERT INTO `idx_invoice_config` VALUES ('Your website / Company','Billing Department','Your address','Your phone #','Billing<name@yourdomain.com>','$','USD');

--
-- Table structure for table `idx_link_temp`
--

CREATE TABLE `idx_link_temp` (
  `vid` mediumint(9) unsigned NOT NULL auto_increment,
  `spam` char(1) NOT NULL default '0',
  `link_id` mediumint(9) default NULL,
  `category_id` mediumint(9) unsigned NOT NULL default '0',
  `title` varchar(100) NOT NULL default '',
  `url` text NOT NULL,
  `description` text NOT NULL,
  `contact_name` varchar(100) NOT NULL default '',
  `email` varchar(100) NOT NULL default '',
  `hits` mediumint(9) default NULL,
  `votes` smallint(6) default NULL,
  `rating` float(4,2) default NULL,
  `date` datetime NOT NULL default '0000-00-00 00:00:00',
  `bid` smallint(6) NOT NULL default '0',
  `new` char(1) default NULL,
  `hot` char(1) default NULL,
  `top_rated` char(1) default NULL,
  `pick` char(1) default NULL,
  `password` varchar(20) default NULL,
  `updated` char(1) default NULL,
  `reviews` smallint(6) default NULL,
  `avg_review` float(4,2) default NULL,
  `last_updated` datetime default NULL,
  `official_review` text,
  `keywords` varchar(255) default NULL,
  `cat1` mediumint(6) NOT NULL default '0',
  `cat2` mediumint(6) NOT NULL default '0',
  `suspended` char(1) NOT NULL default '0',
  `reciprocal_url` varchar(255) default NULL,
  `address` varchar(255) default NULL,
  `city` varchar(255) default NULL,
  `state` varchar(255) default NULL,
  `country` varchar(255) default NULL,
  `zip` varchar(255) default NULL,
  `image` varchar(255) default NULL,
  `phone` varchar(255) default NULL,
  `fax` varchar(255) default NULL,
  PRIMARY KEY  (`vid`)
) ENGINE=MyISAM DEFAULT CHARSET=latin1;

--
-- Dumping data for table `idx_link_temp`
--


--
-- Table structure for table `idx_link_temp_user`
--

CREATE TABLE `idx_link_temp_user` (
  `vid` mediumint(9) unsigned NOT NULL default '0',
  `username` varchar(20) NOT NULL default '',
  PRIMARY KEY  (`vid`)
) ENGINE=MyISAM DEFAULT CHARSET=latin1;

--
-- Dumping data for table `idx_link_temp_user`
--


--
-- Table structure for table `idx_link_user`
--

CREATE TABLE `idx_link_user` (
  `link_id` mediumint(9) unsigned NOT NULL default '0',
  `username` varchar(20) NOT NULL default '',
  PRIMARY KEY  (`link_id`)
) ENGINE=MyISAM DEFAULT CHARSET=latin1;

--
-- Dumping data for table `idx_link_user`
--


--
-- Table structure for table `idx_mailing_list`
--

CREATE TABLE `idx_mailing_list` (
  `email` varchar(50) NOT NULL default '',
  `code` varchar(4) default NULL,
  `status` char(1) default NULL,
  PRIMARY KEY  (`email`)
) ENGINE=MyISAM DEFAULT CHARSET=latin1;

--
-- Dumping data for table `idx_mailing_list`
--


--
-- Table structure for table `idx_message`
--

CREATE TABLE `idx_message` (
  `message_id` smallint(6) NOT NULL auto_increment,
  `date` date default NULL,
  `body` text,
  `subject` varchar(100) default NULL,
  PRIMARY KEY  (`message_id`)
) ENGINE=MyISAM DEFAULT CHARSET=latin1;

--
-- Dumping data for table `idx_message`
--


--
-- Table structure for table `idx_notification`
--

CREATE TABLE `idx_notification` (
  `username` varchar(20) NOT NULL default '',
  `category_id` mediumint(9) NOT NULL default '0'
) ENGINE=MyISAM DEFAULT CHARSET=latin1;

--
-- Dumping data for table `idx_notification`
--


--
-- Table structure for table `idx_pagerank`
--

CREATE TABLE `idx_pagerank` (
  `link_id` mediumint(8) unsigned NOT NULL default '0',
  `engine` char(1) NOT NULL default '',
  `rank` tinyint(4) NOT NULL default '0',
  `last_update` date NOT NULL default '0000-00-00',
  PRIMARY KEY  (`link_id`,`engine`)
) ENGINE=MyISAM DEFAULT CHARSET=latin1;

--
-- Dumping data for table `idx_pagerank`
--

INSERT INTO `idx_pagerank` VALUES (2,'g',0,'2012-01-15'),(5,'g',0,'2012-01-29'),(7,'g',0,'2011-09-02'),(12,'g',0,'2012-01-20'),(19,'g',0,'2012-03-04'),(10,'g',0,'2012-02-08'),(26,'g',0,'2012-03-04'),(27,'g',6,'2011-09-13'),(25,'g',0,'2012-02-08'),(21,'g',0,'2012-02-08'),(24,'g',4,'2011-09-14'),(6,'g',2,'2011-09-14'),(23,'g',5,'2011-09-14'),(8,'g',0,'2012-02-08'),(18,'g',0,'2012-02-08'),(47,'g',0,'2012-02-08'),(15,'g',0,'2011-12-29'),(29,'g',0,'2012-02-08'),(33,'g',0,'2011-09-16'),(31,'g',3,'2011-09-17'),(11,'g',0,'2012-02-08'),(4,'g',0,'2012-02-08'),(9,'g',0,'2012-02-08'),(3,'g',0,'2012-01-19'),(1,'g',3,'2011-09-19'),(59,'g',3,'2011-09-20'),(58,'g',3,'2011-09-20'),(30,'g',6,'2011-09-22'),(28,'g',4,'2011-09-22'),(36,'g',0,'2011-09-22'),(38,'g',0,'2011-09-22'),(37,'g',2,'2011-09-23'),(34,'g',0,'2011-09-23'),(35,'g',0,'2011-09-23'),(32,'g',0,'2011-09-23'),(64,'g',0,'2012-02-08'),(63,'g',0,'2012-03-04'),(72,'g',0,'2012-02-08'),(73,'g',0,'2012-02-08'),(74,'g',0,'2012-01-22'),(75,'g',0,'2012-02-08'),(71,'g',0,'2012-02-08'),(76,'g',0,'2012-01-21'),(92,'g',0,'2012-03-04'),(83,'g',0,'2012-02-17'),(84,'g',0,'2011-11-08'),(82,'g',0,'2011-11-20'),(80,'g',0,'2011-11-20'),(81,'g',0,'2011-11-20'),(78,'g',0,'2011-11-20'),(85,'g',0,'2011-11-20'),(20,'g',0,'2012-02-08'),(99,'g',0,'2012-02-08'),(96,'g',0,'2012-02-08'),(116,'g',0,'2012-02-08'),(147,'g',0,'2012-02-08'),(127,'g',0,'2012-02-08'),(145,'g',0,'2012-02-08'),(162,'g',0,'2012-02-08'),(100,'g',0,'2012-02-08'),(134,'g',0,'2012-02-08'),(113,'g',0,'2012-02-08'),(77,'g',0,'2011-11-20'),(79,'g',0,'2011-11-20'),(17,'g',0,'2012-02-08'),(66,'g',0,'2012-02-08'),(14,'g',0,'2012-02-08'),(65,'g',0,'2012-02-08'),(22,'g',0,'2012-02-08'),(13,'g',0,'2012-02-08'),(16,'g',0,'2012-02-08'),(123,'g',0,'2012-02-20'),(105,'g',0,'2012-02-08'),(158,'g',0,'2012-01-07'),(135,'g',0,'2012-01-22'),(94,'g',0,'2012-02-08'),(110,'g',0,'2012-01-07'),(156,'g',0,'2012-01-13'),(163,'g',0,'2012-01-07'),(128,'g',0,'2012-02-08'),(176,'g',0,'2012-02-08'),(118,'g',0,'2012-01-07'),(98,'g',0,'2012-01-07'),(125,'g',0,'2012-01-07'),(144,'g',0,'2012-01-07'),(151,'g',0,'2012-02-08'),(157,'g',0,'2012-01-20'),(121,'g',0,'2012-02-08'),(232,'g',0,'2011-12-17'),(129,'g',0,'2012-02-08'),(138,'g',0,'2012-02-08'),(150,'g',0,'2012-01-12'),(154,'g',0,'2012-02-08'),(216,'g',0,'2012-02-08'),(188,'g',0,'2011-12-17'),(237,'g',0,'2012-01-20'),(213,'g',0,'2012-02-08'),(68,'g',0,'2012-02-08'),(159,'g',0,'2012-01-25'),(211,'g',0,'2012-02-08'),(126,'g',0,'2012-02-08'),(69,'g',0,'2012-02-24'),(229,'g',0,'2012-02-08'),(167,'g',0,'2012-01-22'),(236,'g',0,'2012-01-13'),(48,'g',0,'2011-10-09'),(223,'g',0,'2011-11-20'),(102,'g',0,'2012-02-19'),(61,'g',0,'2011-10-09'),(49,'g',0,'2011-10-09'),(45,'g',0,'2011-10-09'),(86,'g',0,'2011-10-09'),(39,'g',0,'2011-10-09'),(40,'g',0,'2011-10-09'),(42,'g',0,'2011-10-09'),(46,'g',0,'2011-10-09'),(44,'g',0,'2011-10-09'),(88,'g',0,'2011-10-09'),(87,'g',0,'2011-10-09'),(60,'g',0,'2011-10-09'),(41,'g',0,'2011-10-09'),(43,'g',0,'2011-10-09'),(146,'g',0,'2012-03-05'),(132,'g',0,'2012-01-19'),(133,'g',0,'2012-03-05'),(187,'g',0,'2012-02-08'),(384,'g',0,'2012-01-22'),(379,'g',0,'2012-02-08'),(381,'g',0,'2012-02-08'),(380,'g',0,'2012-02-08'),(385,'g',0,'2012-01-24'),(378,'g',0,'2012-02-08'),(376,'g',0,'2012-02-19'),(377,'g',0,'2012-02-19'),(90,'g',0,'2012-01-19'),(97,'g',0,'2012-02-08'),(70,'g',0,'2012-02-08'),(93,'g',0,'2012-02-08'),(91,'g',0,'2012-02-08'),(62,'g',0,'2012-01-19'),(107,'g',0,'2012-01-25'),(104,'g',0,'2012-02-08'),(365,'g',0,'2012-01-24'),(383,'g',0,'2011-12-17'),(375,'g',0,'2012-01-22'),(386,'g',0,'2012-01-22'),(382,'g',0,'2011-10-14'),(389,'g',0,'2012-01-17'),(400,'g',0,'2012-01-16'),(95,'g',0,'2012-03-04'),(106,'g',0,'2011-12-31'),(108,'g',0,'2012-03-03'),(130,'g',0,'2012-02-28'),(120,'g',0,'2011-12-31'),(203,'g',0,'2012-03-04'),(103,'g',0,'2011-12-31'),(124,'g',0,'2012-03-04'),(101,'g',0,'2012-03-04'),(114,'g',0,'2011-12-31'),(262,'g',0,'2012-02-22'),(370,'g',0,'2012-02-08'),(368,'g',0,'2011-10-16'),(367,'g',0,'2011-10-16'),(371,'g',0,'2012-01-25'),(388,'g',0,'2012-01-21'),(67,'g',0,'2012-01-23'),(122,'g',0,'2012-02-08'),(117,'g',0,'2012-02-08'),(161,'g',0,'2012-02-08'),(337,'g',0,'2012-03-04'),(331,'g',0,'2012-03-04'),(332,'g',0,'2012-03-04'),(393,'g',0,'2012-02-08'),(399,'g',0,'2012-01-07'),(398,'g',0,'2012-01-07'),(390,'g',0,'2012-02-19'),(422,'g',0,'2012-02-08'),(416,'g',0,'2012-02-08'),(421,'g',0,'2012-02-08'),(428,'g',0,'2012-02-08'),(418,'g',0,'2012-02-08'),(423,'g',0,'2012-02-08'),(577,'g',0,'2012-02-08'),(445,'g',0,'2012-02-08'),(524,'g',0,'2012-02-08'),(516,'g',0,'2012-02-08'),(612,'g',0,'2012-02-08'),(631,'g',0,'2012-02-08'),(452,'g',0,'2012-02-08'),(406,'g',0,'2012-02-19'),(586,'g',0,'2012-02-19'),(578,'g',0,'2011-11-24'),(580,'g',0,'2012-02-19'),(454,'g',0,'2012-02-19'),(475,'g',0,'2012-01-07'),(405,'g',0,'2012-02-08'),(412,'g',0,'2012-02-08'),(419,'g',0,'2012-02-08'),(518,'g',0,'2012-02-08'),(519,'g',0,'2012-02-08'),(450,'g',0,'2012-02-08'),(720,'g',0,'2011-11-29'),(429,'g',0,'2012-02-08'),(417,'g',0,'2012-02-08'),(579,'g',0,'2012-02-08'),(478,'g',0,'2012-02-08'),(539,'g',0,'2012-02-08'),(669,'g',0,'2012-02-08'),(660,'g',0,'2012-02-08'),(536,'g',0,'2012-02-08'),(404,'g',0,'2012-02-08'),(408,'g',0,'2012-02-08'),(410,'g',0,'2012-01-12'),(414,'g',0,'2012-02-08'),(451,'g',0,'2012-02-08'),(413,'g',0,'2012-02-08'),(438,'g',0,'2012-02-08'),(449,'g',0,'2012-02-08'),(491,'g',0,'2012-02-08'),(647,'g',0,'2012-02-08'),(453,'g',0,'2012-02-08'),(652,'g',0,'2012-02-08'),(415,'g',0,'2012-02-08'),(424,'g',0,'2012-02-08'),(431,'g',0,'2011-12-31'),(533,'g',0,'2012-02-08'),(500,'g',0,'2012-02-08'),(411,'g',0,'2012-02-08'),(608,'g',0,'2012-02-08'),(601,'g',0,'2012-02-08'),(448,'g',0,'2012-02-08'),(621,'g',0,'2011-10-30'),(588,'g',0,'2011-10-30'),(722,'g',0,'2012-01-27'),(486,'g',0,'2012-01-25'),(568,'g',0,'2012-02-24'),(443,'g',0,'2012-02-24'),(456,'g',0,'2012-02-24'),(542,'g',0,'2012-01-25'),(401,'g',0,'2012-02-24'),(225,'g',0,'2012-02-08'),(472,'g',0,'2012-02-08'),(432,'g',0,'2012-02-08'),(420,'g',0,'2012-02-08'),(436,'g',0,'2012-03-05'),(89,'g',0,'2012-02-08'),(373,'g',0,'2012-02-08'),(719,'g',0,'2012-02-08'),(234,'g',0,'2012-02-08'),(372,'g',0,'2012-02-08'),(653,'g',0,'2012-03-05'),(228,'g',0,'2012-02-08'),(374,'g',0,'2012-02-08'),(227,'g',0,'2012-02-08'),(397,'g',0,'2012-02-08'),(466,'g',0,'2012-02-08'),(426,'g',0,'2012-02-08'),(392,'g',0,'2012-02-08'),(433,'g',0,'2012-02-08'),(697,'g',0,'2012-02-04'),(483,'g',0,'2012-02-08'),(558,'g',0,'2012-03-05'),(387,'g',0,'2012-02-08'),(677,'g',0,'2012-02-08'),(629,'g',0,'2012-03-05'),(496,'g',0,'2011-12-02'),(694,'g',0,'2012-02-08'),(481,'g',0,'2011-12-20'),(630,'g',0,'2012-03-05'),(186,'g',0,'2012-02-08'),(437,'g',0,'2012-03-05'),(395,'g',0,'2012-02-08'),(752,'g',0,'2012-02-08'),(425,'g',0,'2012-02-08'),(112,'g',0,'2012-02-08'),(585,'g',0,'2012-02-08'),(761,'g',0,'2012-02-08'),(409,'g',0,'2012-02-08'),(430,'g',0,'2012-02-08'),(784,'g',0,'2012-02-08'),(548,'g',0,'2011-12-07'),(721,'g',0,'2011-12-07'),(715,'g',0,'2011-12-07'),(797,'g',0,'2011-12-07'),(798,'g',0,'2011-12-08'),(651,'g',0,'2011-12-08'),(489,'g',0,'2011-12-08'),(598,'g',0,'2011-12-07'),(600,'g',0,'2012-02-08'),(540,'g',0,'2012-02-08'),(480,'g',0,'2012-02-08'),(442,'g',0,'2012-02-08'),(599,'g',0,'2012-02-08'),(471,'g',0,'2012-02-08'),(515,'g',0,'2012-02-17'),(434,'g',0,'2012-02-08'),(560,'g',0,'2012-02-08'),(209,'g',0,'2011-11-08'),(204,'g',0,'2011-11-08'),(205,'g',0,'2011-11-08'),(212,'g',0,'2011-11-08'),(207,'g',0,'2011-11-08'),(206,'g',0,'2011-11-08'),(214,'g',0,'2011-11-08'),(202,'g',0,'2012-02-29'),(210,'g',0,'2011-11-08'),(676,'g',0,'2012-02-17'),(803,'g',0,'2011-12-08'),(556,'g',0,'2012-02-17'),(520,'g',0,'2012-02-17'),(527,'g',0,'2012-02-17'),(700,'g',0,'2012-02-08'),(427,'g',0,'2012-02-08'),(530,'g',0,'2012-02-08'),(774,'g',0,'2012-02-08'),(775,'g',0,'2012-02-08'),(394,'g',0,'2011-11-15'),(441,'g',0,'2011-11-15'),(534,'g',0,'2011-11-15'),(529,'g',0,'2011-11-15'),(532,'g',0,'2011-11-15'),(531,'g',0,'2011-11-15'),(457,'g',0,'2011-11-15'),(435,'g',0,'2011-11-16'),(444,'g',0,'2011-12-17'),(440,'g',0,'2011-12-17'),(403,'g',0,'2011-11-16'),(402,'g',0,'2011-11-16'),(656,'g',0,'2011-11-21'),(685,'g',0,'2011-11-21'),(758,'g',0,'2011-11-21'),(699,'g',0,'2011-11-21'),(794,'g',0,'2011-11-21'),(680,'g',0,'2012-03-03'),(689,'g',0,'2011-11-21'),(796,'g',0,'2011-11-21'),(696,'g',0,'2011-11-21'),(664,'g',0,'2012-03-02'),(875,'g',0,'2012-02-26'),(873,'g',0,'2012-02-26'),(876,'g',0,'2012-02-26'),(748,'g',0,'2011-11-24'),(772,'g',0,'2011-11-24'),(733,'g',0,'2011-11-24'),(750,'g',0,'2011-11-24'),(718,'g',0,'2011-11-24'),(755,'g',0,'2011-11-24'),(704,'g',0,'2011-11-24'),(712,'g',0,'2011-11-24'),(714,'g',0,'2011-11-24'),(572,'g',0,'2011-11-24'),(765,'g',0,'2012-03-01'),(553,'g',0,'2011-11-24'),(522,'g',0,'2011-11-24'),(526,'g',0,'2011-11-24'),(525,'g',0,'2011-11-24'),(528,'g',0,'2011-11-24'),(511,'g',0,'2011-11-24'),(571,'g',0,'2011-11-24'),(659,'g',0,'2011-11-24'),(512,'g',0,'2011-11-24'),(521,'g',0,'2011-11-24'),(926,'g',0,'2012-02-08'),(1003,'g',0,'2012-02-08'),(965,'g',0,'2012-02-08'),(1026,'g',0,'2012-02-08'),(645,'g',0,'2011-11-24'),(862,'g',0,'2012-01-10'),(587,'g',0,'2011-11-24'),(943,'g',0,'2012-02-17'),(985,'g',0,'2012-02-17'),(989,'g',0,'2012-02-17'),(583,'g',0,'2011-11-24'),(613,'g',0,'2011-11-24'),(590,'g',0,'2011-11-24'),(573,'g',0,'2011-11-25'),(584,'g',0,'2011-11-25'),(581,'g',0,'2011-11-25'),(675,'g',0,'2011-11-25'),(503,'g',0,'2011-11-25'),(494,'g',0,'2011-11-25'),(467,'g',0,'2011-11-25'),(455,'g',0,'2011-11-25'),(497,'g',0,'2011-11-25'),(446,'g',0,'2011-11-25'),(499,'g',0,'2011-11-25'),(510,'g',0,'2011-11-25'),(495,'g',0,'2011-11-25'),(469,'g',0,'2011-11-25'),(545,'g',0,'2011-11-25'),(805,'g',0,'2011-11-25'),(490,'g',0,'2011-11-25'),(476,'g',0,'2011-11-25'),(622,'g',0,'2012-03-01'),(760,'g',0,'2012-02-18'),(547,'g',0,'2011-11-25'),(766,'g',0,'2011-11-25'),(546,'g',0,'2011-11-25'),(698,'g',0,'2012-02-18'),(927,'g',0,'2012-02-08'),(942,'g',0,'2012-02-08'),(963,'g',0,'2012-02-08'),(924,'g',0,'2012-02-08'),(1008,'g',0,'2012-02-08'),(846,'g',0,'2012-02-08'),(951,'g',0,'2012-02-08'),(933,'g',0,'2012-02-08'),(998,'g',0,'2012-02-08'),(655,'g',0,'2012-02-08'),(688,'g',0,'2012-02-08'),(871,'g',0,'2012-02-08'),(847,'g',0,'2012-02-08'),(610,'g',0,'2012-02-08'),(978,'g',0,'2012-02-08'),(1006,'g',0,'2012-02-08'),(1010,'g',0,'2012-02-08'),(1037,'g',0,'2011-11-27'),(880,'g',0,'2011-11-27'),(892,'g',0,'2011-11-27'),(746,'g',0,'2012-02-08'),(644,'g',0,'2012-02-08'),(592,'g',0,'2012-02-08'),(484,'g',0,'2011-11-27'),(543,'g',0,'2011-11-27'),(508,'g',0,'2011-11-27'),(811,'g',0,'2012-02-08'),(850,'g',0,'2012-02-08'),(900,'g',0,'2012-02-08'),(864,'g',0,'2012-02-08'),(848,'g',0,'2012-02-08'),(814,'g',0,'2012-02-08'),(809,'g',0,'2012-02-08'),(849,'g',0,'2012-02-08'),(815,'g',0,'2012-02-08'),(816,'g',0,'2012-02-08'),(460,'g',0,'2011-11-29'),(493,'g',0,'2011-11-29'),(498,'g',0,'2011-11-29'),(541,'g',0,'2011-11-29'),(407,'g',0,'2011-11-29'),(557,'g',0,'2011-11-29'),(468,'g',0,'2011-11-29'),(835,'g',0,'2012-02-16'),(780,'g',0,'2011-11-29'),(833,'g',0,'2012-02-16'),(791,'g',0,'2011-11-29'),(836,'g',0,'2011-11-29'),(834,'g',0,'2011-11-29'),(837,'g',0,'2011-11-29'),(806,'g',0,'2011-11-30'),(909,'g',0,'2011-11-30'),(929,'g',0,'2012-03-03'),(902,'g',0,'2011-11-30'),(931,'g',0,'2011-11-30'),(960,'g',0,'2011-11-30'),(717,'g',0,'2011-11-30'),(754,'g',0,'2011-11-30'),(961,'g',0,'2011-11-30'),(894,'g',0,'2011-11-30'),(843,'g',0,'2011-11-30'),(860,'g',0,'2011-11-30'),(956,'g',0,'2011-11-30'),(707,'g',0,'2011-11-30'),(708,'g',0,'2011-11-30'),(710,'g',0,'2011-11-30'),(705,'g',0,'2011-11-30'),(661,'g',0,'2011-11-30'),(706,'g',0,'2012-02-20'),(636,'g',0,'2011-11-30'),(635,'g',0,'2011-11-30'),(625,'g',0,'2011-11-30'),(576,'g',0,'2012-03-01'),(551,'g',0,'2011-11-30'),(667,'g',0,'2011-11-30'),(778,'g',0,'2011-12-01'),(574,'g',0,'2011-12-01'),(605,'g',0,'2011-12-01'),(591,'g',0,'2011-12-01'),(550,'g',0,'2011-12-01'),(596,'g',0,'2011-12-01'),(575,'g',0,'2011-12-02'),(564,'g',0,'2012-02-08'),(634,'g',0,'2012-02-08'),(561,'g',0,'2012-02-08'),(566,'g',0,'2012-02-08'),(563,'g',0,'2012-02-08'),(569,'g',0,'2012-02-08'),(538,'g',0,'2012-02-08'),(567,'g',0,'2012-02-08'),(562,'g',0,'2012-02-08'),(604,'g',0,'2012-02-08'),(1051,'g',0,'2012-02-08'),(730,'g',0,'2011-12-03'),(729,'g',0,'2011-12-03'),(731,'g',0,'2011-12-03'),(732,'g',0,'2011-12-03'),(439,'g',0,'2011-12-03'),(136,'g',0,'2011-12-03'),(193,'g',0,'2011-12-03'),(141,'g',0,'2011-12-03'),(208,'g',0,'2011-12-03'),(474,'g',0,'2011-12-04'),(509,'g',0,'2011-12-04'),(711,'g',0,'2011-12-04'),(462,'g',0,'2011-12-04'),(218,'g',0,'2011-12-04'),(736,'g',0,'2011-12-04'),(735,'g',0,'2011-12-04'),(702,'g',0,'2011-12-04'),(734,'g',0,'2011-12-04'),(713,'g',0,'2011-12-04'),(1012,'g',0,'2012-02-16'),(195,'g',0,'2011-12-04'),(196,'g',0,'2011-12-04'),(191,'g',0,'2011-12-04'),(199,'g',0,'2011-12-04'),(249,'g',0,'2011-12-04'),(251,'g',0,'2011-12-04'),(255,'g',0,'2011-12-04'),(248,'g',0,'2011-12-04'),(253,'g',0,'2011-12-04'),(254,'g',0,'2011-12-04'),(250,'g',0,'2011-12-04'),(257,'g',0,'2011-12-04'),(197,'g',0,'2011-12-04'),(198,'g',0,'2011-12-04'),(201,'g',0,'2011-12-04'),(194,'g',0,'2011-12-04'),(190,'g',0,'2011-12-04'),(788,'g',0,'2012-03-05'),(986,'g',0,'2012-02-08'),(1056,'g',0,'2011-12-04'),(1017,'g',0,'2011-12-04'),(1004,'g',0,'2012-02-08'),(233,'g',0,'2011-12-05'),(238,'g',0,'2012-02-08'),(231,'g',0,'2011-12-05'),(239,'g',0,'2012-02-08'),(244,'g',0,'2012-02-08'),(247,'g',0,'2012-02-08'),(245,'g',0,'2012-02-08'),(243,'g',0,'2012-02-08'),(246,'g',0,'2012-02-08'),(242,'g',0,'2012-02-08'),(240,'g',0,'2012-02-08'),(241,'g',0,'2012-02-08'),(507,'g',0,'2012-02-08'),(703,'g',0,'2012-02-08'),(725,'g',0,'2012-02-08'),(727,'g',0,'2012-02-08'),(726,'g',0,'2012-02-08'),(597,'g',0,'2012-02-08'),(724,'g',0,'2012-02-08'),(728,'g',0,'2012-02-08'),(470,'g',0,'2012-02-08'),(818,'g',0,'2012-02-08'),(723,'g',0,'2012-02-08'),(817,'g',0,'2011-12-07'),(200,'g',0,'2011-12-07'),(808,'g',0,'2011-12-07'),(716,'g',0,'2011-12-07'),(793,'g',0,'2011-12-07'),(627,'g',0,'2011-12-07'),(149,'g',0,'2011-12-07'),(180,'g',0,'2011-12-07'),(179,'g',0,'2011-12-07'),(184,'g',0,'2011-12-07'),(182,'g',0,'2011-12-07'),(175,'g',0,'2011-12-07'),(177,'g',0,'2011-12-07'),(183,'g',0,'2011-12-07'),(178,'g',0,'2011-12-07'),(181,'g',0,'2011-12-07'),(185,'g',0,'2011-12-07'),(189,'g',0,'2011-12-07'),(140,'g',0,'2011-12-07'),(148,'g',0,'2011-12-07'),(155,'g',0,'2011-12-07'),(152,'g',0,'2011-12-07'),(192,'g',0,'2011-12-07'),(131,'g',0,'2012-02-20'),(174,'g',0,'2012-02-08'),(165,'g',0,'2012-02-08'),(219,'g',0,'2011-12-07'),(166,'g',0,'2012-02-08'),(173,'g',0,'2012-02-08'),(168,'g',0,'2012-02-08'),(164,'g',0,'2012-02-08'),(172,'g',0,'2012-02-08'),(170,'g',0,'2012-02-08'),(171,'g',0,'2012-02-08'),(485,'g',0,'2012-02-08'),(169,'g',0,'2012-02-08'),(458,'g',0,'2012-02-08'),(222,'g',0,'2012-02-08'),(513,'g',0,'2011-12-07'),(642,'g',0,'2011-12-07'),(479,'g',0,'2012-02-08'),(464,'g',0,'2012-02-08'),(477,'g',0,'2012-02-08'),(473,'g',0,'2012-02-08'),(396,'g',0,'2012-02-08'),(465,'g',0,'2012-02-08'),(488,'g',0,'2012-02-08'),(256,'g',0,'2011-12-07'),(813,'g',0,'2011-12-07'),(812,'g',0,'2011-12-08'),(898,'g',0,'2011-12-08'),(1063,'g',0,'2011-12-08'),(856,'g',0,'2011-12-08'),(877,'g',0,'2011-12-08'),(523,'g',0,'2011-12-08'),(638,'g',0,'2011-12-08'),(602,'g',0,'2011-12-08'),(624,'g',0,'2011-12-08'),(641,'g',0,'2011-12-08'),(639,'g',0,'2011-12-08'),(595,'g',0,'2011-12-08'),(616,'g',0,'2011-12-08'),(603,'g',0,'2011-12-08'),(620,'g',0,'2011-12-08'),(263,'g',0,'2011-12-08'),(265,'g',0,'2011-12-08'),(637,'g',0,'2011-12-08'),(614,'g',0,'2011-12-08'),(259,'g',0,'2011-12-08'),(266,'g',0,'2011-12-08'),(267,'g',0,'2011-12-08'),(260,'g',0,'2011-12-08'),(264,'g',0,'2011-12-08'),(258,'g',0,'2011-12-08'),(261,'g',0,'2011-12-08'),(505,'g',0,'2011-12-08'),(549,'g',0,'2011-12-08'),(502,'g',0,'2011-12-08'),(594,'g',0,'2011-12-08'),(589,'g',0,'2011-12-08'),(492,'g',0,'2011-12-08'),(504,'g',0,'2011-12-08'),(570,'g',0,'2011-12-08'),(593,'g',0,'2011-12-08'),(544,'g',0,'2011-12-08'),(649,'g',0,'2011-12-08'),(682,'g',0,'2011-12-08'),(695,'g',0,'2011-12-08'),(662,'g',0,'2011-12-08'),(668,'g',0,'2011-12-08'),(658,'g',0,'2011-12-08'),(690,'g',0,'2011-12-08'),(701,'g',0,'2011-12-08'),(657,'g',0,'2011-12-09'),(895,'g',0,'2011-12-11'),(959,'g',0,'2011-12-11'),(920,'g',0,'2011-12-12'),(1052,'g',0,'2012-02-08'),(1096,'g',0,'2012-02-08'),(632,'g',0,'2011-12-14'),(785,'g',0,'2011-12-14'),(919,'g',0,'2011-12-14'),(944,'g',0,'2011-12-14'),(633,'g',0,'2011-12-14'),(934,'g',0,'2011-12-14'),(948,'g',0,'2011-12-14'),(1002,'g',0,'2011-12-14'),(617,'g',0,'2011-12-14'),(482,'g',0,'2011-12-14'),(1140,'g',0,'2012-02-08'),(221,'g',0,'2011-12-14'),(226,'g',0,'2011-12-15'),(230,'g',0,'2011-12-15'),(893,'g',0,'2012-02-08'),(979,'g',0,'2012-02-08'),(1000,'g',0,'2012-02-08'),(220,'g',0,'2011-12-15'),(215,'g',0,'2011-12-15'),(224,'g',0,'2011-12-16'),(217,'g',0,'2011-12-16'),(235,'g',0,'2011-12-16'),(1090,'g',0,'2011-12-16'),(683,'g',0,'2012-02-08'),(671,'g',0,'2012-02-08'),(1087,'g',0,'2012-02-08'),(916,'g',0,'2012-02-08'),(673,'g',0,'2012-02-08'),(674,'g',0,'2012-02-08'),(681,'g',0,'2012-02-08'),(739,'g',0,'2011-12-18'),(1094,'g',0,'2012-02-08'),(904,'g',0,'2012-02-08'),(936,'g',0,'2012-02-08'),(1136,'g',0,'2012-02-08'),(672,'g',0,'2012-02-08'),(769,'g',0,'2011-12-18'),(741,'g',0,'2011-12-18'),(757,'g',0,'2011-12-18'),(618,'g',0,'2011-12-18'),(646,'g',0,'2011-12-18'),(628,'g',0,'2011-12-18'),(626,'g',0,'2011-12-18'),(506,'g',0,'2011-12-18'),(643,'g',0,'2011-12-18'),(619,'g',0,'2011-12-18'),(684,'g',0,'2011-12-18'),(787,'g',0,'2011-12-18'),(709,'g',0,'2011-12-18'),(759,'g',0,'2011-12-18'),(844,'g',0,'2011-12-18'),(874,'g',0,'2011-12-18'),(868,'g',0,'2011-12-18'),(983,'g',0,'2011-12-18'),(896,'g',0,'2011-12-18'),(851,'g',0,'2011-12-18'),(607,'g',0,'2011-12-18'),(487,'g',0,'2011-12-18'),(501,'g',0,'2011-12-19'),(459,'g',0,'2011-12-19'),(742,'g',0,'2011-12-19'),(666,'g',0,'2011-12-19'),(640,'g',0,'2011-12-19'),(692,'g',0,'2011-12-19'),(1141,'g',0,'2011-12-19'),(1142,'g',0,'2011-12-19'),(1143,'g',0,'2011-12-19'),(1144,'g',0,'2011-12-19'),(1126,'g',0,'2012-02-08'),(1123,'g',0,'2012-02-08'),(1139,'g',0,'2012-02-08'),(1121,'g',0,'2012-02-08'),(1130,'g',0,'2012-02-08'),(1135,'g',0,'2012-02-08'),(1025,'g',0,'2011-12-21'),(1067,'g',0,'2011-12-22'),(1077,'g',0,'2011-12-22'),(1081,'g',0,'2011-12-22'),(1155,'g',0,'2011-12-22'),(1154,'g',0,'2011-12-22'),(1091,'g',0,'2011-12-23'),(1093,'g',0,'2011-12-23'),(1048,'g',0,'2011-12-23'),(1157,'g',0,'2011-12-23'),(1060,'g',0,'2011-12-23'),(1042,'g',0,'2012-02-08'),(1044,'g',0,'2012-02-08'),(1045,'g',0,'2012-02-08'),(1046,'g',0,'2012-02-08'),(1043,'g',0,'2012-02-08'),(1050,'g',0,'2012-02-08'),(1163,'g',0,'2012-02-08'),(1164,'g',0,'2012-02-08'),(1092,'g',0,'2012-02-08'),(1174,'g',0,'2011-12-28'),(1159,'g',0,'2011-12-29'),(1149,'g',0,'2011-12-29'),(981,'g',0,'2012-02-08'),(984,'g',0,'2012-02-08'),(1040,'g',0,'2012-02-08'),(1191,'g',0,'2011-12-30'),(1176,'g',0,'2011-12-30'),(1187,'g',0,'2011-12-30'),(1197,'g',0,'2011-12-30'),(1190,'g',0,'2011-12-30'),(1134,'g',0,'2011-12-30'),(1128,'g',0,'2011-12-30'),(1038,'g',0,'2012-02-08'),(1129,'g',0,'2011-12-30'),(1133,'g',0,'2011-12-30'),(1119,'g',0,'2011-12-30'),(1065,'g',0,'2012-02-08'),(1256,'g',0,'2011-12-31'),(1225,'g',0,'2011-12-31'),(1073,'g',0,'2011-12-31'),(1039,'g',0,'2011-12-31'),(1082,'g',0,'2011-12-31'),(1153,'g',0,'2011-12-31'),(1084,'g',0,'2011-12-31'),(1061,'g',0,'2011-12-31'),(1156,'g',0,'2011-12-31'),(1027,'g',0,'2011-12-31'),(1148,'g',0,'2011-12-31'),(1098,'g',0,'2011-12-31'),(1125,'g',0,'2011-12-31'),(1062,'g',0,'2012-02-08'),(1041,'g',0,'2012-02-08'),(1127,'g',0,'2011-12-31'),(1013,'g',0,'2012-02-08'),(1032,'g',0,'2012-02-08'),(1064,'g',0,'2012-02-08'),(1170,'g',0,'2011-12-31'),(1120,'g',0,'2011-12-31'),(1185,'g',0,'2012-02-08'),(869,'g',0,'2011-12-31'),(1265,'g',0,'2012-03-04'),(1053,'g',0,'2012-03-03'),(1069,'g',0,'2012-03-04'),(1182,'g',0,'2012-01-01'),(974,'g',0,'2012-01-01'),(865,'g',0,'2012-01-01'),(1059,'g',0,'2012-01-01'),(810,'g',0,'2012-01-01'),(866,'g',0,'2012-01-01'),(870,'g',0,'2012-01-01'),(1194,'g',0,'2012-02-08'),(872,'g',0,'2012-01-01'),(1057,'g',0,'2012-01-01'),(947,'g',0,'2012-01-01'),(1124,'g',0,'2012-01-01'),(1209,'g',0,'2012-02-08'),(807,'g',0,'2012-01-01'),(855,'g',0,'2012-01-01'),(988,'g',0,'2012-01-01'),(915,'g',0,'2012-01-01'),(852,'g',0,'2012-01-01'),(1016,'g',0,'2012-01-02'),(867,'g',0,'2012-01-02'),(935,'g',0,'2012-01-02'),(1118,'g',0,'2012-01-02'),(857,'g',0,'2012-01-02'),(1083,'g',0,'2012-02-08'),(804,'g',0,'2012-01-02'),(691,'g',0,'2012-01-02'),(1049,'g',0,'2012-01-02'),(980,'g',0,'2012-01-02'),(971,'g',0,'2012-01-02'),(749,'g',0,'2012-01-02'),(663,'g',0,'2012-01-02'),(693,'g',0,'2012-01-02'),(764,'g',0,'2012-01-02'),(679,'g',0,'2012-01-02'),(650,'g',0,'2012-01-02'),(670,'g',0,'2012-01-02'),(654,'g',0,'2012-01-02'),(665,'g',0,'2012-01-02'),(687,'g',0,'2012-01-02'),(678,'g',0,'2012-01-02'),(1137,'g',0,'2012-01-02'),(1047,'g',0,'2012-01-02'),(1138,'g',0,'2012-01-02'),(1071,'g',0,'2012-01-02'),(1198,'g',0,'2012-02-08'),(859,'g',0,'2012-01-02'),(907,'g',0,'2012-01-02'),(973,'g',0,'2012-01-02'),(1186,'g',0,'2012-01-02'),(972,'g',0,'2012-01-02'),(912,'g',0,'2012-01-02'),(975,'g',0,'2012-01-03'),(885,'g',0,'2012-01-03'),(1252,'g',0,'2012-02-08'),(845,'g',0,'2012-01-03'),(858,'g',0,'2012-01-03'),(970,'g',0,'2012-01-03'),(763,'g',0,'2012-01-03'),(861,'g',0,'2012-01-03'),(863,'g',0,'2012-01-03'),(897,'g',0,'2012-01-03'),(899,'g',0,'2012-01-03'),(901,'g',0,'2012-01-03'),(1116,'g',0,'2012-01-03'),(1080,'g',0,'2012-01-03'),(1131,'g',0,'2012-01-03'),(1122,'g',0,'2012-01-03'),(1079,'g',0,'2012-01-03'),(1054,'g',0,'2012-01-03'),(1066,'g',0,'2012-01-03'),(887,'g',0,'2012-01-03'),(1280,'g',0,'2012-02-08'),(958,'g',0,'2012-03-04'),(955,'g',0,'2012-03-04'),(966,'g',0,'2012-03-04'),(957,'g',0,'2012-03-04'),(990,'g',0,'2012-03-04'),(999,'g',0,'2012-03-04'),(977,'g',0,'2012-03-04'),(1001,'g',0,'2012-03-04'),(1005,'g',0,'2012-01-04'),(1132,'g',0,'2012-02-08'),(1117,'g',0,'2012-02-08'),(1009,'g',0,'2012-01-04'),(1236,'g',0,'2012-02-08'),(1267,'g',0,'2012-01-05'),(1282,'g',0,'2012-01-05'),(1269,'g',0,'2012-01-05'),(1281,'g',0,'2012-01-05'),(306,'g',0,'2012-01-06'),(304,'g',0,'2012-01-06'),(305,'g',0,'2012-01-06'),(307,'g',0,'2012-01-06'),(299,'g',0,'2012-01-06'),(301,'g',0,'2012-01-06'),(308,'g',0,'2012-01-06'),(300,'g',0,'2012-01-06'),(1078,'g',0,'2012-01-06'),(1075,'g',0,'2012-01-06'),(1076,'g',0,'2012-01-06'),(303,'g',0,'2012-01-06'),(1097,'g',0,'2012-01-06'),(1158,'g',0,'2012-01-06'),(1161,'g',0,'2012-01-06'),(1166,'g',0,'2012-01-06'),(1089,'g',0,'2012-01-06'),(1160,'g',0,'2012-01-06'),(997,'g',0,'2012-01-07'),(995,'g',0,'2012-01-07'),(962,'g',0,'2012-01-07'),(1303,'g',0,'2012-02-08'),(1068,'g',0,'2012-01-07'),(1055,'g',0,'2012-01-07'),(1021,'g',0,'2012-01-07'),(1011,'g',0,'2012-01-07'),(1014,'g',0,'2012-01-07'),(1086,'g',0,'2012-01-07'),(648,'g',0,'2012-01-09'),(611,'g',0,'2012-01-09'),(463,'g',0,'2012-01-09'),(559,'g',0,'2012-01-09'),(623,'g',0,'2012-01-09'),(514,'g',0,'2012-01-09'),(461,'g',0,'2012-01-09'),(342,'g',0,'2012-01-09'),(340,'g',0,'2012-01-10'),(347,'g',0,'2012-01-10'),(344,'g',0,'2012-01-10'),(341,'g',0,'2012-01-10'),(345,'g',0,'2012-01-10'),(339,'g',0,'2012-01-10'),(348,'g',0,'2012-01-10'),(343,'g',0,'2012-01-10'),(447,'g',0,'2012-01-10'),(346,'g',0,'2012-01-10'),(360,'g',0,'2012-01-10'),(363,'g',0,'2012-01-10'),(391,'g',0,'2012-01-10'),(369,'g',0,'2012-01-10'),(364,'g',0,'2012-01-10'),(366,'g',0,'2012-01-10'),(361,'g',0,'2012-01-10'),(355,'g',0,'2012-01-10'),(352,'g',0,'2012-01-10'),(359,'g',0,'2012-01-10'),(351,'g',0,'2012-01-10'),(354,'g',0,'2012-01-10'),(358,'g',0,'2012-01-10'),(357,'g',0,'2012-01-10'),(349,'g',0,'2012-01-10'),(350,'g',0,'2012-01-10'),(356,'g',0,'2012-01-10'),(353,'g',0,'2012-01-10'),(1245,'g',0,'2012-01-10'),(1239,'g',0,'2012-01-10'),(1272,'g',0,'2012-01-11'),(1290,'g',0,'2012-01-11'),(1247,'g',0,'2012-01-11'),(1244,'g',0,'2012-01-11'),(1238,'g',0,'2012-01-11'),(996,'g',0,'2012-01-12'),(987,'g',0,'2012-01-12'),(964,'g',0,'2012-01-12'),(1058,'g',0,'2012-01-12'),(1023,'g',0,'2012-01-12'),(1007,'g',0,'2012-01-12'),(1024,'g',0,'2012-01-12'),(1022,'g',0,'2012-01-12'),(1015,'g',0,'2012-01-12'),(1019,'g',0,'2012-01-12'),(268,'g',0,'2012-01-12'),(905,'g',0,'2012-01-12'),(939,'g',0,'2012-01-12'),(908,'g',0,'2012-01-12'),(938,'g',0,'2012-01-12'),(853,'g',0,'2012-01-12'),(940,'g',0,'2012-01-12'),(949,'g',0,'2012-01-12'),(906,'g',0,'2012-01-12'),(918,'g',0,'2012-01-12'),(890,'g',0,'2012-01-12'),(1275,'g',0,'2012-01-12'),(1287,'g',0,'2012-01-12'),(1221,'g',0,'2012-01-12'),(1286,'g',0,'2012-01-12'),(1235,'g',0,'2012-01-12'),(1288,'g',0,'2012-01-12'),(1215,'g',0,'2012-01-12'),(1285,'g',0,'2012-01-12'),(1219,'g',0,'2012-01-12'),(1276,'g',0,'2012-01-12'),(1270,'g',0,'2012-01-15'),(1204,'g',0,'2012-01-15'),(1193,'g',0,'2012-01-15'),(1228,'g',0,'2012-01-15'),(1223,'g',0,'2012-01-15'),(1169,'g',0,'2012-01-17'),(1271,'g',0,'2012-01-18'),(941,'g',0,'2012-03-04'),(950,'g',0,'2012-03-04'),(930,'g',0,'2012-01-19'),(928,'g',0,'2012-01-19'),(932,'g',0,'2012-01-19'),(937,'g',0,'2012-01-19'),(535,'g',0,'2012-01-20'),(1218,'g',0,'2012-01-20'),(1349,'g',0,'2012-02-24'),(1363,'g',0,'2012-01-20'),(1317,'g',0,'2012-01-22'),(953,'g',0,'2012-01-23'),(925,'g',0,'2012-01-23'),(994,'g',0,'2012-01-23'),(917,'g',0,'2012-01-23'),(910,'g',0,'2012-01-23'),(945,'g',0,'2012-01-23'),(1371,'g',0,'2012-01-23'),(1301,'g',0,'2012-01-23'),(854,'g',0,'2012-01-23'),(1367,'g',0,'2012-01-24'),(1342,'g',0,'2012-01-24'),(1208,'g',0,'2012-01-24'),(954,'g',0,'2012-01-24'),(1306,'g',0,'2012-01-24'),(911,'g',0,'2012-01-24'),(1291,'g',0,'2012-01-24'),(1320,'g',0,'2012-01-24'),(1072,'g',0,'2012-01-24'),(888,'g',0,'2012-01-24'),(884,'g',0,'2012-01-24'),(889,'g',0,'2012-01-24'),(882,'g',0,'2012-01-24'),(881,'g',0,'2012-02-24'),(886,'g',0,'2012-01-24'),(883,'g',0,'2012-01-24'),(891,'g',0,'2012-01-25'),(879,'g',0,'2012-02-24'),(878,'g',0,'2012-02-24'),(1145,'g',0,'2012-01-25'),(1202,'g',0,'2012-01-25'),(1216,'g',0,'2012-01-25'),(1212,'g',0,'2012-01-25'),(1151,'g',0,'2012-01-25'),(1152,'g',0,'2012-01-25'),(1200,'g',0,'2012-01-25'),(1150,'g',0,'2012-01-25'),(1184,'g',0,'2012-01-25'),(1203,'g',0,'2012-01-25'),(823,'g',0,'2012-01-26'),(827,'g',0,'2012-01-26'),(819,'g',0,'2012-01-26'),(825,'g',0,'2012-01-26'),(821,'g',0,'2012-01-26'),(824,'g',0,'2012-01-26'),(822,'g',0,'2012-01-26'),(826,'g',0,'2012-01-26'),(820,'g',0,'2012-01-26'),(839,'g',0,'2012-01-26'),(842,'g',0,'2012-01-26'),(832,'g',0,'2012-01-26'),(841,'g',0,'2012-01-26'),(831,'g',0,'2012-01-26'),(840,'g',0,'2012-01-26'),(830,'g',0,'2012-01-26'),(838,'g',0,'2012-01-26'),(829,'g',0,'2012-01-26'),(828,'g',0,'2012-01-26'),(279,'g',0,'2012-01-27'),(284,'g',0,'2012-01-27'),(286,'g',0,'2012-01-27'),(282,'g',0,'2012-01-27'),(288,'g',0,'2012-01-27'),(283,'g',0,'2012-01-27'),(287,'g',0,'2012-01-27'),(280,'g',0,'2012-01-27'),(285,'g',0,'2012-01-27'),(281,'g',0,'2012-01-27'),(1366,'g',0,'2012-01-29'),(1394,'g',0,'2012-01-29'),(1167,'g',0,'2012-02-01'),(1311,'g',0,'2012-02-01'),(1314,'g',0,'2012-02-01'),(1322,'g',0,'2012-02-01'),(1319,'g',0,'2012-02-01'),(1304,'g',0,'2012-02-01'),(1192,'g',0,'2012-02-03'),(1217,'g',0,'2012-02-03'),(1177,'g',0,'2012-02-03'),(1261,'g',0,'2012-02-04'),(1243,'g',0,'2012-02-04'),(1181,'g',0,'2012-02-04'),(1168,'g',0,'2012-02-04'),(1189,'g',0,'2012-02-04'),(1259,'g',0,'2012-02-04'),(1241,'g',0,'2012-02-04'),(1232,'g',0,'2012-02-04'),(1230,'g',0,'2012-02-04'),(1246,'g',0,'2012-02-04'),(1368,'g',0,'2012-02-06'),(1172,'g',0,'2012-02-06'),(1273,'g',0,'2012-02-06'),(1213,'g',0,'2012-02-06'),(1397,'g',0,'2012-02-06'),(1188,'g',0,'2012-02-06'),(1099,'g',0,'2012-02-06'),(1278,'g',0,'2012-02-06'),(1220,'g',0,'2012-02-06'),(1171,'g',0,'2012-02-06'),(1473,'g',0,'2012-02-06'),(1425,'g',0,'2012-02-08'),(1446,'g',0,'2012-02-08'),(1300,'g',0,'2012-02-08'),(1468,'g',0,'2012-02-08'),(1358,'g',0,'2012-02-08'),(1472,'g',0,'2012-02-08'),(1414,'g',0,'2012-02-08'),(968,'g',0,'2012-02-08'),(976,'g',0,'2012-02-08'),(119,'g',0,'2012-02-08'),(137,'g',0,'2012-02-08'),(139,'g',0,'2012-02-08'),(1399,'g',0,'2012-02-08'),(111,'g',0,'2012-02-08'),(1318,'g',0,'2012-02-08'),(115,'g',0,'2012-02-08'),(143,'g',0,'2012-02-08'),(142,'g',0,'2012-02-08'),(153,'g',0,'2012-02-08'),(160,'g',0,'2012-02-08'),(1402,'g',0,'2012-02-08'),(1346,'g',0,'2012-02-08'),(1344,'g',0,'2012-02-08'),(1365,'g',0,'2012-02-08'),(1316,'g',0,'2012-02-08'),(1183,'g',0,'2012-02-08'),(1372,'g',0,'2012-02-08'),(1382,'g',0,'2012-02-08'),(946,'g',0,'2012-02-08'),(967,'g',0,'2012-02-08'),(1369,'g',0,'2012-02-08'),(1401,'g',0,'2012-02-08'),(109,'g',0,'2012-02-08'),(1359,'g',0,'2012-02-08'),(1312,'g',0,'2012-02-08'),(1484,'g',0,'2012-02-08'),(1341,'g',0,'2012-02-08'),(1326,'g',0,'2012-02-08'),(1470,'g',0,'2012-02-12'),(1485,'g',0,'2012-02-12'),(1350,'g',0,'2012-02-13'),(1175,'g',0,'2012-02-15'),(1517,'g',0,'2012-02-15'),(1165,'g',0,'2012-02-15'),(1434,'g',0,'2012-02-15'),(1519,'g',0,'2012-02-15'),(1504,'g',0,'2012-02-15'),(1505,'g',0,'2012-02-16'),(952,'g',0,'2012-02-16'),(1514,'g',0,'2012-02-16'),(1477,'g',0,'2012-02-16'),(1018,'g',0,'2012-02-16'),(1395,'g',0,'2012-02-16'),(1407,'g',0,'2012-02-16'),(1480,'g',0,'2012-02-16'),(1207,'g',0,'2012-02-16'),(1211,'g',0,'2012-02-16'),(1408,'g',0,'2012-02-16'),(1511,'g',0,'2012-02-17'),(1512,'g',0,'2012-02-17'),(1520,'g',0,'2012-02-17'),(1507,'g',0,'2012-02-17'),(1518,'g',0,'2012-02-17'),(1510,'g',0,'2012-02-19'),(1481,'g',0,'2012-02-19'),(1447,'g',0,'2012-02-19'),(1440,'g',0,'2012-02-19'),(1431,'g',0,'2012-02-19'),(1242,'g',0,'2012-02-20'),(1476,'g',0,'2012-02-20'),(1457,'g',0,'2012-02-20'),(1474,'g',0,'2012-02-20'),(1436,'g',0,'2012-02-20'),(1398,'g',0,'2012-02-20'),(1487,'g',0,'2012-02-20'),(1501,'g',0,'2012-02-20'),(1453,'g',0,'2012-02-20'),(1471,'g',0,'2012-02-20'),(1442,'g',0,'2012-02-20'),(1325,'g',0,'2012-02-20'),(1376,'g',0,'2012-02-20'),(1356,'g',0,'2012-02-20'),(1483,'g',0,'2012-02-20'),(1173,'g',0,'2012-02-20'),(1205,'g',0,'2012-02-20'),(1210,'g',0,'2012-02-20'),(1430,'g',0,'2012-02-20'),(1412,'g',0,'2012-02-20'),(1370,'g',0,'2012-02-20'),(1509,'g',0,'2012-02-20'),(1231,'g',0,'2012-02-20'),(1437,'g',0,'2012-02-20'),(1443,'g',0,'2012-02-20'),(1074,'g',0,'2012-02-21'),(1088,'g',0,'2012-02-21'),(1461,'g',0,'2012-02-21'),(1416,'g',0,'2012-02-21'),(1489,'g',0,'2012-02-21'),(1516,'g',0,'2012-02-21'),(1085,'g',0,'2012-02-21'),(1508,'g',0,'2012-02-21'),(1486,'g',0,'2012-02-21'),(1424,'g',0,'2012-02-21'),(1248,'g',0,'2012-02-21'),(1240,'g',0,'2012-02-21'),(1249,'g',0,'2012-02-21'),(1199,'g',0,'2012-02-21'),(1478,'g',0,'2012-02-21'),(1195,'g',0,'2012-02-21'),(1179,'g',0,'2012-02-21'),(1237,'g',0,'2012-02-21'),(1268,'g',0,'2012-02-21'),(1345,'g',0,'2012-02-21'),(1422,'g',0,'2012-02-21'),(1321,'g',0,'2012-02-21'),(1406,'g',0,'2012-02-21'),(1277,'g',0,'2012-02-21'),(1452,'g',0,'2012-02-21'),(517,'g',0,'2012-02-21'),(1513,'g',0,'2012-02-21'),(1229,'g',0,'2012-02-21'),(1309,'g',0,'2012-02-21'),(1279,'g',0,'2012-02-21'),(1456,'g',0,'2012-02-22'),(1445,'g',0,'2012-02-22'),(1411,'g',0,'2012-02-22'),(1460,'g',0,'2012-02-22'),(1502,'g',0,'2012-02-22'),(1439,'g',0,'2012-02-22'),(1418,'g',0,'2012-02-22'),(1467,'g',0,'2012-02-22'),(1462,'g',0,'2012-02-22'),(1464,'g',0,'2012-02-22'),(1450,'g',0,'2012-02-22'),(1479,'g',0,'2012-02-22'),(1444,'g',0,'2012-02-22'),(992,'g',0,'2012-02-24'),(1305,'g',0,'2012-02-24'),(969,'g',0,'2012-02-24'),(1233,'g',0,'2012-02-24'),(1380,'g',0,'2012-02-24'),(991,'g',0,'2012-02-25'),(1020,'g',0,'2012-02-25'),(1283,'g',0,'2012-02-25'),(1180,'g',0,'2012-02-25'),(1310,'g',0,'2012-02-25'),(1302,'g',0,'2012-02-25'),(1348,'g',0,'2012-02-25'),(1455,'g',0,'2012-02-25'),(993,'g',0,'2012-02-25'),(1426,'g',0,'2012-02-25'),(1284,'g',0,'2012-02-25'),(1196,'g',0,'2012-02-25'),(1488,'g',0,'2012-02-25'),(1463,'g',0,'2012-02-25'),(1454,'g',0,'2012-02-25'),(277,'g',0,'2012-02-25'),(1227,'g',0,'2012-02-25'),(295,'g',0,'2012-02-25'),(293,'g',0,'2012-02-25'),(297,'g',0,'2012-02-25'),(298,'g',0,'2012-02-25'),(276,'g',0,'2012-02-25'),(1146,'g',0,'2012-02-25'),(1448,'g',0,'2012-02-25'),(1466,'g',0,'2012-02-25'),(1178,'g',0,'2012-02-25'),(294,'g',0,'2012-02-25'),(274,'g',0,'2012-02-25'),(1095,'g',0,'2012-02-25'),(1441,'g',0,'2012-02-25'),(1147,'g',0,'2012-02-25'),(1226,'g',0,'2012-02-25'),(1100,'g',0,'2012-02-25'),(272,'g',0,'2012-02-25'),(278,'g',0,'2012-02-25'),(1521,'g',0,'2012-02-26'),(273,'g',0,'2012-02-26'),(1315,'g',0,'2012-02-26'),(1433,'g',0,'2012-02-26'),(1410,'g',0,'2012-02-26'),(1459,'g',0,'2012-02-26'),(1214,'g',0,'2012-02-26'),(1405,'g',0,'2012-02-26'),(1420,'g',0,'2012-02-26'),(292,'g',0,'2012-02-26'),(296,'g',0,'2012-02-26'),(1347,'g',0,'2012-02-26'),(1266,'g',0,'2012-02-26'),(1449,'g',0,'2012-02-26'),(275,'g',0,'2012-02-26'),(1364,'g',0,'2012-02-26'),(1222,'g',0,'2012-02-27'),(1378,'g',0,'2012-02-27'),(1524,'g',0,'2012-02-27'),(1289,'g',0,'2012-02-27'),(1361,'g',0,'2012-02-27'),(1375,'g',0,'2012-02-27'),(1362,'g',0,'2012-02-27'),(1377,'g',0,'2012-02-27'),(1206,'g',0,'2012-02-27'),(1324,'g',0,'2012-02-27'),(1419,'g',0,'2012-02-27'),(1423,'g',0,'2012-02-28'),(1541,'g',0,'2012-02-29'),(1538,'g',0,'2012-02-29'),(1530,'g',0,'2012-02-29'),(1536,'g',0,'2012-02-29'),(982,'g',0,'2012-02-29'),(1531,'g',0,'2012-03-01'),(1529,'g',0,'2012-03-02'),(914,'g',0,'2012-03-02'),(1506,'g',0,'2012-03-02'),(921,'g',0,'2012-03-02'),(1526,'g',0,'2012-03-02'),(336,'g',0,'2012-03-02'),(922,'g',0,'2012-03-02'),(1482,'g',0,'2012-03-03'),(913,'g',0,'2012-03-03'),(338,'g',0,'2012-03-03'),(1544,'g',0,'2012-03-03'),(335,'g',0,'2012-03-03'),(333,'g',0,'2012-03-03'),(1532,'g',0,'2012-03-03'),(1503,'g',0,'2012-03-03'),(334,'g',0,'2012-03-03'),(923,'g',0,'2012-03-04'),(1537,'g',0,'2012-03-05'),(1547,'g',0,'2012-03-05'),(1543,'g',0,'2012-03-05'),(1253,'g',0,'2012-03-06'),(1250,'g',0,'2012-03-06'),(1428,'g',0,'2012-03-06'),(1260,'g',0,'2012-03-06'),(1257,'g',0,'2012-03-06'),(1379,'g',0,'2012-03-06'),(1234,'g',0,'2012-03-06'),(1264,'g',0,'2012-03-06'),(1409,'g',0,'2012-03-06'),(1323,'g',0,'2012-03-06'),(1557,'g',0,'2012-03-06'),(1438,'g',0,'2012-03-06'),(1413,'g',0,'2012-03-06'),(1417,'g',0,'2012-03-06'),(1292,'g',0,'2012-03-06');

--
-- Table structure for table `idx_paid_listing`
--

CREATE TABLE `idx_paid_listing` (
  `link_id` mediumint(9) unsigned NOT NULL default '0',
  `premium` char(1) default NULL,
  `sponsored` char(1) default NULL,
  `expire` datetime default NULL,
  `paid` char(1) default NULL,
  PRIMARY KEY  (`link_id`)
) ENGINE=MyISAM DEFAULT CHARSET=latin1;

--
-- Dumping data for table `idx_paid_listing`
--


--
-- Table structure for table `idx_payment_gateway`
--

CREATE TABLE `idx_payment_gateway` (
  `payment_gateway_id` int(11) NOT NULL auto_increment,
  `name` varchar(100) default NULL,
  `enable` char(1) default NULL,
  `setting` text,
  `invoice_html` text,
  PRIMARY KEY  (`payment_gateway_id`)
) ENGINE=MyISAM AUTO_INCREMENT=9 DEFAULT CHARSET=latin1;

--
-- Dumping data for table `idx_payment_gateway`
--

INSERT INTO `idx_payment_gateway` VALUES (1,'paypal','1','a:2:{s:13:\"payment_email\";s:0:\"\";s:21:\"enable_paypal_sandbox\";s:1:\"0\";}','<p> \r\n	<a href=\'paynow.php?id={$invoice_id}&m=paypal\'><img src=\'http://www.paypal.com/images/x-click-but02.gif\' border=\'0\' alt=\'Make payments with PayPal - it is fast, free and secure!\' /></a> \r\n</p>\r\n'),(2,'2co','0','a:6:{s:6:\"co_sid\";s:5:\"84932\";s:9:\"co_secret\";s:5:\"tango\";s:12:\"co_recurring\";s:1:\"0\";s:9:\"co_prod_1\";s:6:\"100.00\";s:9:\"co_prod_2\";s:6:\"250.00\";s:9:\"co_prod_3\";s:6:\"400.00\";}','<p>\r\n<a href=\'paynow.php?id={$invoice_id}&m=2co\'><img src=\'http://www.2checkout.com/images/overview/btns/25.jpg\' alt=\'Pay Now with 2checkout...\' border=\'0\' /></a> \r\n</p>'),(3,'authorizenet','0','a:2:{s:21:\"authorizenet_login_id\";s:0:\"\";s:21:\"authorizenet_tran_key\";s:0:\"\";}','<p> \r\n<a href=\'paynow.php?id={$invoice_id}&m=authorizenet\'><img src=\'http://www.authorize.net/upload/images/Images/Header/authorizenet_logo.gif\' alt=\'Pay Now with Authorize.Net...\' width=\'99\' height=\'39\' style=\'{border : 1px solid #c0c0c0;}\' /></a>\r\n</p>'),(4,'egold','0','a:2:{s:19:\"egold_payee_account\";s:0:\"\";s:16:\"egold_payee_name\";s:0:\"\";}','<p> \r\n<a href=\'paynow.php?id={$invoice_id}&m=egold\'>\r\n<img src=\'http://www.e-gold.com/gif/paywith.gif\' border=\'0\' alt=\'Pay Now with e-gold...\' />\r\n</a>\r\n</p>'),(5,'moneybookers','0','a:1:{s:18:\"moneybookers_email\";s:0:\"\";}','<p> \r\n<a href=\'paynow.php?id={$invoice_id}&m=paypal\'><img src=\'http://www.moneybookers.com/images/banners/88_en_mb.gif\' border=\'0\' alt=\'Make payments with Moneybookers - it is fast, free and secure!\' /></a> \r\n</p>'),(6,'paypal-subscriptions','0','a:2:{s:13:\"payment_email\";s:0:\"\";s:21:\"enable_paypal_sandbox\";s:1:\"0\";}','<p> \r\n<a href=\'paynow.php?id={$invoice_id}&m=paypal\'><img src=\'https://www.paypal.com/en_US/i/btn/x-click-but20.gif\' border=\'0\' alt=\'Make payments with PayPal - it is fast, free and secure!\' /></a> \r\n</p>'),(7,'alertpay','0','a:2:{s:14:\"alertpay_email\";s:0:\"\";s:23:\"enable_alertpay_sandbox\";s:1:\"0\";}','<p> \r\n<a href=\'paynow.php?id={$invoice_id}&m=alertpay\'>\r\n<img src=\'https://www.alertpay.com/Images/BuyNow/pay_now_3.gif\' border=\'0\' alt=\'Make payments with PayPal - it is fast, free and secure!\' /></a> \r\n</p>'),(8,'alertpay-subcriptions','0','a:2:{s:14:\"alertpay_email\";s:0:\"\";s:23:\"enable_alertpay_sandbox\";s:1:\"0\";}','<p>\r\n<a href=\'paynow.php?id={$invoice_id}&m=alertpay-subcriptions\'>\r\n<img src=\'https://www.alertpay.com/Images/BuyNow/subscribe_now_15.gif\' border=\'0\' alt=\'Make payments with Alert Pay - it is fast, free and secure!\' /></a> \r\n</p>');

--
-- Table structure for table `idx_payment_history`
--

CREATE TABLE `idx_payment_history` (
  `payment_id` int(10) unsigned NOT NULL auto_increment,
  `contact_name` varchar(255) default NULL,
  `email` varchar(255) default NULL,
  `type` varchar(255) default NULL,
  `detail` text,
  `amount` double default NULL,
  `time` datetime default NULL,
  `invoice_id` varchar(10) default NULL,
  PRIMARY KEY  (`payment_id`)
) ENGINE=MyISAM DEFAULT CHARSET=latin1;

--
-- Dumping data for table `idx_payment_history`
--


--
-- Table structure for table `idx_pl_sociable`
--

CREATE TABLE `idx_pl_sociable` (
  `sb_id` int(11) NOT NULL auto_increment,
  `sb_name` varchar(255) character set utf8 default NULL,
  `sb_url` varchar(255) character set utf8 default NULL,
  `sb_icon` varchar(255) character set utf8 default NULL,
  `sb_enable` char(1) character set utf8 default '0',
  PRIMARY KEY  (`sb_id`)
) ENGINE=MyISAM AUTO_INCREMENT=90 DEFAULT CHARSET=latin1;

--
-- Dumping data for table `idx_pl_sociable`
--

INSERT INTO `idx_pl_sociable` VALUES (1,'BarraPunto','http://barrapunto.com/submit.pl?subj=TITLE&amp;story=PERMALINK','barrapunto.png','0'),(2,'Bitacoras.com','http://bitacoras.com/anotaciones/PERMALINK','bitacoras.png','0'),(3,'BlinkList','http://www.blinklist.com/index.php?Action=Blink/addblink.php&amp;Url=PERMALINK&amp;Title=TITLE','blinklist.png','0'),(4,'blogmarks','http://blogmarks.net/my/new.php?mini=1&amp;simple=1&amp;url=PERMALINK&amp;title=TITLE','blogmarks.png','0'),(5,'Blogosphere News','http://www.blogospherenews.com/submit.php?url=PERMALINK&amp;title=TITLE','blogospherenews.png','0'),(6,'blogtercimlap','http://cimlap.blogter.hu/index.php?action=suggest_link&amp;title=TITLE&amp;url=PERMALINK','blogter.png','0'),(7,'Faves','http://faves.com/Authoring.aspx?u=PERMALINK&amp;title=TITLE','bluedot.png','0'),(8,'connotea','http://www.connotea.org/addpopup?continue=confirm&amp;uri=PERMALINK&amp;title=TITLE&amp;description=EXCERPT','connotea.png','0'),(9,'Current','http://current.com/clipper.htm?url=PERMALINK&amp;title=TITLE','current.png','0'),(10,'del.icio.us','http://delicious.com/post?url=PERMALINK&amp;title=TITLE&amp;notes=EXCERPT','delicious.png','0'),(11,'Digg','http://digg.com/submit?phase=2&amp;url=PERMALINK&amp;title=TITLE&amp;bodytext=EXCERPT','digg.png','1'),(12,'Diigo','http://www.diigo.com/post?url=PERMALINK&amp;title=TITLE','diigo.png','0'),(13,'DotNetKicks','http://www.dotnetkicks.com/kick/?url=PERMALINK&amp;title=TITLE','dotnetkicks.png','0'),(14,'DZone','http://www.dzone.com/links/add.html?url=PERMALINK&amp;title=TITLE','dzone.png','0'),(15,'eKudos','http://www.ekudos.nl/artikel/nieuw?url=PERMALINK&amp;title=TITLE&amp;desc=EXCERPT','ekudos.png','0'),(16,'email','mailto:?subject=TITLE&amp;body=PERMALINK','email_link.png','0'),(17,'Facebook','http://www.facebook.com/share.php?u=PERMALINK&amp;t=TITLE','facebook.png','1'),(18,'Fark','http://cgi.fark.com/cgi/fark/farkit.pl?h=TITLE&amp;u=PERMALINK','fark.png','0'),(19,'Fleck','http://beta3.fleck.com/bookmarklet.php?url=PERMALINK&amp;title=TITLE','fleck.png','0'),(20,'FriendFeed','http://www.friendfeed.com/share?title=TITLE&amp;link=PERMALINK','friendfeed.png','0'),(21,'FSDaily','http://www.fsdaily.com/submit?url=PERMALINK&amp;title=TITLE','fsdaily.png','0'),(22,'Global Grind','http://globalgrind.com/submission/submit.aspx?url=PERMALINK&amp;type=Article&amp;title=TITLE','globalgrind.png','0'),(23,'Google','http://www.google.com/bookmarks/mark?op=edit&amp;bkmk=PERMALINK&amp;title=TITLE&amp;annotation=EXCERPT','googlebookmark.png','0'),(24,'Gwar','http://www.gwar.pl/DodajGwar.html?u=PERMALINK','gwar.png','0'),(25,'HackerNews','http://news.ycombinator.com/submitlink?u=PERMALINK&amp;t=TITLE','hackernews.png','0'),(26,'Haohao','http://www.haohaoreport.com/submit.php?url=PERMALINK&amp;title=TITLE','haohao.png','0'),(27,'HealthRanker','http://healthranker.com/submit.php?url=PERMALINK&amp;title=TITLE','healthranker.png','0'),(28,'HelloTxt','http://hellotxt.com/?status=TITLE+PERMALINK','hellotxt.png','0'),(29,'Hemidemi','http://www.hemidemi.com/user_bookmark/new?title=TITLE&amp;url=PERMALINK','hemidemi.png','0'),(30,'Hyves','http://www.hyves.nl/profilemanage/add/tips/?name=TITLE&amp;text=EXCERPT+PERMALINK&amp;rating=5','hyves.png','0'),(31,'Identi.ca','http://identi.ca/notice/new?status_textarea=PERMALINK','identica.png','0'),(32,'IndianPad','http://www.indianpad.com/submit.php?url=PERMALINK','indianpad.png','0'),(33,'Internetmedia','http://internetmedia.hu/submit.php?url=PERMALINK','im.png','0'),(34,'Kirtsy','http://www.kirtsy.com/submit.php?url=PERMALINK&amp;title=TITLE','kirtsy.png','0'),(35,'laaik.it','http://laaik.it/NewStoryCompact.aspx?uri=PERMALINK&amp;headline=TITLE&amp;cat=5e082fcc-8a3b-47e2-acec-fdf64ff19d12','laaikit.png','0'),(36,'LinkArena','http://linkarena.com/bookmarks/addlink/?url=PERMALINK&amp;title=TITLE','linkarena.png','0'),(37,'LinkaGoGo','http://www.linkagogo.com/go/AddNoPopup?url=PERMALINK&amp;title=TITLE','linkagogo.png','0'),(38,'LinkedIn','http://www.linkedin.com/shareArticle?mini=true&amp;url=PERMALINK&amp;title=TITLE&amp;source=BLOGNAME&amp;summary=EXCERPT','linkedin.png','0'),(39,'Linkter','http://www.linkter.hu/index.php?action=suggest_link&amp;url=PERMALINK&amp;title=TITLE','linkter.png','0'),(40,'Live','https://favorites.live.com/quickadd.aspx?marklet=1&amp;url=PERMALINK&amp;title=TITLE','live.png','0'),(41,'Meneame','http://meneame.net/submit.php?url=PERMALINK','meneame.png','0'),(42,'MisterWong','http://www.mister-wong.com/addurl/?bm_url=PERMALINK&amp;bm_description=TITLE&amp;plugin=soc','misterwong.png','0'),(43,'MisterWong.DE','http://www.mister-wong.de/addurl/?bm_url=PERMALINK&amp;bm_description=TITLE&amp;plugin=soc','misterwong.png','0'),(44,'Mixx','http://www.mixx.com/submit?page_url=PERMALINK&amp;title=TITLE','mixx.png','0'),(45,'muti','http://www.muti.co.za/submit?url=PERMALINK&amp;title=TITLE','muti.png','0'),(46,'MyShare','http://myshare.url.com.tw/index.php?func=newurl&amp;url=PERMALINK&amp;desc=TITLE','myshare.png','0'),(47,'MySpace','http://www.myspace.com/Modules/PostTo/Pages/?u=PERMALINK&amp;t=TITLE','myspace.png','0'),(48,'MSNReporter','http://reporter.nl.msn.com/?fn=contribute&amp;Title=TITLE&amp;URL=PERMALINK&amp;cat_id=6&amp;tag_id=31&amp;Remark=EXCERPT','msnreporter.png','0'),(49,'N4G','http://www.n4g.com/tips.aspx?url=PERMALINK&amp;title=TITLE','n4g.png','0'),(50,'Netvibes','http://www.netvibes.com/share?title=TITLE&amp;url=PERMALINK','netvibes.png','0'),(51,'NewsVine','http://www.newsvine.com/_tools/seed&amp;save?u=PERMALINK&amp;h=TITLE','newsvine.png','0'),(52,'Netvouz','http://www.netvouz.com/action/submitBookmark?url=PERMALINK&amp;title=TITLE&amp;popup=no','netvouz.png','0'),(53,'NuJIJ','http://nujij.nl/jij.lynkx?t=TITLE&amp;u=PERMALINK&amp;b=EXCERPT','nujij.png','0'),(54,'Ping.fm','http://ping.fm/ref/?link=PERMALINK&amp;title=TITLE&amp;body=EXCERPT','ping.png','0'),(55,'Posterous','http://posterous.com/share?linkto=PERMALINK&amp;title=TITLE&amp;selection=EXCERPT','posterous.png','0'),(56,'PDF','http://www.printfriendly.com/print?url=PERMALINK&amp;partner=sociable','pdf.png','0'),(57,'Print','http://www.printfriendly.com/print?url=PERMALINK&amp;partner=sociable','printfriendly.png','0'),(58,'Propeller','http://www.propeller.com/submit/?url=PERMALINK','propeller.png','0'),(59,'Ratimarks','http://ratimarks.org/bookmarks.php/?action=add&address=PERMALINK&amp;title=TITLE','ratimarks.png','0'),(60,'Rec6','http://rec6.via6.com/link.php?url=PERMALINK&amp;=TITLE','rec6.png','0'),(61,'Reddit','http://reddit.com/submit?url=PERMALINK&amp;title=TITLE','reddit.png','0'),(62,'RSS','FEEDLINK','rss.png','0'),(63,'Scoopeo','http://www.scoopeo.com/scoop/new?newurl=PERMALINK&amp;title=TITLE','scoopeo.png','0'),(64,'Segnalo','http://segnalo.alice.it/post.html.php?url=PERMALINK&amp;title=TITLE','segnalo.png','0'),(65,'Simpy','http://www.simpy.com/simpy/LinkAdd.do?href=PERMALINK&amp;title=TITLE','simpy.png','0'),(66,'Slashdot','http://slashdot.org/bookmark.pl?title=TITLE&amp;url=PERMALINK','slashdot.png','0'),(67,'Socialogs','http://socialogs.com/add_story.php?story_url=PERMALINK&amp;story_title=TITLE','socialogs.png','0'),(68,'SphereIt','http://www.sphere.com/search?q=sphereit:PERMALINK&amp;title=TITLE','sphere.png','0'),(69,'Sphinn','http://sphinn.com/index.php?c=post&amp;m=submit&amp;link=PERMALINK','sphinn.png','0'),(70,'StumbleUpon','http://www.stumbleupon.com/submit?url=PERMALINK&amp;title=TITLE','stumbleupon.png','0'),(71,'Techmeme','http://twitter.com/home/?status=tip%20@Techmeme%20PERMALINK%20TITLE','techmeme.png','0'),(72,'Technorati','http://technorati.com/faves?add=PERMALINK','technorati.png','1'),(73,'ThisNext','http://www.thisnext.com/pick/new/submit/sociable/?url=PERMALINK&amp;name=TITLE','thisnext.png','0'),(74,'Tipd','http://tipd.com/submit.php?url=PERMALINK','tipd.png','0'),(75,'Tumblr','http://www.tumblr.com/share?v=3&amp;u=PERMALINK&amp;t=TITLE&amp;s=EXCERPT','tumblr.png','0'),(76,'Twitter','http://twitter.com/home?status=TITLE%20-%20PERMALINK','twitter.png','1'),(77,'Upnews','http://www.upnews.it/submit?url=PERMALINK&amp;title=TITLE','upnews.png','0'),(78,'Webnews.de','http://www.webnews.de/einstellen?url=PERMALINK&amp;title=TITLE','webnews.png','0'),(79,'Webride','http://webride.org/discuss/split.php?uri=PERMALINK&amp;title=TITLE','webride.png','0'),(80,'Wikio','http://www.wikio.com/vote?url=PERMALINK','wikio.png','0'),(81,'Wikio FR','http://www.wikio.fr/vote?url=PERMALINK','wikio.png','0'),(82,'Wikio IT','http://www.wikio.it/vote?url=PERMALINK','wikio.png','0'),(83,'Wists','http://wists.com/s.php?c=&amp;r=PERMALINK&amp;title=TITLE','wists.png','0'),(84,'Wykop','http://www.wykop.pl/dodaj?url=PERMALINK','wykop.png','0'),(85,'Xerpi','http://www.xerpi.com/block/add_link_from_extension?url=PERMALINK&amp;title=TITLE','xerpi.png','0'),(86,'YahooBuzz','http://buzz.yahoo.com/submit/?submitUrl=PERMALINK&amp;submitHeadline=TITLE&amp;submitSummary=EXCERPT&amp;submitCategory=science&amp;submitAssetType=text','yahoobuzz.png','0'),(87,'Yahoo! Bookmarks','http://bookmarks.yahoo.com/toolbar/savebm?u=PERMALINK&amp;t=TITLE&opener=bm&amp;ei=UTF-8&amp;d=EXCERPT','yahoomyweb.png','0'),(88,'Yigg','http://yigg.de/neu?exturl=PERMALINK&amp;exttitle=TITLE','yiggit.png','0'),(89,'Blogplay','http://blogplay.com','blogplay.png','0');

--
-- Table structure for table `idx_pl_twitter_account`
--

CREATE TABLE `idx_pl_twitter_account` (
  `ck` varchar(255) character set utf8 default NULL,
  `cs` varchar(255) character set utf8 default NULL,
  `at` varchar(255) character set utf8 default NULL,
  `ats` varchar(255) character set utf8 default NULL
) ENGINE=MyISAM DEFAULT CHARSET=latin1;

--
-- Dumping data for table `idx_pl_twitter_account`
--

INSERT INTO `idx_pl_twitter_account` VALUES ('qVzODyi3ogW4e9Q4yeskQ','HaGr3fYK97Qf3TZ8NRDPfVp898lZ9m2L3JQvkGEA','https://api.twitter.com/oauth/authorize','https://api.twitter.com/oauth/access_token');

--
-- Table structure for table `idx_plugin`
--

CREATE TABLE `idx_plugin` (
  `plugin_id` int(11) NOT NULL auto_increment,
  `name` varchar(255) default NULL,
  `plugin_file` varchar(255) default NULL,
  `status` enum('0','1') default NULL,
  `option_plugin` text,
  PRIMARY KEY  (`plugin_id`)
) ENGINE=MyISAM AUTO_INCREMENT=3 DEFAULT CHARSET=latin1;

--
-- Dumping data for table `idx_plugin`
--

INSERT INTO `idx_plugin` VALUES (1,'AutoTweet','twitter_auto_tweet/twitter_auto_tweet.php','1',NULL),(2,'Sociable','sociable/sociable.php','1',NULL);

--
-- Table structure for table `idx_review`
--

CREATE TABLE `idx_review` (
  `review_id` mediumint(9) unsigned NOT NULL auto_increment,
  `link_id` mediumint(9) unsigned NOT NULL default '0',
  `review` text NOT NULL,
  `rating` tinyint(3) unsigned NOT NULL default '0',
  `date` date NOT NULL default '0000-00-00',
  `subject` varchar(100) default NULL,
  `status` char(1) default NULL,
  `username` varchar(20) default NULL,
  `name` varchar(20) default NULL,
  `email` varchar(100) default NULL,
  PRIMARY KEY  (`review_id`)
) ENGINE=MyISAM DEFAULT CHARSET=latin1;

--
-- Dumping data for table `idx_review`
--


--
-- Table structure for table `idx_searchlog`
--

CREATE TABLE `idx_searchlog` (
  `keyword` varchar(100) NOT NULL default '',
  `time` datetime NOT NULL default '0000-00-00 00:00:00',
  `result` mediumint(9) unsigned default NULL,
  `ip` varchar(100) default NULL
) ENGINE=MyISAM DEFAULT CHARSET=latin1;

--
-- Dumping data for table `idx_searchlog`
--

INSERT INTO `idx_searchlog` VALUES ('bailey carpets','2011-11-30 15:09:13',0,'94.0.200.100'),('sexshop','2011-12-04 22:59:34',0,'77.253.162.157'),('poised concierge','2011-12-07 23:04:28',0,'90.195.181.115'),('pest control','2011-12-14 16:00:30',11,'82.132.248.33'),('shawcoremodeling.com','2012-01-20 08:45:38',1,'203.92.47.195'),('iPhone4s','2012-01-30 11:30:25',0,'212.183.128.179'),('http://www.danakeithdds.com','2012-02-29 11:53:35',2,'203.92.47.195');

--
-- Table structure for table `idx_set_hook_place`
--

CREATE TABLE `idx_set_hook_place` (
  `set_hook_place_id` int(11) NOT NULL auto_increment,
  `plugin` varchar(255) default NULL,
  `set_hook_place` text,
  PRIMARY KEY  (`set_hook_place_id`)
) ENGINE=MyISAM DEFAULT CHARSET=latin1;

--
-- Dumping data for table `idx_set_hook_place`
--


--
-- Table structure for table `idx_setting`
--

CREATE TABLE `idx_setting` (
  `setting_id` int(11) NOT NULL auto_increment,
  `setting_name` varchar(255) default NULL,
  `setting_value` text,
  PRIMARY KEY  (`setting_id`)
) ENGINE=MyISAM AUTO_INCREMENT=55 DEFAULT CHARSET=latin1;

--
-- Dumping data for table `idx_setting`
--

INSERT INTO `idx_setting` VALUES (4,'site_name','killerlinkx.com'),(5,'site_url','http://killerlinkx.com'),(6,'email_address','killerlinkx@yahoo.com'),(7,'language_code','en_US'),(8,'theme_path','/home/illerli/public_html/themes/'),(9,'admin_template_path','/home/illerli/public_html/admin_tpl/'),(10,'plugin_path','/home/illerli/public_html/plugin/'),(12,'active_theme','killerlinkx'),(14,'spam_proof','1'),(15,'enable_user_validation','1'),(16,'allowed_file_extension','gif,jpg,png,pdf,zip,doc'),(17,'yahoo_appid',''),(18,'whosonline','600'),(19,'reciprocal_check','0'),(20,'urlcheck_limit','1'),(21,'pagerank_cache','30'),(22,'max_image_width','1024'),(23,'max_image_height','756'),(24,'max_file_size','500'),(25,'only_registered_can_add_link','0'),(26,'only_registered_can_add_review','0'),(27,'db_use_persistent','0'),(28,'paid_link_day_period','30,60,90,180'),(29,'paid_link_price_factor','1,1.5,2,3'),(30,'enable_html_tag','1'),(31,'allowed_html_tag','<b>,<strong>,<i>,<em>,<u>,<pre>,<blockquote>,<ol>,<ul>,<li>,<p>,<span>,<div>,<table>,<tr>,<td>'),(32,'enable_page_compression','0'),(33,'enable_category_ajax','1'),(34,'require_visit_category','0'),(35,'additional_category_price','0.5'),(36,'enable_rating_ajax','1'),(37,'service_nicecoder_avail','1'),(38,'enable_recaptcha','0'),(39,'recaptcha_publickey',''),(40,'recaptcha_privatekey',''),(41,'enable_bidding','0'),(42,'minimum_bid','5'),(43,'bid_increament','1'),(44,'charset','utf-8'),(45,'mailer','mail'),(46,'smtp_auth','0'),(47,'smtp_host',''),(48,'smtp_username',''),(49,'smtp_password',''),(50,'smtp_port','25'),(51,'emailbody_as_html','0'),(52,'indexu_version','2.4'),(53,'tos',''),(54,'submission_guidelines','');

--
-- Table structure for table `idx_tags`
--

CREATE TABLE `idx_tags` (
  `tag` varchar(64) NOT NULL default '',
  `category_id` mediumint(8) unsigned NOT NULL default '0',
  `total` int(11) NOT NULL default '0',
  `tag_path` varchar(64) NOT NULL,
  PRIMARY KEY  (`tag`,`category_id`)
) ENGINE=MyISAM DEFAULT CHARSET=latin1;

--
-- Dumping data for table `idx_tags`
--


--
-- Table structure for table `idx_unavailable`
--

CREATE TABLE `idx_unavailable` (
  `idx_unavailable` int(11) NOT NULL auto_increment,
  `link_id` int(11) default NULL,
  `url` varchar(255) default NULL,
  `who_is` varchar(255) default NULL,
  `note` text,
  `date` datetime default NULL,
  PRIMARY KEY  (`idx_unavailable`)
) ENGINE=MyISAM DEFAULT CHARSET=latin1;

--
-- Dumping data for table `idx_unavailable`
--


--
-- Table structure for table `idx_unavailable_latest`
--

CREATE TABLE `idx_unavailable_latest` (
  `idx_link` int(11) default NULL,
  `record_execution` int(11) default NULL
) ENGINE=MyISAM DEFAULT CHARSET=latin1;

--
-- Dumping data for table `idx_unavailable_latest`
--


--
-- Table structure for table `idx_votes`
--

CREATE TABLE `idx_votes` (
  `link_id` mediumint(9) NOT NULL default '0',
  `ip` varchar(100) default NULL,
  `value` tinyint(4) default NULL
) ENGINE=MyISAM DEFAULT CHARSET=latin1;

--
-- Dumping data for table `idx_votes`
--



