--
-- Host: klassyweb.com    Database: klassywe_klass
-- ------------------------------------------------------


--
-- Table structure for table `directory_save_data`
--

CREATE TABLE `directory_save_data` (
  `id` bigint(100) NOT NULL AUTO_INCREMENT,
  `schedule_id` bigint(100) NOT NULL,
  `project_id` bigint(100) NOT NULL,
  `link_id` bigint(100) NOT NULL,
  `confirm_link` text NOT NULL,
  `category_id` int(10) NOT NULL,
  `category_name` varchar(150) NOT NULL,
  PRIMARY KEY (`id`)
) ENGINE=InnoDB DEFAULT CHARSET=latin1;

--
-- Dumping data for table `directory_save_data`
--


--
-- Table structure for table `idx_admin_menu`
--

CREATE TABLE `idx_admin_menu` (
  `menu_id` int(11) NOT NULL AUTO_INCREMENT,
  `parent_id` int(11) DEFAULT NULL,
  `menu_title` varchar(255) DEFAULT NULL,
  `menu_url` varchar(255) DEFAULT NULL,
  `order_number` int(11) DEFAULT NULL,
  PRIMARY KEY (`menu_id`)
) ENGINE=MyISAM AUTO_INCREMENT=85 DEFAULT CHARSET=latin1;

--
-- Dumping data for table `idx_admin_menu`
--



--
-- Table structure for table `idx_bad_link`
--

CREATE TABLE `idx_bad_link` (
  `bad_link_id` mediumint(9) unsigned NOT NULL AUTO_INCREMENT,
  `link_id` mediumint(9) unsigned NOT NULL DEFAULT '0',
  `name` varchar(50) NOT NULL DEFAULT '',
  `email` varchar(50) NOT NULL DEFAULT '',
  `type` tinyint(3) unsigned NOT NULL DEFAULT '0',
  `date` date NOT NULL DEFAULT '0000-00-00',
  PRIMARY KEY (`bad_link_id`)
) ENGINE=MyISAM DEFAULT CHARSET=latin1;

--
-- Dumping data for table `idx_bad_link`
--


--
-- Table structure for table `idx_badwords`
--

CREATE TABLE `idx_badwords` (
  `word` varchar(100) NOT NULL DEFAULT ''
) ENGINE=MyISAM DEFAULT CHARSET=latin1;

--
-- Dumping data for table `idx_badwords`
--


--
-- Table structure for table `idx_blocked_domain`
--

CREATE TABLE `idx_blocked_domain` (
  `blocked_id` int(11) NOT NULL AUTO_INCREMENT,
  `blocked` varchar(255) DEFAULT NULL,
  `type` enum('domain','ip') DEFAULT NULL,
  PRIMARY KEY (`blocked_id`)
) ENGINE=MyISAM AUTO_INCREMENT=6 DEFAULT CHARSET=latin1;

--
-- Dumping data for table `idx_blocked_domain`
--

INSERT INTO `idx_blocked_domain` VALUES (1,'buydomains.com','domain'),(2,'this-domain-for-sale.com ','domain'),(3,'oversee.net','domain'),(4,'eNom','domain'),(5,'sedoparking.com','domain');

--
-- Table structure for table `idx_category`
--

CREATE TABLE `idx_category` (
  `category_id` mediumint(9) unsigned NOT NULL AUTO_INCREMENT,
  `parent_id` mediumint(9) unsigned NOT NULL DEFAULT '0',
  `name` varchar(100) NOT NULL DEFAULT '',
  `description` text NOT NULL,
  `image` varchar(100) DEFAULT NULL,
  `content` text,
  `visible` char(1) DEFAULT NULL,
  `links` mediumint(9) DEFAULT NULL,
  `meta_keyword` text,
  `meta_description` text,
  `permission` char(2) DEFAULT NULL,
  `registered_only` char(1) DEFAULT NULL,
  `header` text NOT NULL,
  `footer` text NOT NULL,
  `related` mediumint(6) NOT NULL DEFAULT '0',
  `page_title` varchar(200) NOT NULL DEFAULT '',
  `hits` int(11) NOT NULL DEFAULT '0',
  `order_num` smallint(6) NOT NULL DEFAULT '0',
  `basic_price` double unsigned NOT NULL DEFAULT '0',
  `premium_price` double unsigned NOT NULL DEFAULT '0',
  `sponsored_price` double unsigned NOT NULL DEFAULT '0',
  PRIMARY KEY (`category_id`)
) ENGINE=MyISAM AUTO_INCREMENT=112 DEFAULT CHARSET=latin1;

--
-- Dumping data for table `idx_category`
--

INSERT INTO `idx_category` VALUES (107,0,'Online Shopping','','folder.gif','','1',65,'','','1','0','','',0,'',0,0,0,0,0),(106,0,'SEO & SMO Marketing','','folder.gif','','1',19,'','','1','0','','',0,'',0,0,0,0,0),(99,0,'Lifestyle & Relationships','','folder.gif','','1',8,'','','1','0','','',0,'',0,0,0,0,0),(91,0,'Healthcare Services & Products','','folder.gif','','1',85,'','','1','0','','',0,'',0,0,0,0,0),(85,0,'Dental Directories','','folder.gif','','1',43,'','','0','0','','',0,'',0,0,0,0,0),(86,0,'Education & Colleges','','folder.gif','','1',25,'','','1','0','','',0,'',0,0,0,0,0),(87,0,'Employment & Staffing','','folder.gif','','1',0,'','','1','0','','',0,'',0,0,0,0,0),(88,0,'Gifts & Stationery','','folder.gif','','1',22,'','','1','0','','',0,'',0,0,0,0,0),(89,0,'Hardware & Software Systems','','folder.gif','','1',12,'','','1','0','','',0,'',0,0,0,0,0),(90,0,'Health Resources','','folder.gif','','1',86,'','','1','0','','',0,'',0,0,0,0,0),(81,0,'Clothing & Designers','','folder.gif','','1',9,'','','1','0','','',0,'',0,0,0,0,0),(95,0,'Hotels & Restaurants','','folder.gif','','1',46,'','','1','0','','',0,'',0,0,0,0,0),(94,0,'Home Improvement & Interiors','','folder.gif','','1',217,'','','1','0','','',0,'',0,0,0,0,0),(84,0,'Construction and Remodeling','','folder.gif','','1',80,'','','1','0','','',0,'',0,0,0,0,0),(98,0,'Lawyers & Legal Consultants','','folder.gif','','1',142,'','','1','0','','',0,'',0,0,0,0,0),(77,0,'Arts Gallery & Entertainment','','folder.gif','','1',11,'','','1','0','','',0,'',0,0,0,0,0),(105,0,'Environment & Technology','','folder.gif','','1',13,'','','1','0','','',0,'',0,0,0,0,0),(82,0,'Communication ','','folder.gif','','1',16,'','','1','0','','',0,'',0,0,0,0,0),(83,0,'Computers','','folder.gif','','1',21,'','','1','0','','',0,'',0,0,0,0,0),(78,0,'Automobiles','','folder.gif','','1',36,'','','1','0','','',0,'',0,0,0,0,0),(79,0,'Business & Investment','','folder.gif','','1',145,'','','1','0','','',0,'',0,0,0,0,0),(80,0,'Careers & Recruitment','','folder.gif','','1',3,'','','1','0','','',0,'',0,0,0,0,0),(111,0,'Wedding & Jewellery','','folder.gif','','1',9,'','','1','0','','',0,'',0,0,0,0,0),(108,0,'Sports','','folder.gif','','1',7,'','','1','0','','',0,'',0,0,0,0,0),(109,0,'Transportation and Logistics Services','','folder.gif','','1',33,'','','1','0','','',0,'',0,0,0,0,0),(100,0,'Medicine & Medical Services','','folder.gif','','1',8,'','','1','0','','',0,'',0,0,0,0,0),(92,0,'Air Conditioning, Heating & Ventilating','','folder.gif','','1',57,'','','1','0','','',0,'',0,0,0,0,0),(101,0,'Finance','','folder.gif','','1',15,'','','1','0','','',0,'',0,0,0,0,0),(102,0,'News & Journals','','folder.gif','','1',1,'','','1','0','','',0,'',0,0,0,0,0),(103,0,'Plumbing & Fitting ','','folder.gif','','1',34,'','','1','0','','',0,'',0,0,0,0,0),(104,0,'Real Estate & Agents ','','folder.gif','','1',34,'','','1','0','','',0,'',0,0,0,0,0),(93,0,'Family ,Home & Garden','','folder.gif','','1',79,'','','1','0','','',0,'',0,0,0,0,0),(110,0,'Tours & Travel','','folder.gif','','1',24,'','','1','0','','',0,'',0,0,0,0,0),(97,0,'Law & Legal','','folder.gif','','1',8,'','','1','0','','',0,'',0,0,0,0,0),(96,0,'Insurance Agents and Companies','','folder.gif','','1',26,'','','1','0','','',0,'',0,0,0,0,0);

--
-- Table structure for table `idx_category_path`
--

CREATE TABLE `idx_category_path` (
  `category_id` mediumint(9) NOT NULL DEFAULT '0',
  `path` text,
  `path_with_url` text,
  `parents` text,
  PRIMARY KEY (`category_id`)
) ENGINE=MyISAM DEFAULT CHARSET=latin1;

--
-- Dumping data for table `idx_category_path`
--

INSERT INTO `idx_category_path` VALUES (77,'Arts Gallery & Entertainment','<a href=\"http://klassyweb.com/arts-gallery-entertainment/\" name=\"cat_77\" style=\"\">Arts Gallery & Entertainment</a>',';0;'),(78,'Automobiles','<a href=\"http://klassyweb.com/automobiles/\" name=\"cat_78\" style=\"\">Automobiles</a>',';0;'),(79,'Business & Investment','<a href=\"http://klassyweb.com/business-investment/\" name=\"cat_79\" style=\"\">Business & Investment</a>',';0;'),(80,'Careers & Recruitment','<a href=\"http://klassyweb.com/careers-recruitment/\" name=\"cat_80\" style=\"\">Careers & Recruitment</a>',';0;'),(81,'Clothing & Designers','<a href=\"http://klassyweb.com/clothing-designers/\" name=\"cat_81\" style=\"\">Clothing & Designers</a>',';0;'),(82,'Communication ','<a href=\"http://klassyweb.com/communication/\" name=\"cat_82\" style=\"\">Communication </a>',';0;'),(83,'Computers','<a href=\"http://klassyweb.com/computers/\" name=\"cat_83\" style=\"\">Computers</a>',';0;'),(84,'Construction and Remodeling','<a href=\"http://klassyweb.com/construction-and-remodeling/\" name=\"cat_84\" style=\"\">Construction and Remodeling</a>',';0;'),(85,'Dental Directories','<a href=\"http://klassyweb.com/dental-directories/\" name=\"cat_85\" style=\"\">Dental Directories</a>',';0;'),(86,'Education & Colleges','<a href=\"http://klassyweb.com/education-colleges/\" name=\"cat_86\" style=\"\">Education & Colleges</a>',';0;'),(87,'Employment & Staffing','<a href=\"http://klassyweb.com/employment-staffing/\" name=\"cat_87\" style=\"\">Employment & Staffing</a>',';0;'),(88,'Gifts & Stationery','<a href=\"http://klassyweb.com/gifts-stationery/\" name=\"cat_88\" style=\"\">Gifts & Stationery</a>',';0;'),(89,'Hardware & Software Systems','<a href=\"http://klassyweb.com/hardware-software-systems/\" name=\"cat_89\" style=\"\">Hardware & Software Systems</a>',';0;'),(90,'Health Resources','<a href=\"http://klassyweb.com/health-resources/\" name=\"cat_90\" style=\"\">Health Resources</a>',';0;'),(91,'Healthcare Services & Products','<a href=\"http://klassyweb.com/healthcare-services-products/\" name=\"cat_91\" style=\"\">Healthcare Services & Products</a>',';0;'),(92,'Air Conditioning, Heating & Ventilating','<a href=\"http://klassyweb.com/air-conditioning-heating-ventilating/\" name=\"cat_92\" style=\"\">Air Conditioning, Heating & Ventilating</a>',';0;'),(93,'Family ,Home & Garden','<a href=\"http://klassyweb.com/family-home-garden/\" name=\"cat_93\" style=\"\">Family ,Home & Garden</a>',';0;'),(94,'Home Improvement & Interiors','<a href=\"http://klassyweb.com/home-improvement-interiors/\" name=\"cat_94\" style=\"\">Home Improvement & Interiors</a>',';0;'),(95,'Hotels & Restaurants','<a href=\"http://klassyweb.com/hotels-restaurants/\" name=\"cat_95\" style=\"\">Hotels & Restaurants</a>',';0;'),(96,'Insurance Agents and Companies','<a href=\"http://klassyweb.com/insurance-agents-and-companies/\" name=\"cat_96\" style=\"\">Insurance Agents and Companies</a>',';0;'),(97,'Law & Legal','<a href=\"http://klassyweb.com/law-legal/\" name=\"cat_97\" style=\"\">Law & Legal</a>',';0;'),(98,'Lawyers & Legal Consultants','<a href=\"http://klassyweb.com/lawyers-legal-consultants/\" name=\"cat_98\" style=\"\">Lawyers & Legal Consultants</a>',';0;'),(99,'Lifestyle & Relationships','<a href=\"http://klassyweb.com/lifestyle-relationships/\" name=\"cat_99\" style=\"\">Lifestyle & Relationships</a>',';0;'),(100,'Medicine & Medical Services','<a href=\"http://klassyweb.com/medicine-medical-services/\" name=\"cat_100\" style=\"\">Medicine & Medical Services</a>',';0;'),(101,'Finance','<a href=\"http://klassyweb.com/finance/\" name=\"cat_101\" style=\"\">Finance</a>',';0;'),(102,'News & Journals','<a href=\"http://klassyweb.com/news-journals/\" name=\"cat_102\" style=\"\">News & Journals</a>',';0;'),(103,'Plumbing & Fitting ','<a href=\"http://klassyweb.com/plumbing-fitting/\" name=\"cat_103\" style=\"\">Plumbing & Fitting </a>',';0;'),(104,'Real Estate & Agents ','<a href=\"http://klassyweb.com/real-estate-agents/\" name=\"cat_104\" style=\"\">Real Estate & Agents </a>',';0;'),(105,'Environment & Technology','<a href=\"http://klassyweb.com/environment-technology/\" name=\"cat_105\" style=\"\">Environment & Technology</a>',';0;'),(106,'SEO & SMO Marketing','<a href=\"http://klassyweb.com/seo-smo-marketing/\" name=\"cat_106\" style=\"\">SEO & SMO Marketing</a>',';0;'),(107,'Online Shopping','<a href=\"http://klassyweb.com/online-shopping/\" name=\"cat_107\" style=\"\">Online Shopping</a>',';0;'),(108,'Sports','<a href=\"http://klassyweb.com/sports/\" name=\"cat_108\" style=\"\">Sports</a>',';0;'),(109,'Transportation and Logistics Services','<a href=\"http://klassyweb.com/transportation-and-logistics-services/\" name=\"cat_109\" style=\"\">Transportation and Logistics Services</a>',';0;'),(110,'Tours & Travel','<a href=\"http://klassyweb.com/tours-travel/\" name=\"cat_110\" style=\"\">Tours & Travel</a>',';0;'),(111,'Wedding & Jewellery','<a href=\"http://klassyweb.com/wedding-jewellery/\" name=\"cat_111\" style=\"\">Wedding & Jewellery</a>',';0;');

--
-- Table structure for table `idx_category_suggession`
--

CREATE TABLE `idx_category_suggession` (
  `id_cat_suggession` int(11) NOT NULL AUTO_INCREMENT,
  `parent_id` int(11) DEFAULT NULL,
  `name` varchar(255) DEFAULT NULL,
  `category_description` text,
  `date` datetime DEFAULT NULL,
  PRIMARY KEY (`id_cat_suggession`)
) ENGINE=MyISAM DEFAULT CHARSET=latin1;

--
-- Dumping data for table `idx_category_suggession`
--


--
-- Table structure for table `idx_checkurl`
--

CREATE TABLE `idx_checkurl` (
  `link_id` mediumint(9) NOT NULL DEFAULT '0',
  `date` date NOT NULL DEFAULT '0000-00-00',
  `live` char(1) NOT NULL DEFAULT '',
  `reciprocal_found` char(1) NOT NULL DEFAULT '',
  PRIMARY KEY (`link_id`)
) ENGINE=MyISAM DEFAULT CHARSET=latin1;

--
-- Dumping data for table `idx_checkurl`
--


--
-- Table structure for table `idx_cronjobs`
--

CREATE TABLE `idx_cronjobs` (
  `cronjobs_id` int(11) NOT NULL AUTO_INCREMENT,
  `cronjobs_name` varchar(255) DEFAULT NULL,
  `filename` varchar(255) NOT NULL,
  `schedule` varchar(255) NOT NULL,
  `time` datetime NOT NULL,
  `execution` varchar(1) NOT NULL,
  PRIMARY KEY (`cronjobs_id`)
) ENGINE=MyISAM AUTO_INCREMENT=4 DEFAULT CHARSET=latin1;

--
-- Dumping data for table `idx_cronjobs`
--

INSERT INTO `idx_cronjobs` VALUES (1,NULL,'clear_templates_c.php','1,*,*,*,*','0000-00-00 00:00:00',''),(2,NULL,'update_tag_cloud.php','*,24,*,*,*','0000-00-00 00:00:00',''),(3,NULL,'clear_rss_cache.php','*,24,*,*,*','0000-00-00 00:00:00','');

--
-- Table structure for table `idx_custom_field`
--

CREATE TABLE `idx_custom_field` (
  `field_name` varchar(32) NOT NULL DEFAULT '',
  `field_text` varchar(64) NOT NULL DEFAULT '',
  `field_type` enum('TEXT','TEXTAREA','SELECT','MULTISELECT','CHECKBOX','RADIO','FILE','IMAGE','DATE','DATETIME','RICHEDITOR') NOT NULL DEFAULT 'TEXT',
  `field_option` text NOT NULL,
  `field_img_width` int(10) unsigned NOT NULL DEFAULT '0',
  `field_img_height` int(10) unsigned NOT NULL DEFAULT '0',
  `field_file_size` int(10) unsigned NOT NULL DEFAULT '0',
  `field_file_extension` varchar(64) NOT NULL DEFAULT '',
  `required` char(1) NOT NULL DEFAULT '0',
  `searchable` char(1) NOT NULL DEFAULT '1',
  `permission` char(1) NOT NULL DEFAULT '0'
) ENGINE=MyISAM DEFAULT CHARSET=latin1;

--
-- Dumping data for table `idx_custom_field`
--

INSERT INTO `idx_custom_field` VALUES ('image','Image','IMAGE','',0,0,0,'','0','0','2'),('address','Address','TEXT','',0,0,0,'','0','0','0'),('city','City','TEXT','',0,0,0,'','0','0','0'),('state','State','TEXT','',0,0,0,'','0','0','0'),('country','Country','TEXT','',0,0,0,'','0','0','0'),('zip','Zip','TEXT','',0,0,0,'','0','0','0'),('phone','Phone','TEXT','',0,0,0,'','0','0','0'),('fax','Fax','TEXT','',0,0,0,'','0','0','0');

--
-- Table structure for table `idx_default_field`
--

CREATE TABLE `idx_default_field` (
  `field_name` varchar(64) NOT NULL,
  `required` char(1) NOT NULL,
  `visible` char(1) NOT NULL DEFAULT '1',
  `searchable` char(1) NOT NULL DEFAULT '1'
) ENGINE=MyISAM DEFAULT CHARSET=latin1;

--
-- Dumping data for table `idx_default_field`
--

INSERT INTO `idx_default_field` VALUES ('title','1','1','1'),('url','1','1','1'),('description','1','1','1'),('keywords','1','1','0'),('contact_name','1','1','1'),('email','1','1','1'),('reciprocal_url','0','0','1');

--
-- Table structure for table `idx_discount_coupon`
--

CREATE TABLE `idx_discount_coupon` (
  `coupon_id` int(11) NOT NULL AUTO_INCREMENT,
  `coupon_code` varchar(255) DEFAULT NULL,
  `coupon_value` varchar(50) DEFAULT NULL,
  `link_type` varchar(255) DEFAULT NULL,
  `start_date` date DEFAULT NULL,
  `expired_date` date DEFAULT NULL,
  `expired_usage` int(11) DEFAULT NULL,
  `usage_count` int(11) DEFAULT NULL,
  PRIMARY KEY (`coupon_id`)
) ENGINE=MyISAM DEFAULT CHARSET=latin1;

--
-- Dumping data for table `idx_discount_coupon`
--


--
-- Table structure for table `idx_editor`
--

CREATE TABLE `idx_editor` (
  `username` varchar(20) DEFAULT NULL,
  `category_id` mediumint(9) DEFAULT NULL,
  `category` char(1) DEFAULT NULL,
  `link` char(1) DEFAULT NULL,
  `review` char(1) DEFAULT NULL,
  `pick` char(1) DEFAULT NULL,
  `status` char(1) DEFAULT NULL,
  `date` date DEFAULT NULL
) ENGINE=MyISAM DEFAULT CHARSET=latin1;

--
-- Dumping data for table `idx_editor`
--


--
-- Table structure for table `idx_email_template`
--

CREATE TABLE `idx_email_template` (
  `email_template_id` int(10) unsigned NOT NULL AUTO_INCREMENT,
  `name` varchar(255) DEFAULT NULL,
  `subject` varchar(255) DEFAULT NULL,
  `body` text,
  `altbody` text,
  PRIMARY KEY (`email_template_id`)
) ENGINE=MyISAM AUTO_INCREMENT=37 DEFAULT CHARSET=latin1;

--
-- Dumping data for table `idx_email_template`
--



--
-- Table structure for table `idx_favorites`
--

CREATE TABLE `idx_favorites` (
  `favorite_id` int(11) NOT NULL AUTO_INCREMENT,
  `username` varchar(20) DEFAULT NULL,
  `date` date DEFAULT NULL,
  `title` varchar(100) DEFAULT NULL,
  `description` text,
  PRIMARY KEY (`favorite_id`)
) ENGINE=MyISAM AUTO_INCREMENT=7 DEFAULT CHARSET=latin1;

--
-- Dumping data for table `idx_favorites`
--

INSERT INTO `idx_favorites` VALUES (1,'aangeliascott','2011-06-22','My Favorites',NULL),(2,'adaptive84','2011-12-07','My Favorites',NULL),(3,'scottyyespinoza','2012-02-13','My Favorites',NULL),(4,'giuseppealowe','2012-02-13','My Favorites',NULL),(5,'toshiasnorris','2012-02-18','My Favorites',NULL),(6,'willettawyoung','2012-02-22','My Favorites',NULL);

--
-- Table structure for table `idx_favorites_detail`
--

CREATE TABLE `idx_favorites_detail` (
  `favorite_id` int(11) DEFAULT NULL,
  `link_id` mediumint(9) DEFAULT NULL
) ENGINE=MyISAM DEFAULT CHARSET=latin1;

--
-- Dumping data for table `idx_favorites_detail`
--


--
-- Table structure for table `idx_hook_place`
--

CREATE TABLE `idx_hook_place` (
  `hook_place_id` int(11) NOT NULL AUTO_INCREMENT,
  `filename` varchar(255) DEFAULT NULL,
  `hookname` varchar(255) DEFAULT NULL,
  PRIMARY KEY (`hook_place_id`)
) ENGINE=MyISAM DEFAULT CHARSET=latin1;

--
-- Dumping data for table `idx_hook_place`
--


--
-- Table structure for table `idx_invoice`
--

CREATE TABLE `idx_invoice` (
  `invoice_id` varchar(10) NOT NULL DEFAULT '',
  `invoice_date` date DEFAULT NULL,
  `due_date` date DEFAULT NULL,
  `invoiced_to` text,
  `service` varchar(255) DEFAULT NULL,
  `description` text,
  `total` double(8,2) DEFAULT NULL,
  `comment` text,
  `paid` char(1) DEFAULT NULL,
  `paid_date` date DEFAULT NULL,
  `email` varchar(255) DEFAULT NULL,
  PRIMARY KEY (`invoice_id`)
) ENGINE=MyISAM DEFAULT CHARSET=latin1;

--
-- Dumping data for table `idx_invoice`
--


--
-- Table structure for table `idx_invoice_config`
--

CREATE TABLE `idx_invoice_config` (
  `company` varchar(255) DEFAULT NULL,
  `contact` varchar(255) DEFAULT NULL,
  `address` text,
  `phone` varchar(255) DEFAULT NULL,
  `email` varchar(255) DEFAULT NULL,
  `currency_symbol` varchar(255) DEFAULT '$',
  `currency_code` varchar(255) DEFAULT 'USD'
) ENGINE=MyISAM DEFAULT CHARSET=latin1;

--
-- Dumping data for table `idx_invoice_config`
--

INSERT INTO `idx_invoice_config` VALUES ('Your website / Company','Billing Department','Your address','Your phone #','Billing<name@yourdomain.com>','$','USD');

--
-- Table structure for table `idx_link_temp_user`
--

CREATE TABLE `idx_link_temp_user` (
  `vid` mediumint(9) unsigned NOT NULL DEFAULT '0',
  `username` varchar(20) NOT NULL DEFAULT '',
  PRIMARY KEY (`vid`)
) ENGINE=MyISAM DEFAULT CHARSET=latin1;

--
-- Dumping data for table `idx_link_temp_user`
--

INSERT INTO `idx_link_temp_user` VALUES (3,'aangeliascott'),(4,'aangeliascott'),(6,'aangeliascott');

--
-- Table structure for table `idx_link_user`
--

CREATE TABLE `idx_link_user` (
  `link_id` mediumint(9) unsigned NOT NULL DEFAULT '0',
  `username` varchar(20) NOT NULL DEFAULT '',
  PRIMARY KEY (`link_id`)
) ENGINE=MyISAM DEFAULT CHARSET=latin1;

--
-- Dumping data for table `idx_link_user`
--


--
-- Table structure for table `idx_mailing_list`
--

CREATE TABLE `idx_mailing_list` (
  `email` varchar(50) NOT NULL DEFAULT '',
  `code` varchar(4) DEFAULT NULL,
  `status` char(1) DEFAULT NULL,
  PRIMARY KEY (`email`)
) ENGINE=MyISAM DEFAULT CHARSET=latin1;

--
-- Dumping data for table `idx_mailing_list`
--


--
-- Table structure for table `idx_message`
--

CREATE TABLE `idx_message` (
  `message_id` smallint(6) NOT NULL AUTO_INCREMENT,
  `date` date DEFAULT NULL,
  `body` text,
  `subject` varchar(100) DEFAULT NULL,
  PRIMARY KEY (`message_id`)
) ENGINE=MyISAM DEFAULT CHARSET=latin1;

--
-- Dumping data for table `idx_message`
--


--
-- Table structure for table `idx_notification`
--

CREATE TABLE `idx_notification` (
  `username` varchar(20) NOT NULL DEFAULT '',
  `category_id` mediumint(9) NOT NULL DEFAULT '0'
) ENGINE=MyISAM DEFAULT CHARSET=latin1;

--
-- Dumping data for table `idx_notification`
--


--
-- Table structure for table `idx_pagerank`
--

CREATE TABLE `idx_pagerank` (
  `link_id` mediumint(8) unsigned NOT NULL DEFAULT '0',
  `engine` char(1) NOT NULL DEFAULT '',
  `rank` tinyint(4) NOT NULL DEFAULT '0',
  `last_update` date NOT NULL DEFAULT '0000-00-00',
  PRIMARY KEY (`link_id`,`engine`)
) ENGINE=MyISAM DEFAULT CHARSET=latin1;

--
-- Dumping data for table `idx_pagerank`
--

INSERT INTO `idx_pagerank` VALUES (1,'g',4,'2011-09-12'),(19,'g',3,'2011-09-16'),(18,'g',0,'2011-09-16'),(46,'g',0,'2012-02-08'),(48,'g',0,'2012-02-08'),(17,'g',2,'2011-09-16'),(45,'g',0,'2012-02-08'),(49,'g',0,'2012-01-24'),(15,'g',1,'2011-09-16'),(14,'g',4,'2011-09-16'),(21,'g',2,'2011-09-16'),(13,'g',1,'2011-09-18'),(44,'g',0,'2012-01-30'),(52,'g',0,'2012-01-30'),(50,'g',0,'2012-02-08'),(27,'g',3,'2011-09-19'),(9,'g',0,'2011-09-21'),(40,'g',0,'2012-02-04'),(43,'g',0,'2012-02-08'),(12,'g',0,'2011-09-21'),(55,'g',0,'2011-11-04'),(7,'g',3,'2011-09-21'),(38,'g',0,'2011-11-07'),(6,'g',3,'2011-09-22'),(36,'g',0,'2012-02-08'),(4,'g',0,'2011-09-22'),(25,'g',0,'2011-09-22'),(37,'g',3,'2011-09-22'),(34,'g',0,'2012-02-08'),(3,'g',0,'2011-09-22'),(5,'g',2,'2011-09-22'),(10,'g',0,'2011-09-22'),(41,'g',0,'2012-02-08'),(22,'g',1,'2011-09-22'),(31,'g',0,'2011-09-22'),(39,'g',0,'2012-03-05'),(11,'g',2,'2011-09-22'),(32,'g',1,'2011-09-22'),(23,'g',2,'2011-09-22'),(56,'g',1,'2011-09-22'),(42,'g',0,'2012-02-08'),(8,'g',3,'2011-09-22'),(20,'g',2,'2011-09-22'),(2,'g',0,'2011-09-23'),(51,'g',0,'2011-10-27'),(53,'g',0,'2012-02-21'),(24,'g',6,'2011-09-23'),(33,'g',3,'2011-09-23'),(28,'g',0,'2011-09-23'),(30,'g',6,'2011-09-23'),(54,'g',0,'2012-02-08'),(26,'g',0,'2011-09-23'),(29,'g',2,'2011-09-23'),(47,'g',0,'2012-02-08'),(16,'g',3,'2011-09-23'),(69,'g',0,'2012-02-08'),(70,'g',0,'2012-03-04'),(78,'g',0,'2012-02-08'),(77,'g',0,'2012-02-08'),(82,'g',0,'2012-02-08'),(81,'g',0,'2012-02-08'),(79,'g',0,'2012-02-08'),(83,'g',0,'2012-02-08'),(80,'g',0,'2012-02-08'),(84,'g',0,'2012-02-08'),(98,'g',0,'2012-02-08'),(106,'g',0,'2012-02-21'),(107,'g',0,'2012-01-22'),(123,'g',0,'2012-02-08'),(103,'g',0,'2012-02-21'),(108,'g',0,'2012-02-08'),(102,'g',0,'2012-02-08'),(110,'g',0,'2012-02-08'),(127,'g',0,'2012-02-08'),(113,'g',0,'2012-02-08'),(115,'g',0,'2012-02-08'),(121,'g',0,'2012-02-08'),(130,'g',0,'2012-02-08'),(139,'g',0,'2012-02-08'),(196,'g',2,'2011-10-03'),(152,'g',0,'2012-02-08'),(275,'g',2,'2011-10-03'),(279,'g',2,'2011-10-03'),(298,'g',2,'2011-10-03'),(428,'g',2,'2011-10-03'),(323,'g',2,'2011-10-03'),(241,'g',0,'2011-10-03'),(93,'g',0,'2012-01-27'),(1075,'g',0,'2012-03-05'),(1091,'g',0,'2011-10-03'),(1082,'g',0,'2012-02-27'),(319,'g',0,'2011-10-04'),(477,'g',3,'2011-10-04'),(574,'g',3,'2011-10-04'),(374,'g',3,'2011-10-04'),(453,'g',3,'2011-10-04'),(162,'g',3,'2011-10-04'),(206,'g',0,'2011-10-04'),(520,'g',0,'2011-10-04'),(271,'g',3,'2011-10-04'),(372,'g',0,'2011-10-04'),(114,'g',0,'2012-01-24'),(111,'g',0,'2012-02-08'),(116,'g',0,'2012-02-08'),(97,'g',0,'2012-02-08'),(118,'g',0,'2012-02-08'),(75,'g',0,'2012-02-08'),(76,'g',0,'2012-01-25'),(326,'g',0,'2011-10-04'),(104,'g',0,'2012-02-08'),(1069,'g',0,'2012-02-08'),(140,'g',0,'2012-02-08'),(1074,'g',0,'2012-02-08'),(1089,'g',0,'2012-01-24'),(1073,'g',0,'2012-02-08'),(1032,'g',0,'2012-02-08'),(1080,'g',0,'2011-10-05'),(135,'g',0,'2012-02-16'),(201,'g',3,'2011-10-05'),(132,'g',0,'2012-02-16'),(157,'g',0,'2011-10-05'),(165,'g',1,'2011-10-05'),(287,'g',0,'2011-10-05'),(387,'g',0,'2011-10-05'),(124,'g',0,'2012-02-08'),(211,'g',0,'2011-10-05'),(92,'g',0,'2012-01-30'),(167,'g',0,'2011-10-05'),(72,'g',0,'2012-02-08'),(73,'g',0,'2012-02-08'),(119,'g',0,'2012-02-08'),(74,'g',0,'2012-02-13'),(1092,'g',0,'2011-10-06'),(1083,'g',0,'2012-02-08'),(3539,'g',0,'2011-10-06'),(3532,'g',0,'2011-11-07'),(185,'g',0,'2011-10-06'),(120,'g',0,'2012-02-08'),(141,'g',0,'2012-02-08'),(144,'g',0,'2012-02-08'),(188,'g',0,'2011-10-07'),(156,'g',0,'2011-10-07'),(200,'g',0,'2011-10-07'),(163,'g',0,'2011-10-07'),(160,'g',0,'2011-10-07'),(3533,'g',0,'2012-02-08'),(96,'g',0,'2012-02-08'),(3517,'g',0,'2012-01-23'),(3555,'g',0,'2011-11-14'),(3573,'g',0,'2011-11-14'),(128,'g',0,'2012-02-06'),(3540,'g',0,'2012-02-08'),(3525,'g',0,'2011-11-15'),(3570,'g',0,'2012-01-20'),(3538,'g',0,'2012-02-08'),(138,'g',0,'2012-02-08'),(67,'g',0,'2011-10-08'),(66,'g',0,'2011-10-08'),(998,'g',0,'2012-01-20'),(3512,'g',0,'2011-10-08'),(3508,'g',0,'2011-10-08'),(3509,'g',0,'2011-10-08'),(3511,'g',0,'2011-10-08'),(3510,'g',0,'2011-10-08'),(3535,'g',0,'2012-01-22'),(3523,'g',0,'2011-11-08'),(1115,'g',0,'2012-01-21'),(3574,'g',0,'2011-11-15'),(1033,'g',0,'2012-02-08'),(133,'g',0,'2012-01-23'),(3553,'g',0,'2012-02-28'),(168,'g',0,'2011-10-09'),(151,'g',0,'2011-10-09'),(3578,'g',0,'2012-02-28'),(153,'g',0,'2012-02-21'),(3520,'g',0,'2012-02-29'),(3571,'g',0,'2012-02-08'),(3545,'g',0,'2012-02-08'),(3568,'g',0,'2012-02-08'),(3519,'g',0,'2012-02-08'),(225,'g',0,'2011-10-09'),(134,'g',0,'2012-02-08'),(181,'g',0,'2012-02-08'),(164,'g',0,'2011-10-09'),(208,'g',0,'2011-10-09'),(213,'g',0,'2011-10-09'),(3653,'g',0,'2011-10-09'),(169,'g',0,'2011-10-09'),(3575,'g',0,'2011-11-14'),(125,'g',0,'2012-02-08'),(194,'g',0,'2011-10-09'),(3518,'g',0,'2011-10-09'),(109,'g',0,'2012-02-04'),(131,'g',0,'2012-02-08'),(117,'g',0,'2012-02-08'),(150,'g',0,'2011-10-10'),(105,'g',0,'2012-02-08'),(3531,'g',0,'2012-02-08'),(3536,'g',0,'2012-02-08'),(3670,'g',0,'2011-10-12'),(3676,'g',0,'2011-10-12'),(3526,'g',0,'2012-02-08'),(3687,'g',0,'2012-01-23'),(94,'g',0,'2012-01-25'),(95,'g',0,'2012-02-08'),(146,'g',0,'2011-10-15'),(137,'g',0,'2011-10-15'),(154,'g',0,'2012-02-21'),(129,'g',0,'2012-02-08'),(112,'g',0,'2012-01-25'),(155,'g',0,'2011-10-15'),(3682,'g',0,'2012-01-24'),(1840,'g',0,'2012-01-21'),(3625,'g',0,'2012-02-26'),(3620,'g',0,'2012-02-25'),(3619,'g',0,'2011-11-29'),(1049,'g',0,'2012-01-30'),(3706,'g',0,'2011-10-16'),(3680,'g',0,'2011-10-16'),(1008,'g',0,'2012-02-08'),(3679,'g',0,'2011-10-16'),(1018,'g',0,'2012-02-08'),(3702,'g',0,'2011-10-16'),(1023,'g',0,'2012-02-08'),(3720,'g',0,'2011-10-16'),(3542,'g',0,'2011-10-16'),(3543,'g',0,'2012-03-04'),(3822,'g',0,'2011-10-16'),(3758,'g',0,'2011-10-16'),(3778,'g',0,'2011-10-16'),(3707,'g',0,'2011-10-16'),(3686,'g',0,'2011-10-17'),(3684,'g',0,'2011-10-17'),(3654,'g',0,'2011-10-17'),(3828,'g',0,'2012-01-22'),(3674,'g',0,'2012-01-25'),(3688,'g',0,'2011-12-06'),(3689,'g',0,'2011-10-17'),(3836,'g',0,'2012-01-25'),(3552,'g',0,'2011-11-19'),(1022,'g',0,'2012-02-21'),(3725,'g',0,'2012-01-21'),(3760,'g',0,'2011-10-18'),(1016,'g',0,'2012-02-08'),(3762,'g',0,'2011-10-18'),(3710,'g',0,'2011-10-18'),(3696,'g',0,'2011-10-18'),(3704,'g',0,'2011-10-18'),(3692,'g',0,'2012-01-23'),(3693,'g',0,'2012-01-22'),(3712,'g',0,'2011-12-13'),(3772,'g',0,'2011-10-18'),(3742,'g',0,'2011-10-18'),(1009,'g',0,'2012-02-20'),(3777,'g',0,'2011-10-18'),(3690,'g',0,'2011-10-18'),(3655,'g',0,'2011-10-18'),(3713,'g',0,'2012-01-23'),(3675,'g',0,'2011-10-18'),(3561,'g',0,'2011-10-20'),(1017,'g',0,'2012-01-22'),(1014,'g',0,'2012-02-08'),(1010,'g',0,'2012-01-26'),(3524,'g',0,'2011-10-20'),(3522,'g',0,'2011-10-20'),(1034,'g',0,'2012-02-08'),(1087,'g',0,'2012-02-08'),(3738,'g',0,'2012-02-08'),(3838,'g',0,'2011-10-21'),(3885,'g',0,'2011-10-23'),(3998,'g',0,'2011-10-23'),(4142,'g',0,'2011-10-23'),(3976,'g',0,'2012-02-16'),(4024,'g',0,'2012-02-16'),(3709,'g',0,'2012-02-16'),(3910,'g',0,'2011-10-23'),(4126,'g',0,'2012-02-16'),(3961,'g',0,'2011-10-23'),(4046,'g',0,'2011-10-23'),(3785,'g',0,'2011-10-24'),(1021,'g',0,'2012-02-01'),(3796,'g',0,'2011-10-24'),(3794,'g',0,'2011-10-24'),(3880,'g',0,'2011-10-24'),(4127,'g',0,'2011-12-02'),(4125,'g',0,'2011-10-24'),(4063,'g',0,'2011-10-24'),(3987,'g',0,'2011-10-24'),(4027,'g',0,'2011-10-24'),(4006,'g',0,'2011-10-24'),(4122,'g',0,'2011-10-24'),(3751,'g',0,'2011-10-24'),(4132,'g',0,'2011-10-24'),(4120,'g',0,'2011-10-24'),(4123,'g',0,'2011-10-24'),(3980,'g',0,'2012-02-08'),(1011,'g',0,'2012-02-16'),(136,'g',0,'2012-02-08'),(3888,'g',0,'2011-10-25'),(3825,'g',0,'2011-10-25'),(1062,'g',0,'2012-02-16'),(4079,'g',0,'2011-10-25'),(3936,'g',0,'2011-10-25'),(4167,'g',0,'2011-10-25'),(4101,'g',0,'2011-10-25'),(3835,'g',0,'2012-02-08'),(3737,'g',0,'2012-02-08'),(3819,'g',0,'2012-02-08'),(3802,'g',0,'2012-02-08'),(4099,'g',0,'2011-10-25'),(4144,'g',0,'2011-10-25'),(4131,'g',0,'2011-10-25'),(4130,'g',0,'2011-12-03'),(4146,'g',0,'2011-10-25'),(4021,'g',0,'2011-10-25'),(3997,'g',0,'2011-10-25'),(3897,'g',0,'2011-10-25'),(122,'g',0,'2012-02-08'),(4134,'g',0,'2011-10-25'),(4065,'g',0,'2011-10-25'),(4090,'g',0,'2011-10-25'),(4116,'g',0,'2011-10-25'),(4069,'g',0,'2011-10-25'),(4086,'g',0,'2011-10-25'),(3872,'g',0,'2011-10-25'),(1110,'g',0,'2012-02-08'),(1059,'g',0,'2012-02-02'),(4114,'g',0,'2011-10-25'),(4003,'g',0,'2011-10-25'),(4077,'g',0,'2012-02-08'),(1057,'g',0,'2012-02-02'),(1019,'g',0,'2012-02-16'),(4067,'g',0,'2011-10-26'),(4088,'g',0,'2011-10-26'),(3931,'g',0,'2011-10-26'),(4174,'g',0,'2011-10-26'),(4177,'g',0,'2011-10-26'),(4029,'g',0,'2011-10-26'),(4166,'g',0,'2011-10-26'),(3898,'g',0,'2011-10-26'),(3920,'g',0,'2011-10-26'),(4023,'g',0,'2011-12-02'),(4192,'g',0,'2011-10-26'),(4199,'g',0,'2011-10-26'),(4183,'g',0,'2011-10-26'),(3902,'g',0,'2011-10-26'),(4000,'g',0,'2011-12-02'),(4045,'g',0,'2011-10-26'),(4031,'g',0,'2011-10-26'),(4008,'g',0,'2011-10-26'),(3867,'g',0,'2012-03-04'),(4066,'g',0,'2011-12-02'),(3873,'g',0,'2012-02-24'),(4191,'g',0,'2011-10-26'),(4084,'g',0,'2011-10-26'),(4182,'g',0,'2011-10-26'),(3929,'g',0,'2011-10-26'),(3971,'g',0,'2011-10-26'),(4200,'g',0,'2011-10-26'),(4180,'g',0,'2012-02-08'),(4207,'g',0,'2011-10-28'),(4222,'g',0,'2011-12-08'),(4188,'g',0,'2012-02-24'),(4221,'g',0,'2012-02-24'),(4185,'g',0,'2011-10-28'),(4015,'g',0,'2011-10-28'),(3894,'g',0,'2011-10-28'),(3992,'g',0,'2011-10-28'),(4149,'g',0,'2011-10-28'),(4215,'g',0,'2011-10-28'),(4213,'g',0,'2011-10-28'),(4206,'g',0,'2012-01-03'),(4171,'g',0,'2011-10-28'),(4181,'g',0,'2012-02-08'),(4160,'g',0,'2012-02-08'),(4211,'g',0,'2011-10-29'),(4201,'g',0,'2012-02-08'),(4187,'g',0,'2012-02-08'),(4028,'g',0,'2012-02-08'),(4050,'g',0,'2011-10-29'),(3912,'g',0,'2011-10-30'),(4107,'g',0,'2011-10-30'),(4085,'g',0,'2012-02-08'),(3940,'g',0,'2011-10-30'),(4231,'g',0,'2011-10-30'),(4202,'g',0,'2011-10-30'),(4230,'g',0,'2011-10-30'),(4203,'g',0,'2011-10-30'),(4205,'g',0,'2011-12-03'),(4236,'g',0,'2012-02-24'),(4237,'g',0,'2011-11-01'),(3805,'g',0,'2011-11-01'),(3741,'g',0,'2011-11-01'),(3814,'g',0,'2011-11-01'),(3810,'g',0,'2011-11-01'),(3773,'g',0,'2011-11-01'),(3821,'g',0,'2011-11-01'),(3747,'g',0,'2011-11-01'),(3789,'g',0,'2011-11-01'),(3753,'g',0,'2011-11-01'),(3781,'g',0,'2011-11-01'),(4129,'g',0,'2011-11-01'),(4145,'g',0,'2011-11-01'),(4133,'g',0,'2011-11-01'),(3864,'g',0,'2011-11-01'),(3824,'g',0,'2011-11-01'),(3964,'g',0,'2011-11-01'),(35,'g',0,'2012-02-01'),(1039,'g',0,'2011-11-03'),(1001,'g',0,'2011-11-03'),(1000,'g',0,'2011-11-03'),(4060,'g',0,'2011-11-03'),(4044,'g',0,'2011-11-03'),(4175,'g',0,'2011-11-03'),(4193,'g',0,'2011-11-03'),(1064,'g',0,'2011-11-03'),(1054,'g',0,'2012-02-27'),(1005,'g',0,'2012-02-26'),(4220,'g',0,'2011-11-03'),(4228,'g',0,'2011-11-03'),(3723,'g',0,'2011-11-04'),(3776,'g',0,'2011-11-04'),(3837,'g',0,'2011-11-04'),(3516,'g',0,'2011-11-04'),(3761,'g',0,'2011-11-04'),(4240,'g',0,'2011-11-05'),(3677,'g',0,'2011-11-05'),(3683,'g',0,'2012-02-26'),(3719,'g',0,'2012-02-26'),(3681,'g',0,'2011-11-05'),(3722,'g',0,'2011-11-05'),(3669,'g',0,'2012-02-25'),(3726,'g',0,'2011-11-05'),(3668,'g',0,'2011-11-05'),(3734,'g',0,'2012-02-26'),(3700,'g',0,'2011-11-05'),(4239,'g',0,'2011-11-05'),(4233,'g',0,'2011-11-05'),(4227,'g',0,'2011-11-05'),(3833,'g',0,'2012-02-28'),(3847,'g',0,'2011-11-05'),(3699,'g',0,'2011-11-05'),(3832,'g',0,'2011-11-05'),(3698,'g',0,'2012-02-20'),(1071,'g',0,'2011-11-05'),(3656,'g',0,'2011-11-05'),(3937,'g',0,'2011-11-05'),(3963,'g',0,'2011-11-05'),(3932,'g',0,'2011-11-05'),(3694,'g',0,'2011-11-05'),(3930,'g',0,'2011-11-05'),(3755,'g',0,'2011-11-05'),(3829,'g',0,'2011-11-05'),(3551,'g',0,'2011-11-05'),(4238,'g',0,'2011-11-05'),(4232,'g',0,'2011-11-05'),(4226,'g',0,'2011-11-05'),(4234,'g',0,'2011-11-05'),(3851,'g',0,'2011-11-05'),(4225,'g',0,'2011-11-05'),(4235,'g',0,'2011-11-05'),(4169,'g',0,'2011-12-06'),(4156,'g',0,'2011-11-05'),(4163,'g',0,'2011-11-05'),(4168,'g',0,'2011-12-06'),(4178,'g',0,'2011-12-06'),(4179,'g',0,'2011-12-06'),(4164,'g',0,'2011-12-06'),(4165,'g',0,'2011-11-05'),(4157,'g',0,'2011-11-05'),(4161,'g',0,'2011-11-05'),(3956,'g',0,'2011-11-05'),(3869,'g',0,'2011-11-05'),(3529,'g',0,'2011-11-05'),(3954,'g',0,'2011-11-05'),(3866,'g',0,'2011-11-05'),(3659,'g',0,'2012-02-26'),(3955,'g',0,'2011-11-05'),(3941,'g',0,'2011-11-05'),(3922,'g',0,'2011-11-05'),(3903,'g',0,'2011-11-05'),(3816,'g',0,'2011-11-06'),(3812,'g',0,'2011-11-06'),(3804,'g',0,'2011-11-06'),(3818,'g',0,'2011-11-06'),(3860,'g',0,'2011-11-06'),(3721,'g',0,'2012-02-20'),(3981,'g',0,'2011-11-06'),(3729,'g',0,'2012-02-19'),(3952,'g',0,'2011-11-06'),(3877,'g',0,'2011-11-06'),(4108,'g',0,'2012-02-20'),(4173,'g',0,'2011-11-06'),(3968,'g',0,'2012-02-20'),(3771,'g',0,'2011-11-06'),(3857,'g',0,'2011-11-06'),(3768,'g',0,'2011-11-06'),(3809,'g',0,'2011-11-06'),(3749,'g',0,'2011-11-06'),(3756,'g',0,'2011-11-06'),(3748,'g',0,'2011-11-06'),(4195,'g',0,'2012-02-08'),(3858,'g',0,'2011-11-06'),(3843,'g',0,'2011-11-06'),(3844,'g',0,'2011-11-06'),(4117,'g',0,'2011-11-07'),(4121,'g',0,'2012-02-28'),(4137,'g',0,'2011-11-07'),(4109,'g',0,'2011-11-07'),(4119,'g',0,'2011-11-07'),(4136,'g',0,'2011-11-07'),(4135,'g',0,'2011-11-07'),(4113,'g',0,'2011-11-07'),(4112,'g',0,'2011-11-07'),(4115,'g',0,'2011-11-07'),(3759,'g',0,'2011-11-07'),(3842,'g',0,'2011-11-07'),(3831,'g',0,'2011-11-07'),(3798,'g',0,'2011-11-07'),(3799,'g',0,'2012-02-19'),(3806,'g',0,'2011-11-07'),(4218,'g',0,'2011-11-08'),(1031,'g',0,'2011-11-08'),(1025,'g',0,'2011-11-08'),(1027,'g',0,'2011-11-08'),(1024,'g',0,'2011-11-08'),(1026,'g',0,'2011-11-08'),(1030,'g',0,'2011-11-08'),(1029,'g',0,'2011-11-08'),(1036,'g',0,'2011-11-08'),(1037,'g',0,'2011-11-08'),(1028,'g',0,'2011-11-08'),(4314,'g',0,'2011-11-12'),(4313,'g',0,'2011-11-12'),(4311,'g',0,'2011-11-12'),(4310,'g',0,'2011-11-12'),(4258,'g',0,'2012-02-08'),(4296,'g',0,'2011-11-12'),(4273,'g',0,'2011-11-13'),(4298,'g',0,'2011-11-13'),(4305,'g',0,'2011-11-13'),(4264,'g',0,'2011-11-13'),(4304,'g',0,'2011-11-13'),(4261,'g',0,'2011-11-13'),(4243,'g',0,'2011-11-13'),(4286,'g',0,'2011-11-13'),(4278,'g',0,'2012-02-24'),(4245,'g',0,'2011-11-13'),(4306,'g',0,'2012-02-26'),(4280,'g',0,'2011-11-13'),(3892,'g',0,'2011-11-13'),(3904,'g',0,'2011-11-13'),(3889,'g',0,'2011-11-13'),(3514,'g',0,'2011-11-13'),(3926,'g',0,'2011-11-13'),(3884,'g',0,'2011-11-13'),(3887,'g',0,'2011-11-13'),(3927,'g',0,'2011-11-13'),(3905,'g',0,'2011-11-13'),(3890,'g',0,'2011-11-13'),(3767,'g',0,'2011-12-25'),(3870,'g',0,'2011-11-13'),(3995,'g',0,'2011-11-13'),(4030,'g',0,'2011-11-13'),(3876,'g',0,'2011-11-13'),(3891,'g',0,'2011-11-13'),(3913,'g',0,'2011-11-13'),(3967,'g',0,'2011-11-13'),(3985,'g',0,'2011-11-13'),(3896,'g',0,'2011-11-13'),(3914,'g',0,'2011-11-13'),(4035,'g',0,'2011-11-13'),(3763,'g',0,'2011-12-24'),(3757,'g',0,'2011-11-13'),(3705,'g',0,'2011-11-13'),(3915,'g',0,'2011-11-13'),(3792,'g',0,'2011-12-27'),(4033,'g',0,'2011-11-13'),(3879,'g',0,'2011-11-13'),(4019,'g',0,'2011-11-13'),(3731,'g',0,'2011-11-13'),(3986,'g',0,'2011-11-13'),(3786,'g',0,'2011-12-24'),(3697,'g',0,'2011-11-13'),(3691,'g',0,'2011-11-13'),(3715,'g',0,'2011-11-13'),(4009,'g',0,'2011-11-13'),(3916,'g',0,'2011-11-13'),(3717,'g',0,'2011-11-13'),(3918,'g',0,'2011-11-13'),(3701,'g',0,'2011-11-13'),(3970,'g',0,'2011-11-13'),(4148,'g',0,'2011-11-14'),(4152,'g',0,'2011-11-14'),(4153,'g',0,'2011-11-14'),(4151,'g',0,'2011-12-26'),(4155,'g',0,'2011-11-14'),(4154,'g',0,'2011-11-14'),(4244,'g',0,'2011-12-15'),(4242,'g',0,'2011-12-16'),(4294,'g',0,'2011-11-14'),(4308,'g',0,'2012-02-04'),(4299,'g',0,'2012-02-04'),(4307,'g',0,'2012-02-04'),(4297,'g',0,'2012-02-04'),(4312,'g',0,'2011-11-14'),(4269,'g',0,'2011-11-14'),(4253,'g',0,'2011-11-14'),(4290,'g',0,'2011-11-14'),(4301,'g',0,'2011-11-15'),(4303,'g',0,'2011-11-15'),(4300,'g',0,'2011-11-15'),(4288,'g',0,'2012-02-08'),(4309,'g',0,'2011-11-15'),(4292,'g',0,'2011-11-16'),(4256,'g',0,'2011-11-16'),(3714,'g',0,'2012-02-16'),(3801,'g',0,'2012-02-16'),(4282,'g',0,'2011-11-17'),(4302,'g',0,'2012-02-08'),(4295,'g',0,'2011-11-21'),(4037,'g',0,'2011-11-21'),(4047,'g',0,'2011-11-21'),(4043,'g',0,'2011-11-21'),(4041,'g',0,'2011-11-21'),(3919,'g',0,'2011-11-21'),(3945,'g',0,'2011-11-21'),(3947,'g',0,'2011-11-21'),(3921,'g',0,'2011-11-21'),(3946,'g',0,'2011-11-22'),(3953,'g',0,'2011-11-22'),(3949,'g',0,'2011-11-22'),(3948,'g',0,'2011-11-22'),(3951,'g',0,'2011-11-22'),(3950,'g',0,'2011-11-22'),(4459,'g',0,'2011-11-23'),(4481,'g',0,'2011-11-23'),(4407,'g',0,'2011-11-23'),(4391,'g',0,'2011-11-23'),(4418,'g',0,'2011-11-23'),(4475,'g',0,'2011-11-23'),(4467,'g',0,'2011-11-23'),(4321,'g',0,'2011-11-24'),(4322,'g',0,'2011-11-24'),(4388,'g',0,'2011-11-24'),(4456,'g',0,'2011-11-24'),(4403,'g',0,'2011-11-24'),(4369,'g',0,'2011-11-24'),(4491,'g',0,'2011-11-25'),(4425,'g',0,'2012-02-08'),(4488,'g',0,'2012-02-06'),(4413,'g',0,'2012-02-06'),(4431,'g',0,'2012-02-06'),(4383,'g',0,'2012-02-06'),(4422,'g',0,'2012-02-08'),(4482,'g',0,'2012-02-06'),(4490,'g',0,'2011-11-25'),(4468,'g',0,'2012-02-08'),(4397,'g',0,'2012-02-08'),(4394,'g',0,'2012-02-08'),(4392,'g',0,'2011-11-25'),(4393,'g',0,'2012-02-08'),(4396,'g',0,'2012-02-08'),(4398,'g',0,'2012-02-08'),(4395,'g',0,'2012-02-08'),(4457,'g',0,'2012-02-04'),(4423,'g',0,'2012-02-04'),(4466,'g',0,'2012-02-04'),(4501,'g',0,'2011-11-26'),(4496,'g',0,'2011-11-26'),(4500,'g',0,'2011-11-26'),(4489,'g',0,'2011-11-26'),(4471,'g',0,'2012-03-02'),(4465,'g',0,'2012-02-08'),(4469,'g',0,'2012-02-08'),(4495,'g',0,'2012-02-08'),(4463,'g',0,'2012-02-08'),(4440,'g',0,'2011-11-26'),(4412,'g',0,'2011-11-26'),(4464,'g',0,'2012-02-08'),(4442,'g',0,'2012-02-08'),(4499,'g',0,'2011-11-26'),(4498,'g',0,'2011-11-26'),(4497,'g',0,'2012-03-05'),(4477,'g',0,'2012-02-08'),(4474,'g',0,'2012-02-08'),(4415,'g',0,'2011-11-27'),(4389,'g',0,'2011-11-27'),(4326,'g',0,'2011-11-27'),(4402,'g',0,'2011-11-27'),(4483,'g',0,'2011-11-27'),(4458,'g',0,'2011-11-27'),(4480,'g',0,'2011-11-27'),(4484,'g',0,'2011-11-27'),(4504,'g',0,'2011-11-27'),(4190,'g',0,'2011-11-27'),(4214,'g',0,'2011-11-27'),(4212,'g',0,'2011-11-27'),(4189,'g',0,'2012-03-06'),(4219,'g',0,'2011-11-27'),(4223,'g',0,'2011-11-27'),(4204,'g',0,'2011-11-27'),(4210,'g',0,'2011-11-27'),(4224,'g',0,'2011-11-27'),(4472,'g',0,'2012-02-16'),(4421,'g',0,'2012-02-16'),(4478,'g',0,'2012-02-16'),(4455,'g',0,'2012-02-16'),(4461,'g',0,'2012-02-16'),(4376,'g',0,'2011-11-28'),(4453,'g',0,'2012-02-16'),(4476,'g',0,'2012-02-08'),(4404,'g',0,'2012-02-08'),(4435,'g',0,'2012-02-08'),(4420,'g',0,'2012-02-08'),(4487,'g',0,'2011-11-29'),(4363,'g',0,'2011-11-29'),(4486,'g',0,'2011-11-29'),(4360,'g',0,'2011-11-29'),(4359,'g',0,'2011-11-29'),(4417,'g',0,'2011-11-29'),(4362,'g',0,'2011-11-29'),(4351,'g',0,'2011-11-29'),(4361,'g',0,'2011-11-29'),(4485,'g',0,'2011-11-29'),(3795,'g',0,'2011-11-29'),(3803,'g',0,'2011-11-29'),(3790,'g',0,'2011-11-29'),(3775,'g',0,'2011-11-29'),(3788,'g',0,'2011-11-29'),(3779,'g',0,'2011-11-29'),(3745,'g',0,'2011-11-29'),(4502,'g',0,'2011-11-30'),(4503,'g',0,'2011-11-30'),(4438,'g',0,'2011-11-30'),(4439,'g',0,'2011-11-30'),(4446,'g',0,'2011-11-30'),(4424,'g',0,'2011-11-30'),(4454,'g',0,'2011-11-30'),(4451,'g',0,'2011-11-30'),(4436,'g',0,'2011-12-01'),(4479,'g',0,'2011-12-01'),(4506,'g',0,'2011-12-02'),(4507,'g',0,'2011-12-02'),(4512,'g',0,'2011-12-02'),(4104,'g',0,'2011-12-02'),(4319,'g',0,'2011-12-03'),(4277,'g',0,'2011-12-03'),(4267,'g',0,'2011-12-03'),(4259,'g',0,'2011-12-03'),(1046,'g',0,'2011-12-04'),(1040,'g',0,'2011-12-04'),(1043,'g',0,'2011-12-04'),(1045,'g',0,'2011-12-04'),(1048,'g',0,'2011-12-04'),(1044,'g',0,'2011-12-04'),(1042,'g',0,'2011-12-04'),(1041,'g',0,'2011-12-04'),(1047,'g',0,'2011-12-04'),(4432,'g',0,'2011-12-04'),(4428,'g',0,'2011-12-04'),(88,'g',0,'2011-12-04'),(3780,'g',0,'2011-12-04'),(1053,'g',0,'2011-12-04'),(2062,'g',0,'2011-12-05'),(89,'g',0,'2011-12-05'),(1051,'g',0,'2012-03-05'),(1050,'g',0,'2012-03-04'),(2050,'g',0,'2011-12-05'),(4544,'g',0,'2012-02-16'),(2040,'g',0,'2011-12-05'),(4513,'g',0,'2012-02-16'),(3944,'g',0,'2011-12-06'),(3982,'g',0,'2011-12-06'),(4001,'g',0,'2011-12-06'),(3943,'g',0,'2011-12-06'),(3984,'g',0,'2011-12-06'),(3996,'g',0,'2011-12-06'),(4184,'g',0,'2011-12-06'),(3975,'g',0,'2011-12-06'),(1052,'g',0,'2012-03-04'),(1128,'g',0,'2011-12-06'),(3988,'g',0,'2011-12-06'),(3978,'g',0,'2011-12-06'),(4505,'g',0,'2011-12-06'),(4452,'g',0,'2011-12-06'),(4448,'g',0,'2012-03-01'),(4408,'g',0,'2012-02-29'),(4379,'g',0,'2012-02-29'),(4377,'g',0,'2012-03-01'),(4372,'g',0,'2012-02-29'),(4284,'g',0,'2012-02-29'),(4265,'g',0,'2012-02-29'),(4367,'g',0,'2012-02-29'),(85,'g',0,'2012-02-13'),(86,'g',0,'2011-12-06'),(87,'g',0,'2011-12-06'),(90,'g',0,'2011-12-06'),(4564,'g',0,'2011-12-06'),(4515,'g',0,'2011-12-06'),(91,'g',0,'2011-12-06'),(4511,'g',0,'2011-12-06'),(4251,'g',0,'2012-02-29'),(4150,'g',0,'2011-12-06'),(4141,'g',0,'2011-12-06'),(4158,'g',0,'2012-02-29'),(4124,'g',0,'2011-12-06'),(3960,'g',0,'2011-12-06'),(3513,'g',0,'2011-12-06'),(3521,'g',0,'2011-12-06'),(3530,'g',0,'2011-12-06'),(3865,'g',0,'2011-12-06'),(2066,'g',0,'2011-12-06'),(1058,'g',0,'2011-12-06'),(3740,'g',0,'2011-12-06'),(2057,'g',0,'2011-12-06'),(4545,'g',0,'2012-02-08'),(4536,'g',0,'2011-12-07'),(4535,'g',0,'2011-12-07'),(4532,'g',0,'2011-12-07'),(4533,'g',0,'2011-12-07'),(4531,'g',0,'2012-02-11'),(4528,'g',0,'2011-12-07'),(4537,'g',0,'2012-02-08'),(4555,'g',0,'2012-02-16'),(1060,'g',0,'2011-12-07'),(4539,'g',0,'2012-02-08'),(4534,'g',0,'2011-12-07'),(4530,'g',0,'2011-12-07'),(4529,'g',0,'2011-12-07'),(4538,'g',0,'2012-02-08'),(4516,'g',0,'2011-12-08'),(4057,'g',0,'2011-12-08'),(4005,'g',0,'2011-12-08'),(4061,'g',0,'2011-12-08'),(4059,'g',0,'2011-12-08'),(4011,'g',0,'2011-12-08'),(4034,'g',0,'2011-12-08'),(4012,'g',0,'2011-12-08'),(4014,'g',0,'2011-12-08'),(4007,'g',0,'2011-12-08'),(4036,'g',0,'2011-12-08'),(4509,'g',0,'2012-02-08'),(4241,'g',0,'2011-12-09'),(4547,'g',0,'2012-02-08'),(4570,'g',0,'2011-12-09'),(4571,'g',0,'2011-12-09'),(4554,'g',0,'2012-02-08'),(4553,'g',0,'2012-02-08'),(4552,'g',0,'2012-02-08'),(4551,'g',0,'2012-02-08'),(3859,'g',0,'2012-02-26'),(4523,'g',0,'2012-02-08'),(4521,'g',0,'2012-02-08'),(4519,'g',0,'2012-02-08'),(4520,'g',0,'2012-02-08'),(4522,'g',0,'2012-02-08'),(4572,'g',0,'2012-02-08'),(4580,'g',0,'2011-12-13'),(4579,'g',0,'2011-12-13'),(4561,'g',0,'2011-12-13'),(4518,'g',0,'2011-12-13'),(4575,'g',0,'2011-12-13'),(4550,'g',0,'2011-12-14'),(4540,'g',0,'2011-12-14'),(4568,'g',0,'2011-12-14'),(4576,'g',0,'2011-12-14'),(4546,'g',0,'2011-12-14'),(4548,'g',0,'2011-12-14'),(4557,'g',0,'2011-12-14'),(4562,'g',0,'2011-12-14'),(4549,'g',0,'2011-12-14'),(4542,'g',0,'2011-12-14'),(4257,'g',0,'2011-12-14'),(4327,'g',0,'2011-12-15'),(4597,'g',0,'2012-02-08'),(4578,'g',0,'2011-12-17'),(4620,'g',0,'2012-02-08'),(4598,'g',0,'2012-02-08'),(4599,'g',0,'2012-02-08'),(4577,'g',0,'2011-12-17'),(4601,'g',0,'2012-02-08'),(4637,'g',0,'2011-12-22'),(4666,'g',0,'2012-02-08'),(4665,'g',0,'2012-02-08'),(4622,'g',0,'2012-02-08'),(4623,'g',0,'2012-02-08'),(4621,'g',0,'2012-02-08'),(4630,'g',0,'2012-02-08'),(4645,'g',0,'2011-12-23'),(4646,'g',0,'2011-12-23'),(4644,'g',0,'2011-12-23'),(4697,'g',0,'2012-02-08'),(4687,'g',0,'2012-02-08'),(4689,'g',0,'2012-02-08'),(4696,'g',0,'2012-02-08'),(4615,'g',0,'2012-02-08'),(4635,'g',0,'2011-12-26'),(4688,'g',0,'2012-02-08'),(4703,'g',0,'2012-02-08'),(4613,'g',0,'2011-12-27'),(4699,'g',0,'2012-02-08'),(4706,'g',0,'2012-02-08'),(4698,'g',0,'2012-02-08'),(4662,'g',0,'2012-02-08'),(4695,'g',0,'2012-02-08'),(4799,'g',0,'2012-02-08'),(4777,'g',0,'2012-02-08'),(4708,'g',0,'2012-02-08'),(4817,'g',0,'2012-02-08'),(4691,'g',0,'2012-02-08'),(4782,'g',0,'2012-02-08'),(4773,'g',0,'2012-02-08'),(4813,'g',0,'2012-02-08'),(4805,'g',0,'2012-02-08'),(4779,'g',0,'2011-12-31'),(4800,'g',0,'2012-02-08'),(4830,'g',0,'2012-02-08'),(4685,'g',0,'2012-02-08'),(4809,'g',0,'2012-02-08'),(4822,'g',0,'2012-01-01'),(4827,'g',0,'2012-01-01'),(4791,'g',0,'2012-02-08'),(4823,'g',0,'2012-02-08'),(4753,'g',0,'2012-02-08'),(4705,'g',0,'2012-02-08'),(4780,'g',0,'2012-02-08'),(4825,'g',0,'2012-02-04'),(4794,'g',0,'2012-02-08'),(4690,'g',0,'2012-02-08'),(4736,'g',0,'2012-02-08'),(4704,'g',0,'2012-01-01'),(4246,'g',0,'2012-01-02'),(4252,'g',0,'2012-01-02'),(4329,'g',0,'2012-01-02'),(4774,'g',0,'2012-02-08'),(4332,'g',0,'2012-02-16'),(4798,'g',0,'2012-02-08'),(4786,'g',0,'2012-02-16'),(4260,'g',0,'2012-01-02'),(4247,'g',0,'2012-01-02'),(4255,'g',0,'2012-01-02'),(4771,'g',0,'2012-01-02'),(4812,'g',0,'2012-02-08'),(4328,'g',0,'2012-01-02'),(4331,'g',0,'2012-01-02'),(4330,'g',0,'2012-02-16'),(4802,'g',0,'2012-02-08'),(4262,'g',0,'2012-01-03'),(4268,'g',0,'2012-01-03'),(4263,'g',0,'2012-01-03'),(4266,'g',0,'2012-01-03'),(4797,'g',0,'2012-02-08'),(4836,'g',0,'2012-02-08'),(4843,'g',0,'2012-01-03'),(4816,'g',0,'2012-02-08'),(4790,'g',0,'2012-02-08'),(4792,'g',0,'2012-01-03'),(4804,'g',0,'2012-02-08'),(4821,'g',0,'2012-02-08'),(4796,'g',0,'2012-02-08'),(4707,'g',0,'2012-02-08'),(4849,'g',0,'2012-02-08'),(4806,'g',0,'2012-02-08'),(4728,'g',0,'2012-02-08'),(3841,'g',0,'2012-01-03'),(3839,'g',0,'2012-01-03'),(3840,'g',0,'2012-01-03'),(4845,'g',0,'2012-02-08'),(4573,'g',0,'2012-01-04'),(4272,'g',0,'2012-01-04'),(4673,'g',0,'2012-01-20'),(4602,'g',0,'2012-01-23'),(3685,'g',0,'2012-01-23'),(4807,'g',0,'2012-01-24'),(4556,'g',0,'2012-01-26'),(4826,'g',0,'2012-01-26'),(4664,'g',0,'2012-01-26'),(4663,'g',0,'2012-01-26'),(4750,'g',0,'2012-01-26'),(4765,'g',0,'2012-01-26'),(4767,'g',0,'2012-01-26'),(4776,'g',0,'2012-01-26'),(4757,'g',0,'2012-01-26'),(4752,'g',0,'2012-01-26'),(3547,'g',0,'2012-01-26'),(3728,'g',0,'2012-01-26'),(4762,'g',0,'2012-01-26'),(3666,'g',0,'2012-01-26'),(3678,'g',0,'2012-01-26'),(4768,'g',0,'2012-01-26'),(3537,'g',0,'2012-01-26'),(3711,'g',0,'2012-01-26'),(3739,'g',0,'2012-01-26'),(4694,'g',0,'2012-01-27'),(4667,'g',0,'2012-01-27'),(4668,'g',0,'2012-01-27'),(4683,'g',0,'2012-01-27'),(3871,'g',0,'2012-01-27'),(4618,'g',0,'2012-01-27'),(4669,'g',0,'2012-01-27'),(4608,'g',0,'2012-01-27'),(4128,'g',0,'2012-01-27'),(4670,'g',0,'2012-01-27'),(4612,'g',0,'2012-01-27'),(4832,'g',0,'2012-03-05'),(4828,'g',0,'2012-01-27'),(3808,'g',0,'2012-01-28'),(4655,'g',0,'2012-01-30'),(4745,'g',0,'2012-01-30'),(4719,'g',0,'2012-01-31'),(4770,'g',0,'2012-02-03'),(4659,'g',0,'2012-02-03'),(4842,'g',0,'2012-02-06'),(4837,'g',0,'2012-02-08'),(4850,'g',0,'2012-02-08'),(4839,'g',0,'2012-02-08'),(4835,'g',0,'2012-02-08'),(4945,'g',0,'2012-02-08'),(4853,'g',0,'2012-02-08'),(4855,'g',0,'2012-02-08'),(4818,'g',0,'2012-02-08'),(4808,'g',0,'2012-02-08'),(4854,'g',0,'2012-02-08'),(4829,'g',0,'2012-02-08'),(4838,'g',0,'2012-02-08'),(4851,'g',0,'2012-02-08'),(4831,'g',0,'2012-02-08'),(4814,'g',0,'2012-02-08'),(4811,'g',0,'2012-02-08'),(4734,'g',0,'2012-02-11'),(4974,'g',0,'2012-02-11'),(4729,'g',0,'2012-02-11'),(4928,'g',0,'2012-02-11'),(4971,'g',0,'2012-02-12'),(4989,'g',0,'2012-02-12'),(4982,'g',0,'2012-02-12'),(4692,'g',0,'2012-02-12'),(4972,'g',0,'2012-02-13'),(4693,'g',0,'2012-02-13'),(4702,'g',0,'2012-02-13'),(4787,'g',0,'2012-02-14'),(4979,'g',0,'2012-02-14'),(4942,'g',0,'2012-02-14'),(4935,'g',0,'2012-02-14'),(4948,'g',0,'2012-02-14'),(4939,'g',0,'2012-02-14'),(4944,'g',0,'2012-02-14'),(4909,'g',0,'2012-02-14'),(4940,'g',0,'2012-02-15'),(4344,'g',0,'2012-02-15'),(4341,'g',0,'2012-02-15'),(4339,'g',0,'2012-02-15'),(4338,'g',0,'2012-02-15'),(4342,'g',0,'2012-02-15'),(4343,'g',0,'2012-02-15'),(4340,'g',0,'2012-02-15'),(4345,'g',0,'2012-02-15'),(4346,'g',0,'2012-02-15'),(4337,'g',0,'2012-02-15'),(4387,'g',0,'2012-02-15'),(4381,'g',0,'2012-02-15'),(4788,'g',0,'2012-02-15'),(4789,'g',0,'2012-02-15'),(4348,'g',0,'2012-02-15'),(4350,'g',0,'2012-02-15'),(4347,'g',0,'2012-02-15'),(4349,'g',0,'2012-02-15'),(4352,'g',0,'2012-02-15'),(5012,'g',0,'2012-02-16'),(4686,'g',0,'2012-02-16'),(4824,'g',0,'2012-02-16'),(4973,'g',0,'2012-02-16'),(4384,'g',0,'2012-02-16'),(4333,'g',0,'2012-02-16'),(4441,'g',0,'2012-02-16'),(5011,'g',0,'2012-02-16'),(4983,'g',0,'2012-02-16'),(4980,'g',0,'2012-02-16'),(4957,'g',0,'2012-02-16'),(4943,'g',0,'2012-02-16'),(4954,'g',0,'2012-02-16'),(4317,'g',0,'2012-02-16'),(4335,'g',0,'2012-02-16'),(4320,'g',0,'2012-02-16'),(4324,'g',0,'2012-02-16'),(4323,'g',0,'2012-02-16'),(4325,'g',0,'2012-02-16'),(4336,'g',0,'2012-02-17'),(3973,'g',0,'2012-02-17'),(4018,'g',0,'2012-02-17'),(4654,'g',0,'2012-02-17'),(4648,'g',0,'2012-02-17'),(4051,'g',0,'2012-02-17'),(3974,'g',0,'2012-02-17'),(4653,'g',0,'2012-02-17'),(4674,'g',0,'2012-02-17'),(3977,'g',0,'2012-02-17'),(4716,'g',0,'2012-02-17'),(4619,'g',0,'2012-02-17'),(4873,'g',0,'2012-02-17'),(3797,'g',0,'2012-02-17'),(4643,'g',0,'2012-02-17'),(4639,'g',0,'2012-02-17'),(4604,'g',0,'2012-02-18'),(4640,'g',0,'2012-02-18'),(4763,'g',0,'2012-02-18'),(4634,'g',0,'2012-02-18'),(4740,'g',0,'2012-02-18'),(4717,'g',0,'2012-02-18'),(4758,'g',0,'2012-02-18'),(4784,'g',0,'2012-02-19'),(4925,'g',0,'2012-02-19'),(4543,'g',0,'2012-02-19'),(4416,'g',0,'2012-02-19'),(4997,'g',0,'2012-02-19'),(4862,'g',0,'2012-02-19'),(4864,'g',0,'2012-02-19'),(4970,'g',0,'2012-02-19'),(4462,'g',0,'2012-02-20'),(4356,'g',0,'2012-02-20'),(4961,'g',0,'2012-02-20'),(4411,'g',0,'2012-02-20'),(4437,'g',0,'2012-02-20'),(4358,'g',0,'2012-02-20'),(4852,'g',0,'2012-02-20'),(4558,'g',0,'2012-02-20'),(4906,'g',0,'2012-02-20'),(4902,'g',0,'2012-02-20'),(4470,'g',0,'2012-02-20'),(4840,'g',0,'2012-02-20'),(4419,'g',0,'2012-02-20'),(4447,'g',0,'2012-02-20'),(4406,'g',0,'2012-02-20'),(4426,'g',0,'2012-02-20'),(4949,'g',0,'2012-02-20'),(4958,'g',0,'2012-02-20'),(4963,'g',0,'2012-02-20'),(5007,'g',0,'2012-02-20'),(4889,'g',0,'2012-02-20'),(4355,'g',0,'2012-02-20'),(4803,'g',0,'2012-02-20'),(4820,'g',0,'2012-02-20'),(4430,'g',0,'2012-02-20'),(4541,'g',0,'2012-02-20'),(4976,'g',0,'2012-02-20'),(4923,'g',0,'2012-02-20'),(5014,'g',0,'2012-02-20'),(4953,'g',0,'2012-02-20'),(5005,'g',0,'2012-02-20'),(4642,'g',0,'2012-02-20'),(4357,'g',0,'2012-02-20'),(4354,'g',0,'2012-02-20'),(4783,'g',0,'2012-02-21'),(4473,'g',0,'2012-02-21'),(4995,'g',0,'2012-02-21'),(4746,'g',0,'2012-02-21'),(4764,'g',0,'2012-02-21'),(4911,'g',0,'2012-02-21'),(4715,'g',0,'2012-02-21'),(4766,'g',0,'2012-02-21'),(4756,'g',0,'2012-02-21'),(4986,'g',0,'2012-02-21'),(4883,'g',0,'2012-02-21'),(4721,'g',0,'2012-02-21'),(4735,'g',0,'2012-02-21'),(4754,'g',0,'2012-02-21'),(4709,'g',0,'2012-02-21'),(4730,'g',0,'2012-02-21'),(4353,'g',0,'2012-02-21'),(4427,'g',0,'2012-02-21'),(126,'g',0,'2012-02-21'),(4904,'g',0,'2012-02-21'),(5000,'g',0,'2012-02-21'),(4841,'g',0,'2012-02-21'),(4293,'g',0,'2012-02-21'),(4701,'g',0,'2012-02-21'),(4962,'g',0,'2012-02-21'),(4903,'g',0,'2012-02-21'),(4967,'g',0,'2012-02-21'),(4905,'g',0,'2012-02-21'),(4429,'g',0,'2012-02-21'),(4720,'g',0,'2012-02-21'),(5026,'g',0,'2012-02-21'),(4772,'g',0,'2012-02-22'),(4775,'g',0,'2012-02-22'),(4725,'g',0,'2012-02-22'),(3875,'g',0,'2012-02-22'),(4726,'g',0,'2012-02-22'),(4964,'g',0,'2012-02-22'),(4926,'g',0,'2012-02-22'),(4959,'g',0,'2012-02-22'),(4952,'g',0,'2012-02-22'),(4922,'g',0,'2012-02-22'),(4956,'g',0,'2012-02-22'),(4960,'g',0,'2012-02-22'),(4494,'g',0,'2012-02-23'),(5008,'g',0,'2012-02-23'),(4907,'g',0,'2012-02-23'),(4998,'g',0,'2012-02-24'),(5036,'g',0,'2012-02-25'),(4987,'g',0,'2012-02-25'),(4574,'g',0,'2012-02-25'),(4846,'g',0,'2012-02-25'),(4795,'g',0,'2012-02-25'),(4793,'g',0,'2012-02-25'),(4514,'g',0,'2012-02-25'),(4731,'g',0,'2012-02-25'),(4405,'g',0,'2012-02-25'),(4567,'g',0,'2012-02-25'),(3782,'g',0,'2012-02-25'),(5032,'g',0,'2012-02-25'),(3744,'g',0,'2012-02-25'),(3787,'g',0,'2012-02-25'),(4760,'g',0,'2012-02-25'),(4600,'g',0,'2012-02-25'),(4990,'g',0,'2012-02-25'),(3791,'g',0,'2012-02-25'),(3849,'g',0,'2012-02-25'),(4965,'g',0,'2012-02-25'),(4781,'g',0,'2012-02-25'),(4370,'g',0,'2012-02-25'),(4650,'g',0,'2012-02-25'),(4386,'g',0,'2012-02-26'),(4977,'g',0,'2012-02-26'),(5019,'g',0,'2012-02-26'),(3754,'g',0,'2012-02-26'),(3815,'g',0,'2012-02-26'),(4751,'g',0,'2012-02-26'),(4748,'g',0,'2012-02-26'),(4834,'g',0,'2012-02-26'),(4315,'g',0,'2012-02-26'),(4738,'g',0,'2012-02-26'),(4724,'g',0,'2012-02-26'),(3813,'g',0,'2012-02-26'),(4927,'g',0,'2012-02-26'),(4912,'g',0,'2012-02-26'),(4930,'g',0,'2012-02-26'),(4399,'g',0,'2012-02-26'),(4365,'g',0,'2012-02-26'),(4318,'g',0,'2012-02-26'),(4815,'g',0,'2012-02-26'),(4371,'g',0,'2012-02-26'),(4010,'g',0,'2012-02-26'),(4742,'g',0,'2012-02-26'),(4714,'g',0,'2012-02-26'),(4833,'g',0,'2012-02-26'),(3764,'g',0,'2012-02-26'),(3783,'g',0,'2012-02-26'),(4778,'g',0,'2012-02-26'),(4761,'g',0,'2012-02-26'),(4732,'g',0,'2012-02-26'),(4785,'g',0,'2012-02-26'),(4749,'g',0,'2012-02-26'),(4755,'g',0,'2012-02-26'),(4744,'g',0,'2012-02-26'),(3663,'g',0,'2012-02-26'),(4978,'g',0,'2012-02-26'),(3817,'g',0,'2012-02-26'),(4984,'g',0,'2012-02-26'),(5009,'g',0,'2012-02-26'),(4741,'g',0,'2012-02-26'),(4713,'g',0,'2012-02-26'),(3807,'g',0,'2012-02-26'),(4739,'g',0,'2012-02-26'),(3765,'g',0,'2012-02-26'),(4641,'g',0,'2012-02-26'),(4847,'g',0,'2012-02-26'),(4638,'g',0,'2012-02-26'),(3750,'g',0,'2012-02-26'),(4380,'g',0,'2012-02-26'),(4844,'g',0,'2012-02-26'),(4810,'g',0,'2012-02-26'),(4969,'g',0,'2012-02-26'),(4373,'g',0,'2012-02-27'),(4996,'g',0,'2012-02-27'),(5015,'g',0,'2012-02-27'),(4737,'g',0,'2012-02-27'),(4443,'g',0,'2012-02-27'),(5020,'g',0,'2012-02-27'),(5056,'g',0,'2012-02-27'),(5004,'g',0,'2012-02-27'),(4087,'g',0,'2012-02-27'),(4651,'g',0,'2012-02-27'),(5018,'g',0,'2012-02-28'),(4684,'g',0,'2012-02-28'),(5027,'g',0,'2012-02-28'),(4049,'g',0,'2012-02-28'),(4527,'g',0,'2012-02-28'),(4525,'g',0,'2012-02-28'),(4994,'g',0,'2012-02-28'),(4968,'g',0,'2012-02-28'),(5001,'g',0,'2012-02-28'),(5051,'g',0,'2012-02-28'),(4526,'g',0,'2012-02-28'),(4625,'g',0,'2012-02-28'),(4661,'g',0,'2012-02-28'),(4988,'g',0,'2012-02-28'),(5050,'g',0,'2012-02-28'),(5053,'g',0,'2012-02-28'),(5055,'g',0,'2012-02-28'),(5044,'g',0,'2012-02-28'),(5047,'g',0,'2012-02-28'),(4975,'g',0,'2012-02-28'),(5052,'g',0,'2012-02-29'),(5043,'g',0,'2012-02-29'),(4985,'g',0,'2012-02-29'),(5045,'g',0,'2012-02-29'),(4885,'g',0,'2012-02-29'),(4933,'g',0,'2012-02-29'),(4563,'g',0,'2012-02-29'),(4566,'g',0,'2012-02-29'),(4565,'g',0,'2012-02-29'),(4560,'g',0,'2012-02-29'),(4524,'g',0,'2012-02-29'),(4445,'g',0,'2012-02-29'),(4492,'g',0,'2012-02-29'),(4510,'g',0,'2012-02-29'),(5065,'g',0,'2012-02-29'),(4559,'g',0,'2012-02-29'),(4449,'g',0,'2012-02-29'),(4444,'g',0,'2012-02-29'),(4879,'g',0,'2012-02-29'),(4897,'g',0,'2012-02-29'),(4941,'g',0,'2012-02-29'),(5030,'g',0,'2012-02-29'),(5069,'g',0,'2012-03-02'),(5070,'g',0,'2012-03-02'),(5077,'g',0,'2012-03-02'),(5048,'g',0,'2012-03-02'),(5071,'g',0,'2012-03-02'),(5066,'g',0,'2012-03-02'),(5081,'g',0,'2012-03-04'),(5078,'g',0,'2012-03-04'),(5079,'g',0,'2012-03-04'),(5035,'g',0,'2012-03-04'),(5060,'g',0,'2012-03-05'),(4966,'g',0,'2012-03-05'),(4955,'g',0,'2012-03-06'),(4937,'g',0,'2012-03-06'),(5061,'g',0,'2012-03-06'),(4950,'g',0,'2012-03-06'),(4607,'g',0,'2012-03-06'),(5096,'g',0,'2012-03-06'),(4610,'g',0,'2012-03-06'),(5086,'g',0,'2012-03-06'),(5083,'g',0,'2012-03-06'),(4605,'g',0,'2012-03-07'),(4992,'g',0,'2012-03-07'),(5040,'g',0,'2012-03-07'),(5082,'g',0,'2012-03-07'),(5076,'g',0,'2012-03-07');

--
-- Table structure for table `idx_paid_listing`
--

CREATE TABLE `idx_paid_listing` (
  `link_id` mediumint(9) unsigned NOT NULL DEFAULT '0',
  `premium` char(1) DEFAULT NULL,
  `sponsored` char(1) DEFAULT NULL,
  `expire` datetime DEFAULT NULL,
  `paid` char(1) DEFAULT NULL,
  PRIMARY KEY (`link_id`)
) ENGINE=MyISAM DEFAULT CHARSET=latin1;

--
-- Dumping data for table `idx_paid_listing`
--


--
-- Table structure for table `idx_payment_gateway`
--

CREATE TABLE `idx_payment_gateway` (
  `payment_gateway_id` int(11) NOT NULL AUTO_INCREMENT,
  `name` varchar(100) DEFAULT NULL,
  `enable` char(1) DEFAULT NULL,
  `setting` text,
  `invoice_html` text,
  PRIMARY KEY (`payment_gateway_id`)
) ENGINE=MyISAM AUTO_INCREMENT=9 DEFAULT CHARSET=latin1;

--
-- Dumping data for table `idx_payment_gateway`
--

INSERT INTO `idx_payment_gateway` VALUES (1,'paypal','1','a:2:{s:13:\"payment_email\";s:0:\"\";s:21:\"enable_paypal_sandbox\";s:1:\"0\";}','<p> \r\n	<a href=\'paynow.php?id={$invoice_id}&m=paypal\'><img src=\'http://www.paypal.com/images/x-click-but02.gif\' border=\'0\' alt=\'Make payments with PayPal - it is fast, free and secure!\' /></a> \r\n</p>\r\n'),(2,'2co','0','a:6:{s:6:\"co_sid\";s:5:\"84932\";s:9:\"co_secret\";s:5:\"tango\";s:12:\"co_recurring\";s:1:\"0\";s:9:\"co_prod_1\";s:6:\"100.00\";s:9:\"co_prod_2\";s:6:\"250.00\";s:9:\"co_prod_3\";s:6:\"400.00\";}','<p>\r\n<a href=\'paynow.php?id={$invoice_id}&m=2co\'><img src=\'http://www.2checkout.com/images/overview/btns/25.jpg\' alt=\'Pay Now with 2checkout...\' border=\'0\' /></a> \r\n</p>'),(3,'authorizenet','0','a:2:{s:21:\"authorizenet_login_id\";s:0:\"\";s:21:\"authorizenet_tran_key\";s:0:\"\";}','<p> \r\n<a href=\'paynow.php?id={$invoice_id}&m=authorizenet\'><img src=\'http://www.authorize.net/upload/images/Images/Header/authorizenet_logo.gif\' alt=\'Pay Now with Authorize.Net...\' width=\'99\' height=\'39\' style=\'{border : 1px solid #c0c0c0;}\' /></a>\r\n</p>'),(4,'egold','0','a:2:{s:19:\"egold_payee_account\";s:0:\"\";s:16:\"egold_payee_name\";s:0:\"\";}','<p> \r\n<a href=\'paynow.php?id={$invoice_id}&m=egold\'>\r\n<img src=\'http://www.e-gold.com/gif/paywith.gif\' border=\'0\' alt=\'Pay Now with e-gold...\' />\r\n</a>\r\n</p>'),(5,'moneybookers','0','a:1:{s:18:\"moneybookers_email\";s:0:\"\";}','<p> \r\n<a href=\'paynow.php?id={$invoice_id}&m=paypal\'><img src=\'http://www.moneybookers.com/images/banners/88_en_mb.gif\' border=\'0\' alt=\'Make payments with Moneybookers - it is fast, free and secure!\' /></a> \r\n</p>'),(6,'paypal-subscriptions','0','a:2:{s:13:\"payment_email\";s:0:\"\";s:21:\"enable_paypal_sandbox\";s:1:\"0\";}','<p> \r\n<a href=\'paynow.php?id={$invoice_id}&m=paypal\'><img src=\'https://www.paypal.com/en_US/i/btn/x-click-but20.gif\' border=\'0\' alt=\'Make payments with PayPal - it is fast, free and secure!\' /></a> \r\n</p>'),(7,'alertpay','0','a:2:{s:14:\"alertpay_email\";s:0:\"\";s:23:\"enable_alertpay_sandbox\";s:1:\"0\";}','<p> \r\n<a href=\'paynow.php?id={$invoice_id}&m=alertpay\'>\r\n<img src=\'https://www.alertpay.com/Images/BuyNow/pay_now_3.gif\' border=\'0\' alt=\'Make payments with PayPal - it is fast, free and secure!\' /></a> \r\n</p>'),(8,'alertpay-subcriptions','0','a:2:{s:14:\"alertpay_email\";s:0:\"\";s:23:\"enable_alertpay_sandbox\";s:1:\"0\";}','<p>\r\n<a href=\'paynow.php?id={$invoice_id}&m=alertpay-subcriptions\'>\r\n<img src=\'https://www.alertpay.com/Images/BuyNow/subscribe_now_15.gif\' border=\'0\' alt=\'Make payments with Alert Pay - it is fast, free and secure!\' /></a> \r\n</p>');

--
-- Table structure for table `idx_payment_history`
--

CREATE TABLE `idx_payment_history` (
  `payment_id` int(10) unsigned NOT NULL AUTO_INCREMENT,
  `contact_name` varchar(255) DEFAULT NULL,
  `email` varchar(255) DEFAULT NULL,
  `type` varchar(255) DEFAULT NULL,
  `detail` text,
  `amount` double DEFAULT NULL,
  `time` datetime DEFAULT NULL,
  `invoice_id` varchar(10) DEFAULT NULL,
  PRIMARY KEY (`payment_id`)
) ENGINE=MyISAM DEFAULT CHARSET=latin1;

--
-- Dumping data for table `idx_payment_history`
--


--
-- Table structure for table `idx_pl_sociable`
--

CREATE TABLE `idx_pl_sociable` (
  `sb_id` int(11) NOT NULL AUTO_INCREMENT,
  `sb_name` varchar(255) CHARACTER SET utf8 DEFAULT NULL,
  `sb_url` varchar(255) CHARACTER SET utf8 DEFAULT NULL,
  `sb_icon` varchar(255) CHARACTER SET utf8 DEFAULT NULL,
  `sb_enable` char(1) CHARACTER SET utf8 DEFAULT '0',
  PRIMARY KEY (`sb_id`)
) ENGINE=MyISAM AUTO_INCREMENT=90 DEFAULT CHARSET=latin1;

--
-- Dumping data for table `idx_pl_sociable`
--

INSERT INTO `idx_pl_sociable` VALUES (1,'BarraPunto','http://barrapunto.com/submit.pl?subj=TITLE&amp;story=PERMALINK','barrapunto.png','0'),(2,'Bitacoras.com','http://bitacoras.com/anotaciones/PERMALINK','bitacoras.png','0'),(3,'BlinkList','http://www.blinklist.com/index.php?Action=Blink/addblink.php&amp;Url=PERMALINK&amp;Title=TITLE','blinklist.png','0'),(4,'blogmarks','http://blogmarks.net/my/new.php?mini=1&amp;simple=1&amp;url=PERMALINK&amp;title=TITLE','blogmarks.png','0'),(5,'Blogosphere News','http://www.blogospherenews.com/submit.php?url=PERMALINK&amp;title=TITLE','blogospherenews.png','0'),(6,'blogtercimlap','http://cimlap.blogter.hu/index.php?action=suggest_link&amp;title=TITLE&amp;url=PERMALINK','blogter.png','0'),(7,'Faves','http://faves.com/Authoring.aspx?u=PERMALINK&amp;title=TITLE','bluedot.png','0'),(8,'connotea','http://www.connotea.org/addpopup?continue=confirm&amp;uri=PERMALINK&amp;title=TITLE&amp;description=EXCERPT','connotea.png','0'),(9,'Current','http://current.com/clipper.htm?url=PERMALINK&amp;title=TITLE','current.png','0'),(10,'del.icio.us','http://delicious.com/post?url=PERMALINK&amp;title=TITLE&amp;notes=EXCERPT','delicious.png','0'),(11,'Digg','http://digg.com/submit?phase=2&amp;url=PERMALINK&amp;title=TITLE&amp;bodytext=EXCERPT','digg.png','1'),(12,'Diigo','http://www.diigo.com/post?url=PERMALINK&amp;title=TITLE','diigo.png','0'),(13,'DotNetKicks','http://www.dotnetkicks.com/kick/?url=PERMALINK&amp;title=TITLE','dotnetkicks.png','0'),(14,'DZone','http://www.dzone.com/links/add.html?url=PERMALINK&amp;title=TITLE','dzone.png','0'),(15,'eKudos','http://www.ekudos.nl/artikel/nieuw?url=PERMALINK&amp;title=TITLE&amp;desc=EXCERPT','ekudos.png','0'),(16,'email','mailto:?subject=TITLE&amp;body=PERMALINK','email_link.png','0'),(17,'Facebook','http://www.facebook.com/share.php?u=PERMALINK&amp;t=TITLE','facebook.png','1'),(18,'Fark','http://cgi.fark.com/cgi/fark/farkit.pl?h=TITLE&amp;u=PERMALINK','fark.png','0'),(19,'Fleck','http://beta3.fleck.com/bookmarklet.php?url=PERMALINK&amp;title=TITLE','fleck.png','0'),(20,'FriendFeed','http://www.friendfeed.com/share?title=TITLE&amp;link=PERMALINK','friendfeed.png','0'),(21,'FSDaily','http://www.fsdaily.com/submit?url=PERMALINK&amp;title=TITLE','fsdaily.png','0'),(22,'Global Grind','http://globalgrind.com/submission/submit.aspx?url=PERMALINK&amp;type=Article&amp;title=TITLE','globalgrind.png','0'),(23,'Google','http://www.google.com/bookmarks/mark?op=edit&amp;bkmk=PERMALINK&amp;title=TITLE&amp;annotation=EXCERPT','googlebookmark.png','0'),(24,'Gwar','http://www.gwar.pl/DodajGwar.html?u=PERMALINK','gwar.png','0'),(25,'HackerNews','http://news.ycombinator.com/submitlink?u=PERMALINK&amp;t=TITLE','hackernews.png','0'),(26,'Haohao','http://www.haohaoreport.com/submit.php?url=PERMALINK&amp;title=TITLE','haohao.png','0'),(27,'HealthRanker','http://healthranker.com/submit.php?url=PERMALINK&amp;title=TITLE','healthranker.png','0'),(28,'HelloTxt','http://hellotxt.com/?status=TITLE+PERMALINK','hellotxt.png','0'),(29,'Hemidemi','http://www.hemidemi.com/user_bookmark/new?title=TITLE&amp;url=PERMALINK','hemidemi.png','0'),(30,'Hyves','http://www.hyves.nl/profilemanage/add/tips/?name=TITLE&amp;text=EXCERPT+PERMALINK&amp;rating=5','hyves.png','0'),(31,'Identi.ca','http://identi.ca/notice/new?status_textarea=PERMALINK','identica.png','0'),(32,'IndianPad','http://www.indianpad.com/submit.php?url=PERMALINK','indianpad.png','0'),(33,'Internetmedia','http://internetmedia.hu/submit.php?url=PERMALINK','im.png','0'),(34,'Kirtsy','http://www.kirtsy.com/submit.php?url=PERMALINK&amp;title=TITLE','kirtsy.png','0'),(35,'laaik.it','http://laaik.it/NewStoryCompact.aspx?uri=PERMALINK&amp;headline=TITLE&amp;cat=5e082fcc-8a3b-47e2-acec-fdf64ff19d12','laaikit.png','0'),(36,'LinkArena','http://linkarena.com/bookmarks/addlink/?url=PERMALINK&amp;title=TITLE','linkarena.png','0'),(37,'LinkaGoGo','http://www.linkagogo.com/go/AddNoPopup?url=PERMALINK&amp;title=TITLE','linkagogo.png','0'),(38,'LinkedIn','http://www.linkedin.com/shareArticle?mini=true&amp;url=PERMALINK&amp;title=TITLE&amp;source=BLOGNAME&amp;summary=EXCERPT','linkedin.png','0'),(39,'Linkter','http://www.linkter.hu/index.php?action=suggest_link&amp;url=PERMALINK&amp;title=TITLE','linkter.png','0'),(40,'Live','https://favorites.live.com/quickadd.aspx?marklet=1&amp;url=PERMALINK&amp;title=TITLE','live.png','0'),(41,'Meneame','http://meneame.net/submit.php?url=PERMALINK','meneame.png','0'),(42,'MisterWong','http://www.mister-wong.com/addurl/?bm_url=PERMALINK&amp;bm_description=TITLE&amp;plugin=soc','misterwong.png','0'),(43,'MisterWong.DE','http://www.mister-wong.de/addurl/?bm_url=PERMALINK&amp;bm_description=TITLE&amp;plugin=soc','misterwong.png','0'),(44,'Mixx','http://www.mixx.com/submit?page_url=PERMALINK&amp;title=TITLE','mixx.png','0'),(45,'muti','http://www.muti.co.za/submit?url=PERMALINK&amp;title=TITLE','muti.png','0'),(46,'MyShare','http://myshare.url.com.tw/index.php?func=newurl&amp;url=PERMALINK&amp;desc=TITLE','myshare.png','0'),(47,'MySpace','http://www.myspace.com/Modules/PostTo/Pages/?u=PERMALINK&amp;t=TITLE','myspace.png','0'),(48,'MSNReporter','http://reporter.nl.msn.com/?fn=contribute&amp;Title=TITLE&amp;URL=PERMALINK&amp;cat_id=6&amp;tag_id=31&amp;Remark=EXCERPT','msnreporter.png','0'),(49,'N4G','http://www.n4g.com/tips.aspx?url=PERMALINK&amp;title=TITLE','n4g.png','0'),(50,'Netvibes','http://www.netvibes.com/share?title=TITLE&amp;url=PERMALINK','netvibes.png','0'),(51,'NewsVine','http://www.newsvine.com/_tools/seed&amp;save?u=PERMALINK&amp;h=TITLE','newsvine.png','0'),(52,'Netvouz','http://www.netvouz.com/action/submitBookmark?url=PERMALINK&amp;title=TITLE&amp;popup=no','netvouz.png','0'),(53,'NuJIJ','http://nujij.nl/jij.lynkx?t=TITLE&amp;u=PERMALINK&amp;b=EXCERPT','nujij.png','0'),(54,'Ping.fm','http://ping.fm/ref/?link=PERMALINK&amp;title=TITLE&amp;body=EXCERPT','ping.png','0'),(55,'Posterous','http://posterous.com/share?linkto=PERMALINK&amp;title=TITLE&amp;selection=EXCERPT','posterous.png','0'),(56,'PDF','http://www.printfriendly.com/print?url=PERMALINK&amp;partner=sociable','pdf.png','0'),(57,'Print','http://www.printfriendly.com/print?url=PERMALINK&amp;partner=sociable','printfriendly.png','0'),(58,'Propeller','http://www.propeller.com/submit/?url=PERMALINK','propeller.png','0'),(59,'Ratimarks','http://ratimarks.org/bookmarks.php/?action=add&address=PERMALINK&amp;title=TITLE','ratimarks.png','0'),(60,'Rec6','http://rec6.via6.com/link.php?url=PERMALINK&amp;=TITLE','rec6.png','0'),(61,'Reddit','http://reddit.com/submit?url=PERMALINK&amp;title=TITLE','reddit.png','0'),(62,'RSS','FEEDLINK','rss.png','0'),(63,'Scoopeo','http://www.scoopeo.com/scoop/new?newurl=PERMALINK&amp;title=TITLE','scoopeo.png','0'),(64,'Segnalo','http://segnalo.alice.it/post.html.php?url=PERMALINK&amp;title=TITLE','segnalo.png','0'),(65,'Simpy','http://www.simpy.com/simpy/LinkAdd.do?href=PERMALINK&amp;title=TITLE','simpy.png','0'),(66,'Slashdot','http://slashdot.org/bookmark.pl?title=TITLE&amp;url=PERMALINK','slashdot.png','0'),(67,'Socialogs','http://socialogs.com/add_story.php?story_url=PERMALINK&amp;story_title=TITLE','socialogs.png','0'),(68,'SphereIt','http://www.sphere.com/search?q=sphereit:PERMALINK&amp;title=TITLE','sphere.png','0'),(69,'Sphinn','http://sphinn.com/index.php?c=post&amp;m=submit&amp;link=PERMALINK','sphinn.png','0'),(70,'StumbleUpon','http://www.stumbleupon.com/submit?url=PERMALINK&amp;title=TITLE','stumbleupon.png','0'),(71,'Techmeme','http://twitter.com/home/?status=tip%20@Techmeme%20PERMALINK%20TITLE','techmeme.png','0'),(72,'Technorati','http://technorati.com/faves?add=PERMALINK','technorati.png','1'),(73,'ThisNext','http://www.thisnext.com/pick/new/submit/sociable/?url=PERMALINK&amp;name=TITLE','thisnext.png','0'),(74,'Tipd','http://tipd.com/submit.php?url=PERMALINK','tipd.png','0'),(75,'Tumblr','http://www.tumblr.com/share?v=3&amp;u=PERMALINK&amp;t=TITLE&amp;s=EXCERPT','tumblr.png','0'),(76,'Twitter','http://twitter.com/home?status=TITLE%20-%20PERMALINK','twitter.png','1'),(77,'Upnews','http://www.upnews.it/submit?url=PERMALINK&amp;title=TITLE','upnews.png','0'),(78,'Webnews.de','http://www.webnews.de/einstellen?url=PERMALINK&amp;title=TITLE','webnews.png','0'),(79,'Webride','http://webride.org/discuss/split.php?uri=PERMALINK&amp;title=TITLE','webride.png','0'),(80,'Wikio','http://www.wikio.com/vote?url=PERMALINK','wikio.png','0'),(81,'Wikio FR','http://www.wikio.fr/vote?url=PERMALINK','wikio.png','0'),(82,'Wikio IT','http://www.wikio.it/vote?url=PERMALINK','wikio.png','0'),(83,'Wists','http://wists.com/s.php?c=&amp;r=PERMALINK&amp;title=TITLE','wists.png','0'),(84,'Wykop','http://www.wykop.pl/dodaj?url=PERMALINK','wykop.png','0'),(85,'Xerpi','http://www.xerpi.com/block/add_link_from_extension?url=PERMALINK&amp;title=TITLE','xerpi.png','0'),(86,'YahooBuzz','http://buzz.yahoo.com/submit/?submitUrl=PERMALINK&amp;submitHeadline=TITLE&amp;submitSummary=EXCERPT&amp;submitCategory=science&amp;submitAssetType=text','yahoobuzz.png','0'),(87,'Yahoo! Bookmarks','http://bookmarks.yahoo.com/toolbar/savebm?u=PERMALINK&amp;t=TITLE&opener=bm&amp;ei=UTF-8&amp;d=EXCERPT','yahoomyweb.png','0'),(88,'Yigg','http://yigg.de/neu?exturl=PERMALINK&amp;exttitle=TITLE','yiggit.png','0'),(89,'Blogplay','http://blogplay.com','blogplay.png','0');

--
-- Table structure for table `idx_pl_twitter_account`
--

CREATE TABLE `idx_pl_twitter_account` (
  `ck` varchar(255) CHARACTER SET utf8 DEFAULT NULL,
  `cs` varchar(255) CHARACTER SET utf8 DEFAULT NULL,
  `at` varchar(255) CHARACTER SET utf8 DEFAULT NULL,
  `ats` varchar(255) CHARACTER SET utf8 DEFAULT NULL
) ENGINE=MyISAM DEFAULT CHARSET=latin1;

--
-- Dumping data for table `idx_pl_twitter_account`
--

INSERT INTO `idx_pl_twitter_account` VALUES ('4sLG0uzi8hj1EtwlSajA','mq2YxH974oKdSWGAlJ2BbRubL3JYoOXkiMMxQEcM3ig','https://api.twitter.com/oauth/authorize','https://api.twitter.com/oauth/access_token');

--
-- Table structure for table `idx_plugin`
--

CREATE TABLE `idx_plugin` (
  `plugin_id` int(11) NOT NULL AUTO_INCREMENT,
  `name` varchar(255) DEFAULT NULL,
  `plugin_file` varchar(255) DEFAULT NULL,
  `status` enum('0','1') DEFAULT NULL,
  `option_plugin` text,
  PRIMARY KEY (`plugin_id`)
) ENGINE=MyISAM AUTO_INCREMENT=3 DEFAULT CHARSET=latin1;

--
-- Dumping data for table `idx_plugin`
--

INSERT INTO `idx_plugin` VALUES (1,'AutoTweet','twitter_auto_tweet/twitter_auto_tweet.php','1',NULL),(2,'Sociable','sociable/sociable.php','1',NULL);

--
-- Table structure for table `idx_review`
--

CREATE TABLE `idx_review` (
  `review_id` mediumint(9) unsigned NOT NULL AUTO_INCREMENT,
  `link_id` mediumint(9) unsigned NOT NULL DEFAULT '0',
  `review` text NOT NULL,
  `rating` tinyint(3) unsigned NOT NULL DEFAULT '0',
  `date` date NOT NULL DEFAULT '0000-00-00',
  `subject` varchar(100) DEFAULT NULL,
  `status` char(1) DEFAULT NULL,
  `username` varchar(20) DEFAULT NULL,
  `name` varchar(20) DEFAULT NULL,
  `email` varchar(100) DEFAULT NULL,
  PRIMARY KEY (`review_id`)
) ENGINE=MyISAM DEFAULT CHARSET=latin1;

--
-- Dumping data for table `idx_review`
--


--
-- Table structure for table `idx_searchlog`
--

CREATE TABLE `idx_searchlog` (
  `keyword` varchar(100) NOT NULL DEFAULT '',
  `time` datetime NOT NULL DEFAULT '0000-00-00 00:00:00',
  `result` mediumint(9) unsigned DEFAULT NULL,
  `ip` varchar(100) DEFAULT NULL
) ENGINE=MyISAM DEFAULT CHARSET=latin1;

--
-- Dumping data for table `idx_searchlog`
--

INSERT INTO `idx_searchlog` VALUES ('Online Business Listing','2011-06-15 09:56:04',0,'203.92.47.194'),('Chrome Rims','2011-07-06 16:42:15',0,'203.92.47.195'),('www.bankruptcylawyer.com','2011-07-11 18:16:56',0,'203.92.47.195'),('flowercreations.ca','2011-09-16 00:49:50',0,'203.92.47.195'),('sinussurgerylosangeles.com','2011-12-02 16:34:18',1,'203.92.47.195'),('Hernialosangeles.com','2011-12-02 17:04:29',3,'203.92.47.195'),('Spickettsbattrick.co.uk','2011-12-18 22:20:35',1,'203.92.47.195'),('smartbuyglasses.com','2012-01-31 02:38:52',0,'203.92.47.195'),('smartbuyglasses','2012-01-31 02:39:05',0,'203.92.47.195'),('smartbuyglasses.com','2012-01-31 02:43:00',0,'203.92.47.195'),('smartbuyglasses','2012-02-08 21:05:50',0,'64.120.99.10');

--
-- Table structure for table `idx_set_hook_place`
--

CREATE TABLE `idx_set_hook_place` (
  `set_hook_place_id` int(11) NOT NULL AUTO_INCREMENT,
  `plugin` varchar(255) DEFAULT NULL,
  `set_hook_place` text,
  PRIMARY KEY (`set_hook_place_id`)
) ENGINE=MyISAM DEFAULT CHARSET=latin1;

--
-- Dumping data for table `idx_set_hook_place`
--


--
-- Table structure for table `idx_setting`
--

CREATE TABLE `idx_setting` (
  `setting_id` int(11) NOT NULL AUTO_INCREMENT,
  `setting_name` varchar(255) DEFAULT NULL,
  `setting_value` text,
  PRIMARY KEY (`setting_id`)
) ENGINE=MyISAM AUTO_INCREMENT=55 DEFAULT CHARSET=latin1;

--
-- Dumping data for table `idx_setting`
--

INSERT INTO `idx_setting` VALUES (4,'site_name','KLASSYWEB.COM'),(5,'site_url','http://klassyweb.com'),(6,'email_address','alden.scott@hotmail.com'),(7,'language_code','en_US'),(8,'theme_path','/home/klassywe/public_html/themes/'),(9,'admin_template_path','/home/klassywe/public_html/admin_tpl/'),(10,'plugin_path','/home/klassywe/public_html/plugin/'),(12,'active_theme','Internet_Sharing'),(14,'spam_proof','1'),(15,'enable_user_validation','1'),(16,'allowed_file_extension','gif,jpg,png,pdf,zip,doc'),(17,'yahoo_appid',''),(18,'whosonline','600'),(19,'reciprocal_check','0'),(20,'urlcheck_limit','1'),(21,'pagerank_cache','30'),(22,'max_image_width','1024'),(23,'max_image_height','756'),(24,'max_file_size','500'),(25,'only_registered_can_add_link','0'),(26,'only_registered_can_add_review','0'),(27,'db_use_persistent','0'),(28,'paid_link_day_period','30,60,90,180'),(29,'paid_link_price_factor','1,1.5,2,3'),(30,'enable_html_tag','1'),(31,'allowed_html_tag','<b>,<strong>,<i>,<em>,<u>,<pre>,<blockquote>,<ol>,<ul>,<li>,<p>,<span>,<div>,<table>,<tr>,<td>'),(32,'enable_page_compression','0'),(33,'enable_category_ajax','1'),(34,'require_visit_category','0'),(35,'additional_category_price','0.5'),(36,'enable_rating_ajax','1'),(37,'service_nicecoder_avail','1'),(38,'enable_recaptcha','0'),(39,'recaptcha_publickey',''),(40,'recaptcha_privatekey',''),(41,'enable_bidding','0'),(42,'minimum_bid','5'),(43,'bid_increament','1'),(44,'charset','utf-8'),(45,'mailer','mail'),(46,'smtp_auth','0'),(47,'smtp_host',''),(48,'smtp_username',''),(49,'smtp_password',''),(50,'smtp_port','25'),(51,'emailbody_as_html','0'),(52,'indexu_version','2.4'),(53,'tos',''),(54,'submission_guidelines','');

--
-- Table structure for table `idx_tags`
--

CREATE TABLE `idx_tags` (
  `tag` varchar(64) NOT NULL DEFAULT '',
  `category_id` mediumint(8) unsigned NOT NULL DEFAULT '0',
  `total` int(11) NOT NULL DEFAULT '0',
  `tag_path` varchar(64) NOT NULL,
  PRIMARY KEY (`tag`,`category_id`)
) ENGINE=MyISAM DEFAULT CHARSET=latin1;

--
-- Dumping data for table `idx_tags`
--


--
-- Table structure for table `idx_unavailable`
--

CREATE TABLE `idx_unavailable` (
  `idx_unavailable` int(11) NOT NULL AUTO_INCREMENT,
  `link_id` int(11) DEFAULT NULL,
  `url` varchar(255) DEFAULT NULL,
  `who_is` varchar(255) DEFAULT NULL,
  `note` text,
  `date` datetime DEFAULT NULL,
  PRIMARY KEY (`idx_unavailable`)
) ENGINE=MyISAM DEFAULT CHARSET=latin1;

--
-- Dumping data for table `idx_unavailable`
--


--
-- Table structure for table `idx_unavailable_latest`
--

CREATE TABLE `idx_unavailable_latest` (
  `idx_link` int(11) DEFAULT NULL,
  `record_execution` int(11) DEFAULT NULL
) ENGINE=MyISAM DEFAULT CHARSET=latin1;

--
-- Dumping data for table `idx_unavailable_latest`
--


--
-- Table structure for table `idx_votes`
--

CREATE TABLE `idx_votes` (
  `link_id` mediumint(9) NOT NULL DEFAULT '0',
  `ip` varchar(100) DEFAULT NULL,
  `value` tinyint(4) DEFAULT NULL
) ENGINE=MyISAM DEFAULT CHARSET=latin1;

--
-- Dumping data for table `idx_votes`
--



