--
-- Host: kwiklinks.co    Database: kwiklink_indexu
-- ------------------------------------------------------


--
-- Not dumping tablespaces as no INFORMATION_SCHEMA.FILES table on this server
--

--
-- Table structure for table `directory_save_data`
--

CREATE TABLE `directory_save_data` (
  `id` bigint(100) NOT NULL auto_increment,
  `schedule_id` bigint(100) NOT NULL,
  `project_id` bigint(100) NOT NULL,
  `link_id` bigint(100) NOT NULL,
  `confirm_link` text NOT NULL,
  `category_id` int(10) NOT NULL,
  `category_name` varchar(150) NOT NULL,
  PRIMARY KEY  (`id`)
) ENGINE=InnoDB DEFAULT CHARSET=latin1;

--
-- Dumping data for table `directory_save_data`
--


--
-- Table structure for table `idx_admin_menu`
--

CREATE TABLE `idx_admin_menu` (
  `menu_id` int(11) NOT NULL auto_increment,
  `parent_id` int(11) default NULL,
  `menu_title` varchar(255) default NULL,
  `menu_url` varchar(255) default NULL,
  `order_number` int(11) default NULL,
  PRIMARY KEY  (`menu_id`)
) ENGINE=MyISAM AUTO_INCREMENT=85 DEFAULT CHARSET=latin1;

--
-- Dumping data for table `idx_admin_menu`
--



--
-- Table structure for table `idx_bad_link`
--

CREATE TABLE `idx_bad_link` (
  `bad_link_id` mediumint(9) unsigned NOT NULL auto_increment,
  `link_id` mediumint(9) unsigned NOT NULL default '0',
  `name` varchar(50) NOT NULL default '',
  `email` varchar(50) NOT NULL default '',
  `type` tinyint(3) unsigned NOT NULL default '0',
  `date` date NOT NULL default '0000-00-00',
  PRIMARY KEY  (`bad_link_id`)
) ENGINE=MyISAM DEFAULT CHARSET=latin1;

--
-- Dumping data for table `idx_bad_link`
--


--
-- Table structure for table `idx_badwords`
--

CREATE TABLE `idx_badwords` (
  `word` varchar(100) NOT NULL default ''
) ENGINE=MyISAM DEFAULT CHARSET=latin1;

--
-- Dumping data for table `idx_badwords`
--


--
-- Table structure for table `idx_blocked_domain`
--

CREATE TABLE `idx_blocked_domain` (
  `blocked_id` int(11) NOT NULL auto_increment,
  `blocked` varchar(255) default NULL,
  `type` enum('domain','ip') default NULL,
  PRIMARY KEY  (`blocked_id`)
) ENGINE=MyISAM AUTO_INCREMENT=6 DEFAULT CHARSET=latin1;

--
-- Dumping data for table `idx_blocked_domain`
--

INSERT INTO `idx_blocked_domain` VALUES (1,'buydomains.com','domain'),(2,'this-domain-for-sale.com ','domain'),(3,'oversee.net','domain'),(4,'eNom','domain'),(5,'sedoparking.com','domain');

--
-- Table structure for table `idx_category`
--

CREATE TABLE `idx_category` (
  `category_id` mediumint(9) unsigned NOT NULL auto_increment,
  `parent_id` mediumint(9) unsigned NOT NULL default '0',
  `name` varchar(100) NOT NULL default '',
  `description` text NOT NULL,
  `image` varchar(100) default NULL,
  `content` text,
  `visible` char(1) default NULL,
  `links` mediumint(9) default NULL,
  `meta_keyword` text,
  `meta_description` text,
  `permission` char(2) default NULL,
  `registered_only` char(1) default NULL,
  `header` text NOT NULL,
  `footer` text NOT NULL,
  `related` mediumint(6) NOT NULL default '0',
  `page_title` varchar(200) NOT NULL default '',
  `hits` int(11) NOT NULL default '0',
  `order_num` smallint(6) NOT NULL default '0',
  `basic_price` double unsigned NOT NULL default '0',
  `premium_price` double unsigned NOT NULL default '0',
  `sponsored_price` double unsigned NOT NULL default '0',
  PRIMARY KEY  (`category_id`)
) ENGINE=MyISAM AUTO_INCREMENT=49 DEFAULT CHARSET=latin1;

--
-- Dumping data for table `idx_category`
--

INSERT INTO `idx_category` VALUES (1,0,'Arts & Entertainment','','folder.gif','','1',10,'','','1','0','','',0,'',0,0,0,0,0),(34,0,'Law','','folder.gif','','1',0,'','','1','0','','',0,'',0,0,0,0,0),(3,0,'Automotive','','folder.gif','','1',21,'','','1','0','','',0,'',0,0,0,0,0),(4,0,'Business','','folder.gif','','1',56,'','','1','0','','',0,'',0,0,0,0,0),(33,0,'Insurance Companies','','folder.gif','','1',22,'','','1','0','','',0,'',0,0,0,0,0),(6,0,'Clothing','','folder.gif','','1',5,'','','1','0','','',0,'',0,0,0,0,0),(29,0,'Heating and Air Conditioning Contractors','','folder.gif','','1',27,'','','1','0','','',0,'',0,0,0,0,0),(28,0,'Healthcare Management ','','folder.gif','','1',31,'','','1','0','','',0,'',0,0,0,0,0),(12,0,'Careers & Jobs','','folder.gif','','1',1,'','','1','0','','',0,'',0,0,0,0,0),(13,0,'Dental','','folder.gif','','1',21,'','','1','0','','',0,'',0,0,0,0,0),(32,0,'Hotels & Accomadation','','folder.gif','','1',19,'','','1','0','','',0,'',0,0,0,0,0),(16,0,'Communications Services','','folder.gif','','1',11,'','','1','0','','',0,'',0,0,0,0,0),(18,0,'Computer Services','','folder.gif','','1',9,'','','1','0','','',0,'',0,0,0,0,0),(19,0,'Gifts & Flowers','','folder.gif','','1',7,'','','1','0','','',0,'',0,0,0,0,0),(20,0,'Building & Construction','','folder.gif','','1',0,'','','1','0','','',0,'',0,0,0,0,0),(21,0,'Hardware & Software Resources','','folder.gif','','1',2,'','','1','0','','',0,'',0,0,0,0,0),(27,0,'Medical & Health','','folder.gif','','1',54,'','','1','0','','',0,'',0,0,0,0,0),(23,0,'Educational Resources','','folder.gif','','1',11,'','','1','0','','',0,'',0,0,0,0,0),(24,0,'Employment & Recruitment Services','','folder.gif','','1',0,'','','1','0','','',0,'',0,0,0,0,0),(31,0,'Home Improvement & Decor','','folder.gif','','1',0,'','','1','0','','',0,'',0,0,0,0,0),(30,0,'Home & Garden Maintenance','','folder.gif','','1',314,'','','1','0','','',0,'',0,0,0,0,0),(35,0,'Lawyers & Judges','','folder.gif','','1',105,'','','1','0','','',0,'',0,0,0,0,0),(36,0,'Lifestyle , Dating & Relationships ','','folder.gif','','1',2,'','','1','0','','',0,'',0,0,0,0,0),(37,0,'Medicine & Hospitals ','','folder.gif','','1',6,'','','1','0','','',0,'',0,0,0,0,0),(38,0,'Finance & Investment Services','','folder.gif','','1',10,'','','1','0','','',0,'',0,0,0,0,0),(39,0,'News & Magazines','','folder.gif','','1',1,'','','1','0','','',0,'',0,0,0,0,0),(40,0,'Plumbing Services','','folder.gif','','1',33,'','','1','0','','',0,'',0,0,0,0,0),(41,0,'Real Estate Development','','folder.gif','','1',18,'','','1','0','','',0,'',0,0,0,0,0),(42,0,'Energy & Science ','','folder.gif','','1',7,'','','1','0','','',0,'',0,0,0,0,0),(43,0,'SEO ,SMO & PPC','','folder.gif','','1',15,'','','1','0','','',0,'',0,0,0,0,0),(44,0,'Shopping and Retail','','folder.gif','','1',26,'','','1','0','','',0,'',0,0,0,0,0),(45,0,'Recreation & Sports','','folder.gif','','1',0,'','','1','0','','',0,'',0,0,0,0,0),(46,0,'Transport & Moving Services ','','folder.gif','','1',27,'','','1','0','','',0,'',0,0,0,0,0),(47,0,'Travel Industry','','folder.gif','','1',8,'','','1','0','','',0,'',0,0,0,0,0),(48,0,'Wedding & Events','','folder.gif','','1',5,'','','1','0','','',0,'',0,0,0,0,0);

--
-- Table structure for table `idx_category_path`
--

CREATE TABLE `idx_category_path` (
  `category_id` mediumint(9) NOT NULL default '0',
  `path` text,
  `path_with_url` text,
  `parents` text,
  PRIMARY KEY  (`category_id`)
) ENGINE=MyISAM DEFAULT CHARSET=latin1;

--
-- Dumping data for table `idx_category_path`
--

INSERT INTO `idx_category_path` VALUES (1,'Arts & Entertainment','<a href=\"http://kwiklinks.co/arts-entertainment/\" name=\"cat_1\" style=\"\">Arts & Entertainment</a>',';0;'),(3,'Automotive','<a href=\"http://kwiklinks.co/automotive/\" name=\"cat_3\" style=\"\">Automotive</a>',';0;'),(4,'Business','<a href=\"http://kwiklinks.co/business/\" name=\"cat_4\" style=\"\">Business</a>',';0;'),(6,'Clothing','<a href=\"http://kwiklinks.co/clothing/\" name=\"cat_6\" style=\"\">Clothing</a>',';0;'),(12,'Careers & Jobs','<a href=\"http://kwiklinks.co/careers-jobs/\" name=\"cat_12\" style=\"\">Careers & Jobs</a>',';0;'),(13,'Dental','<a href=\"http://kwiklinks.co/dental/\" name=\"cat_13\" style=\"\">Dental</a>',';0;'),(16,'Communications Services','<a href=\"http://kwiklinks.co/communications-services/\" name=\"cat_16\" style=\"\">Communications Services</a>',';0;'),(18,'Computer Services','<a href=\"http://kwiklinks.co/computer-services/\" name=\"cat_18\" style=\"\">Computer Services</a>',';0;'),(19,'Gifts & Flowers','<a href=\"http://kwiklinks.co/gifts-flowers/\" name=\"cat_19\" style=\"\">Gifts & Flowers</a>',';0;'),(20,'Building & Construction','<a href=\"http://kwiklinks.co/building-construction/\" name=\"cat_20\" style=\"\">Building & Construction</a>',';0;'),(21,'Hardware & Software Resources','<a href=\"http://kwiklinks.co/hardware-software-resources/\" name=\"cat_21\" style=\"\">Hardware & Software Resources</a>',';0;'),(23,'Educational Resources','<a href=\"http://kwiklinks.co/educational-resources/\" name=\"cat_23\" style=\"\">Educational Resources</a>',';0;'),(24,'Employment & Recruitment Services','<a href=\"http://kwiklinks.co/employment-recruitment-services/\" name=\"cat_24\" style=\"\">Employment & Recruitment Services</a>',';0;'),(27,'Medical & Health','<a href=\"http://kwiklinks.co/medical-health/\" name=\"cat_27\" style=\"\">Medical & Health</a>',';0;'),(28,'Healthcare Management ','<a href=\"http://kwiklinks.co/healthcare-management/\" name=\"cat_28\" style=\"\">Healthcare Management </a>',';0;'),(29,'Heating and Air Conditioning Contractors','<a href=\"http://kwiklinks.co/heating-and-air-conditioning-contractors/\" name=\"cat_29\" style=\"\">Heating and Air Conditioning Contractors</a>',';0;'),(30,'Home & Garden Maintenance','<a href=\"http://kwiklinks.co/home-garden-maintenance/\" name=\"cat_30\" style=\"\">Home & Garden Maintenance</a>',';0;'),(31,'Home Improvement & Decor','<a href=\"http://kwiklinks.co/home-improvement-decor/\" name=\"cat_31\" style=\"\">Home Improvement & Decor</a>',';0;'),(32,'Hotels & Accomadation','<a href=\"http://kwiklinks.co/hotels-accomadation/\" name=\"cat_32\" style=\"\">Hotels & Accomadation</a>',';0;'),(33,'Insurance Companies','<a href=\"http://kwiklinks.co/insurance-companies/\" name=\"cat_33\" style=\"\">Insurance Companies</a>',';0;'),(34,'Law','<a href=\"http://kwiklinks.co/law/\" name=\"cat_34\" style=\"\">Law</a>',';0;'),(35,'Lawyers & Judges','<a href=\"http://kwiklinks.co/lawyers-judges/\" name=\"cat_35\" style=\"\">Lawyers & Judges</a>',';0;'),(36,'Lifestyle , Dating & Relationships ','<a href=\"http://kwiklinks.co/lifestyle-dating-relationships/\" name=\"cat_36\" style=\"\">Lifestyle , Dating & Relationships </a>',';0;'),(37,'Medicine & Hospitals ','<a href=\"http://kwiklinks.co/medicine-hospitals/\" name=\"cat_37\" style=\"\">Medicine & Hospitals </a>',';0;'),(38,'Finance & Investment Services','<a href=\"http://kwiklinks.co/finance-investment-services/\" name=\"cat_38\" style=\"\">Finance & Investment Services</a>',';0;'),(39,'News & Magazines','<a href=\"http://kwiklinks.co/news-magazines/\" name=\"cat_39\" style=\"\">News & Magazines</a>',';0;'),(40,'Plumbing Services','<a href=\"http://kwiklinks.co/plumbing-services/\" name=\"cat_40\" style=\"\">Plumbing Services</a>',';0;'),(41,'Real Estate Development','<a href=\"http://kwiklinks.co/real-estate-development/\" name=\"cat_41\" style=\"\">Real Estate Development</a>',';0;'),(42,'Energy & Science ','<a href=\"http://kwiklinks.co/energy-science/\" name=\"cat_42\" style=\"\">Energy & Science </a>',';0;'),(43,'SEO ,SMO & PPC','<a href=\"http://kwiklinks.co/seo-smo-ppc/\" name=\"cat_43\" style=\"\">SEO ,SMO & PPC</a>',';0;'),(44,'Shopping and Retail','<a href=\"http://kwiklinks.co/shopping-and-retail/\" name=\"cat_44\" style=\"\">Shopping and Retail</a>',';0;'),(45,'Recreation & Sports','<a href=\"http://kwiklinks.co/recreation-sports/\" name=\"cat_45\" style=\"\">Recreation & Sports</a>',';0;'),(46,'Transport & Moving Services ','<a href=\"http://kwiklinks.co/transport-moving-services/\" name=\"cat_46\" style=\"\">Transport & Moving Services </a>',';0;'),(47,'Travel Industry','<a href=\"http://kwiklinks.co/travel-industry/\" name=\"cat_47\" style=\"\">Travel Industry</a>',';0;'),(48,'Wedding & Events','<a href=\"http://kwiklinks.co/wedding-events/\" name=\"cat_48\" style=\"\">Wedding & Events</a>',';0;');

--
-- Table structure for table `idx_category_suggession`
--

CREATE TABLE `idx_category_suggession` (
  `id_cat_suggession` int(11) NOT NULL auto_increment,
  `parent_id` int(11) default NULL,
  `name` varchar(255) default NULL,
  `category_description` text,
  `date` datetime default NULL,
  PRIMARY KEY  (`id_cat_suggession`)
) ENGINE=MyISAM AUTO_INCREMENT=2 DEFAULT CHARSET=latin1;

--
-- Dumping data for table `idx_category_suggession`
--

INSERT INTO `idx_category_suggession` VALUES (1,13,'Dentist Leesburg VA','LCI Dentistry provides comprehensive dental care in Leesburg VA and the surrounding towns including Ashburn, Sterling. LCI focuses on cosmetic as well as general dentistry. Call 703-729-1818','2012-01-24 15:21:36');

--
-- Table structure for table `idx_checkurl`
--

CREATE TABLE `idx_checkurl` (
  `link_id` mediumint(9) NOT NULL default '0',
  `date` date NOT NULL default '0000-00-00',
  `live` char(1) NOT NULL default '',
  `reciprocal_found` char(1) NOT NULL default '',
  PRIMARY KEY  (`link_id`)
) ENGINE=MyISAM DEFAULT CHARSET=latin1;

--
-- Dumping data for table `idx_checkurl`
--


--
-- Table structure for table `idx_cronjobs`
--

CREATE TABLE `idx_cronjobs` (
  `cronjobs_id` int(11) NOT NULL auto_increment,
  `cronjobs_name` varchar(255) default NULL,
  `filename` varchar(255) NOT NULL,
  `schedule` varchar(255) NOT NULL,
  `time` datetime NOT NULL,
  `execution` varchar(1) NOT NULL,
  PRIMARY KEY  (`cronjobs_id`)
) ENGINE=MyISAM AUTO_INCREMENT=4 DEFAULT CHARSET=latin1;

--
-- Dumping data for table `idx_cronjobs`
--

INSERT INTO `idx_cronjobs` VALUES (1,NULL,'clear_templates_c.php','1,*,*,*,*','0000-00-00 00:00:00',''),(2,NULL,'update_tag_cloud.php','*,24,*,*,*','0000-00-00 00:00:00',''),(3,NULL,'clear_rss_cache.php','*,24,*,*,*','0000-00-00 00:00:00','');

--
-- Table structure for table `idx_custom_field`
--

CREATE TABLE `idx_custom_field` (
  `field_name` varchar(32) NOT NULL default '',
  `field_text` varchar(64) NOT NULL default '',
  `field_type` enum('TEXT','TEXTAREA','SELECT','MULTISELECT','CHECKBOX','RADIO','FILE','IMAGE','DATE','DATETIME','RICHEDITOR') NOT NULL default 'TEXT',
  `field_option` text NOT NULL,
  `field_img_width` int(10) unsigned NOT NULL default '0',
  `field_img_height` int(10) unsigned NOT NULL default '0',
  `field_file_size` int(10) unsigned NOT NULL default '0',
  `field_file_extension` varchar(64) NOT NULL default '',
  `required` char(1) NOT NULL default '0',
  `searchable` char(1) NOT NULL default '1',
  `permission` char(1) NOT NULL default '0'
) ENGINE=MyISAM DEFAULT CHARSET=latin1;

--
-- Dumping data for table `idx_custom_field`
--

INSERT INTO `idx_custom_field` VALUES ('image','Image','IMAGE','',0,0,0,'','0','0','2'),('address','Address','TEXT','',0,0,0,'','0','0','0'),('city','City','TEXT','',0,0,0,'','0','0','0'),('state','State','TEXT','',0,0,0,'','0','0','0'),('country','Country','TEXT','',0,0,0,'','0','0','0'),('zip','Zip','TEXT','',0,0,0,'','0','0','0'),('phone','Phone','TEXT','',0,0,0,'','0','0','0'),('fax','Fax','TEXT','',0,0,0,'','0','0','0');

--
-- Table structure for table `idx_default_field`
--

CREATE TABLE `idx_default_field` (
  `field_name` varchar(64) NOT NULL,
  `required` char(1) NOT NULL,
  `visible` char(1) NOT NULL default '1',
  `searchable` char(1) NOT NULL default '1'
) ENGINE=MyISAM DEFAULT CHARSET=latin1;

--
-- Dumping data for table `idx_default_field`
--

INSERT INTO `idx_default_field` VALUES ('title','1','1','1'),('url','1','1','1'),('description','1','1','1'),('keywords','1','1','0'),('contact_name','1','1','1'),('email','1','1','1'),('reciprocal_url','0','0','1');

--
-- Table structure for table `idx_discount_coupon`
--

CREATE TABLE `idx_discount_coupon` (
  `coupon_id` int(11) NOT NULL auto_increment,
  `coupon_code` varchar(255) default NULL,
  `coupon_value` varchar(50) default NULL,
  `link_type` varchar(255) default NULL,
  `start_date` date default NULL,
  `expired_date` date default NULL,
  `expired_usage` int(11) default NULL,
  `usage_count` int(11) default NULL,
  PRIMARY KEY  (`coupon_id`)
) ENGINE=MyISAM DEFAULT CHARSET=latin1;

--
-- Dumping data for table `idx_discount_coupon`
--


--
-- Table structure for table `idx_editor`
--

CREATE TABLE `idx_editor` (
  `username` varchar(20) default NULL,
  `category_id` mediumint(9) default NULL,
  `category` char(1) default NULL,
  `link` char(1) default NULL,
  `review` char(1) default NULL,
  `pick` char(1) default NULL,
  `status` char(1) default NULL,
  `date` date default NULL
) ENGINE=MyISAM DEFAULT CHARSET=latin1;

--
-- Dumping data for table `idx_editor`
--


--
-- Table structure for table `idx_email_template`
--

CREATE TABLE `idx_email_template` (
  `email_template_id` int(10) unsigned NOT NULL auto_increment,
  `name` varchar(255) default NULL,
  `subject` varchar(255) default NULL,
  `body` text,
  `altbody` text,
  PRIMARY KEY  (`email_template_id`)
) ENGINE=MyISAM AUTO_INCREMENT=37 DEFAULT CHARSET=latin1;

--
-- Dumping data for table `idx_email_template`
--



--
-- Table structure for table `idx_favorites`
--

CREATE TABLE `idx_favorites` (
  `favorite_id` int(11) NOT NULL auto_increment,
  `username` varchar(20) default NULL,
  `date` date default NULL,
  `title` varchar(100) default NULL,
  `description` text,
  PRIMARY KEY  (`favorite_id`)
) ENGINE=MyISAM DEFAULT CHARSET=latin1;

--
-- Dumping data for table `idx_favorites`
--


--
-- Table structure for table `idx_favorites_detail`
--

CREATE TABLE `idx_favorites_detail` (
  `favorite_id` int(11) default NULL,
  `link_id` mediumint(9) default NULL
) ENGINE=MyISAM DEFAULT CHARSET=latin1;

--
-- Dumping data for table `idx_favorites_detail`
--


--
-- Table structure for table `idx_hook_place`
--

CREATE TABLE `idx_hook_place` (
  `hook_place_id` int(11) NOT NULL auto_increment,
  `filename` varchar(255) default NULL,
  `hookname` varchar(255) default NULL,
  PRIMARY KEY  (`hook_place_id`)
) ENGINE=MyISAM DEFAULT CHARSET=latin1;

--
-- Dumping data for table `idx_hook_place`
--


--
-- Table structure for table `idx_invoice`
--

CREATE TABLE `idx_invoice` (
  `invoice_id` varchar(10) NOT NULL default '',
  `invoice_date` date default NULL,
  `due_date` date default NULL,
  `invoiced_to` text,
  `service` varchar(255) default NULL,
  `description` text,
  `total` double(8,2) default NULL,
  `comment` text,
  `paid` char(1) default NULL,
  `paid_date` date default NULL,
  `email` varchar(255) default NULL,
  PRIMARY KEY  (`invoice_id`)
) ENGINE=MyISAM DEFAULT CHARSET=latin1;

--
-- Dumping data for table `idx_invoice`
--


--
-- Table structure for table `idx_invoice_config`
--

CREATE TABLE `idx_invoice_config` (
  `company` varchar(255) default NULL,
  `contact` varchar(255) default NULL,
  `address` text,
  `phone` varchar(255) default NULL,
  `email` varchar(255) default NULL,
  `currency_symbol` varchar(255) default '$',
  `currency_code` varchar(255) default 'USD'
) ENGINE=MyISAM DEFAULT CHARSET=latin1;

--
-- Dumping data for table `idx_invoice_config`
--

INSERT INTO `idx_invoice_config` VALUES ('Your website / Company','Billing Department','Your address','Your phone #','Billing<name@yourdomain.com>','$','USD');

--
-- Table structure for table `idx_link_temp`
--

CREATE TABLE `idx_link_temp` (
  `vid` mediumint(9) unsigned NOT NULL auto_increment,
  `spam` char(1) NOT NULL default '0',
  `link_id` mediumint(9) default NULL,
  `category_id` mediumint(9) unsigned NOT NULL default '0',
  `title` varchar(100) NOT NULL default '',
  `url` text NOT NULL,
  `description` text NOT NULL,
  `contact_name` varchar(100) NOT NULL default '',
  `email` varchar(100) NOT NULL default '',
  `hits` mediumint(9) default NULL,
  `votes` smallint(6) default NULL,
  `rating` float(4,2) default NULL,
  `date` datetime NOT NULL default '0000-00-00 00:00:00',
  `bid` smallint(6) NOT NULL default '0',
  `new` char(1) default NULL,
  `hot` char(1) default NULL,
  `top_rated` char(1) default NULL,
  `pick` char(1) default NULL,
  `password` varchar(20) default NULL,
  `updated` char(1) default NULL,
  `reviews` smallint(6) default NULL,
  `avg_review` float(4,2) default NULL,
  `last_updated` datetime default NULL,
  `official_review` text,
  `keywords` varchar(255) default NULL,
  `cat1` mediumint(6) NOT NULL default '0',
  `cat2` mediumint(6) NOT NULL default '0',
  `suspended` char(1) NOT NULL default '0',
  `reciprocal_url` varchar(255) default NULL,
  `address` varchar(255) default NULL,
  `city` varchar(255) default NULL,
  `state` varchar(255) default NULL,
  `country` varchar(255) default NULL,
  `zip` varchar(255) default NULL,
  `image` varchar(255) default NULL,
  `phone` varchar(255) default NULL,
  `fax` varchar(255) default NULL,
  PRIMARY KEY  (`vid`)
) ENGINE=MyISAM DEFAULT CHARSET=latin1;

--
-- Dumping data for table `idx_link_temp`
--


--
-- Table structure for table `idx_link_temp_user`
--

CREATE TABLE `idx_link_temp_user` (
  `vid` mediumint(9) unsigned NOT NULL default '0',
  `username` varchar(20) NOT NULL default '',
  PRIMARY KEY  (`vid`)
) ENGINE=MyISAM DEFAULT CHARSET=latin1;

--
-- Dumping data for table `idx_link_temp_user`
--


--
-- Table structure for table `idx_link_user`
--

CREATE TABLE `idx_link_user` (
  `link_id` mediumint(9) unsigned NOT NULL default '0',
  `username` varchar(20) NOT NULL default '',
  PRIMARY KEY  (`link_id`)
) ENGINE=MyISAM DEFAULT CHARSET=latin1;

--
-- Dumping data for table `idx_link_user`
--


--
-- Table structure for table `idx_mailing_list`
--

CREATE TABLE `idx_mailing_list` (
  `email` varchar(50) NOT NULL default '',
  `code` varchar(4) default NULL,
  `status` char(1) default NULL,
  PRIMARY KEY  (`email`)
) ENGINE=MyISAM DEFAULT CHARSET=latin1;

--
-- Dumping data for table `idx_mailing_list`
--


--
-- Table structure for table `idx_message`
--

CREATE TABLE `idx_message` (
  `message_id` smallint(6) NOT NULL auto_increment,
  `date` date default NULL,
  `body` text,
  `subject` varchar(100) default NULL,
  PRIMARY KEY  (`message_id`)
) ENGINE=MyISAM DEFAULT CHARSET=latin1;

--
-- Dumping data for table `idx_message`
--


--
-- Table structure for table `idx_notification`
--

CREATE TABLE `idx_notification` (
  `username` varchar(20) NOT NULL default '',
  `category_id` mediumint(9) NOT NULL default '0'
) ENGINE=MyISAM DEFAULT CHARSET=latin1;

--
-- Dumping data for table `idx_notification`
--


--
-- Table structure for table `idx_pagerank`
--

CREATE TABLE `idx_pagerank` (
  `link_id` mediumint(8) unsigned NOT NULL default '0',
  `engine` char(1) NOT NULL default '',
  `rank` tinyint(4) NOT NULL default '0',
  `last_update` date NOT NULL default '0000-00-00',
  PRIMARY KEY  (`link_id`,`engine`)
) ENGINE=MyISAM DEFAULT CHARSET=latin1;

--
-- Dumping data for table `idx_pagerank`
--

INSERT INTO `idx_pagerank` VALUES (57,'g',0,'2012-02-15'),(58,'g',0,'2012-02-15'),(90,'g',0,'2012-01-27'),(67,'g',0,'2012-02-15'),(94,'g',0,'2012-02-15'),(18,'g',0,'2012-02-16'),(92,'g',0,'2012-02-15'),(89,'g',0,'2012-02-13'),(11,'g',0,'2012-02-16'),(163,'g',0,'2011-11-28'),(126,'g',0,'2011-11-28'),(4,'g',0,'2012-02-16'),(7,'g',0,'2012-02-15'),(6,'g',0,'2012-02-17'),(3,'g',0,'2012-02-15'),(95,'g',0,'2012-02-15'),(70,'g',0,'2012-01-22'),(151,'g',0,'2011-11-29'),(167,'g',0,'2011-11-29'),(130,'g',0,'2011-11-29'),(22,'g',0,'2012-02-08'),(32,'g',0,'2012-02-08'),(166,'g',0,'2011-11-29'),(114,'g',0,'2011-11-29'),(39,'g',0,'2011-11-29'),(76,'g',0,'2011-11-29'),(19,'g',0,'2011-11-29'),(115,'g',0,'2011-11-29'),(171,'g',0,'2011-11-29'),(5,'g',0,'2012-02-15'),(132,'g',0,'2011-11-29'),(27,'g',0,'2012-02-08'),(123,'g',0,'2011-11-29'),(150,'g',0,'2011-11-29'),(127,'g',0,'2011-11-29'),(125,'g',0,'2011-11-29'),(72,'g',0,'2012-02-15'),(64,'g',0,'2012-02-15'),(66,'g',0,'2012-02-02'),(71,'g',0,'2012-02-02'),(65,'g',0,'2012-02-02'),(69,'g',0,'2012-02-02'),(53,'g',0,'2011-11-29'),(44,'g',0,'2012-02-15'),(47,'g',0,'2012-02-16'),(33,'g',0,'2012-03-04'),(43,'g',0,'2012-02-16'),(34,'g',0,'2012-02-21'),(31,'g',0,'2012-01-17'),(28,'g',0,'2012-02-15'),(156,'g',0,'2011-11-29'),(10,'g',0,'2012-02-15'),(158,'g',0,'2011-11-29'),(109,'g',0,'2011-11-29'),(63,'g',0,'2012-02-16'),(170,'g',0,'2011-11-29'),(161,'g',0,'2011-11-29'),(154,'g',0,'2011-11-29'),(168,'g',0,'2011-11-29'),(101,'g',0,'2012-01-25'),(143,'g',0,'2011-11-29'),(8,'g',0,'2012-02-02'),(61,'g',0,'2012-02-02'),(55,'g',0,'2012-02-02'),(21,'g',0,'2012-01-19'),(91,'g',0,'2011-11-29'),(220,'g',0,'2011-11-29'),(152,'g',0,'2011-11-29'),(202,'g',0,'2011-11-29'),(36,'g',0,'2012-02-16'),(181,'g',0,'2011-11-29'),(199,'g',0,'2011-11-29'),(131,'g',0,'2011-11-29'),(2,'g',0,'2012-01-23'),(68,'g',0,'2012-02-16'),(1,'g',0,'2012-01-17'),(41,'g',0,'2012-02-15'),(82,'g',0,'2012-01-17'),(35,'g',0,'2012-02-16'),(87,'g',0,'2012-01-17'),(85,'g',0,'2012-01-17'),(148,'g',0,'2011-11-29'),(116,'g',0,'2011-11-29'),(216,'g',0,'2011-11-29'),(16,'g',0,'2012-02-09'),(23,'g',0,'2012-02-09'),(75,'g',0,'2012-01-08'),(111,'g',0,'2011-11-30'),(30,'g',0,'2012-02-16'),(29,'g',0,'2012-02-13'),(128,'g',0,'2011-11-30'),(196,'g',0,'2011-11-30'),(173,'g',0,'2011-11-30'),(207,'g',0,'2011-11-30'),(169,'g',0,'2011-11-30'),(139,'g',0,'2011-11-30'),(243,'g',0,'2011-11-30'),(105,'g',0,'2012-02-16'),(80,'g',0,'2012-02-22'),(140,'g',0,'2011-11-30'),(209,'g',0,'2011-11-30'),(208,'g',0,'2011-11-30'),(96,'g',0,'2012-03-05'),(17,'g',0,'2012-01-17'),(98,'g',0,'2012-01-17'),(180,'g',0,'2011-11-30'),(113,'g',0,'2011-11-30'),(194,'g',0,'2011-11-30'),(102,'g',0,'2012-02-16'),(38,'g',0,'2012-02-15'),(162,'g',0,'2011-11-30'),(141,'g',0,'2011-11-30'),(14,'g',0,'2012-01-17'),(25,'g',0,'2012-01-13'),(40,'g',0,'2012-02-14'),(15,'g',0,'2012-01-17'),(12,'g',0,'2012-02-14'),(37,'g',0,'2012-01-17'),(20,'g',0,'2012-02-14'),(134,'g',0,'2011-11-30'),(183,'g',0,'2011-11-30'),(24,'g',0,'2012-02-13'),(100,'g',0,'2012-02-15'),(77,'g',0,'2012-02-15'),(235,'g',0,'2011-11-30'),(197,'g',0,'2011-11-30'),(129,'g',0,'2011-11-30'),(13,'g',0,'2012-01-17'),(26,'g',0,'2012-02-14'),(49,'g',0,'2012-02-14'),(107,'g',0,'2011-11-30'),(9,'g',0,'2012-01-17'),(46,'g',0,'2012-03-03'),(45,'g',0,'2012-01-17'),(79,'g',0,'2012-01-17'),(203,'g',0,'2011-12-01'),(124,'g',0,'2011-12-01'),(135,'g',0,'2011-12-01'),(191,'g',0,'2011-12-01'),(198,'g',0,'2011-12-01'),(211,'g',0,'2011-12-02'),(219,'g',0,'2011-12-02'),(246,'g',0,'2011-12-02'),(182,'g',0,'2011-12-02'),(241,'g',0,'2011-12-02'),(42,'g',0,'2012-02-17'),(239,'g',0,'2011-12-02'),(190,'g',0,'2011-12-03'),(177,'g',0,'2011-12-03'),(230,'g',0,'2011-12-03'),(175,'g',0,'2011-12-03'),(222,'g',0,'2011-12-03'),(289,'g',0,'2012-02-09'),(274,'g',0,'2012-01-17'),(270,'g',0,'2012-02-09'),(259,'g',0,'2012-02-09'),(441,'g',0,'2012-02-15'),(371,'g',0,'2012-01-28'),(261,'g',0,'2012-01-17'),(282,'g',0,'2011-12-04'),(337,'g',0,'2012-02-15'),(308,'g',0,'2012-02-16'),(252,'g',0,'2012-02-13'),(403,'g',0,'2012-01-08'),(338,'g',0,'2012-02-15'),(326,'g',0,'2011-12-05'),(327,'g',0,'2012-01-10'),(292,'g',0,'2011-12-05'),(416,'g',0,'2012-02-15'),(434,'g',0,'2012-02-15'),(366,'g',0,'2012-01-17'),(294,'g',0,'2011-12-05'),(405,'g',0,'2012-01-24'),(257,'g',0,'2012-02-08'),(425,'g',0,'2011-12-05'),(258,'g',0,'2012-01-24'),(293,'g',0,'2012-03-07'),(329,'g',0,'2011-12-07'),(418,'g',0,'2011-12-07'),(305,'g',0,'2011-12-07'),(389,'g',0,'2011-12-07'),(236,'g',0,'2011-12-07'),(317,'g',0,'2011-12-07'),(328,'g',0,'2012-03-06'),(423,'g',0,'2011-12-08'),(331,'g',0,'2011-12-08'),(228,'g',0,'2011-12-09'),(437,'g',0,'2011-12-09'),(349,'g',0,'2011-12-09'),(593,'g',0,'2012-02-08'),(352,'g',0,'2012-01-17'),(370,'g',0,'2012-01-25'),(369,'g',0,'2012-01-23'),(353,'g',0,'2012-02-16'),(684,'g',0,'2011-12-13'),(255,'g',0,'2012-02-08'),(675,'g',0,'2011-12-13'),(302,'g',0,'2011-12-13'),(264,'g',0,'2012-02-08'),(682,'g',0,'2011-12-13'),(659,'g',0,'2011-12-13'),(660,'g',0,'2011-12-13'),(672,'g',0,'2011-12-13'),(663,'g',0,'2011-12-13'),(351,'g',0,'2012-02-13'),(658,'g',0,'2011-12-13'),(508,'g',0,'2012-02-08'),(772,'g',0,'2012-02-15'),(723,'g',0,'2012-02-15'),(782,'g',0,'2012-01-21'),(721,'g',0,'2012-01-24'),(734,'g',0,'2011-12-14'),(722,'g',0,'2012-01-24'),(794,'g',0,'2011-12-14'),(797,'g',0,'2011-12-14'),(88,'g',0,'2011-12-14'),(780,'g',0,'2012-02-22'),(765,'g',0,'2012-02-22'),(771,'g',0,'2012-02-22'),(770,'g',0,'2012-02-15'),(789,'g',0,'2012-02-15'),(751,'g',0,'2011-12-15'),(598,'g',0,'2011-12-15'),(84,'g',0,'2011-12-15'),(720,'g',0,'2012-02-08'),(757,'g',0,'2012-02-08'),(700,'g',0,'2012-02-15'),(787,'g',0,'2012-01-22'),(673,'g',0,'2011-12-15'),(735,'g',0,'2012-02-09'),(727,'g',0,'2012-02-09'),(655,'g',0,'2011-12-15'),(445,'g',0,'2011-12-16'),(650,'g',0,'2011-12-16'),(364,'g',0,'2012-02-13'),(639,'g',0,'2011-12-16'),(633,'g',0,'2011-12-16'),(774,'g',0,'2012-01-17'),(304,'g',0,'2012-01-17'),(698,'g',0,'2012-02-16'),(683,'g',0,'2011-12-16'),(643,'g',0,'2011-12-16'),(409,'g',0,'2012-02-15'),(657,'g',0,'2011-12-16'),(336,'g',0,'2012-02-15'),(719,'g',0,'2012-02-15'),(325,'g',0,'2012-02-15'),(750,'g',0,'2012-02-15'),(749,'g',0,'2011-12-17'),(777,'g',0,'2011-12-17'),(737,'g',0,'2011-12-17'),(759,'g',0,'2011-12-17'),(708,'g',0,'2011-12-17'),(790,'g',0,'2012-02-15'),(367,'g',0,'2012-01-23'),(665,'g',0,'2011-12-18'),(712,'g',0,'2012-01-28'),(705,'g',0,'2012-02-13'),(648,'g',0,'2011-12-18'),(652,'g',0,'2011-12-18'),(714,'g',0,'2012-01-19'),(704,'g',0,'2012-01-19'),(642,'g',0,'2011-12-18'),(601,'g',0,'2012-01-19'),(775,'g',0,'2012-02-08'),(773,'g',0,'2012-02-08'),(767,'g',0,'2012-02-08'),(742,'g',0,'2012-02-08'),(711,'g',0,'2011-12-19'),(310,'g',0,'2011-12-20'),(745,'g',0,'2012-02-16'),(359,'g',0,'2012-02-12'),(693,'g',0,'2012-02-15'),(793,'g',0,'2011-12-21'),(818,'g',0,'2011-12-21'),(816,'g',0,'2011-12-21'),(761,'g',0,'2012-02-15'),(724,'g',0,'2012-02-15'),(702,'g',0,'2012-02-15'),(847,'g',0,'2012-01-25'),(716,'g',0,'2012-03-07'),(786,'g',0,'2012-03-07'),(783,'g',0,'2012-02-13'),(280,'g',0,'2012-02-15'),(807,'g',0,'2011-12-22'),(506,'g',0,'2011-12-22'),(475,'g',0,'2011-12-22'),(791,'g',0,'2011-12-23'),(315,'g',0,'2012-01-31'),(701,'g',0,'2011-12-23'),(268,'g',0,'2011-12-23'),(844,'g',0,'2012-01-27'),(839,'g',0,'2012-01-24'),(850,'g',0,'2011-12-23'),(250,'g',0,'2012-02-15'),(746,'g',0,'2012-02-16'),(422,'g',0,'2012-02-13'),(752,'g',0,'2012-02-08'),(699,'g',0,'2012-02-08'),(697,'g',0,'2012-02-08'),(572,'g',0,'2012-02-09'),(607,'g',0,'2012-02-09'),(717,'g',0,'2012-02-15'),(828,'g',0,'2011-12-25'),(861,'g',0,'2012-01-28'),(781,'g',0,'2011-12-27'),(729,'g',0,'2011-12-27'),(730,'g',0,'2011-12-27'),(768,'g',0,'2011-12-27'),(726,'g',0,'2011-12-27'),(591,'g',0,'2012-02-17'),(841,'g',0,'2011-12-27'),(713,'g',0,'2011-12-27'),(728,'g',0,'2011-12-27'),(732,'g',0,'2011-12-27'),(762,'g',0,'2011-12-27'),(769,'g',0,'2011-12-27'),(763,'g',0,'2011-12-27'),(731,'g',0,'2011-12-27'),(738,'g',0,'2011-12-27'),(776,'g',0,'2011-12-27'),(263,'g',0,'2011-12-27'),(254,'g',0,'2011-12-27'),(260,'g',0,'2011-12-27'),(753,'g',0,'2011-12-27'),(747,'g',0,'2011-12-28'),(390,'g',0,'2011-12-28'),(397,'g',0,'2011-12-28'),(393,'g',0,'2011-12-28'),(392,'g',0,'2011-12-28'),(395,'g',0,'2011-12-28'),(398,'g',0,'2011-12-28'),(399,'g',0,'2011-12-28'),(718,'g',0,'2011-12-28'),(335,'g',0,'2011-12-28'),(846,'g',0,'2011-12-28'),(696,'g',0,'2011-12-28'),(845,'g',0,'2011-12-28'),(840,'g',0,'2011-12-28'),(330,'g',0,'2011-12-28'),(739,'g',0,'2011-12-28'),(853,'g',0,'2012-02-08'),(838,'g',0,'2011-12-28'),(843,'g',0,'2011-12-28'),(267,'g',0,'2011-12-28'),(249,'g',0,'2011-12-28'),(273,'g',0,'2011-12-28'),(429,'g',0,'2011-12-28'),(610,'g',0,'2011-12-28'),(438,'g',0,'2011-12-28'),(836,'g',0,'2011-12-28'),(837,'g',0,'2011-12-28'),(825,'g',0,'2011-12-28'),(450,'g',0,'2011-12-28'),(803,'g',0,'2011-12-28'),(831,'g',0,'2011-12-28'),(518,'g',0,'2011-12-28'),(595,'g',0,'2011-12-28'),(345,'g',0,'2011-12-28'),(373,'g',0,'2011-12-28'),(469,'g',0,'2011-12-28'),(514,'g',0,'2011-12-28'),(347,'g',0,'2011-12-28'),(320,'g',0,'2011-12-28'),(322,'g',0,'2011-12-28'),(611,'g',0,'2011-12-28'),(374,'g',0,'2011-12-29'),(377,'g',0,'2011-12-29'),(380,'g',0,'2011-12-29'),(868,'g',0,'2012-02-15'),(872,'g',0,'2012-03-07'),(372,'g',0,'2011-12-29'),(368,'g',0,'2011-12-29'),(103,'g',0,'2011-12-29'),(48,'g',0,'2011-12-29'),(97,'g',0,'2011-12-29'),(56,'g',0,'2011-12-29'),(99,'g',0,'2011-12-29'),(104,'g',0,'2011-12-29'),(60,'g',0,'2011-12-29'),(54,'g',0,'2011-12-29'),(83,'g',0,'2011-12-29'),(62,'g',0,'2011-12-29'),(869,'g',0,'2011-12-30'),(474,'g',0,'2011-12-30'),(863,'g',0,'2011-12-30'),(436,'g',0,'2011-12-30'),(363,'g',0,'2011-12-30'),(424,'g',0,'2011-12-30'),(361,'g',0,'2011-12-30'),(427,'g',0,'2011-12-30'),(400,'g',0,'2011-12-30'),(440,'g',0,'2011-12-30'),(343,'g',0,'2011-12-30'),(426,'g',0,'2011-12-30'),(324,'g',0,'2011-12-30'),(866,'g',0,'2011-12-30'),(871,'g',0,'2012-02-17'),(510,'g',0,'2011-12-31'),(822,'g',0,'2011-12-31'),(332,'g',0,'2011-12-31'),(511,'g',0,'2011-12-31'),(800,'g',0,'2011-12-31'),(516,'g',0,'2011-12-31'),(428,'g',0,'2011-12-31'),(590,'g',0,'2011-12-31'),(435,'g',0,'2011-12-31'),(404,'g',0,'2012-02-22'),(453,'g',0,'2011-12-31'),(519,'g',0,'2011-12-31'),(785,'g',0,'2011-12-31'),(468,'g',0,'2011-12-31'),(449,'g',0,'2011-12-31'),(452,'g',0,'2011-12-31'),(509,'g',0,'2011-12-31'),(303,'g',0,'2011-12-31'),(306,'g',0,'2011-12-31'),(300,'g',0,'2011-12-31'),(446,'g',0,'2011-12-31'),(279,'g',0,'2011-12-31'),(286,'g',0,'2011-12-31'),(313,'g',0,'2011-12-31'),(472,'g',0,'2011-12-31'),(314,'g',0,'2011-12-31'),(288,'g',0,'2011-12-31'),(419,'g',0,'2012-02-22'),(278,'g',0,'2011-12-31'),(284,'g',0,'2011-12-31'),(339,'g',0,'2011-12-31'),(358,'g',0,'2011-12-31'),(344,'g',0,'2011-12-31'),(333,'g',0,'2011-12-31'),(323,'g',0,'2011-12-31'),(355,'g',0,'2011-12-31'),(357,'g',0,'2011-12-31'),(319,'g',0,'2011-12-31'),(334,'g',0,'2011-12-31'),(401,'g',0,'2012-02-22'),(870,'g',0,'2012-02-15'),(573,'g',0,'2011-12-31'),(865,'g',0,'2011-12-31'),(613,'g',0,'2011-12-31'),(609,'g',0,'2011-12-31'),(805,'g',0,'2011-12-31'),(515,'g',0,'2011-12-31'),(415,'g',0,'2011-12-31'),(340,'g',0,'2011-12-31'),(860,'g',0,'2011-12-31'),(442,'g',0,'2011-12-31'),(826,'g',0,'2012-01-01'),(852,'g',0,'2012-01-01'),(467,'g',0,'2012-01-01'),(477,'g',0,'2012-01-01'),(470,'g',0,'2012-01-01'),(480,'g',0,'2012-01-01'),(479,'g',0,'2012-01-01'),(478,'g',0,'2012-01-01'),(471,'g',0,'2012-01-01'),(465,'g',0,'2012-01-01'),(466,'g',0,'2012-01-01'),(476,'g',0,'2012-01-01'),(430,'g',0,'2012-01-02'),(849,'g',0,'2012-01-02'),(276,'g',0,'2012-01-02'),(256,'g',0,'2012-01-02'),(253,'g',0,'2012-01-02'),(251,'g',0,'2012-01-02'),(420,'g',0,'2012-01-02'),(827,'g',0,'2012-01-02'),(823,'g',0,'2012-01-02'),(806,'g',0,'2012-01-02'),(592,'g',0,'2012-01-02'),(596,'g',0,'2012-01-02'),(473,'g',0,'2012-01-02'),(605,'g',0,'2012-01-02'),(813,'g',0,'2012-01-02'),(815,'g',0,'2012-01-02'),(412,'g',0,'2012-01-02'),(741,'g',0,'2012-01-02'),(756,'g',0,'2012-01-02'),(740,'g',0,'2012-01-02'),(295,'g',0,'2012-01-02'),(272,'g',0,'2012-01-02'),(744,'g',0,'2012-01-02'),(758,'g',0,'2012-01-02'),(760,'g',0,'2012-01-02'),(764,'g',0,'2012-02-22'),(754,'g',0,'2012-01-02'),(811,'g',0,'2012-01-02'),(615,'g',0,'2012-01-02'),(855,'g',0,'2012-01-02'),(599,'g',0,'2012-01-02'),(73,'g',0,'2012-01-02'),(74,'g',0,'2012-01-02'),(801,'g',0,'2012-01-02'),(50,'g',0,'2012-01-02'),(81,'g',0,'2012-01-02'),(93,'g',0,'2012-01-02'),(736,'g',0,'2012-01-02'),(51,'g',0,'2012-01-02'),(779,'g',0,'2012-01-02'),(52,'g',0,'2012-01-02'),(59,'g',0,'2012-01-02'),(830,'g',0,'2012-01-02'),(804,'g',0,'2012-01-02'),(824,'g',0,'2012-01-02'),(856,'g',0,'2012-01-02'),(408,'g',0,'2012-01-02'),(603,'g',0,'2012-01-02'),(277,'g',0,'2012-01-02'),(262,'g',0,'2012-01-03'),(269,'g',0,'2012-01-03'),(862,'g',0,'2012-02-13'),(410,'g',0,'2012-01-03'),(876,'g',0,'2012-01-03'),(455,'g',0,'2012-01-03'),(889,'g',0,'2012-01-03'),(888,'g',0,'2012-02-08'),(882,'g',0,'2012-02-08'),(407,'g',0,'2012-01-03'),(875,'g',0,'2012-01-03'),(266,'g',0,'2012-01-03'),(298,'g',0,'2012-01-03'),(520,'g',0,'2012-01-03'),(414,'g',0,'2012-01-03'),(848,'g',0,'2012-01-03'),(321,'g',0,'2012-01-03'),(309,'g',0,'2012-01-03'),(350,'g',0,'2012-01-03'),(342,'g',0,'2012-01-03'),(312,'g',0,'2012-01-03'),(290,'g',0,'2012-01-03'),(821,'g',0,'2012-01-03'),(413,'g',0,'2012-01-03'),(411,'g',0,'2012-01-03'),(402,'g',0,'2012-01-03'),(297,'g',0,'2012-01-03'),(417,'g',0,'2012-01-03'),(296,'g',0,'2012-01-03'),(421,'g',0,'2012-01-03'),(283,'g',0,'2012-01-03'),(360,'g',0,'2012-01-03'),(439,'g',0,'2012-01-03'),(301,'g',0,'2012-01-03'),(431,'g',0,'2012-01-03'),(891,'g',0,'2012-02-08'),(316,'g',0,'2012-01-03'),(356,'g',0,'2012-01-03'),(346,'g',0,'2012-01-03'),(433,'g',0,'2012-01-03'),(406,'g',0,'2012-02-16'),(447,'g',0,'2012-01-03'),(443,'g',0,'2012-01-03'),(311,'g',0,'2012-01-03'),(281,'g',0,'2012-01-03'),(432,'g',0,'2012-01-03'),(444,'g',0,'2012-01-03'),(341,'g',0,'2012-01-03'),(354,'g',0,'2012-01-03'),(459,'g',0,'2012-01-03'),(457,'g',0,'2012-01-03'),(456,'g',0,'2012-01-03'),(448,'g',0,'2012-01-03'),(464,'g',0,'2012-01-03'),(462,'g',0,'2012-01-04'),(458,'g',0,'2012-01-04'),(299,'g',0,'2012-01-04'),(383,'g',0,'2012-01-04'),(381,'g',0,'2012-01-04'),(384,'g',0,'2012-01-04'),(386,'g',0,'2012-01-04'),(388,'g',0,'2012-01-04'),(382,'g',0,'2012-01-04'),(385,'g',0,'2012-01-04'),(387,'g',0,'2012-01-04'),(463,'g',0,'2012-01-04'),(460,'g',0,'2012-01-04'),(461,'g',0,'2012-01-04'),(877,'g',0,'2012-02-15'),(867,'g',0,'2012-01-04'),(898,'g',0,'2012-02-15'),(348,'g',0,'2012-01-05'),(725,'g',0,'2012-02-26'),(905,'g',0,'2012-02-08'),(908,'g',0,'2012-01-05'),(864,'g',0,'2012-03-07'),(906,'g',0,'2012-01-05'),(907,'g',0,'2012-01-05'),(895,'g',0,'2012-01-06'),(365,'g',0,'2012-01-06'),(362,'g',0,'2012-01-06'),(884,'g',0,'2012-01-06'),(885,'g',0,'2012-01-06'),(507,'g',0,'2012-01-06'),(873,'g',0,'2012-01-06'),(874,'g',0,'2012-01-06'),(497,'g',0,'2012-01-06'),(505,'g',0,'2012-01-06'),(887,'g',0,'2012-01-06'),(886,'g',0,'2012-01-06'),(503,'g',0,'2012-01-06'),(504,'g',0,'2012-01-06'),(883,'g',0,'2012-01-06'),(890,'g',0,'2012-01-06'),(500,'g',0,'2012-01-06'),(495,'g',0,'2012-01-06'),(501,'g',0,'2012-01-06'),(496,'g',0,'2012-01-07'),(494,'g',0,'2012-01-07'),(499,'g',0,'2012-01-07'),(498,'g',0,'2012-01-07'),(897,'g',0,'2012-02-15'),(910,'g',0,'2012-02-08'),(502,'g',0,'2012-01-07'),(493,'g',0,'2012-01-07'),(587,'g',0,'2012-01-07'),(588,'g',0,'2012-01-07'),(589,'g',0,'2012-01-07'),(879,'g',0,'2012-01-08'),(911,'g',0,'2012-01-08'),(902,'g',0,'2012-02-08'),(796,'g',0,'2012-01-08'),(795,'g',0,'2012-01-08'),(600,'g',0,'2012-01-08'),(578,'g',0,'2012-01-08'),(585,'g',0,'2012-01-08'),(581,'g',0,'2012-01-08'),(577,'g',0,'2012-01-08'),(580,'g',0,'2012-01-08'),(798,'g',0,'2012-01-08'),(604,'g',0,'2012-01-08'),(799,'g',0,'2012-01-08'),(792,'g',0,'2012-01-08'),(817,'g',0,'2012-01-08'),(584,'g',0,'2012-01-08'),(582,'g',0,'2012-01-08'),(819,'g',0,'2012-01-08'),(602,'g',0,'2012-01-08'),(583,'g',0,'2012-01-08'),(570,'g',0,'2012-01-09'),(567,'g',0,'2012-01-09'),(784,'g',0,'2012-01-09'),(576,'g',0,'2012-01-09'),(579,'g',0,'2012-01-09'),(574,'g',0,'2012-01-09'),(586,'g',0,'2012-01-09'),(568,'g',0,'2012-01-09'),(569,'g',0,'2012-01-09'),(575,'g',0,'2012-01-09'),(565,'g',0,'2012-01-09'),(571,'g',0,'2012-01-09'),(904,'g',0,'2012-01-10'),(881,'g',0,'2012-01-10'),(899,'g',0,'2012-01-10'),(893,'g',0,'2012-01-10'),(931,'g',0,'2012-02-13'),(914,'g',0,'2012-02-16'),(880,'g',0,'2012-01-10'),(482,'g',0,'2012-01-10'),(903,'g',0,'2012-01-10'),(894,'g',0,'2012-01-10'),(291,'g',0,'2012-02-16'),(829,'g',0,'2012-02-15'),(919,'g',0,'2012-02-13'),(948,'g',0,'2012-01-11'),(937,'g',0,'2012-02-13'),(489,'g',0,'2012-01-12'),(928,'g',0,'2012-01-12'),(943,'g',0,'2012-01-12'),(927,'g',0,'2012-01-12'),(900,'g',0,'2012-01-12'),(942,'g',0,'2012-01-12'),(901,'g',0,'2012-01-12'),(936,'g',0,'2012-01-12'),(484,'g',0,'2012-01-12'),(483,'g',0,'2012-01-12'),(486,'g',0,'2012-01-12'),(491,'g',0,'2012-01-12'),(487,'g',0,'2012-01-12'),(488,'g',0,'2012-01-12'),(490,'g',0,'2012-01-12'),(492,'g',0,'2012-01-12'),(485,'g',0,'2012-01-12'),(917,'g',0,'2012-01-14'),(878,'g',0,'2012-01-14'),(960,'g',0,'2012-01-14'),(930,'g',0,'2012-01-14'),(481,'g',0,'2012-01-14'),(892,'g',0,'2012-01-14'),(950,'g',0,'2012-02-15'),(939,'g',0,'2012-02-15'),(941,'g',0,'2012-02-15'),(920,'g',0,'2012-01-16'),(989,'g',0,'2012-01-16'),(896,'g',0,'2012-01-17'),(929,'g',0,'2012-01-17'),(952,'g',0,'2012-01-17'),(980,'g',0,'2012-01-17'),(994,'g',0,'2012-01-17'),(922,'g',0,'2012-01-17'),(962,'g',0,'2012-03-07'),(710,'g',0,'2012-02-22'),(916,'g',0,'2012-01-19'),(975,'g',0,'2012-01-19'),(987,'g',0,'2012-01-19'),(953,'g',0,'2012-01-19'),(983,'g',0,'2012-01-20'),(915,'g',0,'2012-01-20'),(755,'g',0,'2012-02-22'),(555,'g',0,'2012-01-21'),(454,'g',0,'2012-01-21'),(451,'g',0,'2012-01-21'),(842,'g',0,'2012-01-21'),(924,'g',0,'2012-01-22'),(967,'g',0,'2012-01-22'),(912,'g',0,'2012-01-22'),(809,'g',0,'2012-01-22'),(954,'g',0,'2012-01-22'),(926,'g',0,'2012-01-23'),(961,'g',0,'2012-01-23'),(921,'g',0,'2012-01-23'),(909,'g',0,'2012-01-23'),(925,'g',0,'2012-01-23'),(913,'g',0,'2012-01-23'),(951,'g',0,'2012-01-23'),(1025,'g',0,'2012-01-23'),(1024,'g',0,'2012-01-23'),(955,'g',0,'2012-01-25'),(976,'g',0,'2012-01-25'),(984,'g',0,'2012-01-25'),(1033,'g',0,'2012-01-25'),(1022,'g',0,'2012-01-29'),(1029,'g',0,'2012-01-30'),(1032,'g',0,'2012-01-30'),(1042,'g',0,'2012-01-31'),(854,'g',0,'2012-02-03'),(597,'g',0,'2012-02-03'),(612,'g',0,'2012-02-03'),(851,'g',0,'2012-02-03'),(606,'g',0,'2012-02-03'),(608,'g',0,'2012-02-03'),(594,'g',0,'2012-02-03'),(513,'g',0,'2012-02-03'),(512,'g',0,'2012-02-03'),(523,'g',0,'2012-02-03'),(522,'g',0,'2012-02-03'),(521,'g',0,'2012-02-03'),(528,'g',0,'2012-02-03'),(531,'g',0,'2012-02-03'),(529,'g',0,'2012-02-03'),(527,'g',0,'2012-02-03'),(524,'g',0,'2012-02-03'),(532,'g',0,'2012-02-03'),(533,'g',0,'2012-02-03'),(530,'g',0,'2012-02-03'),(525,'g',0,'2012-02-03'),(526,'g',0,'2012-02-03'),(1058,'g',0,'2012-02-04'),(1086,'g',0,'2012-02-06'),(1079,'g',0,'2012-02-06'),(1002,'g',0,'2012-02-06'),(539,'g',0,'2012-02-08'),(536,'g',0,'2012-02-08'),(542,'g',0,'2012-02-08'),(540,'g',0,'2012-02-08'),(537,'g',0,'2012-02-08'),(535,'g',0,'2012-02-08'),(543,'g',0,'2012-02-08'),(538,'g',0,'2012-02-08'),(541,'g',0,'2012-02-08'),(534,'g',0,'2012-02-08'),(1023,'g',0,'2012-02-08'),(979,'g',0,'2012-02-08'),(944,'g',0,'2012-02-08'),(947,'g',0,'2012-02-08'),(932,'g',0,'2012-02-08'),(978,'g',0,'2012-02-08'),(992,'g',0,'2012-02-08'),(938,'g',0,'2012-02-08'),(991,'g',0,'2012-02-08'),(945,'g',0,'2012-02-08'),(858,'g',0,'2012-02-09'),(835,'g',0,'2012-02-09'),(857,'g',0,'2012-02-09'),(859,'g',0,'2012-02-09'),(808,'g',0,'2012-02-09'),(820,'g',0,'2012-02-09'),(814,'g',0,'2012-02-09'),(810,'g',0,'2012-02-09'),(812,'g',0,'2012-02-09'),(1080,'g',0,'2012-02-09'),(997,'g',0,'2012-02-10'),(318,'g',0,'2012-02-10'),(1077,'g',0,'2012-02-10'),(271,'g',0,'2012-02-10'),(287,'g',0,'2012-02-10'),(1127,'g',0,'2012-02-11'),(1071,'g',0,'2012-02-11'),(1074,'g',0,'2012-02-11'),(1076,'g',0,'2012-02-11'),(1021,'g',0,'2012-02-11'),(1075,'g',0,'2012-02-11'),(965,'g',0,'2012-02-11'),(554,'g',0,'2012-02-11'),(986,'g',0,'2012-02-11'),(550,'g',0,'2012-02-11'),(956,'g',0,'2012-02-11'),(957,'g',0,'2012-02-11'),(1112,'g',0,'2012-02-11'),(548,'g',0,'2012-02-11'),(1088,'g',0,'2012-02-11'),(1081,'g',0,'2012-02-11'),(1062,'g',0,'2012-02-11'),(1090,'g',0,'2012-02-11'),(1084,'g',0,'2012-02-11'),(1060,'g',0,'2012-02-11'),(1000,'g',0,'2012-02-11'),(940,'g',0,'2012-02-11'),(1072,'g',0,'2012-02-11'),(1091,'g',0,'2012-02-11'),(990,'g',0,'2012-02-11'),(1082,'g',0,'2012-02-11'),(1019,'g',0,'2012-02-11'),(1036,'g',0,'2012-02-11'),(546,'g',0,'2012-02-11'),(1089,'g',0,'2012-02-11'),(996,'g',0,'2012-02-11'),(1078,'g',0,'2012-02-11'),(999,'g',0,'2012-02-11'),(1085,'g',0,'2012-02-11'),(1039,'g',0,'2012-02-11'),(1016,'g',0,'2012-02-11'),(958,'g',0,'2012-02-11'),(547,'g',0,'2012-02-12'),(977,'g',0,'2012-02-12'),(551,'g',0,'2012-02-12'),(549,'g',0,'2012-02-12'),(1017,'g',0,'2012-02-12'),(1034,'g',0,'2012-02-12'),(1026,'g',0,'2012-02-12'),(559,'g',0,'2012-02-12'),(552,'g',0,'2012-02-12'),(557,'g',0,'2012-02-12'),(561,'g',0,'2012-02-12'),(544,'g',0,'2012-02-12'),(1018,'g',0,'2012-02-12'),(558,'g',0,'2012-02-12'),(562,'g',0,'2012-02-12'),(1040,'g',0,'2012-02-12'),(963,'g',0,'2012-02-12'),(981,'g',0,'2012-02-12'),(563,'g',0,'2012-02-12'),(564,'g',0,'2012-02-12'),(1030,'g',0,'2012-02-12'),(1111,'g',0,'2012-02-12'),(1083,'g',0,'2012-02-12'),(1005,'g',0,'2012-02-12'),(1004,'g',0,'2012-02-12'),(1001,'g',0,'2012-02-12'),(1123,'g',0,'2012-02-12'),(1124,'g',0,'2012-02-12'),(1012,'g',0,'2012-02-12'),(1038,'g',0,'2012-02-12'),(1006,'g',0,'2012-02-12'),(1063,'g',0,'2012-02-12'),(1014,'g',0,'2012-02-12'),(1028,'g',0,'2012-02-12'),(1007,'g',0,'2012-02-12'),(918,'g',0,'2012-02-12'),(1067,'g',0,'2012-02-12'),(1037,'g',0,'2012-02-12'),(998,'g',0,'2012-02-12'),(959,'g',0,'2012-02-12'),(1035,'g',0,'2012-02-12'),(553,'g',0,'2012-02-12'),(985,'g',0,'2012-02-12'),(1125,'g',0,'2012-02-12'),(1092,'g',0,'2012-02-12'),(1065,'g',0,'2012-02-12'),(560,'g',0,'2012-02-12'),(1087,'g',0,'2012-02-12'),(1008,'g',0,'2012-02-12'),(1003,'g',0,'2012-02-12'),(1027,'g',0,'2012-02-12'),(1066,'g',0,'2012-02-12'),(1010,'g',0,'2012-02-12'),(1069,'g',0,'2012-02-12'),(1009,'g',0,'2012-02-12'),(1126,'g',0,'2012-02-12'),(1031,'g',0,'2012-02-12'),(1011,'g',0,'2012-02-12'),(1121,'g',0,'2012-02-13'),(1041,'g',0,'2012-02-13'),(1015,'g',0,'2012-02-13'),(923,'g',0,'2012-02-13'),(935,'g',0,'2012-02-13'),(949,'g',0,'2012-02-13'),(1013,'g',0,'2012-02-13'),(934,'g',0,'2012-02-13'),(1070,'g',0,'2012-02-13'),(1068,'g',0,'2012-02-13'),(748,'g',0,'2012-02-13'),(1130,'g',0,'2012-02-13'),(1115,'g',0,'2012-02-13'),(1117,'g',0,'2012-02-13'),(1128,'g',0,'2012-02-13'),(1116,'g',0,'2012-02-13'),(1122,'g',0,'2012-02-13'),(545,'g',0,'2012-02-13'),(1119,'g',0,'2012-02-13'),(1118,'g',0,'2012-02-13'),(556,'g',0,'2012-02-13'),(982,'g',0,'2012-02-13'),(1056,'g',0,'2012-02-13'),(1050,'g',0,'2012-02-13'),(1064,'g',0,'2012-02-13'),(1129,'g',0,'2012-02-13'),(995,'g',0,'2012-02-13'),(1051,'g',0,'2012-02-13'),(1120,'g',0,'2012-02-13'),(1073,'g',0,'2012-02-13'),(1052,'g',0,'2012-02-13'),(1114,'g',0,'2012-02-14'),(1020,'g',0,'2012-02-14'),(933,'g',0,'2012-02-14'),(1134,'g',0,'2012-02-14'),(1131,'g',0,'2012-02-14'),(1133,'g',0,'2012-02-14'),(1054,'g',0,'2012-02-15'),(1057,'g',0,'2012-02-15'),(1053,'g',0,'2012-02-15'),(1055,'g',0,'2012-02-15'),(1059,'g',0,'2012-02-15'),(1099,'g',0,'2012-02-17'),(1132,'g',0,'2012-02-17'),(1106,'g',0,'2012-02-17'),(1101,'g',0,'2012-02-17'),(1104,'g',0,'2012-02-17'),(1095,'g',0,'2012-02-17'),(1098,'g',0,'2012-02-17'),(1097,'g',0,'2012-02-17'),(1093,'g',0,'2012-02-17'),(1096,'g',0,'2012-02-17'),(1094,'g',0,'2012-02-17'),(1113,'g',0,'2012-02-17'),(1103,'g',0,'2012-02-17'),(1102,'g',0,'2012-02-17'),(1108,'g',0,'2012-02-17'),(1135,'g',0,'2012-02-17'),(1105,'g',0,'2012-02-17'),(1107,'g',0,'2012-02-17'),(1109,'g',0,'2012-02-17'),(1100,'g',0,'2012-02-17'),(1110,'g',0,'2012-02-17'),(1136,'g',0,'2012-02-18'),(993,'g',0,'2012-02-24'),(1061,'g',0,'2012-02-25'),(946,'g',0,'2012-02-27'),(265,'g',0,'2012-02-28'),(307,'g',0,'2012-02-28'),(285,'g',0,'2012-02-28'),(1148,'g',0,'2012-02-28'),(1140,'g',0,'2012-02-28'),(1144,'g',0,'2012-02-28'),(1137,'g',0,'2012-02-28'),(1143,'g',0,'2012-02-28'),(1146,'g',0,'2012-02-29'),(1151,'g',0,'2012-02-29'),(1142,'g',0,'2012-02-29'),(1153,'g',0,'2012-02-29'),(1150,'g',0,'2012-02-29'),(1138,'g',0,'2012-02-29'),(1145,'g',0,'2012-02-29'),(1139,'g',0,'2012-02-29'),(1147,'g',0,'2012-02-29'),(1141,'g',0,'2012-02-29'),(1149,'g',0,'2012-02-29'),(614,'g',0,'2012-02-29'),(802,'g',0,'2012-02-29'),(1152,'g',0,'2012-03-01'),(1155,'g',0,'2012-03-04'),(1154,'g',0,'2012-03-05'),(1160,'g',0,'2012-03-06'),(695,'g',0,'2012-03-06'),(1162,'g',0,'2012-03-06'),(1156,'g',0,'2012-03-07'),(1159,'g',0,'2012-03-07'),(78,'g',0,'2012-03-07'),(1157,'g',0,'2012-03-07');

--
-- Table structure for table `idx_paid_listing`
--

CREATE TABLE `idx_paid_listing` (
  `link_id` mediumint(9) unsigned NOT NULL default '0',
  `premium` char(1) default NULL,
  `sponsored` char(1) default NULL,
  `expire` datetime default NULL,
  `paid` char(1) default NULL,
  PRIMARY KEY  (`link_id`)
) ENGINE=MyISAM DEFAULT CHARSET=latin1;

--
-- Dumping data for table `idx_paid_listing`
--


--
-- Table structure for table `idx_payment_gateway`
--

CREATE TABLE `idx_payment_gateway` (
  `payment_gateway_id` int(11) NOT NULL auto_increment,
  `name` varchar(100) default NULL,
  `enable` char(1) default NULL,
  `setting` text,
  `invoice_html` text,
  PRIMARY KEY  (`payment_gateway_id`)
) ENGINE=MyISAM AUTO_INCREMENT=9 DEFAULT CHARSET=latin1;

--
-- Dumping data for table `idx_payment_gateway`
--

INSERT INTO `idx_payment_gateway` VALUES (1,'paypal','1','a:2:{s:13:\"payment_email\";s:0:\"\";s:21:\"enable_paypal_sandbox\";s:1:\"0\";}','<p> \r\n	<a href=\'paynow.php?id={$invoice_id}&m=paypal\'><img src=\'http://www.paypal.com/images/x-click-but02.gif\' border=\'0\' alt=\'Make payments with PayPal - it is fast, free and secure!\' /></a> \r\n</p>\r\n'),(2,'2co','0','a:6:{s:6:\"co_sid\";s:5:\"84932\";s:9:\"co_secret\";s:5:\"tango\";s:12:\"co_recurring\";s:1:\"0\";s:9:\"co_prod_1\";s:6:\"100.00\";s:9:\"co_prod_2\";s:6:\"250.00\";s:9:\"co_prod_3\";s:6:\"400.00\";}','<p>\r\n<a href=\'paynow.php?id={$invoice_id}&m=2co\'><img src=\'http://www.2checkout.com/images/overview/btns/25.jpg\' alt=\'Pay Now with 2checkout...\' border=\'0\' /></a> \r\n</p>'),(3,'authorizenet','0','a:2:{s:21:\"authorizenet_login_id\";s:0:\"\";s:21:\"authorizenet_tran_key\";s:0:\"\";}','<p> \r\n<a href=\'paynow.php?id={$invoice_id}&m=authorizenet\'><img src=\'http://www.authorize.net/upload/images/Images/Header/authorizenet_logo.gif\' alt=\'Pay Now with Authorize.Net...\' width=\'99\' height=\'39\' style=\'{border : 1px solid #c0c0c0;}\' /></a>\r\n</p>'),(4,'egold','0','a:2:{s:19:\"egold_payee_account\";s:0:\"\";s:16:\"egold_payee_name\";s:0:\"\";}','<p> \r\n<a href=\'paynow.php?id={$invoice_id}&m=egold\'>\r\n<img src=\'http://www.e-gold.com/gif/paywith.gif\' border=\'0\' alt=\'Pay Now with e-gold...\' />\r\n</a>\r\n</p>'),(5,'moneybookers','0','a:1:{s:18:\"moneybookers_email\";s:0:\"\";}','<p> \r\n<a href=\'paynow.php?id={$invoice_id}&m=paypal\'><img src=\'http://www.moneybookers.com/images/banners/88_en_mb.gif\' border=\'0\' alt=\'Make payments with Moneybookers - it is fast, free and secure!\' /></a> \r\n</p>'),(6,'paypal-subscriptions','0','a:2:{s:13:\"payment_email\";s:0:\"\";s:21:\"enable_paypal_sandbox\";s:1:\"0\";}','<p> \r\n<a href=\'paynow.php?id={$invoice_id}&m=paypal\'><img src=\'https://www.paypal.com/en_US/i/btn/x-click-but20.gif\' border=\'0\' alt=\'Make payments with PayPal - it is fast, free and secure!\' /></a> \r\n</p>'),(7,'alertpay','0','a:2:{s:14:\"alertpay_email\";s:0:\"\";s:23:\"enable_alertpay_sandbox\";s:1:\"0\";}','<p> \r\n<a href=\'paynow.php?id={$invoice_id}&m=alertpay\'>\r\n<img src=\'https://www.alertpay.com/Images/BuyNow/pay_now_3.gif\' border=\'0\' alt=\'Make payments with PayPal - it is fast, free and secure!\' /></a> \r\n</p>'),(8,'alertpay-subcriptions','0','a:2:{s:14:\"alertpay_email\";s:0:\"\";s:23:\"enable_alertpay_sandbox\";s:1:\"0\";}','<p>\r\n<a href=\'paynow.php?id={$invoice_id}&m=alertpay-subcriptions\'>\r\n<img src=\'https://www.alertpay.com/Images/BuyNow/subscribe_now_15.gif\' border=\'0\' alt=\'Make payments with Alert Pay - it is fast, free and secure!\' /></a> \r\n</p>');

--
-- Table structure for table `idx_payment_history`
--

CREATE TABLE `idx_payment_history` (
  `payment_id` int(10) unsigned NOT NULL auto_increment,
  `contact_name` varchar(255) default NULL,
  `email` varchar(255) default NULL,
  `type` varchar(255) default NULL,
  `detail` text,
  `amount` double default NULL,
  `time` datetime default NULL,
  `invoice_id` varchar(10) default NULL,
  PRIMARY KEY  (`payment_id`)
) ENGINE=MyISAM DEFAULT CHARSET=latin1;

--
-- Dumping data for table `idx_payment_history`
--


--
-- Table structure for table `idx_pl_sociable`
--

CREATE TABLE `idx_pl_sociable` (
  `sb_id` int(11) NOT NULL auto_increment,
  `sb_name` varchar(255) character set utf8 default NULL,
  `sb_url` varchar(255) character set utf8 default NULL,
  `sb_icon` varchar(255) character set utf8 default NULL,
  `sb_enable` char(1) character set utf8 default '0',
  PRIMARY KEY  (`sb_id`)
) ENGINE=MyISAM AUTO_INCREMENT=90 DEFAULT CHARSET=latin1;

--
-- Dumping data for table `idx_pl_sociable`
--

INSERT INTO `idx_pl_sociable` VALUES (1,'BarraPunto','http://barrapunto.com/submit.pl?subj=TITLE&amp;story=PERMALINK','barrapunto.png','0'),(2,'Bitacoras.com','http://bitacoras.com/anotaciones/PERMALINK','bitacoras.png','0'),(3,'BlinkList','http://www.blinklist.com/index.php?Action=Blink/addblink.php&amp;Url=PERMALINK&amp;Title=TITLE','blinklist.png','0'),(4,'blogmarks','http://blogmarks.net/my/new.php?mini=1&amp;simple=1&amp;url=PERMALINK&amp;title=TITLE','blogmarks.png','0'),(5,'Blogosphere News','http://www.blogospherenews.com/submit.php?url=PERMALINK&amp;title=TITLE','blogospherenews.png','0'),(6,'blogtercimlap','http://cimlap.blogter.hu/index.php?action=suggest_link&amp;title=TITLE&amp;url=PERMALINK','blogter.png','0'),(7,'Faves','http://faves.com/Authoring.aspx?u=PERMALINK&amp;title=TITLE','bluedot.png','0'),(8,'connotea','http://www.connotea.org/addpopup?continue=confirm&amp;uri=PERMALINK&amp;title=TITLE&amp;description=EXCERPT','connotea.png','0'),(9,'Current','http://current.com/clipper.htm?url=PERMALINK&amp;title=TITLE','current.png','0'),(10,'del.icio.us','http://delicious.com/post?url=PERMALINK&amp;title=TITLE&amp;notes=EXCERPT','delicious.png','0'),(11,'Digg','http://digg.com/submit?phase=2&amp;url=PERMALINK&amp;title=TITLE&amp;bodytext=EXCERPT','digg.png','1'),(12,'Diigo','http://www.diigo.com/post?url=PERMALINK&amp;title=TITLE','diigo.png','0'),(13,'DotNetKicks','http://www.dotnetkicks.com/kick/?url=PERMALINK&amp;title=TITLE','dotnetkicks.png','0'),(14,'DZone','http://www.dzone.com/links/add.html?url=PERMALINK&amp;title=TITLE','dzone.png','0'),(15,'eKudos','http://www.ekudos.nl/artikel/nieuw?url=PERMALINK&amp;title=TITLE&amp;desc=EXCERPT','ekudos.png','0'),(16,'email','mailto:?subject=TITLE&amp;body=PERMALINK','email_link.png','0'),(17,'Facebook','http://www.facebook.com/share.php?u=PERMALINK&amp;t=TITLE','facebook.png','1'),(18,'Fark','http://cgi.fark.com/cgi/fark/farkit.pl?h=TITLE&amp;u=PERMALINK','fark.png','0'),(19,'Fleck','http://beta3.fleck.com/bookmarklet.php?url=PERMALINK&amp;title=TITLE','fleck.png','0'),(20,'FriendFeed','http://www.friendfeed.com/share?title=TITLE&amp;link=PERMALINK','friendfeed.png','0'),(21,'FSDaily','http://www.fsdaily.com/submit?url=PERMALINK&amp;title=TITLE','fsdaily.png','0'),(22,'Global Grind','http://globalgrind.com/submission/submit.aspx?url=PERMALINK&amp;type=Article&amp;title=TITLE','globalgrind.png','0'),(23,'Google','http://www.google.com/bookmarks/mark?op=edit&amp;bkmk=PERMALINK&amp;title=TITLE&amp;annotation=EXCERPT','googlebookmark.png','0'),(24,'Gwar','http://www.gwar.pl/DodajGwar.html?u=PERMALINK','gwar.png','0'),(25,'HackerNews','http://news.ycombinator.com/submitlink?u=PERMALINK&amp;t=TITLE','hackernews.png','0'),(26,'Haohao','http://www.haohaoreport.com/submit.php?url=PERMALINK&amp;title=TITLE','haohao.png','0'),(27,'HealthRanker','http://healthranker.com/submit.php?url=PERMALINK&amp;title=TITLE','healthranker.png','0'),(28,'HelloTxt','http://hellotxt.com/?status=TITLE+PERMALINK','hellotxt.png','0'),(29,'Hemidemi','http://www.hemidemi.com/user_bookmark/new?title=TITLE&amp;url=PERMALINK','hemidemi.png','0'),(30,'Hyves','http://www.hyves.nl/profilemanage/add/tips/?name=TITLE&amp;text=EXCERPT+PERMALINK&amp;rating=5','hyves.png','0'),(31,'Identi.ca','http://identi.ca/notice/new?status_textarea=PERMALINK','identica.png','0'),(32,'IndianPad','http://www.indianpad.com/submit.php?url=PERMALINK','indianpad.png','0'),(33,'Internetmedia','http://internetmedia.hu/submit.php?url=PERMALINK','im.png','0'),(34,'Kirtsy','http://www.kirtsy.com/submit.php?url=PERMALINK&amp;title=TITLE','kirtsy.png','0'),(35,'laaik.it','http://laaik.it/NewStoryCompact.aspx?uri=PERMALINK&amp;headline=TITLE&amp;cat=5e082fcc-8a3b-47e2-acec-fdf64ff19d12','laaikit.png','0'),(36,'LinkArena','http://linkarena.com/bookmarks/addlink/?url=PERMALINK&amp;title=TITLE','linkarena.png','0'),(37,'LinkaGoGo','http://www.linkagogo.com/go/AddNoPopup?url=PERMALINK&amp;title=TITLE','linkagogo.png','0'),(38,'LinkedIn','http://www.linkedin.com/shareArticle?mini=true&amp;url=PERMALINK&amp;title=TITLE&amp;source=BLOGNAME&amp;summary=EXCERPT','linkedin.png','0'),(39,'Linkter','http://www.linkter.hu/index.php?action=suggest_link&amp;url=PERMALINK&amp;title=TITLE','linkter.png','0'),(40,'Live','https://favorites.live.com/quickadd.aspx?marklet=1&amp;url=PERMALINK&amp;title=TITLE','live.png','0'),(41,'Meneame','http://meneame.net/submit.php?url=PERMALINK','meneame.png','0'),(42,'MisterWong','http://www.mister-wong.com/addurl/?bm_url=PERMALINK&amp;bm_description=TITLE&amp;plugin=soc','misterwong.png','0'),(43,'MisterWong.DE','http://www.mister-wong.de/addurl/?bm_url=PERMALINK&amp;bm_description=TITLE&amp;plugin=soc','misterwong.png','0'),(44,'Mixx','http://www.mixx.com/submit?page_url=PERMALINK&amp;title=TITLE','mixx.png','0'),(45,'muti','http://www.muti.co.za/submit?url=PERMALINK&amp;title=TITLE','muti.png','0'),(46,'MyShare','http://myshare.url.com.tw/index.php?func=newurl&amp;url=PERMALINK&amp;desc=TITLE','myshare.png','0'),(47,'MySpace','http://www.myspace.com/Modules/PostTo/Pages/?u=PERMALINK&amp;t=TITLE','myspace.png','0'),(48,'MSNReporter','http://reporter.nl.msn.com/?fn=contribute&amp;Title=TITLE&amp;URL=PERMALINK&amp;cat_id=6&amp;tag_id=31&amp;Remark=EXCERPT','msnreporter.png','0'),(49,'N4G','http://www.n4g.com/tips.aspx?url=PERMALINK&amp;title=TITLE','n4g.png','0'),(50,'Netvibes','http://www.netvibes.com/share?title=TITLE&amp;url=PERMALINK','netvibes.png','0'),(51,'NewsVine','http://www.newsvine.com/_tools/seed&amp;save?u=PERMALINK&amp;h=TITLE','newsvine.png','0'),(52,'Netvouz','http://www.netvouz.com/action/submitBookmark?url=PERMALINK&amp;title=TITLE&amp;popup=no','netvouz.png','0'),(53,'NuJIJ','http://nujij.nl/jij.lynkx?t=TITLE&amp;u=PERMALINK&amp;b=EXCERPT','nujij.png','0'),(54,'Ping.fm','http://ping.fm/ref/?link=PERMALINK&amp;title=TITLE&amp;body=EXCERPT','ping.png','0'),(55,'Posterous','http://posterous.com/share?linkto=PERMALINK&amp;title=TITLE&amp;selection=EXCERPT','posterous.png','0'),(56,'PDF','http://www.printfriendly.com/print?url=PERMALINK&amp;partner=sociable','pdf.png','0'),(57,'Print','http://www.printfriendly.com/print?url=PERMALINK&amp;partner=sociable','printfriendly.png','0'),(58,'Propeller','http://www.propeller.com/submit/?url=PERMALINK','propeller.png','0'),(59,'Ratimarks','http://ratimarks.org/bookmarks.php/?action=add&address=PERMALINK&amp;title=TITLE','ratimarks.png','0'),(60,'Rec6','http://rec6.via6.com/link.php?url=PERMALINK&amp;=TITLE','rec6.png','0'),(61,'Reddit','http://reddit.com/submit?url=PERMALINK&amp;title=TITLE','reddit.png','0'),(62,'RSS','FEEDLINK','rss.png','0'),(63,'Scoopeo','http://www.scoopeo.com/scoop/new?newurl=PERMALINK&amp;title=TITLE','scoopeo.png','0'),(64,'Segnalo','http://segnalo.alice.it/post.html.php?url=PERMALINK&amp;title=TITLE','segnalo.png','0'),(65,'Simpy','http://www.simpy.com/simpy/LinkAdd.do?href=PERMALINK&amp;title=TITLE','simpy.png','0'),(66,'Slashdot','http://slashdot.org/bookmark.pl?title=TITLE&amp;url=PERMALINK','slashdot.png','0'),(67,'Socialogs','http://socialogs.com/add_story.php?story_url=PERMALINK&amp;story_title=TITLE','socialogs.png','0'),(68,'SphereIt','http://www.sphere.com/search?q=sphereit:PERMALINK&amp;title=TITLE','sphere.png','0'),(69,'Sphinn','http://sphinn.com/index.php?c=post&amp;m=submit&amp;link=PERMALINK','sphinn.png','0'),(70,'StumbleUpon','http://www.stumbleupon.com/submit?url=PERMALINK&amp;title=TITLE','stumbleupon.png','0'),(71,'Techmeme','http://twitter.com/home/?status=tip%20@Techmeme%20PERMALINK%20TITLE','techmeme.png','0'),(72,'Technorati','http://technorati.com/faves?add=PERMALINK','technorati.png','1'),(73,'ThisNext','http://www.thisnext.com/pick/new/submit/sociable/?url=PERMALINK&amp;name=TITLE','thisnext.png','0'),(74,'Tipd','http://tipd.com/submit.php?url=PERMALINK','tipd.png','0'),(75,'Tumblr','http://www.tumblr.com/share?v=3&amp;u=PERMALINK&amp;t=TITLE&amp;s=EXCERPT','tumblr.png','0'),(76,'Twitter','http://twitter.com/home?status=TITLE%20-%20PERMALINK','twitter.png','1'),(77,'Upnews','http://www.upnews.it/submit?url=PERMALINK&amp;title=TITLE','upnews.png','0'),(78,'Webnews.de','http://www.webnews.de/einstellen?url=PERMALINK&amp;title=TITLE','webnews.png','0'),(79,'Webride','http://webride.org/discuss/split.php?uri=PERMALINK&amp;title=TITLE','webride.png','0'),(80,'Wikio','http://www.wikio.com/vote?url=PERMALINK','wikio.png','0'),(81,'Wikio FR','http://www.wikio.fr/vote?url=PERMALINK','wikio.png','0'),(82,'Wikio IT','http://www.wikio.it/vote?url=PERMALINK','wikio.png','0'),(83,'Wists','http://wists.com/s.php?c=&amp;r=PERMALINK&amp;title=TITLE','wists.png','0'),(84,'Wykop','http://www.wykop.pl/dodaj?url=PERMALINK','wykop.png','0'),(85,'Xerpi','http://www.xerpi.com/block/add_link_from_extension?url=PERMALINK&amp;title=TITLE','xerpi.png','0'),(86,'YahooBuzz','http://buzz.yahoo.com/submit/?submitUrl=PERMALINK&amp;submitHeadline=TITLE&amp;submitSummary=EXCERPT&amp;submitCategory=science&amp;submitAssetType=text','yahoobuzz.png','0'),(87,'Yahoo! Bookmarks','http://bookmarks.yahoo.com/toolbar/savebm?u=PERMALINK&amp;t=TITLE&opener=bm&amp;ei=UTF-8&amp;d=EXCERPT','yahoomyweb.png','0'),(88,'Yigg','http://yigg.de/neu?exturl=PERMALINK&amp;exttitle=TITLE','yiggit.png','0'),(89,'Blogplay','http://blogplay.com','blogplay.png','0');

--
-- Table structure for table `idx_plugin`
--

CREATE TABLE `idx_plugin` (
  `plugin_id` int(11) NOT NULL auto_increment,
  `name` varchar(255) default NULL,
  `plugin_file` varchar(255) default NULL,
  `status` enum('0','1') default NULL,
  `option_plugin` text,
  PRIMARY KEY  (`plugin_id`)
) ENGINE=MyISAM AUTO_INCREMENT=2 DEFAULT CHARSET=latin1;

--
-- Dumping data for table `idx_plugin`
--

INSERT INTO `idx_plugin` VALUES (1,'Sociable','sociable/sociable.php','1',NULL);

--
-- Table structure for table `idx_review`
--

CREATE TABLE `idx_review` (
  `review_id` mediumint(9) unsigned NOT NULL auto_increment,
  `link_id` mediumint(9) unsigned NOT NULL default '0',
  `review` text NOT NULL,
  `rating` tinyint(3) unsigned NOT NULL default '0',
  `date` date NOT NULL default '0000-00-00',
  `subject` varchar(100) default NULL,
  `status` char(1) default NULL,
  `username` varchar(20) default NULL,
  `name` varchar(20) default NULL,
  `email` varchar(100) default NULL,
  PRIMARY KEY  (`review_id`)
) ENGINE=MyISAM DEFAULT CHARSET=latin1;

--
-- Dumping data for table `idx_review`
--


--
-- Table structure for table `idx_searchlog`
--

CREATE TABLE `idx_searchlog` (
  `keyword` varchar(100) NOT NULL default '',
  `time` datetime NOT NULL default '0000-00-00 00:00:00',
  `result` mediumint(9) unsigned default NULL,
  `ip` varchar(100) default NULL
) ENGINE=MyISAM DEFAULT CHARSET=latin1;

--
-- Dumping data for table `idx_searchlog`
--

INSERT INTO `idx_searchlog` VALUES ('collinsdoor.com\'','2012-01-31 04:32:43',0,'203.92.47.195'),('Swept Away','2012-02-21 14:43:50',0,'74.83.16.41');

--
-- Table structure for table `idx_set_hook_place`
--

CREATE TABLE `idx_set_hook_place` (
  `set_hook_place_id` int(11) NOT NULL auto_increment,
  `plugin` varchar(255) default NULL,
  `set_hook_place` text,
  PRIMARY KEY  (`set_hook_place_id`)
) ENGINE=MyISAM DEFAULT CHARSET=latin1;

--
-- Dumping data for table `idx_set_hook_place`
--


--
-- Table structure for table `idx_setting`
--

CREATE TABLE `idx_setting` (
  `setting_id` int(11) NOT NULL auto_increment,
  `setting_name` varchar(255) default NULL,
  `setting_value` text,
  PRIMARY KEY  (`setting_id`)
) ENGINE=MyISAM AUTO_INCREMENT=55 DEFAULT CHARSET=latin1;

--
-- Dumping data for table `idx_setting`
--

INSERT INTO `idx_setting` VALUES (4,'site_name','kwiklinks.co'),(5,'site_url','http://kwiklinks.co'),(6,'email_address','leahes.blow@gmail.com'),(7,'language_code','en_US'),(8,'theme_path','/home/kwiklink/public_html/themes/'),(9,'admin_template_path','/home/kwiklink/public_html/admin_tpl/'),(10,'plugin_path','/home/kwiklink/public_html/plugin/'),(12,'active_theme','_kwiklinks'),(14,'spam_proof','1'),(15,'enable_user_validation','1'),(16,'allowed_file_extension','gif,jpg,png,pdf,zip,doc'),(17,'yahoo_appid',''),(18,'whosonline','600'),(19,'reciprocal_check','0'),(20,'urlcheck_limit','1'),(21,'pagerank_cache','30'),(22,'max_image_width','1024'),(23,'max_image_height','756'),(24,'max_file_size','500'),(25,'only_registered_can_add_link','0'),(26,'only_registered_can_add_review','0'),(27,'db_use_persistent','0'),(28,'paid_link_day_period','30,60,90,180'),(29,'paid_link_price_factor','1,1.5,2,3'),(30,'enable_html_tag','1'),(31,'allowed_html_tag','<b>,<strong>,<i>,<em>,<u>,<pre>,<blockquote>,<ol>,<ul>,<li>,<p>,<span>,<div>,<table>,<tr>,<td>'),(32,'enable_page_compression','0'),(33,'enable_category_ajax','1'),(34,'require_visit_category','0'),(35,'additional_category_price','0.5'),(36,'enable_rating_ajax','1'),(37,'service_nicecoder_avail','1'),(38,'enable_recaptcha','0'),(39,'recaptcha_publickey',''),(40,'recaptcha_privatekey',''),(41,'enable_bidding','0'),(42,'minimum_bid','5'),(43,'bid_increament','1'),(44,'charset','utf-8'),(45,'mailer','mail'),(46,'smtp_auth','0'),(47,'smtp_host',''),(48,'smtp_username',''),(49,'smtp_password',''),(50,'smtp_port','25'),(51,'emailbody_as_html','0'),(52,'indexu_version','2.4'),(53,'tos',''),(54,'submission_guidelines','');

--
-- Table structure for table `idx_tags`
--

CREATE TABLE `idx_tags` (
  `tag` varchar(64) NOT NULL default '',
  `category_id` mediumint(8) unsigned NOT NULL default '0',
  `total` int(11) NOT NULL default '0',
  `tag_path` varchar(64) NOT NULL,
  PRIMARY KEY  (`tag`,`category_id`)
) ENGINE=MyISAM DEFAULT CHARSET=latin1;

--
-- Dumping data for table `idx_tags`
--


--
-- Table structure for table `idx_unavailable`
--

CREATE TABLE `idx_unavailable` (
  `idx_unavailable` int(11) NOT NULL auto_increment,
  `link_id` int(11) default NULL,
  `url` varchar(255) default NULL,
  `who_is` varchar(255) default NULL,
  `note` text,
  `date` datetime default NULL,
  PRIMARY KEY  (`idx_unavailable`)
) ENGINE=MyISAM DEFAULT CHARSET=latin1;

--
-- Dumping data for table `idx_unavailable`
--


--
-- Table structure for table `idx_unavailable_latest`
--

CREATE TABLE `idx_unavailable_latest` (
  `idx_link` int(11) default NULL,
  `record_execution` int(11) default NULL
) ENGINE=MyISAM DEFAULT CHARSET=latin1;

--
-- Dumping data for table `idx_unavailable_latest`
--


--
-- Table structure for table `idx_votes`
--

CREATE TABLE `idx_votes` (
  `link_id` mediumint(9) NOT NULL default '0',
  `ip` varchar(100) default NULL,
  `value` tinyint(4) default NULL
) ENGINE=MyISAM DEFAULT CHARSET=latin1;

--
-- Dumping data for table `idx_votes`
--



