--
-- Host: list2rank.com    Database: list2ran_indexu
-- ------------------------------------------------------


--
-- Table structure for table `directory_save_data`
--

CREATE TABLE `directory_save_data` (
  `id` bigint(100) NOT NULL AUTO_INCREMENT,
  `schedule_id` bigint(100) NOT NULL,
  `project_id` bigint(100) NOT NULL,
  `link_id` bigint(100) NOT NULL,
  `confirm_link` text NOT NULL,
  `category_id` int(10) NOT NULL,
  `category_name` varchar(150) NOT NULL,
  PRIMARY KEY (`id`)
) ENGINE=InnoDB DEFAULT CHARSET=latin1;

--
-- Dumping data for table `directory_save_data`
--


--
-- Table structure for table `idx_admin_menu`
--

CREATE TABLE `idx_admin_menu` (
  `menu_id` int(11) NOT NULL AUTO_INCREMENT,
  `parent_id` int(11) DEFAULT NULL,
  `menu_title` varchar(255) DEFAULT NULL,
  `menu_url` varchar(255) DEFAULT NULL,
  `order_number` int(11) DEFAULT NULL,
  PRIMARY KEY (`menu_id`)
) ENGINE=MyISAM AUTO_INCREMENT=85 DEFAULT CHARSET=latin1;

--
-- Dumping data for table `idx_admin_menu`
--



--
-- Table structure for table `idx_bad_link`
--

CREATE TABLE `idx_bad_link` (
  `bad_link_id` mediumint(9) unsigned NOT NULL AUTO_INCREMENT,
  `link_id` mediumint(9) unsigned NOT NULL DEFAULT '0',
  `name` varchar(50) NOT NULL DEFAULT '',
  `email` varchar(50) NOT NULL DEFAULT '',
  `type` tinyint(3) unsigned NOT NULL DEFAULT '0',
  `date` date NOT NULL DEFAULT '0000-00-00',
  PRIMARY KEY (`bad_link_id`)
) ENGINE=MyISAM DEFAULT CHARSET=latin1;

--
-- Dumping data for table `idx_bad_link`
--


--
-- Table structure for table `idx_badwords`
--

CREATE TABLE `idx_badwords` (
  `word` varchar(100) NOT NULL DEFAULT ''
) ENGINE=MyISAM DEFAULT CHARSET=latin1;

--
-- Dumping data for table `idx_badwords`
--


--
-- Table structure for table `idx_blocked_domain`
--

CREATE TABLE `idx_blocked_domain` (
  `blocked_id` int(11) NOT NULL AUTO_INCREMENT,
  `blocked` varchar(255) DEFAULT NULL,
  `type` enum('domain','ip') DEFAULT NULL,
  PRIMARY KEY (`blocked_id`)
) ENGINE=MyISAM AUTO_INCREMENT=6 DEFAULT CHARSET=latin1;

--
-- Dumping data for table `idx_blocked_domain`
--

INSERT INTO `idx_blocked_domain` VALUES (1,'buydomains.com','domain'),(2,'this-domain-for-sale.com ','domain'),(3,'oversee.net','domain'),(4,'eNom','domain'),(5,'sedoparking.com','domain');

--
-- Table structure for table `idx_category`
--

CREATE TABLE `idx_category` (
  `category_id` mediumint(9) unsigned NOT NULL AUTO_INCREMENT,
  `parent_id` mediumint(9) unsigned NOT NULL DEFAULT '0',
  `name` varchar(100) NOT NULL DEFAULT '',
  `description` text NOT NULL,
  `image` varchar(100) DEFAULT NULL,
  `content` text,
  `visible` char(1) DEFAULT NULL,
  `links` mediumint(9) DEFAULT NULL,
  `meta_keyword` text,
  `meta_description` text,
  `permission` char(2) DEFAULT NULL,
  `registered_only` char(1) DEFAULT NULL,
  `header` text NOT NULL,
  `footer` text NOT NULL,
  `related` mediumint(6) NOT NULL DEFAULT '0',
  `page_title` varchar(200) NOT NULL DEFAULT '',
  `hits` int(11) NOT NULL DEFAULT '0',
  `order_num` smallint(6) NOT NULL DEFAULT '0',
  `basic_price` double unsigned NOT NULL DEFAULT '0',
  `premium_price` double unsigned NOT NULL DEFAULT '0',
  `sponsored_price` double unsigned NOT NULL DEFAULT '0',
  PRIMARY KEY (`category_id`)
) ENGINE=MyISAM AUTO_INCREMENT=36 DEFAULT CHARSET=latin1;

--
-- Dumping data for table `idx_category`
--

INSERT INTO `idx_category` VALUES (1,0,'Arts & Entertainment','','folder.gif','','1',7,'','','1','0','','',0,'',1,0,0,0,0),(2,0,'Automotive','','folder.gif','','1',21,'','','1','0','','',0,'',0,0,0,0,0),(3,0,'Business','','folder.gif','','1',53,'','','1','0','','',0,'',0,0,0,0,0),(4,0,'Careers & Jobs','','folder.gif','','1',1,'','','1','0','','',0,'',0,0,0,0,0),(5,0,'Clothing','','folder.gif','','1',5,'','','1','0','','',0,'',0,0,0,0,0),(6,0,'Communications','','folder.gif','','1',11,'','','1','0','','',0,'',0,0,0,0,0),(7,0,'Computer & Internet','','folder.gif','','1',9,'','','1','0','','',0,'',0,0,0,0,0),(8,0,'Construction and Maintenance','','folder.gif','','1',51,'','','1','0','','',0,'',0,0,0,0,0),(9,0,'Dental Services','','folder.gif','','1',15,'','','1','0','','',0,'',0,0,0,0,0),(10,0,'Education','','folder.gif','','1',9,'','','1','0','','',0,'',0,0,0,0,0),(11,0,'Employment  ','','folder.gif','','1',0,'','','1','0','','',0,'',0,0,0,0,0),(12,0,'Gifts','','folder.gif','','1',7,'','','1','0','','',0,'',0,0,0,0,0),(13,0,'Hardware & Software','','folder.gif','','1',2,'','','1','0','','',0,'',0,0,0,0,0),(14,0,'Health & fitness','','folder.gif','','1',0,'','','1','0','','',0,'',0,0,0,0,0),(15,0,'Healthcare ','','folder.gif','','1',83,'','','1','0','','',0,'',1,0,0,0,0),(16,0,'Heating and Air Conditioning','','folder.gif','','1',27,'','','1','0','','',0,'',0,0,0,0,0),(17,0,'Home & Garden','','folder.gif','','1',0,'','','1','0','','',0,'',0,0,0,0,0),(18,0,'Home Improvement ','','folder.gif','','1',258,'','','1','0','','',0,'',0,0,0,0,0),(19,0,'Hotels & Motels','','folder.gif','','1',7,'','','1','0','','',0,'',0,0,0,0,0),(20,0,'Insurance','','folder.gif','','1',20,'','','1','0','','',0,'',0,0,0,0,0),(21,0,'Law & Politics','','folder.gif','','1',0,'','','1','0','','',0,'',0,0,0,0,0),(22,0,'Lawyers','','folder.gif','','1',99,'','','1','0','','',0,'',0,0,0,0,0),(23,0,'Lifestyle & Relationships','','folder.gif','','1',1,'','','1','0','','',0,'',0,0,0,0,0),(24,0,'Medicine','','folder.gif','','1',4,'','','1','0','','',0,'',0,0,0,0,0),(25,0,'Money & Finance','','folder.gif','','1',10,'','','1','0','','',0,'',0,0,0,0,0),(26,0,'News & Issues','','folder.gif','','1',1,'','','1','0','','',0,'',0,0,0,0,0),(27,0,'Plumbing','','folder.gif','','1',27,'','','1','0','','',0,'',0,0,0,0,0),(28,0,'Real Estate','','folder.gif','','1',15,'','','1','0','','',0,'',0,0,0,0,0),(29,0,'Science & Technology','','folder.gif','','1',8,'','','1','0','','',0,'',0,0,0,0,0),(30,0,'SEO & SMO','','folder.gif','','1',15,'','','1','0','','',0,'',0,0,0,0,0),(31,0,'Shopping and Fashion','','folder.gif','','1',26,'','','1','0','','',0,'',0,0,0,0,0),(32,0,'Games & Sports','','folder.gif','','1',0,'','','1','0','','',0,'',0,0,0,0,0),(33,0,'Transport & Freight Forwarding ','','folder.gif','','1',28,'','','1','0','','',0,'',0,0,0,0,0),(34,0,'Travel & Vacations','','folder.gif','','1',8,'','','1','0','','',0,'',0,0,0,0,0),(35,0,'Wedding Accessories','','folder.gif','','1',6,'','','1','0','','',0,'',0,0,0,0,0);

--
-- Table structure for table `idx_category_path`
--

CREATE TABLE `idx_category_path` (
  `category_id` mediumint(9) NOT NULL DEFAULT '0',
  `path` text,
  `path_with_url` text,
  `parents` text,
  PRIMARY KEY (`category_id`)
) ENGINE=MyISAM DEFAULT CHARSET=latin1;

--
-- Dumping data for table `idx_category_path`
--

INSERT INTO `idx_category_path` VALUES (1,'Arts & Entertainment','<a href=\"http://list2rank.com/arts-entertainment/\" name=\"cat_1\" style=\"\">Arts & Entertainment</a>',';0;'),(2,'Automotive','<a href=\"http://list2rank.com/automotive/\" name=\"cat_2\" style=\"\">Automotive</a>',';0;'),(3,'Business','<a href=\"http://list2rank.com/business/\" name=\"cat_3\" style=\"\">Business</a>',';0;'),(4,'Careers & Jobs','<a href=\"http://list2rank.com/careers-jobs/\" name=\"cat_4\" style=\"\">Careers & Jobs</a>',';0;'),(5,'Clothing','<a href=\"http://list2rank.com/clothing/\" name=\"cat_5\" style=\"\">Clothing</a>',';0;'),(6,'Communications','<a href=\"http://list2rank.com/communications/\" name=\"cat_6\" style=\"\">Communications</a>',';0;'),(7,'Computer & Internet','<a href=\"http://list2rank.com/computer-internet/\" name=\"cat_7\" style=\"\">Computer & Internet</a>',';0;'),(8,'Construction and Maintenance','<a href=\"http://list2rank.com/construction-and-maintenance/\" name=\"cat_8\" style=\"\">Construction and Maintenance</a>',';0;'),(9,'Dental Services','<a href=\"http://list2rank.com/dental-services/\" name=\"cat_9\" style=\"\">Dental Services</a>',';0;'),(10,'Education','<a href=\"http://list2rank.com/education/\" name=\"cat_10\" style=\"\">Education</a>',';0;'),(11,'Employment  ','<a href=\"http://list2rank.com/employment/\" name=\"cat_11\" style=\"\">Employment  </a>',';0;'),(12,'Gifts','<a href=\"http://list2rank.com/gifts/\" name=\"cat_12\" style=\"\">Gifts</a>',';0;'),(13,'Hardware & Software','<a href=\"http://list2rank.com/hardware-software/\" name=\"cat_13\" style=\"\">Hardware & Software</a>',';0;'),(14,'Health & fitness','<a href=\"http://list2rank.com/health-fitness/\" name=\"cat_14\" style=\"\">Health & fitness</a>',';0;'),(15,'Healthcare ','<a href=\"http://list2rank.com/healthcare/\" name=\"cat_15\" style=\"\">Healthcare </a>',';0;'),(16,'Heating and Air Conditioning','<a href=\"http://list2rank.com/heating-and-air-conditioning/\" name=\"cat_16\" style=\"\">Heating and Air Conditioning</a>',';0;'),(17,'Home & Garden','<a href=\"http://list2rank.com/home-garden/\" name=\"cat_17\" style=\"\">Home & Garden</a>',';0;'),(18,'Home Improvement ','<a href=\"http://list2rank.com/home-improvement/\" name=\"cat_18\" style=\"\">Home Improvement </a>',';0;'),(19,'Hotels & Motels','<a href=\"http://list2rank.com/hotels-motels/\" name=\"cat_19\" style=\"\">Hotels & Motels</a>',';0;'),(20,'Insurance','<a href=\"http://list2rank.com/insurance/\" name=\"cat_20\" style=\"\">Insurance</a>',';0;'),(21,'Law & Politics','<a href=\"http://list2rank.com/law-politics/\" name=\"cat_21\" style=\"\">Law & Politics</a>',';0;'),(22,'Lawyers','<a href=\"http://list2rank.com/lawyers/\" name=\"cat_22\" style=\"\">Lawyers</a>',';0;'),(23,'Lifestyle & Relationships','<a href=\"http://list2rank.com/lifestyle-relationships/\" name=\"cat_23\" style=\"\">Lifestyle & Relationships</a>',';0;'),(24,'Medicine','<a href=\"http://list2rank.com/medicine/\" name=\"cat_24\" style=\"\">Medicine</a>',';0;'),(25,'Money & Finance','<a href=\"http://list2rank.com/money-finance/\" name=\"cat_25\" style=\"\">Money & Finance</a>',';0;'),(26,'News & Issues','<a href=\"http://list2rank.com/news-issues/\" name=\"cat_26\" style=\"\">News & Issues</a>',';0;'),(27,'Plumbing','<a href=\"http://list2rank.com/plumbing/\" name=\"cat_27\" style=\"\">Plumbing</a>',';0;'),(28,'Real Estate','<a href=\"http://list2rank.com/real-estate/\" name=\"cat_28\" style=\"\">Real Estate</a>',';0;'),(29,'Science & Technology','<a href=\"http://list2rank.com/science-technology/\" name=\"cat_29\" style=\"\">Science & Technology</a>',';0;'),(30,'SEO & SMO','<a href=\"http://list2rank.com/seo-smo/\" name=\"cat_30\" style=\"\">SEO & SMO</a>',';0;'),(31,'Shopping and Fashion','<a href=\"http://list2rank.com/shopping-and-fashion/\" name=\"cat_31\" style=\"\">Shopping and Fashion</a>',';0;'),(32,'Games & Sports','<a href=\"http://list2rank.com/games-sports/\" name=\"cat_32\" style=\"\">Games & Sports</a>',';0;'),(33,'Transport & Freight Forwarding ','<a href=\"http://list2rank.com/transport-freight-forwarding/\" name=\"cat_33\" style=\"\">Transport & Freight Forwarding </a>',';0;'),(34,'Travel & Vacations','<a href=\"http://list2rank.com/travel-vacations/\" name=\"cat_34\" style=\"\">Travel & Vacations</a>',';0;'),(35,'Wedding Accessories','<a href=\"http://list2rank.com/wedding-accessories/\" name=\"cat_35\" style=\"\">Wedding Accessories</a>',';0;');

--
-- Table structure for table `idx_category_suggession`
--

CREATE TABLE `idx_category_suggession` (
  `id_cat_suggession` int(11) NOT NULL AUTO_INCREMENT,
  `parent_id` int(11) DEFAULT NULL,
  `name` varchar(255) DEFAULT NULL,
  `category_description` text,
  `date` datetime DEFAULT NULL,
  PRIMARY KEY (`id_cat_suggession`)
) ENGINE=MyISAM AUTO_INCREMENT=5 DEFAULT CHARSET=latin1;

--
-- Dumping data for table `idx_category_suggession`
--

INSERT INTO `idx_category_suggession` VALUES (1,17,'effafg','shmemwmm','2012-02-27 22:33:26'),(2,17,'nlyeef','vxupjkxn','2012-03-05 10:44:21'),(3,17,'ndaazkmn','ydoglea','2012-03-05 12:27:12'),(4,17,'rgptrwey','umzbjyt','2012-03-05 12:46:11');

--
-- Table structure for table `idx_checkurl`
--

CREATE TABLE `idx_checkurl` (
  `link_id` mediumint(9) NOT NULL DEFAULT '0',
  `date` date NOT NULL DEFAULT '0000-00-00',
  `live` char(1) NOT NULL DEFAULT '',
  `reciprocal_found` char(1) NOT NULL DEFAULT '',
  PRIMARY KEY (`link_id`)
) ENGINE=MyISAM DEFAULT CHARSET=latin1;

--
-- Dumping data for table `idx_checkurl`
--


--
-- Table structure for table `idx_cronjobs`
--

CREATE TABLE `idx_cronjobs` (
  `cronjobs_id` int(11) NOT NULL AUTO_INCREMENT,
  `cronjobs_name` varchar(255) DEFAULT NULL,
  `filename` varchar(255) NOT NULL,
  `schedule` varchar(255) NOT NULL,
  `time` datetime NOT NULL,
  `execution` varchar(1) NOT NULL,
  PRIMARY KEY (`cronjobs_id`)
) ENGINE=MyISAM AUTO_INCREMENT=4 DEFAULT CHARSET=latin1;

--
-- Dumping data for table `idx_cronjobs`
--

INSERT INTO `idx_cronjobs` VALUES (1,NULL,'clear_templates_c.php','1,*,*,*,*','0000-00-00 00:00:00',''),(2,NULL,'update_tag_cloud.php','*,24,*,*,*','0000-00-00 00:00:00',''),(3,NULL,'clear_rss_cache.php','*,24,*,*,*','0000-00-00 00:00:00','');

--
-- Table structure for table `idx_custom_field`
--

CREATE TABLE `idx_custom_field` (
  `field_name` varchar(32) NOT NULL DEFAULT '',
  `field_text` varchar(64) NOT NULL DEFAULT '',
  `field_type` enum('TEXT','TEXTAREA','SELECT','MULTISELECT','CHECKBOX','RADIO','FILE','IMAGE','DATE','DATETIME','RICHEDITOR') NOT NULL DEFAULT 'TEXT',
  `field_option` text NOT NULL,
  `field_img_width` int(10) unsigned NOT NULL DEFAULT '0',
  `field_img_height` int(10) unsigned NOT NULL DEFAULT '0',
  `field_file_size` int(10) unsigned NOT NULL DEFAULT '0',
  `field_file_extension` varchar(64) NOT NULL DEFAULT '',
  `required` char(1) NOT NULL DEFAULT '0',
  `searchable` char(1) NOT NULL DEFAULT '1',
  `permission` char(1) NOT NULL DEFAULT '0'
) ENGINE=MyISAM DEFAULT CHARSET=latin1;

--
-- Dumping data for table `idx_custom_field`
--

INSERT INTO `idx_custom_field` VALUES ('image','Image','IMAGE','',0,0,0,'','0','0','2'),('address','Address','TEXT','',0,0,0,'','0','0','0'),('city','City','TEXT','',0,0,0,'','0','0','0'),('state','State','TEXT','',0,0,0,'','0','0','0'),('country','Country','TEXT','',0,0,0,'','0','0','0'),('zip','Zip','TEXT','',0,0,0,'','0','0','0'),('phone','Phone','TEXT','',0,0,0,'','0','0','0'),('fax','Fax','TEXT','',0,0,0,'','0','0','0');

--
-- Table structure for table `idx_default_field`
--

CREATE TABLE `idx_default_field` (
  `field_name` varchar(64) NOT NULL,
  `required` char(1) NOT NULL,
  `visible` char(1) NOT NULL DEFAULT '1',
  `searchable` char(1) NOT NULL DEFAULT '1'
) ENGINE=MyISAM DEFAULT CHARSET=latin1;

--
-- Dumping data for table `idx_default_field`
--

INSERT INTO `idx_default_field` VALUES ('title','1','1','1'),('url','1','1','1'),('description','1','1','1'),('keywords','1','1','0'),('contact_name','1','1','1'),('email','1','1','1'),('reciprocal_url','0','0','1');

--
-- Table structure for table `idx_discount_coupon`
--

CREATE TABLE `idx_discount_coupon` (
  `coupon_id` int(11) NOT NULL AUTO_INCREMENT,
  `coupon_code` varchar(255) DEFAULT NULL,
  `coupon_value` varchar(50) DEFAULT NULL,
  `link_type` varchar(255) DEFAULT NULL,
  `start_date` date DEFAULT NULL,
  `expired_date` date DEFAULT NULL,
  `expired_usage` int(11) DEFAULT NULL,
  `usage_count` int(11) DEFAULT NULL,
  PRIMARY KEY (`coupon_id`)
) ENGINE=MyISAM DEFAULT CHARSET=latin1;

--
-- Dumping data for table `idx_discount_coupon`
--


--
-- Table structure for table `idx_editor`
--

CREATE TABLE `idx_editor` (
  `username` varchar(20) DEFAULT NULL,
  `category_id` mediumint(9) DEFAULT NULL,
  `category` char(1) DEFAULT NULL,
  `link` char(1) DEFAULT NULL,
  `review` char(1) DEFAULT NULL,
  `pick` char(1) DEFAULT NULL,
  `status` char(1) DEFAULT NULL,
  `date` date DEFAULT NULL
) ENGINE=MyISAM DEFAULT CHARSET=latin1;

--
-- Dumping data for table `idx_editor`
--


--
-- Table structure for table `idx_email_template`
--

CREATE TABLE `idx_email_template` (
  `email_template_id` int(10) unsigned NOT NULL AUTO_INCREMENT,
  `name` varchar(255) DEFAULT NULL,
  `subject` varchar(255) DEFAULT NULL,
  `body` text,
  `altbody` text,
  PRIMARY KEY (`email_template_id`)
) ENGINE=MyISAM AUTO_INCREMENT=37 DEFAULT CHARSET=latin1;

--
-- Dumping data for table `idx_email_template`
--



--
-- Table structure for table `idx_favorites`
--

CREATE TABLE `idx_favorites` (
  `favorite_id` int(11) NOT NULL AUTO_INCREMENT,
  `username` varchar(20) DEFAULT NULL,
  `date` date DEFAULT NULL,
  `title` varchar(100) DEFAULT NULL,
  `description` text,
  PRIMARY KEY (`favorite_id`)
) ENGINE=MyISAM DEFAULT CHARSET=latin1;

--
-- Dumping data for table `idx_favorites`
--


--
-- Table structure for table `idx_favorites_detail`
--

CREATE TABLE `idx_favorites_detail` (
  `favorite_id` int(11) DEFAULT NULL,
  `link_id` mediumint(9) DEFAULT NULL
) ENGINE=MyISAM DEFAULT CHARSET=latin1;

--
-- Dumping data for table `idx_favorites_detail`
--


--
-- Table structure for table `idx_hook_place`
--

CREATE TABLE `idx_hook_place` (
  `hook_place_id` int(11) NOT NULL AUTO_INCREMENT,
  `filename` varchar(255) DEFAULT NULL,
  `hookname` varchar(255) DEFAULT NULL,
  PRIMARY KEY (`hook_place_id`)
) ENGINE=MyISAM DEFAULT CHARSET=latin1;

--
-- Dumping data for table `idx_hook_place`
--


--
-- Table structure for table `idx_invoice`
--

CREATE TABLE `idx_invoice` (
  `invoice_id` varchar(10) NOT NULL DEFAULT '',
  `invoice_date` date DEFAULT NULL,
  `due_date` date DEFAULT NULL,
  `invoiced_to` text,
  `service` varchar(255) DEFAULT NULL,
  `description` text,
  `total` double(8,2) DEFAULT NULL,
  `comment` text,
  `paid` char(1) DEFAULT NULL,
  `paid_date` date DEFAULT NULL,
  `email` varchar(255) DEFAULT NULL,
  PRIMARY KEY (`invoice_id`)
) ENGINE=MyISAM DEFAULT CHARSET=latin1;

--
-- Dumping data for table `idx_invoice`
--


--
-- Table structure for table `idx_invoice_config`
--

CREATE TABLE `idx_invoice_config` (
  `company` varchar(255) DEFAULT NULL,
  `contact` varchar(255) DEFAULT NULL,
  `address` text,
  `phone` varchar(255) DEFAULT NULL,
  `email` varchar(255) DEFAULT NULL,
  `currency_symbol` varchar(255) DEFAULT '$',
  `currency_code` varchar(255) DEFAULT 'USD'
) ENGINE=MyISAM DEFAULT CHARSET=latin1;

--
-- Dumping data for table `idx_invoice_config`
--

INSERT INTO `idx_invoice_config` VALUES ('Your website / Company','Billing Department','Your address','Your phone #','Billing<name@yourdomain.com>','$','USD');

--
-- Table structure for table `idx_link_temp`
--

CREATE TABLE `idx_link_temp` (
  `vid` mediumint(9) unsigned NOT NULL AUTO_INCREMENT,
  `spam` char(1) NOT NULL DEFAULT '0',
  `link_id` mediumint(9) DEFAULT NULL,
  `category_id` mediumint(9) unsigned NOT NULL DEFAULT '0',
  `title` varchar(100) NOT NULL DEFAULT '',
  `url` text NOT NULL,
  `description` text NOT NULL,
  `contact_name` varchar(100) NOT NULL DEFAULT '',
  `email` varchar(100) NOT NULL DEFAULT '',
  `hits` mediumint(9) DEFAULT NULL,
  `votes` smallint(6) DEFAULT NULL,
  `rating` float(4,2) DEFAULT NULL,
  `date` datetime NOT NULL DEFAULT '0000-00-00 00:00:00',
  `bid` smallint(6) NOT NULL DEFAULT '0',
  `new` char(1) DEFAULT NULL,
  `hot` char(1) DEFAULT NULL,
  `top_rated` char(1) DEFAULT NULL,
  `pick` char(1) DEFAULT NULL,
  `password` varchar(20) DEFAULT NULL,
  `updated` char(1) DEFAULT NULL,
  `reviews` smallint(6) DEFAULT NULL,
  `avg_review` float(4,2) DEFAULT NULL,
  `last_updated` datetime DEFAULT NULL,
  `official_review` text,
  `keywords` varchar(255) DEFAULT NULL,
  `cat1` mediumint(6) NOT NULL DEFAULT '0',
  `cat2` mediumint(6) NOT NULL DEFAULT '0',
  `suspended` char(1) NOT NULL DEFAULT '0',
  `reciprocal_url` varchar(255) DEFAULT NULL,
  `address` varchar(255) DEFAULT NULL,
  `city` varchar(255) DEFAULT NULL,
  `state` varchar(255) DEFAULT NULL,
  `country` varchar(255) DEFAULT NULL,
  `zip` varchar(255) DEFAULT NULL,
  `image` varchar(255) DEFAULT NULL,
  `phone` varchar(255) DEFAULT NULL,
  `fax` varchar(255) DEFAULT NULL,
  PRIMARY KEY (`vid`)
) ENGINE=MyISAM DEFAULT CHARSET=latin1;

--
-- Dumping data for table `idx_link_temp`
--


--
-- Table structure for table `idx_link_temp_user`
--

CREATE TABLE `idx_link_temp_user` (
  `vid` mediumint(9) unsigned NOT NULL DEFAULT '0',
  `username` varchar(20) NOT NULL DEFAULT '',
  PRIMARY KEY (`vid`)
) ENGINE=MyISAM DEFAULT CHARSET=latin1;

--
-- Dumping data for table `idx_link_temp_user`
--


--
-- Table structure for table `idx_link_user`
--

CREATE TABLE `idx_link_user` (
  `link_id` mediumint(9) unsigned NOT NULL DEFAULT '0',
  `username` varchar(20) NOT NULL DEFAULT '',
  PRIMARY KEY (`link_id`)
) ENGINE=MyISAM DEFAULT CHARSET=latin1;

--
-- Dumping data for table `idx_link_user`
--


--
-- Table structure for table `idx_mailing_list`
--

CREATE TABLE `idx_mailing_list` (
  `email` varchar(50) NOT NULL DEFAULT '',
  `code` varchar(4) DEFAULT NULL,
  `status` char(1) DEFAULT NULL,
  PRIMARY KEY (`email`)
) ENGINE=MyISAM DEFAULT CHARSET=latin1;

--
-- Dumping data for table `idx_mailing_list`
--


--
-- Table structure for table `idx_message`
--

CREATE TABLE `idx_message` (
  `message_id` smallint(6) NOT NULL AUTO_INCREMENT,
  `date` date DEFAULT NULL,
  `body` text,
  `subject` varchar(100) DEFAULT NULL,
  PRIMARY KEY (`message_id`)
) ENGINE=MyISAM DEFAULT CHARSET=latin1;

--
-- Dumping data for table `idx_message`
--


--
-- Table structure for table `idx_notification`
--

CREATE TABLE `idx_notification` (
  `username` varchar(20) NOT NULL DEFAULT '',
  `category_id` mediumint(9) NOT NULL DEFAULT '0'
) ENGINE=MyISAM DEFAULT CHARSET=latin1;

--
-- Dumping data for table `idx_notification`
--


--
-- Table structure for table `idx_pagerank`
--

CREATE TABLE `idx_pagerank` (
  `link_id` mediumint(8) unsigned NOT NULL DEFAULT '0',
  `engine` char(1) NOT NULL DEFAULT '',
  `rank` tinyint(4) NOT NULL DEFAULT '0',
  `last_update` date NOT NULL DEFAULT '0000-00-00',
  PRIMARY KEY (`link_id`,`engine`)
) ENGINE=MyISAM DEFAULT CHARSET=latin1;

--
-- Dumping data for table `idx_pagerank`
--

INSERT INTO `idx_pagerank` VALUES (41,'g',0,'2012-02-08'),(46,'g',0,'2012-01-10'),(186,'g',0,'2011-12-01'),(225,'g',0,'2011-12-01'),(37,'g',0,'2012-01-10'),(190,'g',0,'2011-12-01'),(80,'g',0,'2011-12-01'),(129,'g',0,'2011-12-01'),(154,'g',0,'2011-12-01'),(31,'g',0,'2012-02-08'),(123,'g',0,'2011-12-01'),(74,'g',0,'2012-02-08'),(21,'g',0,'2012-02-08'),(5,'g',0,'2012-01-05'),(139,'g',0,'2011-12-01'),(48,'g',0,'2012-02-28'),(65,'g',0,'2012-01-10'),(34,'g',0,'2012-02-08'),(4,'g',0,'2012-02-08'),(15,'g',0,'2011-12-01'),(25,'g',0,'2012-03-02'),(7,'g',0,'2012-02-08'),(193,'g',0,'2011-12-01'),(52,'g',0,'2012-03-02'),(131,'g',0,'2011-12-01'),(247,'g',0,'2011-12-01'),(75,'g',0,'2012-02-08'),(132,'g',0,'2011-12-01'),(32,'g',0,'2012-02-08'),(232,'g',0,'2011-12-01'),(6,'g',0,'2012-02-08'),(20,'g',0,'2012-02-08'),(27,'g',0,'2012-02-08'),(277,'g',0,'2011-12-02'),(49,'g',0,'2012-01-10'),(67,'g',0,'2012-01-10'),(19,'g',0,'2012-02-08'),(84,'g',0,'2012-02-08'),(8,'g',0,'2012-02-08'),(38,'g',0,'2012-01-10'),(54,'g',0,'2012-02-08'),(184,'g',0,'2011-12-02'),(381,'g',0,'2012-02-08'),(415,'g',0,'2012-02-08'),(439,'g',0,'2011-12-05'),(359,'g',0,'2011-12-06'),(366,'g',0,'2012-01-08'),(283,'g',0,'2012-02-08'),(26,'g',0,'2012-01-25'),(17,'g',0,'2011-12-07'),(476,'g',0,'2011-12-07'),(475,'g',0,'2011-12-07'),(474,'g',0,'2011-12-07'),(596,'g',0,'2012-02-08'),(592,'g',0,'2012-02-08'),(593,'g',0,'2012-02-08'),(595,'g',0,'2012-02-08'),(594,'g',0,'2012-02-08'),(601,'g',0,'2012-02-08'),(602,'g',0,'2012-02-08'),(412,'g',0,'2012-02-08'),(351,'g',0,'2012-02-08'),(30,'g',0,'2012-01-11'),(12,'g',0,'2012-02-08'),(95,'g',0,'2012-02-20'),(60,'g',0,'2011-12-13'),(47,'g',0,'2011-12-13'),(281,'g',0,'2011-12-13'),(35,'g',0,'2012-02-08'),(73,'g',0,'2012-02-08'),(291,'g',0,'2012-01-31'),(289,'g',0,'2011-12-13'),(51,'g',0,'2011-12-13'),(63,'g',0,'2011-12-13'),(62,'g',0,'2012-02-08'),(53,'g',0,'2011-12-13'),(69,'g',0,'2012-02-08'),(22,'g',0,'2012-02-08'),(28,'g',0,'2012-02-08'),(76,'g',0,'2012-02-08'),(45,'g',0,'2011-12-13'),(326,'g',0,'2012-03-06'),(315,'g',0,'2011-12-13'),(310,'g',0,'2012-01-15'),(33,'g',0,'2012-02-25'),(318,'g',0,'2011-12-13'),(284,'g',0,'2011-12-13'),(321,'g',0,'2012-01-15'),(42,'g',0,'2012-02-17'),(78,'g',0,'2012-02-17'),(299,'g',0,'2012-01-15'),(10,'g',0,'2012-02-17'),(14,'g',0,'2012-02-17'),(325,'g',0,'2012-01-15'),(94,'g',0,'2012-02-17'),(333,'g',0,'2011-12-14'),(96,'g',0,'2012-01-15'),(23,'g',0,'2012-02-08'),(24,'g',0,'2012-02-08'),(92,'g',0,'2012-02-08'),(335,'g',0,'2012-02-08'),(91,'g',0,'2012-02-08'),(72,'g',0,'2012-02-08'),(441,'g',0,'2011-12-14'),(90,'g',0,'2012-02-08'),(58,'g',0,'2011-12-14'),(297,'g',0,'2011-12-14'),(79,'g',0,'2012-02-08'),(714,'g',0,'2012-02-08'),(290,'g',0,'2011-12-14'),(719,'g',0,'2012-02-08'),(362,'g',0,'2011-12-14'),(305,'g',0,'2011-12-14'),(313,'g',0,'2011-12-14'),(319,'g',0,'2011-12-14'),(308,'g',0,'2011-12-14'),(312,'g',0,'2011-12-14'),(341,'g',0,'2011-12-14'),(55,'g',0,'2011-12-15'),(301,'g',0,'2011-12-15'),(29,'g',0,'2011-12-15'),(88,'g',0,'2011-12-15'),(360,'g',0,'2011-12-15'),(436,'g',0,'2011-12-15'),(56,'g',0,'2011-12-15'),(435,'g',0,'2011-12-15'),(599,'g',0,'2012-02-08'),(460,'g',0,'2011-12-15'),(320,'g',0,'2011-12-15'),(57,'g',0,'2011-12-15'),(303,'g',0,'2012-02-08'),(314,'g',0,'2012-02-19'),(876,'g',0,'2012-02-19'),(292,'g',0,'2011-12-15'),(824,'g',0,'2011-12-15'),(294,'g',0,'2011-12-15'),(43,'g',0,'2012-02-08'),(18,'g',0,'2012-02-08'),(459,'g',0,'2011-12-15'),(347,'g',0,'2011-12-15'),(40,'g',0,'2012-02-08'),(11,'g',0,'2011-12-15'),(287,'g',0,'2011-12-15'),(16,'g',0,'2012-02-08'),(373,'g',0,'2011-12-15'),(9,'g',0,'2012-02-08'),(85,'g',0,'2011-12-15'),(798,'g',0,'2011-12-15'),(847,'g',0,'2012-02-08'),(2,'g',0,'2011-12-15'),(39,'g',0,'2012-02-19'),(89,'g',0,'2012-02-08'),(355,'g',0,'2011-12-16'),(68,'g',0,'2012-02-08'),(379,'g',0,'2011-12-16'),(327,'g',0,'2012-02-08'),(470,'g',0,'2011-12-16'),(440,'g',0,'2012-02-08'),(44,'g',0,'2012-02-08'),(64,'g',0,'2011-12-16'),(464,'g',0,'2011-12-16'),(285,'g',0,'2011-12-16'),(801,'g',0,'2011-12-16'),(846,'g',0,'2012-02-08'),(840,'g',0,'2012-02-08'),(791,'g',0,'2011-12-16'),(850,'g',0,'2011-12-16'),(733,'g',0,'2012-02-08'),(797,'g',0,'2011-12-16'),(36,'g',0,'2012-02-08'),(66,'g',0,'2012-02-08'),(70,'g',0,'2012-02-08'),(83,'g',0,'2011-12-17'),(50,'g',0,'2011-12-17'),(1,'g',0,'2012-02-08'),(71,'g',0,'2012-02-08'),(86,'g',0,'2012-02-08'),(77,'g',0,'2012-02-08'),(59,'g',0,'2012-02-08'),(913,'g',0,'2011-12-17'),(914,'g',0,'2011-12-17'),(915,'g',0,'2011-12-17'),(607,'g',0,'2011-12-17'),(675,'g',0,'2011-12-17'),(428,'g',0,'2011-12-17'),(444,'g',0,'2011-12-17'),(666,'g',0,'2011-12-17'),(414,'g',0,'2011-12-17'),(462,'g',0,'2011-12-17'),(720,'g',0,'2011-12-17'),(61,'g',0,'2012-02-08'),(912,'g',0,'2011-12-17'),(830,'g',0,'2011-12-17'),(725,'g',0,'2011-12-17'),(783,'g',0,'2011-12-17'),(721,'g',0,'2011-12-17'),(738,'g',0,'2011-12-17'),(832,'g',0,'2011-12-17'),(98,'g',0,'2012-02-08'),(471,'g',0,'2012-02-08'),(3,'g',0,'2012-02-08'),(742,'g',0,'2011-12-17'),(608,'g',0,'2011-12-17'),(13,'g',0,'2012-02-08'),(859,'g',0,'2011-12-17'),(810,'g',0,'2011-12-17'),(316,'g',0,'2012-02-08'),(81,'g',0,'2012-02-08'),(807,'g',0,'2011-12-17'),(367,'g',0,'2012-02-08'),(856,'g',0,'2012-02-08'),(604,'g',0,'2012-02-08'),(806,'g',0,'2011-12-18'),(670,'g',0,'2011-12-18'),(901,'g',0,'2011-12-18'),(834,'g',0,'2011-12-18'),(708,'g',0,'2012-02-08'),(921,'g',0,'2011-12-18'),(82,'g',0,'2012-02-08'),(295,'g',0,'2011-12-18'),(328,'g',0,'2012-02-08'),(343,'g',0,'2012-02-08'),(322,'g',0,'2012-02-08'),(323,'g',0,'2012-02-08'),(346,'g',0,'2012-02-08'),(338,'g',0,'2011-12-18'),(889,'g',0,'2012-02-08'),(363,'g',0,'2012-02-08'),(890,'g',0,'2012-02-08'),(352,'g',0,'2012-02-19'),(334,'g',0,'2012-02-08'),(340,'g',0,'2012-02-08'),(296,'g',0,'2012-02-08'),(337,'g',0,'2012-02-08'),(925,'g',0,'2011-12-19'),(906,'g',0,'2012-02-08'),(888,'g',0,'2011-12-19'),(884,'g',0,'2011-12-19'),(904,'g',0,'2011-12-19'),(930,'g',0,'2012-02-08'),(855,'g',0,'2012-02-08'),(873,'g',0,'2012-02-08'),(927,'g',0,'2011-12-21'),(936,'g',0,'2012-02-08'),(649,'g',0,'2011-12-22'),(730,'g',0,'2011-12-22'),(739,'g',0,'2011-12-22'),(615,'g',0,'2011-12-22'),(618,'g',0,'2011-12-22'),(610,'g',0,'2011-12-22'),(619,'g',0,'2011-12-22'),(612,'g',0,'2011-12-22'),(611,'g',0,'2011-12-22'),(617,'g',0,'2011-12-22'),(614,'g',0,'2011-12-22'),(616,'g',0,'2011-12-22'),(370,'g',0,'2011-12-22'),(431,'g',0,'2012-02-08'),(877,'g',0,'2012-02-08'),(354,'g',0,'2012-02-08'),(461,'g',0,'2011-12-22'),(929,'g',0,'2012-02-08'),(433,'g',0,'2012-02-08'),(928,'g',0,'2012-02-08'),(898,'g',0,'2011-12-22'),(833,'g',0,'2011-12-22'),(893,'g',0,'2011-12-22'),(835,'g',0,'2011-12-22'),(598,'g',0,'2011-12-22'),(900,'g',0,'2011-12-22'),(597,'g',0,'2011-12-22'),(883,'g',0,'2011-12-22'),(332,'g',0,'2011-12-22'),(878,'g',0,'2011-12-22'),(828,'g',0,'2011-12-22'),(458,'g',0,'2011-12-22'),(911,'g',0,'2011-12-22'),(745,'g',0,'2011-12-22'),(881,'g',0,'2011-12-22'),(852,'g',0,'2011-12-22'),(863,'g',0,'2011-12-23'),(871,'g',0,'2011-12-23'),(853,'g',0,'2011-12-23'),(613,'g',0,'2011-12-23'),(609,'g',0,'2012-02-08'),(731,'g',0,'2012-02-08'),(723,'g',0,'2012-02-08'),(743,'g',0,'2012-02-08'),(709,'g',0,'2012-02-08'),(317,'g',0,'2012-01-31'),(938,'g',0,'2011-12-23'),(837,'g',0,'2012-02-08'),(361,'g',0,'2012-01-31'),(939,'g',0,'2012-02-08'),(364,'g',0,'2012-01-31'),(304,'g',0,'2012-01-31'),(306,'g',0,'2012-01-31'),(344,'g',0,'2012-01-31'),(937,'g',0,'2012-02-08'),(935,'g',0,'2012-02-08'),(945,'g',0,'2011-12-24'),(899,'g',0,'2011-12-26'),(932,'g',0,'2011-12-26'),(895,'g',0,'2011-12-26'),(891,'g',0,'2011-12-26'),(896,'g',0,'2011-12-26'),(892,'g',0,'2011-12-26'),(841,'g',0,'2012-02-23'),(848,'g',0,'2012-03-04'),(956,'g',0,'2012-02-08'),(949,'g',0,'2012-02-08'),(371,'g',0,'2011-12-27'),(382,'g',0,'2011-12-27'),(380,'g',0,'2011-12-27'),(365,'g',0,'2011-12-27'),(368,'g',0,'2011-12-27'),(383,'g',0,'2011-12-27'),(376,'g',0,'2011-12-27'),(377,'g',0,'2011-12-27'),(374,'g',0,'2011-12-27'),(401,'g',0,'2011-12-27'),(402,'g',0,'2011-12-27'),(404,'g',0,'2011-12-27'),(398,'g',0,'2011-12-27'),(403,'g',0,'2011-12-27'),(395,'g',0,'2011-12-27'),(405,'g',0,'2011-12-27'),(396,'g',0,'2011-12-27'),(400,'g',0,'2011-12-27'),(397,'g',0,'2011-12-27'),(445,'g',0,'2011-12-27'),(437,'g',0,'2011-12-27'),(426,'g',0,'2011-12-27'),(425,'g',0,'2011-12-27'),(447,'g',0,'2011-12-27'),(424,'g',0,'2011-12-27'),(448,'g',0,'2011-12-27'),(449,'g',0,'2011-12-27'),(427,'g',0,'2011-12-27'),(384,'g',0,'2011-12-27'),(446,'g',0,'2011-12-27'),(954,'g',0,'2011-12-27'),(860,'g',0,'2012-02-08'),(916,'g',0,'2011-12-27'),(838,'g',0,'2012-02-08'),(948,'g',0,'2012-02-08'),(960,'g',0,'2011-12-28'),(409,'g',0,'2011-12-28'),(407,'g',0,'2011-12-28'),(420,'g',0,'2011-12-28'),(419,'g',0,'2011-12-28'),(408,'g',0,'2011-12-28'),(417,'g',0,'2011-12-28'),(406,'g',0,'2011-12-28'),(421,'g',0,'2011-12-28'),(416,'g',0,'2011-12-28'),(386,'g',0,'2011-12-28'),(454,'g',0,'2011-12-28'),(390,'g',0,'2011-12-28'),(466,'g',0,'2011-12-28'),(389,'g',0,'2011-12-28'),(392,'g',0,'2011-12-28'),(451,'g',0,'2011-12-28'),(452,'g',0,'2011-12-28'),(456,'g',0,'2011-12-28'),(453,'g',0,'2011-12-28'),(391,'g',0,'2011-12-28'),(450,'g',0,'2011-12-28'),(465,'g',0,'2011-12-28'),(455,'g',0,'2011-12-28'),(393,'g',0,'2011-12-28'),(388,'g',0,'2011-12-28'),(961,'g',0,'2011-12-28'),(955,'g',0,'2011-12-28'),(387,'g',0,'2011-12-28'),(385,'g',0,'2011-12-28'),(963,'g',0,'2011-12-28'),(968,'g',0,'2012-02-08'),(957,'g',0,'2012-02-08'),(941,'g',0,'2012-02-08'),(330,'g',0,'2012-02-08'),(336,'g',0,'2012-02-08'),(311,'g',0,'2011-12-30'),(349,'g',0,'2012-02-08'),(324,'g',0,'2011-12-30'),(369,'g',0,'2012-02-08'),(345,'g',0,'2012-02-08'),(353,'g',0,'2012-02-08'),(342,'g',0,'2011-12-30'),(309,'g',0,'2011-12-30'),(984,'g',0,'2011-12-30'),(969,'g',0,'2011-12-30'),(87,'g',0,'2011-12-30'),(97,'g',0,'2011-12-30'),(940,'g',0,'2011-12-30'),(979,'g',0,'2011-12-30'),(981,'g',0,'2011-12-30'),(959,'g',0,'2011-12-30'),(977,'g',0,'2011-12-30'),(93,'g',0,'2012-02-18'),(978,'g',0,'2011-12-30'),(988,'g',0,'2011-12-30'),(909,'g',0,'2011-12-30'),(606,'g',0,'2011-12-30'),(894,'g',0,'2011-12-30'),(671,'g',0,'2012-02-21'),(673,'g',0,'2012-02-21'),(831,'g',0,'2011-12-30'),(989,'g',0,'2011-12-30'),(631,'g',0,'2011-12-30'),(722,'g',0,'2011-12-30'),(672,'g',0,'2011-12-30'),(908,'g',0,'2012-02-19'),(875,'g',0,'2012-03-06'),(942,'g',0,'2011-12-30'),(947,'g',0,'2011-12-30'),(880,'g',0,'2011-12-30'),(950,'g',0,'2011-12-30'),(951,'g',0,'2011-12-30'),(829,'g',0,'2012-03-06'),(986,'g',0,'2012-02-08'),(724,'g',0,'2012-01-01'),(872,'g',0,'2012-01-01'),(399,'g',0,'2012-01-01'),(729,'g',0,'2012-01-01'),(358,'g',0,'2012-01-01'),(434,'g',0,'2012-01-01'),(356,'g',0,'2012-01-01'),(350,'g',0,'2012-02-08'),(737,'g',0,'2012-01-01'),(953,'g',0,'2012-02-08'),(985,'g',0,'2012-01-02'),(970,'g',0,'2012-01-02'),(974,'g',0,'2012-02-08'),(973,'g',0,'2012-02-08'),(976,'g',0,'2012-02-08'),(964,'g',0,'2012-02-08'),(924,'g',0,'2012-01-03'),(993,'g',0,'2012-02-08'),(339,'g',0,'2012-01-03'),(836,'g',0,'2012-01-03'),(858,'g',0,'2012-01-03'),(983,'g',0,'2012-01-03'),(329,'g',0,'2012-01-03'),(882,'g',0,'2012-01-03'),(870,'g',0,'2012-01-03'),(861,'g',0,'2012-01-03'),(280,'g',0,'2012-01-03'),(331,'g',0,'2012-01-03'),(357,'g',0,'2012-01-03'),(348,'g',0,'2012-01-03'),(844,'g',0,'2012-01-03'),(987,'g',0,'2012-01-03'),(958,'g',0,'2012-01-03'),(286,'g',0,'2012-01-03'),(868,'g',0,'2012-01-03'),(865,'g',0,'2012-01-03'),(905,'g',0,'2012-01-03'),(857,'g',0,'2012-01-03'),(741,'g',0,'2012-01-03'),(735,'g',0,'2012-01-03'),(887,'g',0,'2012-01-03'),(600,'g',0,'2012-01-03'),(667,'g',0,'2012-01-03'),(862,'g',0,'2012-01-03'),(933,'g',0,'2012-01-03'),(603,'g',0,'2012-01-03'),(413,'g',0,'2012-01-03'),(668,'g',0,'2012-01-03'),(995,'g',0,'2012-02-08'),(866,'g',0,'2012-01-03'),(1007,'g',0,'2012-02-08'),(980,'g',0,'2012-02-08'),(967,'g',0,'2012-02-08'),(372,'g',0,'2012-02-08'),(867,'g',0,'2012-01-04'),(990,'g',0,'2012-02-08'),(869,'g',0,'2012-01-04'),(849,'g',0,'2012-01-04'),(874,'g',0,'2012-01-04'),(605,'g',0,'2012-01-04'),(864,'g',0,'2012-01-04'),(307,'g',0,'2012-01-04'),(288,'g',0,'2012-01-04'),(293,'g',0,'2012-01-04'),(298,'g',0,'2012-01-04'),(282,'g',0,'2012-01-04'),(879,'g',0,'2012-01-04'),(300,'g',0,'2012-01-04'),(302,'g',0,'2012-01-04'),(845,'g',0,'2012-01-04'),(843,'g',0,'2012-01-04'),(952,'g',0,'2012-02-08'),(1016,'g',0,'2012-01-04'),(992,'g',0,'2012-02-08'),(1015,'g',0,'2012-02-08'),(965,'g',0,'2012-01-04'),(669,'g',0,'2012-02-08'),(1013,'g',0,'2012-02-08'),(1005,'g',0,'2012-02-08'),(628,'g',0,'2012-01-06'),(626,'g',0,'2012-01-06'),(636,'g',0,'2012-01-06'),(634,'g',0,'2012-01-06'),(646,'g',0,'2012-01-06'),(645,'g',0,'2012-01-06'),(629,'g',0,'2012-01-06'),(637,'g',0,'2012-01-06'),(644,'g',0,'2012-01-06'),(642,'g',0,'2012-01-06'),(632,'g',0,'2012-01-06'),(627,'g',0,'2012-01-06'),(639,'g',0,'2012-01-06'),(635,'g',0,'2012-01-06'),(633,'g',0,'2012-01-06'),(643,'g',0,'2012-01-06'),(640,'g',0,'2012-01-06'),(630,'g',0,'2012-01-06'),(641,'g',0,'2012-01-06'),(638,'g',0,'2012-01-06'),(623,'g',0,'2012-01-06'),(622,'g',0,'2012-01-06'),(624,'g',0,'2012-01-06'),(621,'g',0,'2012-01-06'),(625,'g',0,'2012-01-06'),(620,'g',0,'2012-01-06'),(1017,'g',0,'2012-02-08'),(1009,'g',0,'2012-01-07'),(1012,'g',0,'2012-01-07'),(411,'g',0,'2012-02-08'),(1020,'g',0,'2012-02-08'),(468,'g',0,'2012-01-07'),(438,'g',0,'2012-01-07'),(418,'g',0,'2012-01-07'),(442,'g',0,'2012-01-07'),(432,'g',0,'2012-01-08'),(463,'g',0,'2012-01-08'),(839,'g',0,'2012-01-08'),(854,'g',0,'2012-01-08'),(994,'g',0,'2012-01-08'),(910,'g',0,'2012-01-08'),(726,'g',0,'2012-01-08'),(851,'g',0,'2012-01-09'),(842,'g',0,'2012-01-09'),(897,'g',0,'2012-01-09'),(886,'g',0,'2012-01-09'),(654,'g',0,'2012-01-09'),(648,'g',0,'2012-01-09'),(653,'g',0,'2012-01-09'),(650,'g',0,'2012-01-09'),(651,'g',0,'2012-01-09'),(647,'g',0,'2012-01-09'),(652,'g',0,'2012-01-09'),(885,'g',0,'2012-02-08'),(473,'g',0,'2012-01-09'),(469,'g',0,'2012-01-09'),(907,'g',0,'2012-01-09'),(931,'g',0,'2012-01-09'),(394,'g',0,'2012-01-10'),(1044,'g',0,'2012-02-23'),(1043,'g',0,'2012-01-10'),(378,'g',0,'2012-01-11'),(443,'g',0,'2012-01-11'),(375,'g',0,'2012-01-11'),(946,'g',0,'2012-01-11'),(457,'g',0,'2012-01-11'),(472,'g',0,'2012-01-11'),(467,'g',0,'2012-01-11'),(423,'g',0,'2012-01-11'),(410,'g',0,'2012-01-11'),(429,'g',0,'2012-01-11'),(1025,'g',0,'2012-01-11'),(1047,'g',0,'2012-01-11'),(934,'g',0,'2012-01-11'),(971,'g',0,'2012-01-11'),(982,'g',0,'2012-01-11'),(966,'g',0,'2012-01-11'),(975,'g',0,'2012-01-11'),(422,'g',0,'2012-01-11'),(1000,'g',0,'2012-01-11'),(1002,'g',0,'2012-01-11'),(1003,'g',0,'2012-01-11'),(1001,'g',0,'2012-01-11'),(1018,'g',0,'2012-01-11'),(1030,'g',0,'2012-01-11'),(1004,'g',0,'2012-01-11'),(998,'g',0,'2012-01-11'),(991,'g',0,'2012-01-11'),(972,'g',0,'2012-01-12'),(1026,'g',0,'2012-01-12'),(1027,'g',0,'2012-02-17'),(1076,'g',0,'2012-02-16'),(1077,'g',0,'2012-01-12'),(1058,'g',0,'2012-01-13'),(1038,'g',0,'2012-01-13'),(1050,'g',0,'2012-01-13'),(1052,'g',0,'2012-01-13'),(1053,'g',0,'2012-01-13'),(1051,'g',0,'2012-01-13'),(1071,'g',0,'2012-01-13'),(1073,'g',0,'2012-01-13'),(1072,'g',0,'2012-01-13'),(999,'g',0,'2012-01-14'),(902,'g',0,'2012-01-14'),(926,'g',0,'2012-01-14'),(1040,'g',0,'2012-01-14'),(1066,'g',0,'2012-01-14'),(1087,'g',0,'2012-01-14'),(1060,'g',0,'2012-01-14'),(1042,'g',0,'2012-01-14'),(1041,'g',0,'2012-01-14'),(1008,'g',0,'2012-01-14'),(1036,'g',0,'2012-01-14'),(903,'g',0,'2012-01-14'),(1037,'g',0,'2012-01-14'),(1011,'g',0,'2012-01-14'),(1070,'g',0,'2012-01-14'),(1006,'g',0,'2012-01-14'),(1045,'g',0,'2012-01-14'),(1048,'g',0,'2012-01-14'),(1059,'g',0,'2012-01-14'),(1056,'g',0,'2012-01-14'),(1067,'g',0,'2012-01-14'),(1064,'g',0,'2012-03-05'),(1039,'g',0,'2012-01-14'),(1057,'g',0,'2012-01-14'),(1090,'g',0,'2012-01-14'),(1046,'g',0,'2012-01-14'),(1069,'g',0,'2012-01-15'),(1065,'g',0,'2012-01-15'),(1089,'g',0,'2012-01-15'),(1074,'g',0,'2012-01-15'),(1102,'g',0,'2012-01-15'),(1099,'g',0,'2012-01-15'),(1086,'g',0,'2012-01-15'),(1091,'g',0,'2012-01-15'),(1078,'g',0,'2012-01-15'),(997,'g',0,'2012-01-15'),(1075,'g',0,'2012-01-15'),(1021,'g',0,'2012-02-27'),(996,'g',0,'2012-01-15'),(1035,'g',0,'2012-01-15'),(1029,'g',0,'2012-01-15'),(1010,'g',0,'2012-01-15'),(1028,'g',0,'2012-02-27'),(1034,'g',0,'2012-02-27'),(1022,'g',0,'2012-02-27'),(1023,'g',0,'2012-02-27'),(1014,'g',0,'2012-02-27'),(1062,'g',0,'2012-01-16'),(1106,'g',0,'2012-01-17'),(1049,'g',0,'2012-01-17'),(1104,'g',0,'2012-01-17'),(1116,'g',0,'2012-02-18'),(1031,'g',0,'2012-01-17'),(678,'g',0,'2012-01-19'),(664,'g',0,'2012-01-19'),(677,'g',0,'2012-01-19'),(663,'g',0,'2012-01-19'),(676,'g',0,'2012-01-19'),(662,'g',0,'2012-01-19'),(661,'g',0,'2012-01-19'),(665,'g',0,'2012-01-19'),(674,'g',0,'2012-01-19'),(660,'g',0,'2012-01-19'),(1105,'g',0,'2012-02-19'),(1129,'g',0,'2012-01-20'),(1112,'g',0,'2012-01-21'),(1081,'g',0,'2012-01-22'),(1085,'g',0,'2012-01-22'),(1082,'g',0,'2012-01-22'),(1080,'g',0,'2012-01-22'),(1079,'g',0,'2012-01-22'),(1084,'g',0,'2012-01-22'),(1134,'g',0,'2012-01-22'),(1083,'g',0,'2012-01-22'),(1166,'g',0,'2012-01-26'),(1150,'g',0,'2012-01-26'),(1135,'g',0,'2012-01-26'),(1154,'g',0,'2012-01-27'),(1152,'g',0,'2012-01-27'),(1169,'g',0,'2012-01-27'),(1130,'g',0,'2012-01-27'),(1115,'g',0,'2012-01-28'),(1156,'g',0,'2012-01-28'),(1133,'g',0,'2012-01-30'),(1181,'g',0,'2012-01-31'),(1110,'g',0,'2012-01-31'),(1158,'g',0,'2012-02-01'),(1147,'g',0,'2012-02-01'),(1144,'g',0,'2012-02-01'),(1141,'g',0,'2012-02-01'),(1160,'g',0,'2012-02-01'),(1140,'g',0,'2012-02-01'),(1145,'g',0,'2012-02-01'),(1143,'g',0,'2012-02-01'),(1162,'g',0,'2012-02-01'),(1146,'g',0,'2012-02-01'),(1175,'g',0,'2012-02-02'),(1186,'g',0,'2012-02-02'),(1180,'g',0,'2012-02-03'),(1179,'g',0,'2012-02-04'),(1111,'g',0,'2012-02-06'),(1114,'g',0,'2012-02-06'),(1217,'g',0,'2012-02-06'),(1055,'g',0,'2012-02-07'),(1054,'g',0,'2012-02-07'),(1113,'g',0,'2012-02-07'),(1109,'g',0,'2012-02-08'),(1122,'g',0,'2012-02-08'),(1174,'g',0,'2012-02-08'),(1198,'g',0,'2012-02-08'),(728,'g',0,'2012-02-08'),(734,'g',0,'2012-02-08'),(1121,'g',0,'2012-02-08'),(1123,'g',0,'2012-02-08'),(1061,'g',0,'2012-02-08'),(1178,'g',0,'2012-02-08'),(1149,'g',0,'2012-02-08'),(1107,'g',0,'2012-02-09'),(1108,'g',0,'2012-02-09'),(1176,'g',0,'2012-02-11'),(1246,'g',0,'2012-02-11'),(1155,'g',0,'2012-02-11'),(657,'g',0,'2012-02-11'),(656,'g',0,'2012-02-11'),(655,'g',0,'2012-02-11'),(1219,'g',0,'2012-02-11'),(1218,'g',0,'2012-02-11'),(1165,'g',0,'2012-02-11'),(1188,'g',0,'2012-02-11'),(1182,'g',0,'2012-02-11'),(718,'g',0,'2012-02-11'),(716,'g',0,'2012-02-11'),(740,'g',0,'2012-02-11'),(1125,'g',0,'2012-02-11'),(1161,'g',0,'2012-02-11'),(1164,'g',0,'2012-02-11'),(1132,'g',0,'2012-02-11'),(736,'g',0,'2012-02-11'),(744,'g',0,'2012-02-11'),(685,'g',0,'2012-02-11'),(1139,'g',0,'2012-02-11'),(1138,'g',0,'2012-02-11'),(689,'g',0,'2012-02-11'),(687,'g',0,'2012-02-11'),(683,'g',0,'2012-02-11'),(1137,'g',0,'2012-02-11'),(717,'g',0,'2012-02-11'),(1131,'g',0,'2012-02-11'),(690,'g',0,'2012-02-11'),(684,'g',0,'2012-02-11'),(686,'g',0,'2012-02-11'),(1119,'g',0,'2012-02-11'),(1244,'g',0,'2012-02-11'),(1163,'g',0,'2012-02-11'),(682,'g',0,'2012-02-11'),(691,'g',0,'2012-02-11'),(1222,'g',0,'2012-02-11'),(1148,'g',0,'2012-02-11'),(1177,'g',0,'2012-02-11'),(1220,'g',0,'2012-02-11'),(1142,'g',0,'2012-02-11'),(1223,'g',0,'2012-02-11'),(1153,'g',0,'2012-02-11'),(715,'g',0,'2012-02-11'),(1136,'g',0,'2012-02-11'),(658,'g',0,'2012-02-11'),(1191,'g',0,'2012-02-11'),(1192,'g',0,'2012-02-11'),(1184,'g',0,'2012-02-11'),(1189,'g',0,'2012-02-11'),(1193,'g',0,'2012-02-11'),(727,'g',0,'2012-02-11'),(1221,'g',0,'2012-02-12'),(659,'g',0,'2012-02-12'),(1230,'g',0,'2012-02-12'),(1228,'g',0,'2012-02-12'),(1229,'g',0,'2012-02-12'),(702,'g',0,'2012-02-12'),(1088,'g',0,'2012-02-12'),(1120,'g',0,'2012-02-12'),(703,'g',0,'2012-02-12'),(699,'g',0,'2012-02-12'),(1151,'g',0,'2012-02-12'),(1232,'g',0,'2012-02-12'),(1226,'g',0,'2012-02-12'),(1237,'g',0,'2012-02-12'),(1190,'g',0,'2012-02-12'),(1239,'g',0,'2012-02-12'),(1128,'g',0,'2012-02-12'),(1068,'g',0,'2012-02-12'),(694,'g',0,'2012-02-12'),(1197,'g',0,'2012-02-12'),(701,'g',0,'2012-02-12'),(1063,'g',0,'2012-02-12'),(695,'g',0,'2012-02-12'),(1243,'g',0,'2012-02-12'),(732,'g',0,'2012-02-12'),(1234,'g',0,'2012-02-12'),(1233,'g',0,'2012-02-12'),(1235,'g',0,'2012-02-12'),(697,'g',0,'2012-02-12'),(1245,'g',0,'2012-02-12'),(698,'g',0,'2012-02-12'),(1231,'g',0,'2012-02-12'),(1236,'g',0,'2012-02-12'),(696,'g',0,'2012-02-12'),(700,'g',0,'2012-02-12'),(1127,'g',0,'2012-02-12'),(1157,'g',0,'2012-02-12'),(1225,'g',0,'2012-02-12'),(1240,'g',0,'2012-02-12'),(1241,'g',0,'2012-02-12'),(681,'g',0,'2012-02-12'),(679,'g',0,'2012-02-12'),(680,'g',0,'2012-02-12'),(1019,'g',0,'2012-02-12'),(1194,'g',0,'2012-02-12'),(1032,'g',0,'2012-02-12'),(1033,'g',0,'2012-02-12'),(1242,'g',0,'2012-02-12'),(1238,'g',0,'2012-02-12'),(1183,'g',0,'2012-02-12'),(1024,'g',0,'2012-02-12'),(1126,'g',0,'2012-02-13'),(1187,'g',0,'2012-02-13'),(1118,'g',0,'2012-02-13'),(704,'g',0,'2012-02-13'),(710,'g',0,'2012-02-13'),(705,'g',0,'2012-02-13'),(707,'g',0,'2012-02-13'),(693,'g',0,'2012-02-13'),(706,'g',0,'2012-02-13'),(712,'g',0,'2012-02-13'),(692,'g',0,'2012-02-13'),(713,'g',0,'2012-02-13'),(711,'g',0,'2012-02-13'),(1173,'g',0,'2012-02-13'),(1247,'g',0,'2012-02-13'),(1159,'g',0,'2012-02-13'),(1227,'g',0,'2012-02-13'),(1185,'g',0,'2012-02-13'),(1199,'g',0,'2012-02-13'),(1195,'g',0,'2012-02-14'),(1196,'g',0,'2012-02-14'),(1172,'g',0,'2012-02-14'),(1254,'g',0,'2012-02-14'),(1250,'g',0,'2012-02-14'),(1252,'g',0,'2012-02-14'),(1257,'g',0,'2012-02-14'),(1249,'g',0,'2012-02-14'),(1258,'g',0,'2012-02-14'),(1248,'g',0,'2012-02-15'),(1251,'g',0,'2012-02-15'),(1260,'g',0,'2012-02-15'),(1256,'g',0,'2012-02-15'),(1255,'g',0,'2012-02-15'),(1253,'g',0,'2012-02-15'),(1259,'g',0,'2012-02-15'),(1261,'g',0,'2012-02-16'),(1263,'g',0,'2012-02-16'),(1214,'g',0,'2012-02-17'),(1213,'g',0,'2012-02-18'),(1208,'g',0,'2012-02-18'),(1212,'g',0,'2012-02-18'),(1216,'g',0,'2012-02-18'),(1224,'g',0,'2012-02-18'),(1200,'g',0,'2012-02-18'),(1215,'g',0,'2012-02-18'),(1209,'g',0,'2012-02-18'),(1211,'g',0,'2012-02-18'),(1202,'g',0,'2012-02-18'),(1210,'g',0,'2012-02-18'),(1203,'g',0,'2012-02-18'),(1204,'g',0,'2012-02-18'),(1205,'g',0,'2012-02-18'),(1206,'g',0,'2012-02-18'),(1207,'g',0,'2012-02-19'),(1262,'g',0,'2012-02-19'),(1201,'g',0,'2012-02-20'),(1264,'g',0,'2012-02-21'),(1267,'g',0,'2012-02-22'),(1266,'g',0,'2012-02-22'),(1268,'g',0,'2012-02-23'),(1265,'g',0,'2012-02-23'),(1269,'g',0,'2012-02-24'),(1270,'g',0,'2012-02-28'),(1271,'g',0,'2012-02-28'),(1277,'g',0,'2012-02-28'),(1273,'g',0,'2012-02-29'),(1275,'g',0,'2012-02-29'),(1272,'g',0,'2012-02-29'),(1278,'g',0,'2012-02-29'),(1280,'g',0,'2012-03-01'),(1281,'g',0,'2012-03-01'),(1284,'g',0,'2012-03-01'),(1274,'g',0,'2012-03-01'),(1279,'g',0,'2012-03-01'),(1283,'g',0,'2012-03-02'),(1286,'g',0,'2012-03-02'),(1285,'g',0,'2012-03-03'),(1282,'g',0,'2012-03-03'),(1288,'g',0,'2012-03-04'),(1276,'g',0,'2012-03-05'),(1287,'g',0,'2012-03-05'),(1290,'g',0,'2012-03-06'),(1293,'g',0,'2012-03-07');

--
-- Table structure for table `idx_paid_listing`
--

CREATE TABLE `idx_paid_listing` (
  `link_id` mediumint(9) unsigned NOT NULL DEFAULT '0',
  `premium` char(1) DEFAULT NULL,
  `sponsored` char(1) DEFAULT NULL,
  `expire` datetime DEFAULT NULL,
  `paid` char(1) DEFAULT NULL,
  PRIMARY KEY (`link_id`)
) ENGINE=MyISAM DEFAULT CHARSET=latin1;

--
-- Dumping data for table `idx_paid_listing`
--


--
-- Table structure for table `idx_payment_gateway`
--

CREATE TABLE `idx_payment_gateway` (
  `payment_gateway_id` int(11) NOT NULL AUTO_INCREMENT,
  `name` varchar(100) DEFAULT NULL,
  `enable` char(1) DEFAULT NULL,
  `setting` text,
  `invoice_html` text,
  PRIMARY KEY (`payment_gateway_id`)
) ENGINE=MyISAM AUTO_INCREMENT=9 DEFAULT CHARSET=latin1;

--
-- Dumping data for table `idx_payment_gateway`
--

INSERT INTO `idx_payment_gateway` VALUES (1,'paypal','1','a:2:{s:13:\"payment_email\";s:0:\"\";s:21:\"enable_paypal_sandbox\";s:1:\"0\";}','<p> \r\n	<a href=\'paynow.php?id={$invoice_id}&m=paypal\'><img src=\'http://www.paypal.com/images/x-click-but02.gif\' border=\'0\' alt=\'Make payments with PayPal - it is fast, free and secure!\' /></a> \r\n</p>\r\n'),(2,'2co','0','a:6:{s:6:\"co_sid\";s:5:\"84932\";s:9:\"co_secret\";s:5:\"tango\";s:12:\"co_recurring\";s:1:\"0\";s:9:\"co_prod_1\";s:6:\"100.00\";s:9:\"co_prod_2\";s:6:\"250.00\";s:9:\"co_prod_3\";s:6:\"400.00\";}','<p>\r\n<a href=\'paynow.php?id={$invoice_id}&m=2co\'><img src=\'http://www.2checkout.com/images/overview/btns/25.jpg\' alt=\'Pay Now with 2checkout...\' border=\'0\' /></a> \r\n</p>'),(3,'authorizenet','0','a:2:{s:21:\"authorizenet_login_id\";s:0:\"\";s:21:\"authorizenet_tran_key\";s:0:\"\";}','<p> \r\n<a href=\'paynow.php?id={$invoice_id}&m=authorizenet\'><img src=\'http://www.authorize.net/upload/images/Images/Header/authorizenet_logo.gif\' alt=\'Pay Now with Authorize.Net...\' width=\'99\' height=\'39\' style=\'{border : 1px solid #c0c0c0;}\' /></a>\r\n</p>'),(4,'egold','0','a:2:{s:19:\"egold_payee_account\";s:0:\"\";s:16:\"egold_payee_name\";s:0:\"\";}','<p> \r\n<a href=\'paynow.php?id={$invoice_id}&m=egold\'>\r\n<img src=\'http://www.e-gold.com/gif/paywith.gif\' border=\'0\' alt=\'Pay Now with e-gold...\' />\r\n</a>\r\n</p>'),(5,'moneybookers','0','a:1:{s:18:\"moneybookers_email\";s:0:\"\";}','<p> \r\n<a href=\'paynow.php?id={$invoice_id}&m=paypal\'><img src=\'http://www.moneybookers.com/images/banners/88_en_mb.gif\' border=\'0\' alt=\'Make payments with Moneybookers - it is fast, free and secure!\' /></a> \r\n</p>'),(6,'paypal-subscriptions','0','a:2:{s:13:\"payment_email\";s:0:\"\";s:21:\"enable_paypal_sandbox\";s:1:\"0\";}','<p> \r\n<a href=\'paynow.php?id={$invoice_id}&m=paypal\'><img src=\'https://www.paypal.com/en_US/i/btn/x-click-but20.gif\' border=\'0\' alt=\'Make payments with PayPal - it is fast, free and secure!\' /></a> \r\n</p>'),(7,'alertpay','0','a:2:{s:14:\"alertpay_email\";s:0:\"\";s:23:\"enable_alertpay_sandbox\";s:1:\"0\";}','<p> \r\n<a href=\'paynow.php?id={$invoice_id}&m=alertpay\'>\r\n<img src=\'https://www.alertpay.com/Images/BuyNow/pay_now_3.gif\' border=\'0\' alt=\'Make payments with PayPal - it is fast, free and secure!\' /></a> \r\n</p>'),(8,'alertpay-subcriptions','0','a:2:{s:14:\"alertpay_email\";s:0:\"\";s:23:\"enable_alertpay_sandbox\";s:1:\"0\";}','<p>\r\n<a href=\'paynow.php?id={$invoice_id}&m=alertpay-subcriptions\'>\r\n<img src=\'https://www.alertpay.com/Images/BuyNow/subscribe_now_15.gif\' border=\'0\' alt=\'Make payments with Alert Pay - it is fast, free and secure!\' /></a> \r\n</p>');

--
-- Table structure for table `idx_payment_history`
--

CREATE TABLE `idx_payment_history` (
  `payment_id` int(10) unsigned NOT NULL AUTO_INCREMENT,
  `contact_name` varchar(255) DEFAULT NULL,
  `email` varchar(255) DEFAULT NULL,
  `type` varchar(255) DEFAULT NULL,
  `detail` text,
  `amount` double DEFAULT NULL,
  `time` datetime DEFAULT NULL,
  `invoice_id` varchar(10) DEFAULT NULL,
  PRIMARY KEY (`payment_id`)
) ENGINE=MyISAM DEFAULT CHARSET=latin1;

--
-- Dumping data for table `idx_payment_history`
--


--
-- Table structure for table `idx_pl_sociable`
--

CREATE TABLE `idx_pl_sociable` (
  `sb_id` int(11) NOT NULL AUTO_INCREMENT,
  `sb_name` varchar(255) CHARACTER SET utf8 DEFAULT NULL,
  `sb_url` varchar(255) CHARACTER SET utf8 DEFAULT NULL,
  `sb_icon` varchar(255) CHARACTER SET utf8 DEFAULT NULL,
  `sb_enable` char(1) CHARACTER SET utf8 DEFAULT '0',
  PRIMARY KEY (`sb_id`)
) ENGINE=MyISAM AUTO_INCREMENT=90 DEFAULT CHARSET=latin1;

--
-- Dumping data for table `idx_pl_sociable`
--

INSERT INTO `idx_pl_sociable` VALUES (1,'BarraPunto','http://barrapunto.com/submit.pl?subj=TITLE&amp;story=PERMALINK','barrapunto.png','0'),(2,'Bitacoras.com','http://bitacoras.com/anotaciones/PERMALINK','bitacoras.png','0'),(3,'BlinkList','http://www.blinklist.com/index.php?Action=Blink/addblink.php&amp;Url=PERMALINK&amp;Title=TITLE','blinklist.png','0'),(4,'blogmarks','http://blogmarks.net/my/new.php?mini=1&amp;simple=1&amp;url=PERMALINK&amp;title=TITLE','blogmarks.png','0'),(5,'Blogosphere News','http://www.blogospherenews.com/submit.php?url=PERMALINK&amp;title=TITLE','blogospherenews.png','0'),(6,'blogtercimlap','http://cimlap.blogter.hu/index.php?action=suggest_link&amp;title=TITLE&amp;url=PERMALINK','blogter.png','0'),(7,'Faves','http://faves.com/Authoring.aspx?u=PERMALINK&amp;title=TITLE','bluedot.png','0'),(8,'connotea','http://www.connotea.org/addpopup?continue=confirm&amp;uri=PERMALINK&amp;title=TITLE&amp;description=EXCERPT','connotea.png','0'),(9,'Current','http://current.com/clipper.htm?url=PERMALINK&amp;title=TITLE','current.png','0'),(10,'del.icio.us','http://delicious.com/post?url=PERMALINK&amp;title=TITLE&amp;notes=EXCERPT','delicious.png','0'),(11,'Digg','http://digg.com/submit?phase=2&amp;url=PERMALINK&amp;title=TITLE&amp;bodytext=EXCERPT','digg.png','1'),(12,'Diigo','http://www.diigo.com/post?url=PERMALINK&amp;title=TITLE','diigo.png','0'),(13,'DotNetKicks','http://www.dotnetkicks.com/kick/?url=PERMALINK&amp;title=TITLE','dotnetkicks.png','0'),(14,'DZone','http://www.dzone.com/links/add.html?url=PERMALINK&amp;title=TITLE','dzone.png','0'),(15,'eKudos','http://www.ekudos.nl/artikel/nieuw?url=PERMALINK&amp;title=TITLE&amp;desc=EXCERPT','ekudos.png','0'),(16,'email','mailto:?subject=TITLE&amp;body=PERMALINK','email_link.png','0'),(17,'Facebook','http://www.facebook.com/share.php?u=PERMALINK&amp;t=TITLE','facebook.png','1'),(18,'Fark','http://cgi.fark.com/cgi/fark/farkit.pl?h=TITLE&amp;u=PERMALINK','fark.png','0'),(19,'Fleck','http://beta3.fleck.com/bookmarklet.php?url=PERMALINK&amp;title=TITLE','fleck.png','0'),(20,'FriendFeed','http://www.friendfeed.com/share?title=TITLE&amp;link=PERMALINK','friendfeed.png','0'),(21,'FSDaily','http://www.fsdaily.com/submit?url=PERMALINK&amp;title=TITLE','fsdaily.png','0'),(22,'Global Grind','http://globalgrind.com/submission/submit.aspx?url=PERMALINK&amp;type=Article&amp;title=TITLE','globalgrind.png','0'),(23,'Google','http://www.google.com/bookmarks/mark?op=edit&amp;bkmk=PERMALINK&amp;title=TITLE&amp;annotation=EXCERPT','googlebookmark.png','0'),(24,'Gwar','http://www.gwar.pl/DodajGwar.html?u=PERMALINK','gwar.png','0'),(25,'HackerNews','http://news.ycombinator.com/submitlink?u=PERMALINK&amp;t=TITLE','hackernews.png','0'),(26,'Haohao','http://www.haohaoreport.com/submit.php?url=PERMALINK&amp;title=TITLE','haohao.png','0'),(27,'HealthRanker','http://healthranker.com/submit.php?url=PERMALINK&amp;title=TITLE','healthranker.png','0'),(28,'HelloTxt','http://hellotxt.com/?status=TITLE+PERMALINK','hellotxt.png','0'),(29,'Hemidemi','http://www.hemidemi.com/user_bookmark/new?title=TITLE&amp;url=PERMALINK','hemidemi.png','0'),(30,'Hyves','http://www.hyves.nl/profilemanage/add/tips/?name=TITLE&amp;text=EXCERPT+PERMALINK&amp;rating=5','hyves.png','0'),(31,'Identi.ca','http://identi.ca/notice/new?status_textarea=PERMALINK','identica.png','0'),(32,'IndianPad','http://www.indianpad.com/submit.php?url=PERMALINK','indianpad.png','0'),(33,'Internetmedia','http://internetmedia.hu/submit.php?url=PERMALINK','im.png','0'),(34,'Kirtsy','http://www.kirtsy.com/submit.php?url=PERMALINK&amp;title=TITLE','kirtsy.png','0'),(35,'laaik.it','http://laaik.it/NewStoryCompact.aspx?uri=PERMALINK&amp;headline=TITLE&amp;cat=5e082fcc-8a3b-47e2-acec-fdf64ff19d12','laaikit.png','0'),(36,'LinkArena','http://linkarena.com/bookmarks/addlink/?url=PERMALINK&amp;title=TITLE','linkarena.png','0'),(37,'LinkaGoGo','http://www.linkagogo.com/go/AddNoPopup?url=PERMALINK&amp;title=TITLE','linkagogo.png','0'),(38,'LinkedIn','http://www.linkedin.com/shareArticle?mini=true&amp;url=PERMALINK&amp;title=TITLE&amp;source=BLOGNAME&amp;summary=EXCERPT','linkedin.png','0'),(39,'Linkter','http://www.linkter.hu/index.php?action=suggest_link&amp;url=PERMALINK&amp;title=TITLE','linkter.png','0'),(40,'Live','https://favorites.live.com/quickadd.aspx?marklet=1&amp;url=PERMALINK&amp;title=TITLE','live.png','0'),(41,'Meneame','http://meneame.net/submit.php?url=PERMALINK','meneame.png','0'),(42,'MisterWong','http://www.mister-wong.com/addurl/?bm_url=PERMALINK&amp;bm_description=TITLE&amp;plugin=soc','misterwong.png','0'),(43,'MisterWong.DE','http://www.mister-wong.de/addurl/?bm_url=PERMALINK&amp;bm_description=TITLE&amp;plugin=soc','misterwong.png','0'),(44,'Mixx','http://www.mixx.com/submit?page_url=PERMALINK&amp;title=TITLE','mixx.png','0'),(45,'muti','http://www.muti.co.za/submit?url=PERMALINK&amp;title=TITLE','muti.png','0'),(46,'MyShare','http://myshare.url.com.tw/index.php?func=newurl&amp;url=PERMALINK&amp;desc=TITLE','myshare.png','0'),(47,'MySpace','http://www.myspace.com/Modules/PostTo/Pages/?u=PERMALINK&amp;t=TITLE','myspace.png','0'),(48,'MSNReporter','http://reporter.nl.msn.com/?fn=contribute&amp;Title=TITLE&amp;URL=PERMALINK&amp;cat_id=6&amp;tag_id=31&amp;Remark=EXCERPT','msnreporter.png','0'),(49,'N4G','http://www.n4g.com/tips.aspx?url=PERMALINK&amp;title=TITLE','n4g.png','0'),(50,'Netvibes','http://www.netvibes.com/share?title=TITLE&amp;url=PERMALINK','netvibes.png','0'),(51,'NewsVine','http://www.newsvine.com/_tools/seed&amp;save?u=PERMALINK&amp;h=TITLE','newsvine.png','0'),(52,'Netvouz','http://www.netvouz.com/action/submitBookmark?url=PERMALINK&amp;title=TITLE&amp;popup=no','netvouz.png','0'),(53,'NuJIJ','http://nujij.nl/jij.lynkx?t=TITLE&amp;u=PERMALINK&amp;b=EXCERPT','nujij.png','0'),(54,'Ping.fm','http://ping.fm/ref/?link=PERMALINK&amp;title=TITLE&amp;body=EXCERPT','ping.png','0'),(55,'Posterous','http://posterous.com/share?linkto=PERMALINK&amp;title=TITLE&amp;selection=EXCERPT','posterous.png','0'),(56,'PDF','http://www.printfriendly.com/print?url=PERMALINK&amp;partner=sociable','pdf.png','0'),(57,'Print','http://www.printfriendly.com/print?url=PERMALINK&amp;partner=sociable','printfriendly.png','0'),(58,'Propeller','http://www.propeller.com/submit/?url=PERMALINK','propeller.png','0'),(59,'Ratimarks','http://ratimarks.org/bookmarks.php/?action=add&address=PERMALINK&amp;title=TITLE','ratimarks.png','0'),(60,'Rec6','http://rec6.via6.com/link.php?url=PERMALINK&amp;=TITLE','rec6.png','0'),(61,'Reddit','http://reddit.com/submit?url=PERMALINK&amp;title=TITLE','reddit.png','0'),(62,'RSS','FEEDLINK','rss.png','0'),(63,'Scoopeo','http://www.scoopeo.com/scoop/new?newurl=PERMALINK&amp;title=TITLE','scoopeo.png','0'),(64,'Segnalo','http://segnalo.alice.it/post.html.php?url=PERMALINK&amp;title=TITLE','segnalo.png','0'),(65,'Simpy','http://www.simpy.com/simpy/LinkAdd.do?href=PERMALINK&amp;title=TITLE','simpy.png','0'),(66,'Slashdot','http://slashdot.org/bookmark.pl?title=TITLE&amp;url=PERMALINK','slashdot.png','0'),(67,'Socialogs','http://socialogs.com/add_story.php?story_url=PERMALINK&amp;story_title=TITLE','socialogs.png','0'),(68,'SphereIt','http://www.sphere.com/search?q=sphereit:PERMALINK&amp;title=TITLE','sphere.png','0'),(69,'Sphinn','http://sphinn.com/index.php?c=post&amp;m=submit&amp;link=PERMALINK','sphinn.png','0'),(70,'StumbleUpon','http://www.stumbleupon.com/submit?url=PERMALINK&amp;title=TITLE','stumbleupon.png','0'),(71,'Techmeme','http://twitter.com/home/?status=tip%20@Techmeme%20PERMALINK%20TITLE','techmeme.png','0'),(72,'Technorati','http://technorati.com/faves?add=PERMALINK','technorati.png','1'),(73,'ThisNext','http://www.thisnext.com/pick/new/submit/sociable/?url=PERMALINK&amp;name=TITLE','thisnext.png','0'),(74,'Tipd','http://tipd.com/submit.php?url=PERMALINK','tipd.png','0'),(75,'Tumblr','http://www.tumblr.com/share?v=3&amp;u=PERMALINK&amp;t=TITLE&amp;s=EXCERPT','tumblr.png','0'),(76,'Twitter','http://twitter.com/home?status=TITLE%20-%20PERMALINK','twitter.png','1'),(77,'Upnews','http://www.upnews.it/submit?url=PERMALINK&amp;title=TITLE','upnews.png','0'),(78,'Webnews.de','http://www.webnews.de/einstellen?url=PERMALINK&amp;title=TITLE','webnews.png','0'),(79,'Webride','http://webride.org/discuss/split.php?uri=PERMALINK&amp;title=TITLE','webride.png','0'),(80,'Wikio','http://www.wikio.com/vote?url=PERMALINK','wikio.png','0'),(81,'Wikio FR','http://www.wikio.fr/vote?url=PERMALINK','wikio.png','0'),(82,'Wikio IT','http://www.wikio.it/vote?url=PERMALINK','wikio.png','0'),(83,'Wists','http://wists.com/s.php?c=&amp;r=PERMALINK&amp;title=TITLE','wists.png','0'),(84,'Wykop','http://www.wykop.pl/dodaj?url=PERMALINK','wykop.png','0'),(85,'Xerpi','http://www.xerpi.com/block/add_link_from_extension?url=PERMALINK&amp;title=TITLE','xerpi.png','0'),(86,'YahooBuzz','http://buzz.yahoo.com/submit/?submitUrl=PERMALINK&amp;submitHeadline=TITLE&amp;submitSummary=EXCERPT&amp;submitCategory=science&amp;submitAssetType=text','yahoobuzz.png','0'),(87,'Yahoo! Bookmarks','http://bookmarks.yahoo.com/toolbar/savebm?u=PERMALINK&amp;t=TITLE&opener=bm&amp;ei=UTF-8&amp;d=EXCERPT','yahoomyweb.png','0'),(88,'Yigg','http://yigg.de/neu?exturl=PERMALINK&amp;exttitle=TITLE','yiggit.png','0'),(89,'Blogplay','http://blogplay.com','blogplay.png','0');

--
-- Table structure for table `idx_plugin`
--

CREATE TABLE `idx_plugin` (
  `plugin_id` int(11) NOT NULL AUTO_INCREMENT,
  `name` varchar(255) DEFAULT NULL,
  `plugin_file` varchar(255) DEFAULT NULL,
  `status` enum('0','1') DEFAULT NULL,
  `option_plugin` text,
  PRIMARY KEY (`plugin_id`)
) ENGINE=MyISAM AUTO_INCREMENT=2 DEFAULT CHARSET=latin1;

--
-- Dumping data for table `idx_plugin`
--

INSERT INTO `idx_plugin` VALUES (1,'Sociable','sociable/sociable.php','1',NULL);

--
-- Table structure for table `idx_review`
--

CREATE TABLE `idx_review` (
  `review_id` mediumint(9) unsigned NOT NULL AUTO_INCREMENT,
  `link_id` mediumint(9) unsigned NOT NULL DEFAULT '0',
  `review` text NOT NULL,
  `rating` tinyint(3) unsigned NOT NULL DEFAULT '0',
  `date` date NOT NULL DEFAULT '0000-00-00',
  `subject` varchar(100) DEFAULT NULL,
  `status` char(1) DEFAULT NULL,
  `username` varchar(20) DEFAULT NULL,
  `name` varchar(20) DEFAULT NULL,
  `email` varchar(100) DEFAULT NULL,
  PRIMARY KEY (`review_id`)
) ENGINE=MyISAM AUTO_INCREMENT=5 DEFAULT CHARSET=latin1;

--
-- Dumping data for table `idx_review`
--

INSERT INTO `idx_review` VALUES (1,841,'lyiilq',3,'2012-02-27','hvzlin','0','','hvzlin','nresoc@sxsqja.com'),(2,929,'mrcamj',3,'2012-02-27','uzpkeo','0','','uzpkeo','ryvden@cxasyx.com'),(3,13,'rozdhad',3,'2012-02-28','wvarowi','0','','wvarowi','aqztnq@wrjiir.com'),(4,33,'dysiaju',3,'2012-03-05','hoyzwsz','0','','hoyzwsz','dyanil@haxxzt.com');

--
-- Table structure for table `idx_searchlog`
--

CREATE TABLE `idx_searchlog` (
  `keyword` varchar(100) NOT NULL DEFAULT '',
  `time` datetime NOT NULL DEFAULT '0000-00-00 00:00:00',
  `result` mediumint(9) unsigned DEFAULT NULL,
  `ip` varchar(100) DEFAULT NULL
) ENGINE=MyISAM DEFAULT CHARSET=latin1;

--
-- Dumping data for table `idx_searchlog`
--


--
-- Table structure for table `idx_set_hook_place`
--

CREATE TABLE `idx_set_hook_place` (
  `set_hook_place_id` int(11) NOT NULL AUTO_INCREMENT,
  `plugin` varchar(255) DEFAULT NULL,
  `set_hook_place` text,
  PRIMARY KEY (`set_hook_place_id`)
) ENGINE=MyISAM DEFAULT CHARSET=latin1;

--
-- Dumping data for table `idx_set_hook_place`
--


--
-- Table structure for table `idx_setting`
--

CREATE TABLE `idx_setting` (
  `setting_id` int(11) NOT NULL AUTO_INCREMENT,
  `setting_name` varchar(255) DEFAULT NULL,
  `setting_value` text,
  PRIMARY KEY (`setting_id`)
) ENGINE=MyISAM AUTO_INCREMENT=55 DEFAULT CHARSET=latin1;

--
-- Dumping data for table `idx_setting`
--

INSERT INTO `idx_setting` VALUES (4,'site_name','list2rank.com'),(5,'site_url','http://list2rank.com'),(6,'email_address','anna.beachler@gmail.com'),(7,'language_code','en_US'),(8,'theme_path','/home/list2ran/public_html/themes/'),(9,'admin_template_path','/home/list2ran/public_html/admin_tpl/'),(10,'plugin_path','/home/list2ran/public_html/plugin/'),(12,'active_theme','_list2rank'),(14,'spam_proof','1'),(15,'enable_user_validation','1'),(16,'allowed_file_extension','gif,jpg,png,pdf,zip,doc'),(17,'yahoo_appid',''),(18,'whosonline','600'),(19,'reciprocal_check','0'),(20,'urlcheck_limit','1'),(21,'pagerank_cache','30'),(22,'max_image_width','1024'),(23,'max_image_height','756'),(24,'max_file_size','500'),(25,'only_registered_can_add_link','0'),(26,'only_registered_can_add_review','0'),(27,'db_use_persistent','0'),(28,'paid_link_day_period','30,60,90,180'),(29,'paid_link_price_factor','1,1.5,2,3'),(30,'enable_html_tag','1'),(31,'allowed_html_tag','<b>,<strong>,<i>,<em>,<u>,<pre>,<blockquote>,<ol>,<ul>,<li>,<p>,<span>,<div>,<table>,<tr>,<td>'),(32,'enable_page_compression','0'),(33,'enable_category_ajax','1'),(34,'require_visit_category','0'),(35,'additional_category_price','0.5'),(36,'enable_rating_ajax','1'),(37,'service_nicecoder_avail','1'),(38,'enable_recaptcha','0'),(39,'recaptcha_publickey',''),(40,'recaptcha_privatekey',''),(41,'enable_bidding','0'),(42,'minimum_bid','5'),(43,'bid_increament','1'),(44,'charset','utf-8'),(45,'mailer','mail'),(46,'smtp_auth','0'),(47,'smtp_host',''),(48,'smtp_username',''),(49,'smtp_password',''),(50,'smtp_port','25'),(51,'emailbody_as_html','0'),(52,'indexu_version','2.4'),(53,'tos',''),(54,'submission_guidelines','');

--
-- Table structure for table `idx_tags`
--

CREATE TABLE `idx_tags` (
  `tag` varchar(64) NOT NULL DEFAULT '',
  `category_id` mediumint(8) unsigned NOT NULL DEFAULT '0',
  `total` int(11) NOT NULL DEFAULT '0',
  `tag_path` varchar(64) NOT NULL,
  PRIMARY KEY (`tag`,`category_id`)
) ENGINE=MyISAM DEFAULT CHARSET=latin1;

--
-- Dumping data for table `idx_tags`
--


--
-- Table structure for table `idx_unavailable`
--

CREATE TABLE `idx_unavailable` (
  `idx_unavailable` int(11) NOT NULL AUTO_INCREMENT,
  `link_id` int(11) DEFAULT NULL,
  `url` varchar(255) DEFAULT NULL,
  `who_is` varchar(255) DEFAULT NULL,
  `note` text,
  `date` datetime DEFAULT NULL,
  PRIMARY KEY (`idx_unavailable`)
) ENGINE=MyISAM DEFAULT CHARSET=latin1;

--
-- Dumping data for table `idx_unavailable`
--


--
-- Table structure for table `idx_unavailable_latest`
--

CREATE TABLE `idx_unavailable_latest` (
  `idx_link` int(11) DEFAULT NULL,
  `record_execution` int(11) DEFAULT NULL
) ENGINE=MyISAM DEFAULT CHARSET=latin1;

--
-- Dumping data for table `idx_unavailable_latest`
--


--
-- Table structure for table `idx_votes`
--

CREATE TABLE `idx_votes` (
  `link_id` mediumint(9) NOT NULL DEFAULT '0',
  `ip` varchar(100) DEFAULT NULL,
  `value` tinyint(4) DEFAULT NULL
) ENGINE=MyISAM DEFAULT CHARSET=latin1;

--
-- Dumping data for table `idx_votes`
--



