--
-- Host: markd.biz    Database: markd_makd
-- ------------------------------------------------------


--
-- Table structure for table `directory_save_data`
--

CREATE TABLE `directory_save_data` (
  `id` bigint(100) NOT NULL AUTO_INCREMENT,
  `schedule_id` bigint(100) NOT NULL,
  `project_id` bigint(100) NOT NULL,
  `link_id` bigint(100) NOT NULL,
  `confirm_link` text NOT NULL,
  `category_id` int(10) NOT NULL,
  `category_name` varchar(150) NOT NULL,
  PRIMARY KEY (`id`)
) ENGINE=InnoDB DEFAULT CHARSET=latin1;

--
-- Dumping data for table `directory_save_data`
--


--
-- Table structure for table `idx_admin_menu`
--

CREATE TABLE `idx_admin_menu` (
  `menu_id` int(11) NOT NULL AUTO_INCREMENT,
  `parent_id` int(11) DEFAULT NULL,
  `menu_title` varchar(255) DEFAULT NULL,
  `menu_url` varchar(255) DEFAULT NULL,
  `order_number` int(11) DEFAULT NULL,
  PRIMARY KEY (`menu_id`)
) ENGINE=MyISAM AUTO_INCREMENT=85 DEFAULT CHARSET=latin1;

--
-- Dumping data for table `idx_admin_menu`
--



--
-- Table structure for table `idx_bad_link`
--

CREATE TABLE `idx_bad_link` (
  `bad_link_id` mediumint(9) unsigned NOT NULL AUTO_INCREMENT,
  `link_id` mediumint(9) unsigned NOT NULL DEFAULT '0',
  `name` varchar(50) NOT NULL DEFAULT '',
  `email` varchar(50) NOT NULL DEFAULT '',
  `type` tinyint(3) unsigned NOT NULL DEFAULT '0',
  `date` date NOT NULL DEFAULT '0000-00-00',
  PRIMARY KEY (`bad_link_id`)
) ENGINE=MyISAM DEFAULT CHARSET=latin1;

--
-- Dumping data for table `idx_bad_link`
--


--
-- Table structure for table `idx_badwords`
--

CREATE TABLE `idx_badwords` (
  `word` varchar(100) NOT NULL DEFAULT ''
) ENGINE=MyISAM DEFAULT CHARSET=latin1;

--
-- Dumping data for table `idx_badwords`
--


--
-- Table structure for table `idx_blocked_domain`
--

CREATE TABLE `idx_blocked_domain` (
  `blocked_id` int(11) NOT NULL AUTO_INCREMENT,
  `blocked` varchar(255) DEFAULT NULL,
  `type` enum('domain','ip') DEFAULT NULL,
  PRIMARY KEY (`blocked_id`)
) ENGINE=MyISAM AUTO_INCREMENT=6 DEFAULT CHARSET=latin1;

--
-- Dumping data for table `idx_blocked_domain`
--

INSERT INTO `idx_blocked_domain` VALUES (1,'buydomains.com','domain'),(2,'this-domain-for-sale.com ','domain'),(3,'oversee.net','domain'),(4,'eNom','domain'),(5,'sedoparking.com','domain');

--
-- Table structure for table `idx_category`
--

CREATE TABLE `idx_category` (
  `category_id` mediumint(9) unsigned NOT NULL AUTO_INCREMENT,
  `parent_id` mediumint(9) unsigned NOT NULL DEFAULT '0',
  `name` varchar(100) NOT NULL DEFAULT '',
  `description` text NOT NULL,
  `image` varchar(100) DEFAULT NULL,
  `content` text,
  `visible` char(1) DEFAULT NULL,
  `links` mediumint(9) DEFAULT NULL,
  `meta_keyword` text,
  `meta_description` text,
  `permission` char(2) DEFAULT NULL,
  `registered_only` char(1) DEFAULT NULL,
  `header` text NOT NULL,
  `footer` text NOT NULL,
  `related` mediumint(6) NOT NULL DEFAULT '0',
  `page_title` varchar(200) NOT NULL DEFAULT '',
  `hits` int(11) NOT NULL DEFAULT '0',
  `order_num` smallint(6) NOT NULL DEFAULT '0',
  `basic_price` double unsigned NOT NULL DEFAULT '0',
  `premium_price` double unsigned NOT NULL DEFAULT '0',
  `sponsored_price` double unsigned NOT NULL DEFAULT '0',
  PRIMARY KEY (`category_id`)
) ENGINE=MyISAM AUTO_INCREMENT=36 DEFAULT CHARSET=latin1;

--
-- Dumping data for table `idx_category`
--

INSERT INTO `idx_category` VALUES (1,0,'Arts ','','folder.gif','','1',7,'','','1','0','','',0,'',0,0,0,0,0),(2,0,'Automotive Services','','folder.gif','','1',21,'','','1','0','','',0,'',0,0,0,0,0),(3,0,'Business Services','','folder.gif','','1',55,'','','1','0','','',0,'',0,0,0,0,0),(4,0,'Jobs & Careers','','folder.gif','','1',1,'','','1','0','','',0,'',0,0,0,0,0),(5,0,'Clothing & Style','','folder.gif','','1',5,'','','1','0','','',0,'',0,0,0,0,0),(6,0,'Communication & Technology','','folder.gif','','1',5,'','','1','0','','',0,'',0,0,0,0,0),(7,0,'Internet & Computer Services','','folder.gif','','1',9,'','','1','0','','',0,'',0,0,0,0,0),(8,0,'Construction and Contractors','','folder.gif','','1',50,'','','1','0','','',0,'',0,0,0,0,0),(9,0,'Dental Care','','folder.gif','','1',15,'','','1','0','','',0,'',0,0,0,0,0),(10,0,'Education & Research','','folder.gif','','1',9,'','','1','0','','',0,'',0,0,0,0,0),(11,0,'Employment & Staffing','','folder.gif','','1',0,'','','1','0','','',0,'',0,0,0,0,0),(12,0,'Gifts & Stationery','','folder.gif','','1',5,'','','1','0','','',0,'',0,0,0,0,0),(13,0,'Hardware & Software Systems','','folder.gif','','1',2,'','','1','0','','',0,'',0,0,0,0,0),(14,0,'Health Resources','','folder.gif','','1',0,'','','1','0','','',0,'',0,0,0,0,0),(15,0,'Healthcare Services & Products','','folder.gif','','1',83,'','','1','0','','',0,'',0,0,0,0,0),(16,0,'Air Conditioning, Heating & Ventilating','','folder.gif','','1',26,'','','1','0','','',0,'',0,0,0,0,0),(17,0,'Family ,Home & Garden','','folder.gif','','1',0,'','','1','0','','',0,'',0,0,0,0,0),(18,0,'Home Improvement & Interiors','','folder.gif','','1',250,'','','1','0','','',0,'',0,0,0,0,0),(19,0,'Hotels & Restaurants','','folder.gif','','1',10,'','','1','0','','',0,'',0,0,0,0,0),(20,0,'Law & Legal Services','','folder.gif','','1',0,'','','1','0','','',0,'',0,0,0,0,0),(21,0,'Insurance Agents and Companies','','folder.gif','','1',21,'','','1','0','','',0,'',0,0,0,0,0),(22,0,'Lawyers & Legal Consultants','','folder.gif','','1',94,'','','1','0','','',0,'',0,0,0,0,0),(23,0,'Lifestyle, Society & People  ','','folder.gif','','1',2,'','','1','0','','',0,'',0,0,0,0,0),(24,0,'Medicine & Medical Services','','folder.gif','','1',6,'','','1','0','','',0,'',0,0,0,0,0),(25,0,'Finance and Money','','folder.gif','','1',8,'','','1','0','','',0,'',0,0,0,0,0),(26,0,'News & Journals','','folder.gif','','1',1,'','','1','0','','',0,'',0,0,0,0,0),(27,0,'Plumbing & Fitting ','','folder.gif','','1',25,'','','1','0','','',0,'',0,0,0,0,0),(28,0,'Real Estate & Agents ','','folder.gif','','1',15,'','','1','0','','',0,'',0,0,0,0,0),(29,0,'Environment & Technology','','folder.gif','','1',7,'','','1','0','','',0,'',0,0,0,0,0),(30,0,'SEO & SMO Marketing','','folder.gif','','1',14,'','','1','0','','',0,'',0,0,0,0,0),(31,0,'Online Shopping','','folder.gif','','1',28,'','','1','0','','',0,'',0,0,0,0,0),(32,0,'Sports','','folder.gif','','1',0,'','','1','0','','',0,'',0,0,0,0,0),(33,0,'Transportation and Logistics Services','','folder.gif','','1',23,'','','1','0','','',0,'',0,0,0,0,0),(34,0,'Tours & Travel','','folder.gif','','1',9,'','','1','0','','',0,'',0,0,0,0,0),(35,0,'Wedding & Jewellery','','folder.gif','','1',6,'','','1','0','','',0,'',0,0,0,0,0);

--
-- Table structure for table `idx_category_path`
--

CREATE TABLE `idx_category_path` (
  `category_id` mediumint(9) NOT NULL DEFAULT '0',
  `path` text,
  `path_with_url` text,
  `parents` text,
  PRIMARY KEY (`category_id`)
) ENGINE=MyISAM DEFAULT CHARSET=latin1;

--
-- Dumping data for table `idx_category_path`
--

INSERT INTO `idx_category_path` VALUES (1,'Arts ','<a href=\"browse.php?cat=1\" name=\"cat_1\" style=\"\">Arts </a>',';0;'),(2,'Automotive Services','<a href=\"browse.php?cat=2\" name=\"cat_2\" style=\"\">Automotive Services</a>',';0;'),(3,'Business Services','<a href=\"browse.php?cat=3\" name=\"cat_3\" style=\"\">Business Services</a>',';0;'),(4,'Jobs & Careers','<a href=\"browse.php?cat=4\" name=\"cat_4\" style=\"\">Jobs & Careers</a>',';0;'),(5,'Clothing & Style','<a href=\"browse.php?cat=5\" name=\"cat_5\" style=\"\">Clothing & Style</a>',';0;'),(6,'Communication & Technology','<a href=\"browse.php?cat=6\" name=\"cat_6\" style=\"\">Communication & Technology</a>',';0;'),(7,'Internet & Computer Services','<a href=\"browse.php?cat=7\" name=\"cat_7\" style=\"\">Internet & Computer Services</a>',';0;'),(8,'Construction and Contractors','<a href=\"browse.php?cat=8\" name=\"cat_8\" style=\"\">Construction and Contractors</a>',';0;'),(9,'Dental Care','<a href=\"browse.php?cat=9\" name=\"cat_9\" style=\"\">Dental Care</a>',';0;'),(10,'Education & Research','<a href=\"browse.php?cat=10\" name=\"cat_10\" style=\"\">Education & Research</a>',';0;'),(11,'Employment & Staffing','<a href=\"browse.php?cat=11\" name=\"cat_11\" style=\"\">Employment & Staffing</a>',';0;'),(12,'Gifts & Stationery','<a href=\"browse.php?cat=12\" name=\"cat_12\" style=\"\">Gifts & Stationery</a>',';0;'),(13,'Hardware & Software Systems','<a href=\"browse.php?cat=13\" name=\"cat_13\" style=\"\">Hardware & Software Systems</a>',';0;'),(14,'Health Resources','<a href=\"browse.php?cat=14\" name=\"cat_14\" style=\"\">Health Resources</a>',';0;'),(15,'Healthcare Services & Products','<a href=\"browse.php?cat=15\" name=\"cat_15\" style=\"\">Healthcare Services & Products</a>',';0;'),(16,'Air Conditioning, Heating & Ventilating','<a href=\"browse.php?cat=16\" name=\"cat_16\" style=\"\">Air Conditioning, Heating & Ventilating</a>',';0;'),(17,'Family ,Home & Garden','<a href=\"browse.php?cat=17\" name=\"cat_17\" style=\"\">Family ,Home & Garden</a>',';0;'),(18,'Home Improvement & Interiors','<a href=\"browse.php?cat=18\" name=\"cat_18\" style=\"\">Home Improvement & Interiors</a>',';0;'),(19,'Hotels & Restaurants','<a href=\"browse.php?cat=19\" name=\"cat_19\" style=\"\">Hotels & Restaurants</a>',';0;'),(20,'Law & Legal Services','<a href=\"browse.php?cat=20\" name=\"cat_20\" style=\"\">Law & Legal Services</a>',';0;'),(21,'Insurance Agents and Companies','<a href=\"browse.php?cat=21\" name=\"cat_21\" style=\"\">Insurance Agents and Companies</a>',';0;'),(22,'Lawyers & Legal Consultants','<a href=\"browse.php?cat=22\" name=\"cat_22\" style=\"\">Lawyers & Legal Consultants</a>',';0;'),(23,'Lifestyle, Society & People  ','<a href=\"browse.php?cat=23\" name=\"cat_23\" style=\"\">Lifestyle, Society & People  </a>',';0;'),(24,'Medicine & Medical Services','<a href=\"browse.php?cat=24\" name=\"cat_24\" style=\"\">Medicine & Medical Services</a>',';0;'),(25,'Finance and Money','<a href=\"browse.php?cat=25\" name=\"cat_25\" style=\"\">Finance and Money</a>',';0;'),(26,'News & Journals','<a href=\"browse.php?cat=26\" name=\"cat_26\" style=\"\">News & Journals</a>',';0;'),(27,'Plumbing & Fitting ','<a href=\"browse.php?cat=27\" name=\"cat_27\" style=\"\">Plumbing & Fitting </a>',';0;'),(28,'Real Estate & Agents ','<a href=\"browse.php?cat=28\" name=\"cat_28\" style=\"\">Real Estate & Agents </a>',';0;'),(29,'Environment & Technology','<a href=\"browse.php?cat=29\" name=\"cat_29\" style=\"\">Environment & Technology</a>',';0;'),(30,'SEO & SMO Marketing','<a href=\"browse.php?cat=30\" name=\"cat_30\" style=\"\">SEO & SMO Marketing</a>',';0;'),(31,'Online Shopping','<a href=\"browse.php?cat=31\" name=\"cat_31\" style=\"\">Online Shopping</a>',';0;'),(32,'Sports','<a href=\"browse.php?cat=32\" name=\"cat_32\" style=\"\">Sports</a>',';0;'),(33,'Transportation and Logistics Services','<a href=\"browse.php?cat=33\" name=\"cat_33\" style=\"\">Transportation and Logistics Services</a>',';0;'),(34,'Tours & Travel','<a href=\"browse.php?cat=34\" name=\"cat_34\" style=\"\">Tours & Travel</a>',';0;'),(35,'Wedding & Jewellery','<a href=\"browse.php?cat=35\" name=\"cat_35\" style=\"\">Wedding & Jewellery</a>',';0;');

--
-- Table structure for table `idx_category_suggession`
--

CREATE TABLE `idx_category_suggession` (
  `id_cat_suggession` int(11) NOT NULL AUTO_INCREMENT,
  `parent_id` int(11) DEFAULT NULL,
  `name` varchar(255) DEFAULT NULL,
  `category_description` text,
  `date` datetime DEFAULT NULL,
  PRIMARY KEY (`id_cat_suggession`)
) ENGINE=MyISAM DEFAULT CHARSET=latin1;

--
-- Dumping data for table `idx_category_suggession`
--


--
-- Table structure for table `idx_checkurl`
--

CREATE TABLE `idx_checkurl` (
  `link_id` mediumint(9) NOT NULL DEFAULT '0',
  `date` date NOT NULL DEFAULT '0000-00-00',
  `live` char(1) NOT NULL DEFAULT '',
  `reciprocal_found` char(1) NOT NULL DEFAULT '',
  PRIMARY KEY (`link_id`)
) ENGINE=MyISAM DEFAULT CHARSET=latin1;

--
-- Dumping data for table `idx_checkurl`
--


--
-- Table structure for table `idx_cronjobs`
--

CREATE TABLE `idx_cronjobs` (
  `cronjobs_id` int(11) NOT NULL AUTO_INCREMENT,
  `cronjobs_name` varchar(255) DEFAULT NULL,
  `filename` varchar(255) NOT NULL,
  `schedule` varchar(255) NOT NULL,
  `time` datetime NOT NULL,
  `execution` varchar(1) NOT NULL,
  PRIMARY KEY (`cronjobs_id`)
) ENGINE=MyISAM AUTO_INCREMENT=4 DEFAULT CHARSET=latin1;

--
-- Dumping data for table `idx_cronjobs`
--

INSERT INTO `idx_cronjobs` VALUES (1,NULL,'clear_templates_c.php','1,*,*,*,*','0000-00-00 00:00:00',''),(2,NULL,'update_tag_cloud.php','*,24,*,*,*','0000-00-00 00:00:00',''),(3,NULL,'clear_rss_cache.php','*,24,*,*,*','0000-00-00 00:00:00','');

--
-- Table structure for table `idx_custom_field`
--

CREATE TABLE `idx_custom_field` (
  `field_name` varchar(32) NOT NULL DEFAULT '',
  `field_text` varchar(64) NOT NULL DEFAULT '',
  `field_type` enum('TEXT','TEXTAREA','SELECT','MULTISELECT','CHECKBOX','RADIO','FILE','IMAGE','DATE','DATETIME','RICHEDITOR') NOT NULL DEFAULT 'TEXT',
  `field_option` text NOT NULL,
  `field_img_width` int(10) unsigned NOT NULL DEFAULT '0',
  `field_img_height` int(10) unsigned NOT NULL DEFAULT '0',
  `field_file_size` int(10) unsigned NOT NULL DEFAULT '0',
  `field_file_extension` varchar(64) NOT NULL DEFAULT '',
  `required` char(1) NOT NULL DEFAULT '0',
  `searchable` char(1) NOT NULL DEFAULT '1',
  `permission` char(1) NOT NULL DEFAULT '0'
) ENGINE=MyISAM DEFAULT CHARSET=latin1;

--
-- Dumping data for table `idx_custom_field`
--

INSERT INTO `idx_custom_field` VALUES ('image','Image','IMAGE','',0,0,0,'','0','0','2'),('address','Address','TEXT','',0,0,0,'','0','0','0'),('city','City','TEXT','',0,0,0,'','0','0','0'),('state','State','TEXT','',0,0,0,'','0','0','0'),('country','Country','TEXT','',0,0,0,'','0','0','0'),('zip','Zip','TEXT','',0,0,0,'','0','0','0'),('phone','Phone','TEXT','',0,0,0,'','0','0','0'),('fax','Fax','TEXT','',0,0,0,'','0','0','0');

--
-- Table structure for table `idx_default_field`
--

CREATE TABLE `idx_default_field` (
  `field_name` varchar(64) NOT NULL,
  `required` char(1) NOT NULL,
  `visible` char(1) NOT NULL DEFAULT '1',
  `searchable` char(1) NOT NULL DEFAULT '1'
) ENGINE=MyISAM DEFAULT CHARSET=latin1;

--
-- Dumping data for table `idx_default_field`
--

INSERT INTO `idx_default_field` VALUES ('title','1','1','1'),('url','1','1','1'),('description','1','1','1'),('keywords','1','1','0'),('contact_name','1','1','1'),('email','1','1','1'),('reciprocal_url','0','0','1');

--
-- Table structure for table `idx_discount_coupon`
--

CREATE TABLE `idx_discount_coupon` (
  `coupon_id` int(11) NOT NULL AUTO_INCREMENT,
  `coupon_code` varchar(255) DEFAULT NULL,
  `coupon_value` varchar(50) DEFAULT NULL,
  `link_type` varchar(255) DEFAULT NULL,
  `start_date` date DEFAULT NULL,
  `expired_date` date DEFAULT NULL,
  `expired_usage` int(11) DEFAULT NULL,
  `usage_count` int(11) DEFAULT NULL,
  PRIMARY KEY (`coupon_id`)
) ENGINE=MyISAM DEFAULT CHARSET=latin1;

--
-- Dumping data for table `idx_discount_coupon`
--


--
-- Table structure for table `idx_editor`
--

CREATE TABLE `idx_editor` (
  `username` varchar(20) DEFAULT NULL,
  `category_id` mediumint(9) DEFAULT NULL,
  `category` char(1) DEFAULT NULL,
  `link` char(1) DEFAULT NULL,
  `review` char(1) DEFAULT NULL,
  `pick` char(1) DEFAULT NULL,
  `status` char(1) DEFAULT NULL,
  `date` date DEFAULT NULL
) ENGINE=MyISAM DEFAULT CHARSET=latin1;

--
-- Dumping data for table `idx_editor`
--


--
-- Table structure for table `idx_email_template`
--

CREATE TABLE `idx_email_template` (
  `email_template_id` int(10) unsigned NOT NULL AUTO_INCREMENT,
  `name` varchar(255) DEFAULT NULL,
  `subject` varchar(255) DEFAULT NULL,
  `body` text,
  `altbody` text,
  PRIMARY KEY (`email_template_id`)
) ENGINE=MyISAM AUTO_INCREMENT=37 DEFAULT CHARSET=latin1;

--
-- Dumping data for table `idx_email_template`
--



--
-- Table structure for table `idx_favorites`
--

CREATE TABLE `idx_favorites` (
  `favorite_id` int(11) NOT NULL AUTO_INCREMENT,
  `username` varchar(20) DEFAULT NULL,
  `date` date DEFAULT NULL,
  `title` varchar(100) DEFAULT NULL,
  `description` text,
  PRIMARY KEY (`favorite_id`)
) ENGINE=MyISAM DEFAULT CHARSET=latin1;

--
-- Dumping data for table `idx_favorites`
--


--
-- Table structure for table `idx_favorites_detail`
--

CREATE TABLE `idx_favorites_detail` (
  `favorite_id` int(11) DEFAULT NULL,
  `link_id` mediumint(9) DEFAULT NULL
) ENGINE=MyISAM DEFAULT CHARSET=latin1;

--
-- Dumping data for table `idx_favorites_detail`
--


--
-- Table structure for table `idx_hook_place`
--

CREATE TABLE `idx_hook_place` (
  `hook_place_id` int(11) NOT NULL AUTO_INCREMENT,
  `filename` varchar(255) DEFAULT NULL,
  `hookname` varchar(255) DEFAULT NULL,
  PRIMARY KEY (`hook_place_id`)
) ENGINE=MyISAM DEFAULT CHARSET=latin1;

--
-- Dumping data for table `idx_hook_place`
--


--
-- Table structure for table `idx_invoice`
--

CREATE TABLE `idx_invoice` (
  `invoice_id` varchar(10) NOT NULL DEFAULT '',
  `invoice_date` date DEFAULT NULL,
  `due_date` date DEFAULT NULL,
  `invoiced_to` text,
  `service` varchar(255) DEFAULT NULL,
  `description` text,
  `total` double(8,2) DEFAULT NULL,
  `comment` text,
  `paid` char(1) DEFAULT NULL,
  `paid_date` date DEFAULT NULL,
  `email` varchar(255) DEFAULT NULL,
  PRIMARY KEY (`invoice_id`)
) ENGINE=MyISAM DEFAULT CHARSET=latin1;

--
-- Dumping data for table `idx_invoice`
--


--
-- Table structure for table `idx_invoice_config`
--

CREATE TABLE `idx_invoice_config` (
  `company` varchar(255) DEFAULT NULL,
  `contact` varchar(255) DEFAULT NULL,
  `address` text,
  `phone` varchar(255) DEFAULT NULL,
  `email` varchar(255) DEFAULT NULL,
  `currency_symbol` varchar(255) DEFAULT '$',
  `currency_code` varchar(255) DEFAULT 'USD'
) ENGINE=MyISAM DEFAULT CHARSET=latin1;

--
-- Dumping data for table `idx_invoice_config`
--

INSERT INTO `idx_invoice_config` VALUES ('Your website / Company','Billing Department','Your address','Your phone #','Billing<name@yourdomain.com>','$','USD');

--
-- Table structure for table `idx_link_temp`
--

CREATE TABLE `idx_link_temp` (
  `vid` mediumint(9) unsigned NOT NULL AUTO_INCREMENT,
  `spam` char(1) NOT NULL DEFAULT '0',
  `link_id` mediumint(9) DEFAULT NULL,
  `category_id` mediumint(9) unsigned NOT NULL DEFAULT '0',
  `title` varchar(100) NOT NULL DEFAULT '',
  `url` text NOT NULL,
  `description` text NOT NULL,
  `contact_name` varchar(100) NOT NULL DEFAULT '',
  `email` varchar(100) NOT NULL DEFAULT '',
  `hits` mediumint(9) DEFAULT NULL,
  `votes` smallint(6) DEFAULT NULL,
  `rating` float(4,2) DEFAULT NULL,
  `date` datetime NOT NULL DEFAULT '0000-00-00 00:00:00',
  `bid` smallint(6) NOT NULL DEFAULT '0',
  `new` char(1) DEFAULT NULL,
  `hot` char(1) DEFAULT NULL,
  `top_rated` char(1) DEFAULT NULL,
  `pick` char(1) DEFAULT NULL,
  `password` varchar(20) DEFAULT NULL,
  `updated` char(1) DEFAULT NULL,
  `reviews` smallint(6) DEFAULT NULL,
  `avg_review` float(4,2) DEFAULT NULL,
  `last_updated` datetime DEFAULT NULL,
  `official_review` text,
  `keywords` varchar(255) DEFAULT NULL,
  `cat1` mediumint(6) NOT NULL DEFAULT '0',
  `cat2` mediumint(6) NOT NULL DEFAULT '0',
  `suspended` char(1) NOT NULL DEFAULT '0',
  `reciprocal_url` varchar(255) DEFAULT NULL,
  `address` varchar(255) DEFAULT NULL,
  `city` varchar(255) DEFAULT NULL,
  `state` varchar(255) DEFAULT NULL,
  `country` varchar(255) DEFAULT NULL,
  `zip` varchar(255) DEFAULT NULL,
  `image` varchar(255) DEFAULT NULL,
  `phone` varchar(255) DEFAULT NULL,
  `fax` varchar(255) DEFAULT NULL,
  PRIMARY KEY (`vid`)
) ENGINE=MyISAM DEFAULT CHARSET=latin1;

--
-- Dumping data for table `idx_link_temp`
--


--
-- Table structure for table `idx_link_temp_user`
--

CREATE TABLE `idx_link_temp_user` (
  `vid` mediumint(9) unsigned NOT NULL DEFAULT '0',
  `username` varchar(20) NOT NULL DEFAULT '',
  PRIMARY KEY (`vid`)
) ENGINE=MyISAM DEFAULT CHARSET=latin1;

--
-- Dumping data for table `idx_link_temp_user`
--


--
-- Table structure for table `idx_link_user`
--

CREATE TABLE `idx_link_user` (
  `link_id` mediumint(9) unsigned NOT NULL DEFAULT '0',
  `username` varchar(20) NOT NULL DEFAULT '',
  PRIMARY KEY (`link_id`)
) ENGINE=MyISAM DEFAULT CHARSET=latin1;

--
-- Dumping data for table `idx_link_user`
--


--
-- Table structure for table `idx_mailing_list`
--

CREATE TABLE `idx_mailing_list` (
  `email` varchar(50) NOT NULL DEFAULT '',
  `code` varchar(4) DEFAULT NULL,
  `status` char(1) DEFAULT NULL,
  PRIMARY KEY (`email`)
) ENGINE=MyISAM DEFAULT CHARSET=latin1;

--
-- Dumping data for table `idx_mailing_list`
--


--
-- Table structure for table `idx_message`
--

CREATE TABLE `idx_message` (
  `message_id` smallint(6) NOT NULL AUTO_INCREMENT,
  `date` date DEFAULT NULL,
  `body` text,
  `subject` varchar(100) DEFAULT NULL,
  PRIMARY KEY (`message_id`)
) ENGINE=MyISAM DEFAULT CHARSET=latin1;

--
-- Dumping data for table `idx_message`
--


--
-- Table structure for table `idx_notification`
--

CREATE TABLE `idx_notification` (
  `username` varchar(20) NOT NULL DEFAULT '',
  `category_id` mediumint(9) NOT NULL DEFAULT '0'
) ENGINE=MyISAM DEFAULT CHARSET=latin1;

--
-- Dumping data for table `idx_notification`
--


--
-- Table structure for table `idx_pagerank`
--

CREATE TABLE `idx_pagerank` (
  `link_id` mediumint(8) unsigned NOT NULL DEFAULT '0',
  `engine` char(1) NOT NULL DEFAULT '',
  `rank` tinyint(4) NOT NULL DEFAULT '0',
  `last_update` date NOT NULL DEFAULT '0000-00-00',
  PRIMARY KEY (`link_id`,`engine`)
) ENGINE=MyISAM DEFAULT CHARSET=latin1;

--
-- Dumping data for table `idx_pagerank`
--

INSERT INTO `idx_pagerank` VALUES (60,'g',0,'2011-11-30'),(77,'g',0,'2011-11-30'),(65,'g',0,'2011-11-30'),(152,'g',0,'2011-11-30'),(181,'g',0,'2011-11-30'),(197,'g',0,'2011-11-30'),(202,'g',0,'2011-11-30'),(31,'g',0,'2011-11-30'),(186,'g',0,'2011-11-30'),(251,'g',0,'2011-11-30'),(417,'g',0,'2011-12-01'),(79,'g',0,'2011-12-01'),(207,'g',0,'2011-12-01'),(9,'g',0,'2011-12-01'),(7,'g',0,'2011-12-01'),(39,'g',0,'2011-12-01'),(72,'g',0,'2011-12-01'),(19,'g',0,'2011-12-01'),(54,'g',0,'2011-12-01'),(92,'g',0,'2011-12-01'),(37,'g',0,'2011-12-01'),(44,'g',0,'2011-12-01'),(58,'g',0,'2011-12-01'),(26,'g',0,'2011-12-01'),(260,'g',0,'2011-12-01'),(470,'g',0,'2011-12-01'),(144,'g',0,'2011-12-01'),(349,'g',0,'2011-12-01'),(63,'g',0,'2011-12-01'),(45,'g',0,'2011-12-01'),(12,'g',0,'2011-12-01'),(89,'g',0,'2011-12-01'),(166,'g',0,'2011-12-01'),(13,'g',0,'2011-12-01'),(14,'g',0,'2011-12-01'),(169,'g',0,'2011-12-01'),(48,'g',0,'2011-12-01'),(78,'g',0,'2011-12-01'),(106,'g',0,'2011-12-01'),(86,'g',0,'2011-12-01'),(206,'g',0,'2011-12-01'),(261,'g',0,'2011-12-01'),(471,'g',0,'2011-12-01'),(464,'g',0,'2011-12-01'),(2,'g',0,'2011-12-01'),(22,'g',0,'2011-12-01'),(184,'g',0,'2011-12-01'),(409,'g',0,'2011-12-01'),(83,'g',0,'2011-12-01'),(347,'g',0,'2011-12-01'),(416,'g',0,'2011-12-01'),(21,'g',0,'2011-12-01'),(17,'g',0,'2011-12-01'),(51,'g',0,'2011-12-01'),(80,'g',0,'2011-12-01'),(517,'g',0,'2011-12-01'),(134,'g',0,'2011-12-01'),(121,'g',0,'2011-12-01'),(35,'g',0,'2011-12-01'),(138,'g',0,'2011-12-01'),(4,'g',0,'2011-12-01'),(5,'g',0,'2011-12-01'),(361,'g',0,'2011-12-01'),(8,'g',0,'2011-12-01'),(70,'g',0,'2011-12-01'),(99,'g',0,'2011-12-01'),(127,'g',0,'2011-12-01'),(125,'g',0,'2011-12-01'),(193,'g',0,'2011-12-01'),(272,'g',0,'2011-12-01'),(50,'g',0,'2011-12-01'),(171,'g',0,'2011-12-01'),(324,'g',0,'2011-12-01'),(376,'g',0,'2011-12-01'),(29,'g',0,'2011-12-01'),(128,'g',0,'2011-12-01'),(148,'g',0,'2011-12-01'),(330,'g',0,'2011-12-01'),(6,'g',0,'2011-12-01'),(42,'g',0,'2011-12-01'),(113,'g',0,'2011-12-01'),(115,'g',0,'2011-12-01'),(23,'g',0,'2011-12-01'),(100,'g',0,'2011-12-01'),(346,'g',0,'2011-12-01'),(74,'g',0,'2011-12-01'),(122,'g',0,'2011-12-01'),(33,'g',0,'2011-12-01'),(32,'g',0,'2011-12-01'),(154,'g',0,'2011-12-01'),(10,'g',0,'2011-12-01'),(11,'g',0,'2011-12-01'),(198,'g',0,'2011-12-01'),(358,'g',0,'2011-12-01'),(415,'g',0,'2011-12-01'),(439,'g',0,'2011-12-01'),(215,'g',0,'2011-12-01'),(353,'g',0,'2011-12-01'),(425,'g',0,'2011-12-01'),(3,'g',0,'2011-12-01'),(84,'g',0,'2011-12-01'),(120,'g',0,'2011-12-01'),(359,'g',0,'2011-12-01'),(231,'g',0,'2011-12-01'),(428,'g',0,'2011-12-01'),(440,'g',0,'2011-12-01'),(38,'g',0,'2011-12-01'),(230,'g',0,'2011-12-01'),(322,'g',0,'2011-12-01'),(273,'g',0,'2011-12-01'),(205,'g',0,'2011-12-01'),(153,'g',0,'2011-12-01'),(49,'g',0,'2011-12-01'),(218,'g',0,'2011-12-01'),(441,'g',0,'2011-12-01'),(204,'g',0,'2011-12-01'),(368,'g',0,'2011-12-01'),(377,'g',0,'2011-12-01'),(367,'g',0,'2011-12-01'),(216,'g',0,'2011-12-01'),(414,'g',0,'2011-12-01'),(484,'g',0,'2011-12-01'),(318,'g',0,'2011-12-01'),(172,'g',0,'2011-12-01'),(426,'g',0,'2011-12-01'),(208,'g',0,'2011-12-01'),(109,'g',0,'2011-12-01'),(255,'g',0,'2011-12-01'),(418,'g',0,'2011-12-01'),(323,'g',0,'2011-12-01'),(463,'g',0,'2011-12-01'),(343,'g',0,'2011-12-01'),(110,'g',0,'2011-12-01'),(268,'g',0,'2011-12-01'),(305,'g',0,'2011-12-01'),(325,'g',0,'2011-12-01'),(454,'g',0,'2011-12-01'),(476,'g',0,'2011-12-01'),(194,'g',0,'2011-12-01'),(383,'g',0,'2011-12-01'),(516,'g',0,'2011-12-01'),(420,'g',0,'2011-12-01'),(240,'g',0,'2011-12-01'),(263,'g',0,'2011-12-01'),(404,'g',0,'2011-12-01'),(434,'g',0,'2011-12-01'),(435,'g',0,'2011-12-01'),(421,'g',0,'2011-12-01'),(429,'g',0,'2011-12-01'),(442,'g',0,'2011-12-01'),(467,'g',0,'2011-12-01'),(443,'g',0,'2011-12-01'),(371,'g',0,'2011-12-01'),(446,'g',0,'2011-12-01'),(465,'g',0,'2011-12-01'),(281,'g',0,'2011-12-01'),(250,'g',0,'2011-12-01'),(256,'g',0,'2011-12-01'),(389,'g',0,'2011-12-01'),(374,'g',0,'2011-12-01'),(259,'g',0,'2011-12-01'),(179,'g',0,'2011-12-01'),(269,'g',0,'2011-12-01'),(270,'g',0,'2011-12-01'),(187,'g',0,'2011-12-01'),(271,'g',0,'2011-12-01'),(235,'g',0,'2011-12-01'),(275,'g',0,'2011-12-01'),(276,'g',0,'2011-12-01'),(287,'g',0,'2011-12-01'),(290,'g',0,'2011-12-01'),(288,'g',0,'2011-12-01'),(293,'g',0,'2011-12-01'),(295,'g',0,'2011-12-01'),(296,'g',0,'2011-12-01'),(297,'g',0,'2011-12-01'),(200,'g',0,'2011-12-01'),(309,'g',0,'2011-12-01'),(286,'g',0,'2011-12-01'),(314,'g',0,'2011-12-01'),(292,'g',0,'2011-12-01'),(315,'g',0,'2011-12-01'),(445,'g',0,'2011-12-01'),(311,'g',0,'2011-12-01'),(380,'g',0,'2011-12-01'),(312,'g',0,'2011-12-01'),(481,'g',0,'2011-12-01'),(475,'g',0,'2011-12-01'),(407,'g',0,'2011-12-01'),(466,'g',0,'2011-12-01'),(341,'g',0,'2011-12-01'),(237,'g',0,'2011-12-01'),(264,'g',0,'2011-12-01'),(345,'g',0,'2011-12-01'),(329,'g',0,'2011-12-01'),(488,'g',0,'2011-12-01'),(431,'g',0,'2011-12-01'),(474,'g',0,'2011-12-01'),(132,'g',0,'2011-12-02'),(348,'g',0,'2011-12-02'),(338,'g',0,'2011-12-02'),(25,'g',0,'2011-12-02'),(133,'g',0,'2011-12-02'),(16,'g',0,'2011-12-03'),(82,'g',0,'2011-12-03'),(143,'g',0,'2011-12-03'),(15,'g',0,'2011-12-03'),(337,'g',0,'2011-12-03'),(41,'g',0,'2011-12-04'),(606,'g',0,'2012-03-04'),(739,'g',0,'2012-03-04'),(162,'g',0,'2011-12-04'),(679,'g',0,'2011-12-05'),(671,'g',0,'2011-12-05'),(73,'g',0,'2011-12-07'),(85,'g',0,'2011-12-07'),(71,'g',0,'2011-12-07'),(93,'g',0,'2011-12-07'),(91,'g',0,'2011-12-07'),(57,'g',0,'2011-12-07'),(141,'g',0,'2011-12-07'),(571,'g',0,'2012-02-04'),(94,'g',0,'2011-12-08'),(52,'g',0,'2011-12-08'),(87,'g',0,'2011-12-08'),(101,'g',0,'2011-12-08'),(159,'g',0,'2011-12-08'),(140,'g',0,'2011-12-08'),(173,'g',0,'2011-12-08'),(930,'g',0,'2011-12-09'),(972,'g',0,'2011-12-09'),(937,'g',0,'2011-12-10'),(584,'g',0,'2011-12-10'),(151,'g',0,'2011-12-10'),(564,'g',0,'2011-12-10'),(356,'g',0,'2011-12-10'),(595,'g',0,'2011-12-10'),(706,'g',0,'2011-12-12'),(771,'g',0,'2011-12-12'),(615,'g',0,'2012-02-04'),(534,'g',0,'2011-12-14'),(600,'g',0,'2011-12-14'),(572,'g',0,'2011-12-14'),(662,'g',0,'2011-12-14'),(549,'g',0,'2012-03-06'),(887,'g',0,'2011-12-14'),(1126,'g',0,'2012-01-31'),(1164,'g',0,'2012-01-31'),(1191,'g',0,'2012-01-31'),(1144,'g',0,'2011-12-14'),(1151,'g',0,'2012-01-31'),(1202,'g',0,'2012-01-31'),(1130,'g',0,'2011-12-14'),(1193,'g',0,'2012-01-31'),(1179,'g',0,'2012-01-31'),(1175,'g',0,'2012-01-31'),(682,'g',0,'2011-12-15'),(719,'g',0,'2011-12-15'),(554,'g',0,'2011-12-15'),(560,'g',0,'2011-12-15'),(614,'g',0,'2011-12-15'),(908,'g',0,'2011-12-15'),(586,'g',0,'2011-12-15'),(721,'g',0,'2011-12-15'),(1155,'g',0,'2011-12-15'),(1128,'g',0,'2011-12-15'),(1157,'g',0,'2011-12-15'),(694,'g',0,'2011-12-15'),(725,'g',0,'2012-02-23'),(893,'g',0,'2011-12-15'),(670,'g',0,'2012-02-23'),(629,'g',0,'2012-02-24'),(684,'g',0,'2012-01-21'),(610,'g',0,'2012-02-24'),(687,'g',0,'2012-01-21'),(653,'g',0,'2012-02-24'),(613,'g',0,'2012-02-24'),(714,'g',0,'2012-02-24'),(576,'g',0,'2012-02-24'),(1154,'g',0,'2012-01-21'),(1200,'g',0,'2012-02-24'),(695,'g',0,'2011-12-16'),(552,'g',0,'2011-12-16'),(567,'g',0,'2011-12-16'),(551,'g',0,'2011-12-16'),(555,'g',0,'2011-12-16'),(573,'g',0,'2012-01-19'),(593,'g',0,'2011-12-16'),(1109,'g',0,'2011-12-16'),(1161,'g',0,'2011-12-16'),(1101,'g',0,'2012-01-19'),(1204,'g',0,'2012-01-19'),(707,'g',0,'2011-12-17'),(681,'g',0,'2011-12-17'),(633,'g',0,'2012-01-24'),(596,'g',0,'2012-01-24'),(920,'g',0,'2011-12-19'),(656,'g',0,'2012-01-24'),(625,'g',0,'2012-01-24'),(649,'g',0,'2012-01-24'),(589,'g',0,'2011-12-19'),(558,'g',0,'2012-01-24'),(1121,'g',0,'2012-01-24'),(547,'g',0,'2012-01-24'),(665,'g',0,'2011-12-19'),(544,'g',0,'2012-02-17'),(543,'g',0,'2012-02-09'),(533,'g',0,'2012-02-09'),(1168,'g',0,'2012-01-31'),(1092,'g',0,'2012-02-09'),(1183,'g',0,'2012-01-31'),(1224,'g',0,'2012-01-31'),(1124,'g',0,'2012-01-31'),(1219,'g',0,'2012-01-31'),(1216,'g',0,'2012-01-31'),(1085,'g',0,'2011-12-20'),(654,'g',0,'2012-01-27'),(631,'g',0,'2011-12-20'),(676,'g',0,'2012-01-27'),(591,'g',0,'2012-01-27'),(562,'g',0,'2012-01-27'),(705,'g',0,'2012-01-27'),(659,'g',0,'2012-01-27'),(657,'g',0,'2012-01-27'),(642,'g',0,'2012-01-27'),(1123,'g',0,'2012-01-27'),(1167,'g',0,'2011-12-21'),(1108,'g',0,'2012-01-31'),(1122,'g',0,'2012-01-31'),(1090,'g',0,'2011-12-22'),(1178,'g',0,'2011-12-22'),(1218,'g',0,'2011-12-23'),(582,'g',0,'2012-01-30'),(553,'g',0,'2012-01-30'),(599,'g',0,'2012-01-30'),(577,'g',0,'2012-01-31'),(594,'g',0,'2012-01-30'),(532,'g',0,'2012-01-30'),(1214,'g',0,'2012-01-31'),(546,'g',0,'2012-01-30'),(1173,'g',0,'2012-01-31'),(1163,'g',0,'2012-01-30'),(1129,'g',0,'2012-01-31'),(1169,'g',0,'2012-01-31'),(1206,'g',0,'2012-01-31'),(1198,'g',0,'2012-01-31'),(1180,'g',0,'2012-01-31'),(1203,'g',0,'2012-01-31'),(1192,'g',0,'2012-01-31'),(1153,'g',0,'2012-02-17'),(1170,'g',0,'2012-01-31'),(789,'g',0,'2011-12-25'),(758,'g',0,'2011-12-25'),(869,'g',0,'2011-12-25'),(716,'g',0,'2011-12-25'),(740,'g',0,'2011-12-25'),(711,'g',0,'2012-01-27'),(1068,'g',0,'2011-12-25'),(537,'g',0,'2011-12-25'),(583,'g',0,'2011-12-25'),(588,'g',0,'2012-02-28'),(590,'g',0,'2011-12-25'),(556,'g',0,'2011-12-25'),(580,'g',0,'2011-12-25'),(548,'g',0,'2011-12-25'),(566,'g',0,'2011-12-25'),(592,'g',0,'2011-12-25'),(578,'g',0,'2012-02-21'),(683,'g',0,'2012-02-27'),(652,'g',0,'2011-12-26'),(632,'g',0,'2011-12-26'),(667,'g',0,'2011-12-26'),(622,'g',0,'2011-12-26'),(644,'g',0,'2012-02-20'),(674,'g',0,'2011-12-26'),(688,'g',0,'2011-12-26'),(650,'g',0,'2011-12-26'),(675,'g',0,'2011-12-26'),(1102,'g',0,'2011-12-27'),(1105,'g',0,'2012-02-21'),(1166,'g',0,'2011-12-27'),(1106,'g',0,'2011-12-27'),(1107,'g',0,'2012-02-22'),(1103,'g',0,'2011-12-27'),(1100,'g',0,'2011-12-27'),(1104,'g',0,'2011-12-27'),(1223,'g',0,'2011-12-27'),(1177,'g',0,'2011-12-27'),(601,'g',0,'2012-01-30'),(1215,'g',0,'2012-02-17'),(1217,'g',0,'2012-02-17'),(1201,'g',0,'2012-02-25'),(1197,'g',0,'2012-02-17'),(1199,'g',0,'2012-02-17'),(1190,'g',0,'2012-02-17'),(1188,'g',0,'2012-02-17'),(1184,'g',0,'2012-02-17'),(1195,'g',0,'2012-02-17'),(1187,'g',0,'2012-02-17'),(1225,'g',0,'2012-01-31'),(912,'g',0,'2011-12-31'),(909,'g',0,'2011-12-31'),(1229,'g',0,'2011-12-31'),(574,'g',0,'2011-12-31'),(724,'g',0,'2011-12-31'),(1098,'g',0,'2011-12-31'),(1194,'g',0,'2011-12-31'),(738,'g',0,'2012-01-01'),(1186,'g',0,'2012-01-01'),(660,'g',0,'2012-01-01'),(648,'g',0,'2012-01-01'),(541,'g',0,'2012-01-01'),(645,'g',0,'2012-01-01'),(1230,'g',0,'2012-01-01'),(1156,'g',0,'2012-01-01'),(1247,'g',0,'2012-01-01'),(1079,'g',0,'2012-03-04'),(617,'g',0,'2012-01-01'),(1207,'g',0,'2012-01-01'),(1171,'g',0,'2012-01-01'),(1152,'g',0,'2012-01-02'),(646,'g',0,'2012-01-02'),(597,'g',0,'2012-01-02'),(539,'g',0,'2012-01-02'),(581,'g',0,'2012-01-02'),(1084,'g',0,'2012-01-02'),(1227,'g',0,'2012-01-02'),(1189,'g',0,'2012-02-04'),(1242,'g',0,'2012-03-04'),(658,'g',0,'2012-01-03'),(773,'g',0,'2012-01-03'),(693,'g',0,'2012-02-04'),(1220,'g',0,'2012-01-03'),(1221,'g',0,'2012-01-03'),(1172,'g',0,'2012-01-03'),(1236,'g',0,'2012-01-03'),(1196,'g',0,'2012-01-03'),(1303,'g',0,'2012-01-04'),(1283,'g',0,'2012-01-04'),(1293,'g',0,'2012-01-04'),(1269,'g',0,'2012-01-04'),(1263,'g',0,'2012-01-04'),(1205,'g',0,'2012-01-05'),(1076,'g',0,'2012-01-05'),(898,'g',0,'2012-01-06'),(1228,'g',0,'2012-03-02'),(886,'g',0,'2012-01-07'),(885,'g',0,'2012-03-06'),(892,'g',0,'2012-01-07'),(1237,'g',0,'2012-01-07'),(919,'g',0,'2012-01-07'),(1251,'g',0,'2012-01-07'),(1273,'g',0,'2012-01-07'),(781,'g',0,'2012-01-07'),(779,'g',0,'2012-01-07'),(778,'g',0,'2012-01-07'),(783,'g',0,'2012-01-07'),(797,'g',0,'2012-01-07'),(785,'g',0,'2012-02-09'),(873,'g',0,'2012-02-09'),(1165,'g',0,'2012-02-09'),(717,'g',0,'2012-02-09'),(891,'g',0,'2012-02-09'),(879,'g',0,'2012-02-09'),(672,'g',0,'2012-02-09'),(895,'g',0,'2012-01-07'),(680,'g',0,'2012-01-07'),(587,'g',0,'2012-01-07'),(561,'g',0,'2012-01-07'),(563,'g',0,'2012-01-07'),(784,'g',0,'2012-01-07'),(602,'g',0,'2012-01-07'),(538,'g',0,'2012-01-07'),(557,'g',0,'2012-01-07'),(540,'g',0,'2012-01-07'),(792,'g',0,'2012-01-07'),(585,'g',0,'2012-01-07'),(1127,'g',0,'2012-01-07'),(782,'g',0,'2012-01-07'),(1125,'g',0,'2012-01-07'),(795,'g',0,'2012-01-07'),(794,'g',0,'2012-01-07'),(1256,'g',0,'2012-01-07'),(890,'g',0,'2012-02-09'),(913,'g',0,'2012-01-07'),(889,'g',0,'2012-01-07'),(888,'g',0,'2012-01-07'),(883,'g',0,'2012-01-07'),(692,'g',0,'2012-01-07'),(731,'g',0,'2012-01-07'),(702,'g',0,'2012-01-07'),(664,'g',0,'2012-01-07'),(897,'g',0,'2012-01-07'),(880,'g',0,'2012-01-07'),(828,'g',0,'2012-01-07'),(608,'g',0,'2012-01-07'),(579,'g',0,'2012-01-07'),(628,'g',0,'2012-01-07'),(605,'g',0,'2012-01-07'),(545,'g',0,'2012-01-07'),(575,'g',0,'2012-01-07'),(1095,'g',0,'2012-01-08'),(1096,'g',0,'2012-01-08'),(793,'g',0,'2012-01-08'),(787,'g',0,'2012-01-08'),(896,'g',0,'2012-01-08'),(710,'g',0,'2012-01-08'),(871,'g',0,'2012-01-08'),(790,'g',0,'2012-01-08'),(627,'g',0,'2012-01-08'),(569,'g',0,'2012-01-08'),(761,'g',0,'2012-01-08'),(759,'g',0,'2012-01-08'),(755,'g',0,'2012-01-08'),(868,'g',0,'2012-01-08'),(911,'g',0,'2012-01-08'),(1099,'g',0,'2012-01-08'),(559,'g',0,'2012-01-08'),(535,'g',0,'2012-01-08'),(668,'g',0,'2012-02-09'),(616,'g',0,'2012-01-08'),(607,'g',0,'2012-01-08'),(568,'g',0,'2012-01-08'),(878,'g',0,'2012-01-08'),(791,'g',0,'2012-01-08'),(772,'g',0,'2012-01-08'),(807,'g',0,'2012-01-08'),(626,'g',0,'2012-01-08'),(753,'g',0,'2012-01-08'),(803,'g',0,'2012-01-08'),(760,'g',0,'2012-01-08'),(752,'g',0,'2012-01-08'),(757,'g',0,'2012-01-08'),(802,'g',0,'2012-01-08'),(754,'g',0,'2012-01-08'),(801,'g',0,'2012-01-08'),(800,'g',0,'2012-01-08'),(804,'g',0,'2012-01-08'),(756,'g',0,'2012-01-08'),(762,'g',0,'2012-01-08'),(805,'g',0,'2012-01-08'),(901,'g',0,'2012-02-24'),(1071,'g',0,'2012-01-08'),(1072,'g',0,'2012-01-08'),(713,'g',0,'2012-01-08'),(726,'g',0,'2012-01-08'),(734,'g',0,'2012-01-08'),(735,'g',0,'2012-01-08'),(722,'g',0,'2012-01-08'),(798,'g',0,'2012-01-08'),(729,'g',0,'2012-01-08'),(806,'g',0,'2012-01-08'),(550,'g',0,'2012-01-08'),(723,'g',0,'2012-01-08'),(720,'g',0,'2012-01-08'),(741,'g',0,'2012-01-08'),(817,'g',0,'2012-01-08'),(736,'g',0,'2012-01-08'),(810,'g',0,'2012-01-08'),(799,'g',0,'2012-01-08'),(1258,'g',0,'2012-01-09'),(708,'g',0,'2012-02-26'),(697,'g',0,'2012-01-09'),(727,'g',0,'2012-02-21'),(700,'g',0,'2012-01-09'),(689,'g',0,'2012-01-09'),(796,'g',0,'2012-01-09'),(788,'g',0,'2012-01-09'),(701,'g',0,'2012-01-09'),(624,'g',0,'2012-01-09'),(618,'g',0,'2012-01-09'),(620,'g',0,'2012-01-09'),(637,'g',0,'2012-01-09'),(647,'g',0,'2012-01-09'),(611,'g',0,'2012-01-09'),(621,'g',0,'2012-01-09'),(640,'g',0,'2012-01-09'),(767,'g',0,'2012-01-09'),(812,'g',0,'2012-01-09'),(768,'g',0,'2012-01-09'),(815,'g',0,'2012-01-09'),(808,'g',0,'2012-01-09'),(777,'g',0,'2012-01-09'),(766,'g',0,'2012-01-09'),(776,'g',0,'2012-01-09'),(809,'g',0,'2012-01-09'),(813,'g',0,'2012-01-09'),(775,'g',0,'2012-01-09'),(811,'g',0,'2012-01-09'),(763,'g',0,'2012-01-09'),(764,'g',0,'2012-01-09'),(774,'g',0,'2012-01-09'),(1261,'g',0,'2012-02-21'),(730,'g',0,'2012-01-09'),(704,'g',0,'2012-01-09'),(770,'g',0,'2012-01-09'),(696,'g',0,'2012-01-09'),(875,'g',0,'2012-01-09'),(709,'g',0,'2012-01-09'),(685,'g',0,'2012-01-09'),(728,'g',0,'2012-01-09'),(691,'g',0,'2012-01-09'),(612,'g',0,'2012-01-09'),(638,'g',0,'2012-01-09'),(814,'g',0,'2012-01-09'),(816,'g',0,'2012-01-09'),(1253,'g',0,'2012-01-09'),(1259,'g',0,'2012-01-09'),(1262,'g',0,'2012-01-09'),(698,'g',0,'2012-01-09'),(661,'g',0,'2012-01-09'),(623,'g',0,'2012-01-09'),(907,'g',0,'2012-01-09'),(604,'g',0,'2012-01-09'),(699,'g',0,'2012-01-09'),(1094,'g',0,'2012-02-23'),(1349,'g',0,'2012-01-10'),(1244,'g',0,'2012-01-10'),(1185,'g',0,'2012-01-10'),(1181,'g',0,'2012-01-10'),(565,'g',0,'2012-01-10'),(732,'g',0,'2012-02-21'),(737,'g',0,'2012-01-10'),(1089,'g',0,'2012-01-10'),(769,'g',0,'2012-01-10'),(780,'g',0,'2012-01-10'),(786,'g',0,'2012-01-10'),(910,'g',0,'2012-01-10'),(882,'g',0,'2012-01-10'),(609,'g',0,'2012-01-10'),(663,'g',0,'2012-01-10'),(639,'g',0,'2012-01-10'),(635,'g',0,'2012-01-10'),(655,'g',0,'2012-01-10'),(641,'g',0,'2012-01-10'),(703,'g',0,'2012-01-10'),(673,'g',0,'2012-01-10'),(746,'g',0,'2012-01-10'),(765,'g',0,'2012-01-10'),(651,'g',0,'2012-01-10'),(747,'g',0,'2012-01-10'),(743,'g',0,'2012-01-10'),(745,'g',0,'2012-01-10'),(872,'g',0,'2012-01-10'),(900,'g',0,'2012-01-10'),(902,'g',0,'2012-01-10'),(1077,'g',0,'2012-01-10'),(876,'g',0,'2012-01-10'),(1080,'g',0,'2012-01-10'),(678,'g',0,'2012-01-10'),(866,'g',0,'2012-01-10'),(712,'g',0,'2012-01-10'),(751,'g',0,'2012-01-10'),(744,'g',0,'2012-01-10'),(749,'g',0,'2012-01-10'),(750,'g',0,'2012-01-10'),(748,'g',0,'2012-01-10'),(742,'g',0,'2012-01-10'),(829,'g',0,'2012-01-10'),(1243,'g',0,'2012-01-10'),(630,'g',0,'2012-01-10'),(686,'g',0,'2012-01-10'),(619,'g',0,'2012-01-10'),(870,'g',0,'2012-01-11'),(1245,'g',0,'2012-01-11'),(677,'g',0,'2012-01-11'),(1348,'g',0,'2012-01-11'),(1396,'g',0,'2012-01-11'),(906,'g',0,'2012-01-11'),(715,'g',0,'2012-01-11'),(643,'g',0,'2012-01-11'),(690,'g',0,'2012-01-11'),(1248,'g',0,'2012-01-11'),(877,'g',0,'2012-01-13'),(666,'g',0,'2012-01-13'),(1418,'g',0,'2012-01-13'),(1339,'g',0,'2012-01-14'),(1387,'g',0,'2012-01-14'),(1367,'g',0,'2012-01-14'),(1447,'g',0,'2012-01-15'),(1565,'g',0,'2012-01-15'),(1498,'g',0,'2012-01-15'),(1864,'g',0,'2012-01-19'),(1960,'g',0,'2012-02-23'),(1769,'g',0,'2012-01-19'),(1827,'g',0,'2012-01-19'),(1941,'g',0,'2012-01-19'),(1850,'g',0,'2012-01-19'),(1946,'g',0,'2012-01-19'),(1899,'g',0,'2012-01-19'),(1995,'g',0,'2012-01-19'),(1975,'g',0,'2012-01-19'),(1932,'g',0,'2012-01-19'),(1950,'g',0,'2012-01-19'),(1989,'g',0,'2012-01-19'),(1933,'g',0,'2012-01-19'),(1879,'g',0,'2012-01-19'),(1893,'g',0,'2012-01-19'),(1959,'g',0,'2012-01-19'),(1257,'g',0,'2012-01-19'),(1260,'g',0,'2012-01-19'),(2005,'g',0,'2012-01-19'),(2011,'g',0,'2012-01-19'),(2008,'g',0,'2012-01-19'),(1980,'g',0,'2012-01-19'),(1754,'g',0,'2012-01-19'),(1958,'g',0,'2012-01-19'),(1970,'g',0,'2012-01-19'),(1255,'g',0,'2012-01-19'),(1957,'g',0,'2012-01-19'),(1992,'g',0,'2012-01-19'),(1973,'g',0,'2012-01-19'),(1264,'g',0,'2012-01-19'),(1974,'g',0,'2012-01-19'),(1990,'g',0,'2012-01-19'),(1272,'g',0,'2012-01-19'),(1780,'g',0,'2012-01-19'),(1835,'g',0,'2012-01-19'),(1771,'g',0,'2012-01-19'),(1858,'g',0,'2012-01-19'),(1829,'g',0,'2012-01-19'),(1799,'g',0,'2012-01-19'),(1796,'g',0,'2012-01-19'),(1768,'g',0,'2012-01-19'),(1717,'g',0,'2012-01-19'),(1856,'g',0,'2012-01-19'),(1916,'g',0,'2012-01-19'),(1813,'g',0,'2012-01-19'),(1820,'g',0,'2012-01-19'),(1761,'g',0,'2012-01-19'),(1909,'g',0,'2012-01-19'),(1863,'g',0,'2012-01-19'),(1763,'g',0,'2012-01-19'),(1833,'g',0,'2012-01-19'),(1834,'g',0,'2012-01-19'),(1971,'g',0,'2012-01-19'),(1987,'g',0,'2012-01-19'),(2007,'g',0,'2012-01-20'),(1967,'g',0,'2012-01-20'),(1965,'g',0,'2012-01-20'),(1966,'g',0,'2012-01-20'),(1968,'g',0,'2012-01-20'),(1969,'g',0,'2012-01-20'),(1270,'g',0,'2012-01-21'),(1160,'g',0,'2012-01-21'),(1174,'g',0,'2012-01-21'),(603,'g',0,'2012-01-21'),(570,'g',0,'2012-01-21'),(1728,'g',0,'2012-01-21'),(1977,'g',0,'2012-01-21'),(1746,'g',0,'2012-01-22'),(1718,'g',0,'2012-01-22'),(1982,'g',0,'2012-01-22'),(1770,'g',0,'2012-01-22'),(1940,'g',0,'2012-01-22'),(1951,'g',0,'2012-01-22'),(1924,'g',0,'2012-02-22'),(1928,'g',0,'2012-01-22'),(1983,'g',0,'2012-01-22'),(1935,'g',0,'2012-01-22'),(1943,'g',0,'2012-01-22'),(1978,'g',0,'2012-01-22'),(1999,'g',0,'2012-01-22'),(1944,'g',0,'2012-01-22'),(1923,'g',0,'2012-01-22'),(1938,'g',0,'2012-01-23'),(1993,'g',0,'2012-01-23'),(1979,'g',0,'2012-01-23'),(1953,'g',0,'2012-01-23'),(1912,'g',0,'2012-01-23'),(1961,'g',0,'2012-01-23'),(1918,'g',0,'2012-01-23'),(1936,'g',0,'2012-01-23'),(1976,'g',0,'2012-01-23'),(1917,'g',0,'2012-01-23'),(2040,'g',0,'2012-01-24'),(1988,'g',0,'2012-01-24'),(922,'g',0,'2012-01-27'),(915,'g',0,'2012-01-27'),(917,'g',0,'2012-01-27'),(1070,'g',0,'2012-01-27'),(1081,'g',0,'2012-01-27'),(1238,'g',0,'2012-01-27'),(1087,'g',0,'2012-01-27'),(1083,'g',0,'2012-01-27'),(1239,'g',0,'2012-01-27'),(733,'g',0,'2012-01-27'),(634,'g',0,'2012-01-27'),(881,'g',0,'2012-01-27'),(899,'g',0,'2012-01-27'),(1914,'g',0,'2012-01-27'),(1240,'g',0,'2012-01-27'),(865,'g',0,'2012-01-27'),(1913,'g',0,'2012-01-27'),(2028,'g',0,'2012-01-28'),(1093,'g',0,'2012-01-28'),(918,'g',0,'2012-01-29'),(916,'g',0,'2012-01-29'),(904,'g',0,'2012-01-29'),(2023,'g',0,'2012-01-29'),(2024,'g',0,'2012-01-29'),(1271,'g',0,'2012-01-29'),(1082,'g',0,'2012-01-30'),(2022,'g',0,'2012-01-30'),(1241,'g',0,'2012-01-30'),(1962,'g',0,'2012-01-30'),(1954,'g',0,'2012-01-30'),(1929,'g',0,'2012-01-30'),(2052,'g',0,'2012-01-30'),(2041,'g',0,'2012-01-30'),(2016,'g',0,'2012-01-31'),(2015,'g',0,'2012-01-31'),(2025,'g',0,'2012-01-31'),(2017,'g',0,'2012-01-31'),(2020,'g',0,'2012-01-31'),(2021,'g',0,'2012-01-31'),(2019,'g',0,'2012-01-31'),(2009,'g',0,'2012-01-31'),(2018,'g',0,'2012-01-31'),(2010,'g',0,'2012-01-31'),(2056,'g',0,'2012-01-31'),(2014,'g',0,'2012-02-02'),(1997,'g',0,'2012-02-03'),(2004,'g',0,'2012-02-03'),(1998,'g',0,'2012-02-03'),(2003,'g',0,'2012-02-03'),(2002,'g',0,'2012-02-03'),(1252,'g',0,'2012-02-03'),(1088,'g',0,'2012-02-04'),(1226,'g',0,'2012-02-04'),(2060,'g',0,'2012-02-04'),(2101,'g',0,'2012-02-05'),(2030,'g',0,'2012-02-06'),(1075,'g',0,'2012-02-06'),(2032,'g',0,'2012-02-07'),(2168,'g',0,'2012-02-09'),(2144,'g',0,'2012-02-09'),(2058,'g',0,'2012-02-14'),(1964,'g',0,'2012-02-14'),(2148,'g',0,'2012-02-14'),(2147,'g',0,'2012-02-14'),(2171,'g',0,'2012-02-14'),(2196,'g',0,'2012-02-14'),(2057,'g',0,'2012-02-14'),(2172,'g',0,'2012-02-14'),(2055,'g',0,'2012-02-14'),(2167,'g',0,'2012-02-14'),(2102,'g',0,'2012-02-14'),(2150,'g',0,'2012-02-14'),(2201,'g',0,'2012-02-14'),(2192,'g',0,'2012-02-14'),(2081,'g',0,'2012-02-14'),(2026,'g',0,'2012-02-14'),(2044,'g',0,'2012-02-14'),(2037,'g',0,'2012-02-14'),(1915,'g',0,'2012-02-14'),(1234,'g',0,'2012-02-14'),(2050,'g',0,'2012-02-14'),(2106,'g',0,'2012-02-14'),(1926,'g',0,'2012-02-14'),(1972,'g',0,'2012-02-14'),(2165,'g',0,'2012-02-14'),(1919,'g',0,'2012-02-14'),(849,'g',0,'2012-02-14'),(2120,'g',0,'2012-02-14'),(841,'g',0,'2012-02-14'),(2094,'g',0,'2012-02-14'),(847,'g',0,'2012-02-14'),(2190,'g',0,'2012-02-14'),(2059,'g',0,'2012-02-14'),(2110,'g',0,'2012-02-14'),(2169,'g',0,'2012-02-14'),(848,'g',0,'2012-02-14'),(864,'g',0,'2012-02-14'),(2195,'g',0,'2012-02-14'),(2146,'g',0,'2012-02-14'),(2103,'g',0,'2012-02-14'),(2082,'g',0,'2012-02-14'),(2054,'g',0,'2012-02-14'),(2202,'g',0,'2012-02-14'),(2170,'g',0,'2012-02-14'),(1925,'g',0,'2012-02-14'),(1930,'g',0,'2012-02-14'),(1931,'g',0,'2012-02-14'),(2031,'g',0,'2012-02-14'),(2036,'g',0,'2012-02-14'),(1952,'g',0,'2012-02-14'),(1921,'g',0,'2012-02-14'),(2166,'g',0,'2012-02-14'),(860,'g',0,'2012-02-14'),(863,'g',0,'2012-02-14'),(2035,'g',0,'2012-02-14'),(851,'g',0,'2012-02-14'),(835,'g',0,'2012-02-14'),(2179,'g',0,'2012-02-14'),(2114,'g',0,'2012-02-14'),(2174,'g',0,'2012-02-14'),(1948,'g',0,'2012-02-14'),(1981,'g',0,'2012-02-14'),(2086,'g',0,'2012-02-14'),(820,'g',0,'2012-02-14'),(1927,'g',0,'2012-02-14'),(850,'g',0,'2012-02-14'),(859,'g',0,'2012-02-14'),(2095,'g',0,'2012-02-14'),(2093,'g',0,'2012-02-14'),(2096,'g',0,'2012-02-14'),(2105,'g',0,'2012-02-14'),(1986,'g',0,'2012-02-15'),(862,'g',0,'2012-02-15'),(1922,'g',0,'2012-02-15'),(2184,'g',0,'2012-02-15'),(852,'g',0,'2012-02-15'),(2000,'g',0,'2012-02-15'),(2112,'g',0,'2012-02-15'),(2187,'g',0,'2012-02-15'),(853,'g',0,'2012-02-15'),(2151,'g',0,'2012-02-15'),(2049,'g',0,'2012-02-15'),(861,'g',0,'2012-02-15'),(823,'g',0,'2012-02-15'),(825,'g',0,'2012-02-15'),(821,'g',0,'2012-02-15'),(1996,'g',0,'2012-02-15'),(2173,'g',0,'2012-02-15'),(2182,'g',0,'2012-02-15'),(826,'g',0,'2012-02-15'),(2109,'g',0,'2012-02-15'),(827,'g',0,'2012-02-15'),(894,'g',0,'2012-02-15'),(830,'g',0,'2012-02-15'),(824,'g',0,'2012-02-15'),(2200,'g',0,'2012-02-15'),(2108,'g',0,'2012-02-15'),(2158,'g',0,'2012-02-15'),(2116,'g',0,'2012-02-15'),(2149,'g',0,'2012-02-15'),(884,'g',0,'2012-02-15'),(854,'g',0,'2012-02-15'),(2178,'g',0,'2012-02-15'),(2111,'g',0,'2012-02-15'),(2119,'g',0,'2012-02-15'),(2088,'g',0,'2012-02-15'),(2188,'g',0,'2012-02-15'),(2098,'g',0,'2012-02-15'),(2039,'g',0,'2012-02-15'),(2155,'g',0,'2012-02-15'),(2097,'g',0,'2012-02-15'),(2176,'g',0,'2012-02-15'),(836,'g',0,'2012-02-15'),(1963,'g',0,'2012-02-15'),(2177,'g',0,'2012-02-15'),(2089,'g',0,'2012-02-15'),(832,'g',0,'2012-02-15'),(2189,'g',0,'2012-02-15'),(2034,'g',0,'2012-02-15'),(837,'g',0,'2012-02-15'),(2203,'g',0,'2012-02-15'),(2053,'g',0,'2012-02-15'),(2104,'g',0,'2012-02-15'),(838,'g',0,'2012-02-15'),(2013,'g',0,'2012-02-15'),(2194,'g',0,'2012-02-15'),(1947,'g',0,'2012-02-15'),(845,'g',0,'2012-02-15'),(2042,'g',0,'2012-02-15'),(842,'g',0,'2012-02-15'),(2117,'g',0,'2012-02-15'),(1911,'g',0,'2012-02-15'),(2175,'g',0,'2012-02-15'),(856,'g',0,'2012-02-15'),(2038,'g',0,'2012-02-15'),(822,'g',0,'2012-02-15'),(905,'g',0,'2012-02-15'),(2087,'g',0,'2012-02-15'),(855,'g',0,'2012-02-15'),(1920,'g',0,'2012-02-15'),(2181,'g',0,'2012-02-15'),(1069,'g',0,'2012-02-15'),(2185,'g',0,'2012-02-15'),(2113,'g',0,'2012-02-15'),(1939,'g',0,'2012-02-15'),(2091,'g',0,'2012-02-15'),(846,'g',0,'2012-02-15'),(903,'g',0,'2012-02-15'),(833,'g',0,'2012-02-15'),(2164,'g',0,'2012-02-15'),(1249,'g',0,'2012-02-15'),(2197,'g',0,'2012-02-15'),(2115,'g',0,'2012-02-15'),(2012,'g',0,'2012-02-15'),(2153,'g',0,'2012-02-15'),(2156,'g',0,'2012-02-15'),(2043,'g',0,'2012-02-15'),(1910,'g',0,'2012-02-15'),(2100,'g',0,'2012-02-15'),(2107,'g',0,'2012-02-15'),(2154,'g',0,'2012-02-15'),(2092,'g',0,'2012-02-15'),(1945,'g',0,'2012-02-15'),(1250,'g',0,'2012-02-15'),(2121,'g',0,'2012-02-15'),(2085,'g',0,'2012-02-15'),(2118,'g',0,'2012-02-15'),(819,'g',0,'2012-02-15'),(1949,'g',0,'2012-02-15'),(2090,'g',0,'2012-02-15'),(2160,'g',0,'2012-02-15'),(1934,'g',0,'2012-02-15'),(1985,'g',0,'2012-02-15'),(2191,'g',0,'2012-02-15'),(2029,'g',0,'2012-02-15'),(2163,'g',0,'2012-02-15'),(844,'g',0,'2012-02-15'),(2186,'g',0,'2012-02-15'),(2209,'g',0,'2012-02-15'),(2205,'g',0,'2012-02-15'),(2208,'g',0,'2012-02-15'),(2207,'g',0,'2012-02-15'),(2027,'g',0,'2012-02-15'),(2199,'g',0,'2012-02-15'),(2006,'g',0,'2012-02-15'),(2204,'g',0,'2012-02-15'),(2152,'g',0,'2012-02-15'),(2084,'g',0,'2012-02-15'),(1955,'g',0,'2012-02-15'),(839,'g',0,'2012-02-15'),(1937,'g',0,'2012-02-15'),(858,'g',0,'2012-02-15'),(2159,'g',0,'2012-02-15'),(840,'g',0,'2012-02-15'),(2033,'g',0,'2012-02-15'),(2193,'g',0,'2012-02-15'),(1956,'g',0,'2012-02-15'),(818,'g',0,'2012-02-15'),(2198,'g',0,'2012-02-15'),(1942,'g',0,'2012-02-15'),(2183,'g',0,'2012-02-15'),(843,'g',0,'2012-02-15'),(857,'g',0,'2012-02-15'),(2083,'g',0,'2012-02-15'),(2161,'g',0,'2012-02-15'),(831,'g',0,'2012-02-15'),(2162,'g',0,'2012-02-15'),(1991,'g',0,'2012-02-15'),(834,'g',0,'2012-02-15'),(2001,'g',0,'2012-02-15'),(2157,'g',0,'2012-02-15'),(1091,'g',0,'2012-02-15'),(2099,'g',0,'2012-02-15'),(2180,'g',0,'2012-02-15'),(2206,'g',0,'2012-02-16'),(2210,'g',0,'2012-02-17'),(2051,'g',0,'2012-02-17'),(1984,'g',0,'2012-02-17'),(2211,'g',0,'2012-02-18'),(2214,'g',0,'2012-02-21'),(2218,'g',0,'2012-02-23'),(1235,'g',0,'2012-02-24'),(1268,'g',0,'2012-02-24'),(1074,'g',0,'2012-02-24'),(2222,'g',0,'2012-02-24'),(1231,'g',0,'2012-02-24'),(1267,'g',0,'2012-02-24'),(2223,'g',0,'2012-02-25'),(2212,'g',0,'2012-02-25'),(921,'g',0,'2012-02-25'),(2221,'g',0,'2012-02-25'),(1266,'g',0,'2012-02-25'),(2213,'g',0,'2012-02-25'),(1254,'g',0,'2012-02-25'),(1232,'g',0,'2012-02-26'),(1265,'g',0,'2012-02-26'),(2216,'g',0,'2012-02-26'),(2224,'g',0,'2012-02-28'),(2225,'g',0,'2012-02-28'),(2228,'g',0,'2012-02-28'),(2227,'g',0,'2012-02-28'),(2232,'g',0,'2012-03-01'),(2219,'g',0,'2012-03-03'),(2217,'g',0,'2012-03-04'),(1086,'g',0,'2012-03-04'),(2252,'g',0,'2012-03-05'),(2236,'g',0,'2012-03-05'),(2253,'g',0,'2012-03-05'),(2256,'g',0,'2012-03-06'),(2255,'g',0,'2012-03-07');

--
-- Table structure for table `idx_paid_listing`
--

CREATE TABLE `idx_paid_listing` (
  `link_id` mediumint(9) unsigned NOT NULL DEFAULT '0',
  `premium` char(1) DEFAULT NULL,
  `sponsored` char(1) DEFAULT NULL,
  `expire` datetime DEFAULT NULL,
  `paid` char(1) DEFAULT NULL,
  PRIMARY KEY (`link_id`)
) ENGINE=MyISAM DEFAULT CHARSET=latin1;

--
-- Dumping data for table `idx_paid_listing`
--


--
-- Table structure for table `idx_payment_gateway`
--

CREATE TABLE `idx_payment_gateway` (
  `payment_gateway_id` int(11) NOT NULL AUTO_INCREMENT,
  `name` varchar(100) DEFAULT NULL,
  `enable` char(1) DEFAULT NULL,
  `setting` text,
  `invoice_html` text,
  PRIMARY KEY (`payment_gateway_id`)
) ENGINE=MyISAM AUTO_INCREMENT=9 DEFAULT CHARSET=latin1;

--
-- Dumping data for table `idx_payment_gateway`
--

INSERT INTO `idx_payment_gateway` VALUES (1,'paypal','1','a:2:{s:13:\"payment_email\";s:0:\"\";s:21:\"enable_paypal_sandbox\";s:1:\"0\";}','<p> \r\n	<a href=\'paynow.php?id={$invoice_id}&m=paypal\'><img src=\'http://www.paypal.com/images/x-click-but02.gif\' border=\'0\' alt=\'Make payments with PayPal - it is fast, free and secure!\' /></a> \r\n</p>\r\n'),(2,'2co','0','a:6:{s:6:\"co_sid\";s:5:\"84932\";s:9:\"co_secret\";s:5:\"tango\";s:12:\"co_recurring\";s:1:\"0\";s:9:\"co_prod_1\";s:6:\"100.00\";s:9:\"co_prod_2\";s:6:\"250.00\";s:9:\"co_prod_3\";s:6:\"400.00\";}','<p>\r\n<a href=\'paynow.php?id={$invoice_id}&m=2co\'><img src=\'http://www.2checkout.com/images/overview/btns/25.jpg\' alt=\'Pay Now with 2checkout...\' border=\'0\' /></a> \r\n</p>'),(3,'authorizenet','0','a:2:{s:21:\"authorizenet_login_id\";s:0:\"\";s:21:\"authorizenet_tran_key\";s:0:\"\";}','<p> \r\n<a href=\'paynow.php?id={$invoice_id}&m=authorizenet\'><img src=\'http://www.authorize.net/upload/images/Images/Header/authorizenet_logo.gif\' alt=\'Pay Now with Authorize.Net...\' width=\'99\' height=\'39\' style=\'{border : 1px solid #c0c0c0;}\' /></a>\r\n</p>'),(4,'egold','0','a:2:{s:19:\"egold_payee_account\";s:0:\"\";s:16:\"egold_payee_name\";s:0:\"\";}','<p> \r\n<a href=\'paynow.php?id={$invoice_id}&m=egold\'>\r\n<img src=\'http://www.e-gold.com/gif/paywith.gif\' border=\'0\' alt=\'Pay Now with e-gold...\' />\r\n</a>\r\n</p>'),(5,'moneybookers','0','a:1:{s:18:\"moneybookers_email\";s:0:\"\";}','<p> \r\n<a href=\'paynow.php?id={$invoice_id}&m=paypal\'><img src=\'http://www.moneybookers.com/images/banners/88_en_mb.gif\' border=\'0\' alt=\'Make payments with Moneybookers - it is fast, free and secure!\' /></a> \r\n</p>'),(6,'paypal-subscriptions','0','a:2:{s:13:\"payment_email\";s:0:\"\";s:21:\"enable_paypal_sandbox\";s:1:\"0\";}','<p> \r\n<a href=\'paynow.php?id={$invoice_id}&m=paypal\'><img src=\'https://www.paypal.com/en_US/i/btn/x-click-but20.gif\' border=\'0\' alt=\'Make payments with PayPal - it is fast, free and secure!\' /></a> \r\n</p>'),(7,'alertpay','0','a:2:{s:14:\"alertpay_email\";s:0:\"\";s:23:\"enable_alertpay_sandbox\";s:1:\"0\";}','<p> \r\n<a href=\'paynow.php?id={$invoice_id}&m=alertpay\'>\r\n<img src=\'https://www.alertpay.com/Images/BuyNow/pay_now_3.gif\' border=\'0\' alt=\'Make payments with PayPal - it is fast, free and secure!\' /></a> \r\n</p>'),(8,'alertpay-subcriptions','0','a:2:{s:14:\"alertpay_email\";s:0:\"\";s:23:\"enable_alertpay_sandbox\";s:1:\"0\";}','<p>\r\n<a href=\'paynow.php?id={$invoice_id}&m=alertpay-subcriptions\'>\r\n<img src=\'https://www.alertpay.com/Images/BuyNow/subscribe_now_15.gif\' border=\'0\' alt=\'Make payments with Alert Pay - it is fast, free and secure!\' /></a> \r\n</p>');

--
-- Table structure for table `idx_payment_history`
--

CREATE TABLE `idx_payment_history` (
  `payment_id` int(10) unsigned NOT NULL AUTO_INCREMENT,
  `contact_name` varchar(255) DEFAULT NULL,
  `email` varchar(255) DEFAULT NULL,
  `type` varchar(255) DEFAULT NULL,
  `detail` text,
  `amount` double DEFAULT NULL,
  `time` datetime DEFAULT NULL,
  `invoice_id` varchar(10) DEFAULT NULL,
  PRIMARY KEY (`payment_id`)
) ENGINE=MyISAM DEFAULT CHARSET=latin1;

--
-- Dumping data for table `idx_payment_history`
--


--
-- Table structure for table `idx_pl_sociable`
--

CREATE TABLE `idx_pl_sociable` (
  `sb_id` int(11) NOT NULL AUTO_INCREMENT,
  `sb_name` varchar(255) CHARACTER SET utf8 DEFAULT NULL,
  `sb_url` varchar(255) CHARACTER SET utf8 DEFAULT NULL,
  `sb_icon` varchar(255) CHARACTER SET utf8 DEFAULT NULL,
  `sb_enable` char(1) CHARACTER SET utf8 DEFAULT '0',
  PRIMARY KEY (`sb_id`)
) ENGINE=MyISAM AUTO_INCREMENT=90 DEFAULT CHARSET=latin1;

--
-- Dumping data for table `idx_pl_sociable`
--

INSERT INTO `idx_pl_sociable` VALUES (1,'BarraPunto','http://barrapunto.com/submit.pl?subj=TITLE&amp;story=PERMALINK','barrapunto.png','0'),(2,'Bitacoras.com','http://bitacoras.com/anotaciones/PERMALINK','bitacoras.png','0'),(3,'BlinkList','http://www.blinklist.com/index.php?Action=Blink/addblink.php&amp;Url=PERMALINK&amp;Title=TITLE','blinklist.png','0'),(4,'blogmarks','http://blogmarks.net/my/new.php?mini=1&amp;simple=1&amp;url=PERMALINK&amp;title=TITLE','blogmarks.png','0'),(5,'Blogosphere News','http://www.blogospherenews.com/submit.php?url=PERMALINK&amp;title=TITLE','blogospherenews.png','0'),(6,'blogtercimlap','http://cimlap.blogter.hu/index.php?action=suggest_link&amp;title=TITLE&amp;url=PERMALINK','blogter.png','0'),(7,'Faves','http://faves.com/Authoring.aspx?u=PERMALINK&amp;title=TITLE','bluedot.png','0'),(8,'connotea','http://www.connotea.org/addpopup?continue=confirm&amp;uri=PERMALINK&amp;title=TITLE&amp;description=EXCERPT','connotea.png','0'),(9,'Current','http://current.com/clipper.htm?url=PERMALINK&amp;title=TITLE','current.png','0'),(10,'del.icio.us','http://delicious.com/post?url=PERMALINK&amp;title=TITLE&amp;notes=EXCERPT','delicious.png','0'),(11,'Digg','http://digg.com/submit?phase=2&amp;url=PERMALINK&amp;title=TITLE&amp;bodytext=EXCERPT','digg.png','1'),(12,'Diigo','http://www.diigo.com/post?url=PERMALINK&amp;title=TITLE','diigo.png','0'),(13,'DotNetKicks','http://www.dotnetkicks.com/kick/?url=PERMALINK&amp;title=TITLE','dotnetkicks.png','0'),(14,'DZone','http://www.dzone.com/links/add.html?url=PERMALINK&amp;title=TITLE','dzone.png','0'),(15,'eKudos','http://www.ekudos.nl/artikel/nieuw?url=PERMALINK&amp;title=TITLE&amp;desc=EXCERPT','ekudos.png','0'),(16,'email','mailto:?subject=TITLE&amp;body=PERMALINK','email_link.png','0'),(17,'Facebook','http://www.facebook.com/share.php?u=PERMALINK&amp;t=TITLE','facebook.png','1'),(18,'Fark','http://cgi.fark.com/cgi/fark/farkit.pl?h=TITLE&amp;u=PERMALINK','fark.png','0'),(19,'Fleck','http://beta3.fleck.com/bookmarklet.php?url=PERMALINK&amp;title=TITLE','fleck.png','0'),(20,'FriendFeed','http://www.friendfeed.com/share?title=TITLE&amp;link=PERMALINK','friendfeed.png','0'),(21,'FSDaily','http://www.fsdaily.com/submit?url=PERMALINK&amp;title=TITLE','fsdaily.png','0'),(22,'Global Grind','http://globalgrind.com/submission/submit.aspx?url=PERMALINK&amp;type=Article&amp;title=TITLE','globalgrind.png','0'),(23,'Google','http://www.google.com/bookmarks/mark?op=edit&amp;bkmk=PERMALINK&amp;title=TITLE&amp;annotation=EXCERPT','googlebookmark.png','0'),(24,'Gwar','http://www.gwar.pl/DodajGwar.html?u=PERMALINK','gwar.png','0'),(25,'HackerNews','http://news.ycombinator.com/submitlink?u=PERMALINK&amp;t=TITLE','hackernews.png','0'),(26,'Haohao','http://www.haohaoreport.com/submit.php?url=PERMALINK&amp;title=TITLE','haohao.png','0'),(27,'HealthRanker','http://healthranker.com/submit.php?url=PERMALINK&amp;title=TITLE','healthranker.png','0'),(28,'HelloTxt','http://hellotxt.com/?status=TITLE+PERMALINK','hellotxt.png','0'),(29,'Hemidemi','http://www.hemidemi.com/user_bookmark/new?title=TITLE&amp;url=PERMALINK','hemidemi.png','0'),(30,'Hyves','http://www.hyves.nl/profilemanage/add/tips/?name=TITLE&amp;text=EXCERPT+PERMALINK&amp;rating=5','hyves.png','0'),(31,'Identi.ca','http://identi.ca/notice/new?status_textarea=PERMALINK','identica.png','0'),(32,'IndianPad','http://www.indianpad.com/submit.php?url=PERMALINK','indianpad.png','0'),(33,'Internetmedia','http://internetmedia.hu/submit.php?url=PERMALINK','im.png','0'),(34,'Kirtsy','http://www.kirtsy.com/submit.php?url=PERMALINK&amp;title=TITLE','kirtsy.png','0'),(35,'laaik.it','http://laaik.it/NewStoryCompact.aspx?uri=PERMALINK&amp;headline=TITLE&amp;cat=5e082fcc-8a3b-47e2-acec-fdf64ff19d12','laaikit.png','0'),(36,'LinkArena','http://linkarena.com/bookmarks/addlink/?url=PERMALINK&amp;title=TITLE','linkarena.png','0'),(37,'LinkaGoGo','http://www.linkagogo.com/go/AddNoPopup?url=PERMALINK&amp;title=TITLE','linkagogo.png','0'),(38,'LinkedIn','http://www.linkedin.com/shareArticle?mini=true&amp;url=PERMALINK&amp;title=TITLE&amp;source=BLOGNAME&amp;summary=EXCERPT','linkedin.png','0'),(39,'Linkter','http://www.linkter.hu/index.php?action=suggest_link&amp;url=PERMALINK&amp;title=TITLE','linkter.png','0'),(40,'Live','https://favorites.live.com/quickadd.aspx?marklet=1&amp;url=PERMALINK&amp;title=TITLE','live.png','0'),(41,'Meneame','http://meneame.net/submit.php?url=PERMALINK','meneame.png','0'),(42,'MisterWong','http://www.mister-wong.com/addurl/?bm_url=PERMALINK&amp;bm_description=TITLE&amp;plugin=soc','misterwong.png','0'),(43,'MisterWong.DE','http://www.mister-wong.de/addurl/?bm_url=PERMALINK&amp;bm_description=TITLE&amp;plugin=soc','misterwong.png','0'),(44,'Mixx','http://www.mixx.com/submit?page_url=PERMALINK&amp;title=TITLE','mixx.png','0'),(45,'muti','http://www.muti.co.za/submit?url=PERMALINK&amp;title=TITLE','muti.png','0'),(46,'MyShare','http://myshare.url.com.tw/index.php?func=newurl&amp;url=PERMALINK&amp;desc=TITLE','myshare.png','0'),(47,'MySpace','http://www.myspace.com/Modules/PostTo/Pages/?u=PERMALINK&amp;t=TITLE','myspace.png','0'),(48,'MSNReporter','http://reporter.nl.msn.com/?fn=contribute&amp;Title=TITLE&amp;URL=PERMALINK&amp;cat_id=6&amp;tag_id=31&amp;Remark=EXCERPT','msnreporter.png','0'),(49,'N4G','http://www.n4g.com/tips.aspx?url=PERMALINK&amp;title=TITLE','n4g.png','0'),(50,'Netvibes','http://www.netvibes.com/share?title=TITLE&amp;url=PERMALINK','netvibes.png','0'),(51,'NewsVine','http://www.newsvine.com/_tools/seed&amp;save?u=PERMALINK&amp;h=TITLE','newsvine.png','0'),(52,'Netvouz','http://www.netvouz.com/action/submitBookmark?url=PERMALINK&amp;title=TITLE&amp;popup=no','netvouz.png','0'),(53,'NuJIJ','http://nujij.nl/jij.lynkx?t=TITLE&amp;u=PERMALINK&amp;b=EXCERPT','nujij.png','0'),(54,'Ping.fm','http://ping.fm/ref/?link=PERMALINK&amp;title=TITLE&amp;body=EXCERPT','ping.png','0'),(55,'Posterous','http://posterous.com/share?linkto=PERMALINK&amp;title=TITLE&amp;selection=EXCERPT','posterous.png','0'),(56,'PDF','http://www.printfriendly.com/print?url=PERMALINK&amp;partner=sociable','pdf.png','0'),(57,'Print','http://www.printfriendly.com/print?url=PERMALINK&amp;partner=sociable','printfriendly.png','0'),(58,'Propeller','http://www.propeller.com/submit/?url=PERMALINK','propeller.png','0'),(59,'Ratimarks','http://ratimarks.org/bookmarks.php/?action=add&address=PERMALINK&amp;title=TITLE','ratimarks.png','0'),(60,'Rec6','http://rec6.via6.com/link.php?url=PERMALINK&amp;=TITLE','rec6.png','0'),(61,'Reddit','http://reddit.com/submit?url=PERMALINK&amp;title=TITLE','reddit.png','0'),(62,'RSS','FEEDLINK','rss.png','0'),(63,'Scoopeo','http://www.scoopeo.com/scoop/new?newurl=PERMALINK&amp;title=TITLE','scoopeo.png','0'),(64,'Segnalo','http://segnalo.alice.it/post.html.php?url=PERMALINK&amp;title=TITLE','segnalo.png','0'),(65,'Simpy','http://www.simpy.com/simpy/LinkAdd.do?href=PERMALINK&amp;title=TITLE','simpy.png','0'),(66,'Slashdot','http://slashdot.org/bookmark.pl?title=TITLE&amp;url=PERMALINK','slashdot.png','0'),(67,'Socialogs','http://socialogs.com/add_story.php?story_url=PERMALINK&amp;story_title=TITLE','socialogs.png','0'),(68,'SphereIt','http://www.sphere.com/search?q=sphereit:PERMALINK&amp;title=TITLE','sphere.png','0'),(69,'Sphinn','http://sphinn.com/index.php?c=post&amp;m=submit&amp;link=PERMALINK','sphinn.png','0'),(70,'StumbleUpon','http://www.stumbleupon.com/submit?url=PERMALINK&amp;title=TITLE','stumbleupon.png','0'),(71,'Techmeme','http://twitter.com/home/?status=tip%20@Techmeme%20PERMALINK%20TITLE','techmeme.png','0'),(72,'Technorati','http://technorati.com/faves?add=PERMALINK','technorati.png','1'),(73,'ThisNext','http://www.thisnext.com/pick/new/submit/sociable/?url=PERMALINK&amp;name=TITLE','thisnext.png','0'),(74,'Tipd','http://tipd.com/submit.php?url=PERMALINK','tipd.png','0'),(75,'Tumblr','http://www.tumblr.com/share?v=3&amp;u=PERMALINK&amp;t=TITLE&amp;s=EXCERPT','tumblr.png','0'),(76,'Twitter','http://twitter.com/home?status=TITLE%20-%20PERMALINK','twitter.png','1'),(77,'Upnews','http://www.upnews.it/submit?url=PERMALINK&amp;title=TITLE','upnews.png','0'),(78,'Webnews.de','http://www.webnews.de/einstellen?url=PERMALINK&amp;title=TITLE','webnews.png','0'),(79,'Webride','http://webride.org/discuss/split.php?uri=PERMALINK&amp;title=TITLE','webride.png','0'),(80,'Wikio','http://www.wikio.com/vote?url=PERMALINK','wikio.png','0'),(81,'Wikio FR','http://www.wikio.fr/vote?url=PERMALINK','wikio.png','0'),(82,'Wikio IT','http://www.wikio.it/vote?url=PERMALINK','wikio.png','0'),(83,'Wists','http://wists.com/s.php?c=&amp;r=PERMALINK&amp;title=TITLE','wists.png','0'),(84,'Wykop','http://www.wykop.pl/dodaj?url=PERMALINK','wykop.png','0'),(85,'Xerpi','http://www.xerpi.com/block/add_link_from_extension?url=PERMALINK&amp;title=TITLE','xerpi.png','0'),(86,'YahooBuzz','http://buzz.yahoo.com/submit/?submitUrl=PERMALINK&amp;submitHeadline=TITLE&amp;submitSummary=EXCERPT&amp;submitCategory=science&amp;submitAssetType=text','yahoobuzz.png','0'),(87,'Yahoo! Bookmarks','http://bookmarks.yahoo.com/toolbar/savebm?u=PERMALINK&amp;t=TITLE&opener=bm&amp;ei=UTF-8&amp;d=EXCERPT','yahoomyweb.png','0'),(88,'Yigg','http://yigg.de/neu?exturl=PERMALINK&amp;exttitle=TITLE','yiggit.png','0'),(89,'Blogplay','http://blogplay.com','blogplay.png','0');

--
-- Table structure for table `idx_plugin`
--

CREATE TABLE `idx_plugin` (
  `plugin_id` int(11) NOT NULL AUTO_INCREMENT,
  `name` varchar(255) DEFAULT NULL,
  `plugin_file` varchar(255) DEFAULT NULL,
  `status` enum('0','1') DEFAULT NULL,
  `option_plugin` text,
  PRIMARY KEY (`plugin_id`)
) ENGINE=MyISAM AUTO_INCREMENT=2 DEFAULT CHARSET=latin1;

--
-- Dumping data for table `idx_plugin`
--

INSERT INTO `idx_plugin` VALUES (1,'Sociable','sociable/sociable.php','1',NULL);

--
-- Table structure for table `idx_review`
--

CREATE TABLE `idx_review` (
  `review_id` mediumint(9) unsigned NOT NULL AUTO_INCREMENT,
  `link_id` mediumint(9) unsigned NOT NULL DEFAULT '0',
  `review` text NOT NULL,
  `rating` tinyint(3) unsigned NOT NULL DEFAULT '0',
  `date` date NOT NULL DEFAULT '0000-00-00',
  `subject` varchar(100) DEFAULT NULL,
  `status` char(1) DEFAULT NULL,
  `username` varchar(20) DEFAULT NULL,
  `name` varchar(20) DEFAULT NULL,
  `email` varchar(100) DEFAULT NULL,
  PRIMARY KEY (`review_id`)
) ENGINE=MyISAM DEFAULT CHARSET=latin1;

--
-- Dumping data for table `idx_review`
--


--
-- Table structure for table `idx_searchlog`
--

CREATE TABLE `idx_searchlog` (
  `keyword` varchar(100) NOT NULL DEFAULT '',
  `time` datetime NOT NULL DEFAULT '0000-00-00 00:00:00',
  `result` mediumint(9) unsigned DEFAULT NULL,
  `ip` varchar(100) DEFAULT NULL
) ENGINE=MyISAM DEFAULT CHARSET=latin1;

--
-- Dumping data for table `idx_searchlog`
--

INSERT INTO `idx_searchlog` VALUES ('aanddplumbingipswich.co.uk','2012-01-13 04:24:55',1,'203.92.47.195'),('Septic Tank Anne Arundel County','2012-01-19 06:09:16',1,'203.92.47.195'),('http://www.lawofficesofjosephmendoza.com','2012-02-26 23:37:26',1,'203.92.47.195'),('http://www.workerscompaccident.com','2012-02-27 00:14:36',1,'203.92.47.195'),('http://www.lagrandlaw.com','2012-02-28 01:03:54',1,'203.92.47.195'),('http://www.lloydcopelangaragedoors.com','2012-03-06 23:12:17',1,'203.92.47.195');

--
-- Table structure for table `idx_set_hook_place`
--

CREATE TABLE `idx_set_hook_place` (
  `set_hook_place_id` int(11) NOT NULL AUTO_INCREMENT,
  `plugin` varchar(255) DEFAULT NULL,
  `set_hook_place` text,
  PRIMARY KEY (`set_hook_place_id`)
) ENGINE=MyISAM DEFAULT CHARSET=latin1;

--
-- Dumping data for table `idx_set_hook_place`
--


--
-- Table structure for table `idx_setting`
--

CREATE TABLE `idx_setting` (
  `setting_id` int(11) NOT NULL AUTO_INCREMENT,
  `setting_name` varchar(255) DEFAULT NULL,
  `setting_value` text,
  PRIMARY KEY (`setting_id`)
) ENGINE=MyISAM AUTO_INCREMENT=55 DEFAULT CHARSET=latin1;

--
-- Dumping data for table `idx_setting`
--

INSERT INTO `idx_setting` VALUES (4,'site_name','markd.biz'),(5,'site_url','http://markd.biz'),(6,'email_address','jazmine.berntsen@gmail.com'),(7,'language_code','en_US'),(8,'theme_path','/home/markd/public_html/themes/'),(9,'admin_template_path','/home/markd/public_html/admin_tpl/'),(10,'plugin_path','/home/markd/public_html/plugin/'),(12,'active_theme','_markd'),(14,'spam_proof','1'),(15,'enable_user_validation','1'),(16,'allowed_file_extension','gif,jpg,png,pdf,zip,doc'),(17,'yahoo_appid',''),(18,'whosonline','600'),(19,'reciprocal_check','0'),(20,'urlcheck_limit','1'),(21,'pagerank_cache','30'),(22,'max_image_width','1024'),(23,'max_image_height','756'),(24,'max_file_size','500'),(25,'only_registered_can_add_link','0'),(26,'only_registered_can_add_review','0'),(27,'db_use_persistent','0'),(28,'paid_link_day_period','30,60,90,180'),(29,'paid_link_price_factor','1,1.5,2,3'),(30,'enable_html_tag','1'),(31,'allowed_html_tag','<b>,<strong>,<i>,<em>,<u>,<pre>,<blockquote>,<ol>,<ul>,<li>,<p>,<span>,<div>,<table>,<tr>,<td>'),(32,'enable_page_compression','0'),(33,'enable_category_ajax','1'),(34,'require_visit_category','0'),(35,'additional_category_price','0.5'),(36,'enable_rating_ajax','1'),(37,'service_nicecoder_avail','1'),(38,'enable_recaptcha','0'),(39,'recaptcha_publickey',''),(40,'recaptcha_privatekey',''),(41,'enable_bidding','0'),(42,'minimum_bid','5'),(43,'bid_increament','1'),(44,'charset','utf-8'),(45,'mailer','mail'),(46,'smtp_auth','0'),(47,'smtp_host',''),(48,'smtp_username',''),(49,'smtp_password',''),(50,'smtp_port','25'),(51,'emailbody_as_html','0'),(52,'indexu_version','2.4'),(53,'tos',''),(54,'submission_guidelines','');

--
-- Table structure for table `idx_tags`
--

CREATE TABLE `idx_tags` (
  `tag` varchar(64) NOT NULL DEFAULT '',
  `category_id` mediumint(8) unsigned NOT NULL DEFAULT '0',
  `total` int(11) NOT NULL DEFAULT '0',
  `tag_path` varchar(64) NOT NULL,
  PRIMARY KEY (`tag`,`category_id`)
) ENGINE=MyISAM DEFAULT CHARSET=latin1;

--
-- Dumping data for table `idx_tags`
--

INSERT INTO `idx_tags` VALUES ('commercial',0,39,'commercial'),('commercial',2,27,'commercial'),('property',0,64,'property'),('property',2,16,'property'),('real',0,2868,'real'),('real',2,22,'real'),('estate',0,2850,'estate'),('estate',2,22,'estate'),('holding',0,3,'holding'),('holding',2,2,'holding'),('company',0,5,'company'),('company',2,2,'company'),('developer',0,103,'developer'),('developer',2,2,'developer'),('manager',0,942,'manager'),('manager',2,2,'manager'),('hotel',0,29,'hotel'),('hotel',2,8,'hotel'),('management',0,56,'management'),('management',2,4,'management'),('motel',0,24,'motel'),('motel',2,7,'motel'),('operation',0,25,'operation'),('operation',2,9,'operation'),('nonresdentl',0,3,'nonresdentl'),('nonresdentl',2,3,'nonresdentl'),('bldg',0,8,'bldg'),('bldg',2,4,'bldg'),('operatr',0,3,'operatr'),('operatr',2,3,'operatr'),('drinking',0,2,'drinking'),('drinking',2,1,'drinking'),('nonresidential',0,109,'nonresidential'),('nonresidential',2,102,'nonresidential'),('building',0,424,'building'),('building',2,106,'building'),('operator',0,437,'operator'),('operator',2,118,'operator'),('non',0,2,'non'),('non',2,2,'non'),('residential',0,18,'residential'),('residential',2,3,'residential'),('mfg',0,4,'mfg'),('mfg',2,4,'mfg'),('rope',0,1,'rope'),('rope',2,1,'rope'),('and',0,23,'and'),('and',2,7,'and'),('twine',0,1,'twine'),('twine',2,1,'twine'),('business',0,11,'business'),('business',2,1,'business'),('services',0,23,'services'),('services',2,4,'services'),('secr',0,1,'secr'),('secr',2,1,'secr'),('eating',0,4,'eating'),('eating',2,3,'eating'),('place',0,4,'place'),('place',2,3,'place'),('legal',0,4,'legal'),('legal',2,3,'legal'),('ser',0,1,'ser'),('ser',2,1,'ser'),('membership',0,4,'membership'),('membership',2,1,'membership'),('sport',0,3,'sport'),('sport',2,1,'sport'),('recre',0,2,'recre'),('recre',2,1,'recre'),('measuring',0,1,'measuring'),('measuring',2,1,'measuring'),('controll',0,1,'controll'),('controll',2,1,'controll'),('agent',0,969,'agent'),('agent',2,9,'agent'),('mana',0,8,'mana'),('mana',2,8,'mana'),('religious',0,1,'religious'),('religious',2,1,'religious'),('organization',0,2,'organization'),('organization',2,1,'organization'),('ret',0,15,'ret'),('ret',2,6,'ret'),('alcoholic',0,1,'alcoholic'),('alcoholic',2,1,'alcoholic'),('beverage',0,1,'beverage'),('beverage',2,1,'beverage'),('skilled',0,4,'skilled'),('skilled',2,1,'skilled'),('nursing',0,6,'nursing'),('nursing',2,1,'nursing'),('care',0,15,'care'),('care',2,1,'care'),('operators',0,25,'operators'),('operators',2,10,'operators'),('metal',0,1,'metal'),('metal',2,1,'metal'),('stampi',0,1,'stampi'),('stampi',2,1,'stampi'),('owner',0,16,'owner'),('owner',2,9,'owner'),('owner-operator',0,3,'owner-operator'),('owner-operator',2,2,'owner-operator'),('arena',0,1,'arena'),('arena',2,1,'arena'),('civic',0,1,'civic'),('civic',2,1,'civic'),('center',0,17,'center'),('center',2,11,'center'),('subdividers',0,3,'subdividers'),('subdividers',2,1,'subdividers'),('self',0,1,'self'),('self',2,1,'self'),('storage',0,1,'storage'),('storage',2,1,'storage'),('supplies',0,1,'supplies'),('supplies',2,1,'supplies'),('labor',0,1,'labor'),('labor',2,1,'labor'),('force',0,1,'force'),('force',2,1,'force'),('handcrafts',0,1,'handcrafts'),('handcrafts',2,1,'handcrafts'),('for',0,8,'for'),('for',2,2,'for'),('artists',0,1,'artists'),('artists',2,1,'artists'),('bank',0,1,'bank'),('bank',2,1,'bank'),('builder',0,4,'builder'),('builder',2,1,'builder'),('operates',0,17,'operates'),('operates',2,3,'operates'),('apartment',0,386,'apartment'),('apartment',2,3,'apartment'),('complex',0,42,'complex'),('complex',2,1,'complex'),('contractor',0,4,'contractor'),('contractor',2,2,'contractor'),('insurance',0,6,'insurance'),('insurance',2,1,'insurance'),('lessors',0,3,'lessors'),('lessors',2,1,'lessors'),('buildings',0,313,'buildings'),('buildings',2,305,'buildings'),('dwelling',0,2,'dwelling'),('dwelling',2,1,'dwelling'),('water',0,2,'water'),('water',2,1,'water'),('transp',0,1,'transp'),('transp',2,1,'transp'),('used',0,8,'used'),('used',2,4,'used'),('automobiles',0,5,'automobiles'),('automobiles',2,1,'automobiles'),('general',0,2,'general'),('general',2,2,'general'),('maintenance',0,1,'maintenance'),('maintenance',2,1,'maintenance'),('executive',0,91,'executive'),('executive',2,91,'executive'),('office',0,301,'office'),('office',2,300,'office'),('laminated',0,1,'laminated'),('laminated',2,1,'laminated'),('plastic',0,1,'plastic'),('plastic',2,1,'plastic'),('merchandise',0,5,'merchandise'),('merchandise',2,3,'merchandise'),('subdivider',0,70,'subdivider'),('subdivider',2,1,'subdivider'),('open-end',0,1,'open-end'),('open-end',2,1,'open-end'),('managment',0,2,'managment'),('managment',2,1,'managment'),('investment',0,3,'investment'),('investment',2,1,'investment'),('industrial',0,3,'industrial'),('industrial',2,1,'industrial'),('retai',0,1,'retai'),('retai',2,1,'retai'),('own',0,2,'own'),('own',2,1,'own'),('shopping',0,443,'shopping'),('shopping',2,443,'shopping'),('mall',0,3,'mall'),('mall',2,2,'mall'),('rental',0,8,'rental'),('rental',2,1,'rental'),('auto',0,1,'auto'),('auto',2,1,'auto'),('body',0,1,'body'),('body',2,1,'body'),('shops',0,1,'shops'),('shops',2,1,'shops'),('agenc',0,1,'agenc'),('agenc',2,1,'agenc'),('owners',0,4,'owners'),('owners',2,2,'owners'),('school',0,1,'school'),('school',2,1,'school'),('educational',0,1,'educational'),('educational',2,1,'educational'),('centers',0,434,'centers'),('centers',2,433,'centers'),('malls',0,432,'malls'),('malls',2,432,'malls'),('leases',0,1,'leases'),('leases',2,1,'leases'),('market',0,1,'market'),('market',2,1,'market'),('stands',0,1,'stands'),('stands',2,1,'stands'),('from',0,1,'from'),('from',2,1,'from'),('site',0,2,'site'),('site',2,1,'site'),('amusement',0,3,'amusement'),('amusement',2,1,'amusement'),('recreation',0,3,'recreation'),('recreation',2,1,'recreation'),('nrsdntl',0,1,'nrsdntl'),('nrsdntl',2,1,'nrsdntl'),('optrs',0,1,'optrs'),('optrs',2,1,'optrs'),('parks',0,296,'parks'),('parks',2,295,'parks'),('manger',0,1,'manger'),('manger',2,1,'manger'),('rents',0,1,'rents'),('rents',2,1,'rents'),('space',0,1,'space'),('space',2,1,'space'),('antique',0,1,'antique'),('antique',2,1,'antique'),('dealers',0,1,'dealers'),('dealers',2,1,'dealers'),('only',0,2,'only'),('only',2,2,'only'),('entertainment',0,1,'entertainment'),('entertainment',2,1,'entertainment'),('facility',0,9,'facility'),('facility',2,1,'facility'),('suites',0,90,'suites'),('suites',2,90,'suites'),('music',0,1,'music'),('music',2,1,'music'),('auditorium',0,1,'auditorium'),('auditorium',2,1,'auditorium'),('bowling',0,1,'bowling'),('bowling',2,1,'bowling'),('theatrical',0,1,'theatrical'),('theatrical',2,1,'theatrical'),('producers',0,1,'producers'),('producers',2,1,'producers'),('performing',0,1,'performing'),('performing',2,1,'performing'),('arts',0,1,'arts'),('arts',2,1,'arts'),('developers',0,1819,'developers'),('developers',2,2,'developers'),('adult',0,1,'adult'),('adult',3,1,'adult'),('congregate',0,2,'congregate'),('congregate',3,1,'congregate'),('living',0,11,'living'),('living',3,11,'living'),('facility',3,8,'facility'),('apartment',3,375,'apartment'),('building',3,310,'building'),('complex',3,38,'complex'),('management',3,13,'management'),('managers',0,5,'managers'),('managers',3,3,'managers'),('operation',3,11,'operation'),('operator',3,309,'operator'),('eating',3,1,'eating'),('place',3,1,'place'),('hotel',3,13,'hotel'),('motel',3,9,'motel'),('membership',3,1,'membership'),('organization',3,1,'organization'),('nonresidential',3,5,'nonresidential'),('ope',0,6,'ope'),('ope',3,6,'ope'),('real',3,19,'real'),('estate',3,19,'estate'),('agent',3,14,'agent'),('manager',3,16,'manager'),('skilled',3,3,'skilled'),('nursing',3,5,'nursing'),('care',3,13,'care'),('facili',0,3,'facili'),('facili',3,3,'facili'),('specialty',0,1,'specialty'),('specialty',3,1,'specialty'),('hospital',0,1,'hospital'),('hospital',3,1,'hospital'),('operators',3,15,'operators'),('nsk',0,1,'nsk'),('nsk',3,1,'nsk'),('buildings',3,8,'buildings'),('community',0,8,'community'),('community',3,7,'community'),('complexes',0,2,'complexes'),('complexes',3,2,'complexes'),('company',3,2,'company'),('owner',3,6,'owner'),('owners',3,2,'owners'),('rental',3,6,'rental'),('apartment-hotel',0,1,'apartment-hotel'),('apartment-hotel',3,1,'apartment-hotel'),('apartments',0,3042,'apartments'),('apartments',3,3042,'apartments'),('apartmetn',0,1,'apartmetn'),('apartmetn',3,1,'apartmetn'),('apmnt',0,3,'apmnt'),('apmnt',3,3,'apmnt'),('bldg',3,4,'bldg'),('oprtrs',0,3,'oprtrs'),('oprtrs',3,3,'oprtrs'),('apt',0,5,'apt'),('apt',3,4,'apt'),('automobile',0,1,'automobile'),('automobile',3,1,'automobile'),('parking',0,1,'parking'),('parking',3,1,'parking'),('physical',0,2,'physical'),('physical',3,1,'physical'),('fitness',0,2,'fitness'),('fitness',3,1,'fitness'),('faclty',0,2,'faclty'),('faclty',3,1,'faclty'),('mot',0,1,'mot'),('mot',3,1,'mot'),('assisted',0,9,'assisted'),('assisted',3,9,'assisted'),('for',3,4,'for'),('the',0,1,'the'),('the',3,1,'the'),('elderly',0,3,'elderly'),('elderly',3,3,'elderly'),('holding',3,1,'holding'),('operates',3,8,'operates'),('operative',0,1,'operative'),('operative',3,1,'operative'),('builder',3,1,'builder'),('and',3,5,'and'),('center',3,6,'center'),('commercial',3,3,'commercial'),('structures',0,1,'structures'),('structures',3,1,'structures'),('owned',0,1,'owned'),('owned',3,1,'owned'),('manage',0,2,'manage'),('manage',3,1,'manage'),('centers',3,1,'centers'),('owner-operator',3,1,'owner-operator'),('boat',0,1,'boat'),('boat',3,1,'boat'),('slip',0,1,'slip'),('slip',3,1,'slip'),('leasin',0,1,'leasin'),('leasin',3,1,'leasin'),('owns',0,4,'owns'),('owns',3,3,'owns'),('residential',3,8,'residential'),('commerc',0,1,'commerc'),('commerc',3,1,'commerc'),('property',3,6,'property'),('broker',0,8,'broker'),('broker',3,1,'broker'),('mortgage',0,4,'mortgage'),('mortgage',3,1,'mortgage'),('investor',0,4,'investor'),('investor',3,1,'investor'),('rent',0,1,'rent'),('rent',3,1,'rent'),('apts',0,1,'apts'),('apts',3,1,'apts'),('agents',0,14,'agents'),('agents',3,1,'agents'),('retirement',0,23,'retirement'),('retirement',3,22,'retirement'),('home',0,7,'home'),('home',3,5,'home'),('senior',0,3,'senior'),('senior',3,3,'senior'),('citizen',0,1,'citizen'),('citizen',3,1,'citizen'),('residence',0,2,'residence'),('residence',3,2,'residence'),('housing',0,4,'housing'),('housing',3,4,'housing'),('student',0,1,'student'),('student',3,1,'student'),('condominiums',0,489,'condominiums'),('condominiums',3,489,'condominiums'),('boarding',0,11,'boarding'),('boarding',3,10,'boarding'),('houses',0,10,'houses'),('houses',3,10,'houses'),('agencies',0,4,'agencies'),('agencies',3,4,'agencies'),('hotels',0,6,'hotels'),('hotels',3,6,'hotels'),('intermediate',0,5,'intermediate'),('intermediate',3,5,'intermediate'),('personal',0,2,'personal'),('personal',3,1,'personal'),('resid',0,1,'resid'),('resid',3,1,'resid'),('services',3,3,'services'),('subdivider',3,1,'subdivider'),('developer',3,2,'developer'),('construction',0,4,'construction'),('construction',3,1,'construction'),('ret',3,1,'ret'),('furn',0,1,'furn'),('furn',3,1,'furn'),('life',0,1,'life'),('life',3,1,'life'),('non-profit',0,2,'non-profit'),('non-profit',3,1,'non-profit'),('low',0,1,'low'),('low',3,1,'low'),('income',0,1,'income'),('income',3,1,'income'),('own',3,1,'own'),('account',0,1,'account'),('account',3,1,'account'),('except',0,1,'except'),('except',3,1,'except'),('ski',0,1,'ski'),('ski',3,1,'ski'),('independent',0,1,'independent'),('independent',3,1,'independent'),('commercial',4,1,'commercial'),('property',4,31,'property'),('lessor',0,18,'lessor'),('lessor',4,17,'lessor'),('lessors',4,2,'lessors'),('real',4,18,'real'),('management',4,11,'management'),('rental',4,1,'rental'),('estate',4,4,'estate'),('freight',0,1,'freight'),('freight',4,1,'freight'),('transportation',0,1,'transportation'),('transportation',4,1,'transportation'),('arrangement',0,1,'arrangement'),('arrangement',4,1,'arrangement'),('agent',4,3,'agent'),('manager',4,3,'manager'),('ret',4,2,'ret'),('new',0,2,'new'),('new',4,1,'new'),('used',4,2,'used'),('automobiles',4,2,'automobiles'),('passenger',0,1,'passenger'),('passenger',4,1,'passenger'),('oil',0,14,'oil'),('oil',4,14,'oil'),('properties',0,4,'properties'),('properties',4,4,'properties'),('managers',4,1,'managers'),('apartment',5,8,'apartment'),('building',5,6,'building'),('operator',5,7,'operator'),('complex',5,3,'complex'),('management',5,23,'management'),('apt',5,1,'apt'),('managment',5,1,'managment'),('commercial',5,2,'commercial'),('real',5,997,'real'),('estate',5,996,'estate'),('agent',5,931,'agent'),('manager',5,911,'manager'),('condominium',0,1,'condominium'),('condominium',5,1,'condominium'),('property',5,6,'property'),('dentist',0,1,'dentist'),('dentist',5,1,'dentist'),('ice',0,1,'ice'),('ice',5,1,'ice'),('rink',0,1,'rink'),('rink',5,1,'rink'),('investor',5,1,'investor'),('mail',0,1,'mail'),('mail',5,1,'mail'),('order',0,1,'order'),('order',5,1,'order'),('motel',5,5,'motel'),('operates',5,4,'operates'),('agency',0,38,'agency'),('agency',5,38,'agency'),('mortgage',5,3,'mortgage'),('broker',5,6,'broker'),('managemen',0,1,'managemen'),('managemen',5,1,'managemen'),('insurance',5,4,'insurance'),('managers',5,1,'managers'),('training',0,1,'training'),('training',5,1,'training'),('schoo',0,1,'schoo'),('schoo',5,1,'schoo'),('manage',5,1,'manage'),('accounting',0,1,'accounting'),('accounting',5,1,'accounting'),('auditing',0,1,'auditing'),('auditing',5,1,'auditing'),('bookkeepi',0,1,'bookkeepi'),('bookkeepi',5,1,'bookkeepi'),('amusement',5,1,'amusement'),('recreation',5,2,'recreation'),('services',5,14,'services'),('animal',0,1,'animal'),('animal',5,1,'animal'),('appraiser',0,1,'appraiser'),('appraiser',5,1,'appraiser'),('and',5,1,'and'),('liquidator',0,1,'liquidator'),('liquidator',5,1,'liquidator'),('business',5,10,'business'),('depository',0,1,'depository'),('depository',5,1,'depository'),('banking',0,1,'banking'),('banking',5,1,'banking'),('dwelling',5,1,'dwelling'),('hotel',5,4,'hotel'),('operation',5,4,'operation'),('legal',5,1,'legal'),('office',5,1,'office'),('managem',0,1,'managem'),('managem',5,1,'managem'),('loan',0,2,'loan'),('loan',5,2,'loan'),('consulting',0,19,'consulting'),('consulting',5,18,'consulting'),('service',0,18,'service'),('service',5,18,'service'),('membership',5,1,'membership'),('sport',5,1,'sport'),('misc',0,4,'misc'),('misc',5,4,'misc'),('personal',5,1,'personal'),('mobile',0,50,'mobile'),('mobile',5,1,'mobile'),('home',5,1,'home'),('site',5,1,'site'),('banker',0,1,'banker'),('banker',5,1,'banker'),('correspondent',0,1,'correspondent'),('correspondent',5,1,'correspondent'),('mortgages',0,1,'mortgages'),('mortgages',5,1,'mortgages'),('nonresidential',5,1,'nonresidential'),('opera',0,1,'opera'),('opera',5,1,'opera'),('investment',5,1,'investment'),('trust',0,1,'trust'),('trust',5,1,'trust'),('lessor',5,1,'lessor'),('ret',5,5,'ret'),('merchandise',5,2,'merchandise'),('new',5,1,'new'),('used',5,2,'used'),('automobiles',5,2,'automobiles'),('rooming',0,1,'rooming'),('rooming',5,1,'rooming'),('boarding',5,1,'boarding'),('house',0,3,'house'),('house',5,3,'house'),('single-family',0,2,'single-family'),('single-family',5,2,'single-family'),('construct',0,2,'construct'),('construct',5,2,'construct'),('subdivider',5,5,'subdivider'),('developer',5,5,'developer'),('whol',0,1,'whol'),('whol',5,1,'whol'),('furniture',0,1,'furniture'),('furniture',5,1,'furniture'),('mgr',0,5,'mgr'),('mgr',5,2,'mgr'),('mercha',0,1,'mercha'),('mercha',5,1,'mercha'),('drinking',5,1,'drinking'),('agents',5,13,'agents'),('commecial',0,1,'commecial'),('commecial',7,1,'commecial'),('building',7,2,'building'),('contractor',7,2,'contractor'),('for',7,2,'for'),('lease',0,1,'lease'),('lease',7,1,'lease'),('sale',0,1,'sale'),('sale',7,1,'sale'),('commercial',7,6,'commercial'),('real',7,1812,'real'),('estate',7,1809,'estate'),('operator',7,3,'operator'),('developer',7,94,'developer'),('homeowners',0,1,'homeowners'),('homeowners',7,1,'homeowners'),('association',0,1,'association'),('association',7,1,'association'),('land',0,55,'land'),('land',7,55,'land'),('developers',7,1817,'developers'),('mall',7,1,'mall'),('mechanical',0,1,'mechanical'),('mechanical',7,1,'mechanical'),('and',7,10,'and'),('fire',0,1,'fire'),('fire',7,1,'fire'),('protection',0,1,'protection'),('protection',7,1,'protection'),('contractors',0,1,'contractors'),('contractors',7,1,'contractors'),('operates',7,2,'operates'),('subdivider',7,63,'subdivider'),('owns',7,1,'owns'),('manages',0,1,'manages'),('manages',7,1,'manages'),('congregate',7,1,'congregate'),('care',7,1,'care'),('facilities',0,1,'facilities'),('facilities',7,1,'facilities'),('property',7,5,'property'),('development',0,12,'development'),('development',7,12,'development'),('developement',0,1,'developement'),('developement',7,1,'developement'),('management',7,5,'management'),('hotel',7,4,'hotel'),('brokerage',0,1,'brokerage'),('brokerage',7,1,'brokerage'),('firm',0,1,'firm'),('firm',7,1,'firm'),('broker',7,1,'broker'),('golf',0,4,'golf'),('golf',7,4,'golf'),('course',0,4,'course'),('course',7,4,'course'),('restaurant',0,1,'restaurant'),('restaurant',7,1,'restaurant'),('leasing',0,1,'leasing'),('leasing',7,1,'leasing'),('owner',7,1,'owner'),('company',7,1,'company'),('retirement',7,1,'retirement'),('also',0,1,'also'),('also',7,1,'also'),('low-income',0,1,'low-income'),('low-income',7,1,'low-income'),('hou',0,1,'hou'),('hou',7,1,'hou'),('self-administered',0,1,'self-administered'),('self-administered',7,1,'self-administered'),('self-managed',0,1,'self-managed'),('self-managed',7,1,'self-managed'),('investment',7,1,'investment'),('motel',7,3,'motel'),('operation',7,1,'operation'),('services',7,2,'services'),('membership',7,1,'membership'),('sports',0,1,'sports'),('sports',7,1,'sports'),('club',0,2,'club'),('club',7,2,'club'),('ret',7,1,'ret'),('sport',7,1,'sport'),('physical',7,1,'physical'),('fitness',7,1,'fitness'),('faclty',7,1,'faclty'),('estat',0,1,'estat'),('estat',7,1,'estat'),('public',0,3,'public'),('public',7,3,'public'),('amusement',7,1,'amusement'),('recre',7,1,'recre'),('trailer',0,1,'trailer'),('trailer',7,1,'trailer'),('park',0,1,'park'),('park',7,1,'park'),('agent',7,12,'agent'),('manager',7,10,'manager'),('surety',0,1,'surety'),('surety',7,1,'surety'),('insurance',7,1,'insurance'),('carrier',0,1,'carrier'),('carrier',7,1,'carrier'),('esta',0,1,'esta'),('esta',7,1,'esta'),('companies',0,46,'companies'),('companies',7,46,'companies'),('mobile',7,49,'mobile'),('homes-park',0,48,'homes-park'),('homes-park',7,48,'homes-park'),('management-commercial',0,1,'management-commercial'),('management-commercial',7,1,'management-commercial'),('residential',7,7,'residential'),('community',7,1,'community'),('industrial',7,2,'industrial'),('builder',7,2,'builder'),('sales',0,1,'sales'),('sales',7,1,'sales'),('homes',0,1,'homes'),('homes',7,1,'homes'),('home',7,1,'home'),('parks',7,1,'parks'),('subdividers',7,2,'subdividers'),('non-profit',7,1,'non-profit'),('lender',0,1,'lender'),('lender',7,1,'lender'),('operate',0,1,'operate'),('operate',7,1,'operate'),('comm',0,1,'comm'),('comm',7,1,'comm'),('mngr',0,1,'mngr'),('mngr',7,1,'mngr'),('construction',7,3,'construction'),('investor',7,2,'investor'),('mgr',7,3,'mgr'),('rea',0,1,'rea'),('rea',7,1,'rea'),('consulting',7,1,'consulting'),('nonresidential',7,1,'nonresidential'),('mgm',0,1,'mgm'),('mgm',7,1,'mgm'),('single-famil',0,1,'single-famil'),('single-famil',7,1,'single-famil'),('water',7,1,'water'),('sewer',0,1,'sewer'),('sewer',7,1,'sewer'),('utility',0,1,'utility'),('utility',7,1,'utility'),('yacht',0,1,'yacht'),('yacht',7,1,'yacht');

--
-- Table structure for table `idx_unavailable`
--

CREATE TABLE `idx_unavailable` (
  `idx_unavailable` int(11) NOT NULL AUTO_INCREMENT,
  `link_id` int(11) DEFAULT NULL,
  `url` varchar(255) DEFAULT NULL,
  `who_is` varchar(255) DEFAULT NULL,
  `note` text,
  `date` datetime DEFAULT NULL,
  PRIMARY KEY (`idx_unavailable`)
) ENGINE=MyISAM DEFAULT CHARSET=latin1;

--
-- Dumping data for table `idx_unavailable`
--


--
-- Table structure for table `idx_unavailable_latest`
--

CREATE TABLE `idx_unavailable_latest` (
  `idx_link` int(11) DEFAULT NULL,
  `record_execution` int(11) DEFAULT NULL
) ENGINE=MyISAM DEFAULT CHARSET=latin1;

--
-- Dumping data for table `idx_unavailable_latest`
--


--
-- Table structure for table `idx_votes`
--

CREATE TABLE `idx_votes` (
  `link_id` mediumint(9) NOT NULL DEFAULT '0',
  `ip` varchar(100) DEFAULT NULL,
  `value` tinyint(4) DEFAULT NULL
) ENGINE=MyISAM DEFAULT CHARSET=latin1;

--
-- Dumping data for table `idx_votes`
--



