--
-- Host: masterwebdirectory.net    Database: masterwe_indexu
-- ------------------------------------------------------


--
-- Table structure for table `directory_save_data`
--

CREATE TABLE `directory_save_data` (
  `id` bigint(100) NOT NULL AUTO_INCREMENT,
  `schedule_id` bigint(100) NOT NULL,
  `project_id` bigint(100) NOT NULL,
  `link_id` bigint(100) NOT NULL,
  `confirm_link` text NOT NULL,
  `category_id` int(10) NOT NULL,
  `category_name` varchar(150) NOT NULL,
  PRIMARY KEY (`id`)
) ENGINE=InnoDB DEFAULT CHARSET=latin1;

--
-- Dumping data for table `directory_save_data`
--


--
-- Table structure for table `idx_admin_menu`
--

CREATE TABLE `idx_admin_menu` (
  `menu_id` int(11) NOT NULL AUTO_INCREMENT,
  `parent_id` int(11) DEFAULT NULL,
  `menu_title` varchar(255) DEFAULT NULL,
  `menu_url` varchar(255) DEFAULT NULL,
  `order_number` int(11) DEFAULT NULL,
  PRIMARY KEY (`menu_id`)
) ENGINE=MyISAM AUTO_INCREMENT=85 DEFAULT CHARSET=latin1;

--
-- Dumping data for table `idx_admin_menu`
--

INSERT INTO `idx_admin_menu` VALUES (1,0,'Dashboard','summary.php',0),(3,0,'Categories','cat_view.php',0),(4,3,'View/ Edit/ Delete','cat_view.php',1),(5,3,'Add New Category','cat_add.php',2),(2,1,'Summary','summary.php',1),(7,3,'Check Category Structure','cat_struc.php',4),(8,3,'Update Category Path','cat_path_update.php',5),(6,3,'Pending Category','cat_pending_suggestion.php',3),(9,3,'Set Default Price','cat_set_default_price.php',6),(10,3,'Hidden Category','cat_view_hidden.php',7),(11,3,'Registered Users Only','cat_view_registered_only.php',8),(12,3,'Search Category','cat_search.php',9),(13,0,'Links','link_search.php',0),(14,13,'Search/ Edit/ Delete','link_search.php',1),(15,13,'Add New Link','link_add.php',2),(16,13,'Validate Link','link_validate.php',3),(17,13,'Premium Listing','link_premium_listing.php',4),(18,13,'Sponsored Listing','link_sponsored_listing.php',5),(19,13,'Suspended Listing','link_suspended_listing.php',6),(20,13,'Spam Links','link_validate.php?spam=1',7),(22,13,'Update Number of Links','app_update_nol.php',9),(23,13,'Update Tag Clouds','tag_cloud_update.php',10),(21,13,'Editor Pick Links','link_editor_pick.php',8),(25,13,'Validate Reviews','review_validate.php',11),(26,13,'Discount Coupon','coupon.php',12),(27,13,'Default Field','link_default_field.php',13),(28,13,'Custom Field','link_custom_field.php',14),(29,0,'Users','user_active.php',0),(30,29,'View All','user_active.php',1),(31,29,'Add New User','user_add.php',2),(32,29,'View Suspend','user_suspend.php',3),(33,29,'View Unactive','user_active.php?pflag=Unactive',4),(34,29,'Search User','user_search.php',5),(35,0,'Editors','editor_add.php',0),(36,35,'Add New Editor','editor_add.php',1),(37,35,'Validate Editors','editor_validate.php',2),(38,0,'Invoices','inv_config.php',0),(39,38,'Configure','inv_config.php',1),(40,38,'Create An Invoice','inv_create.php',2),(41,38,'Paid Invoice','inv_paid.php',3),(42,38,'Unpaid Invoice','inv_unpaid.php',4),(43,38,'Overdue Invoice','inv_overdue.php',5),(44,38,'Payment History','pay_history.php',6),(45,0,'Mailling Systems','message_view.php',0),(46,45,'Send/ Edit/ Delete','message_view.php',1),(47,45,'Create Template','message_create.php',2),(48,45,'Mailing List Subscribers','message_subscriber.php',3),(49,0,'Templates','template_manager.php',0),(50,49,'Site Templates Manager','template_manager.php',1),(51,49,'Import Site Template','template_import.php',2),(52,49,'Export Site Template','template_export.php',3),(53,49,'Email Templates','email_template.php',4),(54,49,'Export Email Template','email_template_export.php',5),(55,49,'Import Email Template','email_template_import.php',6),(56,0,'Tools','link_duplicate.php',0),(57,56,'Find Duplicate Link','link_duplicate.php',1),(58,56,'Broken Link Report','link_bad.php',2),(59,56,'Spider Link CheckUrl','checkurl_web.php',3),(60,56,'Block Name server Domain','blocked_domain_list.php',4),(61,56,'Add Block Name server Domain','add_blocked_domain.php',5),(62,56,'Unavailable domain listing','unavailable_link_list.php',6),(63,56,'Clear Template Cache','clear_templates_c.php',7),(64,56,'PHP Configuration','phpinfo.php',8),(65,56,'Sitemap Generator','sitemap.php',9),(66,56,'Cronjobs','cronjobs.php',10),(67,56,'Fetch Meta','fetch_meta.php',11),(68,56,'Hook Place','hook_place.php',12),(69,56,'CheckUrl Result','link_checkurl.php',13),(70,56,'View Search Log','log_search.php',14),(71,56,'Bad Words Filter','badword_filter.php',15),(72,0,'Options','app_setup.php',0),(73,72,'Setup','app_setup.php',1),(74,72,'Page Caching','app_page_caching.php',2),(75,72,'Mod-rewrite','app_mod_rewrite.php',3),(76,72,'Change Password','app_change_pwd.php',4),(77,0,'Database','db_import.php',0),(78,77,'Import','db_import.php',1),(79,77,'Export','db_export.php',2),(80,77,'Backup','db_backup.php',3),(81,77,'Query','db_query.php',4),(82,77,'Find Replace','db_find_replace.php',5),(83,0,'Plugins','plugin_listing.php',0),(84,83,'View All','plugin_listing.php',1);

--
-- Table structure for table `idx_bad_link`
--

CREATE TABLE `idx_bad_link` (
  `bad_link_id` mediumint(9) unsigned NOT NULL AUTO_INCREMENT,
  `link_id` mediumint(9) unsigned NOT NULL DEFAULT '0',
  `name` varchar(50) NOT NULL DEFAULT '',
  `email` varchar(50) NOT NULL DEFAULT '',
  `type` tinyint(3) unsigned NOT NULL DEFAULT '0',
  `date` date NOT NULL DEFAULT '0000-00-00',
  PRIMARY KEY (`bad_link_id`)
) ENGINE=MyISAM DEFAULT CHARSET=latin1;

--
-- Dumping data for table `idx_bad_link`
--


--
-- Table structure for table `idx_badwords`
--

CREATE TABLE `idx_badwords` (
  `word` varchar(100) NOT NULL DEFAULT ''
) ENGINE=MyISAM DEFAULT CHARSET=latin1;

--
-- Dumping data for table `idx_badwords`
--


--
-- Table structure for table `idx_blocked_domain`
--

CREATE TABLE `idx_blocked_domain` (
  `blocked_id` int(11) NOT NULL AUTO_INCREMENT,
  `blocked` varchar(255) DEFAULT NULL,
  `type` enum('domain','ip') DEFAULT NULL,
  PRIMARY KEY (`blocked_id`)
) ENGINE=MyISAM AUTO_INCREMENT=6 DEFAULT CHARSET=latin1;

--
-- Dumping data for table `idx_blocked_domain`
--

INSERT INTO `idx_blocked_domain` VALUES (1,'buydomains.com','domain'),(2,'this-domain-for-sale.com ','domain'),(3,'oversee.net','domain'),(4,'eNom','domain'),(5,'sedoparking.com','domain');

--
-- Table structure for table `idx_category`
--

CREATE TABLE `idx_category` (
  `category_id` mediumint(9) unsigned NOT NULL AUTO_INCREMENT,
  `parent_id` mediumint(9) unsigned NOT NULL DEFAULT '0',
  `name` varchar(100) NOT NULL DEFAULT '',
  `description` text NOT NULL,
  `image` varchar(100) DEFAULT NULL,
  `content` text,
  `visible` char(1) DEFAULT NULL,
  `links` mediumint(9) DEFAULT NULL,
  `meta_keyword` text,
  `meta_description` text,
  `permission` char(2) DEFAULT NULL,
  `registered_only` char(1) DEFAULT NULL,
  `header` text NOT NULL,
  `footer` text NOT NULL,
  `related` mediumint(6) NOT NULL DEFAULT '0',
  `page_title` varchar(200) NOT NULL DEFAULT '',
  `hits` int(11) NOT NULL DEFAULT '0',
  `order_num` smallint(6) NOT NULL DEFAULT '0',
  `basic_price` double unsigned NOT NULL DEFAULT '0',
  `premium_price` double unsigned NOT NULL DEFAULT '0',
  `sponsored_price` double unsigned NOT NULL DEFAULT '0',
  PRIMARY KEY (`category_id`)
) ENGINE=MyISAM AUTO_INCREMENT=36 DEFAULT CHARSET=latin1;

--
-- Dumping data for table `idx_category`
--

INSERT INTO `idx_category` VALUES (1,0,'Arts & Music','','folder.gif','','1',0,'','','1','0','','',0,'',0,0,0,0,0),(2,0,'Auto Industry','','folder.gif','','1',0,'','','1','0','','',0,'',0,0,0,0,0),(3,0,'Economy & Business','','folder.gif','','1',4,'','','1','0','','',0,'',0,0,0,0,0),(4,0,'Careers & Job Search','','folder.gif','','1',0,'','','1','0','','',0,'',0,0,0,0,0),(5,0,'Clothing Accessories','','folder.gif','','1',0,'','','1','0','','',0,'',0,0,0,0,0),(6,0,'Communications Services','','folder.gif','','1',0,'','','1','0','','',0,'',0,0,0,0,0),(7,0,'Computer Services','','folder.gif','','1',1,'','','1','0','','',0,'',0,0,0,0,0),(8,0,'Building & Construction','','folder.gif','','1',0,'','','1','0','','',0,'',0,0,0,0,0),(9,0,'Dental','','folder.gif','','1',0,'','','1','0','','',0,'',0,0,0,0,0),(10,0,'Educational Resources','','folder.gif','','1',0,'','','1','0','','',0,'',0,0,0,0,0),(11,0,'Employment & Recruitment Services','','folder.gif','','1',0,'','','1','0','','',0,'',0,0,0,0,0),(12,0,'Gifts & Flowers','','folder.gif','','1',0,'','','1','0','','',0,'',0,0,0,0,0),(13,0,'Hardware & Software Resources','','folder.gif','','1',0,'','','1','0','','',0,'',0,0,0,0,0),(14,0,'Medical & Health','','folder.gif','','1',0,'','','1','0','','',0,'',0,0,0,0,0),(15,0,'Healthcare Management','','folder.gif','','1',3,'','','1','0','','',0,'',0,0,0,0,0),(16,0,'Heating and Air Conditioning Contractors','','folder.gif','','1',3,'','','1','0','','',0,'',0,0,0,0,0),(17,0,'Home & Garden Maintenance','','folder.gif','','1',1,'','','1','0','','',0,'',0,0,0,0,0),(18,0,'Home Improvement & Decor','','folder.gif','','1',2,'','','1','0','','',0,'',0,0,0,0,0),(19,0,'Hotels & Accomadation','','folder.gif','','1',0,'','','1','0','','',0,'',0,0,0,0,0),(20,0,'Insurance Companies','','folder.gif','','1',1,'','','1','0','','',0,'',0,0,0,0,0),(21,0,'Law','','folder.gif','','1',0,'','','1','0','','',0,'',0,0,0,0,0),(22,0,'Lawyers & Judges','','folder.gif','','1',8,'','','1','0','','',0,'',0,0,0,0,0),(23,0,'Lifestyle , Dating & Relationships','','folder.gif','','1',0,'','','1','0','','',0,'',0,0,0,0,0),(24,0,'Medicine & Hospitals','','folder.gif','','1',0,'','','1','0','','',0,'',0,0,0,0,0),(25,0,'Finance & Investment Services','','folder.gif','','1',0,'','','1','0','','',0,'',0,0,0,0,0),(26,0,'News & Magazines','','folder.gif','','1',0,'','','1','0','','',0,'',0,0,0,0,0),(27,0,'Plumbing Services','','folder.gif','','1',0,'','','1','0','','',0,'',0,0,0,0,0),(28,0,'Real Estate Development','','folder.gif','','1',1,'','','1','0','','',0,'',0,0,0,0,0),(29,0,'Energy & Science','','folder.gif','','1',0,'','','1','0','','',0,'',0,0,0,0,0),(30,0,'SEO ,SMO & PPC','','folder.gif','','1',0,'','','1','0','','',0,'',0,0,0,0,0),(31,0,'Shopping','','folder.gif','','1',2,'','','1','0','','',0,'',0,0,0,0,0),(32,0,'Sports & Games','','folder.gif','','1',0,'','','1','0','','',0,'',0,0,0,0,0),(33,0,'Transportation and Logistics','','folder.gif','','1',0,'','','1','0','','',0,'',0,0,0,0,0),(34,0,'Travel','','folder.gif','','1',0,'','','1','0','','',0,'',0,0,0,0,0),(35,0,'Wedding','','folder.gif','','1',1,'','','1','0','','',0,'',0,0,0,0,0);

--
-- Table structure for table `idx_category_path`
--

CREATE TABLE `idx_category_path` (
  `category_id` mediumint(9) NOT NULL DEFAULT '0',
  `path` text,
  `path_with_url` text,
  `parents` text,
  PRIMARY KEY (`category_id`)
) ENGINE=MyISAM DEFAULT CHARSET=latin1;

--
-- Dumping data for table `idx_category_path`
--

INSERT INTO `idx_category_path` VALUES (1,'Arts & Music','<a href=\"http://masterwebdirectory.net/arts-music/\" name=\"cat_1\" style=\"\">Arts & Music</a>',';0;'),(2,'Auto Industry','<a href=\"http://masterwebdirectory.net/auto-industry/\" name=\"cat_2\" style=\"\">Auto Industry</a>',';0;'),(3,'Economy & Business','<a href=\"http://masterwebdirectory.net/economy-business/\" name=\"cat_3\" style=\"\">Economy & Business</a>',';0;'),(4,'Careers & Job Search','<a href=\"http://masterwebdirectory.net/careers-job-search/\" name=\"cat_4\" style=\"\">Careers & Job Search</a>',';0;'),(5,'Clothing Accessories','<a href=\"http://masterwebdirectory.net/clothing-accessories/\" name=\"cat_5\" style=\"\">Clothing Accessories</a>',';0;'),(6,'Communications Services','<a href=\"http://masterwebdirectory.net/communications-services/\" name=\"cat_6\" style=\"\">Communications Services</a>',';0;'),(7,'Computer Services','<a href=\"http://masterwebdirectory.net/computer-services/\" name=\"cat_7\" style=\"\">Computer Services</a>',';0;'),(8,'Building & Construction','<a href=\"http://masterwebdirectory.net/building-construction/\" name=\"cat_8\" style=\"\">Building & Construction</a>',';0;'),(9,'Dental','<a href=\"http://masterwebdirectory.net/dental/\" name=\"cat_9\" style=\"\">Dental</a>',';0;'),(10,'Educational Resources','<a href=\"http://masterwebdirectory.net/educational-resources/\" name=\"cat_10\" style=\"\">Educational Resources</a>',';0;'),(11,'Employment & Recruitment Services','<a href=\"http://masterwebdirectory.net/employment-recruitment-services/\" name=\"cat_11\" style=\"\">Employment & Recruitment Services</a>',';0;'),(12,'Gifts & Flowers','<a href=\"http://masterwebdirectory.net/gifts-flowers/\" name=\"cat_12\" style=\"\">Gifts & Flowers</a>',';0;'),(13,'Hardware & Software Resources','<a href=\"http://masterwebdirectory.net/hardware-software-resources/\" name=\"cat_13\" style=\"\">Hardware & Software Resources</a>',';0;'),(14,'Medical & Health','<a href=\"http://masterwebdirectory.net/medical-health/\" name=\"cat_14\" style=\"\">Medical & Health</a>',';0;'),(15,'Healthcare Management','<a href=\"http://masterwebdirectory.net/healthcare-management/\" name=\"cat_15\" style=\"\">Healthcare Management</a>',';0;'),(16,'Heating and Air Conditioning Contractors','<a href=\"http://masterwebdirectory.net/heating-and-air-conditioning-contractors/\" name=\"cat_16\" style=\"\">Heating and Air Conditioning Contractors</a>',';0;'),(17,'Home & Garden Maintenance','<a href=\"http://masterwebdirectory.net/home-garden-maintenance/\" name=\"cat_17\" style=\"\">Home & Garden Maintenance</a>',';0;'),(18,'Home Improvement & Decor','<a href=\"http://masterwebdirectory.net/home-improvement-decor/\" name=\"cat_18\" style=\"\">Home Improvement & Decor</a>',';0;'),(19,'Hotels & Accomadation','<a href=\"http://masterwebdirectory.net/hotels-accomadation/\" name=\"cat_19\" style=\"\">Hotels & Accomadation</a>',';0;'),(20,'Insurance Companies','<a href=\"http://masterwebdirectory.net/insurance-companies/\" name=\"cat_20\" style=\"\">Insurance Companies</a>',';0;'),(21,'Law','<a href=\"http://masterwebdirectory.net/law/\" name=\"cat_21\" style=\"\">Law</a>',';0;'),(22,'Lawyers & Judges','<a href=\"http://masterwebdirectory.net/lawyers-judges/\" name=\"cat_22\" style=\"\">Lawyers & Judges</a>',';0;'),(23,'Lifestyle , Dating & Relationships','<a href=\"http://masterwebdirectory.net/lifestyle-dating-relationships/\" name=\"cat_23\" style=\"\">Lifestyle , Dating & Relationships</a>',';0;'),(24,'Medicine & Hospitals','<a href=\"http://masterwebdirectory.net/medicine-hospitals/\" name=\"cat_24\" style=\"\">Medicine & Hospitals</a>',';0;'),(25,'Finance & Investment Services','<a href=\"http://masterwebdirectory.net/finance-investment-services/\" name=\"cat_25\" style=\"\">Finance & Investment Services</a>',';0;'),(26,'News & Magazines','<a href=\"http://masterwebdirectory.net/news-magazines/\" name=\"cat_26\" style=\"\">News & Magazines</a>',';0;'),(27,'Plumbing Services','<a href=\"http://masterwebdirectory.net/plumbing-services/\" name=\"cat_27\" style=\"\">Plumbing Services</a>',';0;'),(28,'Real Estate Development','<a href=\"http://masterwebdirectory.net/real-estate-development/\" name=\"cat_28\" style=\"\">Real Estate Development</a>',';0;'),(29,'Energy & Science','<a href=\"http://masterwebdirectory.net/energy-science/\" name=\"cat_29\" style=\"\">Energy & Science</a>',';0;'),(30,'SEO ,SMO & PPC','<a href=\"http://masterwebdirectory.net/seo-smo-ppc/\" name=\"cat_30\" style=\"\">SEO ,SMO & PPC</a>',';0;'),(31,'Shopping','<a href=\"http://masterwebdirectory.net/shopping/\" name=\"cat_31\" style=\"\">Shopping</a>',';0;'),(32,'Sports & Games','<a href=\"http://masterwebdirectory.net/sports-games/\" name=\"cat_32\" style=\"\">Sports & Games</a>',';0;'),(33,'Transportation and Logistics','<a href=\"http://masterwebdirectory.net/transportation-and-logistics/\" name=\"cat_33\" style=\"\">Transportation and Logistics</a>',';0;'),(34,'Travel','<a href=\"http://masterwebdirectory.net/travel/\" name=\"cat_34\" style=\"\">Travel</a>',';0;'),(35,'Wedding','<a href=\"http://masterwebdirectory.net/wedding/\" name=\"cat_35\" style=\"\">Wedding</a>',';0;');

--
-- Table structure for table `idx_category_suggession`
--

CREATE TABLE `idx_category_suggession` (
  `id_cat_suggession` int(11) NOT NULL AUTO_INCREMENT,
  `parent_id` int(11) DEFAULT NULL,
  `name` varchar(255) DEFAULT NULL,
  `category_description` text,
  `date` datetime DEFAULT NULL,
  PRIMARY KEY (`id_cat_suggession`)
) ENGINE=MyISAM DEFAULT CHARSET=latin1;

--
-- Dumping data for table `idx_category_suggession`
--


--
-- Table structure for table `idx_checkurl`
--

CREATE TABLE `idx_checkurl` (
  `link_id` mediumint(9) NOT NULL DEFAULT '0',
  `date` date NOT NULL DEFAULT '0000-00-00',
  `live` char(1) NOT NULL DEFAULT '',
  `reciprocal_found` char(1) NOT NULL DEFAULT '',
  PRIMARY KEY (`link_id`)
) ENGINE=MyISAM DEFAULT CHARSET=latin1;

--
-- Dumping data for table `idx_checkurl`
--


--
-- Table structure for table `idx_cronjobs`
--

CREATE TABLE `idx_cronjobs` (
  `cronjobs_id` int(11) NOT NULL AUTO_INCREMENT,
  `cronjobs_name` varchar(255) DEFAULT NULL,
  `filename` varchar(255) NOT NULL,
  `schedule` varchar(255) NOT NULL,
  `time` datetime NOT NULL,
  `execution` varchar(1) NOT NULL,
  PRIMARY KEY (`cronjobs_id`)
) ENGINE=MyISAM AUTO_INCREMENT=4 DEFAULT CHARSET=latin1;

--
-- Dumping data for table `idx_cronjobs`
--

INSERT INTO `idx_cronjobs` VALUES (1,NULL,'clear_templates_c.php','1,*,*,*,*','0000-00-00 00:00:00',''),(2,NULL,'update_tag_cloud.php','*,24,*,*,*','0000-00-00 00:00:00',''),(3,NULL,'clear_rss_cache.php','*,24,*,*,*','0000-00-00 00:00:00','');

--
-- Table structure for table `idx_custom_field`
--

CREATE TABLE `idx_custom_field` (
  `field_name` varchar(32) NOT NULL DEFAULT '',
  `field_text` varchar(64) NOT NULL DEFAULT '',
  `field_type` enum('TEXT','TEXTAREA','SELECT','MULTISELECT','CHECKBOX','RADIO','FILE','IMAGE','DATE','DATETIME','RICHEDITOR') NOT NULL DEFAULT 'TEXT',
  `field_option` text NOT NULL,
  `field_img_width` int(10) unsigned NOT NULL DEFAULT '0',
  `field_img_height` int(10) unsigned NOT NULL DEFAULT '0',
  `field_file_size` int(10) unsigned NOT NULL DEFAULT '0',
  `field_file_extension` varchar(64) NOT NULL DEFAULT '',
  `required` char(1) NOT NULL DEFAULT '0',
  `searchable` char(1) NOT NULL DEFAULT '1',
  `permission` char(1) NOT NULL DEFAULT '0'
) ENGINE=MyISAM DEFAULT CHARSET=latin1;

--
-- Dumping data for table `idx_custom_field`
--

INSERT INTO `idx_custom_field` VALUES ('image','Image','IMAGE','',0,0,0,'','0','0','2'),('address','Address','TEXT','',0,0,0,'','0','0','0'),('city','City','TEXT','',0,0,0,'','0','0','0'),('state','State','TEXT','',0,0,0,'','0','0','0'),('country','Country','TEXT','',0,0,0,'','0','0','0'),('zip','Zip','TEXT','',0,0,0,'','0','0','0'),('phone','Phone','TEXT','',0,0,0,'','0','0','0'),('fax','Fax','TEXT','',0,0,0,'','0','0','0');

--
-- Table structure for table `idx_default_field`
--

CREATE TABLE `idx_default_field` (
  `field_name` varchar(64) NOT NULL,
  `required` char(1) NOT NULL,
  `visible` char(1) NOT NULL DEFAULT '1',
  `searchable` char(1) NOT NULL DEFAULT '1'
) ENGINE=MyISAM DEFAULT CHARSET=latin1;

--
-- Dumping data for table `idx_default_field`
--

INSERT INTO `idx_default_field` VALUES ('title','1','1','1'),('url','1','1','1'),('description','1','1','1'),('keywords','1','1','0'),('contact_name','1','1','1'),('email','1','1','1'),('reciprocal_url','0','0','1');

--
-- Table structure for table `idx_discount_coupon`
--

CREATE TABLE `idx_discount_coupon` (
  `coupon_id` int(11) NOT NULL AUTO_INCREMENT,
  `coupon_code` varchar(255) DEFAULT NULL,
  `coupon_value` varchar(50) DEFAULT NULL,
  `link_type` varchar(255) DEFAULT NULL,
  `start_date` date DEFAULT NULL,
  `expired_date` date DEFAULT NULL,
  `expired_usage` int(11) DEFAULT NULL,
  `usage_count` int(11) DEFAULT NULL,
  PRIMARY KEY (`coupon_id`)
) ENGINE=MyISAM DEFAULT CHARSET=latin1;

--
-- Dumping data for table `idx_discount_coupon`
--


--
-- Table structure for table `idx_editor`
--

CREATE TABLE `idx_editor` (
  `username` varchar(20) DEFAULT NULL,
  `category_id` mediumint(9) DEFAULT NULL,
  `category` char(1) DEFAULT NULL,
  `link` char(1) DEFAULT NULL,
  `review` char(1) DEFAULT NULL,
  `pick` char(1) DEFAULT NULL,
  `status` char(1) DEFAULT NULL,
  `date` date DEFAULT NULL
) ENGINE=MyISAM DEFAULT CHARSET=latin1;

--
-- Dumping data for table `idx_editor`
--


--
-- Table structure for table `idx_email_template`
--

CREATE TABLE `idx_email_template` (
  `email_template_id` int(10) unsigned NOT NULL AUTO_INCREMENT,
  `name` varchar(255) DEFAULT NULL,
  `subject` varchar(255) DEFAULT NULL,
  `body` text,
  `altbody` text,
  PRIMARY KEY (`email_template_id`)
) ENGINE=MyISAM AUTO_INCREMENT=37 DEFAULT CHARSET=latin1;

--
-- Dumping data for table `idx_email_template`
--

INSERT INTO `idx_email_template` VALUES (1,'add_ok','Resource Added','<div style=\"font-weight:bold;\">Thank you for your submission to <%$site_name%></div>\r\n<p>\r\n<div style=\"float:left;width:200px;\">Resource ID</div>\r\n<div style=\"float:left;width:10px;\"> : </div>\r\n<div style=\"float:left;width:200px;\"><%$link_id%></div>\r\n<div style=\"float:left;width:200px;\">Title</div>\r\n<div style=\"float:left;width:10px;\"> : </div>\r\n<div style=\"float:left;width:200px;\"><%$title%></div>\r\n<div style=\"float:left;width:200px;\">Url</div>\r\n<div style=\"float:left;width:10px;\">  : </div>\r\n<div style=\"float:left;width:200px;\"><%$url%></div>\r\n<div style=\"float:left;width:200px;\">Description </div>\r\n<div style=\"float:left;width:10px;\"> : </div>\r\n<div style=\"float:left;width:200px;\"><%$description%></div>\r\n<div style=\"float:left;width:200px;\">Category </div>\r\n<div style=\"float:left;width:10px;\"> : </div>\r\n<div style=\"float:left;width:200px;\"><%$category%></div>\r\n<div style=\"float:left;width:200px;\">Contact name</div>\r\n<div style=\"float:left;width:10px;\"> : </div>\r\n<div style=\"float:left;width:200px;\"><%$contact_name%></div>\r\n<div style=\"float:left;width:200px;\">Email</div>\r\n<div style=\"float:left;width:10px;\">  : </div>\r\n<div style=\"float:left;width:200px;\"><%$email%></div>\r\n<div style=\"float:left;width:200px;\">Password </div>\r\n<div style=\"float:left;width:10px;\"> : </div>\r\n<div style=\"float:left;width:200px;\"><%$password%></div>\r\n<p>\r\nYour link has been added.\r\n<p>\r\n<p>\r\nRegards,\r\n<p>\r\n<%$site_name%> Team\r\n','Thank you for your submission to <%$site_name%>\r\nResource ID  : <%$link_id%>\r\nTitle        : <%$title%>\r\nUrl          : <%$url%>\r\nDescription  : <%$description%>\r\nCategory     : <%$category%>\r\nContact name : <%$contact_name%>\r\nEmail        : <%$email%>\r\nPassword     : <%$password%>\r\nYour link has been added.\r\nRegards,\r\n<%$site_name%> Team'),(2,'add_ok_editor','Resource Added','<div style=\"font-family:arial;font-size:12px;\">\r\nThere\'s a new submission to <b><%$site_name%></b>.\r\n<p>\r\n<p>\r\n<table cellspacing=0 cellpadding=0>\r\n<tr><td style=\"width:100px;\">Resource ID</td><td style=\"width:10px;\">:</td><td ><%$link_id%></td></tr>\r\n<tr><td style=\"width:100px;\">Title</td><td style=\"width:10px;\">:</td><td ><%$title%></td></tr>\r\n<tr><td style=\"width:100px;\">Url</td><td style=\"width:10px;\">:</td><td ><%$url%></td></tr>\r\n<tr><td style=\"width:100px;\">Description</td><td style=\"width:10px;\">:</td><td ><%$description%></td></tr>\r\n<tr><td style=\"width:100px;\">Category</td><td style=\"width:10px;\">:</td><td ><%$category%></td></tr>\r\n<tr><td style=\"width:100px;\">Contact name</td><td style=\"width:10px;\">:</td><td ><%$contact_name%></td></tr>\r\n<tr><td style=\"width:100px;\">Email/td><td style=\"width:10px;\">:</td><td ><%$email%></td></tr>\r\n</table>\r\n<p>\r\nThe category permissions allow webmasters to add/modify links without needing approval.\r\nThe link has been added.\r\n<p>\r\n<p>\r\nRegards,\r\n<p>\r\n<%$site_name%> Team\r\n</div>','There\'s a new submission to <%$site_name%>.\r\nResource ID  : <%$link_id%>\r\nTitle        : <%$title%>\r\nUrl          : <%$url%>\r\nDescription  : <%$description%>\r\nCategory     : <%$category%>\r\nContact name : <%$contact_name%>\r\nEmail        : <%$email%>\r\nThe category permissions allow webmasters to add/modify links without needing approval.\r\nThe link has beed added.\r\nRegards,\r\n<%$site_name%> Team\r\n'),(3,'add_ok_subscriber','Resource Added','<div style=\"font-family:arial;font-size:12px;\">\r\nYou are receiving this email because you have a subscription for update notifications in <b><%$category%></b> category.\r\n<p>\r\nThere\'s a new submission to <b><%$site_name%><b>.\r\n<p>\r\n<table cellspacing=0 cellpadding=0>\r\n<tr><td style=\"width:100px;\">Resource ID</td><td style=\"width:10px;\">:</td><td ><%$link_id%></td></tr>\r\n<tr><td style=\"width:100px;\">Title</td><td style=\"width:10px;\">:</td><td ><%$title%></td></tr>\r\n<tr><td style=\"width:100px;\">Url</td><td style=\"width:10px;\">:</td><td ><%$url%></td></tr>\r\n<tr><td style=\"width:100px;\">Description</td><td style=\"width:10px;\">:</td><td ><%$description%></td></tr>\r\n<tr><td style=\"width:100px;\">Category</td><td style=\"width:10px;\">:</td><td ><%$category%></td></tr>\r\n<tr><td style=\"width:100px;\">Contact name</td><td style=\"width:10px;\">:</td><td ><%$contact_name%></td></tr>\r\n</table>\r\n<p>\r\n<p>\r\nRegards,\r\n<p>\r\n<b><%$site_name%></b> Team\r\n</div>','You are receiving this email because you have a subscription for update notifications in <%$category%> category.\r\nThere\'s a new submission to <%$site_name%>.\r\nResource ID  : <%$link_id%>\r\nTitle        : <%$title%>\r\nUrl          : <%$url%>\r\nDescription  : <%$description%>\r\nCategory     : <%$category%>\r\nContact name : <%$contact_name%>\r\nRegards,\r\n<%$site_name%> Team\r\n'),(4,'add_pending','Pending Resource','<div style=\"font-family:arial;font-size:12px;\">\r\nThank you for your submission to <b><%$site_name%></b>.\r\n<p>\r\n<table cellspacing=0 cellpadding=0>\r\n<tr><td style=\"width:100px;\">Title</td><td style=\"width:10px;\">:</td><td ><%$title%></td></tr>\r\n<tr><td style=\"width:100px;\">Url</td><td style=\"width:10px;\">:</td><td ><%$url%></td></tr>\r\n<tr><td style=\"width:100px;\">Description</td><td style=\"width:10px;\">:</td><td ><%$description%></td></tr>\r\n<tr><td style=\"width:100px;\">Category</td><td style=\"width:10px;\">:</td><td ><%$category%></td></tr>\r\n<tr><td style=\"width:100px;\">Contact name</td><td style=\"width:10px;\">:</td><td ><%$contact_name%></td></tr>\r\n<tr><td style=\"width:100px;\">Email</td><td style=\"width:10px;\">:</td><td ><%$email%></td></tr>\r\n</table>\r\n<p>\r\n<p>\r\nYour link will be reviewed by our team. We will contact you as soon <br>\r\nas we have reviewed your link.\r\n<p>\r\n<p>\r\nRegards,\r\n<p>\r\n<b><%$site_name%></b> Team\r\n</div>','Thank you for your submission to <%$site_name%>.\r\nTitle        : <%$title%>\r\nUrl          : <%$url%>\r\nDescription  : <%$description%>\r\nCategory     : <%$category%>\r\nContact name : <%$contact_name%>\r\nEmail        : <%$email%>\r\nYour link will be reviewed by our team. We will contact you as soon \r\nas we have reviewed your link.\r\nRegards,\r\n<%$site_name%> Team\r\n'),(5,'add_pending_editor','Pending Resource','<div style=\"font-family:arial;font-size:12px;\">\r\nThere\'s a new submission to <b><%$site_name%></b>.\r\n<p>\r\n<table cellspacing=0 cellpadding=0>\r\n<tr><td style=\"width:100px;\">Title</td><td style=\"width:10px;\">:</td><td ><%$title%></td></tr>\r\n<tr><td style=\"width:100px;\">Url</td><td style=\"width:10px;\">:</td><td ><%$url%></td></tr>\r\n<tr><td style=\"width:100px;\">Description</td><td style=\"width:10px;\">:</td><td ><%$description%></td></tr>\r\n<tr><td style=\"width:100px;\">Category</td><td style=\"width:10px;\">:</td><td ><%$category%></td></tr>\r\n<tr><td style=\"width:100px;\">Contact name</td><td style=\"width:10px;\">:</td><td ><%$contact_name%></td></tr>\r\n<tr><td style=\"width:100px;\">Email</td><td style=\"width:10px;\">:</td><td ><%$email%></td></tr>\r\n</table>\r\n<p>\r\n<p>\r\nYou need to review this link here:<br>\r\n<label style=\"margin-left:10px;\"><a href=\"<%$site_url%>/cp/editor_link_validate.php\"><%$site_url%>/cp/editor_link_validate.php</a></label><br>\r\nYou can approve this submission by clicking here:<br>\r\n<label style=\"margin-left:10px;\"><a href=\"<%$approve_notice%>\"><%$approve_notice%></a></label><br>\r\nYou can reject this submission by clicking here:<br>\r\n<label style=\"margin-left:10px;\"><a href=\"<%$reject_notice%>\"><%$reject_notice%></a></label><br>\r\nSilent reject here:<br>\r\n<label style=\"margin-left:10px;\"><a href=\"<%$reject_silent%>\"><%$reject_silent%></a></label><br>\r\n\r\n<p>\r\n<p>\r\nRegards,\r\n<p>\r\n<b><%$site_name%></b> Team\r\n</div>\r\n','There\'s a new submission to <%$site_name%>.\r\nTitle        : <%$title%>\r\nUrl          : <%$url%>\r\nDescription  : <%$description%>\r\nCategory     : <%$category%>\r\nContact name : <%$contact_name%>\r\nEmail        : <%$email%>\r\nYou need to review this link here:\r\n<%$site_url%>/cp/editor_link_validate.php\r\nYou can approve this submission by clicking here:\r\n<%$approve_notice%>\r\nYou can reject this submission by clicking here:\r\n<%$reject_notice%>\r\nSilent reject here:\r\n<%$reject_silent%>\r\n\r\nRegards,\r\n<%$site_name%> Team\r\n'),(6,'approved','Editor Approved.','<div style=\"font-family:arial;font-size:12px;\">\r\nYour submission at <b><%$site_name%></b> has been approved.\r\n<p>\r\n<table cellspacing=0 cellpadding=0>\r\n<tr><td style=\"width:100px;\">Resource ID</td><td style=\"width:10px;\">:</td><td ><%$link_id%></td></tr>\r\n<tr><td style=\"width:100px;\">Title</td><td style=\"width:10px;\">:</td><td ><%$title%></td></tr>\r\n<tr><td style=\"width:100px;\">Url</td><td style=\"width:10px;\">:</td><td ><%$url%></td></tr>\r\n<tr><td style=\"width:100px;\">Description</td><td style=\"width:10px;\">:</td><td ><%$description%></td></tr>\r\n<tr><td style=\"width:100px;\">Category</td><td style=\"width:10px;\">:</td><td ><%$category%></td></tr>\r\n<tr><td style=\"width:100px;\">Contact name</td><td style=\"width:10px;\">:</td><td ><%$contact_name%></td></tr>\r\n<tr><td style=\"width:100px;\">Email</td><td style=\"width:10px;\">:</td><td ><%$email%></td></tr>\r\n<tr><td style=\"width:100px;\">Password </td><td style=\"width:10px;\">:</td><td ><%$password%></td></tr>\r\n</table>\r\n<p>\r\n<p>\r\nRegards,\r\n<p>\r\n<b><%$site_name%></b> Team\r\n</div>','Your submission at <%$site_name%> has been approved.\r\nResource ID  : <%$link_id%>\r\nTitle        : <%$title%>\r\nUrl          : <%$url%>\r\nDescription  : <%$description%>\r\nCategory     : <%$category%>\r\nContact name : <%$contact_name%>\r\nEmail        : <%$email%>\r\nPassword     : <%$password%>\r\nRegards,\r\n<%$site_name%> Team\r\n'),(7,'approved_editor','Link approved','<div style=\"font-family:arial;font-size:12px;\">\r\nThe following submission has been approved.\r\n<p>\r\n<table cellspacing=0 cellpadding=0>\r\n<tr><td style=\"width:100px;\">Resource ID</td><td style=\"width:10px;\">:</td><td ><%$link_id%></td></tr>\r\n<tr><td style=\"width:100px;\">Title</td><td style=\"width:10px;\">:</td><td ><%$title%></td></tr>\r\n<tr><td style=\"width:100px;\">Url</td><td style=\"width:10px;\">:</td><td ><%$url%></td></tr>\r\n<tr><td style=\"width:100px;\">Description</td><td style=\"width:10px;\">:</td><td ><%$description%></td></tr>\r\n<tr><td style=\"width:100px;\">Category</td><td style=\"width:10px;\">:</td><td ><%$category%></td></tr>\r\n<tr><td style=\"width:100px;\">Contact name</td><td style=\"width:10px;\">:</td><td ><%$contact_name%></td></tr>\r\n<tr><td style=\"width:100px;\">Email</td><td style=\"width:10px;\">:</td><td ><%$email%></td></tr>\r\n</table>\r\n<p>\r\n<p>\r\nRegards,\r\n<p>\r\n<b><%$site_name%></b> Team\r\n</div>','The following submission has been approved.\r\nResource ID  : <%$link_id%>\r\nTitle        : <%$title%>\r\nUrl          : <%$url%>\r\nDescription  : <%$description%>\r\nCategory     : <%$category%>\r\nContact name : <%$contact_name%>\r\nEmail        : <%$email%>\r\nRegards,\r\n<%$site_name%> Team\r\n'),(8,'approved_subscriber','link_approved','<div style=\"font-family:arial;font-size:12px;\">\r\nYou are receiving this email because you have a subscription for update notifications in <b><%$category%></b> category.\r\n<p>\r\nThe following submission has been approved.\r\n<p>\r\n<table cellspacing=0 cellpadding=0>\r\n<tr><td style=\"width:100px;\">Resource ID</td><td style=\"width:10px;\">:</td><td ><%$link_id%></td></tr>\r\n<tr><td style=\"width:100px;\">Title</td><td style=\"width:10px;\">:</td><td ><%$title%></td></tr>\r\n<tr><td style=\"width:100px;\">Url</td><td style=\"width:10px;\">:</td><td ><%$url%></td></tr>\r\n<tr><td style=\"width:100px;\">Description</td><td style=\"width:10px;\">:</td><td ><%$description%></td></tr>\r\n<tr><td style=\"width:100px;\">Category</td><td style=\"width:10px;\">:</td><td ><%$category%></td></tr>\r\n<tr><td style=\"width:100px;\">Contact name</td><td style=\"width:10px;\">:</td><td ><%$contact_name%></td></tr>\r\n</table>\r\n<p>\r\n<p>\r\nRegards,\r\n<p>\r\n<b><%$site_name%></b> Team\r\n</div>','You are receiving this email because you have a subscription for update notifications in <%$category%> category.\r\nThe following submission has been approved.\r\nResource ID  : <%$link_id%>\r\nTitle        : <%$title%>\r\nUrl          : <%$url%>\r\nDescription  : <%$description%>\r\nCategory     : <%$category%>\r\nContact name : <%$contact_name%>\r\nRegards,\r\n<%$site_name%> Team\r\n'),(9,'bad_link_editor','Broken link report','<div style=\"font-family:arial;font-size:12px;\">\r\nThere\'s a new bad link report submission to <b><%$site_name%></b>.\r\n<p>\r\n<table cellspacing=0 cellpadding=0>\r\n<tr><td style=\"width:100px;\">Title</td><td style=\"width:10px;\">:</td><td ><%$title%></td></tr>\r\n<tr><td style=\"width:100px;\">Url</td><td style=\"width:10px;\">:</td><td ><%$url%></td></tr>\r\n<tr><td style=\"width:100px;\">Description</td><td style=\"width:10px;\">:</td><td ><%$description%></td></tr>\r\n<tr><td style=\"width:100px;\">Category</td><td style=\"width:10px;\">:</td><td ><%$category%></td></tr>\r\n<tr><td style=\"width:100px;\">Name</td><td style=\"width:10px;\">:</td><td ><%$r_name%></td></tr>\r\n<tr><td style=\"width:100px;\">Email</td><td style=\"width:10px;\">:</td><td ><%$email%></td></tr>\r\n<tr><td style=\"width:100px;\">Error type</td><td style=\"width:10px;\">:</td><td ><%$type_val%></td></tr>\r\n</table>\r\n<p>\r\nThis report has been added in your administrator area.<br>\r\nPlease review this report here:<br>\r\n<a href=\"<%$site_url%>/admin/link_bad.php\"><%$site_url%>/admin/link_bad.php</a>\r\n<p>\r\n<p>\r\nRegards,\r\n<p>\r\n<b><%$site_name%></b> Team\r\n</div>','There\'s a new bad link report submission to <%$site_name%>.\r\nTitle       : <%$title%>\r\nUrl         : <%$url%>\r\nDescription : <%$description%>\r\nCategory    : <%$category%>\r\nName        : <%$r_name%>\r\nEmail       : <%$r_email%>\r\nError type  : <%$type_val%>\r\nThis report has been added in your administrator area.\r\nPlease review this report here:\r\n<%$site_url%>/admin/link_bad.php\r\nRegards,\r\n<%$site_name%> Team\r\n'),(10,'become_editor_approved','Editor Approved.','<div style=\"font-family:arial;font-size:12px;\">\r\nYour request to become an editor at <b><%$site_name%></b> has been approved.\r\n<p>\r\n<table cellspacing=0 cellpadding=0>\r\n<tr><td style=\"width:100px;\">Username</td><td style=\"width:10px;\">:</td><td ><%$username%></td></tr>\r\n<tr><td style=\"width:100px;\">Name </td><td style=\"width:10px;\">:</td><td ><%$name%></td></tr>\r\n<tr><td style=\"width:100px;\">Email</td><td style=\"width:10px;\">:</td><td ><%$email%></td></tr>\r\n<tr><td style=\"width:100px;\">Category </td><td style=\"width:10px;\">:</td><td ><%$category%></td></tr>\r\n</table>\r\n<p>\r\n<p>\r\nRegards,\r\n<p>\r\n<b><%$site_name%></b> Team\r\n</div>','Your request to become an editor at <%$site_name%> has been approved.\r\nUsername  : <%$username%>\r\nName      : <%$name%>\r\nEmail     : <%$email%>\r\nCategory  : <%$category%>\r\nRegards,\r\n<%$site_name%> Team\r\n'),(11,'become_editor_pending','Request to become an editor','<div style=\"font-family:arial;font-size:12px;\">\r\nThank you for your request to become an editor at <b><%$site_name%></b>.\r\n<p>\r\n<table cellspacing=0 cellpadding=0>\r\n<tr><td style=\"width:100px;\">Username</td><td style=\"width:10px;\">:</td><td ><%$username%></td></tr>\r\n<tr><td style=\"width:100px;\">Name </td><td style=\"width:10px;\">:</td><td ><%$name%></td></tr>\r\n<tr><td style=\"width:100px;\">Email</td><td style=\"width:10px;\">:</td><td ><%$email%></td></tr>\r\n<tr><td style=\"width:100px;\">Category </td><td style=\"width:10px;\">:</td><td ><%$category%></td></tr>\r\n</table>\r\n<p>\r\nYour request will be processed soon.\r\n<p>\r\n<p>\r\nRegards,\r\n<p>\r\n<b><%$site_name%></b> Team\r\n</div>','Thank you for your request to become an editor at <%$site_name%>.\r\nUsername  : <%$username%>\r\nName      : <%$name%>\r\nEmail     : <%$email%>\r\nCategory  : <%$category%>\r\nYour request will be processed soon.\r\nRegards,\r\n<%$site_name%> Team\r\n'),(12,'become_editor_pending_admin','Request to become an editor','<div style=\"font-family:arial;font-size:12px;\">\r\nThere\'s a new request to become an editor at <b><%$site_name%></b>.\r\n<p>\r\n<table cellspacing=0 cellpadding=0>\r\n<tr><td style=\"width:100px;\">Username</td><td style=\"width:10px;\">:</td><td ><%$username%></td></tr>\r\n<tr><td style=\"width:100px;\">Name </td><td style=\"width:10px;\">:</td><td ><%$name%></td></tr>\r\n<tr><td style=\"width:100px;\">Email</td><td style=\"width:10px;\">:</td><td ><%$email%></td></tr>\r\n<tr><td style=\"width:100px;\">Category </td><td style=\"width:10px;\">:</td><td ><%$category%></td></tr>\r\n</table>\r\n<p>\r\nPlease review editor request here:\r\n  <label style=\"margin-left:10px;\"><a href=\"<%$site_url%>/admin/index.php\"><%$site_url%>/admin/index.php</a></label>\r\n<p>\r\n<p>\r\nRegards,\r\n<p>\r\n<b><%$site_name%></b> Team\r\n</div>','There\'s a new request to become an editor at <%$site_name%>.\r\nUsername  : <%$username%>\r\nName      : <%$name%>\r\nEmail     : <%$email%>\r\nCategory  : <%$category%>\r\nPlease review editor requests here:\r\n<%$site_url%>/admin/index.php\r\nRegards,\r\n<%$site_name%> Team\r\n'),(13,'become_editor_rejected','Editor Rejected.','<div style=\"font-family:arial;font-size:12px;\">\r\nYour request to become an editor at <b><%$site_name%></b> has been rejected.\r\n<p>\r\n<table cellspacing=0 cellpadding=0>\r\n<tr><td style=\"width:100px;\">Username</td><td style=\"width:10px;\">:</td><td ><%$username%></td></tr>\r\n<tr><td style=\"width:100px;\">Name </td><td style=\"width:10px;\">:</td><td ><%$name%></td></tr>\r\n<tr><td style=\"width:100px;\">Email</td><td style=\"width:10px;\">:</td><td ><%$email%></td></tr>\r\n<tr><td style=\"width:100px;\">Category </td><td style=\"width:10px;\">:</td><td ><%$category%></td></tr>\r\n</table>\r\n<p>\r\n<p>\r\nRegards,\r\n<p>\r\n<b><%$site_name%></b> Team\r\n</div>','Your request to become an editor at <%$site_name%> has been rejected.\r\nUsername  : <%$username%>\r\nName      : <%$name%>\r\nEmail     : <%$email%>\r\nCategory  : <%$category%>\r\nRegards,\r\n<%$site_name%> Team\r\n'),(14,'inv_ask_payment','<%$company%>, Invoice #<%$invoice_id%>','<div style=\"font-family:arial;font-size:12px;\">\r\nAn invoice has been created, and is available for viewing at the following URL:<br>\r\n<label><a href=\"<%$site_url%>/invoice.php?id=<%$invoice_id%>\"><%$site_url%>/invoice.php?id=<%$invoice_id%></a></label>\r\n<p>\r\nIf you should have any questions, please do not hesitate to contact us.<br>\r\nThank you for your business.\r\n<p>\r\n<p>\r\nRegards,\r\n<p>\r\n<b><%$site_name%></b> Team\r\n</div>','An invoice has been created, and is available for viewing at the following URL:\r\n<%$site_url%>/invoice.php?id=<%$invoice_id%>\r\nIf you should have any questions, please do not hesitate to contact us.\r\nThank you for your business.\r\nRegards,\r\n<%$site_name%> Team\r\n'),(15,'mailing_list_sub','Mailing list subscription','<div style=\"font-family:arial;font-size:12px;\">\r\nThank you. Your email address, <b><%$email%></b> has been added to our mailing list.\r\n<p>\r\n<p>\r\nRegards,\r\n<p>\r\n<%$site_name%> Team\r\n</div>','Thank you. Your email address, <%$email%> has been added to our mailing list.\r\nRegards,\r\n<%$site_name%> Team\r\n'),(16,'mailing_list_sub_confirm','Mailing list validation code','<div style=\"font-family:arial;font-size:12px;\">\r\nWe received your subscription request onto our mailing list.<br>\r\nPlease confirm your subscription here:<br>\r\n<label style=\"margin-left:50px;\"><a href=\"<%$confirm_url%>\"><%$confirm_url%></a></label>\r\n<p>\r\n<p>\r\nRegards,\r\n<p>\r\n<b><%$site_name%></b> Team\r\n</div>','We received your subscription request onto our mailing list.\r\nPlease confirm your subscription here:\r\n<%$confirm_url%>\r\nRegards,\r\n<%$site_name%> Team\r\n'),(17,'modify_ok','Resource Modified','<div style=\"font-family:arial;font-size:12px;\">\r\nThank you for your submission to <b><%$site_name%></b>.\r\n<table cellspacing=0 cellpadding=0>\r\n<tr><td style=\"width:100px;\">Title</td><td style=\"width:10px;\">:</td><td ><%$title%></td></tr>\r\n<tr><td style=\"width:100px;\">Url</td><td style=\"width:10px;\">:</td><td ><%$url%></td></tr>\r\n<tr><td style=\"width:100px;\">Description</td><td style=\"width:10px;\">:</td><td ><%$description%></td></tr>\r\n<tr><td style=\"width:100px;\">Category</td><td style=\"width:10px;\">:</td><td ><%$category%></td></tr>\r\n<tr><td style=\"width:100px;\">Contact name</td><td style=\"width:10px;\">:</td><td ><%$contact_name%></td></tr>\r\n<tr><td style=\"width:100px;\">Email/td><td style=\"width:10px;\">:</td><td ><%$email%></td></tr>\r\n</table>\r\n<p>\r\nYour link has been changed.\r\n<p>\r\n<p>\r\nRegards,\r\n<p>\r\n<b><%$site_name%></b> Team\r\n</div>','Thank you for your submission to <%$site_name%>.\r\nTitle        : <%$title%>\r\nUrl          : <%$url%>\r\nDescription  : <%$description%>\r\nCategory     : <%$category%>\r\nContact name : <%$contact_name%>\r\nEmail        : <%$email%>\r\nYour link has been changed.\r\nRegards,\r\n<%$site_name%> Team\r\n'),(18,'modify_ok_editor','Resource Modified','<div style=\"font-family:arial;font-size:12px;\">\r\nThere\'s a new submission to <%$site_name%>.\r\nTitle        : <%$title%>\r\nUrl          : <%$url%>\r\nDescription  : <%$description%>\r\nCategory     : <%$category%>\r\nContact name : <%$contact_name%>\r\nEmail        : <%$email%>\r\nThe category permissions allow webmasters to add/modify links without approval.\r\nThe link has been modified.\r\n<p>\r\n<p>\r\nRegards,\r\n<p>\r\n<b><%$site_name%></b> Team\r\n</div>','There\'s a new submission to <%$site_name%>.\r\nTitle        : <%$title%>\r\nUrl          : <%$url%>\r\nDescription  : <%$description%>\r\nCategory     : <%$category%>\r\nContact name : <%$contact_name%>\r\nEmail        : <%$email%>\r\nThe category permissions allow webmasters to add/modify links without approval.\r\nThe link has been modified.\r\nRegards,\r\n<%$site_name%> Team\r\n'),(19,'modify_ok_subscriber','Resource Modified','<div style=\"font-family:arial;font-size:12px;\">\r\nYou are receiving this email because you have a subscription for update notifications in <b><%$category%></b> category.\r\n<p>\r\nThere\'s a new submission to <b><%$site_name%></b>.\r\n<p>\r\n<table cellspacing=0 cellpadding=0>\r\n<tr><td style=\"width:100px;\">Title</td><td style=\"width:10px;\">:</td><td ><%$title%></td></tr>\r\n<tr><td style=\"width:100px;\">Url</td><td style=\"width:10px;\">:</td><td ><%$url%></td></tr>\r\n<tr><td style=\"width:100px;\">Description</td><td style=\"width:10px;\">:</td><td ><%$description%></td></tr>\r\n<tr><td style=\"width:100px;\">Category</td><td style=\"width:10px;\">:</td><td ><%$category%></td></tr>\r\n<tr><td style=\"width:100px;\">Contact name</td><td style=\"width:10px;\">:</td><td ><%$contact_name%></td></tr>\r\n</table>\r\n<p>\r\n<p>\r\nRegards,\r\n<p>\r\n<b><%$site_name%></b> Team\r\n</div>','You are receiving this email because you have a subscription for update notifications in <%$category%> category.\r\nThere\'s a new submission to <%$site_name%>.\r\nTitle        : <%$title%>\r\nUrl          : <%$url%>\r\nDescription  : <%$description%>\r\nCategory     : <%$category%>\r\nContact name : <%$contact_name%>\r\nRegards,\r\n<%$site_name%> Team\r\n'),(20,'modify_pending','Resource Modified','<div style=\"font-family:arial;font-size:12px;\">\r\nThank you for your submission to <b><%$site_name%><b>.\r\n<p>\r\n<table cellspacing=0 cellpadding=0>\r\n<tr><td style=\"width:100px;\">Title</td><td style=\"width:10px;\">:</td><td ><%$title%></td></tr>\r\n<tr><td style=\"width:100px;\">Url</td><td style=\"width:10px;\">:</td><td ><%$url%></td></tr>\r\n<tr><td style=\"width:100px;\">Description</td><td style=\"width:10px;\">:</td><td ><%$description%></td></tr>\r\n<tr><td style=\"width:100px;\">Category</td><td style=\"width:10px;\">:</td><td ><%$category%></td></tr>\r\n<tr><td style=\"width:100px;\">Contact name</td><td style=\"width:10px;\">:</td><td ><%$contact_name%></td></tr>\r\n<tr><td style=\"width:100px;\">Email</td><td style=\"width:10px;\">:</td><td ><%$email%></td></tr>\r\n</table>\r\n<p>\r\nYour link will be reviewed by our team. We will contact you as soon <br>\r\nas we have reviewed your link.\r\n<p>\r\n<p>\r\nRegards,\r\n<p>\r\n<b><%$site_name%></b> Team\r\n</div>','Thank you for your submission to <%$site_name%>.\r\nTitle        : <%$title%>\r\nUrl          : <%$url%>\r\nDescription  : <%$description%>\r\nCategory     : <%$category%>\r\nContact name : <%$contact_name%>\r\nEmail        : <%$email%>\r\nYour link will be reviewed by our team. We will contact you as soon \r\nas we have reviewed your link.\r\nRegards,\r\n<%$site_name%> Team\r\n'),(21,'modify_pending_editor','Resource Modified','<div style=\"font-family:arial;font-size:12px;\">\r\nThere\'s a new submission to <b><%$site_name%></b>.\r\n<p>\r\n<table cellspacing=0 cellpadding=0>\r\n<tr><td style=\"width:100px;\">Title</td><td style=\"width:10px;\">:</td><td ><%$title%></td></tr>\r\n<tr><td style=\"width:100px;\">Url</td><td style=\"width:10px;\">:</td><td ><%$url%></td></tr>\r\n<tr><td style=\"width:100px;\">Description</td><td style=\"width:10px;\">:</td><td ><%$description%></td></tr>\r\n<tr><td style=\"width:100px;\">Category</td><td style=\"width:10px;\">:</td><td ><%$category%></td></tr>\r\n<tr><td style=\"width:100px;\">Contact name</td><td style=\"width:10px;\">:</td><td ><%$contact_name%></td></tr>\r\n<tr><td style=\"width:100px;\">Email</td><td style=\"width:10px;\">:</td><td ><%$email%></td></tr>\r\n</table>\r\n<p>\r\n<p>\r\nYou need to review this link here:<br>\r\n<label style=\"margin-left:10px;\"><a href=\"<%$site_url%>/cp/editor_link_validate.php\"><%$site_url%>/cp/editor_link_validate.php</a></label>\r\n<p>\r\n<p>\r\nRegards,\r\n<p>\r\n<b><%$site_name%></b> Team\r\n</div>\r\n','There\'s a new submission to <%$site_name%>.\r\nTitle        : <%$title%>\r\nUrl          : <%$url%>\r\nDescription  : <%$description%>\r\nCategory     : <%$category%>\r\nContact name : <%$contact_name%>\r\nEmail        : <%$email%>\r\nYou need to review this link here:\r\n<%$site_url%>/cp/editor_link_validate.php\r\nRegards,\r\n<%$site_name%> Team\r\n'),(22,'register_confirm','Registration','<div style=\"font-family:arial;font-size:12px;\">\r\nThanks for joining <b><%$site_name%><b>.\r\n<p>\r\n<table cellspacing=0 cellpadding=0>\r\n<tr><td style=\"width:100px;\">Username</td><td style=\"width:10px;\">:</td><td ><%$username%></td></tr>\r\n<tr><td style=\"width:100px;\">Password</td><td style=\"width:10px;\">:</td><td ><%$password%></td></tr>\r\n</table>\r\n<p>\r\n<p>\r\nPlease confirm your registration here:<br>\r\n<label style=\"margin-left:10px;\"><A href=\"<%$site_url%>/register.php?u=<%$username%>&v=<%$vcode%>&pflag=cf\"><%$site_url%>/register.php?u=<%$username%>&v=<%$vcode%>&pflag=cf</a></label>\r\n<p>\r\n<p>\r\nSincerely,\r\n<p>\r\n<b><%$site_name%></b> Team\r\n</div>','Thanks for joining <%$site_name%>.\r\nUsername : <%$username%>\r\nPassword : <%$password%>\r\nPlease confirm your registration here:\r\n<%$site_url%>/register.php?u=<%$username%>&v=<%$vcode%>&pflag=cf\r\nSincerely,\r\n<%$site_name%> Team\r\n'),(23,'register_ok','Registration','<div style=\"font-family:arial;font-size:12px;\">\r\nThanks for joining <b><%$site_name%></b>.\r\n<p>\r\n<table cellspacing=0 cellpadding=0>\r\n<tr><td style=\"width:100px;\">Username</td><td style=\"width:10px;\">:</td><td ><%$username%></td></tr>\r\n<tr><td style=\"width:100px;\">Password</td><td style=\"width:10px;\">:</td><td ><%$password%></td></tr>\r\n</table>\r\n<p>\r\nSincerely,\r\n<p>\r\n<p>\r\n<b><%$site_name%></b> Team\r\n</div>','Thanks for joining <%$site_name%>.\r\nUsername : <%$username%>\r\nPassword : <%$password%>\r\nSincerely,\r\n<%$site_name%> Team\r\n'),(24,'rejected','Your submission has been rejected','<div style=\"font-family:arial;font-size:12px;\">\r\nYour submission has been rejected.<br>\r\nThis may be caused by one of the following reason:\r\n<p>\r\n<ul>\r\n<li>adult material</li>\r\n<li>the site is under construction</li>\r\n<li>the topic is not related with our directory</li>\r\n</ul>\r\n</p>\r\n<table cellspacing=0 cellpadding=0>\r\n<tr><td style=\"width:100px;\">Title</td><td style=\"width:10px;\">:</td><td ><%$title%></td></tr>\r\n<tr><td style=\"width:100px;\">Url</td><td style=\"width:10px;\">:</td><td ><%$url%></td></tr>\r\n<tr><td style=\"width:100px;\">Description</td><td style=\"width:10px;\">:</td><td ><%$description%></td></tr>\r\n<tr><td style=\"width:100px;\">Category</td><td style=\"width:10px;\">:</td><td ><%$category%></td></tr>\r\n<tr><td style=\"width:100px;\">Contact name</td><td style=\"width:10px;\">:</td><td ><%$contact_name%></td></tr>\r\n<tr><td style=\"width:100px;\">Email/td><td style=\"width:10px;\">:</td><td ><%$email%></td></tr>\r\n</table>\r\n<p>\r\n<p>\r\nRegards,\r\n<p>\r\n<b><%$site_name%></b> Team\r\n</div>','Your submission has been rejected.\r\nThis may caused by one of the following reasons:\r\n- adult material\r\n- the site is under construction\r\n- the topic is not related with our directory\r\nTitle        : <%$title%>\r\nUrl          : <%$url%>\r\nDescription  : <%$description%>\r\nCategory     : <%$category%>\r\nContact name : <%$contact_name%>\r\nEmail        : <%$email%>\r\nRegards,\r\n<%$site_name%> Team\r\n'),(25,'rejected_editor','Link rejected','<div style=\"font-family:arial;font-size:12px;\">\r\nThe following submission has been rejected.\r\n<p>\r\n<table cellspacing=0 cellpadding=0>\r\n<tr><td style=\"width:100px;\">Title</td><td style=\"width:10px;\">:</td><td ><%$title%></td></tr>\r\n<tr><td style=\"width:100px;\">Url</td><td style=\"width:10px;\">:</td><td ><%$url%></td></tr>\r\n<tr><td style=\"width:100px;\">Description</td><td style=\"width:10px;\">:</td><td ><%$description%></td></tr>\r\n<tr><td style=\"width:100px;\">Category</td><td style=\"width:10px;\">:</td><td ><%$category%></td></tr>\r\n<tr><td style=\"width:100px;\">Contact name</td><td style=\"width:10px;\">:</td><td ><%$contact_name%></td></tr>\r\n<tr><td style=\"width:100px;\">Email</td><td style=\"width:10px;\">:</td><td ><%$email%></td></tr>\r\n</table>\r\n<p>\r\n<p>\r\nRegards,\r\n<p>\r\n<b><%$site_name%></b> Team\r\n</div>\r\n','The following submission has been rejected.\r\nTitle        : <%$title%>\r\nUrl          : <%$url%>\r\nDescription  : <%$description%>\r\nCategory     : <%$category%>\r\nContact name : <%$contact_name%>\r\nEmail        : <%$email%>\r\nRegards,\r\n<%$site_name%> Team\r\n'),(26,'review_pending_editor','Pending Review','<div style=\"font-family:arial;font-size:12px;\">\r\nThere\'s a new review to <b><%$site_name%></b>.\r\n<p>\r\n<table cellspacing=0 cellpadding=0>\r\n<tr><td style=\"width:100px;\">Title</td><td style=\"width:10px;\">:</td><td ><%$title%></td></tr>\r\n<tr><td style=\"width:100px;\">Url</td><td style=\"width:10px;\">:</td><td ><%$url%></td></tr>\r\n<tr><td style=\"width:100px;\">Description</td><td style=\"width:10px;\">:</td><td ><%$description%></td></tr>\r\n<tr><td style=\"width:100px;\">Category</td><td style=\"width:10px;\">:</td><td ><%$category%></td></tr>\r\n</table>\r\n<p>\r\n<table cellspacing=0 cellpadding=0>\r\n<tr><td style=\"width:100px;\">Username</td><td style=\"width:10px;\">:</td><td ><%$username%></td></tr>\r\n<tr><td style=\"width:100px;\">Subject</td><td style=\"width:10px;\">:</td><td ><%$rev_subject%></td></tr>\r\n<tr><td style=\"width:100px;\">Rating</td><td style=\"width:10px;\">:</td><td ><%$rev_rating%></td></tr>\r\n<tr><td style=\"width:100px;\">Review</td><td style=\"width:10px;\">:</td><td ><%$rev_review%></td></tr>\r\n</table>\r\n<p>\r\n<p>\r\nPlease review it here:<br>\r\n<label style=\"margin-left:10px;\"><a href=\"<%$site_url%>/cp/\"><%$site_url%>/cp/</a></label>\r\n<p>\r\n<p>\r\nRegards,\r\n<p>\r\n<b><%$site_name%></b> Team\r\n</div>\r\n','There\'s new review to <%$site_name%>.\r\nTitle       : <%$title%>\r\nUrl         : <%$url%>\r\nDescription : <%$description%>\r\nCategory    : <%$category%>\r\nUsername    : <%$username%>\r\nSubject     : <%$rev_subject%>\r\nRating      : <%$rev_rating%>\r\nReview      : <%$rev_review%>\r\nPlease review it here:\r\n<%$site_url%>/cp/\r\nRegards,\r\n<%$site_name%> Team\r\n'),(27,'send_pwd_link','Your resource password','<div style=\"font-family:arial;font-size:12px;\">\r\nHere is your password for <b><%$title%></b> (<a href=\"<%$url%>\"><%$url%></a>)\r\n<p>\r\nPassword : <%$password%>\r\n<p>\r\n<p>\r\nRegards,\r\n<p>\r\n<b><%$site_name%></b> Team\r\n</div>','Here is your password for <%$title%> (<%$url%>)\r\nPassword : <%$password%>\r\nRegards,\r\n<%$site_name%> Team\r\n'),(28,'send_pwd_login','Your login password','<div style=\"font-family:arial;font-size:12px;\">\r\nHere is your username and password:\r\n<p>\r\n<table cellspacing=0 cellpadding=0>\r\n<tr><td style=\"width:100px;\">Username</td><td style=\"width:10px;\">:</td><td ><%$username%></td></tr>\r\n<tr><td style=\"width:100px;\">Password</td><td style=\"width:10px;\">:</td><td ><%$password%></td></tr>\r\n</table>\r\n<p>\r\n<p>\r\nRegards,\r\n<p>\r\n<b><%$site_name%></b> Team\r\n</div>','Here is your username and password:\r\nUsername : <%$username%>\r\nPassword : <%$password%>\r\nRegards,\r\n<%$site_name%> Team\r\n'),(29,'send_pwd_reset','Password reset request','<div style=\"font-family:arial;font-size:12px;\">\r\nWe received a request to reset your password.<br>\r\nPlease visit this URL to proceed:<br>\r\n<label style=\"margin-left:10px;\"><a href=\"<%$site_url%>/reset_pwd.php?u=<%$username%>&hash=<%$hash%>\"><%$site_url%>/reset_pwd.php?u=<%$username%>&hash=<%$hash%></a></label>\r\n<p>\r\n<p>\r\nRegards,\r\n<p>\r\n<b><%$site_name%></b> Team\r\n</div>','We received a request to reset your password.\r\nPlease visit this URL to proceed:\r\n<%$site_url%>/reset_pwd.php?u=<%$username%>&hash=<%$hash%>\r\nRegards,\r\n<%$site_name%> Team\r\n'),(30,'suggest_category','Category suggestion','<div style=\"font-family:arial;font-size:12px;\">\r\nCategory suggestion for <b><%$site_name%></b>.\r\n<p>\r\nParent               : <%$parent%>\r\nCategory Name        : <%$cat_name%>\r\nCategory Description : <%$cat_desc%>\r\n<p>\r\n<p>\r\nRegards,\r\n<p>\r\n<b><%$site_name%></b> Team\r\n</div>','Category suggestion for <%$site_name%>.\r\nParent               : <%$parent%>\r\nCategory Name        : <%$cat_name%>\r\nCategory Description : <%$cat_desc%>\r\nRegards,\r\n<%$site_name%> Team\r\n'),(31,'tell_friend_favorite','Your friend has shared his/her favorite listing','<div style=\"font-family:arial;font-size:12px;\">\r\nHi <%$friend_name%>,\r\n<p>\r\nI\'d like to share my favorite listing at <b><%$site_name%></b> (<a href=\"<%$site_url%>\"><%$site_url%></a>).<br>\r\nI hope you like them and find them useful.\r\n<p>\r\n<p>\r\n<%$fav_item%>\r\n<p>\r\n<p>\r\nSincerely,\r\n<p>\r\n<p>\r\n<%$my_name%> <<%$my_email%>>\r\n</div>','Hi <%$friend_name%>,\r\nI\'d like to share my favorite listings at <%$site_name%> (<%$site_url%>).\r\nI hope you like them and find them useful.\r\n<%$fav_item%>\r\nSincerely,\r\n<%$my_name%> <<%$my_email%>>\r\n'),(32,'tell_friend_favorite_rows',NULL,'<div style=\"font-family:arial;font-size:12px;\">\r\n<table cellspacing=0 cellpadding=0>\r\n<tr><td style=\"width:100px;\">Title</td><td style=\"width:10px;\">:</td><td ><%$title%></td></tr>\r\n<tr><td style=\"width:100px;\">Url</td><td style=\"width:10px;\">:</td><td ><%$url%></td></tr>\r\n<tr><td style=\"width:100px;\">Description</td><td style=\"width:10px;\">:</td><td ><%$description%></td></tr>\r\n</table>\r\n</div>\r\n','Title       : <%$title%>\r\nUrl         : <%$url%>\r\nDescription : <%$description%>\r\n'),(33,'tell_friend_link','Your friend recommended a link','<div style=\"font-family:arial;font-size:12px;\">\r\nHi <b><%$friend_name%></b>,\r\n<p>\r\nI found a good website that you may find interesting.\r\n<p>\r\n<div>\r\n<label style=\"float:left;width:100px;\">Website</label><label style=\"float:left;\"> : <b><%$title%></b></label>\r\n</div>\r\n<div style=\"clear:both;\">\r\n<label style=\"clear:both;float:left;width:100px;\">Url </label><label style=\"float:left;\"> : <a href=\"<%$url%>\"><%$url%></a></label>\r\n</div>\r\n<p style=\"clear:both;\">\r\nI found this website from <%$site_name%> (<a href=\"<%$site_url%>\"><%$site_url%></a>).\r\n<p>\r\n<p>\r\nSincerely,\r\n<p>\r\n<%$my_name%> <<%$my_email%>>\r\n</div>\r\n','Hi <%$friend_name%>,\r\nI found a good website that you may find interesting.\r\nWebsite : <%$title%>\r\nUrl     : <%$url%>\r\nI found this website from <%$site_name%> (<%$site_url%>).\r\nSincerely,\r\n<%$my_name%> <<%$my_email%>>\r\n'),(34,'tell_friend_website','hi <%$friend_name%>, I found a good website that you may find interesting','<div style=\"font-family:arial;font-size:12px;\">\r\nHi <b><%$friend_name%></b>,\r\n<p>\r\nI found good website that you may find interesting. The website is <b><%$site_name%></b> (<a href=\"<%$site_url%>\"><%$site_url%></a>).\r\n<p>\r\n<p>\r\nSincerely,\r\n<p>\r\n<%$my_name%> <<%$my_email%>>\r\n</div>','Hi <%$friend_name%>,\r\nI found a good website that you may find interesting. The website is <%$site_name%> (<%$site_url%>).\r\nSincerely,\r\n<%$my_name%> <<%$my_email%>>\r\n'),(35,'send_activation_link','Your activation link','<div style=\"font-family:arial;font-size:12px;\">\r\nHere is your activation link\r\n<p>\r\nActivation Link  : <A href=\"<%$activation_link%>\"><%$activation_link%></a>\r\n<p>\r\n<p>\r\nRegards,\r\n<p>\r\n<b><%$site_name%></b> Team\r\n</div>','Here is your activation link\r\nActivation Link  : <%$activation_link%>\r\nRegards,\r\n<%$site_name%> Team\r\n'),(36,'send_activated_account','Your account had been activated','<div style=\"font-family:arial;font-size:12px;\">\r\nYour account had been activated. Now you can login.\r\n<p>\r\nRegards,\r\n<p>\r\n<b><%$site_name%></b> Team\r\n</div>','Your account had been activated. Now you can login.\r\n\r\nRegards,\r\n<%$site_name%> Team\r\n');

--
-- Table structure for table `idx_favorites`
--

CREATE TABLE `idx_favorites` (
  `favorite_id` int(11) NOT NULL AUTO_INCREMENT,
  `username` varchar(20) DEFAULT NULL,
  `date` date DEFAULT NULL,
  `title` varchar(100) DEFAULT NULL,
  `description` text,
  PRIMARY KEY (`favorite_id`)
) ENGINE=MyISAM DEFAULT CHARSET=latin1;

--
-- Dumping data for table `idx_favorites`
--


--
-- Table structure for table `idx_favorites_detail`
--

CREATE TABLE `idx_favorites_detail` (
  `favorite_id` int(11) DEFAULT NULL,
  `link_id` mediumint(9) DEFAULT NULL
) ENGINE=MyISAM DEFAULT CHARSET=latin1;

--
-- Dumping data for table `idx_favorites_detail`
--


--
-- Table structure for table `idx_hook_place`
--

CREATE TABLE `idx_hook_place` (
  `hook_place_id` int(11) NOT NULL AUTO_INCREMENT,
  `filename` varchar(255) DEFAULT NULL,
  `hookname` varchar(255) DEFAULT NULL,
  PRIMARY KEY (`hook_place_id`)
) ENGINE=MyISAM DEFAULT CHARSET=latin1;

--
-- Dumping data for table `idx_hook_place`
--


--
-- Table structure for table `idx_invoice`
--

CREATE TABLE `idx_invoice` (
  `invoice_id` varchar(10) NOT NULL DEFAULT '',
  `invoice_date` date DEFAULT NULL,
  `due_date` date DEFAULT NULL,
  `invoiced_to` text,
  `service` varchar(255) DEFAULT NULL,
  `description` text,
  `total` double(8,2) DEFAULT NULL,
  `comment` text,
  `paid` char(1) DEFAULT NULL,
  `paid_date` date DEFAULT NULL,
  `email` varchar(255) DEFAULT NULL,
  PRIMARY KEY (`invoice_id`)
) ENGINE=MyISAM DEFAULT CHARSET=latin1;

--
-- Dumping data for table `idx_invoice`
--


--
-- Table structure for table `idx_invoice_config`
--

CREATE TABLE `idx_invoice_config` (
  `company` varchar(255) DEFAULT NULL,
  `contact` varchar(255) DEFAULT NULL,
  `address` text,
  `phone` varchar(255) DEFAULT NULL,
  `email` varchar(255) DEFAULT NULL,
  `currency_symbol` varchar(255) DEFAULT '$',
  `currency_code` varchar(255) DEFAULT 'USD'
) ENGINE=MyISAM DEFAULT CHARSET=latin1;

--
-- Dumping data for table `idx_invoice_config`
--

INSERT INTO `idx_invoice_config` VALUES ('Your website / Company','Billing Department','Your address','Your phone #','Billing<name@yourdomain.com>','$','USD');

--
-- Table structure for table `idx_link`
--

CREATE TABLE `idx_link` (
  `link_id` mediumint(9) unsigned NOT NULL AUTO_INCREMENT,
  `category_id` mediumint(9) unsigned NOT NULL DEFAULT '0',
  `title` varchar(100) NOT NULL DEFAULT '',
  `url` text NOT NULL,
  `description` text NOT NULL,
  `contact_name` varchar(100) NOT NULL DEFAULT '',
  `email` varchar(100) NOT NULL DEFAULT '',
  `hits` mediumint(9) NOT NULL DEFAULT '0',
  `votes` smallint(6) NOT NULL DEFAULT '0',
  `rating` float(4,2) NOT NULL DEFAULT '0.00',
  `date` datetime NOT NULL DEFAULT '0000-00-00 00:00:00',
  `bid` smallint(6) NOT NULL DEFAULT '0',
  `new` char(1) DEFAULT NULL,
  `hot` char(1) DEFAULT NULL,
  `top_rated` char(1) DEFAULT NULL,
  `pick` char(1) DEFAULT NULL,
  `password` varchar(20) DEFAULT NULL,
  `updated` char(1) DEFAULT NULL,
  `reviews` smallint(6) DEFAULT NULL,
  `avg_review` float(4,2) DEFAULT NULL,
  `last_updated` datetime DEFAULT NULL,
  `official_review` text,
  `keywords` varchar(255) DEFAULT NULL,
  `cat1` mediumint(6) NOT NULL DEFAULT '0',
  `cat2` mediumint(6) NOT NULL DEFAULT '0',
  `suspended` char(1) NOT NULL DEFAULT '0',
  `reciprocal_url` varchar(255) DEFAULT NULL,
  `address` varchar(255) DEFAULT NULL,
  `city` varchar(255) DEFAULT NULL,
  `state` varchar(255) DEFAULT NULL,
  `country` varchar(255) DEFAULT NULL,
  `zip` varchar(255) DEFAULT NULL,
  `image` varchar(255) DEFAULT NULL,
  `phone` varchar(255) DEFAULT NULL,
  `fax` varchar(255) DEFAULT NULL,
  PRIMARY KEY (`link_id`)
) ENGINE=MyISAM AUTO_INCREMENT=31 DEFAULT CHARSET=latin1;

--
-- Dumping data for table `idx_link`
--

INSERT INTO `idx_link` VALUES (1,22,'Personal Injury Lawyers Riverside','http://www.sweeneyattorneys.com','We are a family of lawyers that care and can assist you if you have been injured in a accident. We are experienced Riverside County personal injury attorneys that have serviced thousands of injury claims throughout our combined 45 years of service.','Stuart','stuart@smwebmarketing.com',0,0,0.00,'2012-02-06 13:59:00',0,NULL,'0','0',NULL,NULL,NULL,NULL,NULL,NULL,NULL,'personal injury attorneys riverside, personal injury lawyers riverside, injury attorneys riverside, accident attorneys riverside, car accident attorney riverside, accident lawyer riverside',0,0,'0',NULL,NULL,NULL,NULL,NULL,NULL,NULL,NULL,NULL),(2,31,'Gurkha Cigars','http://www.habanosyhermanos.com','At Habanos & Hermanos, we offer discount cigars, the best cigar prices, cigar deals, and cheapest cigar accessories on the internet. We handle international cigars delivery, cigar humidors, cigar samplers, and more. We carry all premium cigars and boutique cigars, Arturo Fuente, Padron, Gurkha, Rocky Patel, Montecristo, Macanudo, Romeo and Juliet and more. Free shipping, low prices, the best online cigar prices available!','simon peterson','1simonpeterson1@gmail.com',0,0,0.00,'2012-02-06 20:18:32',0,NULL,'0','0',NULL,NULL,NULL,NULL,NULL,NULL,NULL,'cheap cigars, cheap humidors, cigar accessories, cigar ashtray, cigar cabinets, cigar cases, cigar cutters, cigar gifts, cigar lighters, custom humidors, gurkha cigars, humidor solutions, humidors for cigars, travel humidors, wholesale cigars',0,0,'0',NULL,NULL,NULL,NULL,NULL,NULL,NULL,NULL,NULL),(3,35,'Wedding Stationary','http://www.parekhcards.com','Parekh Cards is one of India\'s leading manufacturer of Indian Wedding Invitations with coordinated wedding stationery and wedding accessories. To buy place an order online!','Nilesh Parekh','weddingcards@vsnl.net',0,0,0.00,'2012-02-11 18:00:37',0,NULL,'0','0',NULL,NULL,NULL,NULL,NULL,NULL,NULL,'wedding and invitations, wedding invitations, indian wedding invitations, scroll wedding cards, wedding stationary, wedding invitation, indian wedding stationery, scroll wedding invitations',0,0,'0',NULL,NULL,NULL,NULL,NULL,NULL,NULL,NULL,NULL),(4,22,'Car Accident Lawyer NJ','http://www.workerscompaccident.com','Adam M Kotlar Attorney at Law provides legal representation for work accidents cases in Cherry Hill, Mt Laurel, New Jersey (NJ) and surrounding areas. We take an aggressive and thorough approach to the law, and handle all sorts of work related legal claims. Call us at 856-751-7676 for free consultation.','Stuart','stuart@smwebmarketing.com',0,0,0.00,'2012-02-12 15:40:45',0,NULL,'0','0',NULL,NULL,NULL,NULL,NULL,NULL,NULL,'workmans compensation cherry hill, car accident lawyer cherry hill, workers comp mt laurel, workers comp lawyer mt laurel, workers compensation new jersey, car accident lawyer new jersey, workmans comp lawyer nj, workers comp nj',0,0,'0',NULL,NULL,NULL,NULL,NULL,NULL,NULL,NULL,NULL),(5,16,'Heating San Diego','http://www.thaheatandair.com','THA is the leading San Diego HVAC company for all residential and commercial heating and cooling systems for over 30 years.  We also provide repairs, spring and winter inspections, and yearly service agreements for all brands.','Stuart','stuart@smwebmarketing.com',0,0,0.00,'2012-02-20 15:23:24',0,NULL,'0','0',NULL,NULL,NULL,NULL,NULL,NULL,NULL,'air conditioning san diego, heating san diego, heater san diego, hvac san diego, ac san diego,  heating and air san diego, furnace san diego, heater repair san diego, air conditioning repair san diego, furnace repair san diego',0,0,'0',NULL,NULL,NULL,NULL,NULL,NULL,NULL,NULL,NULL),(6,22,'Chapter 7 Ephrata PA','http://mitchellsommers.com','The bankruptcy attorneys of the Law Offices in Ephrata and Lancaster, PA,  provides the best quality legal services to you and your business in a timely fashion and also helps people file for bankruptcy relief under the Bankruptcy Code .Call Mitchell A. Sommers ESQ, P.C. at 717-733-6607 for a legal consultation today.','Stuart','stuart@smwebmarketing.com',0,0,0.00,'2012-02-20 16:17:37',0,NULL,'0','0',NULL,NULL,NULL,NULL,NULL,NULL,NULL,'bankruptcy lancaster, pa, bankruptcy lawyer lancaster, pa, bankruptcy attorney lancaster, pa, foreclosure lawyer  lancaster, pa, bankruptcy ephrata, pa, bankruptcy lawyer ephrata, pa, bankruptcy attorney ephrata, pa, foreclosure lawyer ephrata, pa  ',0,0,'0',NULL,NULL,NULL,NULL,NULL,NULL,NULL,NULL,NULL),(7,17,'Surveying Shreveport LA','http://www.johnsonpace.com','Johnson & Pace,  located in Longview, TX, specialized in engineering, architecture, and surveying offers  and offers multi-disciplinary services.for more \ninformation contact :903.753.0663','Stuart','stuart@smwebmarketing.com',0,0,0.00,'2012-02-20 16:23:16',0,NULL,'0','0',NULL,NULL,NULL,NULL,NULL,NULL,NULL,'architect longview tx, engineering longview tx, surveying longview tx ,surveying tyler tx, architect shreveport la,  architecture companies longview tx, architecture companies tyler tx, engineering tyler tx,  architecture companies shreveport la',0,0,'0',NULL,NULL,NULL,NULL,NULL,NULL,NULL,NULL,NULL),(8,3,'Dumpster Rental Fall River MA','http://www.abcdisposal.com','ABC Disposal Service, Inc. is the largest waste removal company in Massachusetts & Rhode Island. We offers residents waste, construction waste debris and recycling collection services at reasonable and competitive rates in Providence, RI & Cape Cod, New Bedford, Fall River, MA  . We also provides containers for safely transport and dispose of any type of non-hazardous materials generated from your site.','Stuart','stuart@smwebmarketing.com',0,0,0.00,'2012-02-20 16:43:30',0,NULL,'0','0',NULL,NULL,NULL,NULL,NULL,NULL,NULL,' dumpster rental cape cod ma, roll off container providence ri, waste disposal new bedford ma, garbage removalfall river ma, recycling cape cod ma, waste disposal providence ri, garbage removal new bedford ma, recycling fall river ma     ',0,0,'0',NULL,NULL,NULL,NULL,NULL,NULL,NULL,NULL,NULL),(9,3,'Safes St  Louis','http://www.batesstlock.com','Upgrade your Business & home\'s security in St.Louis city & county with new technologies from Bates Street Lock & Safe. Services and products available from us include antique lock service and repair, automotive high security keys, interchangeable core locks, lock service and repair, master key systems, restricted key systems and safe sales, service & installation.','Stuart','stuart@smwebmarketing.com',0,0,0.00,'2012-02-20 16:52:58',0,NULL,'0','0',NULL,NULL,NULL,NULL,NULL,NULL,NULL,'safes st  louis, safe opening st  louis, safe cracking st  louis, safe moving st  louis, crack safes st  louis,high security safes st  louis, fire proof safes st  louis, how to open a safe st  louis',0,0,'0',NULL,NULL,NULL,NULL,NULL,NULL,NULL,NULL,NULL),(10,15,'Dental Implants Las Vegas','http://www.redrockperio.com','Redrockperio offers dentistry services in Las Vegas with highest caliber diagnostics, optimal treatment planning, and simply beautiful results. We also provides Dental Implants, periodontal Surgery, Sedation Dentistry, Gum Treatments & many more with new technologies in a clean, comfortable environment.','Stuart','stuart@smwebmarketing.com',0,0,0.00,'2012-02-20 17:03:08',0,NULL,'0','0',NULL,NULL,NULL,NULL,NULL,NULL,NULL,'periodontal surgery las vegas, dental implants las vegas, sedation dentistry las vegas, gum treatments las vegas, periodontist las vegas, implant dentistry las vegas, gum surgery las vegas, periodontics las vegas, implant dentist las vegas ',0,0,'0',NULL,NULL,NULL,NULL,NULL,NULL,NULL,NULL,NULL),(11,18,'Flooring Tile Irvine','http://www.castletile.com','Castle Tile offers countless tile lines from a number of quality tile manufacturers and natural stone quarries in Irvine, Fountain Valley, Newport and Huntington Beach. Our experienced and knowledgeable staff is available to you six days a week to guide you for the specific needs of your project.  Call today for home design at (949)645-5906.','Yellow Book','stuart@ebrandz.com',0,0,0.00,'2012-02-20 17:09:23',0,NULL,'0','0',NULL,NULL,NULL,NULL,NULL,NULL,NULL,'tile irvine, flooring tile irvine, tiles irvine, tile newport beach, flooring tile newport beach, tiles newport beach, tile huntington beach, flooring tile huntington beach, tiles huntington beach, tile fountain valley, flooring tile fountain valley',0,0,'0',NULL,NULL,NULL,NULL,NULL,NULL,NULL,NULL,NULL),(12,20,'Health Insurance Lancaster PA','http://www.unruhinsurance.com','Unruh Insurance Agency, Inc. is a professional organization dedicated to providing the best insurance protection and service possible. We Offer homeowners,car,auto & health insurance and services in Lancaster PA & Berks County. Contact us today at 1-877-854-3309 for more information.','Yellow Book','stuart@ebrandz.com',0,0,0.00,'2012-02-20 18:09:52',0,NULL,'0','0',NULL,NULL,NULL,NULL,NULL,NULL,NULL,' insurance berks county, homeowners insurance berks county, health insurance lancaster pa, health insurance berks county, car insurance berks county, auto insurance berks county, insurance lancaster pa, auto insurance lancaster pa',0,0,'0',NULL,NULL,NULL,NULL,NULL,NULL,NULL,NULL,NULL),(13,22,'Bankruptcy Questions Lancaster CA','http://www.DLBKlaw.com','Our bankruptcy law firm’s goal is to protect all of your possessions and get you back on track to financial security by guiding you through the bankruptcy process. With our no-interest monthly payment plan everyone can afford our bankruptcy firm, and with our friendly and experienced staff we can quickly and easily get you through the system so that you can return to a normal lifestyle.','Yellow Book','stuart@ebrandz.com',0,0,0.00,'2012-02-20 18:14:07',0,NULL,'0','0',NULL,NULL,NULL,NULL,NULL,NULL,NULL,'bankruptcy questions fontana, bankruptcy attorneys lancaster  ca, bankruptcy lawyers fontana  ca, bankruptcy lawyer lancaster ca, bankruptcy attorney fontana ca, bankruptcy lawyers lancaster  ca, bankruptcy questions lancaster ca',0,0,'0',NULL,NULL,NULL,NULL,NULL,NULL,NULL,NULL,NULL),(14,28,'Apartments for rent Lubbock','http://www.lynnwoodtownhomes.com','Lynnwood Townhomes were designed with students in mind.  It is a student housing in Lubbock where every bedroom is a master suite with a luxurious walk in closet and full private bathroom. The town homes are zoned as apartments where more than two unrelated people can live legally.','Stuart','stuart@smwebmarketing.com',0,0,0.00,'2012-02-20 18:24:46',0,NULL,'0','0',NULL,NULL,NULL,NULL,NULL,NULL,NULL,'town homes for rent lubbock, student housing lubbock, rental properties lubbock, houses for  rent lubbock, homes for rent lubbock, rental homes lubbock, apartments for rent lubbock, town  homes lubbock',0,0,'0',NULL,NULL,NULL,NULL,NULL,NULL,NULL,NULL,NULL),(15,22,'Bail Bond Pueblo','http://www.dennisblackwellbailbonds.com','Dennis Blackwell Bail Bonds is a family owned business serving Colorado springs, Pubelo and the entire United States for 18 years. With our office located on the same street as the El Paso County Criminal Justice Center (CJC), we guarantee that you have chosen the fastest and most convenient bail bond service in Colorado Springs.','Stuart','stuart@smwebmarketing.com',0,0,0.00,'2012-02-20 19:21:40',0,NULL,'0','0',NULL,NULL,NULL,NULL,NULL,NULL,NULL,'bail bonds colorado springs, bail bondsmen pueblo, bail bondsman colorado springs, bail bond man pueblo, bail bond colorado springs, bail bonds pueblo, bail bondsman colorado springs',0,0,'0',NULL,NULL,NULL,NULL,NULL,NULL,NULL,NULL,NULL),(16,15,'Dental Implants Grove City PA','http://www.quadcountyoralsurgery.com','Do you have problems biting or chewing? When you\'re eating, do your lower teeth hit the roof of your mouth, causing discomfort? The Oral surgeon at Quad County will help you overcome your pain with the help of dental surgery such as Dental implants, TMJ & painless extraction of wisdom tooth in Butler & Kittanning PA area.','Stuart','stuart@smwebmarketing.com',0,0,0.00,'2012-02-20 19:31:45',0,NULL,'0','0',NULL,NULL,NULL,NULL,NULL,NULL,NULL,'dental oral surgery grove city pa, tmj  kittanning pa, wisdom teeth butler pa, oral surgeon kittanning pa, dental oral surgery butler pa,tmj grove city pa, dental oral surgery kittanning pa, dental implants butler pa, dental implants grove city pa, tmj ki',0,0,'0',NULL,NULL,NULL,NULL,NULL,NULL,NULL,NULL,NULL),(17,22,'Social Security Disability Kingston NY','http://www.mspinaclaw.com','Whether you’re seeking compensation for a workplace injury or to discharge debt  in Kingston & Hudson Ny,  our attorneys believe in giving every client the attention and dedication they deserve. Call 845-331-5777 and get a free consultation today.','Stuart','stuart@smwebmarketing.com',0,0,0.00,'2012-02-20 19:41:48',0,NULL,'0','0',NULL,NULL,NULL,NULL,NULL,NULL,NULL,'accident lawyers kingston ny, accident attorneys hudson ny, Bankruptcy lawyers hudson ny, bankruptcy attorneys kingston ny, workers  compensation hudson ny, social security disability kingston ny, traffic  lawyers hudson ny',0,0,'0',NULL,NULL,NULL,NULL,NULL,NULL,NULL,NULL,NULL),(18,3,'Electrical contractor Wichita','http://www.tracyelectricinc.com','Tracy Electric, Inc. is an electrical contractor which specializes in the design and installation of electrical systems for industrial plants, commercial buildings, and residential projects.  We provide 24 hour design and on-site services, electrical engineering, construction, instrumentation and control system services in Wichita & Houston to help tailor to our customers’ needs.','Yellow Book','stuart@ebrandz.com',0,0,0.00,'2012-02-21 10:12:19',0,NULL,'0','0',NULL,NULL,NULL,NULL,NULL,NULL,NULL,'electricians wichita, electrical contractor houston, electrical contractor wichita, electricians  houston,electrician wichita, electricians wichita, electrical contractor wichita, electrician houston, electricians houston, electrical contractor houston',0,0,'0',NULL,NULL,NULL,NULL,NULL,NULL,NULL,NULL,NULL),(19,22,'DUI Defense Lawyer Morgantown WV','http://www.westvirginiaduilawyers.com','Wagner is an experienced and the only law firm in Martinsburg, Morgantown, Charles Town in West Virginia which solely focuses on DUI and DWI defense. From first offense misdemeanor cases to more serious DUI homicide cases, the Wagner Law Firm is fully capable of defending you effectively in court.','Stuart','stuart@smwebmarketing.com',0,0,0.00,'2012-02-21 10:32:27',0,NULL,'0','0',NULL,NULL,NULL,NULL,NULL,NULL,NULL,'dui attorneys martinsburg wv, dui attorneys morgantown wv, dui defense lawyer charles town wv, dui defense lawyer martinsburg wv, dui lawyer martinsburg wv, dui lawyer morgantown wv, dwi attorneys charles town wv, dwi attorneys martinsburg wv',0,0,'0',NULL,NULL,NULL,NULL,NULL,NULL,NULL,NULL,NULL),(20,16,'Drain Cleaning Royal Oak','http://www.levineandsons.com','We offer same day service for most repairs. for emergency service we offer fast 60-minute arrival. we also offer no dig sewer line repairs that will save your money.','Stuart','stuart@smwebmarketing.com',0,0,0.00,'2012-02-21 10:40:23',0,NULL,'0','0',NULL,NULL,NULL,NULL,NULL,NULL,NULL,'air conditioning bloomfield hills, air conditioning farmington hills, air conditioning repair birmingham, air conditioning repair bloomfield hills, heating farmington hills, heating west bloomfield, plumber birmingham, plumber bloomfield hills',0,0,'0',NULL,NULL,NULL,NULL,NULL,NULL,NULL,NULL,NULL),(21,31,'silver buyers St Louis','http://www.stoneledgeguns.com','Stone Ledge Gun and Pawn offers the largest selection of new and used guns, professional gold, silver, and jewelry trading services in St Louis MO, Washington. We will deal in any items of value, and specialize in pawning and trading new, used, and antique guns & Jewelry with an experience of over 10 years.','Stuart','stuart@smwebmarketing.com',0,0,0.00,'2012-02-21 11:15:24',0,NULL,'0','0',NULL,NULL,NULL,NULL,NULL,NULL,NULL,'gun-shop-st-louis-mo, 9mm-guns-st-louis, gold-buyers-st-louis-mo, local-gun-shop-st-louis gun-shops-st-louis-mo,silver buyers washington mo, pawn shop washington mo',0,0,'0',NULL,NULL,NULL,NULL,NULL,NULL,NULL,NULL,NULL),(22,15,'Assisted Living Birmingham','http://www.alwaysthereinc.com','Always There In - Home Care provides Medical and Non-medical home care services such as Nursing Homes, Assisted living, Sitter and home health care for the people in the Birmingham, Huntsville & Pell City Area.','Stuart','stuart@smwebmarketing.com',0,0,0.00,'2012-02-21 11:30:27',0,NULL,'0','0',NULL,NULL,NULL,NULL,NULL,NULL,NULL,'nursing homes birmingham, home care birmingham, assisted living birmingham, home health birmingham, sitter services birmingham, nursing homes huntsville, home care huntsville, assisted living huntsville, home health huntsville, sitter services huntsvile',0,0,'0',NULL,NULL,NULL,NULL,NULL,NULL,NULL,NULL,NULL),(23,18,'Contemporary Furniture','http://www.shoparearugs.com','Shop Area Rugs offers luxury bedding sets and contemporary furniture at great prices. To buy visit us online or contact us at 1-866-640-0331!','Zac Zolfaghari','zac@shoparearugs.com',0,0,0.00,'2012-02-25 12:50:22',0,NULL,'0','0',NULL,NULL,NULL,NULL,NULL,NULL,NULL,'kids rugs, kids furniture, luxury bedding, bedding sets, contemporary furniture',0,0,'0',NULL,NULL,NULL,NULL,NULL,NULL,NULL,NULL,NULL),(24,7,'Linux VPS Hosting','http://www.24shells.net','24Shells offers high quality and cost effective dedicated server hosting and windows vps hosting services. Check us out online for more details!','','',0,0,0.00,'2012-03-04 11:25:05',0,NULL,'0','0',NULL,NULL,NULL,NULL,NULL,NULL,NULL,'24 shells, dedicated server hosting, vps hosting, windows virtual servers , linux reseller hosting, linux vps hosting, dedicated server, linux hosting, linux virtual server, dedicated hosting',0,0,'0',NULL,NULL,NULL,NULL,NULL,NULL,NULL,NULL,NULL),(25,16,'Air Conditioning Suwannee','http://www.hixonheatingandair.com','Hixon Heating & Air Conditioning is an experienced and reliable heating and air conditioning contractor serving Grayson, Buford, Dacula, Lawrenceville & Loganville for over 15 years. Customer satisfaction is our #1 goal. We gaurantee to beat any written estimate by 10% on any comparable heating and air products by any legitimate heating and air specialist.','Stuart','stuart@smwebmarketing.com',0,0,0.00,'2012-03-04 19:23:21',0,NULL,'0','0',NULL,NULL,NULL,NULL,NULL,NULL,NULL,'air conditioning grayson, hvac repair buford, heating repair dacula, air conditioning  buford, hvac repair loganville, heating repair snellville, air conditioning dacula, hvac repair  grayson, heating repair loganville, hvac repair snellville ',0,0,'0',NULL,NULL,NULL,NULL,NULL,NULL,NULL,NULL,NULL),(26,3,'Carpet Cleaner Portland','http://www.aquacarepdx.com','Aqua Care provides environmentally friendly carpet cleaning service to residential and commercial customers of Portland & Vancouver.  We use a process that leaves behind no soap or chemicals, has a reduced dry time and is safe for your pets.  We even offer same day service and guaranteed satisfaction!','Stuart','stuart@smwebmarketing.com',0,0,0.00,'2012-03-04 19:41:00',0,NULL,'0','0',NULL,NULL,NULL,NULL,NULL,NULL,NULL,' carpet cleaner portland, tile cleaning vancouver wa,  carpet cleaning portland, carpet cleaners  Vancouver wa, upholstery cleaning portland, carpet cleaning vancouver wa, tile cleaning portland, upholstery cleaning vancouver wa',0,0,'0',NULL,NULL,NULL,NULL,NULL,NULL,NULL,NULL,NULL),(27,22,'Personal Injury Attorney Omaha','http://www.renschandrensch.com','Rensch & Rensch Law have over thirty-five years of combined legal experience to helping injured people in Omaha, Nebraskans. We handle all types of personal injury cases, ranging from minor fender-bender car accidents to large, worker’s compensation & complex medical malpractice cases. Call us directly at (402) 498-4400 to get more information.','Stuart','stuart@smwebmarketing.com',0,0,0.00,'2012-03-04 20:15:57',0,NULL,'0','0',NULL,NULL,NULL,NULL,NULL,NULL,NULL,'personal injury attorney omaha ne, workers comp attorney omaha ne, car accident attorney omaha ne, injury attorney  omaha ne, personal injury lawyer omaha ne, personal injury lawyer omaha ne, personal injury attorney omaha',0,0,'0',NULL,NULL,NULL,NULL,NULL,NULL,NULL,NULL,NULL),(28,15,'Botox Treatments Mclean Va','http://www.soma-solutions.com','Soma Solutions, LLC in Houston offers  VelaShape II treatments, GentleMax Laser services, and skin rejuvenation services to help you to look  healthier, firmer and younger.for more details call at 703-790-2639.','Yellow Book','stuart@ebrandz.com',0,0,0.00,'2012-03-06 12:27:33',0,NULL,NULL,NULL,NULL,NULL,NULL,NULL,NULL,NULL,NULL,'botox injections vienna  va, botox treatments vienna  va, cellulite reduction vienna  va, botox vienna  va, juvederm vienna  va, botox injections mclean  va, botox treatments mclean  va, cellulite reduction mclean  va, botox mclean  va ',0,0,'0',NULL,NULL,NULL,NULL,NULL,NULL,NULL,NULL,NULL),(29,18,'Remodeling San Antonio TX','http://www.WestRidgeConstruction.com','West Ridge Construction is largest custom home builder, specializes in custom home construction and home design in San Antonio, TX. We built homes with the finest products, built by knowledgeable subcontractors, and built with you. We also specialize in remodeling kitchens, If you want to update your kitchen contact us at 830-438-4520 for more information.','Stuart','stuart@smwebmarketing.com',0,0,0.00,'2012-03-06 13:26:39',0,NULL,NULL,NULL,NULL,NULL,NULL,NULL,NULL,NULL,NULL,'remodeling san antonio tx, custom homes san antonio tx, home builder san antonio tx, kitchen remodelers san antonio tx, remodeler san antonio tx, remodelers san antonio tx, residential home builder san antonio tx, kitchen remodeling san antonio tx',0,0,'0',NULL,NULL,NULL,NULL,NULL,NULL,NULL,NULL,NULL),(30,3,'Home Theater Installation Suffolk County','http://www.sounddimensionsplus.com','Sound Dimensions Plus has been servicing the audio video needs of the customers, both in their homes & in their vehicles. Our home theater division has designed and installed many systems in Nassau & Suffolk County area. We also offer professional installation of electronics for your vehicle.','Stuart','stuart@smwebmarketing.com',0,0,0.00,'2012-03-06 14:27:40',0,NULL,NULL,NULL,NULL,NULL,NULL,NULL,NULL,NULL,NULL,'home theater installation nassau county, home theater system nassau county, home theater design nassau county, home theater installations suffolk county, home theater installers suffolk county, home theater system suffolk county',0,0,'0',NULL,NULL,NULL,NULL,NULL,NULL,NULL,NULL,NULL);

--
-- Table structure for table `idx_link_temp`
--

CREATE TABLE `idx_link_temp` (
  `vid` mediumint(9) unsigned NOT NULL AUTO_INCREMENT,
  `spam` char(1) NOT NULL DEFAULT '0',
  `link_id` mediumint(9) DEFAULT NULL,
  `category_id` mediumint(9) unsigned NOT NULL DEFAULT '0',
  `title` varchar(100) NOT NULL DEFAULT '',
  `url` text NOT NULL,
  `description` text NOT NULL,
  `contact_name` varchar(100) NOT NULL DEFAULT '',
  `email` varchar(100) NOT NULL DEFAULT '',
  `hits` mediumint(9) DEFAULT NULL,
  `votes` smallint(6) DEFAULT NULL,
  `rating` float(4,2) DEFAULT NULL,
  `date` datetime NOT NULL DEFAULT '0000-00-00 00:00:00',
  `bid` smallint(6) NOT NULL DEFAULT '0',
  `new` char(1) DEFAULT NULL,
  `hot` char(1) DEFAULT NULL,
  `top_rated` char(1) DEFAULT NULL,
  `pick` char(1) DEFAULT NULL,
  `password` varchar(20) DEFAULT NULL,
  `updated` char(1) DEFAULT NULL,
  `reviews` smallint(6) DEFAULT NULL,
  `avg_review` float(4,2) DEFAULT NULL,
  `last_updated` datetime DEFAULT NULL,
  `official_review` text,
  `keywords` varchar(255) DEFAULT NULL,
  `cat1` mediumint(6) NOT NULL DEFAULT '0',
  `cat2` mediumint(6) NOT NULL DEFAULT '0',
  `suspended` char(1) NOT NULL DEFAULT '0',
  `reciprocal_url` varchar(255) DEFAULT NULL,
  `address` varchar(255) DEFAULT NULL,
  `city` varchar(255) DEFAULT NULL,
  `state` varchar(255) DEFAULT NULL,
  `country` varchar(255) DEFAULT NULL,
  `zip` varchar(255) DEFAULT NULL,
  `image` varchar(255) DEFAULT NULL,
  `phone` varchar(255) DEFAULT NULL,
  `fax` varchar(255) DEFAULT NULL,
  PRIMARY KEY (`vid`)
) ENGINE=MyISAM DEFAULT CHARSET=latin1;

--
-- Dumping data for table `idx_link_temp`
--


--
-- Table structure for table `idx_link_temp_user`
--

CREATE TABLE `idx_link_temp_user` (
  `vid` mediumint(9) unsigned NOT NULL DEFAULT '0',
  `username` varchar(20) NOT NULL DEFAULT '',
  PRIMARY KEY (`vid`)
) ENGINE=MyISAM DEFAULT CHARSET=latin1;

--
-- Dumping data for table `idx_link_temp_user`
--


--
-- Table structure for table `idx_link_user`
--

CREATE TABLE `idx_link_user` (
  `link_id` mediumint(9) unsigned NOT NULL DEFAULT '0',
  `username` varchar(20) NOT NULL DEFAULT '',
  PRIMARY KEY (`link_id`)
) ENGINE=MyISAM DEFAULT CHARSET=latin1;

--
-- Dumping data for table `idx_link_user`
--


--
-- Table structure for table `idx_mailing_list`
--

CREATE TABLE `idx_mailing_list` (
  `email` varchar(50) NOT NULL DEFAULT '',
  `code` varchar(4) DEFAULT NULL,
  `status` char(1) DEFAULT NULL,
  PRIMARY KEY (`email`)
) ENGINE=MyISAM DEFAULT CHARSET=latin1;

--
-- Dumping data for table `idx_mailing_list`
--


--
-- Table structure for table `idx_message`
--

CREATE TABLE `idx_message` (
  `message_id` smallint(6) NOT NULL AUTO_INCREMENT,
  `date` date DEFAULT NULL,
  `body` text,
  `subject` varchar(100) DEFAULT NULL,
  PRIMARY KEY (`message_id`)
) ENGINE=MyISAM DEFAULT CHARSET=latin1;

--
-- Dumping data for table `idx_message`
--


--
-- Table structure for table `idx_notification`
--

CREATE TABLE `idx_notification` (
  `username` varchar(20) NOT NULL DEFAULT '',
  `category_id` mediumint(9) NOT NULL DEFAULT '0'
) ENGINE=MyISAM DEFAULT CHARSET=latin1;

--
-- Dumping data for table `idx_notification`
--


--
-- Table structure for table `idx_pagerank`
--

CREATE TABLE `idx_pagerank` (
  `link_id` mediumint(8) unsigned NOT NULL DEFAULT '0',
  `engine` char(1) NOT NULL DEFAULT '',
  `rank` tinyint(4) NOT NULL DEFAULT '0',
  `last_update` date NOT NULL DEFAULT '0000-00-00',
  PRIMARY KEY (`link_id`,`engine`)
) ENGINE=MyISAM DEFAULT CHARSET=latin1;

--
-- Dumping data for table `idx_pagerank`
--

INSERT INTO `idx_pagerank` VALUES (22,'g',0,'2012-02-27'),(12,'g',0,'2012-02-27'),(10,'g',0,'2012-02-27'),(16,'g',0,'2012-02-27'),(14,'g',0,'2012-02-28'),(9,'g',0,'2012-02-29'),(8,'g',0,'2012-02-29'),(20,'g',0,'2012-02-29'),(18,'g',0,'2012-02-29'),(21,'g',0,'2012-02-29'),(5,'g',0,'2012-02-29'),(2,'g',0,'2012-03-01'),(4,'g',0,'2012-03-07'),(1,'g',0,'2012-03-07'),(6,'g',0,'2012-03-07'),(13,'g',0,'2012-03-07'),(27,'g',0,'2012-03-07'),(17,'g',0,'2012-03-07'),(19,'g',0,'2012-03-07'),(15,'g',0,'2012-03-07');

--
-- Table structure for table `idx_paid_listing`
--

CREATE TABLE `idx_paid_listing` (
  `link_id` mediumint(9) unsigned NOT NULL DEFAULT '0',
  `premium` char(1) DEFAULT NULL,
  `sponsored` char(1) DEFAULT NULL,
  `expire` datetime DEFAULT NULL,
  `paid` char(1) DEFAULT NULL,
  PRIMARY KEY (`link_id`)
) ENGINE=MyISAM DEFAULT CHARSET=latin1;

--
-- Dumping data for table `idx_paid_listing`
--


--
-- Table structure for table `idx_payment_gateway`
--

CREATE TABLE `idx_payment_gateway` (
  `payment_gateway_id` int(11) NOT NULL AUTO_INCREMENT,
  `name` varchar(100) DEFAULT NULL,
  `enable` char(1) DEFAULT NULL,
  `setting` text,
  `invoice_html` text,
  PRIMARY KEY (`payment_gateway_id`)
) ENGINE=MyISAM AUTO_INCREMENT=9 DEFAULT CHARSET=latin1;

--
-- Dumping data for table `idx_payment_gateway`
--

INSERT INTO `idx_payment_gateway` VALUES (1,'paypal','1','a:2:{s:13:\"payment_email\";s:0:\"\";s:21:\"enable_paypal_sandbox\";s:1:\"0\";}','<p> \r\n	<a href=\'paynow.php?id={$invoice_id}&m=paypal\'><img src=\'http://www.paypal.com/images/x-click-but02.gif\' border=\'0\' alt=\'Make payments with PayPal - it is fast, free and secure!\' /></a> \r\n</p>\r\n'),(2,'2co','0','a:6:{s:6:\"co_sid\";s:5:\"84932\";s:9:\"co_secret\";s:5:\"tango\";s:12:\"co_recurring\";s:1:\"0\";s:9:\"co_prod_1\";s:6:\"100.00\";s:9:\"co_prod_2\";s:6:\"250.00\";s:9:\"co_prod_3\";s:6:\"400.00\";}','<p>\r\n<a href=\'paynow.php?id={$invoice_id}&m=2co\'><img src=\'http://www.2checkout.com/images/overview/btns/25.jpg\' alt=\'Pay Now with 2checkout...\' border=\'0\' /></a> \r\n</p>'),(3,'authorizenet','0','a:2:{s:21:\"authorizenet_login_id\";s:0:\"\";s:21:\"authorizenet_tran_key\";s:0:\"\";}','<p> \r\n<a href=\'paynow.php?id={$invoice_id}&m=authorizenet\'><img src=\'http://www.authorize.net/upload/images/Images/Header/authorizenet_logo.gif\' alt=\'Pay Now with Authorize.Net...\' width=\'99\' height=\'39\' style=\'{border : 1px solid #c0c0c0;}\' /></a>\r\n</p>'),(4,'egold','0','a:2:{s:19:\"egold_payee_account\";s:0:\"\";s:16:\"egold_payee_name\";s:0:\"\";}','<p> \r\n<a href=\'paynow.php?id={$invoice_id}&m=egold\'>\r\n<img src=\'http://www.e-gold.com/gif/paywith.gif\' border=\'0\' alt=\'Pay Now with e-gold...\' />\r\n</a>\r\n</p>'),(5,'moneybookers','0','a:1:{s:18:\"moneybookers_email\";s:0:\"\";}','<p> \r\n<a href=\'paynow.php?id={$invoice_id}&m=paypal\'><img src=\'http://www.moneybookers.com/images/banners/88_en_mb.gif\' border=\'0\' alt=\'Make payments with Moneybookers - it is fast, free and secure!\' /></a> \r\n</p>'),(6,'paypal-subscriptions','0','a:2:{s:13:\"payment_email\";s:0:\"\";s:21:\"enable_paypal_sandbox\";s:1:\"0\";}','<p> \r\n<a href=\'paynow.php?id={$invoice_id}&m=paypal\'><img src=\'https://www.paypal.com/en_US/i/btn/x-click-but20.gif\' border=\'0\' alt=\'Make payments with PayPal - it is fast, free and secure!\' /></a> \r\n</p>'),(7,'alertpay','0','a:2:{s:14:\"alertpay_email\";s:0:\"\";s:23:\"enable_alertpay_sandbox\";s:1:\"0\";}','<p> \r\n<a href=\'paynow.php?id={$invoice_id}&m=alertpay\'>\r\n<img src=\'https://www.alertpay.com/Images/BuyNow/pay_now_3.gif\' border=\'0\' alt=\'Make payments with PayPal - it is fast, free and secure!\' /></a> \r\n</p>'),(8,'alertpay-subcriptions','0','a:2:{s:14:\"alertpay_email\";s:0:\"\";s:23:\"enable_alertpay_sandbox\";s:1:\"0\";}','<p>\r\n<a href=\'paynow.php?id={$invoice_id}&m=alertpay-subcriptions\'>\r\n<img src=\'https://www.alertpay.com/Images/BuyNow/subscribe_now_15.gif\' border=\'0\' alt=\'Make payments with Alert Pay - it is fast, free and secure!\' /></a> \r\n</p>');

--
-- Table structure for table `idx_payment_history`
--

CREATE TABLE `idx_payment_history` (
  `payment_id` int(10) unsigned NOT NULL AUTO_INCREMENT,
  `contact_name` varchar(255) DEFAULT NULL,
  `email` varchar(255) DEFAULT NULL,
  `type` varchar(255) DEFAULT NULL,
  `detail` text,
  `amount` double DEFAULT NULL,
  `time` datetime DEFAULT NULL,
  `invoice_id` varchar(10) DEFAULT NULL,
  PRIMARY KEY (`payment_id`)
) ENGINE=MyISAM DEFAULT CHARSET=latin1;

--
-- Dumping data for table `idx_payment_history`
--


--
-- Table structure for table `idx_pl_sociable`
--

CREATE TABLE `idx_pl_sociable` (
  `sb_id` int(11) NOT NULL AUTO_INCREMENT,
  `sb_name` varchar(255) CHARACTER SET utf8 DEFAULT NULL,
  `sb_url` varchar(255) CHARACTER SET utf8 DEFAULT NULL,
  `sb_icon` varchar(255) CHARACTER SET utf8 DEFAULT NULL,
  `sb_enable` char(1) CHARACTER SET utf8 DEFAULT '0',
  PRIMARY KEY (`sb_id`)
) ENGINE=MyISAM AUTO_INCREMENT=90 DEFAULT CHARSET=latin1;

--
-- Dumping data for table `idx_pl_sociable`
--

INSERT INTO `idx_pl_sociable` VALUES (1,'BarraPunto','http://barrapunto.com/submit.pl?subj=TITLE&amp;story=PERMALINK','barrapunto.png','0'),(2,'Bitacoras.com','http://bitacoras.com/anotaciones/PERMALINK','bitacoras.png','0'),(3,'BlinkList','http://www.blinklist.com/index.php?Action=Blink/addblink.php&amp;Url=PERMALINK&amp;Title=TITLE','blinklist.png','0'),(4,'blogmarks','http://blogmarks.net/my/new.php?mini=1&amp;simple=1&amp;url=PERMALINK&amp;title=TITLE','blogmarks.png','0'),(5,'Blogosphere News','http://www.blogospherenews.com/submit.php?url=PERMALINK&amp;title=TITLE','blogospherenews.png','0'),(6,'blogtercimlap','http://cimlap.blogter.hu/index.php?action=suggest_link&amp;title=TITLE&amp;url=PERMALINK','blogter.png','0'),(7,'Faves','http://faves.com/Authoring.aspx?u=PERMALINK&amp;title=TITLE','bluedot.png','0'),(8,'connotea','http://www.connotea.org/addpopup?continue=confirm&amp;uri=PERMALINK&amp;title=TITLE&amp;description=EXCERPT','connotea.png','0'),(9,'Current','http://current.com/clipper.htm?url=PERMALINK&amp;title=TITLE','current.png','0'),(10,'del.icio.us','http://delicious.com/post?url=PERMALINK&amp;title=TITLE&amp;notes=EXCERPT','delicious.png','0'),(11,'Digg','http://digg.com/submit?phase=2&amp;url=PERMALINK&amp;title=TITLE&amp;bodytext=EXCERPT','digg.png','1'),(12,'Diigo','http://www.diigo.com/post?url=PERMALINK&amp;title=TITLE','diigo.png','0'),(13,'DotNetKicks','http://www.dotnetkicks.com/kick/?url=PERMALINK&amp;title=TITLE','dotnetkicks.png','0'),(14,'DZone','http://www.dzone.com/links/add.html?url=PERMALINK&amp;title=TITLE','dzone.png','0'),(15,'eKudos','http://www.ekudos.nl/artikel/nieuw?url=PERMALINK&amp;title=TITLE&amp;desc=EXCERPT','ekudos.png','0'),(16,'email','mailto:?subject=TITLE&amp;body=PERMALINK','email_link.png','0'),(17,'Facebook','http://www.facebook.com/share.php?u=PERMALINK&amp;t=TITLE','facebook.png','1'),(18,'Fark','http://cgi.fark.com/cgi/fark/farkit.pl?h=TITLE&amp;u=PERMALINK','fark.png','0'),(19,'Fleck','http://beta3.fleck.com/bookmarklet.php?url=PERMALINK&amp;title=TITLE','fleck.png','0'),(20,'FriendFeed','http://www.friendfeed.com/share?title=TITLE&amp;link=PERMALINK','friendfeed.png','0'),(21,'FSDaily','http://www.fsdaily.com/submit?url=PERMALINK&amp;title=TITLE','fsdaily.png','0'),(22,'Global Grind','http://globalgrind.com/submission/submit.aspx?url=PERMALINK&amp;type=Article&amp;title=TITLE','globalgrind.png','0'),(23,'Google','http://www.google.com/bookmarks/mark?op=edit&amp;bkmk=PERMALINK&amp;title=TITLE&amp;annotation=EXCERPT','googlebookmark.png','0'),(24,'Gwar','http://www.gwar.pl/DodajGwar.html?u=PERMALINK','gwar.png','0'),(25,'HackerNews','http://news.ycombinator.com/submitlink?u=PERMALINK&amp;t=TITLE','hackernews.png','0'),(26,'Haohao','http://www.haohaoreport.com/submit.php?url=PERMALINK&amp;title=TITLE','haohao.png','0'),(27,'HealthRanker','http://healthranker.com/submit.php?url=PERMALINK&amp;title=TITLE','healthranker.png','0'),(28,'HelloTxt','http://hellotxt.com/?status=TITLE+PERMALINK','hellotxt.png','0'),(29,'Hemidemi','http://www.hemidemi.com/user_bookmark/new?title=TITLE&amp;url=PERMALINK','hemidemi.png','0'),(30,'Hyves','http://www.hyves.nl/profilemanage/add/tips/?name=TITLE&amp;text=EXCERPT+PERMALINK&amp;rating=5','hyves.png','0'),(31,'Identi.ca','http://identi.ca/notice/new?status_textarea=PERMALINK','identica.png','0'),(32,'IndianPad','http://www.indianpad.com/submit.php?url=PERMALINK','indianpad.png','0'),(33,'Internetmedia','http://internetmedia.hu/submit.php?url=PERMALINK','im.png','0'),(34,'Kirtsy','http://www.kirtsy.com/submit.php?url=PERMALINK&amp;title=TITLE','kirtsy.png','0'),(35,'laaik.it','http://laaik.it/NewStoryCompact.aspx?uri=PERMALINK&amp;headline=TITLE&amp;cat=5e082fcc-8a3b-47e2-acec-fdf64ff19d12','laaikit.png','0'),(36,'LinkArena','http://linkarena.com/bookmarks/addlink/?url=PERMALINK&amp;title=TITLE','linkarena.png','0'),(37,'LinkaGoGo','http://www.linkagogo.com/go/AddNoPopup?url=PERMALINK&amp;title=TITLE','linkagogo.png','0'),(38,'LinkedIn','http://www.linkedin.com/shareArticle?mini=true&amp;url=PERMALINK&amp;title=TITLE&amp;source=BLOGNAME&amp;summary=EXCERPT','linkedin.png','0'),(39,'Linkter','http://www.linkter.hu/index.php?action=suggest_link&amp;url=PERMALINK&amp;title=TITLE','linkter.png','0'),(40,'Live','https://favorites.live.com/quickadd.aspx?marklet=1&amp;url=PERMALINK&amp;title=TITLE','live.png','0'),(41,'Meneame','http://meneame.net/submit.php?url=PERMALINK','meneame.png','0'),(42,'MisterWong','http://www.mister-wong.com/addurl/?bm_url=PERMALINK&amp;bm_description=TITLE&amp;plugin=soc','misterwong.png','0'),(43,'MisterWong.DE','http://www.mister-wong.de/addurl/?bm_url=PERMALINK&amp;bm_description=TITLE&amp;plugin=soc','misterwong.png','0'),(44,'Mixx','http://www.mixx.com/submit?page_url=PERMALINK&amp;title=TITLE','mixx.png','0'),(45,'muti','http://www.muti.co.za/submit?url=PERMALINK&amp;title=TITLE','muti.png','0'),(46,'MyShare','http://myshare.url.com.tw/index.php?func=newurl&amp;url=PERMALINK&amp;desc=TITLE','myshare.png','0'),(47,'MySpace','http://www.myspace.com/Modules/PostTo/Pages/?u=PERMALINK&amp;t=TITLE','myspace.png','0'),(48,'MSNReporter','http://reporter.nl.msn.com/?fn=contribute&amp;Title=TITLE&amp;URL=PERMALINK&amp;cat_id=6&amp;tag_id=31&amp;Remark=EXCERPT','msnreporter.png','0'),(49,'N4G','http://www.n4g.com/tips.aspx?url=PERMALINK&amp;title=TITLE','n4g.png','0'),(50,'Netvibes','http://www.netvibes.com/share?title=TITLE&amp;url=PERMALINK','netvibes.png','0'),(51,'NewsVine','http://www.newsvine.com/_tools/seed&amp;save?u=PERMALINK&amp;h=TITLE','newsvine.png','0'),(52,'Netvouz','http://www.netvouz.com/action/submitBookmark?url=PERMALINK&amp;title=TITLE&amp;popup=no','netvouz.png','0'),(53,'NuJIJ','http://nujij.nl/jij.lynkx?t=TITLE&amp;u=PERMALINK&amp;b=EXCERPT','nujij.png','0'),(54,'Ping.fm','http://ping.fm/ref/?link=PERMALINK&amp;title=TITLE&amp;body=EXCERPT','ping.png','0'),(55,'Posterous','http://posterous.com/share?linkto=PERMALINK&amp;title=TITLE&amp;selection=EXCERPT','posterous.png','0'),(56,'PDF','http://www.printfriendly.com/print?url=PERMALINK&amp;partner=sociable','pdf.png','0'),(57,'Print','http://www.printfriendly.com/print?url=PERMALINK&amp;partner=sociable','printfriendly.png','0'),(58,'Propeller','http://www.propeller.com/submit/?url=PERMALINK','propeller.png','0'),(59,'Ratimarks','http://ratimarks.org/bookmarks.php/?action=add&address=PERMALINK&amp;title=TITLE','ratimarks.png','0'),(60,'Rec6','http://rec6.via6.com/link.php?url=PERMALINK&amp;=TITLE','rec6.png','0'),(61,'Reddit','http://reddit.com/submit?url=PERMALINK&amp;title=TITLE','reddit.png','0'),(62,'RSS','FEEDLINK','rss.png','0'),(63,'Scoopeo','http://www.scoopeo.com/scoop/new?newurl=PERMALINK&amp;title=TITLE','scoopeo.png','0'),(64,'Segnalo','http://segnalo.alice.it/post.html.php?url=PERMALINK&amp;title=TITLE','segnalo.png','0'),(65,'Simpy','http://www.simpy.com/simpy/LinkAdd.do?href=PERMALINK&amp;title=TITLE','simpy.png','0'),(66,'Slashdot','http://slashdot.org/bookmark.pl?title=TITLE&amp;url=PERMALINK','slashdot.png','0'),(67,'Socialogs','http://socialogs.com/add_story.php?story_url=PERMALINK&amp;story_title=TITLE','socialogs.png','0'),(68,'SphereIt','http://www.sphere.com/search?q=sphereit:PERMALINK&amp;title=TITLE','sphere.png','0'),(69,'Sphinn','http://sphinn.com/index.php?c=post&amp;m=submit&amp;link=PERMALINK','sphinn.png','0'),(70,'StumbleUpon','http://www.stumbleupon.com/submit?url=PERMALINK&amp;title=TITLE','stumbleupon.png','0'),(71,'Techmeme','http://twitter.com/home/?status=tip%20@Techmeme%20PERMALINK%20TITLE','techmeme.png','0'),(72,'Technorati','http://technorati.com/faves?add=PERMALINK','technorati.png','1'),(73,'ThisNext','http://www.thisnext.com/pick/new/submit/sociable/?url=PERMALINK&amp;name=TITLE','thisnext.png','0'),(74,'Tipd','http://tipd.com/submit.php?url=PERMALINK','tipd.png','0'),(75,'Tumblr','http://www.tumblr.com/share?v=3&amp;u=PERMALINK&amp;t=TITLE&amp;s=EXCERPT','tumblr.png','0'),(76,'Twitter','http://twitter.com/home?status=TITLE%20-%20PERMALINK','twitter.png','1'),(77,'Upnews','http://www.upnews.it/submit?url=PERMALINK&amp;title=TITLE','upnews.png','0'),(78,'Webnews.de','http://www.webnews.de/einstellen?url=PERMALINK&amp;title=TITLE','webnews.png','0'),(79,'Webride','http://webride.org/discuss/split.php?uri=PERMALINK&amp;title=TITLE','webride.png','0'),(80,'Wikio','http://www.wikio.com/vote?url=PERMALINK','wikio.png','0'),(81,'Wikio FR','http://www.wikio.fr/vote?url=PERMALINK','wikio.png','0'),(82,'Wikio IT','http://www.wikio.it/vote?url=PERMALINK','wikio.png','0'),(83,'Wists','http://wists.com/s.php?c=&amp;r=PERMALINK&amp;title=TITLE','wists.png','0'),(84,'Wykop','http://www.wykop.pl/dodaj?url=PERMALINK','wykop.png','0'),(85,'Xerpi','http://www.xerpi.com/block/add_link_from_extension?url=PERMALINK&amp;title=TITLE','xerpi.png','0'),(86,'YahooBuzz','http://buzz.yahoo.com/submit/?submitUrl=PERMALINK&amp;submitHeadline=TITLE&amp;submitSummary=EXCERPT&amp;submitCategory=science&amp;submitAssetType=text','yahoobuzz.png','0'),(87,'Yahoo! Bookmarks','http://bookmarks.yahoo.com/toolbar/savebm?u=PERMALINK&amp;t=TITLE&opener=bm&amp;ei=UTF-8&amp;d=EXCERPT','yahoomyweb.png','0'),(88,'Yigg','http://yigg.de/neu?exturl=PERMALINK&amp;exttitle=TITLE','yiggit.png','0'),(89,'Blogplay','http://blogplay.com','blogplay.png','0');

--
-- Table structure for table `idx_plugin`
--

CREATE TABLE `idx_plugin` (
  `plugin_id` int(11) NOT NULL AUTO_INCREMENT,
  `name` varchar(255) DEFAULT NULL,
  `plugin_file` varchar(255) DEFAULT NULL,
  `status` enum('0','1') DEFAULT NULL,
  `option_plugin` text,
  PRIMARY KEY (`plugin_id`)
) ENGINE=MyISAM AUTO_INCREMENT=2 DEFAULT CHARSET=latin1;

--
-- Dumping data for table `idx_plugin`
--

INSERT INTO `idx_plugin` VALUES (1,'Sociable','sociable/sociable.php','1',NULL);

--
-- Table structure for table `idx_review`
--

CREATE TABLE `idx_review` (
  `review_id` mediumint(9) unsigned NOT NULL AUTO_INCREMENT,
  `link_id` mediumint(9) unsigned NOT NULL DEFAULT '0',
  `review` text NOT NULL,
  `rating` tinyint(3) unsigned NOT NULL DEFAULT '0',
  `date` date NOT NULL DEFAULT '0000-00-00',
  `subject` varchar(100) DEFAULT NULL,
  `status` char(1) DEFAULT NULL,
  `username` varchar(20) DEFAULT NULL,
  `name` varchar(20) DEFAULT NULL,
  `email` varchar(100) DEFAULT NULL,
  PRIMARY KEY (`review_id`)
) ENGINE=MyISAM DEFAULT CHARSET=latin1;

--
-- Dumping data for table `idx_review`
--


--
-- Table structure for table `idx_searchlog`
--

CREATE TABLE `idx_searchlog` (
  `keyword` varchar(100) NOT NULL DEFAULT '',
  `time` datetime NOT NULL DEFAULT '0000-00-00 00:00:00',
  `result` mediumint(9) unsigned DEFAULT NULL,
  `ip` varchar(100) DEFAULT NULL
) ENGINE=MyISAM DEFAULT CHARSET=latin1;

--
-- Dumping data for table `idx_searchlog`
--


--
-- Table structure for table `idx_sessions`
--

CREATE TABLE `idx_sessions` (
  `SESSKEY` varchar(32) NOT NULL DEFAULT '',
  `EXPIRY` int(11) unsigned NOT NULL DEFAULT '0',
  `EXPIREREF` varchar(64) DEFAULT NULL,
  `DATA` text NOT NULL,
  PRIMARY KEY (`SESSKEY`)
) ENGINE=MyISAM DEFAULT CHARSET=latin1;

--
-- Dumping data for table `idx_sessions`
--

INSERT INTO `idx_sessions` VALUES ('65c361dd421f1cdbcae96753a677e631',1331016972,NULL,'0HTbhgNQIJMUpXe2o0sP8gM6xpiLFOv15vB5PwaNQsB7xu1oTtMVT4Y5vw08mArsuLOedAcL-nFJAuemCo6t77UE2Lcc3dBIshh8tAQbSmOpMKBELI3DMerTtf81pA2SBalyOgiRRDq_P5lYFLQrqfVNB4MpXGMTE4-maHnYRv0.'),('9eedfe609d4bc6feeebdfd6efb7988c5',1331017748,NULL,'hLgCs1Dsg532CxTf9R-lE6gE7OGJCAHwA9OsOsaEZzZBE1bcuFZeb5WAKiw7NZyEY2vD1psEWuGTD3jYhz4dHeK6AkjuzJOE6xW8oNiEAt8I_8HHtbRfS2XyFGmnVxbo1pfgY6TGvBjFOnzEZjQVzA..'),('dc33453cf89aed20467ab31724cae34a',1331020637,NULL,'vhEqocpTYurbNItZox2WUhsiSop7zPIfq2DL4ggveYkb6PzXG8ftYCaxz98gORFpHLOqj2FpEyZeVYka7NYtgKrI0-P9vQ5JsIjCbH6YMyxwbDIUf62Ht7f_2-cJdsx5r4HjQPW9Ax8YOCMl-sP4yhMW59yhUqAQp8xlYDSMmws.'),('7f8137837005628695698549cda89b2c',1331022406,NULL,'27xt7i5BNpfZ4mgnYe8T2qIZpKBTkSqMnfdegDm7J8IMNP3XHWx9h6lCtimQNMKEr5GNfBkG-Uk8YKj9wsUbZs1Q8STPg2ft2UmxEL6891P8ctLWHH08iknJ8ArE4eZTh_ajrmA97pEzuSbiTKo-3oE3z_2jMLUUT2QGgOgK4pGBnTnJs9esQ6I5sl4gHFdv'),('105d151a32b7c7eeabf7c6e26acd509d',1331024167,NULL,'Kcc73UTJ2rcbHCpBUdic0PYPIgP8es7CuHJ7UIzli4Qy8h4KAYpzydqxcWFY31yc_BYlPUSYTKIOKGr9qtbQXV6PzQkd-3RToVkaPWQw5GZhMt_uF1M6x9jD24hWOsOJ_a4AwHg4qsDZi6IjRPdV8u-B9KY5l3eLzzO0KPCNgPA.'),('2fd89020d66f3434b0df234f1fec8315',1331024196,NULL,'vhEqocpTYurbNItZox2WUhsiSop7zPIfq2DL4ggveYkb6PzXG8ftYCaxz98gORFpHLOqj2FpEyZeVYka7NYtgKrI0-P9vQ5JsIjCbH6YMyxwbDIUf62Ht7f_2-cJdsx5r4HjQPW9Ax8YOCMl-sP4yhMW59yhUqAQp8xlYDSMmws.'),('bc518788e7b34aa4d9cc305374384f88',1331024969,NULL,'t9frBG_7SaYkHdb2ztZ-UfywKu-yJzvugNuSXeN4yhvdv4JUF2Wggpq_UTvsndUIX_B6_60CaHBDDPsvZAm3q0MHPtELxHHBMVWmPLDwvH7lrwOssmzJ-UguxNZNYtFXAkq8Z5VkZjmIIhC3HscVqg..'),('2fa840b6f027250363f0db86c87d4d4d',1331027635,NULL,'AIF2tnoQuJnAQyRVHJ26RuKtwZCZ-upRLX7jmKu1YJGkfObZbwjtxf01qNsZs2TjWUQuBQXO6yMgpOzBmrc1C7stkZs52gWmblqPs4WiWHNiqvYtJoUIYCa1zS_l3HKtzv_cM1HatekllUtE_axi5WPE0-UaLFyZxqWMQMhB1dM.'),('b4ed3751d471253d8a396adb78ad6d20',1331028225,NULL,'BEz8kewIZDmXIwIq0Hy_9kslypPxN9siUIyyeZQz8sF2913qiTDGZKSOrjhqPoAM8QGQD9N-Y5SEkzDpM3inX_RqnNzPFhlbow37TjJmPDTi2Oq8t4fe7M9vNCd0xUoKs5ZS-H6bS5F_SGbLAJEsIt10T30RHBd2bltGVfoZLU8.'),('b65832dccdbe8a9a985d8f7b7d8b3afd',1331028267,NULL,'OCuf_eoJlSYwCVnG7E1D7km9xHrKszHw95lONALCm6ZaKIa5KdAGHGFMoDEoKMhAHSHiSKxFpqe8oAzBT1BKHeAjc9lX_3BdvXAMa9O7Ww90c7oXg8D0ZrzdgItDkbmAxDrLEEKKNhru0DR2BU0SyTGPiZf5vLnNAbkVjHPlJjM.'),('f0dafdff98dddb6c00a2ed61fde43a2b',1331031443,NULL,'cG1J1Qt59K511V_0PNcdCcYpniCWyx5LciTpe28i9Zzs033WIrWlkDNQSxI2Q1XhSjXSt_F9x0k3XJjBeSMeY0q0qqVYfTj26V7Dsg6at40Vn36P0OpntnrtweZrR3ewMoDlcpiJWEDAs5XpINJtvQTFdlT82k6hbtuvFdvcaIM.'),('86a59c818cfb8e6fc107ed70d54f0cf4',1331031483,NULL,'iof093ZSN51Tvr3j7DHgMylZxkRCASOnIYrW4YCc2V3tZ0rnzG5AKCNxzfh2pLqJZHYSC7ETSlxbmS2ohLrzLtICVfvqjtGq-9DTTO3oyJgunQOzExSqYU_aXvSTMGUWqEVEZ7bSJ3DOf2NouLm6pN7hCeqrc3Bk_q_Vp2R2iUU.'),('471b8595ddc376c627eb343fa68b5ccf',1331032156,NULL,'qnLIiMViVLt_rTY2IFXWfTrwl73NlIPLDBhLYaBs7g9tztPKlpXpW-51KyXOwR4rxl9FNPuzrzejJaz8YCxDlQvZWznX2nt2cnBCOrDMjo-rmbJFPgBTmwp2UyIZp-CT2oSozBPq4u3Q_34-UMS6Bw..'),('b04531d62fd8e6a792aad5d11bf88cf3',1331034959,NULL,'1dW1Jzd0wiwAje36XUcTy0TPQd7_zlSKQOxGr2HWNXmYk0kU_YR6pgT3RS8m8VGpOxBUtRX0_BKru5cWEaBW6Dc8mjKFTQjE4Xd4L8e_5N7pcKdZJ954tMO1nFCYYkQZC7TgVvVTeQ9SaH8PmY-AGTU4JWx34hSYk7UUt-p6zcY.'),('46f3d4e843fe19ad6136c22a7732f6c6',1331034997,NULL,'YSYzlzmpznp6iOb7RfYYD1IAePkJ4IRYX7wqX1DHyP1wvJKRNrCbTw1cTtVRg6jq6Bhl7I3ROwipL_5xMJgVxcJs2wgBtitdg9JmbHfqJtC8Bz1HsSKxcbgHmZJSnr9nombnxXjFyUkce8un6JyLEYTPlh0kL8zjZVFAVD6XNtE.'),('30e3f59519e2852287c6c5d1cadab48a',1331035962,NULL,'_acASzo3J2kNn9-F7AANTdIA3gtyEvrr1tXrhJf9Pjd0kHuioMJ2xK0fpykIvlKqh6mKeGt2_XRTZ9IlwAUSXOAFixGDDpMAUYSUarr0NUKRZCqgUnyo0ZomiQRns_1i0nMtAa5XskLl4IrzTWrR73B9A5bFwvbvH36SREVIfoo.'),('c97f0eb476832d45d20f204b006aa5dc',1331038721,NULL,'ierqH_KXTpiu6n9EMg97iVwyZ2EMW2JLxm0QPAj6ZPbEn6mQrCwv6bkrVEHP5pHTL4t9q1ESSL8sOykwzIV6VgjCOYEh76kT9uR2ymAL98jmAZoqHASu8kJGOa7QcHO2CDK_KB0SG5y-SUfNGy_wWoeza_0VY1N2YEHqvP0Jm6w.'),('3e9eb2a3e803f845dc5fb74b59b4f6be',1331038766,NULL,'g7gXYuj2cSejfGEVFf3Sxywh4WZ6ZXPmE5PMaq-NAZZ8959wKSfL0b-x2wPmdD6OJoF9mY_15spLN2hT2MaEW6cuQ2Klhfv4KQbckPH27GFkbi8Xy6w4ML2Dry2xPTJw_LEerDPKPVVXDzGNaLfdTnNJoBWLWv6DmAkhkAIf6t8.'),('849606be55cc61c7f04009f3139c6d43',1331039470,NULL,'2Mdcs11evpckGwwIga4VRSLJ9Gu8VJqg0wYa2FVoe1ghM-a_DcNP2roXzTFflbfwOYAHcJb9LxRAQzG7a-EDfNaYVWXOStmAZaZrgTUoUvkxGpDC4I2Is4UM_Or7igl9Lm_RYNfCv-8YLnaZINJXnw..'),('98ce6e0d95f5bd642bfe7cd7f34a2e6b',1331042083,NULL,'zJXJ6H374raNxmiUbHk4ce7JP-lpATT95ENqjiWo0iEmThDC_ecBahwaatlBt80PnTjhOfu0R3Db_povaJ40iuuvC2t9VpbJFTMkOwZI28dlF6h_QACQD7XXC9DTYn-R56HH_xnnuq0P_uprpirei0iwPbtv_kqJYTHlHJ8cCvo.'),('d8083030dca07e5a6d2249801139a830',1331042120,NULL,'_eFgqJL4Jgi9qrPtcnpQFg5fE1982GYZuZtva17oYoGcpZY-FSN0aLT1U511D_rZZOZBfJKTjQMyPMzwBEv10jpX4vKG8FHDrcWbmjosTPGHbPFGL7yB39S0mu0M5DHaVDmvnjYnLsoWtAPYoVci1QcB7hYBUGjY_Kzx1_mQrlU.'),('9ff8488af131edd1e774b1acd9f39f75',1331044289,NULL,'rwRjttIxrFL1LpiP2XVd3zfCEHjmSv06WeSXN5E2RE-IHkkyD6qa6GXakmslv6LI2VYIg9CpLADq036PhFbLyxEnQ1mJPpsL-kILQLN_zpwRjU4YHR7fkqwELR0eKUgS8t4ascSC1WTXEOMowxw8S8YUcv_p_My4PHqk0Gs8YUk.'),('f03e965406cfad93091b9ee85359e455',1331045761,NULL,'Kcc73UTJ2rcbHCpBUdic0PYPIgP8es7CuHJ7UIzli4Qy8h4KAYpzydqxcWFY31yc_BYlPUSYTKIOKGr9qtbQXV6PzQkd-3RToVkaPWQw5GZhMt_uF1M6x9jD24hWOsOJ_a4AwHg4qsDZi6IjRPdV8u-B9KY5l3eLzzO0KPCNgPA.'),('4a2450f8238fb99d4697037489d77ee7',1331045800,NULL,'TbINQk6G4ODJrYt3dpCXUn8HntCAbbfB_TKyG51QELv5oGBsmoO1fj--wYa-G_hcNiryH4Gceh3Lk_WPmJSW4mM7SpFaw4eM2n3BFnn_qptNCjCpdh8zPEPYUdVEYI24KOw8UmeRBKxbzfIDfEtGAPYzjahMU9fOOr55tSpSIQ8.'),('f0dad1cd8e31d8ad2a52a23479579327',1331046408,NULL,'_txkdQx-o8yTpULULqPItpttHbIrStL91P84TTA66mZgA93WXbzjlo_Zmff46acMLVZKTo9SFPWCEY7ngXoNrrFkUfDtSZOOGZaxPBni4OCaOwpZDg9KiUyA9c80nFDBWCKzj1HF_z_UGqRkBZbPKA..'),('25283babdd0b51cb17b7e028a380f6fd',1331046642,NULL,'buJx9PjX7k2GOmwW_Q0GWSeuNnNODkpBizbZn9jDiX6hQn8t1pGsK51FrYU5oN8MugxjH7q2tXyrsXmhcgBv0rd7GWNwOTxNAMOaTpWvgHAzDisy9vUDN4y5E4xv8r-L4Sc9qaN8hfLLvjO-vhehbQ..'),('d94aa33fbc920a399768fd370490981a',1331046746,NULL,'p7Eq3d8eVlcuyUxWe6_tcEtz1zf6IhxC6d9IWqO1TKQ1Mrto3sACJLHt6Cw8e_lTrcin2-nlS-iY1Y__pKWnwwPDf9pSjw5I7zUz7EQs6pwUzd0eanK8j-GDZshnhjmUZcWhY7WXEEOfHiE05oYBW9GU9XvA0yBOTPw76plR46-Kk9koZe3GZPkLFufKT4js'),('9dbe5b55aeda83d19b64cdebc415d3cc',1331049443,NULL,'Wk4Pon3lR3WJvKUkNqmbFURYPQ4ecQmlODQITBno4MBqU01lvFDULARnKIbaF-HCpmNFjCzPqUfEzQYK9V58K41kpkEcIptJYcrS_pDuu8Ovfi1gCeN5asgpZuZiId4LoSsmC-ZRJ_Mq0_9V6n6KlMn4jFavwvJWPwfmo5hde6A.'),('2c00c3db23cea384b8c0c0fafd4c0503',1331049481,NULL,'CNe6CqFgpmBC47WxRTbN3KlY6ERAc9vIheZ02F5DJ9uCeMKsIrrzVaJjzqzwXqxrcSoBSOuEPgTuG9w1eIK7DNhO-FFkWuHsXN05zaFMfTlOPQFLvRxw7rwXEyQRqs-ab4YOj45GiPSwwfHcmS1C0mP0K8meZ7VOdrQHqKLxe3A.'),('cd6d2b56f1c9761db4d8039c35d92f10',1331052618,NULL,'Ugo5zS-QHgG4-osAuvdYVudSMkR_U10K8dQ4ksFUZ0ydfnkdt0UDP4sYAawmNDU301Hf31w1G7Z689FSNs9SRt8r3iEZeRgbuaWj5yYx0RD0huEvIf8YsJnUA6s9GwfB1rhING-ZNrerUeD5CSj7XyXYpL8H5RHSnjdR0iGeVxXrpLXzEeZsNAGpv2DtN5-P'),('9ceb9299e5eae8b0da34e81c435693b9',1331053814,NULL,'UqXqRvai116fUMdmqgkfI2eE4CK3aqUjrIjOB7k6NHPOgsl0ZzvdRetWD0Ft917-1__Vq9jNcZAuatL8ZSotUOEuBDqppxz0ErWeszxkQ1Oe6cRZ0mqqhZg-NIoOS76PbFZm8YmiLmeN3UZrmlPaDM3KRgN_AkPXto_k7pMVRws.'),('2eb1db045c916ad25d3a2d681e4fb530',1331053837,NULL,'Pkwi3W5COJHOxLtQL2u-Txz-6j_t0OrN4WZsapzCMDjr5TkZDaeyLZvRUimnztAJzkAN-f_FJYSbP2UtJbdiwcDAped_hDvYG0l9sfZg3dLzh3CLJTgEDE-RFogXQRCiJTbOhQ1GF59Dr-pROW2_Dw..'),('f42664331c5a7c280044e3c0381ce301',1331053872,NULL,'4b9rQq0cJ9YqUDmsbBw7_I_TiNi3HJgMVhMvsOkZMGvLngVZDA_A7ykjcH7OofVUGeeKKr17CE6yZIJmMsyRGC4o5jswA5whxl3qzSiCeFUZBn0FGTdMzauWs_tVA66aDh3-QyI834wbHaHT0WpByBDkjsXWsqQzL-RmIWSCids.'),('8f3cb16525b75ee65262b750c153da19',1331057290,NULL,'Wk4Pon3lR3WJvKUkNqmbFURYPQ4ecQmlODQITBno4MBqU01lvFDULARnKIbaF-HCpmNFjCzPqUfEzQYK9V58K41kpkEcIptJYcrS_pDuu8Ovfi1gCeN5asgpZuZiId4LoSsmC-ZRJ_Mq0_9V6n6KlMn4jFavwvJWPwfmo5hde6A.'),('ba9051271efd37fe6a0ef25143298ea4',1331057328,NULL,'nKaHuoTWnIFCYkyuGY-Slw-1dIFHltPV1shV-F72c2uzvH9_fvTZxxsOWsCGwzsLWusrItEWhU-B62n5v3Tk1BEkhn3DxmIwdk52xfvojrADNTnOu6_iWGzPAtqwTI2UoUS1RQyenynvoUTNj27Cf9PVclzDNg7Zy-3yy9SzMlA.'),('ee921c36d029b62bc4942140695bb1f6',1331060165,NULL,'UqXqRvai116fUMdmqgkfI2eE4CK3aqUjrIjOB7k6NHPOgsl0ZzvdRetWD0Ft917-1__Vq9jNcZAuatL8ZSotUOEuBDqppxz0ErWeszxkQ1Oe6cRZ0mqqhZg-NIoOS76PbFZm8YmiLmeN3UZrmlPaDM3KRgN_AkPXto_k7pMVRws.'),('8ea1181da9a7895d1d76d9f1214e937a',1331060196,NULL,'fe6l5zuw1TvjhrC9lNKgim4RbawX8IlfEauYnT6ezsEPx2eC6ZThdueKTjP3bVr4s5myDrjSNARM8Fx7SlE11q1U8ASaCHGn0CJ4MshW8mvY2yG5AmPn23K_rhsF-FMoO_xfRSx327HbFOhFhJfGrlMVEhKjHEb452ENrWD1TBs.'),('c85250b177de2f9a900996896071fc73',1331060239,NULL,'cG1J1Qt59K511V_0PNcdCcYpniCWyx5LciTpe28i9Zzs033WIrWlkDNQSxI2Q1XhSjXSt_F9x0k3XJjBeSMeY0q0qqVYfTj26V7Dsg6at40Vn36P0OpntnrtweZrR3ewMoDlcpiJWEDAs5XpINJtvQTFdlT82k6hbtuvFdvcaIM.'),('a57b1255d551bacbe34d248f9c8b9252',1331060445,NULL,'Z9w1x6H6wkjG6SiqWq_KqznNb0jTmrupWadydqwP2zKMaFH5F3K0FX18WsRMOqi0O--SmOfA-uvK7b10UZ74Q_pl-L-g4RkfG2OywJo4aHcL3Hg16UkuMGrqliaguvsgVPyVr9o4vbBF4E-ZY21nAphFaYH51R2DLKsrU9k2Nt4bVFqE0Mauk8dFMvFleFzm'),('1bba908fb485ab52c991d07ae590ceaf',1331061001,NULL,'9DI1_9FapLSv4fi9kMm4atPRcGIecqjxdoYDsvuneJQF8y40sH0YxOjpNkBQWUnPEJz8OXx8qGCxFAzsAEXvOmQY4UVkxWiQLYxDH75VtZ_Tbv_vXBiCZSpqIzdv8gt23xWTqX_KYoqkvyYMPJ3vtQ..'),('a56ae4f193589870a06b8466158fb05f',1331068136,NULL,'61oG1kFRRqlCY23XwelfQ9jOjZMoaDqQzA_8Utf8_9K4lCFnaBfIm66f2ibq3XzPZAVq8dSeo75c6TpLP7AAoIYheAAgjt-HcPnDU9XdmxZbrc0EqFddZGbaKv8ShPEluxKU-2CU0Qs1TGddWyHQxg..'),('115a39a12cde88d7606a7c5fef4a1cb8',1331075139,NULL,'RCep8RH3xMkmI72KhAbraNwZZ9Gx6tLxaCbv2aiyRfRCiK3BRwdmPJCIbg3j4LZvExSl0828hHqNWE51X5Cz8IdCB8ke8V8Ce7hDjgwRK-_cZFydibFx9HvwrGA5YxYOq8LS8pDeJCSdFkdzprvj6DR306k6kzK5xvUL105LG3oiBHzOTN52A7eb5Jp7iX_L'),('bee1700830cd988fa4058dd32d0b2221',1331075324,NULL,'zz8j86HJ9UHYdq2lixzVoASgjSuOOFq8oE4Mw0KuPXFqqduwSOTJZlE73vd-6tjaKfXPJ9QdcLXuCOCqSpQy44aIsUtlwsf5l6qt4whLk-Xyf_ZHXvhLYO5b5TAJRU1COFWbelFp11LGJI6MD7jz2A..'),('4decd1ecd2414e87b091adf331fcd69b',1331075746,NULL,'lDdGzjkwEhup1R2lEBtncNu6TA0VRUufwbwhms7EZSuCvQiJ9qqPS9m9VYMuIGZjDb_DsaxbWJFYNirGHqYfYBpf_Vmnu9cxilc6yYHgv-SuQN_84i1Jy17j0STrxZSSAjj6uvOtlbwutDQRf5lm0oDyBRsq6FfqSpT-7L48yt5RLxhFWU_I1H2aO0uEJ_0M'),('62f3c3afec0a3b4dec9f3732d2f4602d',1331080371,NULL,'3Uvtp8Z2NUD3ekbWRr2IAbQIJ6k8XEosc8uqc5lnBt01_rcmRyCkEQyKZb_pGf4yh9iuR5YX1y9y4kShel-LIJYG5nejWS8Ygoxz9CWcr6zlp00Qx5-dvxXlH0PuJS0ol6f_GzdELPU9HJp0wFTmlIsWoeAfuh2wX_FRpsH48mo.'),('2634509532eea5863395e191f97915aa',1331082635,NULL,'t9frBG_7SaYkHdb2ztZ-UfywKu-yJzvugNuSXeN4yhvdv4JUF2Wggpq_UTvsndUIX_B6_60CaHBDDPsvZAm3q0MHPtELxHHBMVWmPLDwvH7lrwOssmzJ-UguxNZNYtFXAkq8Z5VkZjmIIhC3HscVqg..'),('901b940199c414c5207a273a94b2352d',1331084995,NULL,'XcmTYp6ZOGil57qJwnKJHzZIJf-_aIa5vfjb-JQ7LOS3_cq5wedPG7shMp0x5sooHvUj6D8cyAKIDwPenKlLrslsYnK17GP70MLHNJoAMVAKAk8s-mcjkmKcatEAaewaFbQvbz7ihtF_61bWraXOy6rp1ZWQXLkGd4HAXede5N33oujSgS_88XZ6kFKUc-pO'),('0ed4fd3fc87a517588b3ea71ca50c02b',1331089696,NULL,'9tiHTMo4ITb3waRQnF0c1YpuRex-SOGeKpIlAJTGaln8CMtBk2sTxBry7YYKRBK4GpUL03PyhbxSuODcAqmvcOEa1O_aLdAwQWh8PHiR0VdGcSBLPKHCOpbNyAmCvl_89Yx8Pq4VvanEn1Jg9BZSzg..'),('e374ca0ebfd336305b3448f021dde524',1331090318,NULL,'YXl-Tw6fq2q1kZHUCXIsZlzRWJrSWIURl66jkxlNDpD6q2KJb38u61ng3X-dVTrMmmKxfcp-fbl-b5LmizYBWC-3lY14-FeJDwElNMaJmm42_j99O6teOE1LOiU3aY9Ib_w09__tB_Ru1_gwWpRqEc98pyDfAusymhkWFLb-1Q-Ju9S_BxwCPQsktaJIQtJ3'),('71d63ea12f029bce4cbaa4e5d6d07336',1331091533,NULL,'bfG4Ojhm3vFNqKuTtuF3NVMbdj83HwMig6nAzfzRHZKSiTr8jDDX8veLHipoVk0FKyf-9b5NxH5M_NcB6OJRuGo9vAitEnnVUmws0qH66-APnwtI7m6SWQOHQ59QOkOXe_Ks04UxQbc1g77rTkjMJGnUVCkVbWYVH65O0FZyNai0o7zSCB5mU_NJss-Gy4vPaRc4PlAOiIY7Nr_IHUjN9w..'),('154e9ad2de4f2a96e215432acd03097f',1331096645,NULL,'jCuJn_gr8ldDy2V6XufaDMr3jWMtnY8SagcMqWH5zY5InsR2h3M93IodGrRvCWLk1vaMZf0EAefLr571HFv4Lyy2QXLiUjd0wn6csI-G0245Y4c_nXy552ePtE_dZJoZuf4Umi2bXrcxky4T5wkXhw..'),('e74c1ed50e6e4031fe80449542beecc4',1331104164,NULL,'wCJLtZmsq667RjgEYoUzNNlgTGRyZBGtHYcc_QCArujix4KBSyJ-WLmiuVdU1mM9k5X3MShbRjJTQatEgxcLJELXAFuf82_6UvowUxXu8Wb6LbaW8MbrO2rRonym_iSd2LyVy3xzwAHjO61pgOn1UoywOjMgCy44I9AsAazKqyo.'),('beda1f8a33934990955062513e16d971',1331104474,NULL,'GwjmXfaeS0q5KlkL9qmt1vLVibposkPMqT4XoCbfqHvNctE7F67Ht9FlNfcB-v6H3HarzCR8JfuJE-4ae9Livz-s97qkgU_KGMkyvcsgWSHOpz7QmLrSDr4lJVeT59ioDSgnE2US6s9h1RS3XV2l68fANn5gWpZwzW4BVtV0iqoypsqnccWwzToeq4LWsI0cMzTvC--Ww3j6isDCBdzVtA..'),('3a0770859635395af74349eba7dbaa8f',1331111332,NULL,'xBseo9PRU8zZMY0ZSRD3ZzCiSE2X7KO6-RfZEnyYVWHuvWMkILZX-ASCRoObfAgvnpneCBliWQ2gp2o6ISyx1MwJFGXhtVukKRxrfB266W5_70ZcxPgycGbwIJ9y8VnxiFsrBre5kW5CSircdKN3sg..'),('0e7db381b3a381db0eea6638a502372c',1331111866,NULL,'MAeO2_s5RVWcC8JpxH4knaJVIpAb9PKCyj0v08C0UQqFFtWRAojel6K5y7i4Rq_1SxGTiCH7uzj1hI2qFoyj70EwHsX4X4K0_QX4Rbi2Ptfr-yUyTMSTaCrHNxjjn5Jo0fvratSk-rw4dz81HO30uXwHgofxkbq72lwyfOUsZFsqteiW-Rx0SGvMV7st3vLO'),('aa8e47ef7c77c831e12ff70f8562b5b8',1331118539,NULL,'9tiHTMo4ITb3waRQnF0c1YpuRex-SOGeKpIlAJTGaln8CMtBk2sTxBry7YYKRBK4GpUL03PyhbxSuODcAqmvcOEa1O_aLdAwQWh8PHiR0VdGcSBLPKHCOpbNyAmCvl_89Yx8Pq4VvanEn1Jg9BZSzg..'),('7efc66e5fff19a2473697b8d08af46ab',1331118789,NULL,'MkQnm78gwgRecZ5OUMGOCouB3QkUcy5JMv-Zo-dZvwBBSbovIiiq6JVEgwv_5fyzGm2ewPIt9aMQz5FCmawkT8oOHRGKgtScZP8kO_w4_k-_9QSbUkUW4qzwrEMe8oDhkeaSS5kfvnNtRqKHDf6mef0x1TOq7kt4rNl0a6z-pDqqfEzhiLciP_yrsPoqL3t5acMYYIRlLlcGfgDV_NcFCtAINs21wiZC9Q5KuA7MZ9o.'),('b1d5b3f26a1e153795dd5274957b8374',1331118846,NULL,'YpW9vS96CXI1d_D2llEVYE0P4VmDEImUUPzZYlYMRZCJLr-LFoYbNakoClHk4YAVII7Vj1YESXjbF6wC4OAQANcDS4JGkf6jZEYloJICQpp3rGcpRA_f_hOiqeGt4mu7xrpLtuyHi7X95GLh57SwJh-v1C00quXrHqricjKk41w.'),('25f15a58ddcb5879e60c1209a036f754',1331125879,NULL,'zz8j86HJ9UHYdq2lixzVoASgjSuOOFq8oE4Mw0KuPXFqqduwSOTJZlE73vd-6tjaKfXPJ9QdcLXuCOCqSpQy44aIsUtlwsf5l6qt4whLk-Xyf_ZHXvhLYO5b5TAJRU1COFWbelFp11LGJI6MD7jz2A..'),('53e3a98908efbdf8a698cf6b07bc2c68',1331126189,NULL,'gm9MjiIHWHEIMvyo5MuAYXVkq-iESLphUKBSat4vrwtkD7D1xW6hs6X8A491kRcjo17y_il1Qk-1ZUt7hQSE4kduME1NaLYJki25sFpoHXSJQEwKeuio95FZOGo9uu5q_pDsHTSxKkX7Ndrd4S5NMthAd4iwbJd924S8gjgbdyI-Q9FHPpcH6P_Ue_jGMqLyEsE5AvC7vaU9SUFFfGTqoMVCT2w_tlZJRdKTnfOUT9E.'),('ba673b55ef9f080fa2cbc3eb7b258537',1331131111,NULL,'9kFYAH72j4AlQo6RNZ5f8mpnN547U9Iv5leWfX_hEx0y5dGMIIXt4yJpIYSCVsL-_3pq7BX19gVrOpcy24WbTiIKlZLcWMnGoiLk6AYiJGFkMkQ4ffqYjOWN4QW88TgKl-QwfTEaF4bUawjadZJ9W_AXQRjlLTyDujS7Ukp38A0gdBjWQDvyMOs9wOi0yNUU'),('9323a6fc61a0b7e30cb31cddf892ef91',1331132824,NULL,'CqhRy0rC7UtCB1g0q1vSg6vD41II5obTGeW46qa8Zc_K8AFmTDRQkoV9DEIpvoY5j6rpjSEFseBzhRJ7QGtj81yWK0vwCdiI97Dc3qa71p_Jie8qNjxx57WhCVJxSnVaPeSX37oiIjHwkIN5EbuVsw..'),('78c86c460de6c53d956e22d849dd6761',1331133234,NULL,'MLfkEwYBYzp__yNbbvUyhwIczYdpwLwSLRnrWnp5uyVk-6zNYNKovuQnB8wpP6GnmO3Wion6DYO4VjuFmT_5BIWYOrfdgx3IT0Hpxr-qntTqPymY-cq1yb0_ynEb-2LvMdbFzUc-8hSeDS9INJ-ee6XIFTivYvl_K8wFzH_tN2HFoVLsLDQu3kelWL8sFMvvQ5IYf2tardMPIwhK6h8BqQ..'),('a430ea74efa422bf7671caed113a4a29',1331135878,NULL,'NV73qiw2xhmX5YWwjfQIzOtBq5TKqv5beYFcqVqAwbPcvm3FKRPjLYFefmk0YDhhiI9NT2Hb7xE4nZX2xMxXyaHiBOeNzL69FUZXOVM7HD05tztQaJy1V-_Ty6iam5SknlqLPqur2e32u7qPfbYI1cc_UZJt96h5l3ovA6eMGozzsJGr5tWS1UZXSh3J_shf'),('b818f8dcdbb72f1dc3fe23f6a6ed1d59',1331137335,NULL,'MnimTAs0Fy1Q_2LDTSvP9C0oyOWg-XEH6hT9HaIs5dGI2M3MRNgRGBlDiOeP32HjiYbjSeyzt4GyDrd3nMP5IM9s9vo7uNxQbQzOYiMMWu3AMLzmCJXaXyQUQMlhnYL63EWIKrzJh15_e9iDF4aIN2_ChcbLektloFrLRfH1AySg5xdS5uHN80GdgIf8Uvfs'),('870193166e179bf3bf452e967eaa0acf',1331138918,NULL,'MnimTAs0Fy1Q_2LDTSvP9C0oyOWg-XEH6hT9HaIs5dGI2M3MRNgRGBlDiOeP32HjiYbjSeyzt4GyDrd3nMP5IM9s9vo7uNxQbQzOYiMMWu3AMLzmCJXaXyQUQMlhnYL63EWIKrzJh15_e9iDF4aIN2_ChcbLektloFrLRfH1AySg5xdS5uHN80GdgIf8Uvfs'),('bc1673f7d099df73c4542041b12ed599',1331140247,NULL,'DSNYHZaPYgutLdL3ajIEsa1BoLarlLPiIFhQ65hUU58v4F9JS2cKVa99DL9uigBUojZFo40gyg_Suo9svfYRQPURrVqlQWYTLrYYEF8lSR3nu60FFYb9sjMR9lGnF16v3CBIAnCFSkTrSAY_ihgoyQ..'),('4ef09707ad2e99e0b9d1fd2043627adb',1331140713,NULL,'GFNX-supDRuA-TZnyaN8T9s2jckalF_Wg49LEMA-qM5jhXMihQ08WATZaj_9EKusYr06GJHLc_1dizXR07Dnqblha7hSQ_XTxKr-KIuGP3UpGjl-0rapxUusG34NUUmOuiMNc-zlBNQ4GBCxHuwuxFGqkJ9N9mMpjJQbYcWGLpfN-x_xl5B9_ViVZA_Sx0wH'),('5e8c8b56f2c2383e470f9af4584ecf6a',1331147146,NULL,'17m9xdnyHSFpC6oQLliwu8gYgQa6pRl1KLwR1naR3yru0ggQ7fIpvQkSs84_IUd4JeO6Luf6VfIcC-60rBR3bmZZFBUBjJu1k5XVvipbqaych5ySbMCdghC7eDyLxIiBu6OtB9Pbtak-dlkVJG4Qpg..'),('55c6c03f98f8b1f7acc2471c92c27a1e',1331150096,NULL,'uwHodw5kHyO_GhUDW2dcbpfhT4hugAH5ArfxdAae2Co-cdvdLs0t2Mr06pA14BiH1VjLsQlE4asw4bDMQXBckwmhArFyC7D8cUZtbVnEmS6HL_-7A1YylDsY2KDf2onAyhLS7ITRs2M7DmPDuTGm5CcpmdqCDDV_IXvrMY_0bBHZBqwHz6iNcqMFXKwg_Pg9sKO9CeTroImWzhXb2L7Yww..'),('d0da6417181257b7884a7131ce657de1',1331154546,NULL,'XVaPt5IVZQ7aVppW2AwrECWjKzp62QufKooKjKA-UpbW_zQrteI8y7PNfxZcjxrrj9-e-gHx0eiw7IxqMiAJdA3zS3kFcnWE-ThVP8dcfp37OmeB7LuoWU4y3cBhpqhGfBS5N6FFQ-vxJxkcx9lI6A..'),('c8e5ce1d04457827ba670316570361a2',1331154839,NULL,'FD-u_wnDa78YjU3v_LTq5GEeNdUvqswBOcwfGYby7k9Ez06O0W6GLc_DlOLnFsLUjJXwFkrXyoJ7iRypQYHPWsirSTzvbkCtje4NVaAR5wnXBi8O6K945jt34F-Td_hhqqW77xzl2d2TUNpU2Y3SZBed_XNJ-YvRcX95fz2uYuTMhla3jxRCjkdO1X4-BTZ4588u4FQzWqMqM5uJOs9eXA..'),('3d7168f808e3ff3360aa6a7c608ff657',1331155540,NULL,'iJ4khMCIsgM1gcVRVZLypWdvBDfL8AY_98TttCb3CxhylcykrHPH1gcK5qMRZJrNJQTTGByDY2Ru5j5Oly6mWdKIGhf7KdKCMZof_SWDu46PJbdvS4qdUvx9s9enBkP-8f83VmDq_X2tFrzOUpTVvb6l4XJebn_KT09PaxPtil4.'),('ecc14abe3690f0c02ec2d7f35db4c33f',1331159593,NULL,'kso3cRtGFRHtN4XDvMPsWjvSk_lBeQUrbtdkynIftzC9dUSC23xQKW4ySKJiPSrqBgg_ekQpRobn9-FUKMiZxEW6WLeGiMiUAhhUKF-f3r-R_qGp3ToYRyhmSm8Ry_4XbHzSE4t6BhZJRuoWh8sMJHcmYcaxEZ6Sur4qJ3b9CeY4AS6mXrO-2aFUSmeXvBZh'),('329d09ec391e8ba708ee3cc82218a603',1331161774,NULL,'4dWC1kI-BoeopO6741UDfNFC7MV-VHNP7z5-1d6UDcTofuabqbAEpX9foJNI5pTEEqpF3S-lGwXY74CvtRCBVe5V7x-SSzyykYtNLE_kIT6Kd7z4xBdoSGnMSRPB-9rhChyvritzlfYDAZU22UNXNA..'),('a789a9b1aef45e681633a37c4298afe1',1331164332,NULL,'hVng0TiUZsYns6Srb9ZKHsXvCxnE3hxd6KFXIzYengSJmSzIV5KxrhW6rUCv-ie-OIcRtM3qcJJJKOGXo2pOaj7SsRLPay4GJu3kbdySs3SpH5t9GXjHUqseDtVFvGAffbr9SkFkgeP6WEbW_0k0Bmo9Ocz5a1dAbjZCSbdyAQki46a2bh5SYlHwudVHRNCm'),('124154f1966a8e8c4bf0630ba6db3bcd',1331167646,NULL,'7y4ky-962KYGoiCLcp7SHUq8ZM4keiafz0CxHJrUcwKRPRUo4I5cMI2Ir4HS2QZoEZsUp4FgZjp23C6pgaiXZfuN7ottQv7yHeBxssntdMOHPoJMUlThBmVVP1hlNqK74VtFb875gl9_Ju_8loJYhcmqswMMqeATV34BOnB9SbU.'),('496ff3ec8121e4a0e53b0604e4f06624',1331168999,NULL,'EwaSHpyJL0k3ZCooBNZ3Sr0v7lraT4LJJDj-4R_TfPEu9WZXTsOIvw8LlPaK3m2_Sq2VLeRE0JHr4q_grrrRAM2-rykdou9c38mzzm4NfwxwPkkqNunkQ209-F0hsXjgdzbu7fR2FouE9EcfMRwcpA..'),('348dbe7481da52c7891eb0ee62b3b3e7',1331169071,NULL,'CzGOOwgxgpMlDCFlFRmATbYdfKxuJ4HbGGSobWfpyLRw9l0_zaNuQaYY-NDs3evf1x3IXnVj7t_B_Ah3eUhUP1IJxVb6PyKrJPa0VRXeJa7kF_xmvSF6DjCvm9BxmzQAhN13qcFVQzPaMLolib38G4xkCcwdDe6SHbwqRplQwlzbJdZlc3K7SyxNZpJ7Ngf_'),('580a6b78349458e4a18eb3983b890808',1331170845,NULL,'od0y-cBiZM0GeAgvYyctxLERv0H1uONdz3VShLC62KnR3vdn2PUmkKa_PleXK1K4_76TImNrDgoT__1Kk8QuuwCjbiNoLsjX00ptewKE2O5p5OWW0pOrNKYrQ8nULEpy9Kma13ALDvSvt3yUq_FejC-rkraChlsdyJWtWLG1S68.'),('58e15508f2766f333cf8aea4427db4c3',1331173456,NULL,'GLrVak2Ujk-LDiIRlwSxNqfh6J6VwT5mrCTdcc3adqXbBrby9YYT7tMZXNXDV9U7fIwLVX8pmBjvMPz6zbKFP62mguOqbe680akqvU-9WIhcpqnHVYhY5VNQ2KYnY0lQgc0YRfTwOz7NLfibWMPTgx_BHSfZeHu_KhvOQ6la2Dv_dfcX_InTIr8ePtxNyaXUHCkM16goGqEqZd6tiqWWdQ..'),('632bed77bd22aea76c2c06977c2c7300',1331173686,NULL,'j9YOKvwRnXMK8PNX4xsQMMj5K-aK2GzX8SDinx63eSs5oMFVH0AOMKGKegfdQHqYNDxVW6Ejofw98iKFpYnD7hn-YR4xBUd5NZzRVCrmsMQZlWOMuXv8nwnp3nO4jqQZg4hKkHvIadQIHx2TOUAGyQ2a-kK1CGo_X_FoftafJ1v9ykrjq8lxXY47NDmE2rW5Gy9UUkAaTGP9CqgLHILcvw..');

--
-- Table structure for table `idx_set_hook_place`
--

CREATE TABLE `idx_set_hook_place` (
  `set_hook_place_id` int(11) NOT NULL AUTO_INCREMENT,
  `plugin` varchar(255) DEFAULT NULL,
  `set_hook_place` text,
  PRIMARY KEY (`set_hook_place_id`)
) ENGINE=MyISAM DEFAULT CHARSET=latin1;

--
-- Dumping data for table `idx_set_hook_place`
--


--
-- Table structure for table `idx_setting`
--

CREATE TABLE `idx_setting` (
  `setting_id` int(11) NOT NULL AUTO_INCREMENT,
  `setting_name` varchar(255) DEFAULT NULL,
  `setting_value` text,
  PRIMARY KEY (`setting_id`)
) ENGINE=MyISAM AUTO_INCREMENT=55 DEFAULT CHARSET=latin1;

--
-- Dumping data for table `idx_setting`
--

INSERT INTO `idx_setting` VALUES (4,'site_name','masterwebdirectory.net'),(5,'site_url','http://masterwebdirectory.net'),(6,'email_address','aliyah.hetu@gmail.com'),(7,'language_code','en_US'),(8,'theme_path','/home/masterwe/public_html/themes/'),(9,'admin_template_path','/home/masterwe/public_html/admin_tpl/'),(10,'plugin_path','/home/masterwe/public_html/plugin/'),(12,'active_theme','_masterwebdirectory'),(14,'spam_proof','1'),(15,'enable_user_validation','1'),(16,'allowed_file_extension','gif,jpg,png,pdf,zip,doc'),(17,'yahoo_appid',''),(18,'whosonline','600'),(19,'reciprocal_check','0'),(20,'urlcheck_limit','1'),(21,'pagerank_cache','30'),(22,'max_image_width','1024'),(23,'max_image_height','756'),(24,'max_file_size','500'),(25,'only_registered_can_add_link','0'),(26,'only_registered_can_add_review','0'),(27,'db_use_persistent','0'),(28,'paid_link_day_period','30,60,90,180'),(29,'paid_link_price_factor','1,1.5,2,3'),(30,'enable_html_tag','1'),(31,'allowed_html_tag','<b>,<strong>,<i>,<em>,<u>,<pre>,<blockquote>,<ol>,<ul>,<li>,<p>,<span>,<div>,<table>,<tr>,<td>'),(32,'enable_page_compression','0'),(33,'enable_category_ajax','1'),(34,'require_visit_category','0'),(35,'additional_category_price','0.5'),(36,'enable_rating_ajax','1'),(37,'service_nicecoder_avail','1'),(38,'enable_recaptcha','0'),(39,'recaptcha_publickey',''),(40,'recaptcha_privatekey',''),(41,'enable_bidding','0'),(42,'minimum_bid','5'),(43,'bid_increament','1'),(44,'charset','utf-8'),(45,'mailer','mail'),(46,'smtp_auth','0'),(47,'smtp_host',''),(48,'smtp_username',''),(49,'smtp_password',''),(50,'smtp_port','25'),(51,'emailbody_as_html','0'),(52,'indexu_version','2.4'),(53,'tos',''),(54,'submission_guidelines','');

--
-- Table structure for table `idx_tags`
--

CREATE TABLE `idx_tags` (
  `tag` varchar(64) NOT NULL DEFAULT '',
  `category_id` mediumint(8) unsigned NOT NULL DEFAULT '0',
  `total` int(11) NOT NULL DEFAULT '0',
  `tag_path` varchar(64) NOT NULL,
  PRIMARY KEY (`tag`,`category_id`)
) ENGINE=MyISAM DEFAULT CHARSET=latin1;

--
-- Dumping data for table `idx_tags`
--


--
-- Table structure for table `idx_unavailable`
--

CREATE TABLE `idx_unavailable` (
  `idx_unavailable` int(11) NOT NULL AUTO_INCREMENT,
  `link_id` int(11) DEFAULT NULL,
  `url` varchar(255) DEFAULT NULL,
  `who_is` varchar(255) DEFAULT NULL,
  `note` text,
  `date` datetime DEFAULT NULL,
  PRIMARY KEY (`idx_unavailable`)
) ENGINE=MyISAM DEFAULT CHARSET=latin1;

--
-- Dumping data for table `idx_unavailable`
--


--
-- Table structure for table `idx_unavailable_latest`
--

CREATE TABLE `idx_unavailable_latest` (
  `idx_link` int(11) DEFAULT NULL,
  `record_execution` int(11) DEFAULT NULL
) ENGINE=MyISAM DEFAULT CHARSET=latin1;

--
-- Dumping data for table `idx_unavailable_latest`
--


--
-- Table structure for table `idx_users`
--

CREATE TABLE `idx_users` (
  `username` varchar(20) NOT NULL DEFAULT '',
  `password` varchar(50) NOT NULL,
  `name` varchar(50) DEFAULT NULL,
  `email` varchar(50) DEFAULT NULL,
  `date` date DEFAULT NULL,
  `status` char(1) DEFAULT NULL,
  `vcode` varchar(4) DEFAULT NULL,
  `group_id` tinyint(4) DEFAULT NULL,
  `homepage` varchar(100) DEFAULT NULL,
  `icq` varchar(20) DEFAULT NULL,
  `aol` varchar(20) DEFAULT NULL,
  `yahoo` varchar(20) DEFAULT NULL,
  `biography` text,
  `location` varchar(50) DEFAULT NULL,
  `interest` varchar(50) DEFAULT NULL,
  `occupation` varchar(50) DEFAULT NULL,
  PRIMARY KEY (`username`)
) ENGINE=MyISAM DEFAULT CHARSET=latin1;

--
-- Dumping data for table `idx_users`
--

INSERT INTO `idx_users` VALUES ('admin','8cb4bac0319dfd062af9a8000aa5f6b1','Administrator','aliyah.hetu@gmail.com','2011-11-23','1','',0,'','','','','','','','');

--
-- Table structure for table `idx_votes`
--

CREATE TABLE `idx_votes` (
  `link_id` mediumint(9) NOT NULL DEFAULT '0',
  `ip` varchar(100) DEFAULT NULL,
  `value` tinyint(4) DEFAULT NULL
) ENGINE=MyISAM DEFAULT CHARSET=latin1;

--
-- Dumping data for table `idx_votes`
--



