--
-- Host: populardiary.com    Database: populard_diary
-- ------------------------------------------------------


--
-- Not dumping tablespaces as no INFORMATION_SCHEMA.FILES table on this server
--

--
-- Table structure for table `directory_save_data`
--

CREATE TABLE `directory_save_data` (
  `id` bigint(100) NOT NULL auto_increment,
  `schedule_id` bigint(100) NOT NULL,
  `project_id` bigint(100) NOT NULL,
  `link_id` bigint(100) NOT NULL,
  `confirm_link` text NOT NULL,
  `category_id` int(10) NOT NULL,
  `category_name` varchar(150) NOT NULL,
  PRIMARY KEY  (`id`)
) ENGINE=InnoDB DEFAULT CHARSET=latin1;

--
-- Dumping data for table `directory_save_data`
--


--
-- Table structure for table `idx_admin_menu`
--

CREATE TABLE `idx_admin_menu` (
  `menu_id` int(11) NOT NULL auto_increment,
  `parent_id` int(11) default NULL,
  `menu_title` varchar(255) default NULL,
  `menu_url` varchar(255) default NULL,
  `order_number` int(11) default NULL,
  PRIMARY KEY  (`menu_id`)
) ENGINE=MyISAM AUTO_INCREMENT=85 DEFAULT CHARSET=latin1;

--
-- Dumping data for table `idx_admin_menu`
--



--
-- Table structure for table `idx_bad_link`
--

CREATE TABLE `idx_bad_link` (
  `bad_link_id` mediumint(9) unsigned NOT NULL auto_increment,
  `link_id` mediumint(9) unsigned NOT NULL default '0',
  `name` varchar(50) NOT NULL default '',
  `email` varchar(50) NOT NULL default '',
  `type` tinyint(3) unsigned NOT NULL default '0',
  `date` date NOT NULL default '0000-00-00',
  PRIMARY KEY  (`bad_link_id`)
) ENGINE=MyISAM DEFAULT CHARSET=latin1;

--
-- Dumping data for table `idx_bad_link`
--


--
-- Table structure for table `idx_badwords`
--

CREATE TABLE `idx_badwords` (
  `word` varchar(100) NOT NULL default ''
) ENGINE=MyISAM DEFAULT CHARSET=latin1;

--
-- Dumping data for table `idx_badwords`
--


--
-- Table structure for table `idx_blocked_domain`
--

CREATE TABLE `idx_blocked_domain` (
  `blocked_id` int(11) NOT NULL auto_increment,
  `blocked` varchar(255) default NULL,
  `type` enum('domain','ip') default NULL,
  PRIMARY KEY  (`blocked_id`)
) ENGINE=MyISAM AUTO_INCREMENT=6 DEFAULT CHARSET=latin1;

--
-- Dumping data for table `idx_blocked_domain`
--

INSERT INTO `idx_blocked_domain` VALUES (1,'buydomains.com','domain'),(2,'this-domain-for-sale.com ','domain'),(3,'oversee.net','domain'),(4,'eNom','domain'),(5,'sedoparking.com','domain');

--
-- Table structure for table `idx_category`
--

CREATE TABLE `idx_category` (
  `category_id` mediumint(9) unsigned NOT NULL auto_increment,
  `parent_id` mediumint(9) unsigned NOT NULL default '0',
  `name` varchar(100) NOT NULL default '',
  `description` text NOT NULL,
  `image` varchar(100) default NULL,
  `content` text,
  `visible` char(1) default NULL,
  `links` mediumint(9) default NULL,
  `meta_keyword` text,
  `meta_description` text,
  `permission` char(2) default NULL,
  `registered_only` char(1) default NULL,
  `header` text NOT NULL,
  `footer` text NOT NULL,
  `related` mediumint(6) NOT NULL default '0',
  `page_title` varchar(200) NOT NULL default '',
  `hits` int(11) NOT NULL default '0',
  `order_num` smallint(6) NOT NULL default '0',
  `basic_price` double unsigned NOT NULL default '0',
  `premium_price` double unsigned NOT NULL default '0',
  `sponsored_price` double unsigned NOT NULL default '0',
  PRIMARY KEY  (`category_id`)
) ENGINE=MyISAM AUTO_INCREMENT=36 DEFAULT CHARSET=latin1;

--
-- Dumping data for table `idx_category`
--

INSERT INTO `idx_category` VALUES (1,0,'Arts & Entertainment','','folder.gif','','1',12,'','','0','0','','',0,'',0,0,0,0,0),(2,0,'Automotive','','folder.gif','','1',24,'','','0','0','','',0,'',0,0,0,0,0),(3,0,'Business','','folder.gif','','1',104,'','','0','0','','',0,'',0,0,0,0,0),(4,0,'Careers & Jobs','','folder.gif','','1',1,'','','0','0','','',0,'',0,0,0,0,0),(5,0,'Clothing','','folder.gif','','1',7,'','','0','0','','',0,'',0,0,0,0,0),(6,0,'Communications','','folder.gif','','1',16,'','','0','0','','',0,'',0,0,0,0,0),(7,0,'Computer & Internet','','folder.gif','','1',16,'','','0','0','','',0,'',0,0,0,0,0),(8,0,'Construction and Maintenance','','folder.gif','','1',66,'','','0','0','','',0,'',0,0,0,0,0),(9,0,'Dental','','folder.gif','','1',16,'','','0','0','','',0,'',0,0,0,0,0),(10,0,'Education','','folder.gif','','1',18,'','','0','0','','',0,'',0,0,0,0,0),(11,0,'Employment  ','','folder.gif','','1',1,'','','0','0','','',0,'',0,0,0,0,0),(12,0,'Gifts','','folder.gif','','1',19,'','','0','0','','',0,'',0,0,0,0,0),(13,0,'Hardware & Software','','folder.gif','','1',9,'','','0','0','','',0,'',0,0,0,0,0),(14,0,'Health & fitness','','folder.gif','','1',10,'','','0','0','','',0,'',0,0,0,0,0),(15,0,'Healthcare Related','','folder.gif','','1',132,'','','0','0','','',0,'',0,0,0,0,0),(16,0,'Air Conditioning & Heating','','folder.gif','','1',36,'','','0','0','','',0,'',1,0,0,0,0),(17,0,'Home Decor & Garden ','','folder.gif','','1',10,'','','0','0','','',0,'',0,0,0,0,0),(18,0,'Home Improvement Services','','folder.gif','','1',258,'','','0','0','','',0,'',0,0,0,0,0),(19,0,'Hotels & Resorts','','folder.gif','','1',28,'','','0','0','','',0,'',1,0,0,0,0),(20,0,'Insurance Services','','folder.gif','','1',20,'','','0','0','','',0,'',0,0,0,0,0),(21,0,'Law Services','','folder.gif','','1',0,'','','0','0','','',0,'',0,0,0,0,0),(22,0,'Lawyers','','folder.gif','','1',128,'','','0','0','','',0,'',0,0,0,0,0),(23,0,'Lifestyle & Relationships','','folder.gif','','1',6,'','','0','0','','',0,'',0,0,0,0,0),(24,0,'Medicine','','folder.gif','','1',4,'','','1','0','','',0,'',0,0,0,0,0),(25,0,'Money & Finance','','folder.gif','','1',9,'','','1','0','','',0,'',0,0,0,0,0),(26,0,'News & Issues','','folder.gif','','1',1,'','','0','0','','',0,'',0,0,0,0,0),(27,0,'Plumbing','','folder.gif','','1',27,'','','0','0','','',0,'',1,0,0,0,0),(28,0,'Real Estate','','folder.gif','','1',22,'','','0','0','','',0,'',0,0,0,0,0),(29,0,'Science & Technology','','folder.gif','','1',13,'','','0','0','','',0,'',0,0,0,0,0),(30,0,'SEO & SMO','','folder.gif','','1',18,'','','0','0','','',0,'',1,0,0,0,0),(31,0,'Shopping','','folder.gif','','1',53,'','','0','0','','',0,'',0,0,0,0,0),(32,0,'Sports & Games','','folder.gif','','1',2,'','','0','0','','',0,'',0,0,0,0,0),(33,0,'Transportation and Logistics','','folder.gif','','1',34,'','','0','0','','',0,'',0,0,0,0,0),(34,0,'Travel','','folder.gif','','1',16,'','','0','0','','',0,'',0,0,0,0,0),(35,0,'Wedding','','folder.gif','','1',9,'','','0','0','','',0,'',0,0,0,0,0);

--
-- Table structure for table `idx_category_path`
--

CREATE TABLE `idx_category_path` (
  `category_id` mediumint(9) NOT NULL default '0',
  `path` text,
  `path_with_url` text,
  `parents` text,
  PRIMARY KEY  (`category_id`)
) ENGINE=MyISAM DEFAULT CHARSET=latin1;

--
-- Dumping data for table `idx_category_path`
--

INSERT INTO `idx_category_path` VALUES (1,'Arts & Entertainment','<a href=\"http://populardiary.com/arts-entertainment/\" name=\"cat_1\" style=\"\">Arts & Entertainment</a>',';0;'),(2,'Automotive','<a href=\"http://populardiary.com/automotive/\" name=\"cat_2\" style=\"\">Automotive</a>',';0;'),(3,'Business','<a href=\"http://populardiary.com/business/\" name=\"cat_3\" style=\"\">Business</a>',';0;'),(4,'Careers & Jobs','<a href=\"http://populardiary.com/careers-jobs/\" name=\"cat_4\" style=\"\">Careers & Jobs</a>',';0;'),(5,'Clothing','<a href=\"http://populardiary.com/clothing/\" name=\"cat_5\" style=\"\">Clothing</a>',';0;'),(6,'Communications','<a href=\"http://populardiary.com/communications/\" name=\"cat_6\" style=\"\">Communications</a>',';0;'),(7,'Computer & Internet','<a href=\"http://populardiary.com/computer-internet/\" name=\"cat_7\" style=\"\">Computer & Internet</a>',';0;'),(8,'Construction and Maintenance','<a href=\"http://populardiary.com/construction-and-maintenance/\" name=\"cat_8\" style=\"\">Construction and Maintenance</a>',';0;'),(9,'Dental','<a href=\"http://populardiary.com/dental/\" name=\"cat_9\" style=\"\">Dental</a>',';0;'),(10,'Education','<a href=\"http://populardiary.com/education/\" name=\"cat_10\" style=\"\">Education</a>',';0;'),(11,'Employment  ','<a href=\"http://populardiary.com/employment/\" name=\"cat_11\" style=\"\">Employment  </a>',';0;'),(12,'Gifts','<a href=\"http://populardiary.com/gifts/\" name=\"cat_12\" style=\"\">Gifts</a>',';0;'),(13,'Hardware & Software','<a href=\"http://populardiary.com/hardware-software/\" name=\"cat_13\" style=\"\">Hardware & Software</a>',';0;'),(14,'Health & fitness','<a href=\"http://populardiary.com/health-fitness/\" name=\"cat_14\" style=\"\">Health & fitness</a>',';0;'),(15,'Healthcare Related','<a href=\"http://populardiary.com/healthcare-related/\" name=\"cat_15\" style=\"\">Healthcare Related</a>',';0;'),(16,'Air Conditioning & Heating','<a href=\"http://populardiary.com/air-conditioning-heating/\" name=\"cat_16\" style=\"\">Air Conditioning & Heating</a>',';0;'),(17,'Home Decor & Garden ','<a href=\"http://populardiary.com/home-decor-garden/\" name=\"cat_17\" style=\"\">Home Decor & Garden </a>',';0;'),(18,'Home Improvement Services','<a href=\"http://populardiary.com/home-improvement-services/\" name=\"cat_18\" style=\"\">Home Improvement Services</a>',';0;'),(19,'Hotels & Resorts','<a href=\"http://populardiary.com/hotels-resorts/\" name=\"cat_19\" style=\"\">Hotels & Resorts</a>',';0;'),(20,'Insurance Services','<a href=\"http://populardiary.com/insurance-services/\" name=\"cat_20\" style=\"\">Insurance Services</a>',';0;'),(21,'Law Services','<a href=\"http://populardiary.com/law-services/\" name=\"cat_21\" style=\"\">Law Services</a>',';0;'),(22,'Lawyers','<a href=\"http://populardiary.com/lawyers/\" name=\"cat_22\" style=\"\">Lawyers</a>',';0;'),(23,'Lifestyle & Relationships','<a href=\"http://populardiary.com/lifestyle-relationships/\" name=\"cat_23\" style=\"\">Lifestyle & Relationships</a>',';0;'),(24,'Medicine','<a href=\"http://populardiary.com/medicine/\" name=\"cat_24\" style=\"\">Medicine</a>',';0;'),(25,'Money & Finance','<a href=\"http://populardiary.com/money-finance/\" name=\"cat_25\" style=\"\">Money & Finance</a>',';0;'),(26,'News & Issues','<a href=\"http://populardiary.com/news-issues/\" name=\"cat_26\" style=\"\">News & Issues</a>',';0;'),(27,'Plumbing','<a href=\"http://populardiary.com/plumbing/\" name=\"cat_27\" style=\"\">Plumbing</a>',';0;'),(28,'Real Estate','<a href=\"http://populardiary.com/real-estate/\" name=\"cat_28\" style=\"\">Real Estate</a>',';0;'),(29,'Science & Technology','<a href=\"http://populardiary.com/science-technology/\" name=\"cat_29\" style=\"\">Science & Technology</a>',';0;'),(30,'SEO & SMO','<a href=\"http://populardiary.com/seo-smo/\" name=\"cat_30\" style=\"\">SEO & SMO</a>',';0;'),(31,'Shopping','<a href=\"http://populardiary.com/shopping/\" name=\"cat_31\" style=\"\">Shopping</a>',';0;'),(32,'Sports & Games','<a href=\"http://populardiary.com/sports-games/\" name=\"cat_32\" style=\"\">Sports & Games</a>',';0;'),(33,'Transportation and Logistics','<a href=\"http://populardiary.com/transportation-and-logistics/\" name=\"cat_33\" style=\"\">Transportation and Logistics</a>',';0;'),(34,'Travel','<a href=\"http://populardiary.com/travel/\" name=\"cat_34\" style=\"\">Travel</a>',';0;'),(35,'Wedding','<a href=\"http://populardiary.com/wedding/\" name=\"cat_35\" style=\"\">Wedding</a>',';0;');

--
-- Table structure for table `idx_category_suggession`
--

CREATE TABLE `idx_category_suggession` (
  `id_cat_suggession` int(11) NOT NULL auto_increment,
  `parent_id` int(11) default NULL,
  `name` varchar(255) default NULL,
  `category_description` text,
  `date` datetime default NULL,
  PRIMARY KEY  (`id_cat_suggession`)
) ENGINE=MyISAM DEFAULT CHARSET=latin1;

--
-- Dumping data for table `idx_category_suggession`
--


--
-- Table structure for table `idx_checkurl`
--

CREATE TABLE `idx_checkurl` (
  `link_id` mediumint(9) NOT NULL default '0',
  `date` date NOT NULL default '0000-00-00',
  `live` char(1) NOT NULL default '',
  `reciprocal_found` char(1) NOT NULL default '',
  PRIMARY KEY  (`link_id`)
) ENGINE=MyISAM DEFAULT CHARSET=latin1;

--
-- Dumping data for table `idx_checkurl`
--


--
-- Table structure for table `idx_cronjobs`
--

CREATE TABLE `idx_cronjobs` (
  `cronjobs_id` int(11) NOT NULL auto_increment,
  `cronjobs_name` varchar(255) default NULL,
  `filename` varchar(255) NOT NULL,
  `schedule` varchar(255) NOT NULL,
  `time` datetime NOT NULL,
  `execution` varchar(1) NOT NULL,
  PRIMARY KEY  (`cronjobs_id`)
) ENGINE=MyISAM AUTO_INCREMENT=4 DEFAULT CHARSET=latin1;

--
-- Dumping data for table `idx_cronjobs`
--

INSERT INTO `idx_cronjobs` VALUES (1,NULL,'clear_templates_c.php','1,*,*,*,*','0000-00-00 00:00:00',''),(2,NULL,'update_tag_cloud.php','*,24,*,*,*','0000-00-00 00:00:00',''),(3,NULL,'clear_rss_cache.php','*,24,*,*,*','0000-00-00 00:00:00','');

--
-- Table structure for table `idx_custom_field`
--

CREATE TABLE `idx_custom_field` (
  `field_name` varchar(32) NOT NULL default '',
  `field_text` varchar(64) NOT NULL default '',
  `field_type` enum('TEXT','TEXTAREA','SELECT','MULTISELECT','CHECKBOX','RADIO','FILE','IMAGE','DATE','DATETIME','RICHEDITOR') NOT NULL default 'TEXT',
  `field_option` text NOT NULL,
  `field_img_width` int(10) unsigned NOT NULL default '0',
  `field_img_height` int(10) unsigned NOT NULL default '0',
  `field_file_size` int(10) unsigned NOT NULL default '0',
  `field_file_extension` varchar(64) NOT NULL default '',
  `required` char(1) NOT NULL default '0',
  `searchable` char(1) NOT NULL default '1',
  `permission` char(1) NOT NULL default '0'
) ENGINE=MyISAM DEFAULT CHARSET=latin1;

--
-- Dumping data for table `idx_custom_field`
--

INSERT INTO `idx_custom_field` VALUES ('image','Image','IMAGE','',0,0,0,'','0','0','2'),('address','Address','TEXT','',0,0,0,'','0','0','0'),('city','City','TEXT','',0,0,0,'','0','0','0'),('state','State','TEXT','',0,0,0,'','0','0','0'),('country','Country','TEXT','',0,0,0,'','0','0','0'),('zip','Zip','TEXT','',0,0,0,'','0','0','0'),('phone','Phone','TEXT','',0,0,0,'','0','0','0'),('fax','Fax','TEXT','',0,0,0,'','0','0','0');

--
-- Table structure for table `idx_default_field`
--

CREATE TABLE `idx_default_field` (
  `field_name` varchar(64) NOT NULL,
  `required` char(1) NOT NULL,
  `visible` char(1) NOT NULL default '1',
  `searchable` char(1) NOT NULL default '1'
) ENGINE=MyISAM DEFAULT CHARSET=latin1;

--
-- Dumping data for table `idx_default_field`
--

INSERT INTO `idx_default_field` VALUES ('title','1','1','1'),('url','1','1','1'),('description','1','1','1'),('keywords','1','1','0'),('contact_name','1','1','1'),('email','1','1','1'),('reciprocal_url','0','0','1');

--
-- Table structure for table `idx_discount_coupon`
--

CREATE TABLE `idx_discount_coupon` (
  `coupon_id` int(11) NOT NULL auto_increment,
  `coupon_code` varchar(255) default NULL,
  `coupon_value` varchar(50) default NULL,
  `link_type` varchar(255) default NULL,
  `start_date` date default NULL,
  `expired_date` date default NULL,
  `expired_usage` int(11) default NULL,
  `usage_count` int(11) default NULL,
  PRIMARY KEY  (`coupon_id`)
) ENGINE=MyISAM DEFAULT CHARSET=latin1;

--
-- Dumping data for table `idx_discount_coupon`
--


--
-- Table structure for table `idx_editor`
--

CREATE TABLE `idx_editor` (
  `username` varchar(20) default NULL,
  `category_id` mediumint(9) default NULL,
  `category` char(1) default NULL,
  `link` char(1) default NULL,
  `review` char(1) default NULL,
  `pick` char(1) default NULL,
  `status` char(1) default NULL,
  `date` date default NULL
) ENGINE=MyISAM DEFAULT CHARSET=latin1;

--
-- Dumping data for table `idx_editor`
--


--
-- Table structure for table `idx_email_template`
--

CREATE TABLE `idx_email_template` (
  `email_template_id` int(10) unsigned NOT NULL auto_increment,
  `name` varchar(255) default NULL,
  `subject` varchar(255) default NULL,
  `body` text,
  `altbody` text,
  PRIMARY KEY  (`email_template_id`)
) ENGINE=MyISAM AUTO_INCREMENT=37 DEFAULT CHARSET=latin1;

--
-- Dumping data for table `idx_email_template`
--



--
-- Table structure for table `idx_favorites`
--

CREATE TABLE `idx_favorites` (
  `favorite_id` int(11) NOT NULL auto_increment,
  `username` varchar(20) default NULL,
  `date` date default NULL,
  `title` varchar(100) default NULL,
  `description` text,
  PRIMARY KEY  (`favorite_id`)
) ENGINE=MyISAM AUTO_INCREMENT=5 DEFAULT CHARSET=latin1;

--
-- Dumping data for table `idx_favorites`
--

INSERT INTO `idx_favorites` VALUES (1,'lukedouglass68m82','2011-10-19','My Favorites',NULL),(2,'kristofercorg48r91','2011-10-31','My Favorites',NULL),(3,'arthurandrewo96y52','2011-11-01','My Favorites',NULL),(4,'adaptive84','2011-12-07','My Favorites',NULL);

--
-- Table structure for table `idx_favorites_detail`
--

CREATE TABLE `idx_favorites_detail` (
  `favorite_id` int(11) default NULL,
  `link_id` mediumint(9) default NULL
) ENGINE=MyISAM DEFAULT CHARSET=latin1;

--
-- Dumping data for table `idx_favorites_detail`
--


--
-- Table structure for table `idx_hook_place`
--

CREATE TABLE `idx_hook_place` (
  `hook_place_id` int(11) NOT NULL auto_increment,
  `filename` varchar(255) default NULL,
  `hookname` varchar(255) default NULL,
  PRIMARY KEY  (`hook_place_id`)
) ENGINE=MyISAM DEFAULT CHARSET=latin1;

--
-- Dumping data for table `idx_hook_place`
--


--
-- Table structure for table `idx_invoice`
--

CREATE TABLE `idx_invoice` (
  `invoice_id` varchar(10) NOT NULL default '',
  `invoice_date` date default NULL,
  `due_date` date default NULL,
  `invoiced_to` text,
  `service` varchar(255) default NULL,
  `description` text,
  `total` double(8,2) default NULL,
  `comment` text,
  `paid` char(1) default NULL,
  `paid_date` date default NULL,
  `email` varchar(255) default NULL,
  PRIMARY KEY  (`invoice_id`)
) ENGINE=MyISAM DEFAULT CHARSET=latin1;

--
-- Dumping data for table `idx_invoice`
--


--
-- Table structure for table `idx_invoice_config`
--

CREATE TABLE `idx_invoice_config` (
  `company` varchar(255) default NULL,
  `contact` varchar(255) default NULL,
  `address` text,
  `phone` varchar(255) default NULL,
  `email` varchar(255) default NULL,
  `currency_symbol` varchar(255) default '$',
  `currency_code` varchar(255) default 'USD'
) ENGINE=MyISAM DEFAULT CHARSET=latin1;

--
-- Dumping data for table `idx_invoice_config`
--

INSERT INTO `idx_invoice_config` VALUES ('Your website / Company','Billing Department','Your address','Your phone #','Billing<name@yourdomain.com>','$','USD');

--
-- Table structure for table `idx_link_temp_user`
--

CREATE TABLE `idx_link_temp_user` (
  `vid` mediumint(9) unsigned NOT NULL default '0',
  `username` varchar(20) NOT NULL default '',
  PRIMARY KEY  (`vid`)
) ENGINE=MyISAM DEFAULT CHARSET=latin1;

--
-- Dumping data for table `idx_link_temp_user`
--


--
-- Table structure for table `idx_link_user`
--

CREATE TABLE `idx_link_user` (
  `link_id` mediumint(9) unsigned NOT NULL default '0',
  `username` varchar(20) NOT NULL default '',
  PRIMARY KEY  (`link_id`)
) ENGINE=MyISAM DEFAULT CHARSET=latin1;

--
-- Dumping data for table `idx_link_user`
--


--
-- Table structure for table `idx_mailing_list`
--

CREATE TABLE `idx_mailing_list` (
  `email` varchar(50) NOT NULL default '',
  `code` varchar(4) default NULL,
  `status` char(1) default NULL,
  PRIMARY KEY  (`email`)
) ENGINE=MyISAM DEFAULT CHARSET=latin1;

--
-- Dumping data for table `idx_mailing_list`
--


--
-- Table structure for table `idx_message`
--

CREATE TABLE `idx_message` (
  `message_id` smallint(6) NOT NULL auto_increment,
  `date` date default NULL,
  `body` text,
  `subject` varchar(100) default NULL,
  PRIMARY KEY  (`message_id`)
) ENGINE=MyISAM DEFAULT CHARSET=latin1;

--
-- Dumping data for table `idx_message`
--


--
-- Table structure for table `idx_notification`
--

CREATE TABLE `idx_notification` (
  `username` varchar(20) NOT NULL default '',
  `category_id` mediumint(9) NOT NULL default '0'
) ENGINE=MyISAM DEFAULT CHARSET=latin1;

--
-- Dumping data for table `idx_notification`
--


--
-- Table structure for table `idx_pagerank`
--

CREATE TABLE `idx_pagerank` (
  `link_id` mediumint(8) unsigned NOT NULL default '0',
  `engine` char(1) NOT NULL default '',
  `rank` tinyint(4) NOT NULL default '0',
  `last_update` date NOT NULL default '0000-00-00',
  PRIMARY KEY  (`link_id`,`engine`)
) ENGINE=MyISAM DEFAULT CHARSET=latin1;

--
-- Dumping data for table `idx_pagerank`
--

INSERT INTO `idx_pagerank` VALUES (1,'g',0,'2011-09-20'),(10,'g',2,'2011-09-20'),(11,'g',5,'2011-09-20'),(2,'g',3,'2011-09-20'),(14,'g',2,'2011-09-20'),(13,'g',0,'2011-09-20'),(15,'g',2,'2011-09-20'),(5,'g',0,'2011-09-20'),(8,'g',0,'2011-09-20'),(3,'g',2,'2011-09-20'),(6,'g',2,'2011-09-20'),(9,'g',2,'2011-09-20'),(12,'g',3,'2011-09-20'),(4,'g',0,'2011-09-20'),(16,'g',0,'2011-09-20'),(17,'g',0,'2011-09-20'),(7,'g',1,'2011-09-20'),(18,'g',3,'2011-09-20'),(19,'g',1,'2011-09-20'),(20,'g',3,'2011-09-20'),(21,'g',0,'2011-09-20'),(24,'g',2,'2011-09-20'),(23,'g',4,'2011-09-20'),(22,'g',0,'2011-09-20'),(25,'g',1,'2011-09-20'),(26,'g',0,'2011-08-20'),(28,'g',1,'2011-09-20'),(27,'g',3,'2011-09-20'),(29,'g',2,'2011-08-22'),(31,'g',0,'2011-08-22'),(30,'g',2,'2011-08-22'),(33,'g',0,'2011-08-28'),(32,'g',0,'2011-08-28'),(44,'g',0,'2011-10-08'),(45,'g',0,'2011-08-30'),(53,'g',0,'2011-12-12'),(62,'g',0,'2012-01-03'),(68,'g',1,'2011-09-04'),(52,'g',0,'2011-12-11'),(61,'g',0,'2011-12-12'),(56,'g',0,'2012-02-15'),(67,'g',0,'2011-09-06'),(50,'g',0,'2012-02-16'),(76,'g',4,'2011-09-07'),(55,'g',0,'2012-01-04'),(54,'g',0,'2012-01-04'),(58,'g',0,'2011-10-31'),(36,'g',3,'2011-09-09'),(75,'g',4,'2011-09-09'),(72,'g',1,'2011-09-11'),(74,'g',3,'2011-09-11'),(81,'g',1,'2011-09-11'),(77,'g',6,'2011-09-11'),(71,'g',2,'2011-09-11'),(78,'g',2,'2011-09-12'),(84,'g',6,'2011-09-13'),(86,'g',3,'2011-09-13'),(59,'g',2,'2011-09-14'),(79,'g',4,'2011-09-14'),(82,'g',4,'2011-09-14'),(87,'g',3,'2011-09-14'),(63,'g',0,'2012-02-07'),(51,'g',0,'2012-01-03'),(69,'g',0,'2011-09-17'),(94,'g',0,'2011-09-17'),(96,'g',4,'2011-09-17'),(60,'g',2,'2011-09-17'),(38,'g',0,'2012-01-03'),(37,'g',0,'2012-02-05'),(39,'g',0,'2012-03-05'),(34,'g',0,'2011-09-20'),(48,'g',6,'2011-09-20'),(88,'g',3,'2011-09-20'),(89,'g',2,'2011-09-20'),(91,'g',2,'2011-09-20'),(90,'g',2,'2011-09-20'),(92,'g',2,'2011-09-20'),(57,'g',0,'2012-01-04'),(98,'g',0,'2011-09-20'),(49,'g',0,'2012-03-05'),(104,'g',1,'2011-09-20'),(64,'g',0,'2011-12-19'),(41,'g',0,'2012-01-03'),(111,'g',6,'2011-09-20'),(109,'g',2,'2011-09-20'),(112,'g',3,'2011-09-20'),(118,'g',2,'2011-09-20'),(119,'g',6,'2011-09-20'),(40,'g',0,'2012-01-04'),(93,'g',2,'2011-09-20'),(113,'g',0,'2011-09-20'),(114,'g',0,'2011-09-20'),(117,'g',0,'2011-09-20'),(95,'g',6,'2011-09-20'),(100,'g',1,'2011-09-20'),(99,'g',2,'2011-09-20'),(106,'g',6,'2011-09-20'),(105,'g',6,'2011-09-20'),(121,'g',0,'2011-09-20'),(107,'g',3,'2011-09-20'),(120,'g',0,'2011-09-20'),(122,'g',3,'2011-09-20'),(110,'g',2,'2011-09-20'),(116,'g',2,'2011-09-20'),(102,'g',0,'2011-09-20'),(103,'g',0,'2011-09-20'),(97,'g',2,'2011-09-20'),(108,'g',0,'2011-09-20'),(115,'g',0,'2011-09-20'),(47,'g',0,'2012-02-19'),(101,'g',0,'2012-01-03'),(126,'g',2,'2011-09-25'),(128,'g',2,'2011-09-26'),(125,'g',2,'2011-09-26'),(135,'g',1,'2011-09-26'),(129,'g',0,'2012-02-16'),(140,'g',2,'2011-09-28'),(132,'g',4,'2011-09-29'),(139,'g',0,'2011-09-29'),(131,'g',2,'2011-09-29'),(124,'g',0,'2011-09-29'),(149,'g',0,'2012-03-07'),(155,'g',0,'2011-10-01'),(137,'g',0,'2011-10-01'),(134,'g',0,'2011-10-01'),(144,'g',0,'2011-10-02'),(146,'g',2,'2011-10-02'),(147,'g',0,'2012-01-03'),(148,'g',1,'2011-10-02'),(130,'g',0,'2012-01-04'),(141,'g',2,'2011-10-03'),(152,'g',1,'2011-10-03'),(159,'g',0,'2012-02-07'),(173,'g',0,'2011-10-08'),(163,'g',0,'2011-10-08'),(174,'g',0,'2011-10-09'),(150,'g',0,'2012-01-04'),(160,'g',0,'2012-01-04'),(138,'g',0,'2011-10-13'),(143,'g',0,'2011-10-13'),(142,'g',0,'2011-10-13'),(145,'g',0,'2011-10-13'),(133,'g',0,'2011-10-13'),(197,'g',0,'2011-10-14'),(186,'g',0,'2011-10-14'),(187,'g',0,'2011-10-14'),(185,'g',0,'2012-01-04'),(221,'g',0,'2012-01-01'),(218,'g',0,'2012-02-15'),(175,'g',0,'2012-02-26'),(166,'g',0,'2011-10-16'),(194,'g',0,'2012-02-07'),(220,'g',0,'2011-10-16'),(171,'g',0,'2011-10-16'),(216,'g',0,'2011-12-30'),(196,'g',0,'2012-01-02'),(176,'g',0,'2011-10-16'),(207,'g',0,'2012-01-04'),(204,'g',0,'2012-01-02'),(222,'g',0,'2012-01-03'),(172,'g',0,'2011-10-16'),(177,'g',0,'2011-10-16'),(178,'g',0,'2011-10-16'),(179,'g',0,'2011-10-16'),(180,'g',0,'2011-10-16'),(167,'g',0,'2012-03-05'),(170,'g',0,'2011-10-16'),(168,'g',0,'2011-10-16'),(85,'g',0,'2011-10-16'),(182,'g',0,'2011-10-16'),(169,'g',0,'2011-10-16'),(154,'g',0,'2012-03-07'),(198,'g',0,'2011-12-22'),(162,'g',0,'2011-10-16'),(153,'g',0,'2011-10-16'),(73,'g',0,'2011-10-17'),(70,'g',0,'2011-10-17'),(80,'g',0,'2011-10-17'),(188,'g',0,'2012-02-29'),(200,'g',0,'2012-01-25'),(223,'g',0,'2012-01-04'),(203,'g',0,'2012-01-30'),(201,'g',0,'2012-02-16'),(219,'g',0,'2012-02-15'),(213,'g',0,'2012-01-03'),(184,'g',0,'2012-01-04'),(192,'g',0,'2012-01-04'),(227,'g',0,'2012-01-04'),(199,'g',0,'2012-01-04'),(246,'g',0,'2011-10-19'),(245,'g',0,'2011-10-19'),(229,'g',0,'2011-11-22'),(190,'g',0,'2011-10-20'),(191,'g',0,'2011-10-20'),(224,'g',0,'2012-03-02'),(248,'g',0,'2011-10-21'),(228,'g',0,'2011-10-22'),(233,'g',0,'2012-03-02'),(206,'g',0,'2011-12-22'),(208,'g',0,'2012-01-06'),(205,'g',0,'2011-12-22'),(247,'g',0,'2011-10-23'),(209,'g',0,'2012-01-06'),(211,'g',0,'2012-01-06'),(250,'g',0,'2011-10-24'),(249,'g',0,'2011-10-24'),(373,'g',0,'2011-10-24'),(376,'g',0,'2011-10-24'),(391,'g',0,'2011-10-24'),(379,'g',0,'2011-10-24'),(377,'g',0,'2011-10-24'),(398,'g',0,'2011-10-24'),(372,'g',0,'2011-10-24'),(395,'g',0,'2011-10-24'),(374,'g',0,'2011-10-24'),(393,'g',0,'2011-10-24'),(217,'g',0,'2012-01-04'),(231,'g',0,'2012-01-04'),(215,'g',0,'2012-01-04'),(212,'g',0,'2012-01-04'),(161,'g',0,'2012-03-05'),(214,'g',0,'2012-01-04'),(230,'g',0,'2012-01-04'),(478,'g',0,'2011-10-25'),(270,'g',0,'2011-10-25'),(452,'g',0,'2011-10-25'),(467,'g',0,'2012-01-04'),(347,'g',0,'2011-10-25'),(326,'g',0,'2012-01-04'),(291,'g',0,'2011-10-25'),(390,'g',0,'2011-10-25'),(511,'g',0,'2011-10-25'),(365,'g',0,'2011-10-25'),(454,'g',0,'2011-10-25'),(309,'g',0,'2011-10-25'),(303,'g',0,'2011-12-11'),(151,'g',0,'2012-02-19'),(359,'g',0,'2011-12-11'),(263,'g',0,'2011-12-11'),(251,'g',0,'2011-10-25'),(319,'g',0,'2012-03-05'),(193,'g',0,'2011-12-11'),(349,'g',0,'2011-10-26'),(394,'g',0,'2011-10-26'),(528,'g',0,'2011-12-14'),(460,'g',0,'2011-10-26'),(267,'g',0,'2011-10-26'),(484,'g',0,'2011-10-26'),(323,'g',0,'2011-12-14'),(473,'g',0,'2011-12-14'),(293,'g',0,'2011-10-26'),(352,'g',0,'2011-10-26'),(304,'g',0,'2011-10-26'),(341,'g',0,'2011-10-26'),(340,'g',0,'2011-10-26'),(301,'g',0,'2011-10-26'),(343,'g',0,'2011-10-26'),(311,'g',0,'2011-10-26'),(342,'g',0,'2011-10-26'),(350,'g',0,'2011-10-26'),(317,'g',0,'2011-12-22'),(232,'g',0,'2011-10-26'),(234,'g',0,'2011-10-26'),(334,'g',0,'2011-10-26'),(375,'g',0,'2011-10-26'),(310,'g',0,'2011-10-26'),(366,'g',0,'2011-10-26'),(278,'g',0,'2011-10-26'),(367,'g',0,'2011-10-27'),(384,'g',0,'2011-10-27'),(556,'g',0,'2012-01-03'),(252,'g',0,'2011-10-27'),(360,'g',0,'2011-10-28'),(397,'g',0,'2011-10-28'),(355,'g',0,'2011-10-28'),(202,'g',0,'2012-02-16'),(382,'g',0,'2011-10-28'),(236,'g',0,'2012-02-16'),(357,'g',0,'2011-10-28'),(315,'g',0,'2012-02-16'),(259,'g',0,'2011-11-28'),(210,'g',0,'2012-02-16'),(383,'g',0,'2011-10-28'),(381,'g',0,'2011-10-28'),(534,'g',0,'2012-01-03'),(262,'g',0,'2011-10-28'),(535,'g',0,'2011-10-28'),(361,'g',0,'2011-10-28'),(356,'g',0,'2011-10-28'),(318,'g',0,'2012-02-16'),(380,'g',0,'2011-10-28'),(281,'g',0,'2011-12-10'),(363,'g',0,'2011-10-28'),(442,'g',0,'2011-12-10'),(339,'g',0,'2011-10-28'),(345,'g',0,'2011-10-29'),(344,'g',0,'2011-10-29'),(385,'g',0,'2011-10-29'),(306,'g',0,'2011-10-29'),(386,'g',0,'2011-10-29'),(362,'g',0,'2011-10-29'),(327,'g',0,'2011-10-29'),(368,'g',0,'2011-10-29'),(314,'g',0,'2011-12-22'),(316,'g',0,'2012-01-25'),(399,'g',0,'2012-01-04'),(370,'g',0,'2011-10-29'),(389,'g',0,'2011-10-29'),(329,'g',0,'2011-10-29'),(411,'g',0,'2011-10-29'),(273,'g',0,'2011-10-29'),(337,'g',0,'2011-12-02'),(413,'g',0,'2011-12-02'),(543,'g',0,'2011-10-29'),(428,'g',0,'2012-01-04'),(378,'g',0,'2011-12-02'),(269,'g',0,'2011-10-31'),(353,'g',0,'2011-10-31'),(486,'g',0,'2012-02-27'),(325,'g',0,'2012-02-27'),(297,'g',0,'2011-10-31'),(472,'g',0,'2011-10-31'),(406,'g',0,'2011-10-31'),(496,'g',0,'2011-10-31'),(265,'g',0,'2011-11-02'),(351,'g',0,'2011-11-02'),(321,'g',0,'2012-03-05'),(388,'g',0,'2011-11-02'),(346,'g',0,'2011-11-02'),(295,'g',0,'2011-11-02'),(290,'g',0,'2011-11-02'),(302,'g',0,'2011-11-02'),(555,'g',0,'2011-11-02'),(324,'g',0,'2011-12-16'),(298,'g',0,'2011-11-02'),(272,'g',0,'2011-11-02'),(369,'g',0,'2011-11-02'),(396,'g',0,'2012-01-04'),(255,'g',0,'2012-01-04'),(549,'g',0,'2012-02-07'),(387,'g',0,'2011-11-02'),(392,'g',0,'2011-11-02'),(328,'g',0,'2011-11-02'),(358,'g',0,'2011-11-02'),(558,'g',0,'2012-01-04'),(348,'g',0,'2011-11-02'),(292,'g',0,'2011-11-02'),(551,'g',0,'2011-12-19'),(257,'g',0,'2011-12-06'),(536,'g',0,'2011-12-06'),(268,'g',0,'2011-11-02'),(557,'g',0,'2012-03-07'),(563,'g',0,'2011-11-02'),(313,'g',0,'2012-02-07'),(354,'g',0,'2011-11-02'),(447,'g',0,'2011-11-02'),(253,'g',0,'2012-01-03'),(400,'g',0,'2011-11-02'),(463,'g',0,'2012-01-03'),(583,'g',0,'2011-11-05'),(559,'g',0,'2011-12-26'),(564,'g',0,'2012-02-25'),(554,'g',0,'2012-01-04'),(538,'g',0,'2012-01-04'),(588,'g',0,'2011-11-07'),(545,'g',0,'2012-01-04'),(573,'g',0,'2011-11-08'),(579,'g',0,'2011-11-08'),(578,'g',0,'2011-11-08'),(591,'g',0,'2011-11-10'),(593,'g',0,'2011-11-10'),(570,'g',0,'2011-12-19'),(587,'g',0,'2011-11-10'),(308,'g',0,'2011-11-12'),(516,'g',0,'2011-12-12'),(503,'g',0,'2011-11-12'),(450,'g',0,'2011-11-12'),(524,'g',0,'2011-11-12'),(364,'g',0,'2011-11-12'),(568,'g',0,'2011-11-12'),(480,'g',0,'2011-11-13'),(474,'g',0,'2011-11-13'),(575,'g',0,'2011-11-13'),(546,'g',0,'2011-11-13'),(530,'g',0,'2011-11-13'),(584,'g',0,'2011-11-13'),(616,'g',0,'2011-11-13'),(490,'g',0,'2011-11-13'),(529,'g',0,'2011-11-13'),(466,'g',0,'2011-11-13'),(630,'g',0,'2012-01-04'),(684,'g',0,'2012-01-04'),(726,'g',0,'2012-01-07'),(601,'g',0,'2012-01-04'),(669,'g',0,'2012-01-04'),(702,'g',0,'2012-01-07'),(585,'g',0,'2011-11-13'),(586,'g',0,'2011-11-13'),(698,'g',0,'2012-01-03'),(710,'g',0,'2012-01-03'),(656,'g',0,'2012-02-27'),(676,'g',0,'2012-02-27'),(641,'g',0,'2011-12-16'),(662,'g',0,'2011-12-16'),(647,'g',0,'2011-12-16'),(670,'g',0,'2012-01-03'),(697,'g',0,'2012-01-04'),(604,'g',0,'2012-01-03'),(603,'g',0,'2012-01-03'),(691,'g',0,'2011-12-16'),(621,'g',0,'2012-01-03'),(620,'g',0,'2012-01-03'),(628,'g',0,'2012-02-15'),(624,'g',0,'2012-02-15'),(590,'g',0,'2011-11-16'),(592,'g',0,'2011-11-16'),(595,'g',0,'2011-11-17'),(594,'g',0,'2011-11-17'),(680,'g',0,'2012-03-03'),(731,'g',0,'2011-11-19'),(716,'g',0,'2012-01-04'),(719,'g',0,'2012-01-03'),(715,'g',0,'2012-02-12'),(722,'g',0,'2011-11-21'),(723,'g',0,'2012-01-04'),(724,'g',0,'2012-01-03'),(727,'g',0,'2011-11-21'),(635,'g',0,'2012-01-05'),(721,'g',0,'2012-01-06'),(718,'g',0,'2012-01-06'),(725,'g',0,'2012-01-04'),(720,'g',0,'2012-01-06'),(627,'g',0,'2011-11-21'),(728,'g',0,'2011-11-21'),(649,'g',0,'2011-11-21'),(736,'g',0,'2011-11-21'),(613,'g',0,'2012-01-05'),(612,'g',0,'2012-03-05'),(597,'g',0,'2011-11-22'),(596,'g',0,'2011-11-22'),(729,'g',0,'2011-11-22'),(730,'g',0,'2011-11-22'),(687,'g',0,'2012-01-04'),(674,'g',0,'2012-01-04'),(675,'g',0,'2012-01-04'),(653,'g',0,'2012-01-05'),(681,'g',0,'2012-03-05'),(657,'g',0,'2012-01-04'),(735,'g',0,'2011-11-25'),(743,'g',0,'2011-11-26'),(600,'g',0,'2011-11-26'),(599,'g',0,'2011-11-26'),(637,'g',0,'2011-11-26'),(598,'g',0,'2011-11-26'),(617,'g',0,'2011-11-26'),(648,'g',0,'2011-11-26'),(622,'g',0,'2011-11-26'),(623,'g',0,'2011-11-26'),(619,'g',0,'2011-11-26'),(858,'g',0,'2012-01-04'),(807,'g',0,'2012-01-03'),(797,'g',0,'2012-01-03'),(654,'g',0,'2012-01-04'),(859,'g',0,'2012-01-04'),(821,'g',0,'2012-01-04'),(671,'g',0,'2012-01-04'),(853,'g',0,'2012-01-04'),(869,'g',0,'2012-01-04'),(810,'g',0,'2012-01-03'),(864,'g',0,'2012-01-03'),(814,'g',0,'2012-01-04'),(952,'g',0,'2011-12-02'),(884,'g',0,'2012-01-04'),(690,'g',0,'2012-01-04'),(950,'g',0,'2011-12-03'),(877,'g',0,'2011-12-04'),(825,'g',0,'2011-12-04'),(851,'g',0,'2012-03-03'),(822,'g',0,'2012-01-03'),(925,'g',0,'2012-03-03'),(792,'g',0,'2012-03-03'),(955,'g',0,'2011-12-08'),(1074,'g',0,'2012-02-15'),(924,'g',0,'2011-12-09'),(651,'g',0,'2011-12-12'),(801,'g',0,'2011-12-12'),(959,'g',0,'2011-12-12'),(958,'g',0,'2011-12-12'),(1038,'g',0,'2011-12-12'),(682,'g',0,'2011-12-12'),(640,'g',0,'2011-12-12'),(636,'g',0,'2011-12-12'),(960,'g',0,'2011-12-12'),(614,'g',0,'2011-12-12'),(639,'g',0,'2011-12-12'),(660,'g',0,'2011-12-12'),(780,'g',0,'2012-01-30'),(781,'g',0,'2012-01-30'),(779,'g',0,'2012-01-30'),(1141,'g',0,'2011-12-13'),(1146,'g',0,'2011-12-14'),(1140,'g',0,'2011-12-14'),(470,'g',0,'2011-12-14'),(632,'g',0,'2011-12-14'),(645,'g',0,'2011-12-14'),(668,'g',0,'2011-12-14'),(501,'g',0,'2011-12-14'),(688,'g',0,'2011-12-14'),(489,'g',0,'2011-12-14'),(1148,'g',0,'2011-12-14'),(1150,'g',0,'2011-12-14'),(848,'g',0,'2011-12-14'),(686,'g',0,'2011-12-16'),(705,'g',0,'2011-12-16'),(1172,'g',0,'2011-12-16'),(903,'g',0,'2012-02-27'),(1185,'g',0,'2012-03-04'),(1159,'g',0,'2011-12-17'),(1167,'g',0,'2011-12-17'),(886,'g',0,'2011-12-17'),(878,'g',0,'2011-12-17'),(1124,'g',0,'2011-12-17'),(571,'g',0,'2011-12-17'),(625,'g',0,'2011-12-17'),(615,'g',0,'2011-12-17'),(1188,'g',0,'2011-12-17'),(432,'g',0,'2011-12-19'),(1125,'g',0,'2011-12-19'),(1128,'g',0,'2011-12-19'),(1076,'g',0,'2011-12-19'),(706,'g',0,'2011-12-19'),(929,'g',0,'2011-12-19'),(633,'g',0,'2011-12-19'),(646,'g',0,'2011-12-19'),(565,'g',0,'2012-02-19'),(650,'g',0,'2011-12-19'),(766,'g',0,'2011-12-19'),(643,'g',0,'2011-12-19'),(904,'g',0,'2011-12-19'),(699,'g',0,'2011-12-19'),(773,'g',0,'2011-12-19'),(764,'g',0,'2011-12-19'),(694,'g',0,'2011-12-19'),(849,'g',0,'2011-12-19'),(799,'g',0,'2011-12-19'),(840,'g',0,'2011-12-19'),(820,'g',0,'2011-12-19'),(765,'g',0,'2011-12-19'),(852,'g',0,'2011-12-19'),(667,'g',0,'2011-12-19'),(652,'g',0,'2011-12-19'),(763,'g',0,'2011-12-19'),(934,'g',0,'2011-12-19'),(658,'g',0,'2011-12-19'),(692,'g',0,'2011-12-19'),(678,'g',0,'2011-12-19'),(609,'g',0,'2012-03-05'),(762,'g',0,'2011-12-19'),(870,'g',0,'2011-12-19'),(561,'g',0,'2011-12-19'),(996,'g',0,'2011-12-19'),(872,'g',0,'2011-12-19'),(661,'g',0,'2011-12-19'),(828,'g',0,'2011-12-19'),(855,'g',0,'2011-12-19'),(919,'g',0,'2011-12-19'),(915,'g',0,'2011-12-19'),(831,'g',0,'2011-12-19'),(689,'g',0,'2011-12-19'),(709,'g',0,'2011-12-19'),(933,'g',0,'2011-12-19'),(887,'g',0,'2011-12-19'),(701,'g',0,'2011-12-19'),(1000,'g',0,'2011-12-19'),(1197,'g',0,'2011-12-19'),(1164,'g',0,'2011-12-19'),(794,'g',0,'2011-12-19'),(827,'g',0,'2011-12-20'),(778,'g',0,'2011-12-20'),(885,'g',0,'2011-12-20'),(816,'g',0,'2011-12-20'),(818,'g',0,'2011-12-20'),(874,'g',0,'2011-12-20'),(817,'g',0,'2011-12-20'),(793,'g',0,'2011-12-20'),(890,'g',0,'2011-12-20'),(830,'g',0,'2011-12-20'),(1201,'g',0,'2012-02-05'),(1205,'g',0,'2012-02-05'),(312,'g',0,'2011-12-21'),(320,'g',0,'2011-12-21'),(322,'g',0,'2011-12-21'),(1202,'g',0,'2011-12-21'),(1149,'g',0,'2011-12-21'),(1222,'g',0,'2011-12-22'),(1234,'g',0,'2011-12-22'),(254,'g',0,'2012-01-25'),(455,'g',0,'2012-01-25'),(510,'g',0,'2011-12-22'),(459,'g',0,'2011-12-22'),(663,'g',0,'2011-12-22'),(1147,'g',0,'2011-12-22'),(606,'g',0,'2011-12-22'),(519,'g',0,'2011-12-22'),(703,'g',0,'2011-12-22'),(712,'g',0,'2011-12-22'),(796,'g',0,'2011-12-22'),(795,'g',0,'2011-12-22'),(868,'g',0,'2011-12-22'),(1228,'g',0,'2011-12-22'),(1227,'g',0,'2011-12-22'),(1231,'g',0,'2011-12-22'),(714,'g',0,'2011-12-22'),(1216,'g',0,'2011-12-23'),(1230,'g',0,'2011-12-23'),(235,'g',0,'2011-12-24'),(521,'g',0,'2011-12-24'),(539,'g',0,'2011-12-24'),(1239,'g',0,'2011-12-24'),(414,'g',0,'2011-12-24'),(537,'g',0,'2011-12-24'),(1243,'g',0,'2011-12-25'),(860,'g',0,'2011-12-26'),(1210,'g',0,'2011-12-26'),(1279,'g',0,'2011-12-26'),(1260,'g',0,'2011-12-26'),(835,'g',0,'2012-02-16'),(1244,'g',0,'2011-12-27'),(1255,'g',0,'2011-12-27'),(1254,'g',0,'2011-12-27'),(1270,'g',0,'2011-12-27'),(1256,'g',0,'2011-12-27'),(1203,'g',0,'2011-12-27'),(1272,'g',0,'2011-12-27'),(1329,'g',0,'2011-12-27'),(1212,'g',0,'2011-12-27'),(839,'g',0,'2011-12-27'),(1306,'g',0,'2012-02-07'),(1301,'g',0,'2012-02-07'),(1278,'g',0,'2012-02-07'),(1283,'g',0,'2012-02-07'),(1204,'g',0,'2012-02-15'),(833,'g',0,'2012-02-16'),(1077,'g',0,'2011-12-27'),(711,'g',0,'2012-02-16'),(696,'g',0,'2011-12-27'),(1341,'g',0,'2012-03-05'),(1334,'g',0,'2012-03-05'),(1330,'g',0,'2012-03-05'),(1328,'g',0,'2012-03-05'),(1337,'g',0,'2012-03-05'),(1267,'g',0,'2011-12-29'),(1199,'g',0,'2011-12-29'),(1268,'g',0,'2011-12-29'),(1287,'g',0,'2011-12-29'),(1366,'g',0,'2011-12-29'),(1360,'g',0,'2011-12-29'),(1317,'g',0,'2011-12-30'),(1325,'g',0,'2011-12-30'),(1359,'g',0,'2011-12-30'),(1208,'g',0,'2011-12-30'),(1315,'g',0,'2011-12-30'),(1326,'g',0,'2012-02-05'),(1357,'g',0,'2012-02-05'),(1342,'g',0,'2011-12-30'),(1365,'g',0,'2011-12-30'),(1363,'g',0,'2012-02-05'),(1327,'g',0,'2012-02-05'),(1345,'g',0,'2012-02-05'),(1130,'g',0,'2012-01-30'),(1358,'g',0,'2012-02-07'),(422,'g',0,'2011-12-31'),(404,'g',0,'2011-12-31'),(420,'g',0,'2011-12-31'),(1368,'g',0,'2012-03-05'),(1331,'g',0,'2012-03-05'),(1349,'g',0,'2012-01-01'),(401,'g',0,'2012-01-01'),(410,'g',0,'2012-01-01'),(541,'g',0,'2012-03-05'),(504,'g',0,'2012-03-05'),(1143,'g',0,'2012-02-19'),(1339,'g',0,'2012-03-05'),(1343,'g',0,'2012-01-01'),(1336,'g',0,'2012-01-01'),(1280,'g',0,'2012-03-07'),(921,'g',0,'2012-01-01'),(930,'g',0,'2012-01-01'),(940,'g',0,'2012-01-01'),(938,'g',0,'2012-01-01'),(916,'g',0,'2012-01-01'),(1303,'g',0,'2012-02-15'),(407,'g',0,'2012-01-01'),(1340,'g',0,'2012-03-05'),(1361,'g',0,'2012-01-01'),(1381,'g',0,'2012-01-01'),(1335,'g',0,'2012-03-05'),(1332,'g',0,'2012-03-05'),(1355,'g',0,'2012-01-01'),(1376,'g',0,'2012-01-01'),(1333,'g',0,'2012-02-15'),(1338,'g',0,'2012-01-01'),(1347,'g',0,'2012-01-01'),(1348,'g',0,'2012-01-02'),(1238,'g',0,'2012-01-02'),(1318,'g',0,'2012-02-27'),(1323,'g',0,'2012-02-27'),(1276,'g',0,'2012-01-02'),(1346,'g',0,'2012-01-02'),(1298,'g',0,'2012-02-15'),(1375,'g',0,'2012-02-15'),(1292,'g',0,'2012-01-03'),(1344,'g',0,'2012-02-15'),(1296,'g',0,'2012-01-03'),(1392,'g',0,'2012-01-03'),(1398,'g',0,'2012-03-03'),(836,'g',0,'2012-01-03'),(802,'g',0,'2012-01-03'),(1411,'g',0,'2012-01-03'),(700,'g',0,'2012-01-03'),(798,'g',0,'2012-01-03'),(1382,'g',0,'2012-02-16'),(845,'g',0,'2012-01-03'),(1394,'g',0,'2012-02-15'),(847,'g',0,'2012-01-03'),(1393,'g',0,'2012-02-15'),(1418,'g',0,'2012-01-03'),(1388,'g',0,'2012-01-03'),(1410,'g',0,'2012-01-03'),(1415,'g',0,'2012-02-15'),(1414,'g',0,'2012-02-15'),(1404,'g',0,'2012-02-17'),(1308,'g',0,'2012-01-04'),(1417,'g',0,'2012-01-04'),(1288,'g',0,'2012-01-04'),(1371,'g',0,'2012-02-05'),(1397,'g',0,'2012-01-04'),(1286,'g',0,'2012-01-04'),(856,'g',0,'2012-01-04'),(1290,'g',0,'2012-01-04'),(1405,'g',0,'2012-03-05'),(1313,'g',0,'2012-01-04'),(1408,'g',0,'2012-01-04'),(1356,'g',0,'2012-01-04'),(1353,'g',0,'2012-02-15'),(642,'g',0,'2012-02-16'),(1409,'g',0,'2012-02-16'),(1406,'g',0,'2012-02-15'),(1370,'g',0,'2012-02-15'),(1416,'g',0,'2012-01-04'),(1351,'g',0,'2012-02-15'),(1354,'g',0,'2012-02-15'),(1387,'g',0,'2012-01-04'),(1350,'g',0,'2012-02-15'),(804,'g',0,'2012-02-16'),(1373,'g',0,'2012-02-16'),(1400,'g',0,'2012-02-15'),(871,'g',0,'2012-02-16'),(1391,'g',0,'2012-01-04'),(1314,'g',0,'2012-02-15'),(1262,'g',0,'2012-02-16'),(1399,'g',0,'2012-02-15'),(1374,'g',0,'2012-02-16'),(1407,'g',0,'2012-02-15'),(803,'g',0,'2012-02-16'),(832,'g',0,'2012-02-16'),(1369,'g',0,'2012-02-15'),(1352,'g',0,'2012-02-15'),(865,'g',0,'2012-01-04'),(882,'g',0,'2012-01-04'),(883,'g',0,'2012-01-04'),(888,'g',0,'2012-01-05'),(1086,'g',0,'2012-01-05'),(918,'g',0,'2012-01-05'),(1430,'g',0,'2012-01-05'),(1175,'g',0,'2012-01-05'),(1257,'g',0,'2012-02-14'),(659,'g',0,'2012-01-05'),(1237,'g',0,'2012-02-14'),(1174,'g',0,'2012-01-05'),(638,'g',0,'2012-01-05'),(1422,'g',0,'2012-01-05'),(1145,'g',0,'2012-01-05'),(1246,'g',0,'2012-01-05'),(1245,'g',0,'2012-01-06'),(1269,'g',0,'2012-02-12'),(1266,'g',0,'2012-02-12'),(1261,'g',0,'2012-02-12'),(523,'g',0,'2012-02-12'),(553,'g',0,'2012-02-12'),(1211,'g',0,'2012-02-12'),(1003,'g',0,'2012-01-06'),(498,'g',0,'2012-02-12'),(569,'g',0,'2012-02-12'),(923,'g',0,'2012-01-06'),(506,'g',0,'2012-02-11'),(1123,'g',0,'2012-02-11'),(1209,'g',0,'2012-02-12'),(1419,'g',0,'2012-01-06'),(605,'g',0,'2012-02-12'),(1396,'g',0,'2012-01-06'),(608,'g',0,'2012-02-12'),(895,'g',0,'2012-02-14'),(875,'g',0,'2012-01-06'),(844,'g',0,'2012-02-05'),(829,'g',0,'2012-02-05'),(826,'g',0,'2012-02-14'),(1002,'g',0,'2012-01-06'),(1120,'g',0,'2012-01-06'),(713,'g',0,'2012-02-05'),(896,'g',0,'2012-01-06'),(931,'g',0,'2012-01-06'),(905,'g',0,'2012-02-14'),(813,'g',0,'2012-02-14'),(1200,'g',0,'2012-01-06'),(1075,'g',0,'2012-01-06'),(806,'g',0,'2012-02-05'),(448,'g',0,'2012-02-23'),(476,'g',0,'2012-02-23'),(483,'g',0,'2012-02-23'),(440,'g',0,'2012-02-23'),(492,'g',0,'2012-01-06'),(1316,'g',0,'2012-02-29'),(1319,'g',0,'2012-03-02'),(451,'g',0,'2012-02-23'),(443,'g',0,'2012-02-23'),(1275,'g',0,'2012-02-12'),(815,'g',0,'2012-01-07'),(961,'g',0,'2012-01-07'),(843,'g',0,'2012-01-07'),(841,'g',0,'2012-01-07'),(805,'g',0,'2012-01-07'),(1429,'g',0,'2012-01-07'),(842,'g',0,'2012-01-07'),(850,'g',0,'2012-01-07'),(717,'g',0,'2012-01-07'),(908,'g',0,'2012-01-08'),(1440,'g',0,'2012-01-10'),(1424,'g',0,'2012-01-10'),(1420,'g',0,'2012-01-10'),(1434,'g',0,'2012-01-11'),(1432,'g',0,'2012-01-11'),(1441,'g',0,'2012-02-16'),(791,'g',0,'2012-01-15'),(782,'g',0,'2012-01-15'),(784,'g',0,'2012-01-15'),(783,'g',0,'2012-01-15'),(788,'g',0,'2012-01-15'),(787,'g',0,'2012-01-15'),(785,'g',0,'2012-01-15'),(790,'g',0,'2012-01-15'),(789,'g',0,'2012-01-15'),(786,'g',0,'2012-01-15'),(1509,'g',0,'2012-01-15'),(1435,'g',0,'2012-01-16'),(1472,'g',0,'2012-01-16'),(1474,'g',0,'2012-01-17'),(1428,'g',0,'2012-03-05'),(1437,'g',0,'2012-01-19'),(1464,'g',0,'2012-01-19'),(1466,'g',0,'2012-01-20'),(747,'g',0,'2012-01-20'),(748,'g',0,'2012-01-20'),(746,'g',0,'2012-01-20'),(708,'g',0,'2012-01-20'),(679,'g',0,'2012-01-20'),(664,'g',0,'2012-01-20'),(666,'g',0,'2012-01-20'),(707,'g',0,'2012-01-20'),(750,'g',0,'2012-01-20'),(749,'g',0,'2012-01-20'),(1467,'g',0,'2012-01-20'),(1213,'g',0,'2012-01-20'),(1289,'g',0,'2012-01-20'),(1217,'g',0,'2012-01-20'),(1321,'g',0,'2012-01-20'),(1226,'g',0,'2012-01-20'),(1224,'g',0,'2012-01-20'),(1307,'g',0,'2012-01-20'),(1225,'g',0,'2012-01-20'),(1310,'g',0,'2012-01-20'),(1218,'g',0,'2012-01-20'),(1540,'g',0,'2012-01-20'),(1181,'g',0,'2012-01-21'),(1471,'g',0,'2012-01-22'),(1470,'g',0,'2012-01-22'),(1484,'g',0,'2012-01-22'),(1477,'g',0,'2012-03-03'),(1454,'g',0,'2012-03-03'),(1489,'g',0,'2012-03-03'),(926,'g',0,'2012-01-27'),(1491,'g',0,'2012-01-27'),(1176,'g',0,'2012-01-27'),(1039,'g',0,'2012-01-27'),(899,'g',0,'2012-01-27'),(754,'g',0,'2012-01-27'),(756,'g',0,'2012-01-27'),(755,'g',0,'2012-01-27'),(752,'g',0,'2012-01-27'),(753,'g',0,'2012-01-27'),(760,'g',0,'2012-01-27'),(757,'g',0,'2012-01-27'),(751,'g',0,'2012-01-27'),(759,'g',0,'2012-01-27'),(758,'g',0,'2012-01-27'),(867,'g',0,'2012-01-28'),(862,'g',0,'2012-01-28'),(1447,'g',0,'2012-01-28'),(920,'g',0,'2012-01-28'),(1504,'g',0,'2012-01-28'),(922,'g',0,'2012-01-28'),(1166,'g',0,'2012-01-28'),(618,'g',0,'2012-01-28'),(1219,'g',0,'2012-01-28'),(631,'g',0,'2012-01-28'),(1207,'g',0,'2012-01-28'),(1206,'g',0,'2012-01-28'),(629,'g',0,'2012-01-28'),(683,'g',0,'2012-01-28'),(602,'g',0,'2012-01-28'),(644,'g',0,'2012-01-29'),(634,'g',0,'2012-01-29'),(1586,'g',0,'2012-02-01'),(941,'g',0,'2012-02-05'),(968,'g',0,'2012-02-05'),(969,'g',0,'2012-02-05'),(967,'g',0,'2012-02-05'),(965,'g',0,'2012-02-05'),(964,'g',0,'2012-02-05'),(966,'g',0,'2012-02-05'),(963,'g',0,'2012-02-05'),(962,'g',0,'2012-02-05'),(1165,'g',0,'2012-02-05'),(998,'g',0,'2012-02-05'),(991,'g',0,'2012-02-05'),(937,'g',0,'2012-02-05'),(939,'g',0,'2012-02-05'),(980,'g',0,'2012-02-05'),(988,'g',0,'2012-02-05'),(982,'g',0,'2012-02-05'),(900,'g',0,'2012-02-05'),(994,'g',0,'2012-02-05'),(995,'g',0,'2012-02-05'),(893,'g',0,'2012-02-05'),(986,'g',0,'2012-02-05'),(935,'g',0,'2012-02-05'),(987,'g',0,'2012-02-05'),(984,'g',0,'2012-02-05'),(985,'g',0,'2012-02-05'),(981,'g',0,'2012-02-05'),(990,'g',0,'2012-02-05'),(983,'g',0,'2012-02-05'),(936,'g',0,'2012-02-05'),(997,'g',0,'2012-02-05'),(993,'g',0,'2012-02-05'),(999,'g',0,'2012-02-05'),(906,'g',0,'2012-02-05'),(901,'g',0,'2012-02-05'),(927,'g',0,'2012-02-05'),(992,'g',0,'2012-02-05'),(1177,'g',0,'2012-02-05'),(1006,'g',0,'2012-02-05'),(1008,'g',0,'2012-02-05'),(1639,'g',0,'2012-02-05'),(1533,'g',0,'2012-02-05'),(1687,'g',0,'2012-02-05'),(1641,'g',0,'2012-02-05'),(1686,'g',0,'2012-02-05'),(1595,'g',0,'2012-02-05'),(1009,'g',0,'2012-02-05'),(1013,'g',0,'2012-02-05'),(1014,'g',0,'2012-02-05'),(1012,'g',0,'2012-02-05'),(1018,'g',0,'2012-02-05'),(1016,'g',0,'2012-02-05'),(1011,'g',0,'2012-02-05'),(1015,'g',0,'2012-02-05'),(1010,'g',0,'2012-02-05'),(1017,'g',0,'2012-02-05'),(1362,'g',0,'2012-02-06'),(1401,'g',0,'2012-02-06'),(1372,'g',0,'2012-02-06'),(1476,'g',0,'2012-02-06'),(1403,'g',0,'2012-02-06'),(974,'g',0,'2012-02-06'),(972,'g',0,'2012-02-06'),(977,'g',0,'2012-02-06'),(979,'g',0,'2012-02-06'),(976,'g',0,'2012-02-06'),(978,'g',0,'2012-02-06'),(970,'g',0,'2012-02-06'),(971,'g',0,'2012-02-06'),(973,'g',0,'2012-02-06'),(975,'g',0,'2012-02-06'),(513,'g',0,'2012-02-06'),(533,'g',0,'2012-02-06'),(542,'g',0,'2012-02-06'),(508,'g',0,'2012-02-06'),(540,'g',0,'2012-02-06'),(1271,'g',0,'2012-02-06'),(1236,'g',0,'2012-02-06'),(1221,'g',0,'2012-02-06'),(1223,'g',0,'2012-02-06'),(1235,'g',0,'2012-02-06'),(1605,'g',0,'2012-02-06'),(1607,'g',0,'2012-02-06'),(1606,'g',0,'2012-02-06'),(1602,'g',0,'2012-02-06'),(1604,'g',0,'2012-02-06'),(1603,'g',0,'2012-02-06'),(1601,'g',0,'2012-02-06'),(876,'g',0,'2012-02-06'),(834,'g',0,'2012-02-06'),(873,'g',0,'2012-02-06'),(861,'g',0,'2012-02-06'),(812,'g',0,'2012-02-06'),(879,'g',0,'2012-02-06'),(824,'g',0,'2012-02-06'),(811,'g',0,'2012-02-06'),(819,'g',0,'2012-02-06'),(1180,'g',0,'2012-02-06'),(1102,'g',0,'2012-02-06'),(1094,'g',0,'2012-02-06'),(1098,'g',0,'2012-02-06'),(1097,'g',0,'2012-02-06'),(1095,'g',0,'2012-02-06'),(1093,'g',0,'2012-02-06'),(1101,'g',0,'2012-02-06'),(1099,'g',0,'2012-02-06'),(1100,'g',0,'2012-02-06'),(1096,'g',0,'2012-02-06'),(1612,'g',0,'2012-02-07'),(1505,'g',0,'2012-02-07'),(1461,'g',0,'2012-02-07'),(1438,'g',0,'2012-02-07'),(1651,'g',0,'2012-02-07'),(1658,'g',0,'2012-02-07'),(1694,'g',0,'2012-02-07'),(1657,'g',0,'2012-02-07'),(1672,'g',0,'2012-02-07'),(1693,'g',0,'2012-02-07'),(1594,'g',0,'2012-02-07'),(1536,'g',0,'2012-02-07'),(1647,'g',0,'2012-02-07'),(1654,'g',0,'2012-02-07'),(1676,'g',0,'2012-02-08'),(889,'g',0,'2012-02-08'),(838,'g',0,'2012-02-08'),(626,'g',0,'2012-02-08'),(607,'g',0,'2012-02-08'),(611,'g',0,'2012-02-08'),(672,'g',0,'2012-02-08'),(823,'g',0,'2012-02-08'),(891,'g',0,'2012-02-08'),(673,'g',0,'2012-02-08'),(685,'g',0,'2012-02-08'),(1717,'g',0,'2012-02-09'),(1740,'g',0,'2012-02-09'),(1614,'g',0,'2012-02-11'),(1650,'g',0,'2012-02-11'),(655,'g',0,'2012-02-12'),(854,'g',0,'2012-02-12'),(917,'g',0,'2012-02-12'),(610,'g',0,'2012-02-12'),(1229,'g',0,'2012-02-12'),(1495,'g',0,'2012-02-12'),(1589,'g',0,'2012-02-12'),(1689,'g',0,'2012-02-12'),(1508,'g',0,'2012-02-12'),(550,'g',0,'2012-02-12'),(548,'g',0,'2012-02-12'),(1573,'g',0,'2012-02-12'),(1770,'g',0,'2012-02-13'),(1583,'g',0,'2012-02-13'),(1282,'g',0,'2012-02-14'),(1305,'g',0,'2012-02-14'),(1291,'g',0,'2012-02-14'),(1294,'g',0,'2012-02-14'),(1312,'g',0,'2012-02-14'),(1304,'g',0,'2012-02-14'),(552,'g',0,'2012-02-14'),(1263,'g',0,'2012-02-14'),(1281,'g',0,'2012-02-14'),(1258,'g',0,'2012-02-14'),(1774,'g',0,'2012-02-14'),(1265,'g',0,'2012-02-14'),(1251,'g',0,'2012-02-14'),(1760,'g',0,'2012-02-14'),(1792,'g',0,'2012-02-14'),(1710,'g',0,'2012-02-14'),(1597,'g',0,'2012-02-14'),(1572,'g',0,'2012-02-14'),(774,'g',0,'2012-02-14'),(1762,'g',0,'2012-02-14'),(695,'g',0,'2012-02-14'),(1580,'g',0,'2012-02-14'),(1773,'g',0,'2012-02-16'),(1764,'g',0,'2012-02-16'),(1787,'g',0,'2012-02-16'),(1801,'g',0,'2012-02-16'),(1794,'g',0,'2012-02-17'),(1784,'g',0,'2012-02-17'),(1796,'g',0,'2012-02-18'),(1771,'g',0,'2012-02-19'),(1807,'g',0,'2012-02-20'),(775,'g',0,'2012-02-20'),(776,'g',0,'2012-02-20'),(777,'g',0,'2012-02-20'),(1769,'g',0,'2012-02-21'),(1797,'g',0,'2012-02-21'),(1701,'g',0,'2012-02-21'),(1653,'g',0,'2012-02-21'),(1829,'g',0,'2012-02-22'),(1673,'g',0,'2012-02-23'),(1703,'g',0,'2012-02-24'),(1799,'g',0,'2012-02-25'),(1820,'g',0,'2012-02-26'),(1798,'g',0,'2012-02-26'),(1836,'g',0,'2012-02-26'),(1816,'g',0,'2012-02-26'),(1815,'g',0,'2012-02-27'),(1845,'g',0,'2012-02-27'),(1844,'g',0,'2012-02-27'),(1809,'g',0,'2012-02-29'),(1812,'g',0,'2012-02-29'),(1855,'g',0,'2012-03-02'),(1871,'g',0,'2012-03-02'),(1858,'g',0,'2012-03-02'),(1860,'g',0,'2012-03-02'),(1859,'g',0,'2012-03-02'),(1869,'g',0,'2012-03-04'),(1887,'g',0,'2012-03-04'),(1854,'g',0,'2012-03-05'),(1831,'g',0,'2012-03-06'),(1469,'g',0,'2012-03-07');

--
-- Table structure for table `idx_paid_listing`
--

CREATE TABLE `idx_paid_listing` (
  `link_id` mediumint(9) unsigned NOT NULL default '0',
  `premium` char(1) default NULL,
  `sponsored` char(1) default NULL,
  `expire` datetime default NULL,
  `paid` char(1) default NULL,
  PRIMARY KEY  (`link_id`)
) ENGINE=MyISAM DEFAULT CHARSET=latin1;

--
-- Dumping data for table `idx_paid_listing`
--


--
-- Table structure for table `idx_payment_gateway`
--

CREATE TABLE `idx_payment_gateway` (
  `payment_gateway_id` int(11) NOT NULL auto_increment,
  `name` varchar(100) default NULL,
  `enable` char(1) default NULL,
  `setting` text,
  `invoice_html` text,
  PRIMARY KEY  (`payment_gateway_id`)
) ENGINE=MyISAM AUTO_INCREMENT=9 DEFAULT CHARSET=latin1;

--
-- Dumping data for table `idx_payment_gateway`
--

INSERT INTO `idx_payment_gateway` VALUES (1,'paypal','1','a:2:{s:13:\"payment_email\";s:0:\"\";s:21:\"enable_paypal_sandbox\";s:1:\"0\";}','<p> \r\n	<a href=\'paynow.php?id={$invoice_id}&m=paypal\'><img src=\'http://www.paypal.com/images/x-click-but02.gif\' border=\'0\' alt=\'Make payments with PayPal - it is fast, free and secure!\' /></a> \r\n</p>\r\n'),(2,'2co','0','a:6:{s:6:\"co_sid\";s:5:\"84932\";s:9:\"co_secret\";s:5:\"tango\";s:12:\"co_recurring\";s:1:\"0\";s:9:\"co_prod_1\";s:6:\"100.00\";s:9:\"co_prod_2\";s:6:\"250.00\";s:9:\"co_prod_3\";s:6:\"400.00\";}','<p>\r\n<a href=\'paynow.php?id={$invoice_id}&m=2co\'><img src=\'http://www.2checkout.com/images/overview/btns/25.jpg\' alt=\'Pay Now with 2checkout...\' border=\'0\' /></a> \r\n</p>'),(3,'authorizenet','0','a:2:{s:21:\"authorizenet_login_id\";s:0:\"\";s:21:\"authorizenet_tran_key\";s:0:\"\";}','<p> \r\n<a href=\'paynow.php?id={$invoice_id}&m=authorizenet\'><img src=\'http://www.authorize.net/upload/images/Images/Header/authorizenet_logo.gif\' alt=\'Pay Now with Authorize.Net...\' width=\'99\' height=\'39\' style=\'{border : 1px solid #c0c0c0;}\' /></a>\r\n</p>'),(4,'egold','0','a:2:{s:19:\"egold_payee_account\";s:0:\"\";s:16:\"egold_payee_name\";s:0:\"\";}','<p> \r\n<a href=\'paynow.php?id={$invoice_id}&m=egold\'>\r\n<img src=\'http://www.e-gold.com/gif/paywith.gif\' border=\'0\' alt=\'Pay Now with e-gold...\' />\r\n</a>\r\n</p>'),(5,'moneybookers','0','a:1:{s:18:\"moneybookers_email\";s:0:\"\";}','<p> \r\n<a href=\'paynow.php?id={$invoice_id}&m=paypal\'><img src=\'http://www.moneybookers.com/images/banners/88_en_mb.gif\' border=\'0\' alt=\'Make payments with Moneybookers - it is fast, free and secure!\' /></a> \r\n</p>'),(6,'paypal-subscriptions','0','a:2:{s:13:\"payment_email\";s:0:\"\";s:21:\"enable_paypal_sandbox\";s:1:\"0\";}','<p> \r\n<a href=\'paynow.php?id={$invoice_id}&m=paypal\'><img src=\'https://www.paypal.com/en_US/i/btn/x-click-but20.gif\' border=\'0\' alt=\'Make payments with PayPal - it is fast, free and secure!\' /></a> \r\n</p>'),(7,'alertpay','0','a:2:{s:14:\"alertpay_email\";s:0:\"\";s:23:\"enable_alertpay_sandbox\";s:1:\"0\";}','<p> \r\n<a href=\'paynow.php?id={$invoice_id}&m=alertpay\'>\r\n<img src=\'https://www.alertpay.com/Images/BuyNow/pay_now_3.gif\' border=\'0\' alt=\'Make payments with PayPal - it is fast, free and secure!\' /></a> \r\n</p>'),(8,'alertpay-subcriptions','0','a:2:{s:14:\"alertpay_email\";s:0:\"\";s:23:\"enable_alertpay_sandbox\";s:1:\"0\";}','<p>\r\n<a href=\'paynow.php?id={$invoice_id}&m=alertpay-subcriptions\'>\r\n<img src=\'https://www.alertpay.com/Images/BuyNow/subscribe_now_15.gif\' border=\'0\' alt=\'Make payments with Alert Pay - it is fast, free and secure!\' /></a> \r\n</p>');

--
-- Table structure for table `idx_payment_history`
--

CREATE TABLE `idx_payment_history` (
  `payment_id` int(10) unsigned NOT NULL auto_increment,
  `contact_name` varchar(255) default NULL,
  `email` varchar(255) default NULL,
  `type` varchar(255) default NULL,
  `detail` text,
  `amount` double default NULL,
  `time` datetime default NULL,
  `invoice_id` varchar(10) default NULL,
  PRIMARY KEY  (`payment_id`)
) ENGINE=MyISAM DEFAULT CHARSET=latin1;

--
-- Dumping data for table `idx_payment_history`
--


--
-- Table structure for table `idx_pl_sociable`
--

CREATE TABLE `idx_pl_sociable` (
  `sb_id` int(11) NOT NULL auto_increment,
  `sb_name` varchar(255) character set utf8 default NULL,
  `sb_url` varchar(255) character set utf8 default NULL,
  `sb_icon` varchar(255) character set utf8 default NULL,
  `sb_enable` char(1) character set utf8 default '0',
  PRIMARY KEY  (`sb_id`)
) ENGINE=MyISAM AUTO_INCREMENT=90 DEFAULT CHARSET=latin1;

--
-- Dumping data for table `idx_pl_sociable`
--

INSERT INTO `idx_pl_sociable` VALUES (1,'BarraPunto','http://barrapunto.com/submit.pl?subj=TITLE&amp;story=PERMALINK','barrapunto.png','0'),(2,'Bitacoras.com','http://bitacoras.com/anotaciones/PERMALINK','bitacoras.png','0'),(3,'BlinkList','http://www.blinklist.com/index.php?Action=Blink/addblink.php&amp;Url=PERMALINK&amp;Title=TITLE','blinklist.png','0'),(4,'blogmarks','http://blogmarks.net/my/new.php?mini=1&amp;simple=1&amp;url=PERMALINK&amp;title=TITLE','blogmarks.png','0'),(5,'Blogosphere News','http://www.blogospherenews.com/submit.php?url=PERMALINK&amp;title=TITLE','blogospherenews.png','0'),(6,'blogtercimlap','http://cimlap.blogter.hu/index.php?action=suggest_link&amp;title=TITLE&amp;url=PERMALINK','blogter.png','0'),(7,'Faves','http://faves.com/Authoring.aspx?u=PERMALINK&amp;title=TITLE','bluedot.png','0'),(8,'connotea','http://www.connotea.org/addpopup?continue=confirm&amp;uri=PERMALINK&amp;title=TITLE&amp;description=EXCERPT','connotea.png','0'),(9,'Current','http://current.com/clipper.htm?url=PERMALINK&amp;title=TITLE','current.png','0'),(10,'del.icio.us','http://delicious.com/post?url=PERMALINK&amp;title=TITLE&amp;notes=EXCERPT','delicious.png','0'),(11,'Digg','http://digg.com/submit?phase=2&amp;url=PERMALINK&amp;title=TITLE&amp;bodytext=EXCERPT','digg.png','1'),(12,'Diigo','http://www.diigo.com/post?url=PERMALINK&amp;title=TITLE','diigo.png','0'),(13,'DotNetKicks','http://www.dotnetkicks.com/kick/?url=PERMALINK&amp;title=TITLE','dotnetkicks.png','0'),(14,'DZone','http://www.dzone.com/links/add.html?url=PERMALINK&amp;title=TITLE','dzone.png','0'),(15,'eKudos','http://www.ekudos.nl/artikel/nieuw?url=PERMALINK&amp;title=TITLE&amp;desc=EXCERPT','ekudos.png','0'),(16,'email','mailto:?subject=TITLE&amp;body=PERMALINK','email_link.png','0'),(17,'Facebook','http://www.facebook.com/share.php?u=PERMALINK&amp;t=TITLE','facebook.png','1'),(18,'Fark','http://cgi.fark.com/cgi/fark/farkit.pl?h=TITLE&amp;u=PERMALINK','fark.png','0'),(19,'Fleck','http://beta3.fleck.com/bookmarklet.php?url=PERMALINK&amp;title=TITLE','fleck.png','0'),(20,'FriendFeed','http://www.friendfeed.com/share?title=TITLE&amp;link=PERMALINK','friendfeed.png','0'),(21,'FSDaily','http://www.fsdaily.com/submit?url=PERMALINK&amp;title=TITLE','fsdaily.png','0'),(22,'Global Grind','http://globalgrind.com/submission/submit.aspx?url=PERMALINK&amp;type=Article&amp;title=TITLE','globalgrind.png','0'),(23,'Google','http://www.google.com/bookmarks/mark?op=edit&amp;bkmk=PERMALINK&amp;title=TITLE&amp;annotation=EXCERPT','googlebookmark.png','0'),(24,'Gwar','http://www.gwar.pl/DodajGwar.html?u=PERMALINK','gwar.png','0'),(25,'HackerNews','http://news.ycombinator.com/submitlink?u=PERMALINK&amp;t=TITLE','hackernews.png','0'),(26,'Haohao','http://www.haohaoreport.com/submit.php?url=PERMALINK&amp;title=TITLE','haohao.png','0'),(27,'HealthRanker','http://healthranker.com/submit.php?url=PERMALINK&amp;title=TITLE','healthranker.png','0'),(28,'HelloTxt','http://hellotxt.com/?status=TITLE+PERMALINK','hellotxt.png','0'),(29,'Hemidemi','http://www.hemidemi.com/user_bookmark/new?title=TITLE&amp;url=PERMALINK','hemidemi.png','0'),(30,'Hyves','http://www.hyves.nl/profilemanage/add/tips/?name=TITLE&amp;text=EXCERPT+PERMALINK&amp;rating=5','hyves.png','0'),(31,'Identi.ca','http://identi.ca/notice/new?status_textarea=PERMALINK','identica.png','0'),(32,'IndianPad','http://www.indianpad.com/submit.php?url=PERMALINK','indianpad.png','0'),(33,'Internetmedia','http://internetmedia.hu/submit.php?url=PERMALINK','im.png','0'),(34,'Kirtsy','http://www.kirtsy.com/submit.php?url=PERMALINK&amp;title=TITLE','kirtsy.png','0'),(35,'laaik.it','http://laaik.it/NewStoryCompact.aspx?uri=PERMALINK&amp;headline=TITLE&amp;cat=5e082fcc-8a3b-47e2-acec-fdf64ff19d12','laaikit.png','0'),(36,'LinkArena','http://linkarena.com/bookmarks/addlink/?url=PERMALINK&amp;title=TITLE','linkarena.png','0'),(37,'LinkaGoGo','http://www.linkagogo.com/go/AddNoPopup?url=PERMALINK&amp;title=TITLE','linkagogo.png','0'),(38,'LinkedIn','http://www.linkedin.com/shareArticle?mini=true&amp;url=PERMALINK&amp;title=TITLE&amp;source=BLOGNAME&amp;summary=EXCERPT','linkedin.png','0'),(39,'Linkter','http://www.linkter.hu/index.php?action=suggest_link&amp;url=PERMALINK&amp;title=TITLE','linkter.png','0'),(40,'Live','https://favorites.live.com/quickadd.aspx?marklet=1&amp;url=PERMALINK&amp;title=TITLE','live.png','0'),(41,'Meneame','http://meneame.net/submit.php?url=PERMALINK','meneame.png','0'),(42,'MisterWong','http://www.mister-wong.com/addurl/?bm_url=PERMALINK&amp;bm_description=TITLE&amp;plugin=soc','misterwong.png','0'),(43,'MisterWong.DE','http://www.mister-wong.de/addurl/?bm_url=PERMALINK&amp;bm_description=TITLE&amp;plugin=soc','misterwong.png','0'),(44,'Mixx','http://www.mixx.com/submit?page_url=PERMALINK&amp;title=TITLE','mixx.png','0'),(45,'muti','http://www.muti.co.za/submit?url=PERMALINK&amp;title=TITLE','muti.png','0'),(46,'MyShare','http://myshare.url.com.tw/index.php?func=newurl&amp;url=PERMALINK&amp;desc=TITLE','myshare.png','0'),(47,'MySpace','http://www.myspace.com/Modules/PostTo/Pages/?u=PERMALINK&amp;t=TITLE','myspace.png','0'),(48,'MSNReporter','http://reporter.nl.msn.com/?fn=contribute&amp;Title=TITLE&amp;URL=PERMALINK&amp;cat_id=6&amp;tag_id=31&amp;Remark=EXCERPT','msnreporter.png','0'),(49,'N4G','http://www.n4g.com/tips.aspx?url=PERMALINK&amp;title=TITLE','n4g.png','0'),(50,'Netvibes','http://www.netvibes.com/share?title=TITLE&amp;url=PERMALINK','netvibes.png','0'),(51,'NewsVine','http://www.newsvine.com/_tools/seed&amp;save?u=PERMALINK&amp;h=TITLE','newsvine.png','0'),(52,'Netvouz','http://www.netvouz.com/action/submitBookmark?url=PERMALINK&amp;title=TITLE&amp;popup=no','netvouz.png','0'),(53,'NuJIJ','http://nujij.nl/jij.lynkx?t=TITLE&amp;u=PERMALINK&amp;b=EXCERPT','nujij.png','0'),(54,'Ping.fm','http://ping.fm/ref/?link=PERMALINK&amp;title=TITLE&amp;body=EXCERPT','ping.png','0'),(55,'Posterous','http://posterous.com/share?linkto=PERMALINK&amp;title=TITLE&amp;selection=EXCERPT','posterous.png','0'),(56,'PDF','http://www.printfriendly.com/print?url=PERMALINK&amp;partner=sociable','pdf.png','0'),(57,'Print','http://www.printfriendly.com/print?url=PERMALINK&amp;partner=sociable','printfriendly.png','0'),(58,'Propeller','http://www.propeller.com/submit/?url=PERMALINK','propeller.png','0'),(59,'Ratimarks','http://ratimarks.org/bookmarks.php/?action=add&address=PERMALINK&amp;title=TITLE','ratimarks.png','0'),(60,'Rec6','http://rec6.via6.com/link.php?url=PERMALINK&amp;=TITLE','rec6.png','0'),(61,'Reddit','http://reddit.com/submit?url=PERMALINK&amp;title=TITLE','reddit.png','0'),(62,'RSS','FEEDLINK','rss.png','0'),(63,'Scoopeo','http://www.scoopeo.com/scoop/new?newurl=PERMALINK&amp;title=TITLE','scoopeo.png','0'),(64,'Segnalo','http://segnalo.alice.it/post.html.php?url=PERMALINK&amp;title=TITLE','segnalo.png','0'),(65,'Simpy','http://www.simpy.com/simpy/LinkAdd.do?href=PERMALINK&amp;title=TITLE','simpy.png','0'),(66,'Slashdot','http://slashdot.org/bookmark.pl?title=TITLE&amp;url=PERMALINK','slashdot.png','0'),(67,'Socialogs','http://socialogs.com/add_story.php?story_url=PERMALINK&amp;story_title=TITLE','socialogs.png','0'),(68,'SphereIt','http://www.sphere.com/search?q=sphereit:PERMALINK&amp;title=TITLE','sphere.png','0'),(69,'Sphinn','http://sphinn.com/index.php?c=post&amp;m=submit&amp;link=PERMALINK','sphinn.png','0'),(70,'StumbleUpon','http://www.stumbleupon.com/submit?url=PERMALINK&amp;title=TITLE','stumbleupon.png','0'),(71,'Techmeme','http://twitter.com/home/?status=tip%20@Techmeme%20PERMALINK%20TITLE','techmeme.png','0'),(72,'Technorati','http://technorati.com/faves?add=PERMALINK','technorati.png','1'),(73,'ThisNext','http://www.thisnext.com/pick/new/submit/sociable/?url=PERMALINK&amp;name=TITLE','thisnext.png','0'),(74,'Tipd','http://tipd.com/submit.php?url=PERMALINK','tipd.png','0'),(75,'Tumblr','http://www.tumblr.com/share?v=3&amp;u=PERMALINK&amp;t=TITLE&amp;s=EXCERPT','tumblr.png','0'),(76,'Twitter','http://twitter.com/home?status=TITLE%20-%20PERMALINK','twitter.png','1'),(77,'Upnews','http://www.upnews.it/submit?url=PERMALINK&amp;title=TITLE','upnews.png','0'),(78,'Webnews.de','http://www.webnews.de/einstellen?url=PERMALINK&amp;title=TITLE','webnews.png','0'),(79,'Webride','http://webride.org/discuss/split.php?uri=PERMALINK&amp;title=TITLE','webride.png','0'),(80,'Wikio','http://www.wikio.com/vote?url=PERMALINK','wikio.png','0'),(81,'Wikio FR','http://www.wikio.fr/vote?url=PERMALINK','wikio.png','0'),(82,'Wikio IT','http://www.wikio.it/vote?url=PERMALINK','wikio.png','0'),(83,'Wists','http://wists.com/s.php?c=&amp;r=PERMALINK&amp;title=TITLE','wists.png','0'),(84,'Wykop','http://www.wykop.pl/dodaj?url=PERMALINK','wykop.png','0'),(85,'Xerpi','http://www.xerpi.com/block/add_link_from_extension?url=PERMALINK&amp;title=TITLE','xerpi.png','0'),(86,'YahooBuzz','http://buzz.yahoo.com/submit/?submitUrl=PERMALINK&amp;submitHeadline=TITLE&amp;submitSummary=EXCERPT&amp;submitCategory=science&amp;submitAssetType=text','yahoobuzz.png','0'),(87,'Yahoo! Bookmarks','http://bookmarks.yahoo.com/toolbar/savebm?u=PERMALINK&amp;t=TITLE&opener=bm&amp;ei=UTF-8&amp;d=EXCERPT','yahoomyweb.png','0'),(88,'Yigg','http://yigg.de/neu?exturl=PERMALINK&amp;exttitle=TITLE','yiggit.png','0'),(89,'Blogplay','http://blogplay.com','blogplay.png','0');

--
-- Table structure for table `idx_pl_twitter_account`
--

CREATE TABLE `idx_pl_twitter_account` (
  `ck` varchar(255) character set utf8 default NULL,
  `cs` varchar(255) character set utf8 default NULL,
  `at` varchar(255) character set utf8 default NULL,
  `ats` varchar(255) character set utf8 default NULL
) ENGINE=MyISAM DEFAULT CHARSET=latin1;

--
-- Dumping data for table `idx_pl_twitter_account`
--

INSERT INTO `idx_pl_twitter_account` VALUES ('wb7t9pxxuVQXKwRuOmu4Ag','fbKgRKV2ymQb8npfBEGXLSgGZXeS0g4BRjHOHDVnE','https://api.twitter.com/oauth/authorize','https://api.twitter.com/oauth/access_token');

--
-- Table structure for table `idx_plugin`
--

CREATE TABLE `idx_plugin` (
  `plugin_id` int(11) NOT NULL auto_increment,
  `name` varchar(255) default NULL,
  `plugin_file` varchar(255) default NULL,
  `status` enum('0','1') default NULL,
  `option_plugin` text,
  PRIMARY KEY  (`plugin_id`)
) ENGINE=MyISAM AUTO_INCREMENT=3 DEFAULT CHARSET=latin1;

--
-- Dumping data for table `idx_plugin`
--

INSERT INTO `idx_plugin` VALUES (1,'AutoTweet','twitter_auto_tweet/twitter_auto_tweet.php','1',NULL),(2,'Sociable','sociable/sociable.php','1',NULL);

--
-- Table structure for table `idx_review`
--

CREATE TABLE `idx_review` (
  `review_id` mediumint(9) unsigned NOT NULL auto_increment,
  `link_id` mediumint(9) unsigned NOT NULL default '0',
  `review` text NOT NULL,
  `rating` tinyint(3) unsigned NOT NULL default '0',
  `date` date NOT NULL default '0000-00-00',
  `subject` varchar(100) default NULL,
  `status` char(1) default NULL,
  `username` varchar(20) default NULL,
  `name` varchar(20) default NULL,
  `email` varchar(100) default NULL,
  PRIMARY KEY  (`review_id`)
) ENGINE=MyISAM DEFAULT CHARSET=latin1;

--
-- Dumping data for table `idx_review`
--


--
-- Table structure for table `idx_searchlog`
--

CREATE TABLE `idx_searchlog` (
  `keyword` varchar(100) NOT NULL default '',
  `time` datetime NOT NULL default '0000-00-00 00:00:00',
  `result` mediumint(9) unsigned default NULL,
  `ip` varchar(100) default NULL
) ENGINE=MyISAM DEFAULT CHARSET=latin1;

--
-- Dumping data for table `idx_searchlog`
--

INSERT INTO `idx_searchlog` VALUES ('cruisesfromsouthampton.co.uk','2011-10-13 06:45:43',1,'94.173.149.157'),('cruisesfromsouthampton.co.uk','2011-10-17 08:09:58',1,'94.173.149.157'),('www.aseolinkbuildingservices.co.uk','2011-10-23 11:22:26',2,'94.173.149.157'),('seo-optimiert.net','2011-11-04 12:10:31',1,'82.195.232.218'),('digitpet','2011-11-23 02:28:53',1,'203.92.47.195'),('Honeymoon packages','2011-12-02 16:37:19',3,'188.2.172.251'),('www.debtconsolidationloan.me','2011-12-18 15:34:46',1,'108.21.103.109'),('cruisesfromsouthampton.co.uk','2012-01-09 10:52:57',0,'94.173.142.179'),('cruisesfromsouthampton.co.uk','2012-01-09 14:34:08',0,'94.173.142.179'),('cruisesfromsouthampton.co.uk','2012-01-11 07:00:43',0,'94.173.142.179');

--
-- Table structure for table `idx_set_hook_place`
--

CREATE TABLE `idx_set_hook_place` (
  `set_hook_place_id` int(11) NOT NULL auto_increment,
  `plugin` varchar(255) default NULL,
  `set_hook_place` text,
  PRIMARY KEY  (`set_hook_place_id`)
) ENGINE=MyISAM DEFAULT CHARSET=latin1;

--
-- Dumping data for table `idx_set_hook_place`
--


--
-- Table structure for table `idx_setting`
--

CREATE TABLE `idx_setting` (
  `setting_id` int(11) NOT NULL auto_increment,
  `setting_name` varchar(255) default NULL,
  `setting_value` text,
  PRIMARY KEY  (`setting_id`)
) ENGINE=MyISAM AUTO_INCREMENT=55 DEFAULT CHARSET=latin1;

--
-- Dumping data for table `idx_setting`
--

INSERT INTO `idx_setting` VALUES (4,'site_name','populardiary.com'),(5,'site_url','http://populardiary.com'),(6,'email_address','amya.micallef@gmail.com'),(7,'language_code','en_US'),(8,'theme_path','/home/populard/public_html/themes/'),(9,'admin_template_path','/home/populard/public_html/admin_tpl/'),(10,'plugin_path','/home/populard/public_html/plugin/'),(12,'active_theme','populardiary'),(14,'spam_proof','1'),(15,'enable_user_validation','1'),(16,'allowed_file_extension','gif,jpg,png,pdf,zip,doc'),(17,'yahoo_appid',''),(18,'whosonline','600'),(19,'reciprocal_check','0'),(20,'urlcheck_limit','1'),(21,'pagerank_cache','30'),(22,'max_image_width','1024'),(23,'max_image_height','756'),(24,'max_file_size','500'),(25,'only_registered_can_add_link','0'),(26,'only_registered_can_add_review','0'),(27,'db_use_persistent','0'),(28,'paid_link_day_period','30,60,90,180'),(29,'paid_link_price_factor','1,1.5,2,3'),(30,'enable_html_tag','1'),(31,'allowed_html_tag','<b>,<strong>,<i>,<em>,<u>,<pre>,<blockquote>,<ol>,<ul>,<li>,<p>,<span>,<div>,<table>,<tr>,<td>'),(32,'enable_page_compression','0'),(33,'enable_category_ajax','1'),(34,'require_visit_category','0'),(35,'additional_category_price','0.5'),(36,'enable_rating_ajax','1'),(37,'service_nicecoder_avail','1'),(38,'enable_recaptcha','0'),(39,'recaptcha_publickey',''),(40,'recaptcha_privatekey',''),(41,'enable_bidding','0'),(42,'minimum_bid','5'),(43,'bid_increament','1'),(44,'charset','utf-8'),(45,'mailer','mail'),(46,'smtp_auth','0'),(47,'smtp_host',''),(48,'smtp_username',''),(49,'smtp_password',''),(50,'smtp_port','25'),(51,'emailbody_as_html','0'),(52,'indexu_version','2.4'),(53,'tos',''),(54,'submission_guidelines','');

--
-- Table structure for table `idx_tags`
--

CREATE TABLE `idx_tags` (
  `tag` varchar(64) NOT NULL default '',
  `category_id` mediumint(8) unsigned NOT NULL default '0',
  `total` int(11) NOT NULL default '0',
  `tag_path` varchar(64) NOT NULL,
  PRIMARY KEY  (`tag`,`category_id`)
) ENGINE=MyISAM DEFAULT CHARSET=latin1;

--
-- Dumping data for table `idx_tags`
--


--
-- Table structure for table `idx_unavailable`
--

CREATE TABLE `idx_unavailable` (
  `idx_unavailable` int(11) NOT NULL auto_increment,
  `link_id` int(11) default NULL,
  `url` varchar(255) default NULL,
  `who_is` varchar(255) default NULL,
  `note` text,
  `date` datetime default NULL,
  PRIMARY KEY  (`idx_unavailable`)
) ENGINE=MyISAM DEFAULT CHARSET=latin1;

--
-- Dumping data for table `idx_unavailable`
--


--
-- Table structure for table `idx_unavailable_latest`
--

CREATE TABLE `idx_unavailable_latest` (
  `idx_link` int(11) default NULL,
  `record_execution` int(11) default NULL
) ENGINE=MyISAM DEFAULT CHARSET=latin1;

--
-- Dumping data for table `idx_unavailable_latest`
--


--
-- Table structure for table `idx_votes`
--

CREATE TABLE `idx_votes` (
  `link_id` mediumint(9) NOT NULL default '0',
  `ip` varchar(100) default NULL,
  `value` tinyint(4) default NULL
) ENGINE=MyISAM DEFAULT CHARSET=latin1;

--
-- Dumping data for table `idx_votes`
--

INSERT INTO `idx_votes` VALUES (952,'188.2.172.251',5);


