--
-- Host: prontowebdir.com    Database: prontowe_indexu
-- ------------------------------------------------------


--
-- Not dumping tablespaces as no INFORMATION_SCHEMA.FILES table on this server
--

--
-- Table structure for table `idx_admin_menu`
--

CREATE TABLE `idx_admin_menu` (
  `menu_id` int(11) NOT NULL auto_increment,
  `parent_id` int(11) default NULL,
  `menu_title` varchar(255) default NULL,
  `menu_url` varchar(255) default NULL,
  `order_number` int(11) default NULL,
  PRIMARY KEY  (`menu_id`)
) ENGINE=MyISAM AUTO_INCREMENT=85 DEFAULT CHARSET=latin1;

--
-- Dumping data for table `idx_admin_menu`
--



--
-- Table structure for table `idx_bad_link`
--

CREATE TABLE `idx_bad_link` (
  `bad_link_id` mediumint(9) unsigned NOT NULL auto_increment,
  `link_id` mediumint(9) unsigned NOT NULL default '0',
  `name` varchar(50) NOT NULL default '',
  `email` varchar(50) NOT NULL default '',
  `type` tinyint(3) unsigned NOT NULL default '0',
  `date` date NOT NULL default '0000-00-00',
  PRIMARY KEY  (`bad_link_id`)
) ENGINE=MyISAM DEFAULT CHARSET=latin1;

--
-- Dumping data for table `idx_bad_link`
--


--
-- Table structure for table `idx_badwords`
--

CREATE TABLE `idx_badwords` (
  `word` varchar(100) NOT NULL default ''
) ENGINE=MyISAM DEFAULT CHARSET=latin1;

--
-- Dumping data for table `idx_badwords`
--


--
-- Table structure for table `idx_blocked_domain`
--

CREATE TABLE `idx_blocked_domain` (
  `blocked_id` int(11) NOT NULL auto_increment,
  `blocked` varchar(255) default NULL,
  `type` enum('domain','ip') default NULL,
  PRIMARY KEY  (`blocked_id`)
) ENGINE=MyISAM AUTO_INCREMENT=6 DEFAULT CHARSET=latin1;

--
-- Dumping data for table `idx_blocked_domain`
--

INSERT INTO `idx_blocked_domain` VALUES (1,'buydomains.com','domain'),(2,'this-domain-for-sale.com ','domain'),(3,'oversee.net','domain'),(4,'eNom','domain'),(5,'sedoparking.com','domain');

--
-- Table structure for table `idx_category`
--

CREATE TABLE `idx_category` (
  `category_id` mediumint(9) unsigned NOT NULL auto_increment,
  `parent_id` mediumint(9) unsigned NOT NULL default '0',
  `name` varchar(100) NOT NULL default '',
  `description` text NOT NULL,
  `image` varchar(100) default NULL,
  `content` text,
  `visible` char(1) default NULL,
  `links` mediumint(9) default NULL,
  `meta_keyword` text,
  `meta_description` text,
  `permission` char(2) default NULL,
  `registered_only` char(1) default NULL,
  `header` text NOT NULL,
  `footer` text NOT NULL,
  `related` mediumint(6) NOT NULL default '0',
  `page_title` varchar(200) NOT NULL default '',
  `hits` int(11) NOT NULL default '0',
  `order_num` smallint(6) NOT NULL default '0',
  `basic_price` double unsigned NOT NULL default '0',
  `premium_price` double unsigned NOT NULL default '0',
  `sponsored_price` double unsigned NOT NULL default '0',
  PRIMARY KEY  (`category_id`)
) ENGINE=MyISAM AUTO_INCREMENT=36 DEFAULT CHARSET=latin1;

--
-- Dumping data for table `idx_category`
--

INSERT INTO `idx_category` VALUES (1,0,'Arts & Music','','folder.gif','','1',5,'','','1','0','','',0,'',1,0,0,0,0),(2,0,'Auto Industry','','folder.gif','','1',7,'','','1','0','','',0,'',2,0,0,0,0),(3,0,'Economy & Business','','folder.gif','','1',30,'','','1','0','','',0,'',0,0,0,0,0),(4,0,'Careers & Job Search','','folder.gif','','1',1,'','','1','0','','',0,'',0,0,0,0,0),(5,0,'Clothing Accessories','','folder.gif','','1',2,'','','1','0','','',0,'',1,0,0,0,0),(6,0,'Communications Services','','folder.gif','','1',4,'','','1','0','','',0,'',0,0,0,0,0),(7,0,'Computer Services','','folder.gif','','1',5,'','','1','0','','',0,'',0,0,0,0,0),(8,0,'Building & Construction','','folder.gif','','1',0,'','','1','0','','',0,'',1,0,0,0,0),(9,0,'Dental','','folder.gif','','1',0,'','','1','0','','',0,'',0,0,0,0,0),(10,0,'Educational Resources','','folder.gif','','1',3,'','','1','0','','',0,'',0,0,0,0,0),(11,0,'Employment & Recruitment Services','','folder.gif','','1',0,'','','1','0','','',0,'',0,0,0,0,0),(12,0,'Gifts & Flowers','','folder.gif','','1',2,'','','1','0','','',0,'',0,0,0,0,0),(13,0,'Hardware & Software Resources','','folder.gif','','1',1,'','','1','0','','',0,'',0,0,0,0,0),(14,0,'Medical & Health','','folder.gif','','1',0,'','','1','0','','',0,'',0,0,0,0,0),(15,0,'Healthcare Management ','','folder.gif','','1',34,'','','1','0','','',0,'',0,0,0,0,0),(16,0,'Heating and Air Conditioning Contractors','','folder.gif','','1',10,'','','1','0','','',0,'',0,0,0,0,0),(17,0,'Home & Garden Maintenance','','folder.gif','','1',10,'','','1','0','','',0,'',0,0,0,0,0),(18,0,'Home Improvement & Decor','','folder.gif','','1',207,'','','1','0','','',0,'',0,0,0,0,0),(19,0,'Hotels & Accomadation','','folder.gif','','1',2,'','','1','0','','',0,'',0,0,0,0,0),(20,0,'Insurance Companies','','folder.gif','','1',14,'','','1','0','','',0,'',3,0,0,0,0),(21,0,'Law & Politics','','folder.gif','','1',0,'','','1','0','','',0,'',0,0,0,0,0),(22,0,'Lawyers','','folder.gif','','1',45,'','','1','0','','',0,'',0,0,0,0,0),(23,0,'Lifestyle & Relationships','','folder.gif','','1',1,'','','1','0','','',0,'',0,0,0,0,0),(24,0,'Medicine','','folder.gif','','1',2,'','','1','0','','',0,'',0,0,0,0,0),(25,0,'Money & Finance','','folder.gif','','1',2,'','','1','0','','',0,'',0,0,0,0,0),(26,0,'News & Issues','','folder.gif','','1',0,'','','1','0','','',0,'',0,0,0,0,0),(27,0,'Plumbing','','folder.gif','','1',5,'','','1','0','','',0,'',0,0,0,0,0),(28,0,'Real Estate','','folder.gif','','1',5,'','','1','0','','',0,'',0,0,0,0,0),(29,0,'Science & Technology','','folder.gif','','1',0,'','','1','0','','',0,'',0,0,0,0,0),(30,0,'SEO & SMO','','folder.gif','','1',13,'','','1','0','','',0,'',0,0,0,0,0),(31,0,'Shopping and Retail','','folder.gif','','1',13,'','','1','0','','',0,'',0,0,0,0,0),(32,0,'Recreation & Sports','','folder.gif','','1',0,'','','1','0','','',0,'',0,0,0,0,0),(33,0,'Transport & Moving Services ','','folder.gif','','1',8,'','','1','0','','',0,'',0,0,0,0,0),(34,0,'Travel Industry','','folder.gif','','1',4,'','','1','0','','',0,'',0,0,0,0,0),(35,0,'Wedding & Events','','folder.gif','','1',3,'','','1','0','','',0,'',0,0,0,0,0);

--
-- Table structure for table `idx_category_path`
--

CREATE TABLE `idx_category_path` (
  `category_id` mediumint(9) NOT NULL default '0',
  `path` text,
  `path_with_url` text,
  `parents` text,
  PRIMARY KEY  (`category_id`)
) ENGINE=MyISAM DEFAULT CHARSET=latin1;

--
-- Dumping data for table `idx_category_path`
--

INSERT INTO `idx_category_path` VALUES (1,'Arts & Music','<a href=\"http://prontowebdir.com/arts-music/\" name=\"cat_1\" style=\"\">Arts & Music</a>',';0;'),(2,'Auto Industry','<a href=\"http://prontowebdir.com/auto-industry/\" name=\"cat_2\" style=\"\">Auto Industry</a>',';0;'),(3,'Economy & Business','<a href=\"http://prontowebdir.com/economy-business/\" name=\"cat_3\" style=\"\">Economy & Business</a>',';0;'),(4,'Careers & Job Search','<a href=\"http://prontowebdir.com/careers-job-search/\" name=\"cat_4\" style=\"\">Careers & Job Search</a>',';0;'),(5,'Clothing Accessories','<a href=\"http://prontowebdir.com/clothing-accessories/\" name=\"cat_5\" style=\"\">Clothing Accessories</a>',';0;'),(6,'Communications Services','<a href=\"http://prontowebdir.com/communications-services/\" name=\"cat_6\" style=\"\">Communications Services</a>',';0;'),(7,'Computer Services','<a href=\"http://prontowebdir.com/computer-services/\" name=\"cat_7\" style=\"\">Computer Services</a>',';0;'),(8,'Building & Construction','<a href=\"http://prontowebdir.com/building-construction/\" name=\"cat_8\" style=\"\">Building & Construction</a>',';0;'),(9,'Dental','<a href=\"http://prontowebdir.com/dental/\" name=\"cat_9\" style=\"\">Dental</a>',';0;'),(10,'Educational Resources','<a href=\"http://prontowebdir.com/educational-resources/\" name=\"cat_10\" style=\"\">Educational Resources</a>',';0;'),(11,'Employment & Recruitment Services','<a href=\"http://prontowebdir.com/employment-recruitment-services/\" name=\"cat_11\" style=\"\">Employment & Recruitment Services</a>',';0;'),(12,'Gifts & Flowers','<a href=\"http://prontowebdir.com/gifts-flowers/\" name=\"cat_12\" style=\"\">Gifts & Flowers</a>',';0;'),(13,'Hardware & Software Resources','<a href=\"http://prontowebdir.com/hardware-software-resources/\" name=\"cat_13\" style=\"\">Hardware & Software Resources</a>',';0;'),(14,'Medical & Health','<a href=\"http://prontowebdir.com/medical-health/\" name=\"cat_14\" style=\"\">Medical & Health</a>',';0;'),(15,'Healthcare Management ','<a href=\"http://prontowebdir.com/healthcare-management/\" name=\"cat_15\" style=\"\">Healthcare Management </a>',';0;'),(16,'Heating and Air Conditioning Contractors','<a href=\"http://prontowebdir.com/heating-and-air-conditioning-contractors/\" name=\"cat_16\" style=\"\">Heating and Air Conditioning Contractors</a>',';0;'),(17,'Home & Garden Maintenance','<a href=\"http://prontowebdir.com/home-garden-maintenance/\" name=\"cat_17\" style=\"\">Home & Garden Maintenance</a>',';0;'),(18,'Home Improvement & Decor','<a href=\"http://prontowebdir.com/home-improvement-decor/\" name=\"cat_18\" style=\"\">Home Improvement & Decor</a>',';0;'),(19,'Hotels & Accomadation','<a href=\"http://prontowebdir.com/hotels-accomadation/\" name=\"cat_19\" style=\"\">Hotels & Accomadation</a>',';0;'),(20,'Insurance Companies','<a href=\"http://prontowebdir.com/insurance-companies/\" name=\"cat_20\" style=\"\">Insurance Companies</a>',';0;'),(21,'Law & Politics','<a href=\"http://prontowebdir.com/law-politics/\" name=\"cat_21\" style=\"\">Law & Politics</a>',';0;'),(22,'Lawyers','<a href=\"http://prontowebdir.com/lawyers/\" name=\"cat_22\" style=\"\">Lawyers</a>',';0;'),(23,'Lifestyle & Relationships','<a href=\"http://prontowebdir.com/lifestyle-relationships/\" name=\"cat_23\" style=\"\">Lifestyle & Relationships</a>',';0;'),(24,'Medicine','<a href=\"http://prontowebdir.com/medicine/\" name=\"cat_24\" style=\"\">Medicine</a>',';0;'),(25,'Money & Finance','<a href=\"http://prontowebdir.com/money-finance/\" name=\"cat_25\" style=\"\">Money & Finance</a>',';0;'),(26,'News & Issues','<a href=\"http://prontowebdir.com/news-issues/\" name=\"cat_26\" style=\"\">News & Issues</a>',';0;'),(27,'Plumbing','<a href=\"http://prontowebdir.com/plumbing/\" name=\"cat_27\" style=\"\">Plumbing</a>',';0;'),(28,'Real Estate','<a href=\"http://prontowebdir.com/real-estate/\" name=\"cat_28\" style=\"\">Real Estate</a>',';0;'),(29,'Science & Technology','<a href=\"http://prontowebdir.com/science-technology/\" name=\"cat_29\" style=\"\">Science & Technology</a>',';0;'),(30,'SEO & SMO','<a href=\"http://prontowebdir.com/seo-smo/\" name=\"cat_30\" style=\"\">SEO & SMO</a>',';0;'),(31,'Shopping and Retail','<a href=\"http://prontowebdir.com/shopping-and-retail/\" name=\"cat_31\" style=\"\">Shopping and Retail</a>',';0;'),(32,'Recreation & Sports','<a href=\"http://prontowebdir.com/recreation-sports/\" name=\"cat_32\" style=\"\">Recreation & Sports</a>',';0;'),(33,'Transport & Moving Services ','<a href=\"http://prontowebdir.com/transport-moving-services/\" name=\"cat_33\" style=\"\">Transport & Moving Services </a>',';0;'),(34,'Travel Industry','<a href=\"http://prontowebdir.com/travel-industry/\" name=\"cat_34\" style=\"\">Travel Industry</a>',';0;'),(35,'Wedding & Events','<a href=\"http://prontowebdir.com/wedding-events/\" name=\"cat_35\" style=\"\">Wedding & Events</a>',';0;');

--
-- Table structure for table `idx_category_suggession`
--

CREATE TABLE `idx_category_suggession` (
  `id_cat_suggession` int(11) NOT NULL auto_increment,
  `parent_id` int(11) default NULL,
  `name` varchar(255) default NULL,
  `category_description` text,
  `date` datetime default NULL,
  PRIMARY KEY  (`id_cat_suggession`)
) ENGINE=MyISAM DEFAULT CHARSET=latin1;

--
-- Dumping data for table `idx_category_suggession`
--


--
-- Table structure for table `idx_checkurl`
--

CREATE TABLE `idx_checkurl` (
  `link_id` mediumint(9) NOT NULL default '0',
  `date` date NOT NULL default '0000-00-00',
  `live` char(1) NOT NULL default '',
  `reciprocal_found` char(1) NOT NULL default '',
  PRIMARY KEY  (`link_id`)
) ENGINE=MyISAM DEFAULT CHARSET=latin1;

--
-- Dumping data for table `idx_checkurl`
--


--
-- Table structure for table `idx_cronjobs`
--

CREATE TABLE `idx_cronjobs` (
  `cronjobs_id` int(11) NOT NULL auto_increment,
  `cronjobs_name` varchar(255) default NULL,
  `filename` varchar(255) NOT NULL,
  `schedule` varchar(255) NOT NULL,
  `time` datetime NOT NULL,
  `execution` varchar(1) NOT NULL,
  PRIMARY KEY  (`cronjobs_id`)
) ENGINE=MyISAM AUTO_INCREMENT=4 DEFAULT CHARSET=latin1;

--
-- Dumping data for table `idx_cronjobs`
--

INSERT INTO `idx_cronjobs` VALUES (1,NULL,'clear_templates_c.php','1,*,*,*,*','0000-00-00 00:00:00',''),(2,NULL,'update_tag_cloud.php','*,24,*,*,*','0000-00-00 00:00:00',''),(3,NULL,'clear_rss_cache.php','*,24,*,*,*','0000-00-00 00:00:00','');

--
-- Table structure for table `idx_custom_field`
--

CREATE TABLE `idx_custom_field` (
  `field_name` varchar(32) NOT NULL default '',
  `field_text` varchar(64) NOT NULL default '',
  `field_type` enum('TEXT','TEXTAREA','SELECT','MULTISELECT','CHECKBOX','RADIO','FILE','IMAGE','DATE','DATETIME','RICHEDITOR') NOT NULL default 'TEXT',
  `field_option` text NOT NULL,
  `field_img_width` int(10) unsigned NOT NULL default '0',
  `field_img_height` int(10) unsigned NOT NULL default '0',
  `field_file_size` int(10) unsigned NOT NULL default '0',
  `field_file_extension` varchar(64) NOT NULL default '',
  `required` char(1) NOT NULL default '0',
  `searchable` char(1) NOT NULL default '1',
  `permission` char(1) NOT NULL default '0'
) ENGINE=MyISAM DEFAULT CHARSET=latin1;

--
-- Dumping data for table `idx_custom_field`
--

INSERT INTO `idx_custom_field` VALUES ('image','Image','IMAGE','',0,0,0,'','0','0','2'),('address','Address','TEXT','',0,0,0,'','0','0','0'),('city','City','TEXT','',0,0,0,'','0','0','0'),('state','State','TEXT','',0,0,0,'','0','0','0'),('country','Country','TEXT','',0,0,0,'','0','0','0'),('zip','Zip','TEXT','',0,0,0,'','0','0','0'),('phone','Phone','TEXT','',0,0,0,'','0','0','0'),('fax','Fax','TEXT','',0,0,0,'','0','0','0');

--
-- Table structure for table `idx_default_field`
--

CREATE TABLE `idx_default_field` (
  `field_name` varchar(64) NOT NULL,
  `required` char(1) NOT NULL,
  `visible` char(1) NOT NULL default '1',
  `searchable` char(1) NOT NULL default '1'
) ENGINE=MyISAM DEFAULT CHARSET=latin1;

--
-- Dumping data for table `idx_default_field`
--

INSERT INTO `idx_default_field` VALUES ('title','1','1','1'),('url','1','1','1'),('description','1','1','1'),('keywords','1','1','0'),('contact_name','1','1','1'),('email','1','1','1'),('reciprocal_url','0','0','1');

--
-- Table structure for table `idx_discount_coupon`
--

CREATE TABLE `idx_discount_coupon` (
  `coupon_id` int(11) NOT NULL auto_increment,
  `coupon_code` varchar(255) default NULL,
  `coupon_value` varchar(50) default NULL,
  `link_type` varchar(255) default NULL,
  `start_date` date default NULL,
  `expired_date` date default NULL,
  `expired_usage` int(11) default NULL,
  `usage_count` int(11) default NULL,
  PRIMARY KEY  (`coupon_id`)
) ENGINE=MyISAM DEFAULT CHARSET=latin1;

--
-- Dumping data for table `idx_discount_coupon`
--


--
-- Table structure for table `idx_editor`
--

CREATE TABLE `idx_editor` (
  `username` varchar(20) default NULL,
  `category_id` mediumint(9) default NULL,
  `category` char(1) default NULL,
  `link` char(1) default NULL,
  `review` char(1) default NULL,
  `pick` char(1) default NULL,
  `status` char(1) default NULL,
  `date` date default NULL
) ENGINE=MyISAM DEFAULT CHARSET=latin1;

--
-- Dumping data for table `idx_editor`
--


--
-- Table structure for table `idx_email_template`
--

CREATE TABLE `idx_email_template` (
  `email_template_id` int(10) unsigned NOT NULL auto_increment,
  `name` varchar(255) default NULL,
  `subject` varchar(255) default NULL,
  `body` text,
  `altbody` text,
  PRIMARY KEY  (`email_template_id`)
) ENGINE=MyISAM AUTO_INCREMENT=37 DEFAULT CHARSET=latin1;

--
-- Dumping data for table `idx_email_template`
--



--
-- Table structure for table `idx_favorites`
--

CREATE TABLE `idx_favorites` (
  `favorite_id` int(11) NOT NULL auto_increment,
  `username` varchar(20) default NULL,
  `date` date default NULL,
  `title` varchar(100) default NULL,
  `description` text,
  PRIMARY KEY  (`favorite_id`)
) ENGINE=MyISAM DEFAULT CHARSET=latin1;

--
-- Dumping data for table `idx_favorites`
--


--
-- Table structure for table `idx_favorites_detail`
--

CREATE TABLE `idx_favorites_detail` (
  `favorite_id` int(11) default NULL,
  `link_id` mediumint(9) default NULL
) ENGINE=MyISAM DEFAULT CHARSET=latin1;

--
-- Dumping data for table `idx_favorites_detail`
--


--
-- Table structure for table `idx_hook_place`
--

CREATE TABLE `idx_hook_place` (
  `hook_place_id` int(11) NOT NULL auto_increment,
  `filename` varchar(255) default NULL,
  `hookname` varchar(255) default NULL,
  PRIMARY KEY  (`hook_place_id`)
) ENGINE=MyISAM DEFAULT CHARSET=latin1;

--
-- Dumping data for table `idx_hook_place`
--


--
-- Table structure for table `idx_invoice`
--

CREATE TABLE `idx_invoice` (
  `invoice_id` varchar(10) NOT NULL default '',
  `invoice_date` date default NULL,
  `due_date` date default NULL,
  `invoiced_to` text,
  `service` varchar(255) default NULL,
  `description` text,
  `total` double(8,2) default NULL,
  `comment` text,
  `paid` char(1) default NULL,
  `paid_date` date default NULL,
  `email` varchar(255) default NULL,
  PRIMARY KEY  (`invoice_id`)
) ENGINE=MyISAM DEFAULT CHARSET=latin1;

--
-- Dumping data for table `idx_invoice`
--


--
-- Table structure for table `idx_invoice_config`
--

CREATE TABLE `idx_invoice_config` (
  `company` varchar(255) default NULL,
  `contact` varchar(255) default NULL,
  `address` text,
  `phone` varchar(255) default NULL,
  `email` varchar(255) default NULL,
  `currency_symbol` varchar(255) default '$',
  `currency_code` varchar(255) default 'USD'
) ENGINE=MyISAM DEFAULT CHARSET=latin1;

--
-- Dumping data for table `idx_invoice_config`
--

INSERT INTO `idx_invoice_config` VALUES ('Your website / Company','Billing Department','Your address','Your phone #','Billing<name@yourdomain.com>','$','USD');

--
-- Table structure for table `idx_link_temp`
--

CREATE TABLE `idx_link_temp` (
  `vid` mediumint(9) unsigned NOT NULL auto_increment,
  `spam` char(1) NOT NULL default '0',
  `link_id` mediumint(9) default NULL,
  `category_id` mediumint(9) unsigned NOT NULL default '0',
  `title` varchar(100) NOT NULL default '',
  `url` text NOT NULL,
  `description` text NOT NULL,
  `contact_name` varchar(100) NOT NULL default '',
  `email` varchar(100) NOT NULL default '',
  `hits` mediumint(9) default NULL,
  `votes` smallint(6) default NULL,
  `rating` float(4,2) default NULL,
  `date` datetime NOT NULL default '0000-00-00 00:00:00',
  `bid` smallint(6) NOT NULL default '0',
  `new` char(1) default NULL,
  `hot` char(1) default NULL,
  `top_rated` char(1) default NULL,
  `pick` char(1) default NULL,
  `password` varchar(20) default NULL,
  `updated` char(1) default NULL,
  `reviews` smallint(6) default NULL,
  `avg_review` float(4,2) default NULL,
  `last_updated` datetime default NULL,
  `official_review` text,
  `keywords` varchar(255) default NULL,
  `cat1` mediumint(6) NOT NULL default '0',
  `cat2` mediumint(6) NOT NULL default '0',
  `suspended` char(1) NOT NULL default '0',
  `reciprocal_url` varchar(255) default NULL,
  `address` varchar(255) default NULL,
  `city` varchar(255) default NULL,
  `state` varchar(255) default NULL,
  `country` varchar(255) default NULL,
  `zip` varchar(255) default NULL,
  `image` varchar(255) default NULL,
  `phone` varchar(255) default NULL,
  `fax` varchar(255) default NULL,
  PRIMARY KEY  (`vid`)
) ENGINE=MyISAM DEFAULT CHARSET=latin1;

--
-- Dumping data for table `idx_link_temp`
--


--
-- Table structure for table `idx_link_temp_user`
--

CREATE TABLE `idx_link_temp_user` (
  `vid` mediumint(9) unsigned NOT NULL default '0',
  `username` varchar(20) NOT NULL default '',
  PRIMARY KEY  (`vid`)
) ENGINE=MyISAM DEFAULT CHARSET=latin1;

--
-- Dumping data for table `idx_link_temp_user`
--


--
-- Table structure for table `idx_link_user`
--

CREATE TABLE `idx_link_user` (
  `link_id` mediumint(9) unsigned NOT NULL default '0',
  `username` varchar(20) NOT NULL default '',
  PRIMARY KEY  (`link_id`)
) ENGINE=MyISAM DEFAULT CHARSET=latin1;

--
-- Dumping data for table `idx_link_user`
--


--
-- Table structure for table `idx_mailing_list`
--

CREATE TABLE `idx_mailing_list` (
  `email` varchar(50) NOT NULL default '',
  `code` varchar(4) default NULL,
  `status` char(1) default NULL,
  PRIMARY KEY  (`email`)
) ENGINE=MyISAM DEFAULT CHARSET=latin1;

--
-- Dumping data for table `idx_mailing_list`
--


--
-- Table structure for table `idx_message`
--

CREATE TABLE `idx_message` (
  `message_id` smallint(6) NOT NULL auto_increment,
  `date` date default NULL,
  `body` text,
  `subject` varchar(100) default NULL,
  PRIMARY KEY  (`message_id`)
) ENGINE=MyISAM DEFAULT CHARSET=latin1;

--
-- Dumping data for table `idx_message`
--


--
-- Table structure for table `idx_notification`
--

CREATE TABLE `idx_notification` (
  `username` varchar(20) NOT NULL default '',
  `category_id` mediumint(9) NOT NULL default '0'
) ENGINE=MyISAM DEFAULT CHARSET=latin1;

--
-- Dumping data for table `idx_notification`
--


--
-- Table structure for table `idx_pagerank`
--

CREATE TABLE `idx_pagerank` (
  `link_id` mediumint(8) unsigned NOT NULL default '0',
  `engine` char(1) NOT NULL default '',
  `rank` tinyint(4) NOT NULL default '0',
  `last_update` date NOT NULL default '0000-00-00',
  PRIMARY KEY  (`link_id`,`engine`)
) ENGINE=MyISAM DEFAULT CHARSET=latin1;

--
-- Dumping data for table `idx_pagerank`
--

INSERT INTO `idx_pagerank` VALUES (44,'g',0,'2012-02-27'),(536,'g',0,'2011-12-22'),(372,'g',0,'2011-12-22'),(264,'g',0,'2011-12-22'),(592,'g',0,'2011-12-22'),(208,'g',0,'2011-12-22'),(100,'g',0,'2011-12-22'),(428,'g',0,'2011-12-22'),(151,'g',0,'2011-12-22'),(149,'g',0,'2011-12-22'),(153,'g',0,'2011-12-22'),(144,'g',0,'2011-12-22'),(121,'g',0,'2011-12-22'),(921,'g',0,'2011-12-23'),(593,'g',0,'2011-12-23'),(101,'g',0,'2011-12-23'),(265,'g',0,'2011-12-23'),(757,'g',0,'2011-12-23'),(429,'g',0,'2011-12-23'),(59,'g',0,'2011-12-24'),(97,'g',0,'2011-12-24'),(46,'g',0,'2011-12-24'),(138,'g',0,'2011-12-24'),(136,'g',0,'2011-12-24'),(163,'g',0,'2011-12-24'),(223,'g',0,'2011-12-24'),(261,'g',0,'2011-12-24'),(118,'g',0,'2011-12-24'),(142,'g',0,'2011-12-24'),(162,'g',0,'2011-12-24'),(210,'g',0,'2011-12-24'),(109,'g',0,'2011-12-24'),(105,'g',0,'2011-12-24'),(269,'g',0,'2011-12-24'),(113,'g',0,'2011-12-24'),(277,'g',0,'2011-12-24'),(106,'g',0,'2012-03-07'),(273,'g',0,'2011-12-24'),(72,'g',0,'2011-12-24'),(236,'g',0,'2011-12-24'),(270,'g',0,'2011-12-24'),(564,'g',0,'2011-12-24'),(892,'g',0,'2011-12-24'),(728,'g',0,'2011-12-24'),(700,'g',0,'2011-12-24'),(756,'g',0,'2011-12-24'),(285,'g',0,'2011-12-24'),(613,'g',0,'2011-12-24'),(449,'g',0,'2011-12-24'),(777,'g',0,'2011-12-24'),(941,'g',0,'2011-12-24'),(488,'g',0,'2011-12-24'),(487,'g',0,'2011-12-24'),(651,'g',0,'2011-12-24'),(323,'g',0,'2011-12-24'),(816,'g',0,'2011-12-24'),(159,'g',0,'2011-12-24'),(324,'g',0,'2011-12-24'),(160,'g',0,'2011-12-24'),(652,'g',0,'2011-12-24'),(815,'g',0,'2011-12-24'),(985,'g',0,'2011-12-25'),(115,'g',0,'2012-02-17'),(123,'g',0,'2012-02-11'),(145,'g',0,'2011-12-27'),(400,'g',0,'2011-12-27'),(135,'g',0,'2011-12-27'),(146,'g',0,'2011-12-27'),(591,'g',0,'2011-12-27'),(612,'g',0,'2011-12-27'),(625,'g',0,'2011-12-27'),(648,'g',0,'2011-12-27'),(618,'g',0,'2011-12-27'),(611,'g',0,'2011-12-27'),(606,'g',0,'2011-12-27'),(602,'g',0,'2011-12-27'),(633,'g',0,'2011-12-27'),(148,'g',0,'2011-12-27'),(139,'g',0,'2011-12-27'),(619,'g',0,'2011-12-27'),(119,'g',0,'2011-12-27'),(222,'g',0,'2011-12-27'),(254,'g',0,'2011-12-27'),(407,'g',0,'2011-12-27'),(604,'g',0,'2011-12-27'),(341,'g',0,'2011-12-27'),(617,'g',0,'2011-12-27'),(194,'g',0,'2011-12-27'),(247,'g',0,'2011-12-27'),(23,'g',0,'2011-12-27'),(521,'g',0,'2011-12-27'),(710,'g',0,'2011-12-27'),(421,'g',0,'2011-12-27'),(454,'g',0,'2011-12-27'),(609,'g',0,'2011-12-27'),(484,'g',0,'2011-12-27'),(404,'g',0,'2011-12-27'),(244,'g',0,'2012-02-17'),(195,'g',0,'2011-12-27'),(340,'g',0,'2011-12-27'),(134,'g',0,'2012-02-28'),(537,'g',0,'2011-12-27'),(707,'g',0,'2011-12-27'),(582,'g',0,'2011-12-27'),(9,'g',0,'2011-12-27'),(2,'g',0,'2011-12-27'),(577,'g',0,'2011-12-27'),(402,'g',0,'2011-12-27'),(581,'g',0,'2011-12-27'),(423,'g',0,'2012-02-28'),(126,'g',0,'2011-12-27'),(686,'g',0,'2011-12-27'),(506,'g',0,'2011-12-27'),(442,'g',0,'2011-12-27'),(152,'g',0,'2012-03-07'),(193,'g',0,'2011-12-27'),(239,'g',0,'2011-12-27'),(623,'g',0,'2011-12-27'),(76,'g',0,'2011-12-27'),(333,'g',0,'2011-12-27'),(510,'g',0,'2011-12-27'),(25,'g',0,'2011-12-27'),(88,'g',0,'2011-12-27'),(117,'g',0,'2011-12-27'),(213,'g',0,'2011-12-27'),(335,'g',0,'2011-12-27'),(458,'g',0,'2011-12-27'),(216,'g',0,'2012-02-27'),(439,'g',0,'2011-12-27'),(235,'g',0,'2011-12-27'),(504,'g',0,'2011-12-27'),(532,'g',0,'2011-12-27'),(227,'g',0,'2011-12-27'),(214,'g',0,'2011-12-27'),(395,'g',0,'2011-12-27'),(403,'g',0,'2011-12-27'),(186,'g',0,'2011-12-27'),(94,'g',0,'2011-12-27'),(687,'g',0,'2011-12-27'),(232,'g',0,'2012-02-13'),(509,'g',0,'2011-12-27'),(336,'g',0,'2011-12-27'),(512,'g',0,'2011-12-27'),(26,'g',0,'2011-12-27'),(188,'g',0,'2011-12-27'),(319,'g',0,'2011-12-27'),(245,'g',0,'2011-12-27'),(678,'g',0,'2011-12-27'),(75,'g',0,'2011-12-27'),(308,'g',0,'2011-12-27'),(99,'g',0,'2011-12-28'),(278,'g',0,'2011-12-28'),(89,'g',0,'2011-12-28'),(30,'g',0,'2011-12-28'),(79,'g',0,'2011-12-28'),(177,'g',0,'2011-12-28'),(133,'g',0,'2011-12-28'),(337,'g',0,'2011-12-28'),(215,'g',0,'2011-12-28'),(461,'g',0,'2011-12-28'),(69,'g',0,'2011-12-28'),(530,'g',0,'2011-12-28'),(414,'g',0,'2011-12-28'),(54,'g',0,'2011-12-28'),(185,'g',0,'2011-12-28'),(350,'g',0,'2011-12-28'),(14,'g',0,'2011-12-28'),(141,'g',0,'2012-03-07'),(45,'g',0,'2011-12-28'),(249,'g',0,'2011-12-28'),(294,'g',0,'2011-12-28'),(329,'g',0,'2011-12-28'),(179,'g',0,'2012-03-04'),(178,'g',0,'2012-02-27'),(636,'g',0,'2011-12-28'),(447,'g',0,'2011-12-28'),(605,'g',0,'2011-12-28'),(433,'g',0,'2011-12-28'),(21,'g',0,'2011-12-28'),(469,'g',0,'2011-12-28'),(547,'g',0,'2011-12-28'),(517,'g',0,'2011-12-28'),(332,'g',0,'2011-12-28'),(263,'g',0,'2011-12-28'),(51,'g',0,'2011-12-28'),(43,'g',0,'2012-02-13'),(181,'g',0,'2011-12-28'),(17,'g',0,'2011-12-28'),(522,'g',0,'2011-12-28'),(441,'g',0,'2011-12-28'),(681,'g',0,'2011-12-28'),(52,'g',0,'2011-12-28'),(11,'g',0,'2011-12-28'),(295,'g',0,'2011-12-28'),(95,'g',0,'2012-02-28'),(392,'g',0,'2011-12-28'),(15,'g',0,'2011-12-28'),(78,'g',0,'2011-12-28'),(576,'g',0,'2011-12-28'),(519,'g',0,'2011-12-28'),(507,'g',0,'2011-12-28'),(82,'g',0,'2011-12-28'),(90,'g',0,'2011-12-28'),(555,'g',0,'2011-12-28'),(81,'g',0,'2011-12-28'),(156,'g',0,'2012-02-28'),(477,'g',0,'2011-12-28'),(559,'g',0,'2011-12-28'),(560,'g',0,'2011-12-28'),(533,'g',0,'2011-12-28'),(127,'g',0,'2011-12-28'),(130,'g',0,'2012-02-17'),(545,'g',0,'2011-12-28'),(259,'g',0,'2011-12-28'),(241,'g',0,'2011-12-28'),(338,'g',0,'2011-12-28'),(575,'g',0,'2011-12-28'),(191,'g',0,'2011-12-28'),(542,'g',0,'2011-12-28'),(495,'g',0,'2011-12-28'),(349,'g',0,'2012-02-27'),(116,'g',0,'2011-12-28'),(20,'g',0,'2011-12-28'),(225,'g',0,'2011-12-28'),(412,'g',0,'2011-12-28'),(183,'g',0,'2012-02-13'),(376,'g',0,'2011-12-28'),(258,'g',0,'2011-12-28'),(502,'g',0,'2011-12-28'),(727,'g',0,'2011-12-28'),(49,'g',0,'2011-12-28'),(371,'g',0,'2011-12-28'),(131,'g',0,'2011-12-28'),(356,'g',0,'2011-12-28'),(654,'g',0,'2011-12-28'),(166,'g',0,'2011-12-28'),(698,'g',0,'2011-12-28'),(226,'g',0,'2011-12-28'),(390,'g',0,'2011-12-28'),(1,'g',0,'2011-12-28'),(165,'g',0,'2011-12-28'),(352,'g',0,'2011-12-28'),(168,'g',0,'2011-12-28'),(93,'g',0,'2011-12-28'),(383,'g',0,'2011-12-28'),(753,'g',0,'2011-12-28'),(709,'g',0,'2011-12-28'),(280,'g',0,'2011-12-28'),(437,'g',0,'2011-12-28'),(621,'g',0,'2011-12-28'),(220,'g',0,'2011-12-28'),(292,'g',0,'2011-12-28'),(480,'g',0,'2011-12-28'),(317,'g',0,'2011-12-28'),(420,'g',0,'2011-12-28'),(205,'g',0,'2011-12-28'),(784,'g',0,'2011-12-28'),(578,'g',0,'2011-12-28'),(19,'g',0,'2011-12-28'),(377,'g',0,'2011-12-28'),(417,'g',0,'2011-12-28'),(535,'g',0,'2011-12-28'),(498,'g',0,'2011-12-28'),(56,'g',0,'2011-12-28'),(180,'g',0,'2011-12-28'),(543,'g',0,'2011-12-28'),(378,'g',0,'2011-12-28'),(725,'g',0,'2011-12-28'),(55,'g',0,'2012-02-16'),(374,'g',0,'2011-12-28'),(38,'g',0,'2011-12-28'),(212,'g',0,'2011-12-28'),(386,'g',0,'2011-12-28'),(500,'g',0,'2011-12-28'),(462,'g',0,'2011-12-28'),(298,'g',0,'2011-12-28'),(231,'g',0,'2012-02-13'),(351,'g',0,'2011-12-28'),(71,'g',0,'2011-12-28'),(603,'g',0,'2011-12-28'),(206,'g',0,'2011-12-28'),(370,'g',0,'2011-12-28'),(711,'g',0,'2011-12-28'),(283,'g',0,'2012-03-07'),(405,'g',0,'2011-12-28'),(22,'g',0,'2011-12-28'),(529,'g',0,'2011-12-28'),(573,'g',0,'2011-12-28'),(734,'g',0,'2011-12-28'),(169,'g',0,'2011-12-28'),(111,'g',0,'2011-12-28'),(608,'g',0,'2011-12-28'),(667,'g',0,'2011-12-28'),(315,'g',0,'2011-12-28'),(393,'g',0,'2011-12-28'),(499,'g',0,'2011-12-28'),(647,'g',0,'2011-12-28'),(434,'g',0,'2011-12-28'),(505,'g',0,'2011-12-28'),(311,'g',0,'2011-12-28'),(256,'g',0,'2011-12-28'),(202,'g',0,'2011-12-28'),(664,'g',0,'2011-12-28'),(413,'g',0,'2011-12-28'),(243,'g',0,'2012-02-16'),(74,'g',0,'2011-12-28'),(680,'g',0,'2011-12-28'),(544,'g',0,'2011-12-28'),(558,'g',0,'2011-12-28'),(694,'g',0,'2011-12-28'),(408,'g',0,'2011-12-28'),(68,'g',0,'2011-12-28'),(120,'g',0,'2012-02-27'),(406,'g',0,'2011-12-28'),(556,'g',0,'2011-12-28'),(3,'g',0,'2011-12-28'),(147,'g',0,'2011-12-28'),(668,'g',0,'2011-12-28'),(128,'g',0,'2011-12-28'),(409,'g',0,'2012-02-17'),(665,'g',0,'2011-12-28'),(494,'g',0,'2011-12-28'),(661,'g',0,'2011-12-28'),(448,'g',0,'2011-12-28'),(112,'g',0,'2012-02-27'),(540,'g',0,'2011-12-28'),(683,'g',0,'2011-12-28'),(396,'g',0,'2011-12-28'),(660,'g',0,'2011-12-28'),(257,'g',0,'2011-12-28'),(525,'g',0,'2011-12-28'),(189,'g',0,'2012-02-27'),(234,'g',0,'2011-12-28'),(379,'g',0,'2011-12-28'),(538,'g',0,'2011-12-28'),(382,'g',0,'2011-12-28'),(699,'g',0,'2011-12-28'),(355,'g',0,'2011-12-28'),(746,'g',0,'2011-12-28'),(513,'g',0,'2011-12-28'),(251,'g',0,'2012-03-07'),(820,'g',0,'2011-12-28'),(733,'g',0,'2011-12-28'),(18,'g',0,'2011-12-28'),(66,'g',0,'2011-12-28'),(628,'g',0,'2011-12-28'),(190,'g',0,'2011-12-28'),(641,'g',0,'2011-12-28'),(689,'g',0,'2011-12-28'),(579,'g',0,'2011-12-28'),(92,'g',0,'2011-12-28'),(561,'g',0,'2011-12-28'),(209,'g',0,'2012-03-07'),(491,'g',0,'2011-12-28'),(164,'g',0,'2011-12-28'),(274,'g',0,'2011-12-28'),(110,'g',0,'2012-03-07'),(65,'g',0,'2011-12-28'),(328,'g',0,'2011-12-28'),(401,'g',0,'2011-12-28'),(293,'g',0,'2011-12-28'),(818,'g',0,'2011-12-28'),(204,'g',0,'2011-12-28'),(723,'g',0,'2011-12-28'),(444,'g',0,'2011-12-28'),(730,'g',0,'2011-12-28'),(726,'g',0,'2011-12-28'),(207,'g',0,'2011-12-28'),(714,'g',0,'2011-12-28'),(129,'g',0,'2011-12-28'),(173,'g',0,'2011-12-28'),(399,'g',0,'2011-12-28'),(58,'g',0,'2011-12-28'),(672,'g',0,'2011-12-28'),(170,'g',0,'2011-12-28'),(492,'g',0,'2011-12-28'),(634,'g',0,'2011-12-28'),(553,'g',0,'2011-12-28'),(658,'g',0,'2011-12-28'),(37,'g',0,'2011-12-28'),(27,'g',0,'2011-12-28'),(219,'g',0,'2011-12-28'),(705,'g',0,'2011-12-28'),(819,'g',0,'2011-12-28'),(397,'g',0,'2011-12-28'),(674,'g',0,'2011-12-28'),(706,'g',0,'2011-12-28'),(357,'g',0,'2011-12-28'),(798,'g',0,'2011-12-28'),(171,'g',0,'2011-12-28'),(85,'g',0,'2011-12-28'),(348,'g',0,'2011-12-28'),(472,'g',0,'2011-12-28'),(475,'g',0,'2011-12-28'),(41,'g',0,'2011-12-28'),(715,'g',0,'2011-12-28'),(794,'g',0,'2011-12-28'),(10,'g',0,'2011-12-28'),(16,'g',0,'2011-12-28'),(380,'g',0,'2011-12-28'),(394,'g',0,'2011-12-28'),(316,'g',0,'2011-12-28'),(33,'g',0,'2011-12-28'),(53,'g',0,'2011-12-28'),(601,'g',0,'2011-12-28'),(342,'g',0,'2011-12-28'),(1087,'g',0,'2011-12-28'),(228,'g',0,'2011-12-28'),(73,'g',0,'2011-12-28'),(610,'g',0,'2011-12-28'),(551,'g',0,'2011-12-28'),(353,'g',0,'2011-12-28'),(107,'g',0,'2011-12-28'),(77,'g',0,'2011-12-28'),(87,'g',0,'2011-12-28'),(242,'g',0,'2012-02-16'),(391,'g',0,'2011-12-28'),(792,'g',0,'2011-12-28'),(503,'g',0,'2011-12-28'),(673,'g',0,'2011-12-28'),(398,'g',0,'2011-12-28'),(344,'g',0,'2011-12-28'),(455,'g',0,'2011-12-28'),(366,'g',0,'2011-12-28'),(175,'g',0,'2011-12-28'),(381,'g',0,'2011-12-28'),(80,'g',0,'2011-12-28'),(255,'g',0,'2011-12-28'),(657,'g',0,'2011-12-28'),(774,'g',0,'2011-12-28'),(62,'g',0,'2011-12-28'),(655,'g',0,'2011-12-28'),(685,'g',0,'2011-12-28'),(456,'g',0,'2011-12-28'),(557,'g',0,'2011-12-28'),(31,'g',0,'2011-12-28'),(86,'g',0,'2011-12-28'),(384,'g',0,'2011-12-28'),(64,'g',0,'2011-12-28'),(786,'g',0,'2011-12-28'),(704,'g',0,'2011-12-28'),(218,'g',0,'2011-12-28'),(663,'g',0,'2011-12-28'),(803,'g',0,'2011-12-28'),(229,'g',0,'2012-02-13'),(240,'g',0,'2012-02-11'),(172,'g',0,'2011-12-28'),(271,'g',0,'2011-12-28'),(63,'g',0,'2011-12-28'),(659,'g',0,'2011-12-28'),(201,'g',0,'2011-12-28'),(246,'g',0,'2011-12-28'),(486,'g',0,'2012-02-03'),(281,'g',0,'2011-12-28'),(742,'g',0,'2011-12-28'),(541,'g',0,'2011-12-28'),(729,'g',0,'2011-12-28'),(550,'g',0,'2011-12-28'),(650,'g',0,'2011-12-28'),(677,'g',0,'2011-12-28'),(150,'g',0,'2012-02-03'),(411,'g',0,'2012-02-20'),(365,'g',0,'2011-12-28'),(347,'g',0,'2011-12-28'),(508,'g',0,'2011-12-28'),(808,'g',0,'2011-12-28'),(459,'g',0,'2011-12-28'),(7,'g',0,'2011-12-28'),(174,'g',0,'2011-12-28'),(720,'g',0,'2011-12-28'),(358,'g',0,'2011-12-28'),(167,'g',0,'2011-12-28'),(470,'g',0,'2011-12-28'),(750,'g',0,'2011-12-28'),(471,'g',0,'2012-02-03'),(48,'g',0,'2011-12-28'),(732,'g',0,'2011-12-28'),(276,'g',0,'2011-12-28'),(275,'g',0,'2011-12-28'),(676,'g',0,'2011-12-28'),(630,'g',0,'2011-12-28'),(343,'g',0,'2011-12-28'),(435,'g',0,'2011-12-28'),(643,'g',0,'2011-12-28'),(453,'g',0,'2011-12-28'),(67,'g',0,'2011-12-28'),(790,'g',0,'2011-12-28'),(745,'g',0,'2011-12-28'),(6,'g',0,'2011-12-28'),(748,'g',0,'2011-12-28'),(478,'g',0,'2012-02-03'),(331,'g',0,'2011-12-28'),(744,'g',0,'2011-12-28'),(389,'g',0,'2011-12-28'),(238,'g',0,'2011-12-28'),(8,'g',0,'2011-12-28'),(642,'g',0,'2011-12-28'),(501,'g',0,'2011-12-28'),(736,'g',0,'2011-12-28'),(671,'g',0,'2011-12-28'),(84,'g',0,'2011-12-28'),(155,'g',0,'2011-12-28'),(719,'g',0,'2011-12-28'),(13,'g',0,'2011-12-28'),(738,'g',0,'2011-12-28'),(740,'g',0,'2011-12-28'),(345,'g',0,'2011-12-28'),(511,'g',0,'2011-12-28'),(799,'g',0,'2011-12-28'),(91,'g',0,'2011-12-28'),(483,'g',0,'2011-12-28'),(589,'g',0,'2011-12-28'),(314,'g',0,'2012-02-03'),(61,'g',0,'2011-12-28'),(42,'g',0,'2012-02-27'),(554,'g',0,'2011-12-28'),(252,'g',0,'2011-12-28'),(682,'g',0,'2011-12-28'),(497,'g',0,'2011-12-28'),(580,'g',0,'2011-12-28'),(724,'g',0,'2011-12-28'),(684,'g',0,'2011-12-28'),(250,'g',0,'2012-02-16'),(598,'g',0,'2011-12-28'),(523,'g',0,'2011-12-28'),(368,'g',0,'2011-12-28'),(359,'g',0,'2011-12-28'),(717,'g',0,'2011-12-28'),(635,'g',0,'2012-02-03'),(322,'g',0,'2012-02-03'),(737,'g',0,'2011-12-28'),(735,'g',0,'2011-12-28'),(712,'g',0,'2011-12-28'),(546,'g',0,'2011-12-28'),(708,'g',0,'2011-12-28'),(334,'g',0,'2011-12-28'),(457,'g',0,'2011-12-28'),(416,'g',0,'2011-12-28'),(814,'g',0,'2011-12-28'),(307,'g',0,'2012-02-03'),(548,'g',0,'2011-12-28'),(289,'g',0,'2011-12-28'),(466,'g',0,'2011-12-28'),(125,'g',0,'2011-12-28'),(182,'g',0,'2011-12-28'),(253,'g',0,'2011-12-28'),(70,'g',0,'2012-02-27'),(12,'g',0,'2011-12-28'),(418,'g',0,'2011-12-28'),(176,'g',0,'2011-12-28'),(184,'g',0,'2011-12-28'),(481,'g',0,'2011-12-28'),(24,'g',0,'2011-12-28'),(670,'g',0,'2011-12-28'),(4,'g',0,'2011-12-28'),(645,'g',0,'2011-12-28'),(534,'g',0,'2011-12-28'),(722,'g',0,'2011-12-28'),(597,'g',0,'2011-12-28'),(493,'g',0,'2011-12-28'),(785,'g',0,'2011-12-28'),(50,'g',0,'2012-02-22'),(158,'g',0,'2012-03-07'),(313,'g',0,'2011-12-28'),(83,'g',0,'2011-12-28'),(143,'g',0,'2012-02-03'),(302,'g',0,'2011-12-29'),(669,'g',0,'2011-12-29'),(445,'g',0,'2011-12-29'),(464,'g',0,'2011-12-29'),(114,'g',0,'2011-12-29'),(425,'g',0,'2011-12-29'),(515,'g',0,'2011-12-29'),(743,'g',0,'2011-12-29'),(282,'g',0,'2011-12-29'),(361,'g',0,'2011-12-29'),(306,'g',0,'2011-12-29'),(666,'g',0,'2011-12-29'),(747,'g',0,'2011-12-29'),(751,'g',0,'2011-12-29'),(326,'g',0,'2011-12-29'),(741,'g',0,'2011-12-29'),(446,'g',0,'2011-12-29'),(415,'g',0,'2011-12-29'),(662,'g',0,'2011-12-29'),(620,'g',0,'2011-12-29'),(721,'g',0,'2011-12-29'),(490,'g',0,'2011-12-29'),(749,'g',0,'2011-12-29'),(410,'g',0,'2011-12-29'),(387,'g',0,'2011-12-29'),(496,'g',0,'2011-12-29'),(806,'g',0,'2011-12-29'),(40,'g',0,'2011-12-29'),(327,'g',0,'2011-12-29'),(300,'g',0,'2011-12-29'),(739,'g',0,'2011-12-29'),(354,'g',0,'2011-12-29'),(731,'g',0,'2011-12-29'),(1367,'g',0,'2011-12-29'),(1173,'g',0,'2011-12-29'),(962,'g',0,'2011-12-29'),(938,'g',0,'2011-12-29'),(983,'g',0,'2011-12-29'),(879,'g',0,'2011-12-29'),(982,'g',0,'2011-12-29'),(917,'g',0,'2011-12-29'),(958,'g',0,'2011-12-29'),(956,'g',0,'2011-12-29'),(57,'g',0,'2011-12-29'),(430,'g',0,'2011-12-29'),(549,'g',0,'2011-12-29'),(221,'g',0,'2011-12-29'),(385,'g',0,'2011-12-29'),(102,'g',0,'2011-12-29'),(266,'g',0,'2011-12-29'),(268,'g',0,'2011-12-29'),(432,'g',0,'2011-12-29'),(104,'g',0,'2011-12-29'),(217,'g',0,'2011-12-30'),(29,'g',0,'2011-12-30'),(419,'g',0,'2011-12-30'),(237,'g',0,'2011-12-30'),(422,'g',0,'2011-12-30'),(330,'g',0,'2011-12-30'),(574,'g',0,'2011-12-30'),(248,'g',0,'2011-12-30'),(187,'g',0,'2011-12-30'),(514,'g',0,'2011-12-30'),(479,'g',0,'2011-12-30'),(230,'g',0,'2012-02-13'),(599,'g',0,'2011-12-30'),(516,'g',0,'2011-12-30'),(346,'g',0,'2011-12-30'),(5,'g',0,'2011-12-30'),(28,'g',0,'2011-12-30'),(339,'g',0,'2011-12-30'),(233,'g',0,'2012-02-13'),(679,'g',0,'2011-12-30'),(520,'g',0,'2011-12-30'),(518,'g',0,'2011-12-30'),(192,'g',0,'2011-12-30'),(440,'g',0,'2011-12-30'),(197,'g',0,'2011-12-30'),(675,'g',0,'2011-12-30'),(570,'g',0,'2011-12-30'),(567,'g',0,'2011-12-30'),(572,'g',0,'2011-12-30'),(571,'g',0,'2011-12-30'),(562,'g',0,'2011-12-30'),(563,'g',0,'2011-12-30'),(568,'g',0,'2011-12-30'),(565,'g',0,'2011-12-30'),(569,'g',0,'2011-12-30'),(566,'g',0,'2011-12-30'),(297,'g',0,'2011-12-30'),(39,'g',0,'2011-12-30'),(34,'g',0,'2011-12-31'),(35,'g',0,'2011-12-31'),(290,'g',0,'2011-12-31'),(36,'g',0,'2011-12-31'),(108,'g',0,'2012-02-27'),(291,'g',0,'2011-12-31'),(96,'g',0,'2011-12-31'),(32,'g',0,'2011-12-31'),(1280,'g',0,'2011-12-31'),(60,'g',0,'2012-03-07'),(103,'g',0,'2012-02-27'),(284,'g',0,'2011-12-31'),(1251,'g',0,'2011-12-31'),(47,'g',0,'2011-12-31'),(1445,'g',0,'2011-12-31'),(1474,'g',0,'2011-12-31'),(1058,'g',0,'2011-12-31'),(1640,'g',0,'2011-12-31'),(1669,'g',0,'2011-12-31'),(438,'g',0,'2011-12-31'),(427,'g',0,'2011-12-31'),(622,'g',0,'2012-01-01'),(373,'g',0,'2012-01-01'),(586,'g',0,'2012-01-01'),(369,'g',0,'2012-01-01'),(305,'g',0,'2012-01-01'),(587,'g',0,'2012-01-01'),(585,'g',0,'2012-01-01'),(639,'g',0,'2012-01-01'),(1177,'g',0,'2012-01-01'),(1107,'g',0,'2012-01-01'),(1167,'g',0,'2012-01-02'),(656,'g',0,'2012-01-02'),(1756,'g',0,'2012-01-02'),(1561,'g',0,'2012-01-02'),(325,'g',0,'2012-01-02'),(817,'g',0,'2012-01-02'),(653,'g',0,'2012-01-02'),(489,'g',0,'2012-01-02'),(986,'g',0,'2012-01-02'),(644,'g',0,'2012-01-02'),(981,'g',0,'2012-01-02'),(161,'g',0,'2012-01-02'),(1168,'g',0,'2012-01-02'),(1354,'g',0,'2012-01-02'),(1160,'g',0,'2012-01-02'),(124,'g',0,'2012-01-02'),(616,'g',0,'2012-01-02'),(1110,'g',0,'2012-01-02'),(944,'g',0,'2012-01-02'),(320,'g',0,'2012-01-02'),(460,'g',0,'2012-01-02'),(624,'g',0,'2012-01-02'),(137,'g',0,'2012-01-02'),(793,'g',0,'2012-01-02'),(629,'g',0,'2012-01-02'),(296,'g',0,'2012-01-02'),(301,'g',0,'2012-01-02'),(1304,'g',0,'2012-01-02'),(788,'g',0,'2012-01-02'),(132,'g',0,'2012-01-02'),(465,'g',0,'2012-01-02'),(584,'g',0,'2012-01-02'),(583,'g',0,'2012-01-02'),(452,'g',0,'2012-01-03'),(1693,'g',0,'2012-01-03'),(288,'g',0,'2012-01-03'),(1498,'g',0,'2012-01-03'),(626,'g',0,'2012-01-03'),(780,'g',0,'2012-01-03'),(979,'g',0,'2012-01-03'),(980,'g',0,'2012-01-03'),(154,'g',0,'2012-01-03'),(810,'g',0,'2012-01-03'),(318,'g',0,'2012-01-03'),(646,'g',0,'2012-01-03'),(482,'g',0,'2012-01-03'),(974,'g',0,'2012-01-03'),(1151,'g',0,'2012-01-03'),(1345,'g',0,'2012-01-03'),(1734,'g',0,'2012-01-03'),(1539,'g',0,'2012-01-03'),(614,'g',0,'2012-01-06'),(140,'g',0,'2012-01-06'),(321,'g',0,'2012-01-06'),(286,'g',0,'2012-01-06'),(157,'g',0,'2012-01-06'),(304,'g',0,'2012-01-06'),(468,'g',0,'2012-01-06'),(485,'g',0,'2012-01-06'),(450,'g',0,'2012-01-06'),(122,'g',0,'2012-01-06'),(1353,'g',0,'2012-01-10'),(1175,'g',0,'2012-01-10'),(1351,'g',0,'2012-01-10'),(1159,'g',0,'2012-01-10'),(1545,'g',0,'2012-01-10'),(1369,'g',0,'2012-01-10'),(1547,'g',0,'2012-01-10'),(1157,'g',0,'2012-01-10'),(590,'g',0,'2012-01-16'),(1277,'g',0,'2012-01-16'),(918,'g',0,'2012-01-16'),(98,'g',0,'2012-02-27'),(262,'g',0,'2012-01-16'),(1158,'g',0,'2012-01-16'),(1084,'g',0,'2012-01-16'),(426,'g',0,'2012-01-16'),(1172,'g',0,'2012-01-16'),(754,'g',0,'2012-01-16'),(713,'g',0,'2012-01-16'),(696,'g',0,'2012-01-20'),(693,'g',0,'2012-01-20'),(768,'g',0,'2012-01-20'),(781,'g',0,'2012-01-20'),(924,'g',0,'2012-01-20'),(596,'g',0,'2012-01-20'),(760,'g',0,'2012-01-20'),(922,'g',0,'2012-01-20'),(877,'g',0,'2012-01-20'),(594,'g',0,'2012-01-20'),(1088,'g',0,'2012-01-20'),(758,'g',0,'2012-01-20'),(1043,'g',0,'2012-01-20'),(2220,'g',0,'2012-01-21'),(2703,'g',0,'2012-01-21'),(2461,'g',0,'2012-01-21'),(1979,'g',0,'2012-01-21'),(2950,'g',0,'2012-01-21'),(1045,'g',0,'2012-01-21'),(1083,'g',0,'2012-01-21'),(463,'g',0,'2012-01-22'),(451,'g',0,'2012-01-22'),(474,'g',0,'2012-01-22'),(424,'g',0,'2012-01-22'),(443,'g',0,'2012-01-22'),(473,'g',0,'2012-01-22'),(467,'g',0,'2012-01-22'),(436,'g',0,'2012-01-22'),(388,'g',0,'2012-01-22'),(203,'g',0,'2012-01-22'),(299,'g',0,'2012-01-22'),(279,'g',0,'2012-01-22'),(267,'g',0,'2012-01-22'),(200,'g',0,'2012-01-22'),(260,'g',0,'2012-01-22'),(224,'g',0,'2012-01-22'),(211,'g',0,'2012-01-22'),(272,'g',0,'2012-01-22'),(287,'g',0,'2012-01-22'),(360,'g',0,'2012-01-22'),(375,'g',0,'2012-01-22'),(362,'g',0,'2012-01-22'),(367,'g',0,'2012-01-22'),(303,'g',0,'2012-01-22'),(363,'g',0,'2012-01-22'),(309,'g',0,'2012-01-22'),(310,'g',0,'2012-01-22'),(364,'g',0,'2012-01-22'),(312,'g',0,'2012-01-22'),(431,'g',0,'2012-01-22'),(716,'g',0,'2012-01-23'),(779,'g',0,'2012-01-23'),(703,'g',0,'2012-01-23'),(692,'g',0,'2012-01-23'),(759,'g',0,'2012-01-23'),(691,'g',0,'2012-01-23'),(695,'g',0,'2012-01-23'),(764,'g',0,'2012-01-23'),(627,'g',0,'2012-01-23'),(752,'g',0,'2012-01-23'),(771,'g',0,'2012-01-23'),(631,'g',0,'2012-01-23'),(600,'g',0,'2012-01-23'),(638,'g',0,'2012-01-23'),(690,'g',0,'2012-01-23'),(637,'g',0,'2012-01-23'),(688,'g',0,'2012-01-23'),(607,'g',0,'2012-01-23'),(615,'g',0,'2012-01-23'),(856,'g',0,'2012-01-23'),(640,'g',0,'2012-01-23'),(801,'g',0,'2012-01-23'),(854,'g',0,'2012-01-23'),(852,'g',0,'2012-01-23'),(804,'g',0,'2012-01-23'),(943,'g',0,'2012-01-23'),(935,'g',0,'2012-01-23'),(923,'g',0,'2012-01-23'),(867,'g',0,'2012-01-23'),(959,'g',0,'2012-01-23'),(916,'g',0,'2012-01-23'),(965,'g',0,'2012-01-23'),(928,'g',0,'2012-01-23'),(880,'g',0,'2012-01-23'),(955,'g',0,'2012-01-23'),(973,'g',0,'2012-01-23'),(971,'g',0,'2012-01-23'),(964,'g',0,'2012-01-23'),(969,'g',0,'2012-01-23'),(957,'g',0,'2012-01-23'),(952,'g',0,'2012-01-23'),(802,'g',0,'2012-01-23'),(859,'g',0,'2012-01-23'),(791,'g',0,'2012-01-23'),(795,'g',0,'2012-01-23'),(855,'g',0,'2012-01-23'),(1143,'g',0,'2012-01-23'),(1171,'g',0,'2012-01-23'),(1326,'g',0,'2012-01-23'),(1132,'g',0,'2012-01-23'),(1701,'g',0,'2012-01-23'),(1138,'g',0,'2012-01-23'),(1150,'g',0,'2012-01-23'),(1312,'g',0,'2012-01-23'),(1706,'g',0,'2012-01-23'),(1511,'g',0,'2012-01-23'),(1118,'g',0,'2012-01-23'),(1506,'g',0,'2012-01-23'),(1123,'g',0,'2012-01-23'),(1317,'g',0,'2012-01-23'),(1952,'g',0,'2012-01-25'),(2676,'g',0,'2012-01-25'),(3170,'g',0,'2012-01-25'),(2922,'g',0,'2012-01-25'),(2434,'g',0,'2012-01-25'),(2193,'g',0,'2012-01-25'),(4996,'g',0,'2012-02-01'),(4636,'g',0,'2012-02-01'),(4286,'g',0,'2012-02-01'),(199,'g',0,'2012-02-28');

--
-- Table structure for table `idx_paid_listing`
--

CREATE TABLE `idx_paid_listing` (
  `link_id` mediumint(9) unsigned NOT NULL default '0',
  `premium` char(1) default NULL,
  `sponsored` char(1) default NULL,
  `expire` datetime default NULL,
  `paid` char(1) default NULL,
  PRIMARY KEY  (`link_id`)
) ENGINE=MyISAM DEFAULT CHARSET=latin1;

--
-- Dumping data for table `idx_paid_listing`
--


--
-- Table structure for table `idx_payment_gateway`
--

CREATE TABLE `idx_payment_gateway` (
  `payment_gateway_id` int(11) NOT NULL auto_increment,
  `name` varchar(100) default NULL,
  `enable` char(1) default NULL,
  `setting` text,
  `invoice_html` text,
  PRIMARY KEY  (`payment_gateway_id`)
) ENGINE=MyISAM AUTO_INCREMENT=9 DEFAULT CHARSET=latin1;

--
-- Dumping data for table `idx_payment_gateway`
--

INSERT INTO `idx_payment_gateway` VALUES (1,'paypal','1','a:2:{s:13:\"payment_email\";s:0:\"\";s:21:\"enable_paypal_sandbox\";s:1:\"0\";}','<p> \r\n	<a href=\'paynow.php?id={$invoice_id}&m=paypal\'><img src=\'http://www.paypal.com/images/x-click-but02.gif\' border=\'0\' alt=\'Make payments with PayPal - it is fast, free and secure!\' /></a> \r\n</p>\r\n'),(2,'2co','0','a:6:{s:6:\"co_sid\";s:5:\"84932\";s:9:\"co_secret\";s:5:\"tango\";s:12:\"co_recurring\";s:1:\"0\";s:9:\"co_prod_1\";s:6:\"100.00\";s:9:\"co_prod_2\";s:6:\"250.00\";s:9:\"co_prod_3\";s:6:\"400.00\";}','<p>\r\n<a href=\'paynow.php?id={$invoice_id}&m=2co\'><img src=\'http://www.2checkout.com/images/overview/btns/25.jpg\' alt=\'Pay Now with 2checkout...\' border=\'0\' /></a> \r\n</p>'),(3,'authorizenet','0','a:2:{s:21:\"authorizenet_login_id\";s:0:\"\";s:21:\"authorizenet_tran_key\";s:0:\"\";}','<p> \r\n<a href=\'paynow.php?id={$invoice_id}&m=authorizenet\'><img src=\'http://www.authorize.net/upload/images/Images/Header/authorizenet_logo.gif\' alt=\'Pay Now with Authorize.Net...\' width=\'99\' height=\'39\' style=\'{border : 1px solid #c0c0c0;}\' /></a>\r\n</p>'),(4,'egold','0','a:2:{s:19:\"egold_payee_account\";s:0:\"\";s:16:\"egold_payee_name\";s:0:\"\";}','<p> \r\n<a href=\'paynow.php?id={$invoice_id}&m=egold\'>\r\n<img src=\'http://www.e-gold.com/gif/paywith.gif\' border=\'0\' alt=\'Pay Now with e-gold...\' />\r\n</a>\r\n</p>'),(5,'moneybookers','0','a:1:{s:18:\"moneybookers_email\";s:0:\"\";}','<p> \r\n<a href=\'paynow.php?id={$invoice_id}&m=paypal\'><img src=\'http://www.moneybookers.com/images/banners/88_en_mb.gif\' border=\'0\' alt=\'Make payments with Moneybookers - it is fast, free and secure!\' /></a> \r\n</p>'),(6,'paypal-subscriptions','0','a:2:{s:13:\"payment_email\";s:0:\"\";s:21:\"enable_paypal_sandbox\";s:1:\"0\";}','<p> \r\n<a href=\'paynow.php?id={$invoice_id}&m=paypal\'><img src=\'https://www.paypal.com/en_US/i/btn/x-click-but20.gif\' border=\'0\' alt=\'Make payments with PayPal - it is fast, free and secure!\' /></a> \r\n</p>'),(7,'alertpay','0','a:2:{s:14:\"alertpay_email\";s:0:\"\";s:23:\"enable_alertpay_sandbox\";s:1:\"0\";}','<p> \r\n<a href=\'paynow.php?id={$invoice_id}&m=alertpay\'>\r\n<img src=\'https://www.alertpay.com/Images/BuyNow/pay_now_3.gif\' border=\'0\' alt=\'Make payments with PayPal - it is fast, free and secure!\' /></a> \r\n</p>'),(8,'alertpay-subcriptions','0','a:2:{s:14:\"alertpay_email\";s:0:\"\";s:23:\"enable_alertpay_sandbox\";s:1:\"0\";}','<p>\r\n<a href=\'paynow.php?id={$invoice_id}&m=alertpay-subcriptions\'>\r\n<img src=\'https://www.alertpay.com/Images/BuyNow/subscribe_now_15.gif\' border=\'0\' alt=\'Make payments with Alert Pay - it is fast, free and secure!\' /></a> \r\n</p>');

--
-- Table structure for table `idx_payment_history`
--

CREATE TABLE `idx_payment_history` (
  `payment_id` int(10) unsigned NOT NULL auto_increment,
  `contact_name` varchar(255) default NULL,
  `email` varchar(255) default NULL,
  `type` varchar(255) default NULL,
  `detail` text,
  `amount` double default NULL,
  `time` datetime default NULL,
  `invoice_id` varchar(10) default NULL,
  PRIMARY KEY  (`payment_id`)
) ENGINE=MyISAM DEFAULT CHARSET=latin1;

--
-- Dumping data for table `idx_payment_history`
--


--
-- Table structure for table `idx_pl_sociable`
--

CREATE TABLE `idx_pl_sociable` (
  `sb_id` int(11) NOT NULL auto_increment,
  `sb_name` varchar(255) character set utf8 default NULL,
  `sb_url` varchar(255) character set utf8 default NULL,
  `sb_icon` varchar(255) character set utf8 default NULL,
  `sb_enable` char(1) character set utf8 default '0',
  PRIMARY KEY  (`sb_id`)
) ENGINE=MyISAM AUTO_INCREMENT=90 DEFAULT CHARSET=latin1;

--
-- Dumping data for table `idx_pl_sociable`
--

INSERT INTO `idx_pl_sociable` VALUES (1,'BarraPunto','http://barrapunto.com/submit.pl?subj=TITLE&amp;story=PERMALINK','barrapunto.png','0'),(2,'Bitacoras.com','http://bitacoras.com/anotaciones/PERMALINK','bitacoras.png','0'),(3,'BlinkList','http://www.blinklist.com/index.php?Action=Blink/addblink.php&amp;Url=PERMALINK&amp;Title=TITLE','blinklist.png','0'),(4,'blogmarks','http://blogmarks.net/my/new.php?mini=1&amp;simple=1&amp;url=PERMALINK&amp;title=TITLE','blogmarks.png','0'),(5,'Blogosphere News','http://www.blogospherenews.com/submit.php?url=PERMALINK&amp;title=TITLE','blogospherenews.png','0'),(6,'blogtercimlap','http://cimlap.blogter.hu/index.php?action=suggest_link&amp;title=TITLE&amp;url=PERMALINK','blogter.png','0'),(7,'Faves','http://faves.com/Authoring.aspx?u=PERMALINK&amp;title=TITLE','bluedot.png','0'),(8,'connotea','http://www.connotea.org/addpopup?continue=confirm&amp;uri=PERMALINK&amp;title=TITLE&amp;description=EXCERPT','connotea.png','0'),(9,'Current','http://current.com/clipper.htm?url=PERMALINK&amp;title=TITLE','current.png','0'),(10,'del.icio.us','http://delicious.com/post?url=PERMALINK&amp;title=TITLE&amp;notes=EXCERPT','delicious.png','0'),(11,'Digg','http://digg.com/submit?phase=2&amp;url=PERMALINK&amp;title=TITLE&amp;bodytext=EXCERPT','digg.png','1'),(12,'Diigo','http://www.diigo.com/post?url=PERMALINK&amp;title=TITLE','diigo.png','0'),(13,'DotNetKicks','http://www.dotnetkicks.com/kick/?url=PERMALINK&amp;title=TITLE','dotnetkicks.png','0'),(14,'DZone','http://www.dzone.com/links/add.html?url=PERMALINK&amp;title=TITLE','dzone.png','0'),(15,'eKudos','http://www.ekudos.nl/artikel/nieuw?url=PERMALINK&amp;title=TITLE&amp;desc=EXCERPT','ekudos.png','0'),(16,'email','mailto:?subject=TITLE&amp;body=PERMALINK','email_link.png','0'),(17,'Facebook','http://www.facebook.com/share.php?u=PERMALINK&amp;t=TITLE','facebook.png','1'),(18,'Fark','http://cgi.fark.com/cgi/fark/farkit.pl?h=TITLE&amp;u=PERMALINK','fark.png','0'),(19,'Fleck','http://beta3.fleck.com/bookmarklet.php?url=PERMALINK&amp;title=TITLE','fleck.png','0'),(20,'FriendFeed','http://www.friendfeed.com/share?title=TITLE&amp;link=PERMALINK','friendfeed.png','0'),(21,'FSDaily','http://www.fsdaily.com/submit?url=PERMALINK&amp;title=TITLE','fsdaily.png','0'),(22,'Global Grind','http://globalgrind.com/submission/submit.aspx?url=PERMALINK&amp;type=Article&amp;title=TITLE','globalgrind.png','0'),(23,'Google','http://www.google.com/bookmarks/mark?op=edit&amp;bkmk=PERMALINK&amp;title=TITLE&amp;annotation=EXCERPT','googlebookmark.png','0'),(24,'Gwar','http://www.gwar.pl/DodajGwar.html?u=PERMALINK','gwar.png','0'),(25,'HackerNews','http://news.ycombinator.com/submitlink?u=PERMALINK&amp;t=TITLE','hackernews.png','0'),(26,'Haohao','http://www.haohaoreport.com/submit.php?url=PERMALINK&amp;title=TITLE','haohao.png','0'),(27,'HealthRanker','http://healthranker.com/submit.php?url=PERMALINK&amp;title=TITLE','healthranker.png','0'),(28,'HelloTxt','http://hellotxt.com/?status=TITLE+PERMALINK','hellotxt.png','0'),(29,'Hemidemi','http://www.hemidemi.com/user_bookmark/new?title=TITLE&amp;url=PERMALINK','hemidemi.png','0'),(30,'Hyves','http://www.hyves.nl/profilemanage/add/tips/?name=TITLE&amp;text=EXCERPT+PERMALINK&amp;rating=5','hyves.png','0'),(31,'Identi.ca','http://identi.ca/notice/new?status_textarea=PERMALINK','identica.png','0'),(32,'IndianPad','http://www.indianpad.com/submit.php?url=PERMALINK','indianpad.png','0'),(33,'Internetmedia','http://internetmedia.hu/submit.php?url=PERMALINK','im.png','0'),(34,'Kirtsy','http://www.kirtsy.com/submit.php?url=PERMALINK&amp;title=TITLE','kirtsy.png','0'),(35,'laaik.it','http://laaik.it/NewStoryCompact.aspx?uri=PERMALINK&amp;headline=TITLE&amp;cat=5e082fcc-8a3b-47e2-acec-fdf64ff19d12','laaikit.png','0'),(36,'LinkArena','http://linkarena.com/bookmarks/addlink/?url=PERMALINK&amp;title=TITLE','linkarena.png','0'),(37,'LinkaGoGo','http://www.linkagogo.com/go/AddNoPopup?url=PERMALINK&amp;title=TITLE','linkagogo.png','0'),(38,'LinkedIn','http://www.linkedin.com/shareArticle?mini=true&amp;url=PERMALINK&amp;title=TITLE&amp;source=BLOGNAME&amp;summary=EXCERPT','linkedin.png','0'),(39,'Linkter','http://www.linkter.hu/index.php?action=suggest_link&amp;url=PERMALINK&amp;title=TITLE','linkter.png','0'),(40,'Live','https://favorites.live.com/quickadd.aspx?marklet=1&amp;url=PERMALINK&amp;title=TITLE','live.png','0'),(41,'Meneame','http://meneame.net/submit.php?url=PERMALINK','meneame.png','0'),(42,'MisterWong','http://www.mister-wong.com/addurl/?bm_url=PERMALINK&amp;bm_description=TITLE&amp;plugin=soc','misterwong.png','0'),(43,'MisterWong.DE','http://www.mister-wong.de/addurl/?bm_url=PERMALINK&amp;bm_description=TITLE&amp;plugin=soc','misterwong.png','0'),(44,'Mixx','http://www.mixx.com/submit?page_url=PERMALINK&amp;title=TITLE','mixx.png','0'),(45,'muti','http://www.muti.co.za/submit?url=PERMALINK&amp;title=TITLE','muti.png','0'),(46,'MyShare','http://myshare.url.com.tw/index.php?func=newurl&amp;url=PERMALINK&amp;desc=TITLE','myshare.png','0'),(47,'MySpace','http://www.myspace.com/Modules/PostTo/Pages/?u=PERMALINK&amp;t=TITLE','myspace.png','0'),(48,'MSNReporter','http://reporter.nl.msn.com/?fn=contribute&amp;Title=TITLE&amp;URL=PERMALINK&amp;cat_id=6&amp;tag_id=31&amp;Remark=EXCERPT','msnreporter.png','0'),(49,'N4G','http://www.n4g.com/tips.aspx?url=PERMALINK&amp;title=TITLE','n4g.png','0'),(50,'Netvibes','http://www.netvibes.com/share?title=TITLE&amp;url=PERMALINK','netvibes.png','0'),(51,'NewsVine','http://www.newsvine.com/_tools/seed&amp;save?u=PERMALINK&amp;h=TITLE','newsvine.png','0'),(52,'Netvouz','http://www.netvouz.com/action/submitBookmark?url=PERMALINK&amp;title=TITLE&amp;popup=no','netvouz.png','0'),(53,'NuJIJ','http://nujij.nl/jij.lynkx?t=TITLE&amp;u=PERMALINK&amp;b=EXCERPT','nujij.png','0'),(54,'Ping.fm','http://ping.fm/ref/?link=PERMALINK&amp;title=TITLE&amp;body=EXCERPT','ping.png','0'),(55,'Posterous','http://posterous.com/share?linkto=PERMALINK&amp;title=TITLE&amp;selection=EXCERPT','posterous.png','0'),(56,'PDF','http://www.printfriendly.com/print?url=PERMALINK&amp;partner=sociable','pdf.png','0'),(57,'Print','http://www.printfriendly.com/print?url=PERMALINK&amp;partner=sociable','printfriendly.png','0'),(58,'Propeller','http://www.propeller.com/submit/?url=PERMALINK','propeller.png','0'),(59,'Ratimarks','http://ratimarks.org/bookmarks.php/?action=add&address=PERMALINK&amp;title=TITLE','ratimarks.png','0'),(60,'Rec6','http://rec6.via6.com/link.php?url=PERMALINK&amp;=TITLE','rec6.png','0'),(61,'Reddit','http://reddit.com/submit?url=PERMALINK&amp;title=TITLE','reddit.png','0'),(62,'RSS','FEEDLINK','rss.png','0'),(63,'Scoopeo','http://www.scoopeo.com/scoop/new?newurl=PERMALINK&amp;title=TITLE','scoopeo.png','0'),(64,'Segnalo','http://segnalo.alice.it/post.html.php?url=PERMALINK&amp;title=TITLE','segnalo.png','0'),(65,'Simpy','http://www.simpy.com/simpy/LinkAdd.do?href=PERMALINK&amp;title=TITLE','simpy.png','0'),(66,'Slashdot','http://slashdot.org/bookmark.pl?title=TITLE&amp;url=PERMALINK','slashdot.png','0'),(67,'Socialogs','http://socialogs.com/add_story.php?story_url=PERMALINK&amp;story_title=TITLE','socialogs.png','0'),(68,'SphereIt','http://www.sphere.com/search?q=sphereit:PERMALINK&amp;title=TITLE','sphere.png','0'),(69,'Sphinn','http://sphinn.com/index.php?c=post&amp;m=submit&amp;link=PERMALINK','sphinn.png','0'),(70,'StumbleUpon','http://www.stumbleupon.com/submit?url=PERMALINK&amp;title=TITLE','stumbleupon.png','0'),(71,'Techmeme','http://twitter.com/home/?status=tip%20@Techmeme%20PERMALINK%20TITLE','techmeme.png','0'),(72,'Technorati','http://technorati.com/faves?add=PERMALINK','technorati.png','1'),(73,'ThisNext','http://www.thisnext.com/pick/new/submit/sociable/?url=PERMALINK&amp;name=TITLE','thisnext.png','0'),(74,'Tipd','http://tipd.com/submit.php?url=PERMALINK','tipd.png','0'),(75,'Tumblr','http://www.tumblr.com/share?v=3&amp;u=PERMALINK&amp;t=TITLE&amp;s=EXCERPT','tumblr.png','0'),(76,'Twitter','http://twitter.com/home?status=TITLE%20-%20PERMALINK','twitter.png','1'),(77,'Upnews','http://www.upnews.it/submit?url=PERMALINK&amp;title=TITLE','upnews.png','0'),(78,'Webnews.de','http://www.webnews.de/einstellen?url=PERMALINK&amp;title=TITLE','webnews.png','0'),(79,'Webride','http://webride.org/discuss/split.php?uri=PERMALINK&amp;title=TITLE','webride.png','0'),(80,'Wikio','http://www.wikio.com/vote?url=PERMALINK','wikio.png','0'),(81,'Wikio FR','http://www.wikio.fr/vote?url=PERMALINK','wikio.png','0'),(82,'Wikio IT','http://www.wikio.it/vote?url=PERMALINK','wikio.png','0'),(83,'Wists','http://wists.com/s.php?c=&amp;r=PERMALINK&amp;title=TITLE','wists.png','0'),(84,'Wykop','http://www.wykop.pl/dodaj?url=PERMALINK','wykop.png','0'),(85,'Xerpi','http://www.xerpi.com/block/add_link_from_extension?url=PERMALINK&amp;title=TITLE','xerpi.png','0'),(86,'YahooBuzz','http://buzz.yahoo.com/submit/?submitUrl=PERMALINK&amp;submitHeadline=TITLE&amp;submitSummary=EXCERPT&amp;submitCategory=science&amp;submitAssetType=text','yahoobuzz.png','0'),(87,'Yahoo! Bookmarks','http://bookmarks.yahoo.com/toolbar/savebm?u=PERMALINK&amp;t=TITLE&opener=bm&amp;ei=UTF-8&amp;d=EXCERPT','yahoomyweb.png','0'),(88,'Yigg','http://yigg.de/neu?exturl=PERMALINK&amp;exttitle=TITLE','yiggit.png','0'),(89,'Blogplay','http://blogplay.com','blogplay.png','0');

--
-- Table structure for table `idx_plugin`
--

CREATE TABLE `idx_plugin` (
  `plugin_id` int(11) NOT NULL auto_increment,
  `name` varchar(255) default NULL,
  `plugin_file` varchar(255) default NULL,
  `status` enum('0','1') default NULL,
  `option_plugin` text,
  PRIMARY KEY  (`plugin_id`)
) ENGINE=MyISAM AUTO_INCREMENT=2 DEFAULT CHARSET=latin1;

--
-- Dumping data for table `idx_plugin`
--

INSERT INTO `idx_plugin` VALUES (1,'Sociable','sociable/sociable.php','1',NULL);

--
-- Table structure for table `idx_review`
--

CREATE TABLE `idx_review` (
  `review_id` mediumint(9) unsigned NOT NULL auto_increment,
  `link_id` mediumint(9) unsigned NOT NULL default '0',
  `review` text NOT NULL,
  `rating` tinyint(3) unsigned NOT NULL default '0',
  `date` date NOT NULL default '0000-00-00',
  `subject` varchar(100) default NULL,
  `status` char(1) default NULL,
  `username` varchar(20) default NULL,
  `name` varchar(20) default NULL,
  `email` varchar(100) default NULL,
  PRIMARY KEY  (`review_id`)
) ENGINE=MyISAM DEFAULT CHARSET=latin1;

--
-- Dumping data for table `idx_review`
--


--
-- Table structure for table `idx_searchlog`
--

CREATE TABLE `idx_searchlog` (
  `keyword` varchar(100) NOT NULL default '',
  `time` datetime NOT NULL default '0000-00-00 00:00:00',
  `result` mediumint(9) unsigned default NULL,
  `ip` varchar(100) default NULL
) ENGINE=MyISAM DEFAULT CHARSET=latin1;

--
-- Dumping data for table `idx_searchlog`
--


--
-- Table structure for table `idx_set_hook_place`
--

CREATE TABLE `idx_set_hook_place` (
  `set_hook_place_id` int(11) NOT NULL auto_increment,
  `plugin` varchar(255) default NULL,
  `set_hook_place` text,
  PRIMARY KEY  (`set_hook_place_id`)
) ENGINE=MyISAM DEFAULT CHARSET=latin1;

--
-- Dumping data for table `idx_set_hook_place`
--


--
-- Table structure for table `idx_setting`
--

CREATE TABLE `idx_setting` (
  `setting_id` int(11) NOT NULL auto_increment,
  `setting_name` varchar(255) default NULL,
  `setting_value` text,
  PRIMARY KEY  (`setting_id`)
) ENGINE=MyISAM AUTO_INCREMENT=55 DEFAULT CHARSET=latin1;

--
-- Dumping data for table `idx_setting`
--

INSERT INTO `idx_setting` VALUES (4,'site_name','prontowebdir.com'),(5,'site_url','http://prontowebdir.com'),(6,'email_address','alysa.husein@gmail.com'),(7,'language_code','en_US'),(8,'theme_path','/home/prontowe/public_html/themes/'),(9,'admin_template_path','/home/prontowe/public_html/admin_tpl/'),(10,'plugin_path','/home/prontowe/public_html/plugin/'),(12,'active_theme','_prontowebdir'),(14,'spam_proof','1'),(15,'enable_user_validation','1'),(16,'allowed_file_extension','gif,jpg,png,pdf,zip,doc'),(17,'yahoo_appid',''),(18,'whosonline','600'),(19,'reciprocal_check','0'),(20,'urlcheck_limit','1'),(21,'pagerank_cache','30'),(22,'max_image_width','1024'),(23,'max_image_height','756'),(24,'max_file_size','500'),(25,'only_registered_can_add_link','0'),(26,'only_registered_can_add_review','0'),(27,'db_use_persistent','0'),(28,'paid_link_day_period','30,60,90,180'),(29,'paid_link_price_factor','1,1.5,2,3'),(30,'enable_html_tag','1'),(31,'allowed_html_tag','<b>,<strong>,<i>,<em>,<u>,<pre>,<blockquote>,<ol>,<ul>,<li>,<p>,<span>,<div>,<table>,<tr>,<td>'),(32,'enable_page_compression','0'),(33,'enable_category_ajax','1'),(34,'require_visit_category','0'),(35,'additional_category_price','0.5'),(36,'enable_rating_ajax','1'),(37,'service_nicecoder_avail','1'),(38,'enable_recaptcha','0'),(39,'recaptcha_publickey',''),(40,'recaptcha_privatekey',''),(41,'enable_bidding','0'),(42,'minimum_bid','5'),(43,'bid_increament','1'),(44,'charset','utf-8'),(45,'mailer','mail'),(46,'smtp_auth','0'),(47,'smtp_host',''),(48,'smtp_username',''),(49,'smtp_password',''),(50,'smtp_port','25'),(51,'emailbody_as_html','0'),(52,'indexu_version','2.4'),(53,'tos',''),(54,'submission_guidelines','');

--
-- Table structure for table `idx_tags`
--

CREATE TABLE `idx_tags` (
  `tag` varchar(64) NOT NULL default '',
  `category_id` mediumint(8) unsigned NOT NULL default '0',
  `total` int(11) NOT NULL default '0',
  `tag_path` varchar(64) NOT NULL,
  PRIMARY KEY  (`tag`,`category_id`)
) ENGINE=MyISAM DEFAULT CHARSET=latin1;

--
-- Dumping data for table `idx_tags`
--


--
-- Table structure for table `idx_unavailable`
--

CREATE TABLE `idx_unavailable` (
  `idx_unavailable` int(11) NOT NULL auto_increment,
  `link_id` int(11) default NULL,
  `url` varchar(255) default NULL,
  `who_is` varchar(255) default NULL,
  `note` text,
  `date` datetime default NULL,
  PRIMARY KEY  (`idx_unavailable`)
) ENGINE=MyISAM DEFAULT CHARSET=latin1;

--
-- Dumping data for table `idx_unavailable`
--


--
-- Table structure for table `idx_unavailable_latest`
--

CREATE TABLE `idx_unavailable_latest` (
  `idx_link` int(11) default NULL,
  `record_execution` int(11) default NULL
) ENGINE=MyISAM DEFAULT CHARSET=latin1;

--
-- Dumping data for table `idx_unavailable_latest`
--


--
-- Table structure for table `idx_votes`
--

CREATE TABLE `idx_votes` (
  `link_id` mediumint(9) NOT NULL default '0',
  `ip` varchar(100) default NULL,
  `value` tinyint(4) default NULL
) ENGINE=MyISAM DEFAULT CHARSET=latin1;

--
-- Dumping data for table `idx_votes`
--



