--
-- Host: redcarpetsites.com    Database: redcarpe_indexu
-- ------------------------------------------------------


--
-- Table structure for table `directory_save_data`
--

CREATE TABLE `directory_save_data` (
  `id` bigint(100) NOT NULL AUTO_INCREMENT,
  `schedule_id` bigint(100) NOT NULL,
  `project_id` bigint(100) NOT NULL,
  `link_id` bigint(100) NOT NULL,
  `confirm_link` text NOT NULL,
  `category_id` int(10) NOT NULL,
  `category_name` varchar(150) NOT NULL,
  PRIMARY KEY (`id`)
) ENGINE=InnoDB DEFAULT CHARSET=latin1;

--
-- Dumping data for table `directory_save_data`
--


--
-- Table structure for table `idx_admin_menu`
--

CREATE TABLE `idx_admin_menu` (
  `menu_id` int(11) NOT NULL AUTO_INCREMENT,
  `parent_id` int(11) DEFAULT NULL,
  `menu_title` varchar(255) DEFAULT NULL,
  `menu_url` varchar(255) DEFAULT NULL,
  `order_number` int(11) DEFAULT NULL,
  PRIMARY KEY (`menu_id`)
) ENGINE=MyISAM AUTO_INCREMENT=85 DEFAULT CHARSET=latin1;

--
-- Dumping data for table `idx_admin_menu`
--



--
-- Table structure for table `idx_bad_link`
--

CREATE TABLE `idx_bad_link` (
  `bad_link_id` mediumint(9) unsigned NOT NULL AUTO_INCREMENT,
  `link_id` mediumint(9) unsigned NOT NULL DEFAULT '0',
  `name` varchar(50) NOT NULL DEFAULT '',
  `email` varchar(50) NOT NULL DEFAULT '',
  `type` tinyint(3) unsigned NOT NULL DEFAULT '0',
  `date` date NOT NULL DEFAULT '0000-00-00',
  PRIMARY KEY (`bad_link_id`)
) ENGINE=MyISAM DEFAULT CHARSET=latin1;

--
-- Dumping data for table `idx_bad_link`
--


--
-- Table structure for table `idx_badwords`
--

CREATE TABLE `idx_badwords` (
  `word` varchar(100) NOT NULL DEFAULT ''
) ENGINE=MyISAM DEFAULT CHARSET=latin1;

--
-- Dumping data for table `idx_badwords`
--


--
-- Table structure for table `idx_blocked_domain`
--

CREATE TABLE `idx_blocked_domain` (
  `blocked_id` int(11) NOT NULL AUTO_INCREMENT,
  `blocked` varchar(255) DEFAULT NULL,
  `type` enum('domain','ip') DEFAULT NULL,
  PRIMARY KEY (`blocked_id`)
) ENGINE=MyISAM AUTO_INCREMENT=6 DEFAULT CHARSET=latin1;

--
-- Dumping data for table `idx_blocked_domain`
--

INSERT INTO `idx_blocked_domain` VALUES (1,'buydomains.com','domain'),(2,'this-domain-for-sale.com ','domain'),(3,'oversee.net','domain'),(4,'eNom','domain'),(5,'sedoparking.com','domain');

--
-- Table structure for table `idx_category`
--

CREATE TABLE `idx_category` (
  `category_id` mediumint(9) unsigned NOT NULL AUTO_INCREMENT,
  `parent_id` mediumint(9) unsigned NOT NULL DEFAULT '0',
  `name` varchar(100) NOT NULL DEFAULT '',
  `description` text NOT NULL,
  `image` varchar(100) DEFAULT NULL,
  `content` text,
  `visible` char(1) DEFAULT NULL,
  `links` mediumint(9) DEFAULT NULL,
  `meta_keyword` text,
  `meta_description` text,
  `permission` char(2) DEFAULT NULL,
  `registered_only` char(1) DEFAULT NULL,
  `header` text NOT NULL,
  `footer` text NOT NULL,
  `related` mediumint(6) NOT NULL DEFAULT '0',
  `page_title` varchar(200) NOT NULL DEFAULT '',
  `hits` int(11) NOT NULL DEFAULT '0',
  `order_num` smallint(6) NOT NULL DEFAULT '0',
  `basic_price` double unsigned NOT NULL DEFAULT '0',
  `premium_price` double unsigned NOT NULL DEFAULT '0',
  `sponsored_price` double unsigned NOT NULL DEFAULT '0',
  PRIMARY KEY (`category_id`)
) ENGINE=MyISAM AUTO_INCREMENT=36 DEFAULT CHARSET=latin1;

--
-- Dumping data for table `idx_category`
--

INSERT INTO `idx_category` VALUES (1,0,'Arts & Entertainment','','folder.gif','','1',24,'','','0','0','','',0,'',0,0,0,0,0),(2,0,'Automotive','','folder.gif','','1',50,'','','0','0','','',0,'',0,0,0,0,0),(3,0,'Business','','folder.gif','','1',181,'','','0','0','','',0,'',0,0,0,0,0),(4,0,'Careers & Jobs','','folder.gif','','1',2,'','','0','0','','',0,'',0,0,0,0,0),(5,0,'Clothing','','folder.gif','','1',13,'','','0','0','','',0,'',0,0,0,0,0),(6,0,'Communications','','folder.gif','','1',19,'','','0','0','','',0,'',0,0,0,0,0),(7,0,'Computer & Internet','','folder.gif','','1',36,'','','0','0','','',0,'',0,0,0,0,0),(8,0,'Construction and Maintenance','','folder.gif','','1',90,'','','0','0','','',0,'',0,0,0,0,0),(9,0,'Dental','','folder.gif','','1',72,'','','0','0','','',0,'',0,0,0,0,0),(10,0,'Education','','folder.gif','','1',32,'','','0','0','','',0,'',0,0,0,0,0),(11,0,'Employment','','folder.gif','','1',0,'','','0','0','','',0,'',0,0,0,0,0),(12,0,'Gifts','','folder.gif','','1',23,'','','0','0','','',0,'',0,0,0,0,0),(13,0,'Hardware & Software','','folder.gif','','1',12,'','','0','0','','',0,'',0,0,0,0,0),(14,0,'Health & fitness','','folder.gif','','1',64,'','','0','0','','',0,'',0,0,0,0,0),(15,0,'Healthcare','','folder.gif','','1',157,'','','0','0','','',0,'',0,0,0,0,0),(16,0,'Heating and Air Conditioning','','folder.gif','','1',88,'','','0','0','','',0,'',0,0,0,0,0),(17,0,'Home & Garden','','folder.gif','','1',248,'','','0','0','','',0,'',0,0,0,0,0),(18,0,'Home Improvement & Interiors','','folder.gif','','1',94,'','','0','0','','',0,'',0,0,0,0,0),(19,0,'Hotels & Restaurants','','folder.gif','','1',71,'','','0','0','','',0,'',0,0,0,0,0),(20,0,'Insurance Agents and Companies','','folder.gif','','1',32,'','','0','0','','',0,'',0,0,0,0,0),(21,0,'Law & Politics','','folder.gif','','1',0,'','','0','0','','',0,'',0,0,0,0,0),(22,0,'Lawyers & Legal Consultants','','folder.gif','','1',216,'','','0','0','','',0,'',0,0,0,0,0),(23,0,'Lifestyle & Relationships','','folder.gif','','1',7,'','','0','0','','',0,'',0,0,0,0,0),(24,0,'Medicine & Medical Services','','folder.gif','','1',13,'','','0','0','','',0,'',0,0,0,0,0),(25,0,'Finance','','folder.gif','','1',25,'','','0','0','','',0,'',0,0,0,0,0),(26,0,'News & Journals','','folder.gif','','1',2,'','','0','0','','',0,'',0,0,0,0,0),(27,0,'Plumbing & Fitting','','folder.gif','','1',47,'','','0','0','','',0,'',0,0,0,0,0),(28,0,'Real Estate & Agents','','folder.gif','','1',41,'','','0','0','','',0,'',0,0,0,0,0),(29,0,'Environment & Technology','','folder.gif','','1',16,'','','0','0','','',0,'',0,0,0,0,0),(30,0,'SEO & SMO Marketing','','folder.gif','','1',26,'','','0','0','','',0,'',0,0,0,0,0),(31,0,'Online Shopping','','folder.gif','','1',77,'','','0','0','','',0,'',0,0,0,0,0),(32,0,'Sports','','folder.gif','','1',10,'','','0','0','','',0,'',0,0,0,0,0),(33,0,'Transportation and Logistics Services','','folder.gif','','1',60,'','','0','0','','',0,'',0,0,0,0,0),(34,0,'Tours & Travel','','folder.gif','','1',27,'','','0','0','','',0,'',0,0,0,0,0),(35,0,'Wedding & Jewellery','','folder.gif','','1',13,'','','0','0','','',0,'',0,0,0,0,0);

--
-- Table structure for table `idx_category_path`
--

CREATE TABLE `idx_category_path` (
  `category_id` mediumint(9) NOT NULL DEFAULT '0',
  `path` text,
  `path_with_url` text,
  `parents` text,
  PRIMARY KEY (`category_id`)
) ENGINE=MyISAM DEFAULT CHARSET=latin1;

--
-- Dumping data for table `idx_category_path`
--

INSERT INTO `idx_category_path` VALUES (1,'Arts & Entertainment','<a href=\"http://redcarpetsites.com/arts-entertainment/\" name=\"cat_1\" style=\"\">Arts & Entertainment</a>',';0;'),(2,'Automotive','<a href=\"http://redcarpetsites.com/automotive/\" name=\"cat_2\" style=\"\">Automotive</a>',';0;'),(3,'Business','<a href=\"http://redcarpetsites.com/business/\" name=\"cat_3\" style=\"\">Business</a>',';0;'),(4,'Careers & Jobs','<a href=\"http://redcarpetsites.com/careers-jobs/\" name=\"cat_4\" style=\"\">Careers & Jobs</a>',';0;'),(5,'Clothing','<a href=\"http://redcarpetsites.com/clothing/\" name=\"cat_5\" style=\"\">Clothing</a>',';0;'),(6,'Communications','<a href=\"http://redcarpetsites.com/communications/\" name=\"cat_6\" style=\"\">Communications</a>',';0;'),(7,'Computer & Internet','<a href=\"http://redcarpetsites.com/computer-internet/\" name=\"cat_7\" style=\"\">Computer & Internet</a>',';0;'),(8,'Construction and Maintenance','<a href=\"http://redcarpetsites.com/construction-and-maintenance/\" name=\"cat_8\" style=\"\">Construction and Maintenance</a>',';0;'),(9,'Dental','<a href=\"http://redcarpetsites.com/dental/\" name=\"cat_9\" style=\"\">Dental</a>',';0;'),(10,'Education','<a href=\"http://redcarpetsites.com/education/\" name=\"cat_10\" style=\"\">Education</a>',';0;'),(11,'Employment','<a href=\"http://redcarpetsites.com/employment/\" name=\"cat_11\" style=\"\">Employment</a>',';0;'),(12,'Gifts','<a href=\"http://redcarpetsites.com/gifts/\" name=\"cat_12\" style=\"\">Gifts</a>',';0;'),(13,'Hardware & Software','<a href=\"http://redcarpetsites.com/hardware-software/\" name=\"cat_13\" style=\"\">Hardware & Software</a>',';0;'),(14,'Health & fitness','<a href=\"http://redcarpetsites.com/health-fitness/\" name=\"cat_14\" style=\"\">Health & fitness</a>',';0;'),(15,'Healthcare','<a href=\"http://redcarpetsites.com/healthcare/\" name=\"cat_15\" style=\"\">Healthcare</a>',';0;'),(16,'Heating and Air Conditioning','<a href=\"http://redcarpetsites.com/heating-and-air-conditioning/\" name=\"cat_16\" style=\"\">Heating and Air Conditioning</a>',';0;'),(17,'Home & Garden','<a href=\"http://redcarpetsites.com/home-garden/\" name=\"cat_17\" style=\"\">Home & Garden</a>',';0;'),(18,'Home Improvement & Interiors','<a href=\"http://redcarpetsites.com/home-improvement-interiors/\" name=\"cat_18\" style=\"\">Home Improvement & Interiors</a>',';0;'),(19,'Hotels & Restaurants','<a href=\"http://redcarpetsites.com/hotels-restaurants/\" name=\"cat_19\" style=\"\">Hotels & Restaurants</a>',';0;'),(20,'Insurance Agents and Companies','<a href=\"http://redcarpetsites.com/insurance-agents-and-companies/\" name=\"cat_20\" style=\"\">Insurance Agents and Companies</a>',';0;'),(21,'Law & Politics','<a href=\"http://redcarpetsites.com/law-politics/\" name=\"cat_21\" style=\"\">Law & Politics</a>',';0;'),(22,'Lawyers & Legal Consultants','<a href=\"http://redcarpetsites.com/lawyers-legal-consultants/\" name=\"cat_22\" style=\"\">Lawyers & Legal Consultants</a>',';0;'),(23,'Lifestyle & Relationships','<a href=\"http://redcarpetsites.com/lifestyle-relationships/\" name=\"cat_23\" style=\"\">Lifestyle & Relationships</a>',';0;'),(24,'Medicine & Medical Services','<a href=\"http://redcarpetsites.com/medicine-medical-services/\" name=\"cat_24\" style=\"\">Medicine & Medical Services</a>',';0;'),(25,'Finance','<a href=\"http://redcarpetsites.com/finance/\" name=\"cat_25\" style=\"\">Finance</a>',';0;'),(26,'News & Journals','<a href=\"http://redcarpetsites.com/news-journals/\" name=\"cat_26\" style=\"\">News & Journals</a>',';0;'),(27,'Plumbing & Fitting','<a href=\"http://redcarpetsites.com/plumbing-fitting/\" name=\"cat_27\" style=\"\">Plumbing & Fitting</a>',';0;'),(28,'Real Estate & Agents','<a href=\"http://redcarpetsites.com/real-estate-agents/\" name=\"cat_28\" style=\"\">Real Estate & Agents</a>',';0;'),(29,'Environment & Technology','<a href=\"http://redcarpetsites.com/environment-technology/\" name=\"cat_29\" style=\"\">Environment & Technology</a>',';0;'),(30,'SEO & SMO Marketing','<a href=\"http://redcarpetsites.com/seo-smo-marketing/\" name=\"cat_30\" style=\"\">SEO & SMO Marketing</a>',';0;'),(31,'Online Shopping','<a href=\"http://redcarpetsites.com/online-shopping/\" name=\"cat_31\" style=\"\">Online Shopping</a>',';0;'),(32,'Sports','<a href=\"http://redcarpetsites.com/sports/\" name=\"cat_32\" style=\"\">Sports</a>',';0;'),(33,'Transportation and Logistics Services','<a href=\"http://redcarpetsites.com/transportation-and-logistics-services/\" name=\"cat_33\" style=\"\">Transportation and Logistics Services</a>',';0;'),(34,'Tours & Travel','<a href=\"http://redcarpetsites.com/tours-travel/\" name=\"cat_34\" style=\"\">Tours & Travel</a>',';0;'),(35,'Wedding & Jewellery','<a href=\"http://redcarpetsites.com/wedding-jewellery/\" name=\"cat_35\" style=\"\">Wedding & Jewellery</a>',';0;');

--
-- Table structure for table `idx_category_suggession`
--

CREATE TABLE `idx_category_suggession` (
  `id_cat_suggession` int(11) NOT NULL AUTO_INCREMENT,
  `parent_id` int(11) DEFAULT NULL,
  `name` varchar(255) DEFAULT NULL,
  `category_description` text,
  `date` datetime DEFAULT NULL,
  PRIMARY KEY (`id_cat_suggession`)
) ENGINE=MyISAM DEFAULT CHARSET=latin1;

--
-- Dumping data for table `idx_category_suggession`
--


--
-- Table structure for table `idx_checkurl`
--

CREATE TABLE `idx_checkurl` (
  `link_id` mediumint(9) NOT NULL DEFAULT '0',
  `date` date NOT NULL DEFAULT '0000-00-00',
  `live` char(1) NOT NULL DEFAULT '',
  `reciprocal_found` char(1) NOT NULL DEFAULT '',
  PRIMARY KEY (`link_id`)
) ENGINE=MyISAM DEFAULT CHARSET=latin1;

--
-- Dumping data for table `idx_checkurl`
--


--
-- Table structure for table `idx_cronjobs`
--

CREATE TABLE `idx_cronjobs` (
  `cronjobs_id` int(11) NOT NULL AUTO_INCREMENT,
  `cronjobs_name` varchar(255) DEFAULT NULL,
  `filename` varchar(255) NOT NULL,
  `schedule` varchar(255) NOT NULL,
  `time` datetime NOT NULL,
  `execution` varchar(1) NOT NULL,
  PRIMARY KEY (`cronjobs_id`)
) ENGINE=MyISAM AUTO_INCREMENT=4 DEFAULT CHARSET=latin1;

--
-- Dumping data for table `idx_cronjobs`
--

INSERT INTO `idx_cronjobs` VALUES (1,NULL,'clear_templates_c.php','1,*,*,*,*','0000-00-00 00:00:00',''),(2,NULL,'update_tag_cloud.php','*,24,*,*,*','0000-00-00 00:00:00',''),(3,NULL,'clear_rss_cache.php','*,24,*,*,*','0000-00-00 00:00:00','');

--
-- Table structure for table `idx_custom_field`
--

CREATE TABLE `idx_custom_field` (
  `field_name` varchar(32) NOT NULL DEFAULT '',
  `field_text` varchar(64) NOT NULL DEFAULT '',
  `field_type` enum('TEXT','TEXTAREA','SELECT','MULTISELECT','CHECKBOX','RADIO','FILE','IMAGE','DATE','DATETIME','RICHEDITOR') NOT NULL DEFAULT 'TEXT',
  `field_option` text NOT NULL,
  `field_img_width` int(10) unsigned NOT NULL DEFAULT '0',
  `field_img_height` int(10) unsigned NOT NULL DEFAULT '0',
  `field_file_size` int(10) unsigned NOT NULL DEFAULT '0',
  `field_file_extension` varchar(64) NOT NULL DEFAULT '',
  `required` char(1) NOT NULL DEFAULT '0',
  `searchable` char(1) NOT NULL DEFAULT '1',
  `permission` char(1) NOT NULL DEFAULT '0'
) ENGINE=MyISAM DEFAULT CHARSET=latin1;

--
-- Dumping data for table `idx_custom_field`
--

INSERT INTO `idx_custom_field` VALUES ('image','Image','IMAGE','',0,0,0,'','0','0','2'),('address','Address','TEXT','',0,0,0,'','0','0','0'),('city','City','TEXT','',0,0,0,'','0','0','0'),('state','State','TEXT','',0,0,0,'','0','0','0'),('country','Country','TEXT','',0,0,0,'','0','0','0'),('zip','Zip','TEXT','',0,0,0,'','0','0','0'),('phone','Phone','TEXT','',0,0,0,'','0','0','0'),('fax','Fax','TEXT','',0,0,0,'','0','0','0');

--
-- Table structure for table `idx_default_field`
--

CREATE TABLE `idx_default_field` (
  `field_name` varchar(64) NOT NULL,
  `required` char(1) NOT NULL,
  `visible` char(1) NOT NULL DEFAULT '1',
  `searchable` char(1) NOT NULL DEFAULT '1'
) ENGINE=MyISAM DEFAULT CHARSET=latin1;

--
-- Dumping data for table `idx_default_field`
--

INSERT INTO `idx_default_field` VALUES ('title','1','1','1'),('url','1','1','1'),('description','1','1','1'),('keywords','1','1','0'),('contact_name','1','1','1'),('email','1','1','1'),('reciprocal_url','0','0','1');

--
-- Table structure for table `idx_discount_coupon`
--

CREATE TABLE `idx_discount_coupon` (
  `coupon_id` int(11) NOT NULL AUTO_INCREMENT,
  `coupon_code` varchar(255) DEFAULT NULL,
  `coupon_value` varchar(50) DEFAULT NULL,
  `link_type` varchar(255) DEFAULT NULL,
  `start_date` date DEFAULT NULL,
  `expired_date` date DEFAULT NULL,
  `expired_usage` int(11) DEFAULT NULL,
  `usage_count` int(11) DEFAULT NULL,
  PRIMARY KEY (`coupon_id`)
) ENGINE=MyISAM DEFAULT CHARSET=latin1;

--
-- Dumping data for table `idx_discount_coupon`
--


--
-- Table structure for table `idx_editor`
--

CREATE TABLE `idx_editor` (
  `username` varchar(20) DEFAULT NULL,
  `category_id` mediumint(9) DEFAULT NULL,
  `category` char(1) DEFAULT NULL,
  `link` char(1) DEFAULT NULL,
  `review` char(1) DEFAULT NULL,
  `pick` char(1) DEFAULT NULL,
  `status` char(1) DEFAULT NULL,
  `date` date DEFAULT NULL
) ENGINE=MyISAM DEFAULT CHARSET=latin1;

--
-- Dumping data for table `idx_editor`
--


--
-- Table structure for table `idx_email_template`
--

CREATE TABLE `idx_email_template` (
  `email_template_id` int(10) unsigned NOT NULL AUTO_INCREMENT,
  `name` varchar(255) DEFAULT NULL,
  `subject` varchar(255) DEFAULT NULL,
  `body` text,
  `altbody` text,
  PRIMARY KEY (`email_template_id`)
) ENGINE=MyISAM AUTO_INCREMENT=37 DEFAULT CHARSET=latin1;

--
-- Dumping data for table `idx_email_template`
--



--
-- Table structure for table `idx_favorites`
--

CREATE TABLE `idx_favorites` (
  `favorite_id` int(11) NOT NULL AUTO_INCREMENT,
  `username` varchar(20) DEFAULT NULL,
  `date` date DEFAULT NULL,
  `title` varchar(100) DEFAULT NULL,
  `description` text,
  PRIMARY KEY (`favorite_id`)
) ENGINE=MyISAM AUTO_INCREMENT=8 DEFAULT CHARSET=latin1;

--
-- Dumping data for table `idx_favorites`
--

INSERT INTO `idx_favorites` VALUES (1,'revolutionarycleanin','2011-09-09','My Favorites',NULL),(2,'wefindanydeal','2011-09-09','My Favorites',NULL),(3,'christopercrr95x90','2011-10-18','My Favorites',NULL),(4,'odismohamedc90j67','2011-10-19','My Favorites',NULL),(5,'darwindamiann30t52','2011-10-31','My Favorites',NULL),(6,'orvaleltonu80m16','2011-11-02','My Favorites',NULL),(7,'adaptive84','2011-12-07','My Favorites',NULL);

--
-- Table structure for table `idx_favorites_detail`
--

CREATE TABLE `idx_favorites_detail` (
  `favorite_id` int(11) DEFAULT NULL,
  `link_id` mediumint(9) DEFAULT NULL
) ENGINE=MyISAM DEFAULT CHARSET=latin1;

--
-- Dumping data for table `idx_favorites_detail`
--


--
-- Table structure for table `idx_hook_place`
--

CREATE TABLE `idx_hook_place` (
  `hook_place_id` int(11) NOT NULL AUTO_INCREMENT,
  `filename` varchar(255) DEFAULT NULL,
  `hookname` varchar(255) DEFAULT NULL,
  PRIMARY KEY (`hook_place_id`)
) ENGINE=MyISAM DEFAULT CHARSET=latin1;

--
-- Dumping data for table `idx_hook_place`
--


--
-- Table structure for table `idx_invoice`
--

CREATE TABLE `idx_invoice` (
  `invoice_id` varchar(10) NOT NULL DEFAULT '',
  `invoice_date` date DEFAULT NULL,
  `due_date` date DEFAULT NULL,
  `invoiced_to` text,
  `service` varchar(255) DEFAULT NULL,
  `description` text,
  `total` double(8,2) DEFAULT NULL,
  `comment` text,
  `paid` char(1) DEFAULT NULL,
  `paid_date` date DEFAULT NULL,
  `email` varchar(255) DEFAULT NULL,
  PRIMARY KEY (`invoice_id`)
) ENGINE=MyISAM DEFAULT CHARSET=latin1;

--
-- Dumping data for table `idx_invoice`
--


--
-- Table structure for table `idx_invoice_config`
--

CREATE TABLE `idx_invoice_config` (
  `company` varchar(255) DEFAULT NULL,
  `contact` varchar(255) DEFAULT NULL,
  `address` text,
  `phone` varchar(255) DEFAULT NULL,
  `email` varchar(255) DEFAULT NULL,
  `currency_symbol` varchar(255) DEFAULT '$',
  `currency_code` varchar(255) DEFAULT 'USD'
) ENGINE=MyISAM DEFAULT CHARSET=latin1;

--
-- Dumping data for table `idx_invoice_config`
--

INSERT INTO `idx_invoice_config` VALUES ('Your website / Company','Billing Department','Your address','Your phone #','Billing<name@yourdomain.com>','$','USD');

--
-- Table structure for table `idx_link_temp`
--

CREATE TABLE `idx_link_temp` (
  `vid` mediumint(9) unsigned NOT NULL AUTO_INCREMENT,
  `spam` char(1) NOT NULL DEFAULT '0',
  `link_id` mediumint(9) DEFAULT NULL,
  `category_id` mediumint(9) unsigned NOT NULL DEFAULT '0',
  `title` varchar(100) NOT NULL DEFAULT '',
  `url` text NOT NULL,
  `description` text NOT NULL,
  `contact_name` varchar(100) NOT NULL DEFAULT '',
  `email` varchar(100) NOT NULL DEFAULT '',
  `hits` mediumint(9) DEFAULT NULL,
  `votes` smallint(6) DEFAULT NULL,
  `rating` float(4,2) DEFAULT NULL,
  `date` datetime NOT NULL DEFAULT '0000-00-00 00:00:00',
  `bid` smallint(6) NOT NULL DEFAULT '0',
  `new` char(1) DEFAULT NULL,
  `hot` char(1) DEFAULT NULL,
  `top_rated` char(1) DEFAULT NULL,
  `pick` char(1) DEFAULT NULL,
  `password` varchar(20) DEFAULT NULL,
  `updated` char(1) DEFAULT NULL,
  `reviews` smallint(6) DEFAULT NULL,
  `avg_review` float(4,2) DEFAULT NULL,
  `last_updated` datetime DEFAULT NULL,
  `official_review` text,
  `keywords` varchar(255) DEFAULT NULL,
  `cat1` mediumint(6) NOT NULL DEFAULT '0',
  `cat2` mediumint(6) NOT NULL DEFAULT '0',
  `suspended` char(1) NOT NULL DEFAULT '0',
  `reciprocal_url` varchar(255) DEFAULT NULL,
  `address` varchar(255) DEFAULT NULL,
  `city` varchar(255) DEFAULT NULL,
  `state` varchar(255) DEFAULT NULL,
  `country` varchar(255) DEFAULT NULL,
  `zip` varchar(255) DEFAULT NULL,
  `image` varchar(255) DEFAULT NULL,
  `phone` varchar(255) DEFAULT NULL,
  `fax` varchar(255) DEFAULT NULL,
  PRIMARY KEY (`vid`)
) ENGINE=MyISAM DEFAULT CHARSET=latin1;

--
-- Dumping data for table `idx_link_temp`
--


--
-- Table structure for table `idx_link_temp_user`
--

CREATE TABLE `idx_link_temp_user` (
  `vid` mediumint(9) unsigned NOT NULL DEFAULT '0',
  `username` varchar(20) NOT NULL DEFAULT '',
  PRIMARY KEY (`vid`)
) ENGINE=MyISAM DEFAULT CHARSET=latin1;

--
-- Dumping data for table `idx_link_temp_user`
--


--
-- Table structure for table `idx_link_user`
--

CREATE TABLE `idx_link_user` (
  `link_id` mediumint(9) unsigned NOT NULL DEFAULT '0',
  `username` varchar(20) NOT NULL DEFAULT '',
  PRIMARY KEY (`link_id`)
) ENGINE=MyISAM DEFAULT CHARSET=latin1;

--
-- Dumping data for table `idx_link_user`
--

INSERT INTO `idx_link_user` VALUES (94,'wefindanydeal');

--
-- Table structure for table `idx_mailing_list`
--

CREATE TABLE `idx_mailing_list` (
  `email` varchar(50) NOT NULL DEFAULT '',
  `code` varchar(4) DEFAULT NULL,
  `status` char(1) DEFAULT NULL,
  PRIMARY KEY (`email`)
) ENGINE=MyISAM DEFAULT CHARSET=latin1;

--
-- Dumping data for table `idx_mailing_list`
--


--
-- Table structure for table `idx_message`
--

CREATE TABLE `idx_message` (
  `message_id` smallint(6) NOT NULL AUTO_INCREMENT,
  `date` date DEFAULT NULL,
  `body` text,
  `subject` varchar(100) DEFAULT NULL,
  PRIMARY KEY (`message_id`)
) ENGINE=MyISAM DEFAULT CHARSET=latin1;

--
-- Dumping data for table `idx_message`
--


--
-- Table structure for table `idx_notification`
--

CREATE TABLE `idx_notification` (
  `username` varchar(20) NOT NULL DEFAULT '',
  `category_id` mediumint(9) NOT NULL DEFAULT '0'
) ENGINE=MyISAM DEFAULT CHARSET=latin1;

--
-- Dumping data for table `idx_notification`
--


--
-- Table structure for table `idx_pagerank`
--

CREATE TABLE `idx_pagerank` (
  `link_id` mediumint(8) unsigned NOT NULL DEFAULT '0',
  `engine` char(1) NOT NULL DEFAULT '',
  `rank` tinyint(4) NOT NULL DEFAULT '0',
  `last_update` date NOT NULL DEFAULT '0000-00-00',
  PRIMARY KEY (`link_id`,`engine`)
) ENGINE=MyISAM DEFAULT CHARSET=latin1;

--
-- Dumping data for table `idx_pagerank`
--

INSERT INTO `idx_pagerank` VALUES (19,'g',0,'2012-02-15'),(24,'g',0,'2012-01-05'),(30,'g',0,'2012-02-08'),(64,'g',0,'2012-02-08'),(67,'g',0,'2012-02-08'),(55,'g',0,'2012-02-15'),(35,'g',0,'2012-02-29'),(51,'g',0,'2012-01-06'),(63,'g',0,'2012-02-15'),(68,'g',0,'2012-01-21'),(1,'g',0,'2011-09-05'),(60,'g',0,'2011-12-27'),(65,'g',0,'2012-02-15'),(23,'g',0,'2011-12-27'),(74,'g',0,'2011-12-27'),(77,'g',4,'2011-09-09'),(90,'g',0,'2012-02-15'),(92,'g',0,'2012-02-15'),(93,'g',2,'2011-09-09'),(62,'g',0,'2012-02-15'),(52,'g',0,'2012-02-15'),(9,'g',2,'2011-09-09'),(17,'g',0,'2012-02-15'),(13,'g',0,'2012-02-15'),(18,'g',0,'2012-02-15'),(94,'g',1,'2011-09-09'),(27,'g',0,'2012-02-15'),(22,'g',0,'2012-02-08'),(46,'g',0,'2012-02-08'),(80,'g',0,'2012-02-08'),(58,'g',0,'2012-02-08'),(48,'g',0,'2012-02-29'),(49,'g',0,'2012-02-15'),(45,'g',2,'2011-09-17'),(161,'g',6,'2011-09-17'),(190,'g',0,'2011-09-17'),(91,'g',4,'2011-09-18'),(189,'g',2,'2011-09-18'),(39,'g',0,'2012-02-15'),(187,'g',3,'2011-09-18'),(186,'g',3,'2011-09-18'),(44,'g',6,'2011-09-18'),(188,'g',3,'2011-09-18'),(191,'g',0,'2011-09-18'),(192,'g',0,'2011-09-18'),(50,'g',0,'2011-12-27'),(10,'g',4,'2011-09-18'),(42,'g',0,'2012-02-15'),(21,'g',0,'2011-09-18'),(38,'g',2,'2011-09-18'),(32,'g',0,'2011-09-18'),(31,'g',0,'2012-02-15'),(53,'g',0,'2012-02-16'),(36,'g',0,'2011-12-27'),(37,'g',0,'2011-12-27'),(70,'g',0,'2012-02-08'),(78,'g',0,'2012-02-08'),(101,'g',1,'2011-09-18'),(102,'g',2,'2011-09-18'),(206,'g',0,'2012-02-08'),(207,'g',0,'2012-02-08'),(107,'g',0,'2011-09-18'),(61,'g',0,'2012-01-05'),(11,'g',3,'2011-09-18'),(211,'g',0,'2012-02-13'),(96,'g',0,'2012-02-06'),(33,'g',3,'2011-09-19'),(95,'g',0,'2012-02-29'),(25,'g',0,'2012-02-29'),(59,'g',0,'2012-02-29'),(16,'g',0,'2012-02-29'),(12,'g',4,'2011-09-19'),(182,'g',0,'2011-09-19'),(15,'g',0,'2011-09-19'),(34,'g',2,'2011-09-19'),(29,'g',0,'2012-02-06'),(257,'g',0,'2011-09-19'),(97,'g',0,'2012-02-15'),(228,'g',0,'2012-02-29'),(14,'g',3,'2011-09-19'),(88,'g',0,'2012-02-09'),(72,'g',0,'2012-02-09'),(40,'g',0,'2012-02-10'),(47,'g',0,'2012-02-10'),(6,'g',2,'2011-09-19'),(28,'g',2,'2011-09-19'),(98,'g',0,'2012-02-09'),(7,'g',0,'2011-09-19'),(2,'g',1,'2011-09-19'),(8,'g',2,'2011-09-19'),(5,'g',0,'2011-09-19'),(4,'g',5,'2011-09-19'),(43,'g',0,'2012-02-08'),(20,'g',2,'2011-09-20'),(3,'g',0,'2011-09-20'),(76,'g',0,'2011-09-20'),(66,'g',0,'2012-02-08'),(83,'g',0,'2011-12-21'),(82,'g',6,'2011-09-20'),(86,'g',0,'2011-12-21'),(87,'g',0,'2012-02-15'),(41,'g',0,'2012-02-15'),(85,'g',0,'2012-02-29'),(84,'g',0,'2012-02-29'),(104,'g',2,'2011-09-20'),(26,'g',0,'2011-12-21'),(136,'g',0,'2011-09-24'),(213,'g',0,'2012-02-15'),(202,'g',0,'2012-02-15'),(304,'g',3,'2011-09-26'),(305,'g',3,'2011-09-26'),(73,'g',0,'2012-01-07'),(483,'g',0,'2012-02-13'),(463,'g',0,'2012-02-13'),(310,'g',0,'2012-01-07'),(481,'g',0,'2012-02-29'),(81,'g',0,'2012-02-15'),(89,'g',0,'2012-02-15'),(380,'g',0,'2012-02-15'),(385,'g',0,'2012-02-15'),(372,'g',0,'2012-02-15'),(383,'g',0,'2012-02-15'),(359,'g',0,'2012-02-15'),(378,'g',0,'2012-02-15'),(521,'g',6,'2011-10-03'),(313,'g',2,'2011-10-03'),(306,'g',6,'2011-10-03'),(287,'g',3,'2011-10-03'),(233,'g',4,'2011-10-03'),(284,'g',6,'2011-10-03'),(295,'g',2,'2011-10-03'),(288,'g',0,'2011-10-03'),(550,'g',0,'2012-02-29'),(405,'g',0,'2012-02-15'),(452,'g',0,'2012-01-05'),(319,'g',0,'2012-02-29'),(522,'g',0,'2011-12-16'),(332,'g',0,'2012-02-15'),(404,'g',0,'2012-02-15'),(394,'g',0,'2012-02-09'),(508,'g',0,'2012-02-15'),(361,'g',0,'2012-02-16'),(324,'g',0,'2012-02-15'),(517,'g',0,'2012-02-22'),(503,'g',0,'2012-01-06'),(402,'g',0,'2012-02-15'),(105,'g',2,'2011-10-04'),(323,'g',0,'2012-02-29'),(432,'g',0,'2012-02-15'),(395,'g',0,'2012-02-06'),(375,'g',0,'2012-02-06'),(427,'g',0,'2012-02-15'),(358,'g',0,'2012-02-06'),(520,'g',0,'2012-02-15'),(409,'g',0,'2012-02-16'),(212,'g',0,'2012-02-08'),(510,'g',0,'2012-02-15'),(209,'g',0,'2012-02-08'),(309,'g',0,'2012-02-15'),(480,'g',0,'2012-02-15'),(389,'g',0,'2012-02-29'),(321,'g',0,'2012-02-06'),(325,'g',0,'2012-02-29'),(390,'g',0,'2012-02-08'),(318,'g',0,'2012-02-15'),(317,'g',0,'2012-02-15'),(370,'g',0,'2012-02-15'),(410,'g',0,'2012-02-08'),(314,'g',0,'2012-02-18'),(326,'g',0,'2012-02-15'),(509,'g',0,'2012-02-15'),(401,'g',0,'2012-02-06'),(387,'g',0,'2012-02-06'),(515,'g',0,'2012-02-15'),(312,'g',0,'2011-11-10'),(311,'g',0,'2011-10-05'),(421,'g',0,'2012-02-15'),(75,'g',0,'2012-02-15'),(355,'g',0,'2012-02-15'),(462,'g',0,'2012-02-16'),(362,'g',0,'2012-01-06'),(328,'g',0,'2011-10-05'),(398,'g',0,'2012-02-15'),(408,'g',0,'2012-02-29'),(109,'g',0,'2011-10-05'),(379,'g',0,'2012-02-08'),(518,'g',0,'2012-01-06'),(437,'g',0,'2012-02-10'),(315,'g',0,'2012-01-05'),(366,'g',0,'2012-02-09'),(543,'g',0,'2012-02-15'),(482,'g',0,'2012-02-14'),(477,'g',0,'2012-02-14'),(523,'g',0,'2012-02-15'),(392,'g',0,'2012-02-14'),(478,'g',0,'2012-02-14'),(476,'g',0,'2012-02-15'),(444,'g',0,'2012-02-14'),(320,'g',0,'2012-02-29'),(470,'g',0,'2012-02-15'),(467,'g',0,'2011-10-05'),(443,'g',0,'2012-02-14'),(374,'g',0,'2012-02-12'),(479,'g',0,'2012-02-14'),(414,'g',0,'2012-02-14'),(412,'g',0,'2012-02-14'),(472,'g',0,'2012-02-15'),(511,'g',0,'2012-02-15'),(454,'g',0,'2012-02-15'),(441,'g',0,'2012-02-14'),(440,'g',0,'2012-02-14'),(417,'g',0,'2012-02-14'),(524,'g',0,'2012-02-15'),(456,'g',0,'2012-02-15'),(516,'g',0,'2011-11-19'),(530,'g',0,'2012-02-15'),(442,'g',0,'2012-02-14'),(449,'g',0,'2012-02-15'),(501,'g',0,'2012-02-15'),(507,'g',0,'2012-02-15'),(363,'g',0,'2012-02-11'),(535,'g',0,'2011-10-06'),(436,'g',0,'2012-02-14'),(541,'g',0,'2012-03-04'),(426,'g',0,'2012-02-14'),(418,'g',0,'2012-02-14'),(542,'g',0,'2012-02-15'),(526,'g',0,'2012-02-15'),(381,'g',0,'2012-02-14'),(460,'g',0,'2012-02-15'),(488,'g',0,'2012-02-14'),(529,'g',0,'2011-11-19'),(493,'g',0,'2012-02-15'),(525,'g',0,'2012-02-15'),(448,'g',0,'2012-02-15'),(538,'g',0,'2011-11-17'),(527,'g',0,'2011-10-06'),(195,'g',0,'2011-10-06'),(519,'g',0,'2012-02-15'),(514,'g',0,'2012-02-15'),(194,'g',0,'2011-10-06'),(230,'g',0,'2011-10-06'),(193,'g',0,'2011-10-06'),(118,'g',0,'2011-10-06'),(185,'g',0,'2011-10-06'),(147,'g',0,'2011-10-06'),(126,'g',0,'2011-10-06'),(205,'g',0,'2011-10-06'),(146,'g',0,'2011-10-06'),(131,'g',0,'2011-10-06'),(119,'g',0,'2011-10-06'),(56,'g',0,'2012-02-15'),(127,'g',0,'2011-10-06'),(141,'g',0,'2011-10-06'),(177,'g',0,'2011-10-06'),(204,'g',0,'2011-10-06'),(166,'g',0,'2011-10-06'),(108,'g',0,'2011-10-06'),(54,'g',0,'2012-02-15'),(128,'g',0,'2011-10-06'),(69,'g',0,'2012-02-17'),(103,'g',0,'2011-10-06'),(114,'g',0,'2011-10-06'),(170,'g',0,'2011-10-06'),(181,'g',0,'2011-10-06'),(159,'g',0,'2011-10-06'),(176,'g',0,'2011-10-06'),(132,'g',0,'2011-10-06'),(162,'g',0,'2011-10-06'),(149,'g',0,'2011-10-06'),(110,'g',0,'2011-10-06'),(164,'g',0,'2011-10-06'),(152,'g',0,'2011-10-06'),(172,'g',0,'2011-10-06'),(184,'g',0,'2011-10-06'),(121,'g',0,'2011-10-06'),(139,'g',0,'2011-10-06'),(175,'g',0,'2011-10-06'),(123,'g',0,'2011-10-06'),(133,'g',0,'2011-10-06'),(210,'g',0,'2011-10-06'),(116,'g',0,'2011-10-06'),(120,'g',0,'2011-10-06'),(160,'g',0,'2011-10-06'),(199,'g',0,'2011-10-06'),(137,'g',0,'2011-10-06'),(496,'g',0,'2012-02-15'),(531,'g',0,'2012-02-15'),(396,'g',0,'2012-02-14'),(445,'g',0,'2012-02-14'),(354,'g',0,'2012-02-11'),(494,'g',0,'2012-02-15'),(474,'g',0,'2012-02-15'),(484,'g',0,'2012-02-14'),(455,'g',0,'2011-11-18'),(447,'g',0,'2012-02-14'),(446,'g',0,'2012-02-14'),(485,'g',0,'2012-02-14'),(457,'g',0,'2012-02-15'),(99,'g',0,'2012-02-15'),(500,'g',0,'2012-02-15'),(388,'g',0,'2012-02-14'),(429,'g',0,'2011-10-06'),(536,'g',0,'2012-03-04'),(540,'g',0,'2012-03-04'),(200,'g',0,'2011-10-06'),(528,'g',0,'2011-10-06'),(201,'g',0,'2011-10-06'),(196,'g',0,'2011-10-06'),(231,'g',0,'2011-10-06'),(232,'g',0,'2011-10-06'),(492,'g',0,'2012-02-22'),(435,'g',0,'2012-02-15'),(100,'g',0,'2011-10-06'),(154,'g',0,'2011-10-06'),(171,'g',0,'2011-10-06'),(117,'g',0,'2011-10-06'),(130,'g',0,'2011-10-06'),(122,'g',0,'2011-10-06'),(174,'g',0,'2011-10-06'),(145,'g',0,'2011-10-06'),(150,'g',0,'2011-10-06'),(180,'g',0,'2011-10-06'),(140,'g',0,'2011-10-06'),(144,'g',0,'2011-10-06'),(124,'g',0,'2011-10-06'),(129,'g',0,'2011-10-06'),(198,'g',0,'2012-02-29'),(151,'g',0,'2011-10-06'),(125,'g',0,'2011-10-06'),(148,'g',0,'2011-10-06'),(165,'g',0,'2011-10-06'),(153,'g',0,'2011-10-06'),(169,'g',0,'2011-10-06'),(115,'g',0,'2011-10-06'),(167,'g',0,'2011-10-06'),(135,'g',0,'2011-10-06'),(134,'g',0,'2011-10-06'),(173,'g',0,'2011-10-06'),(179,'g',0,'2011-10-06'),(183,'g',0,'2011-10-06'),(71,'g',0,'2012-02-17'),(106,'g',0,'2011-10-06'),(113,'g',0,'2011-10-06'),(143,'g',0,'2011-10-06'),(79,'g',0,'2012-02-17'),(112,'g',0,'2011-10-06'),(111,'g',0,'2011-10-06'),(489,'g',0,'2012-02-14'),(626,'g',0,'2011-10-06'),(298,'g',0,'2011-10-06'),(237,'g',0,'2011-10-06'),(280,'g',0,'2011-10-06'),(556,'g',0,'2011-11-17'),(453,'g',0,'2012-02-15'),(246,'g',0,'2011-10-06'),(264,'g',0,'2011-10-06'),(300,'g',0,'2011-10-06'),(609,'g',0,'2011-10-06'),(614,'g',0,'2011-10-06'),(242,'g',0,'2011-10-06'),(251,'g',0,'2011-10-06'),(615,'g',0,'2011-10-07'),(367,'g',0,'2011-10-07'),(423,'g',0,'2011-11-16'),(620,'g',0,'2011-11-18'),(220,'g',0,'2011-10-07'),(571,'g',0,'2011-10-07'),(628,'g',0,'2011-10-07'),(613,'g',0,'2011-10-07'),(253,'g',0,'2011-10-07'),(605,'g',0,'2011-10-07'),(226,'g',0,'2011-10-07'),(285,'g',0,'2011-10-07'),(582,'g',0,'2011-10-07'),(331,'g',0,'2011-10-07'),(260,'g',0,'2011-10-07'),(371,'g',0,'2011-10-07'),(588,'g',0,'2011-10-07'),(557,'g',0,'2011-10-07'),(217,'g',0,'2011-10-07'),(544,'g',0,'2012-02-15'),(602,'g',0,'2011-10-07'),(258,'g',0,'2011-10-07'),(597,'g',0,'2011-10-07'),(197,'g',0,'2011-10-07'),(214,'g',0,'2011-10-07'),(142,'g',0,'2011-10-07'),(138,'g',0,'2011-10-07'),(157,'g',0,'2011-10-07'),(495,'g',0,'2012-02-22'),(490,'g',0,'2011-10-07'),(168,'g',0,'2011-10-07'),(155,'g',0,'2011-10-07'),(156,'g',0,'2011-10-07'),(57,'g',0,'2011-12-27'),(163,'g',0,'2011-10-07'),(178,'g',0,'2011-10-07'),(575,'g',0,'2011-10-07'),(616,'g',0,'2011-10-07'),(549,'g',0,'2011-10-07'),(256,'g',0,'2011-10-07'),(554,'g',0,'2012-02-15'),(215,'g',0,'2011-10-07'),(407,'g',0,'2011-10-07'),(268,'g',0,'2011-10-07'),(330,'g',0,'2011-10-07'),(468,'g',0,'2012-03-03'),(567,'g',0,'2011-10-07'),(274,'g',0,'2011-10-07'),(603,'g',0,'2011-10-07'),(617,'g',0,'2011-10-07'),(498,'g',0,'2012-03-03'),(221,'g',0,'2011-10-07'),(576,'g',0,'2011-10-07'),(254,'g',0,'2011-10-07'),(499,'g',0,'2011-11-19'),(247,'g',0,'2011-10-07'),(266,'g',0,'2011-10-07'),(594,'g',0,'2011-11-20'),(625,'g',0,'2011-10-07'),(553,'g',0,'2012-02-15'),(415,'g',0,'2011-10-07'),(218,'g',0,'2011-10-07'),(623,'g',0,'2011-10-07'),(278,'g',0,'2011-10-07'),(551,'g',0,'2012-02-15'),(569,'g',0,'2011-10-07'),(596,'g',0,'2011-10-07'),(572,'g',0,'2011-10-07'),(570,'g',0,'2011-10-07'),(618,'g',0,'2011-10-07'),(629,'g',0,'2011-10-07'),(627,'g',0,'2012-02-29'),(249,'g',0,'2011-10-07'),(240,'g',0,'2011-10-07'),(601,'g',0,'2011-10-07'),(560,'g',0,'2011-10-07'),(424,'g',0,'2011-10-07'),(307,'g',0,'2011-10-07'),(465,'g',0,'2012-03-04'),(610,'g',0,'2011-10-07'),(293,'g',0,'2011-10-07'),(608,'g',0,'2011-10-07'),(552,'g',0,'2012-02-15'),(555,'g',0,'2011-10-07'),(296,'g',0,'2011-10-07'),(598,'g',0,'2011-10-07'),(234,'g',0,'2011-10-07'),(604,'g',0,'2011-10-07'),(592,'g',0,'2011-10-07'),(270,'g',0,'2011-10-07'),(250,'g',0,'2011-10-07'),(577,'g',0,'2011-10-07'),(428,'g',0,'2012-03-04'),(262,'g',0,'2011-10-07'),(282,'g',0,'2011-10-07'),(364,'g',0,'2011-10-07'),(238,'g',0,'2011-10-07'),(272,'g',0,'2011-10-07'),(578,'g',0,'2011-10-07'),(243,'g',0,'2011-10-07'),(252,'g',0,'2011-10-07'),(612,'g',0,'2011-10-07'),(224,'g',0,'2011-10-07'),(579,'g',0,'2011-10-07'),(591,'g',0,'2011-10-07'),(216,'g',0,'2011-10-07'),(506,'g',0,'2012-03-04'),(382,'g',0,'2011-10-07'),(621,'g',0,'2012-02-29'),(235,'g',0,'2011-10-07'),(357,'g',0,'2011-10-07'),(502,'g',0,'2012-03-03'),(558,'g',0,'2011-10-07'),(584,'g',0,'2011-10-07'),(291,'g',0,'2011-10-07'),(236,'g',0,'2011-10-07'),(622,'g',0,'2012-02-29'),(241,'g',0,'2011-10-07'),(611,'g',0,'2011-10-07'),(566,'g',0,'2011-10-07'),(568,'g',0,'2011-10-07'),(599,'g',0,'2011-10-07'),(431,'g',0,'2011-10-07'),(624,'g',0,'2012-02-24'),(561,'g',0,'2011-10-07'),(255,'g',0,'2011-10-07'),(574,'g',0,'2011-10-07'),(563,'g',0,'2011-10-07'),(223,'g',0,'2011-10-07'),(546,'g',0,'2012-02-15'),(222,'g',0,'2011-10-07'),(302,'g',0,'2011-10-07'),(289,'g',0,'2011-10-07'),(565,'g',0,'2011-10-07'),(229,'g',0,'2011-10-07'),(600,'g',0,'2011-10-07'),(276,'g',0,'2011-10-07'),(585,'g',0,'2011-10-07'),(586,'g',0,'2011-10-07'),(562,'g',0,'2011-10-07'),(590,'g',0,'2011-10-07'),(607,'g',0,'2011-10-07'),(219,'g',0,'2011-10-07'),(248,'g',0,'2011-10-07'),(399,'g',0,'2011-10-07'),(619,'g',0,'2011-10-07'),(564,'g',0,'2011-10-07'),(606,'g',0,'2011-10-07'),(896,'g',0,'2012-02-16'),(886,'g',0,'2012-02-09'),(894,'g',0,'2012-02-15'),(450,'g',0,'2012-02-15'),(534,'g',0,'2011-10-08'),(505,'g',0,'2012-02-15'),(466,'g',0,'2012-02-15'),(386,'g',0,'2012-02-14'),(559,'g',0,'2011-10-08'),(471,'g',0,'2012-02-15'),(459,'g',0,'2012-02-15'),(316,'g',0,'2011-12-27'),(539,'g',0,'2012-03-04'),(583,'g',0,'2011-10-08'),(532,'g',0,'2011-10-08'),(384,'g',0,'2012-02-14'),(225,'g',0,'2011-10-08'),(587,'g',0,'2011-10-08'),(227,'g',0,'2011-10-08'),(593,'g',0,'2011-10-08'),(461,'g',0,'2012-02-15'),(875,'g',0,'2012-02-15'),(878,'g',0,'2012-02-15'),(889,'g',0,'2012-02-05'),(884,'g',0,'2012-02-29'),(245,'g',0,'2011-10-08'),(581,'g',0,'2011-10-08'),(239,'g',0,'2011-10-08'),(244,'g',0,'2011-10-08'),(573,'g',0,'2011-10-08'),(329,'g',0,'2011-10-08'),(545,'g',0,'2012-02-15'),(876,'g',0,'2012-02-29'),(902,'g',0,'2011-12-26'),(877,'g',0,'2012-02-21'),(883,'g',0,'2012-02-16'),(589,'g',0,'2011-10-09'),(892,'g',0,'2012-02-15'),(879,'g',0,'2012-02-15'),(458,'g',0,'2012-02-15'),(533,'g',0,'2011-10-09'),(473,'g',0,'2012-02-15'),(491,'g',0,'2012-02-15'),(486,'g',0,'2011-10-09'),(537,'g',0,'2011-10-09'),(512,'g',0,'2012-02-15'),(475,'g',0,'2012-02-15'),(907,'g',0,'2012-02-16'),(991,'g',0,'2012-02-29'),(1013,'g',0,'2012-02-29'),(334,'g',0,'2012-02-29'),(338,'g',0,'2012-02-13'),(333,'g',0,'2012-02-14'),(337,'g',0,'2011-10-12'),(208,'g',0,'2012-02-15'),(203,'g',0,'2012-02-15'),(322,'g',0,'2012-02-22'),(335,'g',0,'2012-02-13'),(336,'g',0,'2012-02-13'),(158,'g',0,'2011-10-12'),(987,'g',0,'2012-01-01'),(1120,'g',0,'2012-02-15'),(1019,'g',0,'2012-02-16'),(947,'g',0,'2012-02-15'),(1093,'g',0,'2012-02-15'),(916,'g',0,'2011-10-15'),(910,'g',0,'2012-02-16'),(941,'g',0,'2012-02-15'),(940,'g',0,'2012-02-15'),(942,'g',0,'2012-02-16'),(926,'g',0,'2012-02-15'),(915,'g',0,'2012-02-15'),(1070,'g',0,'2012-02-15'),(913,'g',0,'2012-02-15'),(938,'g',0,'2012-02-15'),(933,'g',0,'2012-01-06'),(939,'g',0,'2012-01-06'),(1035,'g',0,'2012-02-15'),(912,'g',0,'2012-02-16'),(1017,'g',0,'2012-02-15'),(1043,'g',0,'2012-01-06'),(920,'g',0,'2012-02-16'),(955,'g',0,'2012-02-15'),(1064,'g',0,'2012-02-15'),(1132,'g',0,'2012-02-16'),(1086,'g',0,'2012-02-22'),(964,'g',0,'2012-02-15'),(1069,'g',0,'2012-01-06'),(1073,'g',0,'2012-02-15'),(1133,'g',0,'2012-02-16'),(945,'g',0,'2012-02-15'),(1117,'g',0,'2012-02-09'),(1087,'g',0,'2012-02-15'),(972,'g',0,'2012-02-15'),(1018,'g',0,'2012-01-06'),(960,'g',0,'2012-02-15'),(950,'g',0,'2012-02-10'),(1068,'g',0,'2012-02-15'),(1097,'g',0,'2012-02-15'),(1123,'g',0,'2012-02-08'),(924,'g',0,'2012-02-08'),(1122,'g',0,'2012-02-08'),(497,'g',0,'2011-10-16'),(411,'g',0,'2011-10-16'),(416,'g',0,'2011-10-16'),(406,'g',0,'2011-10-16'),(391,'g',0,'2011-10-16'),(469,'g',0,'2011-10-16'),(397,'g',0,'2011-10-16'),(400,'g',0,'2011-10-16'),(487,'g',0,'2011-10-16'),(630,'g',0,'2011-10-16'),(976,'g',0,'2012-01-06'),(1071,'g',0,'2012-02-15'),(1072,'g',0,'2012-02-20'),(922,'g',0,'2012-01-06'),(1173,'g',0,'2012-02-15'),(1161,'g',0,'2012-02-20'),(1170,'g',0,'2012-02-15'),(1193,'g',0,'2012-01-07'),(971,'g',0,'2011-10-16'),(925,'g',0,'2011-10-16'),(643,'g',0,'2011-10-16'),(673,'g',0,'2011-10-16'),(649,'g',0,'2011-10-16'),(923,'g',0,'2011-10-16'),(887,'g',0,'2011-10-16'),(637,'g',0,'2011-10-16'),(1037,'g',0,'2011-10-16'),(1039,'g',0,'2011-10-16'),(873,'g',0,'2012-02-29'),(1233,'g',0,'2012-02-16'),(1157,'g',0,'2012-02-22'),(1195,'g',0,'2012-02-08'),(1245,'g',0,'2012-02-09'),(1158,'g',0,'2012-02-15'),(1178,'g',0,'2012-01-06'),(1188,'g',0,'2012-02-09'),(1171,'g',0,'2012-02-15'),(1201,'g',0,'2012-02-10'),(1197,'g',0,'2012-02-09'),(1234,'g',0,'2012-02-15'),(1190,'g',0,'2012-02-15'),(1163,'g',0,'2012-02-08'),(1116,'g',0,'2012-02-20'),(1100,'g',0,'2012-02-21'),(1028,'g',0,'2012-02-21'),(928,'g',0,'2012-02-15'),(899,'g',0,'2012-02-15'),(895,'g',0,'2011-12-16'),(1060,'g',0,'2012-02-15'),(1050,'g',0,'2012-03-05'),(881,'g',0,'2012-03-05'),(882,'g',0,'2012-03-05'),(990,'g',0,'2012-03-05'),(1051,'g',0,'2011-10-19'),(1176,'g',0,'2012-02-15'),(1174,'g',0,'2012-02-29'),(1164,'g',0,'2012-02-29'),(919,'g',0,'2012-02-08'),(893,'g',0,'2012-02-08'),(1140,'g',0,'2012-02-15'),(1141,'g',0,'2012-02-15'),(880,'g',0,'2012-02-15'),(595,'g',0,'2012-02-16'),(1146,'g',0,'2012-02-15'),(1220,'g',0,'2012-02-15'),(1144,'g',0,'2012-02-16'),(1145,'g',0,'2012-02-15'),(419,'g',0,'2012-02-06'),(1180,'g',0,'2012-02-15'),(1054,'g',0,'2012-03-05'),(548,'g',0,'2012-02-09'),(1169,'g',0,'2012-02-29'),(930,'g',0,'2012-02-08'),(935,'g',0,'2012-02-08'),(1208,'g',0,'2012-02-08'),(1199,'g',0,'2012-02-08'),(1067,'g',0,'2012-02-08'),(1207,'g',0,'2012-02-08'),(1229,'g',0,'2012-02-21'),(1204,'g',0,'2012-01-18'),(1119,'g',0,'2012-02-15'),(1118,'g',0,'2012-02-11'),(1137,'g',0,'2012-02-21'),(1130,'g',0,'2012-02-15'),(1177,'g',0,'2012-02-15'),(996,'g',0,'2011-10-21'),(999,'g',0,'2011-10-21'),(1029,'g',0,'2011-10-21'),(1025,'g',0,'2011-10-21'),(985,'g',0,'2012-02-14'),(1001,'g',0,'2011-10-21'),(1066,'g',0,'2011-10-21'),(1036,'g',0,'2011-10-21'),(1077,'g',0,'2011-10-21'),(1023,'g',0,'2011-10-21'),(365,'g',0,'2012-02-29'),(360,'g',0,'2011-10-22'),(327,'g',0,'2012-02-29'),(376,'g',0,'2012-02-20'),(373,'g',0,'2012-02-08'),(308,'g',0,'2012-02-08'),(504,'g',0,'2012-02-15'),(438,'g',0,'2011-10-27'),(422,'g',0,'2012-03-02'),(962,'g',0,'2011-10-27'),(403,'g',0,'2011-10-27'),(420,'g',0,'2011-10-27'),(393,'g',0,'2011-10-27'),(927,'g',0,'2011-10-27'),(377,'g',0,'2011-10-27'),(1011,'g',0,'2011-10-27'),(1548,'g',0,'2011-10-28'),(1655,'g',0,'2011-10-28'),(1711,'g',0,'2011-10-28'),(1597,'g',0,'2011-10-28'),(1700,'g',0,'2011-10-28'),(1710,'g',0,'2011-10-28'),(1708,'g',0,'2011-10-28'),(1714,'g',0,'2011-10-28'),(1702,'g',0,'2011-10-28'),(1715,'g',0,'2011-10-28'),(1707,'g',0,'2011-10-28'),(1716,'g',0,'2011-10-28'),(1706,'g',0,'2011-10-28'),(1500,'g',0,'2011-10-28'),(1418,'g',0,'2011-10-28'),(1449,'g',0,'2011-10-28'),(1451,'g',0,'2011-10-28'),(1453,'g',0,'2011-10-28'),(1533,'g',0,'2011-10-28'),(1420,'g',0,'2011-10-28'),(1703,'g',0,'2011-12-02'),(1713,'g',0,'2011-12-02'),(1697,'g',0,'2011-12-02'),(1701,'g',0,'2011-12-02'),(1531,'g',0,'2011-11-28'),(1498,'g',0,'2011-11-28'),(1404,'g',0,'2011-11-28'),(1437,'g',0,'2011-11-28'),(1667,'g',0,'2011-10-28'),(1624,'g',0,'2011-10-28'),(1666,'g',0,'2011-10-28'),(1619,'g',0,'2011-10-28'),(1669,'g',0,'2011-10-28'),(1694,'g',0,'2011-10-28'),(1698,'g',0,'2011-10-29'),(1560,'g',0,'2011-10-29'),(1571,'g',0,'2011-10-29'),(1621,'g',0,'2011-10-29'),(1355,'g',0,'2011-10-29'),(874,'g',0,'2011-10-29'),(891,'g',0,'2011-10-29'),(1278,'g',0,'2011-10-29'),(1276,'g',0,'2011-10-29'),(1322,'g',0,'2011-10-29'),(1303,'g',0,'2011-10-29'),(1307,'g',0,'2011-10-29'),(1360,'g',0,'2011-10-29'),(1358,'g',0,'2011-10-29'),(1338,'g',0,'2011-11-28'),(1635,'g',0,'2011-11-28'),(1586,'g',0,'2011-11-28'),(1371,'g',0,'2011-11-28'),(1683,'g',0,'2011-11-28'),(1513,'g',0,'2011-10-30'),(1654,'g',0,'2011-10-30'),(1705,'g',0,'2011-10-30'),(1670,'g',0,'2011-10-30'),(1709,'g',0,'2011-10-30'),(1501,'g',0,'2011-10-30'),(1665,'g',0,'2011-10-30'),(1679,'g',0,'2011-10-30'),(1618,'g',0,'2011-10-30'),(1668,'g',0,'2011-10-30'),(1568,'g',0,'2011-10-30'),(2096,'g',0,'2011-10-30'),(2047,'g',0,'2011-10-30'),(2078,'g',0,'2011-10-30'),(2011,'g',0,'2011-10-30'),(1530,'g',0,'2011-10-31'),(1576,'g',0,'2011-10-31'),(1537,'g',0,'2011-10-31'),(1539,'g',0,'2011-10-31'),(1519,'g',0,'2011-10-31'),(1509,'g',0,'2011-10-31'),(1570,'g',0,'2011-10-31'),(1534,'g',0,'2011-10-31'),(1558,'g',0,'2011-10-31'),(1522,'g',0,'2011-10-31'),(1645,'g',0,'2011-10-31'),(1664,'g',0,'2011-10-31'),(1648,'g',0,'2011-10-31'),(1687,'g',0,'2011-10-31'),(1651,'g',0,'2011-10-31'),(1583,'g',0,'2011-11-01'),(1565,'g',0,'2011-11-01'),(1696,'g',0,'2011-11-01'),(1596,'g',0,'2011-11-01'),(1632,'g',0,'2011-11-01'),(1614,'g',0,'2011-11-01'),(1615,'g',0,'2011-11-01'),(1644,'g',0,'2011-11-01'),(1638,'g',0,'2011-11-01'),(1641,'g',0,'2011-11-01'),(1637,'g',0,'2011-11-01'),(1653,'g',0,'2011-11-01'),(1647,'g',0,'2011-11-01'),(1608,'g',0,'2011-11-01'),(1686,'g',0,'2011-11-01'),(1650,'g',0,'2011-11-01'),(1688,'g',0,'2011-11-01'),(1846,'g',0,'2011-11-01'),(1889,'g',0,'2011-11-01'),(1780,'g',0,'2011-11-01'),(1824,'g',0,'2011-11-01'),(1692,'g',0,'2011-11-02'),(1620,'g',0,'2011-11-02'),(1680,'g',0,'2011-11-02'),(1661,'g',0,'2011-11-02'),(1640,'g',0,'2011-11-02'),(1584,'g',0,'2011-11-02'),(1481,'g',0,'2011-11-03'),(1377,'g',0,'2011-11-03'),(1313,'g',0,'2011-11-03'),(1325,'g',0,'2011-11-03'),(1292,'g',0,'2011-11-03'),(1344,'g',0,'2011-11-03'),(1281,'g',0,'2011-11-03'),(1448,'g',0,'2011-11-03'),(1525,'g',0,'2011-11-03'),(1523,'g',0,'2011-11-03'),(1521,'g',0,'2011-11-03'),(1543,'g',0,'2011-11-03'),(1527,'g',0,'2011-11-03'),(1473,'g',0,'2011-11-04'),(1547,'g',0,'2011-11-04'),(1514,'g',0,'2011-11-04'),(1450,'g',0,'2011-11-04'),(1483,'g',0,'2011-11-04'),(1712,'g',0,'2011-11-04'),(1699,'g',0,'2011-11-04'),(1626,'g',0,'2011-11-04'),(1591,'g',0,'2011-11-04'),(1580,'g',0,'2011-11-04'),(1554,'g',0,'2011-11-04'),(1285,'g',0,'2011-11-04'),(1690,'g',0,'2011-11-04'),(1532,'g',0,'2011-11-04'),(1573,'g',0,'2011-11-04'),(1429,'g',0,'2011-11-04'),(1657,'g',0,'2011-11-04'),(1607,'g',0,'2011-11-04'),(1511,'g',0,'2011-11-04'),(1575,'g',0,'2011-11-04'),(1579,'g',0,'2011-11-04'),(4193,'g',0,'2011-11-04'),(2827,'g',0,'2011-11-04'),(2398,'g',0,'2011-11-04'),(1577,'g',0,'2011-11-04'),(1749,'g',0,'2011-11-04'),(1704,'g',0,'2011-11-04'),(1536,'g',0,'2011-11-04'),(4842,'g',0,'2011-11-04'),(1852,'g',0,'2011-11-04'),(1623,'g',0,'2011-11-04'),(1544,'g',0,'2011-11-04'),(1267,'g',0,'2011-11-04'),(1630,'g',0,'2011-11-04'),(1396,'g',0,'2011-11-04'),(1535,'g',0,'2011-11-04'),(1502,'g',0,'2011-11-04'),(1627,'g',0,'2011-11-04'),(2690,'g',0,'2011-11-04'),(1370,'g',0,'2011-11-04'),(1930,'g',0,'2011-11-04'),(1403,'g',0,'2011-11-04'),(1304,'g',0,'2011-11-04'),(1559,'g',0,'2011-11-04'),(1337,'g',0,'2011-11-04'),(1633,'g',0,'2011-11-04'),(1721,'g',0,'2011-11-04'),(1542,'g',0,'2011-11-04'),(1656,'g',0,'2011-11-04'),(1485,'g',0,'2011-11-04'),(1452,'g',0,'2011-11-04'),(1588,'g',0,'2011-11-04'),(1917,'g',0,'2011-11-04'),(1609,'g',0,'2011-11-04'),(1504,'g',0,'2011-11-08'),(1506,'g',0,'2011-11-08'),(1505,'g',0,'2011-11-08'),(1487,'g',0,'2011-11-08'),(1389,'g',0,'2011-11-15'),(1863,'g',0,'2011-11-15'),(1998,'g',0,'2011-11-15'),(1928,'g',0,'2011-11-15'),(1826,'g',0,'2011-11-15'),(1817,'g',0,'2011-11-15'),(2005,'g',0,'2011-11-15'),(1760,'g',0,'2011-11-15'),(1350,'g',0,'2011-11-15'),(1354,'g',0,'2011-11-15'),(1324,'g',0,'2011-11-15'),(1357,'g',0,'2011-11-15'),(1332,'g',0,'2011-11-15'),(1342,'g',0,'2011-11-15'),(1334,'g',0,'2011-11-15'),(1462,'g',0,'2011-11-16'),(1545,'g',0,'2011-11-16'),(1482,'g',0,'2011-11-16'),(1461,'g',0,'2011-11-16'),(1538,'g',0,'2011-11-16'),(1563,'g',0,'2011-11-16'),(1553,'g',0,'2011-11-16'),(1566,'g',0,'2011-11-16'),(1555,'g',0,'2011-11-16'),(1550,'g',0,'2011-11-16'),(1572,'g',0,'2011-11-16'),(1691,'g',0,'2011-11-16'),(1677,'g',0,'2011-11-16'),(1339,'g',0,'2011-11-16'),(1590,'g',0,'2011-11-16'),(1600,'g',0,'2011-11-16'),(1582,'g',0,'2011-11-16'),(1567,'g',0,'2011-11-16'),(1569,'g',0,'2011-11-16'),(1327,'g',0,'2011-11-16'),(1335,'g',0,'2011-11-16'),(1695,'g',0,'2011-11-16'),(1676,'g',0,'2011-11-16'),(1681,'g',0,'2011-11-16'),(1674,'g',0,'2011-11-16'),(1678,'g',0,'2011-11-16'),(1503,'g',0,'2011-11-16'),(1495,'g',0,'2011-11-16'),(1515,'g',0,'2011-11-16'),(1493,'g',0,'2011-11-16'),(1520,'g',0,'2011-11-16'),(1512,'g',0,'2011-11-17'),(1424,'g',0,'2011-11-17'),(1415,'g',0,'2011-11-17'),(1428,'g',0,'2011-11-17'),(1457,'g',0,'2011-11-17'),(1435,'g',0,'2011-11-17'),(1402,'g',0,'2011-11-17'),(1444,'g',0,'2011-11-17'),(1427,'g',0,'2011-11-17'),(1419,'g',0,'2011-11-17'),(1460,'g',0,'2011-11-17'),(1631,'g',0,'2011-11-17'),(1646,'g',0,'2011-11-17'),(1629,'g',0,'2011-11-17'),(1643,'g',0,'2011-11-17'),(1628,'g',0,'2011-11-17'),(1617,'g',0,'2011-11-17'),(1658,'g',0,'2011-11-17'),(1636,'g',0,'2011-11-17'),(1662,'g',0,'2011-11-17'),(1652,'g',0,'2011-11-17'),(1528,'g',0,'2011-11-17'),(1387,'g',0,'2011-11-17'),(1383,'g',0,'2011-11-17'),(1386,'g',0,'2011-11-17'),(1394,'g',0,'2011-11-17'),(1375,'g',0,'2011-11-17'),(1397,'g',0,'2011-11-17'),(1382,'g',0,'2011-11-17'),(1367,'g',0,'2011-11-17'),(1365,'g',0,'2011-11-17'),(1364,'g',0,'2011-11-17'),(9392,'g',0,'2011-11-18'),(9378,'g',0,'2012-02-15'),(9405,'g',0,'2011-11-18'),(9442,'g',0,'2011-11-18'),(9489,'g',0,'2011-11-18'),(9399,'g',0,'2011-11-18'),(9355,'g',0,'2011-11-18'),(9454,'g',0,'2011-11-18'),(9344,'g',0,'2011-11-18'),(9441,'g',0,'2011-11-18'),(1478,'g',0,'2011-11-19'),(1416,'g',0,'2011-11-19'),(1378,'g',0,'2011-11-19'),(1411,'g',0,'2011-11-19'),(1440,'g',0,'2011-11-19'),(1182,'g',0,'2011-11-19'),(1352,'g',0,'2011-11-19'),(1385,'g',0,'2011-11-19'),(949,'g',0,'2012-03-04'),(903,'g',0,'2011-11-20'),(906,'g',0,'2011-11-20'),(911,'g',0,'2011-11-20'),(1273,'g',0,'2011-11-20'),(1311,'g',0,'2011-11-20'),(1295,'g',0,'2011-11-20'),(1271,'g',0,'2011-11-20'),(1306,'g',0,'2011-11-20'),(1294,'g',0,'2011-11-20'),(1302,'g',0,'2011-11-20'),(1280,'g',0,'2011-11-20'),(1297,'g',0,'2011-11-20'),(1272,'g',0,'2011-11-20'),(1309,'g',0,'2011-11-20'),(11789,'g',0,'2011-11-21'),(11853,'g',0,'2011-11-21'),(11792,'g',0,'2011-11-21'),(1368,'g',0,'2011-11-23'),(1423,'g',0,'2011-11-23'),(1390,'g',0,'2011-11-23'),(1425,'g',0,'2011-11-23'),(1392,'g',0,'2011-11-23'),(1401,'g',0,'2011-11-23'),(1438,'g',0,'2011-11-23'),(1373,'g',0,'2011-11-23'),(1432,'g',0,'2011-11-23'),(1112,'g',0,'2012-02-14'),(1110,'g',0,'2011-11-23'),(1147,'g',0,'2011-11-23'),(1099,'g',0,'2011-11-23'),(1131,'g',0,'2011-11-23'),(1106,'g',0,'2011-11-23'),(1108,'g',0,'2011-11-23'),(1090,'g',0,'2011-11-23'),(1089,'g',0,'2011-11-23'),(1109,'g',0,'2011-11-23'),(1408,'g',0,'2011-11-23'),(2562,'g',0,'2011-11-23'),(2405,'g',0,'2011-11-23'),(2315,'g',0,'2011-11-23'),(2449,'g',0,'2011-11-23'),(2349,'g',0,'2011-11-23'),(2325,'g',0,'2011-11-23'),(2410,'g',0,'2011-11-23'),(2425,'g',0,'2011-11-23'),(2478,'g',0,'2011-11-24'),(2386,'g',0,'2011-11-24'),(439,'g',0,'2012-02-13'),(434,'g',0,'2012-02-06'),(1431,'g',0,'2011-11-26'),(1395,'g',0,'2011-11-26'),(1398,'g',0,'2011-11-26'),(425,'g',0,'2011-11-26'),(430,'g',0,'2011-11-26'),(413,'g',0,'2011-11-26'),(368,'g',0,'2011-11-26'),(11998,'g',0,'2011-11-27'),(11937,'g',0,'2011-11-27'),(12025,'g',0,'2011-11-27'),(11934,'g',0,'2011-11-27'),(12046,'g',0,'2011-11-27'),(12024,'g',0,'2011-11-27'),(12026,'g',0,'2011-11-27'),(888,'g',0,'2012-02-29'),(934,'g',0,'2011-11-27'),(1406,'g',0,'2011-11-27'),(1269,'g',0,'2011-11-27'),(1439,'g',0,'2011-11-27'),(1289,'g',0,'2011-11-27'),(1517,'g',0,'2011-11-27'),(1490,'g',0,'2011-11-27'),(1492,'g',0,'2011-11-27'),(1494,'g',0,'2011-11-27'),(1499,'g',0,'2011-11-27'),(1488,'g',0,'2011-11-27'),(1510,'g',0,'2011-11-27'),(1349,'g',0,'2011-11-27'),(1345,'g',0,'2011-11-27'),(1340,'g',0,'2011-11-27'),(1343,'g',0,'2011-11-27'),(1314,'g',0,'2011-11-27'),(1323,'g',0,'2011-11-27'),(1347,'g',0,'2011-11-27'),(1316,'g',0,'2011-11-27'),(1312,'g',0,'2011-11-27'),(1341,'g',0,'2011-11-27'),(12115,'g',0,'2011-11-30'),(12088,'g',0,'2011-11-30'),(12086,'g',0,'2011-11-30'),(12028,'g',0,'2011-12-01'),(12087,'g',0,'2011-12-01'),(1274,'g',0,'2011-12-06'),(1299,'g',0,'2011-12-06'),(1426,'g',0,'2011-12-06'),(1459,'g',0,'2011-12-06'),(723,'g',0,'2011-12-09'),(715,'g',0,'2011-12-09'),(706,'g',0,'2011-12-09'),(694,'g',0,'2011-12-09'),(719,'g',0,'2011-12-09'),(952,'g',0,'2011-12-09'),(937,'g',0,'2011-12-09'),(764,'g',0,'2011-12-09'),(760,'g',0,'2011-12-09'),(762,'g',0,'2011-12-09'),(757,'g',0,'2011-12-09'),(759,'g',0,'2011-12-09'),(756,'g',0,'2011-12-09'),(761,'g',0,'2011-12-09'),(758,'g',0,'2011-12-09'),(900,'g',0,'2011-12-09'),(763,'g',0,'2011-12-09'),(897,'g',0,'2011-12-09'),(914,'g',0,'2011-12-09'),(995,'g',0,'2011-12-09'),(905,'g',0,'2011-12-09'),(749,'g',0,'2011-12-09'),(731,'g',0,'2011-12-09'),(743,'g',0,'2011-12-09'),(735,'g',0,'2011-12-09'),(738,'g',0,'2011-12-09'),(753,'g',0,'2011-12-09'),(701,'g',0,'2011-12-09'),(711,'g',0,'2011-12-09'),(726,'g',0,'2011-12-09'),(1376,'g',0,'2011-12-09'),(1728,'g',0,'2011-12-09'),(1761,'g',0,'2011-12-09'),(1735,'g',0,'2011-12-09'),(1784,'g',0,'2011-12-09'),(1258,'g',0,'2011-12-09'),(1724,'g',0,'2011-12-09'),(1785,'g',0,'2011-12-09'),(1734,'g',0,'2011-12-09'),(1192,'g',0,'2011-12-09'),(1726,'g',0,'2011-12-09'),(1005,'g',0,'2011-12-09'),(1014,'g',0,'2011-12-09'),(1927,'g',0,'2011-12-09'),(1809,'g',0,'2011-12-09'),(1024,'g',0,'2011-12-09'),(1925,'g',0,'2011-12-09'),(1850,'g',0,'2011-12-09'),(1908,'g',0,'2011-12-09'),(1904,'g',0,'2011-12-10'),(1903,'g',0,'2011-12-10'),(1923,'g',0,'2011-12-10'),(1893,'g',0,'2011-12-10'),(1831,'g',0,'2011-12-10'),(1047,'g',0,'2011-12-10'),(1124,'g',0,'2011-12-10'),(1113,'g',0,'2011-12-10'),(1153,'g',0,'2011-12-10'),(1026,'g',0,'2011-12-10'),(12146,'g',0,'2012-02-29'),(1052,'g',0,'2011-12-10'),(1046,'g',0,'2011-12-10'),(1143,'g',0,'2011-12-10'),(1111,'g',0,'2011-12-10'),(1393,'g',0,'2011-12-10'),(1388,'g',0,'2011-12-10'),(12348,'g',0,'2012-02-29'),(1391,'g',0,'2011-12-10'),(1400,'g',0,'2011-12-10'),(3250,'g',0,'2011-12-10'),(3275,'g',0,'2011-12-10'),(3233,'g',0,'2011-12-10'),(3207,'g',0,'2011-12-10'),(12150,'g',0,'2011-12-10'),(3289,'g',0,'2011-12-10'),(3274,'g',0,'2011-12-10'),(3231,'g',0,'2011-12-10'),(3292,'g',0,'2011-12-10'),(3284,'g',0,'2011-12-10'),(3419,'g',0,'2011-12-10'),(12152,'g',0,'2012-02-29'),(3290,'g',0,'2011-12-10'),(3435,'g',0,'2011-12-10'),(3439,'g',0,'2011-12-10'),(3518,'g',0,'2011-12-10'),(2946,'g',0,'2011-12-10'),(2945,'g',0,'2011-12-10'),(2995,'g',0,'2011-12-10'),(2934,'g',0,'2011-12-10'),(2999,'g',0,'2011-12-10'),(2977,'g',0,'2011-12-10'),(2998,'g',0,'2011-12-10'),(2991,'g',0,'2011-12-10'),(12153,'g',0,'2011-12-10'),(2937,'g',0,'2011-12-10'),(2942,'g',0,'2011-12-10'),(3464,'g',0,'2011-12-10'),(3405,'g',0,'2011-12-10'),(3546,'g',0,'2011-12-10'),(3505,'g',0,'2011-12-10'),(12154,'g',0,'2012-02-29'),(3530,'g',0,'2011-12-10'),(3503,'g',0,'2011-12-10'),(2015,'g',0,'2011-12-10'),(1957,'g',0,'2011-12-10'),(2043,'g',0,'2011-12-11'),(2025,'g',0,'2011-12-11'),(12147,'g',0,'2012-02-29'),(1968,'g',0,'2011-12-11'),(1990,'g',0,'2011-12-11'),(1966,'g',0,'2011-12-11'),(1992,'g',0,'2011-12-11'),(1942,'g',0,'2011-12-11'),(1988,'g',0,'2011-12-11'),(2075,'g',0,'2011-12-11'),(2061,'g',0,'2011-12-11'),(2046,'g',0,'2011-12-11'),(2115,'g',0,'2011-12-11'),(2097,'g',0,'2011-12-11'),(2055,'g',0,'2011-12-11'),(2076,'g',0,'2011-12-11'),(2083,'g',0,'2011-12-11'),(2051,'g',0,'2011-12-11'),(3388,'g',0,'2011-12-11'),(3306,'g',0,'2011-12-11'),(3390,'g',0,'2011-12-11'),(3395,'g',0,'2011-12-11'),(3315,'g',0,'2011-12-11'),(3317,'g',0,'2011-12-11'),(3337,'g',0,'2011-12-11'),(3293,'g',0,'2011-12-11'),(3404,'g',0,'2011-12-11'),(3373,'g',0,'2011-12-11'),(2112,'g',0,'2011-12-11'),(3047,'g',0,'2011-12-11'),(3056,'g',0,'2011-12-11'),(3058,'g',0,'2011-12-11'),(3003,'g',0,'2011-12-11'),(3033,'g',0,'2011-12-11'),(3016,'g',0,'2011-12-11'),(3082,'g',0,'2011-12-11'),(3081,'g',0,'2011-12-11'),(3113,'g',0,'2011-12-11'),(3089,'g',0,'2011-12-11'),(1421,'g',0,'2011-12-11'),(1409,'g',0,'2011-12-11'),(7587,'g',0,'2012-01-14'),(6224,'g',0,'2012-02-15'),(8701,'g',0,'2012-02-12'),(7386,'g',0,'2012-02-15'),(5160,'g',0,'2012-01-12'),(7945,'g',0,'2012-02-15'),(9011,'g',0,'2011-12-14'),(8671,'g',0,'2012-02-13'),(12482,'g',0,'2012-02-29'),(1041,'g',0,'2011-12-15'),(4984,'g',0,'2011-12-15'),(1030,'g',0,'2011-12-15'),(4819,'g',0,'2011-12-15'),(1214,'g',0,'2011-12-15'),(1040,'g',0,'2011-12-15'),(1134,'g',0,'2011-12-15'),(1056,'g',0,'2011-12-15'),(1103,'g',0,'2011-12-15'),(1191,'g',0,'2011-12-15'),(1213,'g',0,'2011-12-15'),(1222,'g',0,'2011-12-15'),(1200,'g',0,'2011-12-15'),(1216,'g',0,'2011-12-15'),(1185,'g',0,'2011-12-15'),(1189,'g',0,'2011-12-15'),(1225,'g',0,'2011-12-15'),(1210,'g',0,'2011-12-15'),(1226,'g',0,'2011-12-15'),(7539,'g',0,'2012-02-15'),(9037,'g',0,'2012-02-15'),(7007,'g',0,'2012-02-15'),(7290,'g',0,'2012-02-15'),(1078,'g',0,'2012-02-15'),(4962,'g',0,'2012-02-15'),(10708,'g',0,'2012-02-15'),(12286,'g',0,'2012-02-12'),(8232,'g',0,'2012-02-22'),(890,'g',0,'2011-12-16'),(904,'g',0,'2011-12-16'),(943,'g',0,'2011-12-16'),(901,'g',0,'2011-12-16'),(936,'g',0,'2011-12-16'),(908,'g',0,'2011-12-16'),(957,'g',0,'2011-12-16'),(984,'g',0,'2011-12-16'),(929,'g',0,'2011-12-16'),(965,'g',0,'2011-12-16'),(12477,'g',0,'2012-02-08'),(9933,'g',0,'2012-03-06'),(9513,'g',0,'2011-12-17'),(8967,'g',0,'2012-02-15'),(8746,'g',0,'2012-02-29'),(10782,'g',0,'2012-02-29'),(12475,'g',0,'2012-02-29'),(5395,'g',0,'2011-12-19'),(12507,'g',0,'2012-02-15'),(12495,'g',0,'2011-12-22'),(12274,'g',0,'2012-01-24'),(12301,'g',0,'2012-01-24'),(12479,'g',0,'2012-01-24'),(12302,'g',0,'2012-01-24'),(12342,'g',0,'2012-01-24'),(12300,'g',0,'2012-01-24'),(12327,'g',0,'2012-01-24'),(12322,'g',0,'2012-01-24'),(12210,'g',0,'2012-01-24'),(12213,'g',0,'2012-01-24'),(2408,'g',0,'2012-02-08'),(12528,'g',0,'2012-02-29'),(547,'g',0,'2011-12-29'),(513,'g',0,'2011-12-29'),(885,'g',0,'2011-12-29'),(464,'g',0,'2011-12-29'),(433,'g',0,'2011-12-29'),(451,'g',0,'2011-12-29'),(12304,'g',0,'2012-03-03'),(12363,'g',0,'2012-03-03'),(12392,'g',0,'2011-12-30'),(12365,'g',0,'2012-02-29'),(12364,'g',0,'2012-03-03'),(12509,'g',0,'2012-02-15'),(12610,'g',0,'2012-02-15'),(12516,'g',0,'2012-01-01'),(12564,'g',0,'2012-01-01'),(12552,'g',0,'2012-01-01'),(12609,'g',0,'2012-01-01'),(12530,'g',0,'2012-02-29'),(12513,'g',0,'2012-01-01'),(12608,'g',0,'2012-01-01'),(12517,'g',0,'2012-01-01'),(12515,'g',0,'2012-01-01'),(12531,'g',0,'2012-02-29'),(12536,'g',0,'2012-01-01'),(12457,'g',0,'2012-01-02'),(12425,'g',0,'2012-01-02'),(12442,'g',0,'2012-01-02'),(12464,'g',0,'2012-01-02'),(12422,'g',0,'2012-01-02'),(12430,'g',0,'2012-01-02'),(12460,'g',0,'2012-01-02'),(12455,'g',0,'2012-01-02'),(12459,'g',0,'2012-01-03'),(12446,'g',0,'2012-01-03'),(12631,'g',0,'2012-02-15'),(12377,'g',0,'2012-01-05'),(12419,'g',0,'2012-01-05'),(12369,'g',0,'2012-01-05'),(12360,'g',0,'2012-01-06'),(12358,'g',0,'2012-01-06'),(8641,'g',0,'2012-01-07'),(12391,'g',0,'2012-02-16'),(8474,'g',0,'2012-01-07'),(5124,'g',0,'2012-01-10'),(5272,'g',0,'2012-01-10'),(5072,'g',0,'2012-01-10'),(5383,'g',0,'2012-01-10'),(5348,'g',0,'2012-01-10'),(5135,'g',0,'2012-01-10'),(5223,'g',0,'2012-01-10'),(5658,'g',0,'2012-01-10'),(5591,'g',0,'2012-01-10'),(5188,'g',0,'2012-01-10'),(12684,'g',0,'2012-02-27'),(12698,'g',0,'2012-01-13'),(12695,'g',0,'2012-01-13'),(12705,'g',0,'2012-02-15'),(1042,'g',0,'2012-01-14'),(1076,'g',0,'2012-01-14'),(1121,'g',0,'2012-01-14'),(12693,'g',0,'2012-01-14'),(1107,'g',0,'2012-01-14'),(12347,'g',0,'2012-01-16'),(12357,'g',0,'2012-01-16'),(12353,'g',0,'2012-01-16'),(12354,'g',0,'2012-01-16'),(12343,'g',0,'2012-01-16'),(12691,'g',0,'2012-02-29'),(12730,'g',0,'2012-02-29'),(12697,'g',0,'2012-01-19'),(12689,'g',0,'2012-02-29'),(12694,'g',0,'2012-01-19'),(2401,'g',0,'2012-01-25'),(4816,'g',0,'2012-01-25'),(1114,'g',0,'2012-02-29'),(6978,'g',0,'2012-01-25'),(7433,'g',0,'2012-01-25'),(7602,'g',0,'2012-01-25'),(1156,'g',0,'2012-01-25'),(1249,'g',0,'2012-01-25'),(12521,'g',0,'2012-01-25'),(12748,'g',0,'2012-01-25'),(12743,'g',0,'2012-02-29'),(12749,'g',0,'2012-02-29'),(12772,'g',0,'2012-01-26'),(12741,'g',0,'2012-01-26'),(12171,'g',0,'2012-01-26'),(12189,'g',0,'2012-01-26'),(12480,'g',0,'2012-01-26'),(12191,'g',0,'2012-01-26'),(12192,'g',0,'2012-01-26'),(12190,'g',0,'2012-01-26'),(12174,'g',0,'2012-01-26'),(12188,'g',0,'2012-01-26'),(12187,'g',0,'2012-01-26'),(12487,'g',0,'2012-01-26'),(1104,'g',0,'2012-02-29'),(12747,'g',0,'2012-01-27'),(12757,'g',0,'2012-01-27'),(917,'g',0,'2012-01-29'),(1074,'g',0,'2012-01-29'),(1045,'g',0,'2012-01-29'),(1002,'g',0,'2012-02-29'),(1115,'g',0,'2012-01-29'),(12511,'g',0,'2012-01-29'),(1241,'g',0,'2012-01-29'),(12579,'g',0,'2012-02-29'),(12692,'g',0,'2012-01-29'),(12466,'g',0,'2012-01-29'),(340,'g',0,'2012-01-31'),(339,'g',0,'2012-01-31'),(341,'g',0,'2012-01-31'),(342,'g',0,'2012-01-31'),(1250,'g',0,'2012-01-31'),(1168,'g',0,'2012-01-31'),(5111,'g',0,'2012-01-31'),(5286,'g',0,'2012-01-31'),(1151,'g',0,'2012-01-31'),(1159,'g',0,'2012-01-31'),(3979,'g',0,'2012-01-31'),(5427,'g',0,'2012-01-31'),(5228,'g',0,'2012-01-31'),(3934,'g',0,'2012-01-31'),(348,'g',0,'2012-01-31'),(351,'g',0,'2012-01-31'),(350,'g',0,'2012-01-31'),(346,'g',0,'2012-01-31'),(349,'g',0,'2012-01-31'),(352,'g',0,'2012-01-31'),(343,'g',0,'2012-01-31'),(344,'g',0,'2012-01-31'),(345,'g',0,'2012-01-31'),(347,'g',0,'2012-01-31'),(1154,'g',0,'2012-02-01'),(1061,'g',0,'2012-02-01'),(1098,'g',0,'2012-02-01'),(1075,'g',0,'2012-02-01'),(1150,'g',0,'2012-02-01'),(1053,'g',0,'2012-02-01'),(1022,'g',0,'2012-02-01'),(1152,'g',0,'2012-02-01'),(1044,'g',0,'2012-02-01'),(1136,'g',0,'2012-02-01'),(7354,'g',0,'2012-02-01'),(9348,'g',0,'2012-02-01'),(8552,'g',0,'2012-02-01'),(12558,'g',0,'2012-02-01'),(12566,'g',0,'2012-02-01'),(12545,'g',0,'2012-02-01'),(12565,'g',0,'2012-02-01'),(12632,'g',0,'2012-02-01'),(12544,'g',0,'2012-02-01'),(12519,'g',0,'2012-02-01'),(1085,'g',0,'2012-02-01'),(1084,'g',0,'2012-02-01'),(979,'g',0,'2012-02-02'),(992,'g',0,'2012-02-02'),(989,'g',0,'2012-02-02'),(993,'g',0,'2012-02-02'),(977,'g',0,'2012-02-02'),(1083,'g',0,'2012-02-02'),(1091,'g',0,'2012-02-02'),(1080,'g',0,'2012-02-02'),(1082,'g',0,'2012-02-02'),(1059,'g',0,'2012-02-02'),(12818,'g',0,'2012-02-03'),(12827,'g',0,'2012-02-04'),(12842,'g',0,'2012-02-04'),(1049,'g',0,'2012-02-06'),(1057,'g',0,'2012-02-06'),(1102,'g',0,'2012-02-06'),(1096,'g',0,'2012-02-06'),(1058,'g',0,'2012-02-06'),(1038,'g',0,'2012-02-06'),(1031,'g',0,'2012-02-06'),(1101,'g',0,'2012-02-06'),(1126,'g',0,'2012-02-06'),(1034,'g',0,'2012-02-06'),(12379,'g',0,'2012-02-06'),(12376,'g',0,'2012-02-06'),(12296,'g',0,'2012-02-06'),(12424,'g',0,'2012-02-06'),(998,'g',0,'2012-02-06'),(994,'g',0,'2012-02-06'),(983,'g',0,'2012-02-06'),(1007,'g',0,'2012-02-06'),(1027,'g',0,'2012-02-06'),(1000,'g',0,'2012-02-06'),(1021,'g',0,'2012-02-06'),(1009,'g',0,'2012-02-06'),(1008,'g',0,'2012-02-06'),(1015,'g',0,'2012-02-06'),(12815,'g',0,'2012-02-06'),(12811,'g',0,'2012-02-07'),(12771,'g',0,'2012-02-07'),(12831,'g',0,'2012-02-07'),(12828,'g',0,'2012-02-07'),(12844,'g',0,'2012-02-07'),(12770,'g',0,'2012-02-07'),(1179,'g',0,'2012-02-07'),(1165,'g',0,'2012-02-07'),(1162,'g',0,'2012-02-07'),(1166,'g',0,'2012-02-07'),(1172,'g',0,'2012-02-07'),(1160,'g',0,'2012-02-07'),(1184,'g',0,'2012-02-07'),(12813,'g',0,'2012-02-07'),(12807,'g',0,'2012-02-07'),(12249,'g',0,'2012-02-07'),(1079,'g',0,'2012-02-07'),(12869,'g',0,'2012-02-09'),(12873,'g',0,'2012-02-09'),(12840,'g',0,'2012-02-10'),(5474,'g',0,'2012-02-11'),(6959,'g',0,'2012-02-11'),(7461,'g',0,'2012-02-11'),(6480,'g',0,'2012-02-11'),(4813,'g',0,'2012-02-11'),(12527,'g',0,'2012-02-11'),(12526,'g',0,'2012-02-11'),(12505,'g',0,'2012-02-11'),(12503,'g',0,'2012-02-11'),(12849,'g',0,'2012-02-11'),(1016,'g',0,'2012-02-11'),(12230,'g',0,'2012-02-12'),(10993,'g',0,'2012-02-12'),(12316,'g',0,'2012-02-12'),(12308,'g',0,'2012-02-12'),(12231,'g',0,'2012-02-12'),(12562,'g',0,'2012-02-12'),(353,'g',0,'2012-02-12'),(369,'g',0,'2012-02-12'),(12885,'g',0,'2012-02-12'),(7795,'g',0,'2012-02-12'),(7008,'g',0,'2012-02-12'),(5015,'g',0,'2012-02-12'),(6451,'g',0,'2012-02-12'),(5026,'g',0,'2012-02-12'),(5004,'g',0,'2012-02-12'),(7186,'g',0,'2012-02-12'),(5174,'g',0,'2012-02-12'),(5263,'g',0,'2012-02-12'),(5380,'g',0,'2012-02-12'),(5250,'g',0,'2012-02-12'),(5701,'g',0,'2012-02-12'),(12877,'g',0,'2012-02-12'),(12444,'g',0,'2012-02-12'),(12297,'g',0,'2012-02-12'),(12450,'g',0,'2012-02-12'),(12180,'g',0,'2012-02-12'),(12344,'g',0,'2012-02-12'),(12371,'g',0,'2012-02-12'),(12483,'g',0,'2012-02-12'),(12437,'g',0,'2012-02-12'),(12824,'g',0,'2012-02-12'),(12223,'g',0,'2012-02-12'),(12808,'g',0,'2012-02-12'),(12384,'g',0,'2012-02-12'),(12385,'g',0,'2012-02-12'),(12346,'g',0,'2012-02-12'),(12441,'g',0,'2012-02-12'),(12281,'g',0,'2012-02-12'),(12468,'g',0,'2012-02-12'),(12341,'g',0,'2012-02-12'),(12340,'g',0,'2012-02-12'),(12293,'g',0,'2012-02-12'),(12290,'g',0,'2012-02-12'),(12289,'g',0,'2012-02-12'),(12291,'g',0,'2012-02-12'),(12287,'g',0,'2012-02-12'),(12665,'g',0,'2012-02-12'),(12867,'g',0,'2012-02-12'),(12247,'g',0,'2012-02-12'),(12674,'g',0,'2012-02-12'),(12288,'g',0,'2012-02-12'),(12868,'g',0,'2012-02-12'),(6465,'g',0,'2012-02-12'),(12272,'g',0,'2012-02-13'),(12278,'g',0,'2012-02-13'),(12277,'g',0,'2012-02-13'),(12270,'g',0,'2012-02-13'),(12275,'g',0,'2012-02-13'),(12269,'g',0,'2012-02-13'),(12271,'g',0,'2012-02-13'),(11185,'g',0,'2012-02-13'),(12567,'g',0,'2012-02-13'),(1081,'g',0,'2012-02-13'),(5608,'g',0,'2012-02-13'),(9963,'g',0,'2012-02-13'),(12606,'g',0,'2012-02-13'),(12510,'g',0,'2012-02-13'),(12614,'g',0,'2012-02-13'),(8170,'g',0,'2012-02-13'),(8066,'g',0,'2012-02-13'),(9992,'g',0,'2012-02-13'),(8567,'g',0,'2012-02-13'),(8807,'g',0,'2012-02-13'),(8185,'g',0,'2012-02-13'),(8625,'g',0,'2012-02-13'),(9949,'g',0,'2012-02-13'),(8261,'g',0,'2012-02-13'),(8582,'g',0,'2012-02-13'),(8276,'g',0,'2012-02-13'),(10157,'g',0,'2012-02-13'),(10141,'g',0,'2012-02-13'),(10096,'g',0,'2012-02-13'),(10126,'g',0,'2012-02-13'),(10186,'g',0,'2012-02-13'),(10438,'g',0,'2012-02-13'),(10081,'g',0,'2012-02-13'),(10380,'g',0,'2012-02-13'),(12806,'g',0,'2012-02-13'),(10408,'g',0,'2012-02-13'),(12874,'g',0,'2012-02-13'),(12268,'g',0,'2012-02-13'),(11007,'g',0,'2012-02-13'),(10951,'g',0,'2012-02-13'),(12402,'g',0,'2012-02-13'),(12265,'g',0,'2012-02-13'),(12328,'g',0,'2012-02-13'),(11092,'g',0,'2012-02-13'),(12860,'g',0,'2012-02-13'),(10965,'g',0,'2012-02-13'),(11106,'g',0,'2012-02-13'),(11019,'g',0,'2012-02-13'),(10937,'g',0,'2012-02-13'),(10992,'g',0,'2012-02-13'),(12310,'g',0,'2012-02-13'),(10455,'g',0,'2012-02-13'),(12266,'g',0,'2012-02-13'),(12680,'g',0,'2012-02-13'),(10979,'g',0,'2012-02-13'),(12678,'g',0,'2012-02-13'),(12267,'g',0,'2012-02-13'),(12263,'g',0,'2012-02-13'),(12262,'g',0,'2012-02-13'),(12255,'g',0,'2012-02-13'),(12295,'g',0,'2012-02-13'),(12616,'g',0,'2012-02-13'),(12628,'g',0,'2012-02-13'),(11137,'g',0,'2012-02-13'),(11220,'g',0,'2012-02-13'),(11725,'g',0,'2012-02-13'),(11722,'g',0,'2012-02-13'),(5098,'g',0,'2012-02-13'),(12512,'g',0,'2012-02-13'),(12751,'g',0,'2012-02-13'),(12690,'g',0,'2012-02-13'),(12522,'g',0,'2012-02-13'),(12745,'g',0,'2012-02-13'),(12411,'g',0,'2012-02-13'),(7649,'g',0,'2012-02-13'),(12688,'g',0,'2012-02-13'),(12525,'g',0,'2012-02-13'),(12439,'g',0,'2012-02-13'),(11175,'g',0,'2012-02-13'),(12381,'g',0,'2012-02-13'),(9815,'g',0,'2012-02-13'),(7669,'g',0,'2012-02-13'),(12658,'g',0,'2012-02-13'),(8427,'g',0,'2012-02-13'),(9408,'g',0,'2012-02-13'),(7618,'g',0,'2012-02-13'),(12238,'g',0,'2012-02-13'),(12679,'g',0,'2012-02-13'),(7634,'g',0,'2012-02-13'),(12760,'g',0,'2012-02-13'),(12410,'g',0,'2012-02-13'),(7855,'g',0,'2012-02-13'),(10588,'g',0,'2012-02-13'),(10604,'g',0,'2012-02-13'),(12588,'g',0,'2012-02-13'),(10440,'g',0,'2012-02-13'),(10410,'g',0,'2012-02-13'),(9800,'g',0,'2012-02-13'),(10305,'g',0,'2012-02-13'),(11277,'g',0,'2012-02-13'),(10037,'g',0,'2012-02-13'),(12226,'g',0,'2012-02-13'),(10468,'g',0,'2012-02-13'),(9829,'g',0,'2012-02-13'),(10051,'g',0,'2012-02-13'),(10483,'g',0,'2012-02-13'),(8216,'g',0,'2012-02-13'),(12778,'g',0,'2012-02-13'),(12607,'g',0,'2012-02-13'),(12861,'g',0,'2012-02-13'),(8245,'g',0,'2012-02-13'),(10007,'g',0,'2012-02-13'),(12497,'g',0,'2012-02-13'),(12427,'g',0,'2012-02-13'),(11237,'g',0,'2012-02-13'),(12518,'g',0,'2012-02-13'),(12777,'g',0,'2012-02-13'),(12362,'g',0,'2012-02-13'),(7493,'g',0,'2012-02-13'),(6435,'g',0,'2012-02-13'),(6373,'g',0,'2012-02-13'),(12603,'g',0,'2012-02-13'),(12241,'g',0,'2012-02-13'),(12318,'g',0,'2012-02-13'),(10245,'g',0,'2012-02-13'),(1196,'g',0,'2012-02-13'),(10933,'g',0,'2012-02-13'),(1194,'g',0,'2012-02-13'),(12895,'g',0,'2012-02-13'),(12839,'g',0,'2012-02-13'),(12380,'g',0,'2012-02-13'),(4941,'g',0,'2012-02-13'),(5624,'g',0,'2012-02-13'),(1033,'g',0,'2012-02-13'),(5332,'g',0,'2012-02-13'),(4930,'g',0,'2012-02-13'),(12876,'g',0,'2012-02-13'),(12875,'g',0,'2012-02-14'),(8536,'g',0,'2012-02-14'),(12742,'g',0,'2012-02-14'),(7523,'g',0,'2012-02-14'),(8915,'g',0,'2012-02-14'),(12604,'g',0,'2012-02-14'),(1202,'g',0,'2012-02-14'),(1186,'g',0,'2012-02-14'),(8900,'g',0,'2012-02-14'),(6975,'g',0,'2012-02-14'),(7745,'g',0,'2012-02-14'),(8776,'g',0,'2012-02-14'),(7763,'g',0,'2012-02-14'),(12600,'g',0,'2012-02-14'),(8883,'g',0,'2012-02-14'),(1223,'g',0,'2012-02-14'),(1260,'g',0,'2012-02-14'),(1255,'g',0,'2012-02-14'),(1259,'g',0,'2012-02-14'),(1221,'g',0,'2012-02-14'),(986,'g',0,'2012-02-15'),(931,'g',0,'2012-02-15'),(909,'g',0,'2012-02-15'),(1048,'g',0,'2012-02-15'),(1088,'g',0,'2012-02-15'),(1105,'g',0,'2012-02-15'),(1125,'g',0,'2012-02-15'),(4994,'g',0,'2012-02-15'),(12830,'g',0,'2012-02-15'),(11714,'g',0,'2012-02-15'),(12623,'g',0,'2012-02-15'),(12810,'g',0,'2012-02-15'),(11123,'g',0,'2012-02-15'),(12655,'g',0,'2012-02-15'),(11144,'g',0,'2012-02-15'),(11171,'g',0,'2012-02-15'),(11130,'g',0,'2012-02-15'),(11158,'g',0,'2012-02-15'),(12168,'g',0,'2012-02-15'),(12486,'g',0,'2012-02-15'),(12315,'g',0,'2012-02-15'),(12805,'g',0,'2012-02-15'),(12800,'g',0,'2012-02-15'),(12222,'g',0,'2012-02-15'),(12233,'g',0,'2012-02-15'),(12212,'g',0,'2012-02-15'),(12156,'g',0,'2012-02-15'),(12155,'g',0,'2012-02-15'),(12195,'g',0,'2012-02-15'),(12148,'g',0,'2012-02-15'),(12229,'g',0,'2012-02-15'),(12227,'g',0,'2012-02-15'),(12234,'g',0,'2012-02-15'),(11338,'g',0,'2012-02-15'),(9143,'g',0,'2012-02-15'),(4822,'g',0,'2012-02-15'),(7477,'g',0,'2012-02-15'),(6575,'g',0,'2012-02-15'),(7571,'g',0,'2012-02-15'),(12672,'g',0,'2012-02-15'),(12506,'g',0,'2012-02-15'),(10851,'g',0,'2012-02-15'),(11476,'g',0,'2012-02-15'),(12714,'g',0,'2012-02-15'),(12478,'g',0,'2012-02-15'),(12825,'g',0,'2012-02-15'),(12149,'g',0,'2012-02-15'),(12159,'g',0,'2012-02-15'),(12724,'g',0,'2012-02-15'),(12496,'g',0,'2012-02-15'),(12833,'g',0,'2012-02-15'),(12160,'g',0,'2012-02-15'),(12853,'g',0,'2012-02-15'),(12822,'g',0,'2012-02-15'),(12282,'g',0,'2012-02-15'),(12306,'g',0,'2012-02-15'),(12305,'g',0,'2012-02-15'),(12404,'g',0,'2012-02-15'),(12307,'g',0,'2012-02-15'),(12836,'g',0,'2012-02-15'),(12452,'g',0,'2012-02-15'),(12454,'g',0,'2012-02-15'),(12374,'g',0,'2012-02-15'),(12319,'g',0,'2012-02-15'),(12292,'g',0,'2012-02-15'),(12445,'g',0,'2012-02-15'),(12261,'g',0,'2012-02-15'),(12420,'g',0,'2012-02-15'),(12225,'g',0,'2012-02-15'),(12232,'g',0,'2012-02-15'),(12185,'g',0,'2012-02-15'),(12182,'g',0,'2012-02-15'),(12161,'g',0,'2012-02-15'),(12162,'g',0,'2012-02-15'),(12186,'g',0,'2012-02-15'),(12163,'g',0,'2012-02-15'),(12183,'g',0,'2012-02-15'),(12184,'g',0,'2012-02-15'),(12494,'g',0,'2012-02-16'),(8382,'g',0,'2012-02-17'),(12889,'g',0,'2012-02-17'),(12685,'g',0,'2012-02-17'),(9468,'g',0,'2012-02-17'),(12595,'g',0,'2012-02-17'),(12467,'g',0,'2012-02-17'),(12470,'g',0,'2012-02-17'),(12170,'g',0,'2012-02-17'),(12172,'g',0,'2012-02-17'),(12426,'g',0,'2012-02-17'),(12820,'g',0,'2012-02-17'),(12264,'g',0,'2012-02-17'),(12169,'g',0,'2012-02-17'),(12205,'g',0,'2012-02-17'),(12208,'g',0,'2012-02-17'),(12421,'g',0,'2012-02-17'),(12846,'g',0,'2012-02-17'),(12207,'g',0,'2012-02-17'),(12826,'g',0,'2012-02-17'),(12431,'g',0,'2012-02-17'),(12819,'g',0,'2012-02-17'),(12862,'g',0,'2012-02-17'),(12814,'g',0,'2012-02-17'),(12871,'g',0,'2012-02-17'),(12435,'g',0,'2012-02-17'),(12434,'g',0,'2012-02-17'),(12397,'g',0,'2012-02-17'),(12433,'g',0,'2012-02-17'),(12335,'g',0,'2012-02-17'),(12804,'g',0,'2012-02-17'),(12823,'g',0,'2012-02-17'),(12224,'g',0,'2012-02-17'),(12206,'g',0,'2012-02-17'),(12324,'g',0,'2012-02-17'),(12209,'g',0,'2012-02-17'),(12211,'g',0,'2012-02-17'),(12359,'g',0,'2012-02-17'),(1231,'g',0,'2012-02-18'),(12461,'g',0,'2012-02-18'),(12906,'g',0,'2012-02-18'),(12892,'g',0,'2012-02-18'),(12888,'g',0,'2012-02-18'),(12754,'g',0,'2012-02-18'),(12763,'g',0,'2012-02-18'),(898,'g',0,'2012-02-19'),(932,'g',0,'2012-02-19'),(8994,'g',0,'2012-02-19'),(12463,'g',0,'2012-02-19'),(12462,'g',0,'2012-02-19'),(12883,'g',0,'2012-02-19'),(1219,'g',0,'2012-02-19'),(1032,'g',0,'2012-02-19'),(6496,'g',0,'2012-02-20'),(1004,'g',0,'2012-02-20'),(974,'g',0,'2012-02-20'),(948,'g',0,'2012-02-20'),(981,'g',0,'2012-02-20'),(8522,'g',0,'2012-02-20'),(10498,'g',0,'2012-02-20'),(12890,'g',0,'2012-02-20'),(12896,'g',0,'2012-02-20'),(12504,'g',0,'2012-02-20'),(982,'g',0,'2012-02-20'),(1175,'g',0,'2012-02-20'),(8505,'g',0,'2012-02-20'),(12886,'g',0,'2012-02-20'),(12897,'g',0,'2012-02-20'),(11049,'g',0,'2012-02-20'),(988,'g',0,'2012-02-20'),(946,'g',0,'2012-02-20'),(1006,'g',0,'2012-02-20'),(1065,'g',0,'2012-02-20'),(997,'g',0,'2012-02-20'),(5461,'g',0,'2012-02-20'),(12917,'g',0,'2012-02-20'),(1003,'g',0,'2012-02-20'),(1135,'g',0,'2012-02-20'),(10978,'g',0,'2012-02-20'),(8610,'g',0,'2012-02-21'),(968,'g',0,'2012-02-21'),(7120,'g',0,'2012-02-21'),(12918,'g',0,'2012-02-21'),(12915,'g',0,'2012-02-21'),(12734,'g',0,'2012-02-21'),(10528,'g',0,'2012-02-21'),(10722,'g',0,'2012-02-21'),(10558,'g',0,'2012-02-21'),(10560,'g',0,'2012-02-21'),(10573,'g',0,'2012-02-21'),(10765,'g',0,'2012-02-21'),(10543,'g',0,'2012-02-21'),(10513,'g',0,'2012-02-21'),(10736,'g',0,'2012-02-21'),(10364,'g',0,'2012-02-21'),(12715,'g',0,'2012-02-21'),(12722,'g',0,'2012-02-21'),(12469,'g',0,'2012-02-22'),(12834,'g',0,'2012-02-22'),(12713,'g',0,'2012-02-22'),(12706,'g',0,'2012-02-22'),(12733,'g',0,'2012-02-22'),(12708,'g',0,'2012-02-22'),(12762,'g',0,'2012-02-22'),(12700,'g',0,'2012-02-22'),(12668,'g',0,'2012-02-22'),(12761,'g',0,'2012-02-22'),(12737,'g',0,'2012-02-22'),(12907,'g',0,'2012-02-22'),(12910,'g',0,'2012-02-22'),(12837,'g',0,'2012-02-23'),(12580,'g',0,'2012-02-23'),(10679,'g',0,'2012-02-23'),(9755,'g',0,'2012-02-23'),(11718,'g',0,'2012-02-23'),(12920,'g',0,'2012-02-23'),(11227,'g',0,'2012-02-23'),(12386,'g',0,'2012-02-23'),(10171,'g',0,'2012-02-23'),(11369,'g',0,'2012-02-23'),(12838,'g',0,'2012-02-23'),(9664,'g',0,'2012-02-23'),(11710,'g',0,'2012-02-23'),(12167,'g',0,'2012-02-23'),(12660,'g',0,'2012-02-23'),(12676,'g',0,'2012-02-23'),(12654,'g',0,'2012-02-23'),(12550,'g',0,'2012-02-23'),(12537,'g',0,'2012-02-23'),(12613,'g',0,'2012-02-23'),(12179,'g',0,'2012-02-23'),(8997,'g',0,'2012-02-23'),(9244,'g',0,'2012-02-23'),(12635,'g',0,'2012-02-23'),(12279,'g',0,'2012-02-23'),(12329,'g',0,'2012-02-23'),(11046,'g',0,'2012-02-23'),(12458,'g',0,'2012-02-23'),(12669,'g',0,'2012-02-23'),(12755,'g',0,'2012-02-23'),(12630,'g',0,'2012-02-23'),(12639,'g',0,'2012-02-23'),(12664,'g',0,'2012-02-23'),(12158,'g',0,'2012-02-23'),(8140,'g',0,'2012-02-23'),(11292,'g',0,'2012-02-23'),(12214,'g',0,'2012-02-23'),(11276,'g',0,'2012-02-23'),(11151,'g',0,'2012-02-23'),(8110,'g',0,'2012-02-23'),(12240,'g',0,'2012-02-23'),(8200,'g',0,'2012-02-23'),(11726,'g',0,'2012-02-23'),(12661,'g',0,'2012-02-23'),(12193,'g',0,'2012-02-23'),(12644,'g',0,'2012-02-23'),(12574,'g',0,'2012-02-23'),(12194,'g',0,'2012-02-23'),(12568,'g',0,'2012-02-23'),(12816,'g',0,'2012-02-23'),(12735,'g',0,'2012-02-23'),(12702,'g',0,'2012-02-23'),(12629,'g',0,'2012-02-23'),(6897,'g',0,'2012-02-23'),(11451,'g',0,'2012-02-23'),(12645,'g',0,'2012-02-23'),(11411,'g',0,'2012-02-23'),(11372,'g',0,'2012-02-23'),(11359,'g',0,'2012-02-23'),(12283,'g',0,'2012-02-23'),(8597,'g',0,'2012-02-23'),(8354,'g',0,'2012-02-23'),(12350,'g',0,'2012-02-23'),(12181,'g',0,'2012-02-23'),(8369,'g',0,'2012-02-23'),(12173,'g',0,'2012-02-23'),(12633,'g',0,'2012-02-23'),(12617,'g',0,'2012-02-23'),(12619,'g',0,'2012-02-23'),(12591,'g',0,'2012-02-24'),(12570,'g',0,'2012-02-24'),(12390,'g',0,'2012-02-24'),(12667,'g',0,'2012-02-24'),(11385,'g',0,'2012-02-24'),(12856,'g',0,'2012-02-24'),(12848,'g',0,'2012-02-24'),(6945,'g',0,'2012-02-24'),(12863,'g',0,'2012-02-24'),(8715,'g',0,'2012-02-24'),(9213,'g',0,'2012-02-24'),(9333,'g',0,'2012-02-24'),(8821,'g',0,'2012-02-24'),(9259,'g',0,'2012-02-24'),(9319,'g',0,'2012-02-24'),(12711,'g',0,'2012-02-24'),(12280,'g',0,'2012-02-24'),(12581,'g',0,'2012-02-24'),(12593,'g',0,'2012-02-24'),(12554,'g',0,'2012-02-24'),(12563,'g',0,'2012-02-24'),(8155,'g',0,'2012-02-24'),(8125,'g',0,'2012-02-24'),(8731,'g',0,'2012-02-24'),(12675,'g',0,'2012-02-24'),(12584,'g',0,'2012-02-24'),(12596,'g',0,'2012-02-24'),(12586,'g',0,'2012-02-24'),(12551,'g',0,'2012-02-24'),(6929,'g',0,'2012-02-24'),(12908,'g',0,'2012-02-24'),(12662,'g',0,'2012-02-24'),(12387,'g',0,'2012-02-24'),(12388,'g',0,'2012-02-24'),(9770,'g',0,'2012-02-24'),(8979,'g',0,'2012-02-24'),(12723,'g',0,'2012-02-24'),(12900,'g',0,'2012-02-24'),(12643,'g',0,'2012-02-24'),(12539,'g',0,'2012-02-24'),(12652,'g',0,'2012-02-24'),(12852,'g',0,'2012-02-24'),(6912,'g',0,'2012-02-24'),(12821,'g',0,'2012-02-24'),(12916,'g',0,'2012-02-24'),(9304,'g',0,'2012-02-24'),(12666,'g',0,'2012-02-24'),(12663,'g',0,'2012-02-24'),(12618,'g',0,'2012-02-24'),(12855,'g',0,'2012-02-24'),(12857,'g',0,'2012-02-24'),(12859,'g',0,'2012-02-24'),(12851,'g',0,'2012-02-24'),(12803,'g',0,'2012-02-24'),(12905,'g',0,'2012-02-24'),(12901,'g',0,'2012-02-24'),(11425,'g',0,'2012-02-24'),(9740,'g',0,'2012-02-24'),(12349,'g',0,'2012-02-24'),(8867,'g',0,'2012-02-24'),(5409,'g',0,'2012-02-24'),(6716,'g',0,'2012-02-24'),(1252,'g',0,'2012-02-25'),(11398,'g',0,'2012-02-25'),(12854,'g',0,'2012-02-25'),(6865,'g',0,'2012-02-25'),(12847,'g',0,'2012-02-25'),(11438,'g',0,'2012-02-25'),(11716,'g',0,'2012-02-25'),(12627,'g',0,'2012-02-25'),(12712,'g',0,'2012-02-25'),(12934,'g',0,'2012-02-25'),(12236,'g',0,'2012-02-25'),(12575,'g',0,'2012-02-25'),(12912,'g',0,'2012-02-25'),(12599,'g',0,'2012-02-25'),(12753,'g',0,'2012-02-25'),(10964,'g',0,'2012-02-25'),(6733,'g',0,'2012-02-25'),(7258,'g',0,'2012-02-25'),(12578,'g',0,'2012-02-25'),(1095,'g',0,'2012-02-25'),(1243,'g',0,'2012-02-25'),(1224,'g',0,'2012-02-25'),(1092,'g',0,'2012-02-25'),(5084,'g',0,'2012-02-25'),(6992,'g',0,'2012-02-25'),(12921,'g',0,'2012-02-26'),(11088,'g',0,'2012-02-26'),(11102,'g',0,'2012-02-26'),(12899,'g',0,'2012-02-26'),(6835,'g',0,'2012-02-26'),(9558,'g',0,'2012-02-26'),(10648,'g',0,'2012-02-26'),(5037,'g',0,'2012-02-26'),(1155,'g',0,'2012-02-26'),(12408,'g',0,'2012-02-26'),(11464,'g',0,'2012-02-26'),(12534,'g',0,'2012-02-26'),(10828,'g',0,'2012-02-26'),(9573,'g',0,'2012-02-26'),(9633,'g',0,'2012-02-26'),(10813,'g',0,'2012-02-26'),(1237,'g',0,'2012-02-26'),(6820,'g',0,'2012-02-26'),(12937,'g',0,'2012-02-26'),(12850,'g',0,'2012-02-26'),(3969,'g',0,'2012-02-26'),(12725,'g',0,'2012-02-26'),(12533,'g',0,'2012-02-26'),(12637,'g',0,'2012-02-26'),(12858,'g',0,'2012-02-26'),(12547,'g',0,'2012-02-27'),(12175,'g',0,'2012-02-27'),(8340,'g',0,'2012-02-27'),(12884,'g',0,'2012-02-27'),(12882,'g',0,'2012-02-27'),(6326,'g',0,'2012-02-28'),(12893,'g',0,'2012-02-28'),(6342,'g',0,'2012-02-28'),(6355,'g',0,'2012-02-28'),(9453,'g',0,'2012-02-28'),(9096,'g',0,'2012-02-28'),(12775,'g',0,'2012-02-28'),(9649,'g',0,'2012-02-28'),(10425,'g',0,'2012-02-28'),(12501,'g',0,'2012-02-28'),(12932,'g',0,'2012-02-28'),(12926,'g',0,'2012-02-29'),(12947,'g',0,'2012-02-29'),(12933,'g',0,'2012-02-29'),(12922,'g',0,'2012-02-29'),(12952,'g',0,'2012-02-29'),(12919,'g',0,'2012-02-29'),(6404,'g',0,'2012-03-03'),(3928,'g',0,'2012-03-03'),(12532,'g',0,'2012-03-03'),(12776,'g',0,'2012-03-03'),(12750,'g',0,'2012-03-03'),(12891,'g',0,'2012-03-03'),(12490,'g',0,'2012-03-03'),(1063,'g',0,'2012-03-03'),(12572,'g',0,'2012-03-03'),(6849,'g',0,'2012-03-03'),(12898,'g',0,'2012-03-03'),(12699,'g',0,'2012-03-03'),(12935,'g',0,'2012-03-03'),(12966,'g',0,'2012-03-03'),(12879,'g',0,'2012-03-03'),(12942,'g',0,'2012-03-03'),(12865,'g',0,'2012-03-03'),(12768,'g',0,'2012-03-03'),(12832,'g',0,'2012-03-03'),(1094,'g',0,'2012-03-03'),(12962,'g',0,'2012-03-03'),(12523,'g',0,'2012-03-03'),(12524,'g',0,'2012-03-03'),(970,'g',0,'2012-03-03'),(956,'g',0,'2012-03-03'),(12943,'g',0,'2012-03-03'),(12740,'g',0,'2012-03-03'),(12958,'g',0,'2012-03-03'),(4974,'g',0,'2012-03-03'),(12931,'g',0,'2012-03-03'),(12923,'g',0,'2012-03-03'),(967,'g',0,'2012-03-03'),(12880,'g',0,'2012-03-03'),(12878,'g',0,'2012-03-03'),(978,'g',0,'2012-03-03'),(6589,'g',0,'2012-03-03'),(7104,'g',0,'2012-03-03'),(5852,'g',0,'2012-03-03'),(8656,'g',0,'2012-03-03'),(5258,'g',0,'2012-03-03'),(1198,'g',0,'2012-03-03'),(10275,'g',0,'2012-03-03'),(980,'g',0,'2012-03-04'),(12744,'g',0,'2012-03-04'),(973,'g',0,'2012-03-04'),(954,'g',0,'2012-03-04'),(12930,'g',0,'2012-03-04'),(966,'g',0,'2012-03-04'),(12927,'g',0,'2012-03-04'),(953,'g',0,'2012-03-04'),(6389,'g',0,'2012-03-04'),(975,'g',0,'2012-03-04'),(4825,'g',0,'2012-03-04'),(12752,'g',0,'2012-03-04'),(1256,'g',0,'2012-03-04'),(12929,'g',0,'2012-03-04'),(2415,'g',0,'2012-03-04'),(2436,'g',0,'2012-03-04'),(12508,'g',0,'2012-03-04'),(12894,'g',0,'2012-03-04'),(1167,'g',0,'2012-03-04'),(3957,'g',0,'2012-03-04'),(1254,'g',0,'2012-03-04'),(1128,'g',0,'2012-03-04'),(6310,'g',0,'2012-03-04'),(1247,'g',0,'2012-03-04'),(6604,'g',0,'2012-03-04'),(1263,'g',0,'2012-03-04'),(9785,'g',0,'2012-03-04'),(1181,'g',0,'2012-03-04'),(6284,'g',0,'2012-03-04'),(10918,'g',0,'2012-03-04'),(1248,'g',0,'2012-03-04'),(1142,'g',0,'2012-03-04'),(1127,'g',0,'2012-03-05'),(2429,'g',0,'2012-03-05'),(1246,'g',0,'2012-03-05'),(1230,'g',0,'2012-03-05'),(3922,'g',0,'2012-03-05'),(1129,'g',0,'2012-03-05'),(1253,'g',0,'2012-03-05'),(2443,'g',0,'2012-03-05'),(3963,'g',0,'2012-03-05');

--
-- Table structure for table `idx_paid_listing`
--

CREATE TABLE `idx_paid_listing` (
  `link_id` mediumint(9) unsigned NOT NULL DEFAULT '0',
  `premium` char(1) DEFAULT NULL,
  `sponsored` char(1) DEFAULT NULL,
  `expire` datetime DEFAULT NULL,
  `paid` char(1) DEFAULT NULL,
  PRIMARY KEY (`link_id`)
) ENGINE=MyISAM DEFAULT CHARSET=latin1;

--
-- Dumping data for table `idx_paid_listing`
--


--
-- Table structure for table `idx_payment_gateway`
--

CREATE TABLE `idx_payment_gateway` (
  `payment_gateway_id` int(11) NOT NULL AUTO_INCREMENT,
  `name` varchar(100) DEFAULT NULL,
  `enable` char(1) DEFAULT NULL,
  `setting` text,
  `invoice_html` text,
  PRIMARY KEY (`payment_gateway_id`)
) ENGINE=MyISAM AUTO_INCREMENT=9 DEFAULT CHARSET=latin1;

--
-- Dumping data for table `idx_payment_gateway`
--

INSERT INTO `idx_payment_gateway` VALUES (1,'paypal','1','a:2:{s:13:\"payment_email\";s:0:\"\";s:21:\"enable_paypal_sandbox\";s:1:\"0\";}','<p> \r\n	<a href=\'paynow.php?id={$invoice_id}&m=paypal\'><img src=\'http://www.paypal.com/images/x-click-but02.gif\' border=\'0\' alt=\'Make payments with PayPal - it is fast, free and secure!\' /></a> \r\n</p>\r\n'),(2,'2co','0','a:6:{s:6:\"co_sid\";s:5:\"84932\";s:9:\"co_secret\";s:5:\"tango\";s:12:\"co_recurring\";s:1:\"0\";s:9:\"co_prod_1\";s:6:\"100.00\";s:9:\"co_prod_2\";s:6:\"250.00\";s:9:\"co_prod_3\";s:6:\"400.00\";}','<p>\r\n<a href=\'paynow.php?id={$invoice_id}&m=2co\'><img src=\'http://www.2checkout.com/images/overview/btns/25.jpg\' alt=\'Pay Now with 2checkout...\' border=\'0\' /></a> \r\n</p>'),(3,'authorizenet','0','a:2:{s:21:\"authorizenet_login_id\";s:0:\"\";s:21:\"authorizenet_tran_key\";s:0:\"\";}','<p> \r\n<a href=\'paynow.php?id={$invoice_id}&m=authorizenet\'><img src=\'http://www.authorize.net/upload/images/Images/Header/authorizenet_logo.gif\' alt=\'Pay Now with Authorize.Net...\' width=\'99\' height=\'39\' style=\'{border : 1px solid #c0c0c0;}\' /></a>\r\n</p>'),(4,'egold','0','a:2:{s:19:\"egold_payee_account\";s:0:\"\";s:16:\"egold_payee_name\";s:0:\"\";}','<p> \r\n<a href=\'paynow.php?id={$invoice_id}&m=egold\'>\r\n<img src=\'http://www.e-gold.com/gif/paywith.gif\' border=\'0\' alt=\'Pay Now with e-gold...\' />\r\n</a>\r\n</p>'),(5,'moneybookers','0','a:1:{s:18:\"moneybookers_email\";s:0:\"\";}','<p> \r\n<a href=\'paynow.php?id={$invoice_id}&m=paypal\'><img src=\'http://www.moneybookers.com/images/banners/88_en_mb.gif\' border=\'0\' alt=\'Make payments with Moneybookers - it is fast, free and secure!\' /></a> \r\n</p>'),(6,'paypal-subscriptions','0','a:2:{s:13:\"payment_email\";s:0:\"\";s:21:\"enable_paypal_sandbox\";s:1:\"0\";}','<p> \r\n<a href=\'paynow.php?id={$invoice_id}&m=paypal\'><img src=\'https://www.paypal.com/en_US/i/btn/x-click-but20.gif\' border=\'0\' alt=\'Make payments with PayPal - it is fast, free and secure!\' /></a> \r\n</p>'),(7,'alertpay','0','a:2:{s:14:\"alertpay_email\";s:0:\"\";s:23:\"enable_alertpay_sandbox\";s:1:\"0\";}','<p> \r\n<a href=\'paynow.php?id={$invoice_id}&m=alertpay\'>\r\n<img src=\'https://www.alertpay.com/Images/BuyNow/pay_now_3.gif\' border=\'0\' alt=\'Make payments with PayPal - it is fast, free and secure!\' /></a> \r\n</p>'),(8,'alertpay-subcriptions','0','a:2:{s:14:\"alertpay_email\";s:0:\"\";s:23:\"enable_alertpay_sandbox\";s:1:\"0\";}','<p>\r\n<a href=\'paynow.php?id={$invoice_id}&m=alertpay-subcriptions\'>\r\n<img src=\'https://www.alertpay.com/Images/BuyNow/subscribe_now_15.gif\' border=\'0\' alt=\'Make payments with Alert Pay - it is fast, free and secure!\' /></a> \r\n</p>');

--
-- Table structure for table `idx_payment_history`
--

CREATE TABLE `idx_payment_history` (
  `payment_id` int(10) unsigned NOT NULL AUTO_INCREMENT,
  `contact_name` varchar(255) DEFAULT NULL,
  `email` varchar(255) DEFAULT NULL,
  `type` varchar(255) DEFAULT NULL,
  `detail` text,
  `amount` double DEFAULT NULL,
  `time` datetime DEFAULT NULL,
  `invoice_id` varchar(10) DEFAULT NULL,
  PRIMARY KEY (`payment_id`)
) ENGINE=MyISAM DEFAULT CHARSET=latin1;

--
-- Dumping data for table `idx_payment_history`
--


--
-- Table structure for table `idx_pl_sociable`
--

CREATE TABLE `idx_pl_sociable` (
  `sb_id` int(11) NOT NULL AUTO_INCREMENT,
  `sb_name` varchar(255) CHARACTER SET utf8 DEFAULT NULL,
  `sb_url` varchar(255) CHARACTER SET utf8 DEFAULT NULL,
  `sb_icon` varchar(255) CHARACTER SET utf8 DEFAULT NULL,
  `sb_enable` char(1) CHARACTER SET utf8 DEFAULT '0',
  PRIMARY KEY (`sb_id`)
) ENGINE=MyISAM AUTO_INCREMENT=90 DEFAULT CHARSET=latin1;

--
-- Dumping data for table `idx_pl_sociable`
--

INSERT INTO `idx_pl_sociable` VALUES (1,'BarraPunto','http://barrapunto.com/submit.pl?subj=TITLE&amp;story=PERMALINK','barrapunto.png','0'),(2,'Bitacoras.com','http://bitacoras.com/anotaciones/PERMALINK','bitacoras.png','0'),(3,'BlinkList','http://www.blinklist.com/index.php?Action=Blink/addblink.php&amp;Url=PERMALINK&amp;Title=TITLE','blinklist.png','0'),(4,'blogmarks','http://blogmarks.net/my/new.php?mini=1&amp;simple=1&amp;url=PERMALINK&amp;title=TITLE','blogmarks.png','0'),(5,'Blogosphere News','http://www.blogospherenews.com/submit.php?url=PERMALINK&amp;title=TITLE','blogospherenews.png','0'),(6,'blogtercimlap','http://cimlap.blogter.hu/index.php?action=suggest_link&amp;title=TITLE&amp;url=PERMALINK','blogter.png','0'),(7,'Faves','http://faves.com/Authoring.aspx?u=PERMALINK&amp;title=TITLE','bluedot.png','0'),(8,'connotea','http://www.connotea.org/addpopup?continue=confirm&amp;uri=PERMALINK&amp;title=TITLE&amp;description=EXCERPT','connotea.png','0'),(9,'Current','http://current.com/clipper.htm?url=PERMALINK&amp;title=TITLE','current.png','0'),(10,'del.icio.us','http://delicious.com/post?url=PERMALINK&amp;title=TITLE&amp;notes=EXCERPT','delicious.png','0'),(11,'Digg','http://digg.com/submit?phase=2&amp;url=PERMALINK&amp;title=TITLE&amp;bodytext=EXCERPT','digg.png','1'),(12,'Diigo','http://www.diigo.com/post?url=PERMALINK&amp;title=TITLE','diigo.png','0'),(13,'DotNetKicks','http://www.dotnetkicks.com/kick/?url=PERMALINK&amp;title=TITLE','dotnetkicks.png','0'),(14,'DZone','http://www.dzone.com/links/add.html?url=PERMALINK&amp;title=TITLE','dzone.png','0'),(15,'eKudos','http://www.ekudos.nl/artikel/nieuw?url=PERMALINK&amp;title=TITLE&amp;desc=EXCERPT','ekudos.png','0'),(16,'email','mailto:?subject=TITLE&amp;body=PERMALINK','email_link.png','0'),(17,'Facebook','http://www.facebook.com/share.php?u=PERMALINK&amp;t=TITLE','facebook.png','1'),(18,'Fark','http://cgi.fark.com/cgi/fark/farkit.pl?h=TITLE&amp;u=PERMALINK','fark.png','0'),(19,'Fleck','http://beta3.fleck.com/bookmarklet.php?url=PERMALINK&amp;title=TITLE','fleck.png','0'),(20,'FriendFeed','http://www.friendfeed.com/share?title=TITLE&amp;link=PERMALINK','friendfeed.png','0'),(21,'FSDaily','http://www.fsdaily.com/submit?url=PERMALINK&amp;title=TITLE','fsdaily.png','0'),(22,'Global Grind','http://globalgrind.com/submission/submit.aspx?url=PERMALINK&amp;type=Article&amp;title=TITLE','globalgrind.png','0'),(23,'Google','http://www.google.com/bookmarks/mark?op=edit&amp;bkmk=PERMALINK&amp;title=TITLE&amp;annotation=EXCERPT','googlebookmark.png','0'),(24,'Gwar','http://www.gwar.pl/DodajGwar.html?u=PERMALINK','gwar.png','0'),(25,'HackerNews','http://news.ycombinator.com/submitlink?u=PERMALINK&amp;t=TITLE','hackernews.png','0'),(26,'Haohao','http://www.haohaoreport.com/submit.php?url=PERMALINK&amp;title=TITLE','haohao.png','0'),(27,'HealthRanker','http://healthranker.com/submit.php?url=PERMALINK&amp;title=TITLE','healthranker.png','0'),(28,'HelloTxt','http://hellotxt.com/?status=TITLE+PERMALINK','hellotxt.png','0'),(29,'Hemidemi','http://www.hemidemi.com/user_bookmark/new?title=TITLE&amp;url=PERMALINK','hemidemi.png','0'),(30,'Hyves','http://www.hyves.nl/profilemanage/add/tips/?name=TITLE&amp;text=EXCERPT+PERMALINK&amp;rating=5','hyves.png','0'),(31,'Identi.ca','http://identi.ca/notice/new?status_textarea=PERMALINK','identica.png','0'),(32,'IndianPad','http://www.indianpad.com/submit.php?url=PERMALINK','indianpad.png','0'),(33,'Internetmedia','http://internetmedia.hu/submit.php?url=PERMALINK','im.png','0'),(34,'Kirtsy','http://www.kirtsy.com/submit.php?url=PERMALINK&amp;title=TITLE','kirtsy.png','0'),(35,'laaik.it','http://laaik.it/NewStoryCompact.aspx?uri=PERMALINK&amp;headline=TITLE&amp;cat=5e082fcc-8a3b-47e2-acec-fdf64ff19d12','laaikit.png','0'),(36,'LinkArena','http://linkarena.com/bookmarks/addlink/?url=PERMALINK&amp;title=TITLE','linkarena.png','0'),(37,'LinkaGoGo','http://www.linkagogo.com/go/AddNoPopup?url=PERMALINK&amp;title=TITLE','linkagogo.png','0'),(38,'LinkedIn','http://www.linkedin.com/shareArticle?mini=true&amp;url=PERMALINK&amp;title=TITLE&amp;source=BLOGNAME&amp;summary=EXCERPT','linkedin.png','0'),(39,'Linkter','http://www.linkter.hu/index.php?action=suggest_link&amp;url=PERMALINK&amp;title=TITLE','linkter.png','0'),(40,'Live','https://favorites.live.com/quickadd.aspx?marklet=1&amp;url=PERMALINK&amp;title=TITLE','live.png','0'),(41,'Meneame','http://meneame.net/submit.php?url=PERMALINK','meneame.png','0'),(42,'MisterWong','http://www.mister-wong.com/addurl/?bm_url=PERMALINK&amp;bm_description=TITLE&amp;plugin=soc','misterwong.png','0'),(43,'MisterWong.DE','http://www.mister-wong.de/addurl/?bm_url=PERMALINK&amp;bm_description=TITLE&amp;plugin=soc','misterwong.png','0'),(44,'Mixx','http://www.mixx.com/submit?page_url=PERMALINK&amp;title=TITLE','mixx.png','0'),(45,'muti','http://www.muti.co.za/submit?url=PERMALINK&amp;title=TITLE','muti.png','0'),(46,'MyShare','http://myshare.url.com.tw/index.php?func=newurl&amp;url=PERMALINK&amp;desc=TITLE','myshare.png','0'),(47,'MySpace','http://www.myspace.com/Modules/PostTo/Pages/?u=PERMALINK&amp;t=TITLE','myspace.png','0'),(48,'MSNReporter','http://reporter.nl.msn.com/?fn=contribute&amp;Title=TITLE&amp;URL=PERMALINK&amp;cat_id=6&amp;tag_id=31&amp;Remark=EXCERPT','msnreporter.png','0'),(49,'N4G','http://www.n4g.com/tips.aspx?url=PERMALINK&amp;title=TITLE','n4g.png','0'),(50,'Netvibes','http://www.netvibes.com/share?title=TITLE&amp;url=PERMALINK','netvibes.png','0'),(51,'NewsVine','http://www.newsvine.com/_tools/seed&amp;save?u=PERMALINK&amp;h=TITLE','newsvine.png','0'),(52,'Netvouz','http://www.netvouz.com/action/submitBookmark?url=PERMALINK&amp;title=TITLE&amp;popup=no','netvouz.png','0'),(53,'NuJIJ','http://nujij.nl/jij.lynkx?t=TITLE&amp;u=PERMALINK&amp;b=EXCERPT','nujij.png','0'),(54,'Ping.fm','http://ping.fm/ref/?link=PERMALINK&amp;title=TITLE&amp;body=EXCERPT','ping.png','0'),(55,'Posterous','http://posterous.com/share?linkto=PERMALINK&amp;title=TITLE&amp;selection=EXCERPT','posterous.png','0'),(56,'PDF','http://www.printfriendly.com/print?url=PERMALINK&amp;partner=sociable','pdf.png','0'),(57,'Print','http://www.printfriendly.com/print?url=PERMALINK&amp;partner=sociable','printfriendly.png','0'),(58,'Propeller','http://www.propeller.com/submit/?url=PERMALINK','propeller.png','0'),(59,'Ratimarks','http://ratimarks.org/bookmarks.php/?action=add&address=PERMALINK&amp;title=TITLE','ratimarks.png','0'),(60,'Rec6','http://rec6.via6.com/link.php?url=PERMALINK&amp;=TITLE','rec6.png','0'),(61,'Reddit','http://reddit.com/submit?url=PERMALINK&amp;title=TITLE','reddit.png','0'),(62,'RSS','FEEDLINK','rss.png','0'),(63,'Scoopeo','http://www.scoopeo.com/scoop/new?newurl=PERMALINK&amp;title=TITLE','scoopeo.png','0'),(64,'Segnalo','http://segnalo.alice.it/post.html.php?url=PERMALINK&amp;title=TITLE','segnalo.png','0'),(65,'Simpy','http://www.simpy.com/simpy/LinkAdd.do?href=PERMALINK&amp;title=TITLE','simpy.png','0'),(66,'Slashdot','http://slashdot.org/bookmark.pl?title=TITLE&amp;url=PERMALINK','slashdot.png','0'),(67,'Socialogs','http://socialogs.com/add_story.php?story_url=PERMALINK&amp;story_title=TITLE','socialogs.png','0'),(68,'SphereIt','http://www.sphere.com/search?q=sphereit:PERMALINK&amp;title=TITLE','sphere.png','0'),(69,'Sphinn','http://sphinn.com/index.php?c=post&amp;m=submit&amp;link=PERMALINK','sphinn.png','0'),(70,'StumbleUpon','http://www.stumbleupon.com/submit?url=PERMALINK&amp;title=TITLE','stumbleupon.png','0'),(71,'Techmeme','http://twitter.com/home/?status=tip%20@Techmeme%20PERMALINK%20TITLE','techmeme.png','0'),(72,'Technorati','http://technorati.com/faves?add=PERMALINK','technorati.png','1'),(73,'ThisNext','http://www.thisnext.com/pick/new/submit/sociable/?url=PERMALINK&amp;name=TITLE','thisnext.png','0'),(74,'Tipd','http://tipd.com/submit.php?url=PERMALINK','tipd.png','0'),(75,'Tumblr','http://www.tumblr.com/share?v=3&amp;u=PERMALINK&amp;t=TITLE&amp;s=EXCERPT','tumblr.png','0'),(76,'Twitter','http://twitter.com/home?status=TITLE%20-%20PERMALINK','twitter.png','1'),(77,'Upnews','http://www.upnews.it/submit?url=PERMALINK&amp;title=TITLE','upnews.png','0'),(78,'Webnews.de','http://www.webnews.de/einstellen?url=PERMALINK&amp;title=TITLE','webnews.png','0'),(79,'Webride','http://webride.org/discuss/split.php?uri=PERMALINK&amp;title=TITLE','webride.png','0'),(80,'Wikio','http://www.wikio.com/vote?url=PERMALINK','wikio.png','0'),(81,'Wikio FR','http://www.wikio.fr/vote?url=PERMALINK','wikio.png','0'),(82,'Wikio IT','http://www.wikio.it/vote?url=PERMALINK','wikio.png','0'),(83,'Wists','http://wists.com/s.php?c=&amp;r=PERMALINK&amp;title=TITLE','wists.png','0'),(84,'Wykop','http://www.wykop.pl/dodaj?url=PERMALINK','wykop.png','0'),(85,'Xerpi','http://www.xerpi.com/block/add_link_from_extension?url=PERMALINK&amp;title=TITLE','xerpi.png','0'),(86,'YahooBuzz','http://buzz.yahoo.com/submit/?submitUrl=PERMALINK&amp;submitHeadline=TITLE&amp;submitSummary=EXCERPT&amp;submitCategory=science&amp;submitAssetType=text','yahoobuzz.png','0'),(87,'Yahoo! Bookmarks','http://bookmarks.yahoo.com/toolbar/savebm?u=PERMALINK&amp;t=TITLE&opener=bm&amp;ei=UTF-8&amp;d=EXCERPT','yahoomyweb.png','0'),(88,'Yigg','http://yigg.de/neu?exturl=PERMALINK&amp;exttitle=TITLE','yiggit.png','0'),(89,'Blogplay','http://blogplay.com','blogplay.png','0');

--
-- Table structure for table `idx_pl_twitter_account`
--

CREATE TABLE `idx_pl_twitter_account` (
  `ck` varchar(255) CHARACTER SET utf8 DEFAULT NULL,
  `cs` varchar(255) CHARACTER SET utf8 DEFAULT NULL,
  `at` varchar(255) CHARACTER SET utf8 DEFAULT NULL,
  `ats` varchar(255) CHARACTER SET utf8 DEFAULT NULL
) ENGINE=MyISAM DEFAULT CHARSET=latin1;

--
-- Dumping data for table `idx_pl_twitter_account`
--

INSERT INTO `idx_pl_twitter_account` VALUES ('EPHihDrvYZgPusGS6Gjd0A','IrdEMFX7MEDEnvvvVteVynh1qaPKdpFGvoHWQpuAY','https://api.twitter.com/oauth/authorize','https://api.twitter.com/oauth/access_token');

--
-- Table structure for table `idx_plugin`
--

CREATE TABLE `idx_plugin` (
  `plugin_id` int(11) NOT NULL AUTO_INCREMENT,
  `name` varchar(255) DEFAULT NULL,
  `plugin_file` varchar(255) DEFAULT NULL,
  `status` enum('0','1') DEFAULT NULL,
  `option_plugin` text,
  PRIMARY KEY (`plugin_id`)
) ENGINE=MyISAM AUTO_INCREMENT=3 DEFAULT CHARSET=latin1;

--
-- Dumping data for table `idx_plugin`
--

INSERT INTO `idx_plugin` VALUES (1,'AutoTweet','twitter_auto_tweet/twitter_auto_tweet.php','1',NULL),(2,'Sociable','sociable/sociable.php','1',NULL);

--
-- Table structure for table `idx_review`
--

CREATE TABLE `idx_review` (
  `review_id` mediumint(9) unsigned NOT NULL AUTO_INCREMENT,
  `link_id` mediumint(9) unsigned NOT NULL DEFAULT '0',
  `review` text NOT NULL,
  `rating` tinyint(3) unsigned NOT NULL DEFAULT '0',
  `date` date NOT NULL DEFAULT '0000-00-00',
  `subject` varchar(100) DEFAULT NULL,
  `status` char(1) DEFAULT NULL,
  `username` varchar(20) DEFAULT NULL,
  `name` varchar(20) DEFAULT NULL,
  `email` varchar(100) DEFAULT NULL,
  PRIMARY KEY (`review_id`)
) ENGINE=MyISAM DEFAULT CHARSET=latin1;

--
-- Dumping data for table `idx_review`
--


--
-- Table structure for table `idx_searchlog`
--

CREATE TABLE `idx_searchlog` (
  `keyword` varchar(100) NOT NULL DEFAULT '',
  `time` datetime NOT NULL DEFAULT '0000-00-00 00:00:00',
  `result` mediumint(9) unsigned DEFAULT NULL,
  `ip` varchar(100) DEFAULT NULL
) ENGINE=MyISAM DEFAULT CHARSET=latin1;

--
-- Dumping data for table `idx_searchlog`
--


--
-- Table structure for table `idx_set_hook_place`
--

CREATE TABLE `idx_set_hook_place` (
  `set_hook_place_id` int(11) NOT NULL AUTO_INCREMENT,
  `plugin` varchar(255) DEFAULT NULL,
  `set_hook_place` text,
  PRIMARY KEY (`set_hook_place_id`)
) ENGINE=MyISAM DEFAULT CHARSET=latin1;

--
-- Dumping data for table `idx_set_hook_place`
--


--
-- Table structure for table `idx_setting`
--

CREATE TABLE `idx_setting` (
  `setting_id` int(11) NOT NULL AUTO_INCREMENT,
  `setting_name` varchar(255) DEFAULT NULL,
  `setting_value` text,
  PRIMARY KEY (`setting_id`)
) ENGINE=MyISAM AUTO_INCREMENT=55 DEFAULT CHARSET=latin1;

--
-- Dumping data for table `idx_setting`
--

INSERT INTO `idx_setting` VALUES (4,'site_name','redcarpetsites.com'),(5,'site_url','http://redcarpetsites.com'),(6,'email_address','amira.crogan@gmail.com'),(7,'language_code','en_US'),(8,'theme_path','/home/redcarpe/public_html/themes/'),(9,'admin_template_path','/home/redcarpe/public_html/admin_tpl/'),(10,'plugin_path','/home/redcarpe/public_html/plugin/'),(12,'active_theme','_redcarpetsites'),(14,'spam_proof','1'),(15,'enable_user_validation','1'),(16,'allowed_file_extension','gif,jpg,png,pdf,zip,doc'),(17,'yahoo_appid',''),(18,'whosonline','600'),(19,'reciprocal_check','0'),(20,'urlcheck_limit','1'),(21,'pagerank_cache','30'),(22,'max_image_width','1024'),(23,'max_image_height','756'),(24,'max_file_size','500'),(25,'only_registered_can_add_link','0'),(26,'only_registered_can_add_review','0'),(27,'db_use_persistent','0'),(28,'paid_link_day_period','30,60,90,180'),(29,'paid_link_price_factor','1,1.5,2,3'),(30,'enable_html_tag','1'),(31,'allowed_html_tag','<b>,<strong>,<i>,<em>,<u>,<pre>,<blockquote>,<ol>,<ul>,<li>,<p>,<span>,<div>,<table>,<tr>,<td>'),(32,'enable_page_compression','0'),(33,'enable_category_ajax','1'),(34,'require_visit_category','0'),(35,'additional_category_price','0.5'),(36,'enable_rating_ajax','1'),(37,'service_nicecoder_avail','1'),(38,'enable_recaptcha','0'),(39,'recaptcha_publickey',''),(40,'recaptcha_privatekey',''),(41,'enable_bidding','0'),(42,'minimum_bid','5'),(43,'bid_increament','1'),(44,'charset','utf-8'),(45,'mailer','mail'),(46,'smtp_auth','0'),(47,'smtp_host',''),(48,'smtp_username',''),(49,'smtp_password',''),(50,'smtp_port','25'),(51,'emailbody_as_html','0'),(52,'indexu_version','2.4'),(53,'tos',''),(54,'submission_guidelines','');

--
-- Table structure for table `idx_tags`
--

CREATE TABLE `idx_tags` (
  `tag` varchar(64) NOT NULL DEFAULT '',
  `category_id` mediumint(8) unsigned NOT NULL DEFAULT '0',
  `total` int(11) NOT NULL DEFAULT '0',
  `tag_path` varchar(64) NOT NULL,
  PRIMARY KEY (`tag`,`category_id`)
) ENGINE=MyISAM DEFAULT CHARSET=latin1;

--
-- Dumping data for table `idx_tags`
--


--
-- Table structure for table `idx_unavailable`
--

CREATE TABLE `idx_unavailable` (
  `idx_unavailable` int(11) NOT NULL AUTO_INCREMENT,
  `link_id` int(11) DEFAULT NULL,
  `url` varchar(255) DEFAULT NULL,
  `who_is` varchar(255) DEFAULT NULL,
  `note` text,
  `date` datetime DEFAULT NULL,
  PRIMARY KEY (`idx_unavailable`)
) ENGINE=MyISAM DEFAULT CHARSET=latin1;

--
-- Dumping data for table `idx_unavailable`
--


--
-- Table structure for table `idx_unavailable_latest`
--

CREATE TABLE `idx_unavailable_latest` (
  `idx_link` int(11) DEFAULT NULL,
  `record_execution` int(11) DEFAULT NULL
) ENGINE=MyISAM DEFAULT CHARSET=latin1;

--
-- Dumping data for table `idx_unavailable_latest`
--


--
-- Table structure for table `idx_votes`
--

CREATE TABLE `idx_votes` (
  `link_id` mediumint(9) NOT NULL DEFAULT '0',
  `ip` varchar(100) DEFAULT NULL,
  `value` tinyint(4) DEFAULT NULL
) ENGINE=MyISAM DEFAULT CHARSET=latin1;

--
-- Dumping data for table `idx_votes`
--



