--
-- Host: roidirectory.org    Database: europelo_direct
-- ------------------------------------------------------


--
-- Table structure for table `directory_save_data`
--

CREATE TABLE `directory_save_data` (
  `id` bigint(100) NOT NULL AUTO_INCREMENT,
  `schedule_id` bigint(100) NOT NULL,
  `project_id` bigint(100) NOT NULL,
  `link_id` bigint(100) NOT NULL,
  `confirm_link` text NOT NULL,
  `category_id` int(10) NOT NULL,
  `category_name` varchar(150) NOT NULL,
  PRIMARY KEY (`id`)
) ENGINE=InnoDB DEFAULT CHARSET=latin1;

--
-- Dumping data for table `directory_save_data`
--


--
-- Table structure for table `idx_admin_menu`
--

CREATE TABLE `idx_admin_menu` (
  `menu_id` int(11) NOT NULL AUTO_INCREMENT,
  `parent_id` int(11) DEFAULT NULL,
  `menu_title` varchar(255) DEFAULT NULL,
  `menu_url` varchar(255) DEFAULT NULL,
  `order_number` int(11) DEFAULT NULL,
  PRIMARY KEY (`menu_id`)
) ENGINE=MyISAM AUTO_INCREMENT=85 DEFAULT CHARSET=latin1;

--
-- Dumping data for table `idx_admin_menu`
--



--
-- Table structure for table `idx_bad_link`
--

CREATE TABLE `idx_bad_link` (
  `bad_link_id` mediumint(9) unsigned NOT NULL AUTO_INCREMENT,
  `link_id` mediumint(9) unsigned NOT NULL DEFAULT '0',
  `name` varchar(50) NOT NULL DEFAULT '',
  `email` varchar(50) NOT NULL DEFAULT '',
  `type` tinyint(3) unsigned NOT NULL DEFAULT '0',
  `date` date NOT NULL DEFAULT '0000-00-00',
  PRIMARY KEY (`bad_link_id`)
) ENGINE=MyISAM DEFAULT CHARSET=latin1;

--
-- Dumping data for table `idx_bad_link`
--


--
-- Table structure for table `idx_badwords`
--

CREATE TABLE `idx_badwords` (
  `word` varchar(100) NOT NULL DEFAULT ''
) ENGINE=MyISAM DEFAULT CHARSET=latin1;

--
-- Dumping data for table `idx_badwords`
--


--
-- Table structure for table `idx_blocked_domain`
--

CREATE TABLE `idx_blocked_domain` (
  `blocked_id` int(11) NOT NULL AUTO_INCREMENT,
  `blocked` varchar(255) DEFAULT NULL,
  `type` enum('domain','ip') DEFAULT NULL,
  PRIMARY KEY (`blocked_id`)
) ENGINE=MyISAM AUTO_INCREMENT=6 DEFAULT CHARSET=latin1;

--
-- Dumping data for table `idx_blocked_domain`
--

INSERT INTO `idx_blocked_domain` VALUES (1,'buydomains.com','domain'),(2,'this-domain-for-sale.com ','domain'),(3,'oversee.net','domain'),(4,'eNom','domain'),(5,'sedoparking.com','domain');

--
-- Table structure for table `idx_category`
--

CREATE TABLE `idx_category` (
  `category_id` mediumint(9) unsigned NOT NULL AUTO_INCREMENT,
  `parent_id` mediumint(9) unsigned NOT NULL DEFAULT '0',
  `name` varchar(100) NOT NULL DEFAULT '',
  `description` text NOT NULL,
  `image` varchar(100) DEFAULT NULL,
  `content` text,
  `visible` char(1) DEFAULT NULL,
  `links` mediumint(9) DEFAULT NULL,
  `meta_keyword` text,
  `meta_description` text,
  `permission` char(2) DEFAULT NULL,
  `registered_only` char(1) DEFAULT NULL,
  `header` text NOT NULL,
  `footer` text NOT NULL,
  `related` mediumint(6) NOT NULL DEFAULT '0',
  `page_title` varchar(200) NOT NULL DEFAULT '',
  `hits` int(11) NOT NULL DEFAULT '0',
  `order_num` smallint(6) NOT NULL DEFAULT '0',
  `basic_price` double unsigned NOT NULL DEFAULT '0',
  `premium_price` double unsigned NOT NULL DEFAULT '0',
  `sponsored_price` double unsigned NOT NULL DEFAULT '0',
  PRIMARY KEY (`category_id`)
) ENGINE=MyISAM AUTO_INCREMENT=180 DEFAULT CHARSET=latin1;

--
-- Dumping data for table `idx_category`
--

INSERT INTO `idx_category` VALUES (143,0,'Arts Gallery & Entertainment','','folder.gif','','1',22,'','','1','0','','',0,'',0,0,0,0,0),(144,0,'Automobiles','','folder.gif','','1',55,'','','1','0','','',0,'',0,0,0,0,0),(145,0,'Business & Investment','','folder.gif','','1',194,'','','1','0','','',0,'',0,0,0,0,0),(146,0,'Careers & Recruitment','','folder.gif','','1',2,'','','1','0','','',0,'',0,0,0,0,0),(147,0,'Clothing & Designers','','folder.gif','','1',15,'','','1','0','','',0,'',0,0,0,0,0),(148,0,'Communication ','','folder.gif','','1',23,'','','1','0','','',0,'',0,0,0,0,0),(149,0,'Computers','','folder.gif','','1',32,'','','1','0','','',0,'',0,0,0,0,0),(150,0,'Construction and Maintenance','','folder.gif','','1',90,'','','1','0','','',0,'',0,0,0,0,0),(151,0,'Dental','','folder.gif','','1',79,'','','1','0','','',0,'',0,0,0,0,0),(152,0,'Education','','folder.gif','','1',31,'','','1','0','','',0,'',0,0,0,0,0),(153,0,'Employment  ','','folder.gif','','1',1,'','','1','0','','',0,'',0,0,0,0,0),(154,0,'Gifts ','','folder.gif','','1',24,'','','1','0','','',0,'',0,0,0,0,0),(155,0,'Hardware & Software','','folder.gif','','1',11,'','','1','0','','',0,'',0,0,0,0,0),(156,0,'Health & fitness','','folder.gif','','1',86,'','','1','0','','',0,'',0,0,0,0,0),(157,0,'Healthcare Services & Products','','folder.gif','','1',126,'','','1','0','','',0,'',0,0,0,0,0),(158,0,'Air Conditioning, Heating & Ventilating','','folder.gif','','1',80,'','','1','0','','',0,'',0,0,0,0,0),(159,0,'Family ,Home & Garden','','folder.gif','','1',252,'','','1','0','','',0,'',0,0,0,0,0),(161,0,'Home Improvement & Interiors','','folder.gif','','1',94,'','','1','0','','',0,'',0,0,0,0,0),(162,0,'Hotels & Restaurants','','folder.gif','','1',96,'','','1','0','','',0,'',0,0,0,0,0),(163,0,'Insurance Agents and Companies','','folder.gif','','1',33,'','','1','0','','',0,'',0,0,0,0,0),(165,0,'Law and Politics','','folder.gif','','1',0,'','','1','0','','',0,'',0,0,0,0,0),(166,0,'Lawyers & Legal Consultants','','folder.gif','','1',207,'','','1','0','','',0,'',0,0,0,0,0),(167,0,'Lifestyle and Relationship','','folder.gif','','1',7,'','','1','0','','',0,'',0,0,0,0,0),(168,0,'Medicine & Medical Services','','folder.gif','','1',13,'','','1','0','','',0,'',0,0,0,0,0),(169,0,'Finance','','folder.gif','','1',27,'','','1','0','','',0,'',0,0,0,0,0),(170,0,'News & Journals','','folder.gif','','1',2,'','','1','0','','',0,'',0,0,0,0,0),(171,0,'Plumbing & Fitting ','','folder.gif','','1',50,'','','1','0','','',0,'',0,0,0,0,0),(172,0,'Real Estate & Agents ','','folder.gif','','1',43,'','','1','0','','',0,'',0,0,0,0,0),(173,0,'Environment & Technology','','folder.gif','','1',17,'','','1','0','','',0,'',0,0,0,0,0),(174,0,'SEO & SMO Marketing','','folder.gif','','1',27,'','','1','0','','',0,'',0,0,0,0,0),(175,0,'Online Shopping','','folder.gif','','1',78,'','','1','0','','',0,'',0,0,0,0,0),(176,0,'Sports','','folder.gif','','1',10,'','','1','0','','',0,'',0,0,0,0,0),(177,0,'Transportation and Logistics Services','','folder.gif','','1',60,'','','1','0','','',0,'',0,0,0,0,0),(178,0,'Tours & Travel','','folder.gif','','1',27,'','','1','0','','',0,'',0,0,0,0,0),(179,0,'Wedding & Jewellery','','folder.gif','','1',13,'','','1','0','','',0,'',0,0,0,0,0);

--
-- Table structure for table `idx_category_path`
--

CREATE TABLE `idx_category_path` (
  `category_id` mediumint(9) NOT NULL DEFAULT '0',
  `path` text,
  `path_with_url` text,
  `parents` text,
  PRIMARY KEY (`category_id`)
) ENGINE=MyISAM DEFAULT CHARSET=latin1;

--
-- Dumping data for table `idx_category_path`
--

INSERT INTO `idx_category_path` VALUES (143,'Arts Gallery & Entertainment','<a href=\"http://roidirectory.org/arts-gallery-entertainment/\" name=\"cat_143\" style=\"\">Arts Gallery & Entertainment</a>',';0;'),(144,'Automobiles','<a href=\"http://roidirectory.org/automobiles/\" name=\"cat_144\" style=\"\">Automobiles</a>',';0;'),(145,'Business & Investment','<a href=\"http://roidirectory.org/business-investment/\" name=\"cat_145\" style=\"\">Business & Investment</a>',';0;'),(146,'Careers & Recruitment','<a href=\"http://roidirectory.org/careers-recruitment/\" name=\"cat_146\" style=\"\">Careers & Recruitment</a>',';0;'),(147,'Clothing & Designers','<a href=\"http://roidirectory.org/clothing-designers/\" name=\"cat_147\" style=\"\">Clothing & Designers</a>',';0;'),(148,'Communication ','<a href=\"http://roidirectory.org/communication/\" name=\"cat_148\" style=\"\">Communication </a>',';0;'),(149,'Computers','<a href=\"http://roidirectory.org/computers/\" name=\"cat_149\" style=\"\">Computers</a>',';0;'),(150,'Construction and Maintenance','<a href=\"http://roidirectory.org/construction-and-maintenance/\" name=\"cat_150\" style=\"\">Construction and Maintenance</a>',';0;'),(151,'Dental','<a href=\"http://roidirectory.org/dental/\" name=\"cat_151\" style=\"\">Dental</a>',';0;'),(152,'Education','<a href=\"http://roidirectory.org/education/\" name=\"cat_152\" style=\"\">Education</a>',';0;'),(153,'Employment  ','<a href=\"http://roidirectory.org/employment/\" name=\"cat_153\" style=\"\">Employment  </a>',';0;'),(154,'Gifts ','<a href=\"http://roidirectory.org/gifts/\" name=\"cat_154\" style=\"\">Gifts </a>',';0;'),(155,'Hardware & Software','<a href=\"http://roidirectory.org/hardware-software/\" name=\"cat_155\" style=\"\">Hardware & Software</a>',';0;'),(156,'Health & fitness','<a href=\"http://roidirectory.org/health-fitness/\" name=\"cat_156\" style=\"\">Health & fitness</a>',';0;'),(157,'Healthcare Services & Products','<a href=\"http://roidirectory.org/healthcare-services-products/\" name=\"cat_157\" style=\"\">Healthcare Services & Products</a>',';0;'),(158,'Air Conditioning, Heating & Ventilating','<a href=\"http://roidirectory.org/air-conditioning-heating-ventilating/\" name=\"cat_158\" style=\"\">Air Conditioning, Heating & Ventilating</a>',';0;'),(159,'Family ,Home & Garden','<a href=\"http://roidirectory.org/family-home-garden/\" name=\"cat_159\" style=\"\">Family ,Home & Garden</a>',';0;'),(161,'Home Improvement & Interiors','<a href=\"http://roidirectory.org/home-improvement-interiors/\" name=\"cat_161\" style=\"\">Home Improvement & Interiors</a>',';0;'),(162,'Hotels & Restaurants','<a href=\"http://roidirectory.org/hotels-restaurants/\" name=\"cat_162\" style=\"\">Hotels & Restaurants</a>',';0;'),(163,'Insurance Agents and Companies','<a href=\"http://roidirectory.org/insurance-agents-and-companies/\" name=\"cat_163\" style=\"\">Insurance Agents and Companies</a>',';0;'),(165,'Law and Politics','<a href=\"http://roidirectory.org/law-and-politics/\" name=\"cat_165\" style=\"\">Law and Politics</a>',';0;'),(166,'Lawyers & Legal Consultants','<a href=\"http://roidirectory.org/lawyers-legal-consultants/\" name=\"cat_166\" style=\"\">Lawyers & Legal Consultants</a>',';0;'),(167,'Lifestyle and Relationship','<a href=\"http://roidirectory.org/lifestyle-and-relationship/\" name=\"cat_167\" style=\"\">Lifestyle and Relationship</a>',';0;'),(168,'Medicine & Medical Services','<a href=\"http://roidirectory.org/medicine-medical-services/\" name=\"cat_168\" style=\"\">Medicine & Medical Services</a>',';0;'),(169,'Finance','<a href=\"http://roidirectory.org/finance/\" name=\"cat_169\" style=\"\">Finance</a>',';0;'),(170,'News & Journals','<a href=\"http://roidirectory.org/news-journals/\" name=\"cat_170\" style=\"\">News & Journals</a>',';0;'),(171,'Plumbing & Fitting ','<a href=\"http://roidirectory.org/plumbing-fitting/\" name=\"cat_171\" style=\"\">Plumbing & Fitting </a>',';0;'),(172,'Real Estate & Agents ','<a href=\"http://roidirectory.org/real-estate-agents/\" name=\"cat_172\" style=\"\">Real Estate & Agents </a>',';0;'),(173,'Environment & Technology','<a href=\"http://roidirectory.org/environment-technology/\" name=\"cat_173\" style=\"\">Environment & Technology</a>',';0;'),(174,'SEO & SMO Marketing','<a href=\"http://roidirectory.org/seo-smo-marketing/\" name=\"cat_174\" style=\"\">SEO & SMO Marketing</a>',';0;'),(175,'Online Shopping','<a href=\"http://roidirectory.org/online-shopping/\" name=\"cat_175\" style=\"\">Online Shopping</a>',';0;'),(176,'Sports','<a href=\"http://roidirectory.org/sports/\" name=\"cat_176\" style=\"\">Sports</a>',';0;'),(177,'Transportation and Logistics Services','<a href=\"http://roidirectory.org/transportation-and-logistics-services/\" name=\"cat_177\" style=\"\">Transportation and Logistics Services</a>',';0;'),(178,'Tours & Travel','<a href=\"http://roidirectory.org/tours-travel/\" name=\"cat_178\" style=\"\">Tours & Travel</a>',';0;'),(179,'Wedding & Jewellery','<a href=\"http://roidirectory.org/wedding-jewellery/\" name=\"cat_179\" style=\"\">Wedding & Jewellery</a>',';0;');

--
-- Table structure for table `idx_category_suggession`
--

CREATE TABLE `idx_category_suggession` (
  `id_cat_suggession` int(11) NOT NULL AUTO_INCREMENT,
  `parent_id` int(11) DEFAULT NULL,
  `name` varchar(255) DEFAULT NULL,
  `category_description` text,
  `date` datetime DEFAULT NULL,
  PRIMARY KEY (`id_cat_suggession`)
) ENGINE=MyISAM AUTO_INCREMENT=4 DEFAULT CHARSET=latin1;

--
-- Dumping data for table `idx_category_suggession`
--

INSERT INTO `idx_category_suggession` VALUES (1,169,'Arry','Yup, that shloud defo do the trick!','2011-10-19 03:13:35'),(2,151,'Dentist 07424 | Dentists 07424 | Dentist Woodland Park NJ','Are you looking for best dentists at Little Falls, NJ 07424? Then Ulanet Dental is the best dental clinic in Little Falls in New Jersey. These guys are well equipped with latest therapies about all types of dental treatment.http://ulanetdental.com','2011-12-04 05:18:01'),(3,143,'music download','Free Hindi Songs Download, Free English Songs Download, Mp3 Songs Download','2011-12-28 00:03:01');

--
-- Table structure for table `idx_checkurl`
--

CREATE TABLE `idx_checkurl` (
  `link_id` mediumint(9) NOT NULL DEFAULT '0',
  `date` date NOT NULL DEFAULT '0000-00-00',
  `live` char(1) NOT NULL DEFAULT '',
  `reciprocal_found` char(1) NOT NULL DEFAULT '',
  PRIMARY KEY (`link_id`)
) ENGINE=MyISAM DEFAULT CHARSET=latin1;

--
-- Dumping data for table `idx_checkurl`
--


--
-- Table structure for table `idx_cronjobs`
--

CREATE TABLE `idx_cronjobs` (
  `cronjobs_id` int(11) NOT NULL AUTO_INCREMENT,
  `cronjobs_name` varchar(255) DEFAULT NULL,
  `filename` varchar(255) NOT NULL,
  `schedule` varchar(255) NOT NULL,
  `time` datetime NOT NULL,
  `execution` varchar(1) NOT NULL,
  PRIMARY KEY (`cronjobs_id`)
) ENGINE=MyISAM AUTO_INCREMENT=4 DEFAULT CHARSET=latin1;

--
-- Dumping data for table `idx_cronjobs`
--

INSERT INTO `idx_cronjobs` VALUES (1,NULL,'clear_templates_c.php','1,*,*,*,*','0000-00-00 00:00:00',''),(2,NULL,'update_tag_cloud.php','*,24,*,*,*','0000-00-00 00:00:00',''),(3,NULL,'clear_rss_cache.php','*,24,*,*,*','0000-00-00 00:00:00','');

--
-- Table structure for table `idx_custom_field`
--

CREATE TABLE `idx_custom_field` (
  `field_name` varchar(32) NOT NULL DEFAULT '',
  `field_text` varchar(64) NOT NULL DEFAULT '',
  `field_type` enum('TEXT','TEXTAREA','SELECT','MULTISELECT','CHECKBOX','RADIO','FILE','IMAGE','DATE','DATETIME','RICHEDITOR') NOT NULL DEFAULT 'TEXT',
  `field_option` text NOT NULL,
  `field_img_width` int(10) unsigned NOT NULL DEFAULT '0',
  `field_img_height` int(10) unsigned NOT NULL DEFAULT '0',
  `field_file_size` int(10) unsigned NOT NULL DEFAULT '0',
  `field_file_extension` varchar(64) NOT NULL DEFAULT '',
  `required` char(1) NOT NULL DEFAULT '0',
  `searchable` char(1) NOT NULL DEFAULT '1',
  `permission` char(1) NOT NULL DEFAULT '0'
) ENGINE=MyISAM DEFAULT CHARSET=latin1;

--
-- Dumping data for table `idx_custom_field`
--

INSERT INTO `idx_custom_field` VALUES ('image','Image','IMAGE','',0,0,0,'','0','0','2'),('address','Address','TEXT','',0,0,0,'','0','0','0'),('city','City','TEXT','',0,0,0,'','0','0','0'),('state','State','TEXT','',0,0,0,'','0','0','0'),('country','Country','TEXT','',0,0,0,'','0','0','0'),('zip','Zip','TEXT','',0,0,0,'','0','0','0'),('phone','Phone','TEXT','',0,0,0,'','0','0','0'),('fax','Fax','TEXT','',0,0,0,'','0','0','0');

--
-- Table structure for table `idx_default_field`
--

CREATE TABLE `idx_default_field` (
  `field_name` varchar(64) NOT NULL,
  `required` char(1) NOT NULL,
  `visible` char(1) NOT NULL DEFAULT '1',
  `searchable` char(1) NOT NULL DEFAULT '1'
) ENGINE=MyISAM DEFAULT CHARSET=latin1;

--
-- Dumping data for table `idx_default_field`
--

INSERT INTO `idx_default_field` VALUES ('title','1','1','1'),('url','1','1','1'),('description','1','1','1'),('keywords','1','1','0'),('contact_name','1','1','1'),('email','1','1','1'),('reciprocal_url','0','0','1');

--
-- Table structure for table `idx_discount_coupon`
--

CREATE TABLE `idx_discount_coupon` (
  `coupon_id` int(11) NOT NULL AUTO_INCREMENT,
  `coupon_code` varchar(255) DEFAULT NULL,
  `coupon_value` varchar(50) DEFAULT NULL,
  `link_type` varchar(255) DEFAULT NULL,
  `start_date` date DEFAULT NULL,
  `expired_date` date DEFAULT NULL,
  `expired_usage` int(11) DEFAULT NULL,
  `usage_count` int(11) DEFAULT NULL,
  PRIMARY KEY (`coupon_id`)
) ENGINE=MyISAM DEFAULT CHARSET=latin1;

--
-- Dumping data for table `idx_discount_coupon`
--


--
-- Table structure for table `idx_editor`
--

CREATE TABLE `idx_editor` (
  `username` varchar(20) DEFAULT NULL,
  `category_id` mediumint(9) DEFAULT NULL,
  `category` char(1) DEFAULT NULL,
  `link` char(1) DEFAULT NULL,
  `review` char(1) DEFAULT NULL,
  `pick` char(1) DEFAULT NULL,
  `status` char(1) DEFAULT NULL,
  `date` date DEFAULT NULL
) ENGINE=MyISAM DEFAULT CHARSET=latin1;

--
-- Dumping data for table `idx_editor`
--


--
-- Table structure for table `idx_email_template`
--

CREATE TABLE `idx_email_template` (
  `email_template_id` int(10) unsigned NOT NULL AUTO_INCREMENT,
  `name` varchar(255) DEFAULT NULL,
  `subject` varchar(255) DEFAULT NULL,
  `body` text,
  `altbody` text,
  PRIMARY KEY (`email_template_id`)
) ENGINE=MyISAM AUTO_INCREMENT=37 DEFAULT CHARSET=latin1;

--
-- Dumping data for table `idx_email_template`
--



--
-- Table structure for table `idx_favorites`
--

CREATE TABLE `idx_favorites` (
  `favorite_id` int(11) NOT NULL AUTO_INCREMENT,
  `username` varchar(20) DEFAULT NULL,
  `date` date DEFAULT NULL,
  `title` varchar(100) DEFAULT NULL,
  `description` text,
  PRIMARY KEY (`favorite_id`)
) ENGINE=MyISAM DEFAULT CHARSET=latin1;

--
-- Dumping data for table `idx_favorites`
--


--
-- Table structure for table `idx_favorites_detail`
--

CREATE TABLE `idx_favorites_detail` (
  `favorite_id` int(11) DEFAULT NULL,
  `link_id` mediumint(9) DEFAULT NULL
) ENGINE=MyISAM DEFAULT CHARSET=latin1;

--
-- Dumping data for table `idx_favorites_detail`
--


--
-- Table structure for table `idx_hook_place`
--

CREATE TABLE `idx_hook_place` (
  `hook_place_id` int(11) NOT NULL AUTO_INCREMENT,
  `filename` varchar(255) DEFAULT NULL,
  `hookname` varchar(255) DEFAULT NULL,
  PRIMARY KEY (`hook_place_id`)
) ENGINE=MyISAM DEFAULT CHARSET=latin1;

--
-- Dumping data for table `idx_hook_place`
--


--
-- Table structure for table `idx_invoice`
--

CREATE TABLE `idx_invoice` (
  `invoice_id` varchar(10) NOT NULL DEFAULT '',
  `invoice_date` date DEFAULT NULL,
  `due_date` date DEFAULT NULL,
  `invoiced_to` text,
  `service` varchar(255) DEFAULT NULL,
  `description` text,
  `total` double(8,2) DEFAULT NULL,
  `comment` text,
  `paid` char(1) DEFAULT NULL,
  `paid_date` date DEFAULT NULL,
  `email` varchar(255) DEFAULT NULL,
  PRIMARY KEY (`invoice_id`)
) ENGINE=MyISAM DEFAULT CHARSET=latin1;

--
-- Dumping data for table `idx_invoice`
--


--
-- Table structure for table `idx_invoice_config`
--

CREATE TABLE `idx_invoice_config` (
  `company` varchar(255) DEFAULT NULL,
  `contact` varchar(255) DEFAULT NULL,
  `address` text,
  `phone` varchar(255) DEFAULT NULL,
  `email` varchar(255) DEFAULT NULL,
  `currency_symbol` varchar(255) DEFAULT '$',
  `currency_code` varchar(255) DEFAULT 'USD'
) ENGINE=MyISAM DEFAULT CHARSET=latin1;

--
-- Dumping data for table `idx_invoice_config`
--

INSERT INTO `idx_invoice_config` VALUES ('Your website / Company','Billing Department','Your address','Your phone #','Billing<name@yourdomain.com>','$','USD');

--
-- Table structure for table `idx_link_temp_user`
--

CREATE TABLE `idx_link_temp_user` (
  `vid` mediumint(9) unsigned NOT NULL DEFAULT '0',
  `username` varchar(20) NOT NULL DEFAULT '',
  PRIMARY KEY (`vid`)
) ENGINE=MyISAM DEFAULT CHARSET=latin1;

--
-- Dumping data for table `idx_link_temp_user`
--


--
-- Table structure for table `idx_link_user`
--

CREATE TABLE `idx_link_user` (
  `link_id` mediumint(9) unsigned NOT NULL DEFAULT '0',
  `username` varchar(20) NOT NULL DEFAULT '',
  PRIMARY KEY (`link_id`)
) ENGINE=MyISAM DEFAULT CHARSET=latin1;

--
-- Dumping data for table `idx_link_user`
--


--
-- Table structure for table `idx_mailing_list`
--

CREATE TABLE `idx_mailing_list` (
  `email` varchar(50) NOT NULL DEFAULT '',
  `code` varchar(4) DEFAULT NULL,
  `status` char(1) DEFAULT NULL,
  PRIMARY KEY (`email`)
) ENGINE=MyISAM DEFAULT CHARSET=latin1;

--
-- Dumping data for table `idx_mailing_list`
--


--
-- Table structure for table `idx_message`
--

CREATE TABLE `idx_message` (
  `message_id` smallint(6) NOT NULL AUTO_INCREMENT,
  `date` date DEFAULT NULL,
  `body` text,
  `subject` varchar(100) DEFAULT NULL,
  PRIMARY KEY (`message_id`)
) ENGINE=MyISAM DEFAULT CHARSET=latin1;

--
-- Dumping data for table `idx_message`
--


--
-- Table structure for table `idx_notification`
--

CREATE TABLE `idx_notification` (
  `username` varchar(20) NOT NULL DEFAULT '',
  `category_id` mediumint(9) NOT NULL DEFAULT '0'
) ENGINE=MyISAM DEFAULT CHARSET=latin1;

--
-- Dumping data for table `idx_notification`
--


--
-- Table structure for table `idx_pagerank`
--

CREATE TABLE `idx_pagerank` (
  `link_id` mediumint(8) unsigned NOT NULL DEFAULT '0',
  `engine` char(1) NOT NULL DEFAULT '',
  `rank` tinyint(4) NOT NULL DEFAULT '0',
  `last_update` date NOT NULL DEFAULT '0000-00-00',
  PRIMARY KEY (`link_id`,`engine`)
) ENGINE=MyISAM DEFAULT CHARSET=latin1;

--
-- Dumping data for table `idx_pagerank`
--

INSERT INTO `idx_pagerank` VALUES (33,'g',0,'2012-03-06'),(50,'g',0,'2012-03-05'),(68,'g',0,'2012-03-05'),(64,'g',0,'2012-01-03'),(54,'g',0,'2012-01-03'),(69,'g',0,'2011-12-09'),(66,'g',0,'2011-12-09'),(9,'g',4,'2011-09-05'),(26,'g',0,'2012-02-29'),(34,'g',0,'2012-02-29'),(35,'g',0,'2011-10-15'),(44,'g',0,'2012-02-29'),(41,'g',2,'2011-09-05'),(40,'g',0,'2012-01-03'),(39,'g',0,'2012-01-03'),(11,'g',4,'2011-09-06'),(29,'g',0,'2011-12-11'),(82,'g',2,'2011-09-06'),(30,'g',2,'2011-09-06'),(43,'g',0,'2012-02-03'),(62,'g',0,'2012-02-03'),(99,'g',0,'2011-10-14'),(48,'g',0,'2012-03-05'),(83,'g',0,'2011-10-14'),(91,'g',0,'2011-10-14'),(75,'g',0,'2011-10-14'),(31,'g',0,'2011-10-14'),(115,'g',2,'2011-09-06'),(107,'g',2,'2011-09-06'),(1,'g',1,'2011-09-08'),(53,'g',0,'2012-02-01'),(67,'g',0,'2012-02-01'),(450,'g',0,'2011-10-11'),(463,'g',0,'2012-01-31'),(38,'g',0,'2012-02-27'),(27,'g',0,'2012-01-03'),(405,'g',4,'2011-09-09'),(16,'g',0,'2012-03-05'),(77,'g',3,'2011-09-11'),(36,'g',3,'2011-09-11'),(74,'g',2,'2011-09-11'),(85,'g',3,'2011-09-11'),(25,'g',0,'2011-11-27'),(61,'g',0,'2012-01-03'),(57,'g',0,'2012-02-06'),(47,'g',0,'2012-01-03'),(1184,'g',2,'2011-09-12'),(1196,'g',3,'2011-09-12'),(1194,'g',1,'2011-09-12'),(14,'g',3,'2011-09-12'),(78,'g',2,'2011-09-12'),(21,'g',0,'2012-03-05'),(10,'g',3,'2011-09-12'),(94,'g',2,'2011-09-12'),(37,'g',2,'2011-09-12'),(86,'g',2,'2011-09-12'),(102,'g',2,'2011-09-12'),(18,'g',0,'2012-02-15'),(23,'g',0,'2011-10-14'),(19,'g',3,'2011-09-12'),(275,'g',0,'2012-01-04'),(63,'g',0,'2011-12-11'),(1163,'g',0,'2011-10-14'),(49,'g',0,'2012-02-06'),(96,'g',0,'2011-09-13'),(88,'g',0,'2011-09-13'),(80,'g',0,'2011-09-13'),(71,'g',0,'2011-09-13'),(120,'g',0,'2011-09-13'),(112,'g',0,'2011-09-13'),(128,'g',0,'2011-09-13'),(1628,'g',0,'2011-10-14'),(8,'g',0,'2011-10-14'),(13,'g',0,'2012-02-15'),(5,'g',2,'2011-09-14'),(104,'g',0,'2011-09-15'),(1198,'g',0,'2011-09-15'),(336,'g',1,'2011-09-15'),(191,'g',2,'2011-09-15'),(360,'g',1,'2011-09-15'),(180,'g',1,'2011-09-15'),(288,'g',1,'2011-09-15'),(167,'g',2,'2011-09-15'),(255,'g',2,'2011-09-15'),(339,'g',2,'2011-09-15'),(328,'g',1,'2011-09-15'),(199,'g',2,'2011-09-15'),(260,'g',1,'2011-09-15'),(196,'g',1,'2011-09-15'),(1631,'g',3,'2011-09-15'),(379,'g',2,'2011-09-15'),(239,'g',2,'2011-09-16'),(280,'g',1,'2011-09-16'),(395,'g',2,'2011-09-16'),(296,'g',1,'2011-09-16'),(347,'g',2,'2011-09-16'),(363,'g',2,'2011-09-16'),(215,'g',2,'2011-09-16'),(323,'g',2,'2011-09-16'),(355,'g',2,'2011-09-16'),(270,'g',1,'2011-09-16'),(188,'g',1,'2011-09-16'),(376,'g',1,'2011-09-16'),(371,'g',2,'2011-09-16'),(344,'g',1,'2011-09-16'),(387,'g',2,'2011-09-16'),(312,'g',0,'2011-09-16'),(352,'g',1,'2011-09-16'),(392,'g',1,'2011-09-16'),(320,'g',1,'2011-09-16'),(172,'g',1,'2011-09-16'),(315,'g',2,'2011-09-16'),(273,'g',2,'2011-09-16'),(403,'g',2,'2011-09-16'),(223,'g',2,'2011-09-16'),(183,'g',0,'2011-09-16'),(304,'g',1,'2011-09-16'),(204,'g',1,'2011-09-16'),(263,'g',2,'2011-09-16'),(368,'g',0,'2011-09-16'),(252,'g',1,'2011-09-16'),(291,'g',2,'2011-09-16'),(228,'g',0,'2011-09-16'),(331,'g',2,'2011-09-16'),(307,'g',2,'2011-09-16'),(299,'g',0,'2011-09-16'),(79,'g',2,'2011-09-17'),(76,'g',1,'2011-09-17'),(55,'g',0,'2012-02-29'),(52,'g',0,'2012-01-23'),(59,'g',0,'2012-02-29'),(58,'g',0,'2012-02-29'),(46,'g',0,'2012-03-02'),(56,'g',0,'2012-02-29'),(60,'g',0,'2011-11-05'),(982,'g',3,'2011-09-17'),(1028,'g',3,'2011-09-17'),(1055,'g',3,'2011-09-17'),(991,'g',3,'2011-09-17'),(6,'g',0,'2011-09-17'),(3,'g',0,'2011-09-17'),(1627,'g',3,'2011-09-17'),(1010,'g',0,'2011-09-17'),(32,'g',0,'2012-02-06'),(81,'g',2,'2011-09-17'),(457,'g',0,'2012-02-06'),(70,'g',0,'2012-02-06'),(466,'g',0,'2011-09-17'),(42,'g',0,'2012-03-05'),(7,'g',2,'2011-09-17'),(1655,'g',0,'2012-02-06'),(2,'g',0,'2011-09-17'),(45,'g',0,'2012-02-06'),(460,'g',0,'2012-02-06'),(72,'g',0,'2011-09-17'),(799,'g',0,'2011-09-17'),(1634,'g',0,'2011-09-17'),(1636,'g',1,'2011-09-17'),(1426,'g',6,'2011-09-17'),(1630,'g',3,'2011-09-17'),(1635,'g',2,'2011-09-17'),(1632,'g',3,'2011-09-17'),(1019,'g',3,'2011-09-17'),(1633,'g',0,'2011-09-18'),(276,'g',0,'2012-02-16'),(973,'g',0,'2011-09-18'),(4,'g',0,'2011-09-18'),(1001,'g',3,'2011-09-18'),(452,'g',0,'2012-02-06'),(22,'g',0,'2011-09-18'),(1037,'g',3,'2011-09-18'),(451,'g',2,'2011-09-18'),(462,'g',0,'2012-02-06'),(461,'g',0,'2012-02-06'),(1046,'g',3,'2011-09-18'),(73,'g',0,'2011-09-18'),(1656,'g',0,'2012-02-15'),(464,'g',0,'2012-02-06'),(28,'g',0,'2012-02-29'),(24,'g',0,'2011-09-18'),(15,'g',3,'2011-09-19'),(110,'g',2,'2011-09-19'),(1668,'g',0,'2012-01-25'),(2258,'g',3,'2011-09-19'),(2259,'g',3,'2011-09-19'),(1669,'g',0,'2012-02-10'),(2274,'g',0,'2012-01-25'),(51,'g',0,'2012-03-01'),(12,'g',0,'2011-09-21'),(1665,'g',0,'2012-02-25'),(65,'g',0,'2011-12-09'),(1645,'g',0,'2012-01-24'),(1661,'g',0,'2012-03-06'),(1660,'g',0,'2012-03-05'),(1778,'g',2,'2011-09-22'),(1767,'g',2,'2011-09-22'),(1756,'g',0,'2011-09-22'),(17,'g',0,'2012-02-15'),(1406,'g',0,'2011-09-23'),(1652,'g',0,'2011-12-12'),(1598,'g',3,'2011-09-23'),(706,'g',0,'2011-09-24'),(529,'g',2,'2011-09-24'),(714,'g',2,'2011-09-24'),(521,'g',0,'2011-09-24'),(847,'g',0,'2011-09-24'),(626,'g',2,'2011-09-24'),(690,'g',2,'2011-09-24'),(650,'g',2,'2011-09-24'),(809,'g',2,'2011-09-24'),(855,'g',0,'2011-09-24'),(601,'g',2,'2011-09-24'),(561,'g',2,'2011-09-24'),(802,'g',2,'2011-09-24'),(831,'g',2,'2011-09-24'),(770,'g',2,'2011-09-24'),(493,'g',2,'2011-09-24'),(509,'g',2,'2011-09-24'),(698,'g',2,'2011-09-24'),(477,'g',2,'2011-09-24'),(537,'g',2,'2011-09-24'),(642,'g',2,'2011-09-24'),(485,'g',2,'2011-09-24'),(585,'g',2,'2011-09-24'),(863,'g',2,'2011-09-24'),(682,'g',0,'2011-09-24'),(618,'g',2,'2011-09-24'),(762,'g',0,'2011-09-24'),(810,'g',2,'2011-09-24'),(569,'g',2,'2011-09-24'),(609,'g',2,'2011-09-24'),(545,'g',2,'2011-09-24'),(666,'g',0,'2011-09-24'),(1154,'g',3,'2011-09-24'),(754,'g',2,'2011-09-24'),(839,'g',2,'2011-09-24'),(1145,'g',3,'2011-09-24'),(1253,'g',3,'2011-09-24'),(1325,'g',3,'2011-09-24'),(1175,'g',3,'2011-09-24'),(1136,'g',3,'2011-09-24'),(1197,'g',3,'2011-09-24'),(1679,'g',0,'2011-09-24'),(1280,'g',3,'2011-09-24'),(1127,'g',3,'2011-09-24'),(1416,'g',0,'2011-09-24'),(1352,'g',0,'2011-09-24'),(1271,'g',3,'2011-09-24'),(1715,'g',3,'2011-09-24'),(1185,'g',3,'2011-09-24'),(1694,'g',0,'2011-09-24'),(1298,'g',3,'2011-09-24'),(1082,'g',0,'2011-09-24'),(1244,'g',3,'2011-09-24'),(1235,'g',3,'2011-09-24'),(1064,'g',0,'2011-09-24'),(1334,'g',3,'2011-09-24'),(1226,'g',0,'2011-09-24'),(1289,'g',3,'2011-09-24'),(1735,'g',3,'2011-09-24'),(1370,'g',0,'2011-09-24'),(1361,'g',3,'2011-09-24'),(1745,'g',3,'2011-09-24'),(302,'g',2,'2011-09-24'),(366,'g',0,'2011-09-24'),(334,'g',2,'2011-09-24'),(358,'g',2,'2011-09-24'),(326,'g',2,'2011-09-24'),(294,'g',2,'2011-09-24'),(310,'g',2,'2011-09-24'),(361,'g',3,'2011-09-24'),(342,'g',0,'2011-09-24'),(313,'g',0,'2011-09-24'),(329,'g',0,'2011-09-24'),(2202,'g',2,'2011-09-24'),(1681,'g',1,'2011-09-24'),(1684,'g',0,'2011-09-24'),(208,'g',0,'2011-09-24'),(783,'g',0,'2011-09-24'),(606,'g',0,'2011-09-24'),(421,'g',0,'2011-09-24'),(566,'g',0,'2011-09-24'),(240,'g',0,'2011-09-24'),(434,'g',0,'2011-09-24'),(1216,'g',3,'2011-09-24'),(1262,'g',3,'2011-09-24'),(20,'g',0,'2012-02-06'),(136,'g',0,'2011-09-24'),(1704,'g',3,'2011-09-24'),(1109,'g',3,'2011-09-24'),(1425,'g',3,'2011-09-24'),(490,'g',0,'2011-09-24'),(274,'g',0,'2011-09-24'),(1100,'g',3,'2011-09-24'),(1118,'g',0,'2011-09-24'),(1379,'g',3,'2011-09-24'),(1407,'g',3,'2011-09-24'),(1388,'g',0,'2011-09-24'),(337,'g',3,'2011-09-24'),(321,'g',3,'2011-09-25'),(305,'g',3,'2011-09-25'),(353,'g',3,'2011-09-25'),(1683,'g',6,'2011-09-25'),(1682,'g',6,'2011-09-25'),(1705,'g',0,'2011-09-25'),(2153,'g',6,'2011-09-25'),(719,'g',0,'2011-09-25'),(655,'g',0,'2011-09-25'),(514,'g',0,'2011-09-25'),(798,'g',0,'2011-09-25'),(671,'g',0,'2011-09-25'),(449,'g',0,'2011-09-25'),(679,'g',0,'2011-09-25'),(192,'g',0,'2011-09-25'),(506,'g',0,'2011-09-25'),(687,'g',0,'2011-09-25'),(256,'g',0,'2011-09-25'),(534,'g',0,'2011-09-25'),(574,'g',0,'2011-09-25'),(404,'g',0,'2011-09-25'),(300,'g',0,'2011-09-25'),(465,'g',0,'2011-09-25'),(518,'g',0,'2011-09-25'),(284,'g',0,'2011-09-25'),(474,'g',0,'2011-09-25'),(526,'g',0,'2011-09-25'),(413,'g',0,'2011-09-25'),(216,'g',0,'2011-09-25'),(542,'g',0,'2011-09-25'),(388,'g',0,'2011-09-25'),(860,'g',0,'2011-09-25'),(767,'g',0,'2011-09-25'),(152,'g',0,'2011-09-25'),(144,'g',0,'2011-09-25'),(364,'g',0,'2011-09-25'),(639,'g',0,'2011-09-25'),(264,'g',0,'2011-09-25'),(426,'g',0,'2011-09-25'),(292,'g',0,'2011-09-25'),(775,'g',0,'2011-09-25'),(695,'g',0,'2011-09-25'),(550,'g',0,'2011-09-25'),(396,'g',0,'2011-09-25'),(184,'g',0,'2011-09-25'),(160,'g',0,'2011-09-25'),(711,'g',0,'2011-09-25'),(380,'g',0,'2011-09-25'),(735,'g',0,'2011-09-25'),(582,'g',0,'2011-09-25'),(598,'g',0,'2011-09-25'),(168,'g',0,'2011-09-25'),(200,'g',0,'2011-09-25'),(308,'g',0,'2011-09-25'),(372,'g',0,'2011-09-25'),(791,'g',0,'2011-09-25'),(340,'g',0,'2011-09-25'),(558,'g',0,'2011-09-25'),(623,'g',0,'2011-09-25'),(176,'g',0,'2011-09-25'),(324,'g',0,'2011-09-25'),(614,'g',0,'2011-09-25'),(2379,'g',0,'2012-03-05'),(1649,'g',0,'2012-02-06'),(1651,'g',0,'2012-02-06'),(1931,'g',3,'2011-09-25'),(1667,'g',3,'2011-09-25'),(1471,'g',3,'2011-09-25'),(1579,'g',3,'2011-09-25'),(1865,'g',0,'2011-09-25'),(1489,'g',3,'2011-09-25'),(1887,'g',0,'2011-09-25'),(1909,'g',3,'2011-09-25'),(1629,'g',3,'2011-09-25'),(1444,'g',3,'2011-09-25'),(759,'g',0,'2011-09-25'),(1507,'g',3,'2011-09-25'),(1073,'g',3,'2011-09-25'),(1725,'g',3,'2011-09-25'),(1435,'g',3,'2011-09-25'),(1953,'g',3,'2011-09-25'),(1498,'g',3,'2011-09-25'),(1920,'g',3,'2011-09-25'),(1552,'g',3,'2011-09-25'),(1543,'g',3,'2011-09-25'),(1570,'g',3,'2011-09-25'),(1397,'g',3,'2011-09-25'),(1091,'g',3,'2011-09-25'),(1608,'g',3,'2011-09-25'),(1525,'g',3,'2011-09-25'),(1588,'g',3,'2011-09-25'),(1561,'g',3,'2011-09-25'),(350,'g',0,'2011-09-25'),(382,'g',2,'2011-09-25'),(393,'g',0,'2011-09-25'),(318,'g',2,'2011-09-25'),(385,'g',3,'2011-09-25'),(390,'g',2,'2011-09-25'),(345,'g',0,'2011-09-25'),(369,'g',3,'2011-09-25'),(2166,'g',0,'2011-09-25'),(1680,'g',1,'2011-09-25'),(316,'g',0,'2011-09-25'),(844,'g',0,'2011-09-25'),(442,'g',0,'2011-09-25'),(820,'g',0,'2011-09-25'),(836,'g',0,'2011-09-25'),(232,'g',0,'2011-09-25'),(248,'g',0,'2011-09-25'),(828,'g',0,'2011-09-25'),(663,'g',0,'2011-09-25'),(482,'g',0,'2011-09-25'),(224,'g',0,'2011-09-25'),(647,'g',0,'2011-09-25'),(868,'g',0,'2011-09-25'),(590,'g',0,'2011-09-25'),(498,'g',0,'2011-09-25'),(348,'g',0,'2011-09-25'),(852,'g',0,'2011-09-25'),(631,'g',0,'2011-09-25'),(703,'g',0,'2011-09-25'),(751,'g',0,'2011-09-25'),(301,'g',2,'2011-09-25'),(389,'g',2,'2011-09-25'),(266,'g',0,'2011-09-25'),(145,'g',0,'2011-09-25'),(105,'g',2,'2011-09-25'),(97,'g',0,'2011-09-25'),(381,'g',0,'2011-09-25'),(233,'g',2,'2011-09-25'),(317,'g',2,'2011-09-25'),(325,'g',2,'2011-09-25'),(293,'g',2,'2011-09-25'),(169,'g',2,'2011-09-25'),(241,'g',2,'2011-09-25'),(225,'g',2,'2011-09-25'),(89,'g',2,'2011-09-25'),(113,'g',2,'2011-09-25'),(185,'g',2,'2011-09-25'),(153,'g',2,'2011-09-25'),(333,'g',0,'2011-09-25'),(267,'g',2,'2011-09-25'),(161,'g',2,'2011-09-25'),(137,'g',2,'2011-09-25'),(414,'g',2,'2011-09-25'),(217,'g',2,'2011-09-25'),(435,'g',0,'2012-02-06'),(2336,'g',0,'2012-03-05'),(309,'g',2,'2011-09-25'),(406,'g',0,'2011-09-25'),(193,'g',2,'2011-09-25'),(422,'g',2,'2011-09-25'),(427,'g',2,'2011-09-25'),(357,'g',0,'2011-09-25'),(285,'g',0,'2011-09-25'),(2382,'g',0,'2012-03-05'),(1755,'g',3,'2011-09-25'),(1799,'g',3,'2011-09-25'),(1854,'g',3,'2011-09-25'),(1343,'g',3,'2011-09-25'),(1165,'g',3,'2011-09-25'),(1516,'g',3,'2011-09-25'),(1821,'g',0,'2011-09-25'),(1964,'g',0,'2011-09-25'),(1316,'g',3,'2011-09-25'),(1777,'g',0,'2011-09-25'),(1453,'g',3,'2011-09-25'),(1766,'g',3,'2011-09-25'),(1207,'g',3,'2011-09-25'),(1942,'g',3,'2011-09-25'),(1810,'g',3,'2011-09-25'),(1876,'g',3,'2011-09-25'),(1534,'g',3,'2011-09-25'),(1480,'g',3,'2011-09-25'),(1788,'g',3,'2011-09-25'),(1832,'g',3,'2011-09-25'),(297,'g',3,'2011-09-25'),(374,'g',2,'2011-09-25'),(407,'g',2,'2011-09-25'),(401,'g',3,'2011-09-25'),(410,'g',3,'2011-09-25'),(377,'g',0,'2011-09-25'),(398,'g',2,'2011-09-25'),(720,'g',0,'2011-09-25'),(1083,'g',2,'2011-09-25'),(1038,'g',0,'2011-09-25'),(829,'g',0,'2011-09-25'),(983,'g',2,'2011-09-25'),(1092,'g',0,'2011-09-25'),(805,'g',2,'2011-09-25'),(736,'g',2,'2011-09-25'),(869,'g',2,'2011-09-25'),(893,'g',2,'2011-09-25'),(917,'g',0,'2011-09-25'),(909,'g',2,'2011-09-25'),(784,'g',0,'2011-09-25'),(949,'g',2,'2011-09-25'),(957,'g',0,'2011-09-25'),(806,'g',0,'2011-09-25'),(837,'g',2,'2011-09-25'),(993,'g',2,'2011-09-25'),(1011,'g',2,'2011-09-25'),(744,'g',2,'2011-09-25'),(933,'g',2,'2011-09-25'),(760,'g',2,'2011-09-25'),(965,'g',2,'2011-09-25'),(821,'g',0,'2011-09-25'),(712,'g',0,'2011-09-25'),(1074,'g',2,'2011-09-25'),(752,'g',2,'2011-09-25'),(768,'g',2,'2011-09-25'),(1065,'g',0,'2011-09-25'),(1056,'g',2,'2011-09-25'),(728,'g',2,'2011-09-25'),(941,'g',0,'2011-09-25'),(877,'g',2,'2011-09-25'),(800,'g',2,'2011-09-25'),(845,'g',2,'2011-09-25'),(776,'g',0,'2011-09-25'),(974,'g',2,'2011-09-25'),(925,'g',2,'2011-09-25'),(1029,'g',0,'2011-09-25'),(743,'g',0,'2011-09-25'),(727,'g',0,'2011-09-25'),(332,'g',0,'2011-09-25'),(819,'g',0,'2011-09-25'),(356,'g',0,'2011-09-25'),(341,'g',0,'2011-09-25'),(277,'g',0,'2011-09-25'),(177,'g',2,'2011-09-25'),(249,'g',2,'2011-09-25'),(257,'g',2,'2011-09-25'),(365,'g',2,'2011-09-25'),(397,'g',2,'2011-09-25'),(349,'g',2,'2011-09-25'),(129,'g',2,'2011-09-25'),(209,'g',2,'2011-09-25'),(373,'g',0,'2011-09-25'),(201,'g',2,'2011-09-25'),(121,'g',0,'2011-09-25'),(685,'g',2,'2011-09-25'),(458,'g',2,'2011-09-25'),(346,'g',2,'2011-09-25'),(472,'g',2,'2011-09-25'),(290,'g',2,'2011-09-25'),(166,'g',2,'2011-09-25'),(572,'g',2,'2011-09-25'),(158,'g',2,'2011-09-25'),(1462,'g',3,'2011-09-25'),(1898,'g',3,'2011-09-25'),(1617,'g',3,'2011-09-25'),(1307,'g',0,'2011-09-25'),(1843,'g',3,'2011-09-25'),(1599,'g',3,'2011-09-25'),(1002,'g',2,'2011-09-25'),(704,'g',0,'2011-09-25'),(604,'g',0,'2011-09-25'),(717,'g',2,'2011-09-25'),(394,'g',2,'2011-09-25'),(1047,'g',2,'2011-09-25'),(861,'g',2,'2011-09-25'),(853,'g',2,'2011-09-25'),(1020,'g',2,'2011-09-25'),(885,'g',0,'2011-09-25'),(901,'g',2,'2011-09-25'),(992,'g',2,'2011-09-25'),(1101,'g',2,'2011-09-25'),(792,'g',0,'2011-09-25'),(2165,'g',3,'2011-09-25'),(588,'g',2,'2011-09-25'),(621,'g',0,'2011-09-25'),(693,'g',2,'2011-09-25'),(741,'g',2,'2011-09-25'),(330,'g',2,'2011-09-25'),(532,'g',2,'2011-09-25'),(182,'g',2,'2011-09-25'),(118,'g',2,'2011-09-25'),(612,'g',2,'2011-09-25'),(142,'g',0,'2011-09-25'),(653,'g',2,'2011-09-25'),(322,'g',0,'2011-09-25'),(402,'g',2,'2011-09-25'),(556,'g',2,'2011-09-25'),(669,'g',2,'2011-09-25'),(540,'g',0,'2011-09-25'),(198,'g',2,'2011-09-25'),(298,'g',2,'2011-09-25'),(338,'g',2,'2011-09-25'),(816,'g',2,'2011-09-25'),(447,'g',2,'2011-09-25'),(150,'g',2,'2011-09-25'),(661,'g',2,'2011-09-25'),(725,'g',2,'2011-09-25'),(314,'g',2,'2011-09-25'),(504,'g',2,'2011-09-25'),(524,'g',0,'2011-09-25'),(564,'g',2,'2011-09-25'),(496,'g',2,'2011-09-25'),(701,'g',0,'2011-09-25'),(757,'g',0,'2011-09-25'),(440,'g',2,'2011-09-25'),(596,'g',2,'2011-09-25'),(362,'g',2,'2011-09-25'),(580,'g',2,'2011-09-25'),(834,'g',0,'2011-09-25'),(480,'g',2,'2011-09-25'),(548,'g',0,'2011-09-25'),(126,'g',2,'2011-09-25'),(629,'g',0,'2011-09-25'),(733,'g',0,'2011-09-25'),(677,'g',2,'2011-09-25'),(214,'g',2,'2011-09-25'),(262,'g',2,'2011-09-25'),(425,'g',0,'2011-09-25'),(272,'g',2,'2011-09-25'),(174,'g',2,'2011-09-25'),(419,'g',2,'2011-09-25'),(134,'g',2,'2011-09-25'),(512,'g',2,'2011-09-25'),(637,'g',2,'2011-09-25'),(246,'g',2,'2011-09-25'),(222,'g',0,'2011-09-25'),(386,'g',2,'2011-09-25'),(378,'g',2,'2011-09-25'),(516,'g',2,'2011-09-25'),(815,'g',0,'2011-09-25'),(282,'g',2,'2011-09-25'),(789,'g',2,'2011-09-25'),(773,'g',2,'2011-09-25'),(842,'g',2,'2011-09-25'),(749,'g',2,'2011-09-25'),(370,'g',2,'2011-09-25'),(411,'g',2,'2011-09-25'),(238,'g',2,'2011-09-25'),(781,'g',2,'2011-09-25'),(206,'g',2,'2011-09-25'),(306,'g',2,'2011-09-25'),(826,'g',0,'2011-09-25'),(230,'g',0,'2011-09-25'),(432,'g',2,'2011-09-25'),(190,'g',2,'2011-09-25'),(645,'g',2,'2011-09-25'),(354,'g',2,'2011-09-25'),(765,'g',2,'2011-09-25'),(796,'g',2,'2011-09-25'),(254,'g',2,'2011-09-25'),(488,'g',2,'2011-09-25'),(709,'g',0,'2011-09-25'),(186,'g',2,'2011-09-25'),(98,'g',2,'2011-09-25'),(423,'g',2,'2011-09-25'),(165,'g',3,'2011-09-25'),(146,'g',2,'2011-09-25'),(162,'g',2,'2011-09-25'),(213,'g',3,'2011-09-25'),(114,'g',0,'2011-09-25'),(181,'g',3,'2011-09-25'),(218,'g',0,'2011-09-25'),(436,'g',0,'2011-09-25'),(149,'g',0,'2011-09-25'),(138,'g',2,'2011-09-25'),(106,'g',0,'2011-09-25'),(226,'g',0,'2011-09-25'),(234,'g',0,'2011-09-25'),(173,'g',0,'2011-09-25'),(141,'g',3,'2011-09-25'),(271,'g',3,'2011-09-25'),(250,'g',2,'2011-09-25'),(289,'g',3,'2011-09-25'),(101,'g',3,'2011-09-25'),(418,'g',3,'2011-09-25'),(154,'g',0,'2011-09-25'),(261,'g',3,'2011-09-25'),(281,'g',3,'2011-09-25'),(268,'g',0,'2011-09-25'),(443,'g',2,'2011-09-25'),(253,'g',3,'2011-09-25'),(189,'g',0,'2011-09-25'),(170,'g',2,'2011-09-25'),(424,'g',0,'2011-09-25'),(278,'g',2,'2011-09-25'),(446,'g',0,'2011-09-25'),(205,'g',3,'2011-09-25'),(237,'g',3,'2011-09-25'),(125,'g',3,'2011-09-25'),(90,'g',2,'2011-09-25'),(431,'g',3,'2011-09-25'),(258,'g',2,'2011-09-25'),(93,'g',3,'2011-09-25'),(439,'g',0,'2011-09-25'),(109,'g',3,'2011-09-25'),(202,'g',2,'2011-09-25'),(428,'g',2,'2011-09-25'),(286,'g',2,'2011-09-25'),(133,'g',3,'2011-09-25'),(221,'g',0,'2011-09-25'),(242,'g',2,'2011-09-25'),(229,'g',3,'2011-09-26'),(178,'g',2,'2011-09-26'),(197,'g',0,'2011-09-26'),(157,'g',0,'2011-09-26'),(730,'g',2,'2011-09-26'),(746,'g',2,'2011-09-26'),(786,'g',0,'2011-09-26'),(738,'g',2,'2011-09-26'),(577,'g',2,'2011-09-26'),(469,'g',2,'2011-09-26'),(674,'g',2,'2011-09-26'),(778,'g',2,'2011-09-26'),(634,'g',2,'2011-09-26'),(658,'g',2,'2011-09-26'),(501,'g',2,'2011-09-26'),(553,'g',2,'2011-09-26'),(593,'g',2,'2011-09-26'),(823,'g',2,'2011-09-26'),(722,'g',2,'2011-09-26'),(454,'g',2,'2011-09-26'),(583,'g',2,'2011-09-26'),(648,'g',2,'2011-09-26'),(640,'g',2,'2011-09-26'),(616,'g',0,'2011-09-26'),(599,'g',2,'2011-09-26'),(567,'g',2,'2011-09-26'),(656,'g',2,'2011-09-26'),(551,'g',2,'2011-09-26'),(559,'g',2,'2011-09-26'),(607,'g',2,'2011-09-26'),(688,'g',0,'2011-09-26'),(632,'g',2,'2011-09-26'),(672,'g',0,'2011-09-26'),(624,'g',2,'2011-09-26'),(1176,'g',0,'2011-09-26'),(1166,'g',0,'2011-09-26'),(519,'g',2,'2011-09-26'),(535,'g',2,'2011-09-26'),(507,'g',0,'2011-09-26'),(1110,'g',2,'2011-09-26'),(1146,'g',2,'2011-09-26'),(1155,'g',0,'2011-09-26'),(543,'g',2,'2011-09-26'),(491,'g',2,'2011-09-26'),(1137,'g',2,'2011-09-26'),(499,'g',0,'2011-09-26'),(475,'g',2,'2011-09-26'),(1186,'g',2,'2011-09-26'),(1128,'g',2,'2011-09-26'),(108,'g',1,'2011-09-26'),(87,'g',2,'2011-09-26'),(100,'g',1,'2011-09-26'),(111,'g',2,'2011-09-26'),(116,'g',0,'2011-09-26'),(95,'g',2,'2011-09-26'),(1648,'g',0,'2012-01-01'),(1663,'g',0,'2011-12-28'),(1666,'g',0,'2012-01-03'),(2384,'g',0,'2012-01-04'),(245,'g',3,'2011-09-26'),(415,'g',0,'2011-09-26'),(210,'g',2,'2011-09-26'),(122,'g',2,'2011-09-26'),(130,'g',0,'2011-09-26'),(117,'g',3,'2011-09-26'),(615,'g',2,'2011-09-26'),(591,'g',0,'2011-09-26'),(680,'g',2,'2011-09-26'),(664,'g',2,'2011-09-26'),(194,'g',2,'2011-09-26'),(696,'g',2,'2011-09-26'),(575,'g',2,'2011-09-26'),(1174,'g',1,'2011-09-26'),(467,'g',2,'2011-09-26'),(483,'g',2,'2011-09-26'),(1119,'g',2,'2011-09-26'),(527,'g',2,'2011-09-26'),(123,'g',2,'2011-09-27'),(367,'g',2,'2011-09-27'),(399,'g',2,'2011-09-27'),(359,'g',2,'2011-09-27'),(163,'g',2,'2011-09-27'),(155,'g',2,'2011-09-27'),(444,'g',0,'2011-09-27'),(429,'g',0,'2011-09-27'),(335,'g',2,'2011-09-27'),(251,'g',0,'2011-09-27'),(303,'g',2,'2011-09-27'),(279,'g',2,'2011-09-27'),(243,'g',2,'2011-09-27'),(235,'g',2,'2011-09-27'),(139,'g',2,'2011-09-27'),(219,'g',2,'2011-09-27'),(437,'g',0,'2011-09-27'),(211,'g',2,'2011-09-27'),(327,'g',2,'2011-09-27'),(391,'g',2,'2011-09-27'),(259,'g',2,'2011-09-27'),(131,'g',2,'2011-09-27'),(343,'g',2,'2011-09-27'),(203,'g',2,'2011-09-27'),(351,'g',2,'2011-09-27'),(195,'g',2,'2011-09-27'),(383,'g',2,'2011-09-27'),(375,'g',2,'2011-09-27'),(408,'g',2,'2011-09-27'),(171,'g',0,'2011-09-27'),(227,'g',2,'2011-09-27'),(416,'g',2,'2011-09-27'),(187,'g',2,'2011-09-27'),(287,'g',2,'2011-09-27'),(295,'g',0,'2011-09-27'),(319,'g',2,'2011-09-27'),(147,'g',2,'2011-09-27'),(311,'g',0,'2011-09-27'),(269,'g',0,'2011-09-27'),(148,'g',1,'2011-09-27'),(124,'g',1,'2011-09-27'),(135,'g',2,'2011-09-27'),(140,'g',1,'2011-09-27'),(143,'g',0,'2011-09-27'),(156,'g',1,'2011-09-27'),(132,'g',1,'2011-09-27'),(159,'g',0,'2011-09-27'),(151,'g',2,'2011-09-27'),(127,'g',2,'2011-09-27'),(2257,'g',2,'2011-09-27'),(2246,'g',2,'2011-09-27'),(2235,'g',0,'2011-09-27'),(2271,'g',0,'2012-03-06'),(2453,'g',0,'2012-03-05'),(2447,'g',0,'2012-03-05'),(2451,'g',0,'2012-03-05'),(2449,'g',0,'2012-03-05'),(2458,'g',0,'2012-03-05'),(103,'g',2,'2011-09-29'),(2503,'g',0,'2012-02-06'),(119,'g',2,'2011-09-29'),(92,'g',1,'2011-09-29'),(84,'g',1,'2011-09-29'),(2423,'g',0,'2012-02-06'),(2408,'g',0,'2011-11-15'),(2502,'g',0,'2012-02-06'),(265,'g',0,'2011-12-09'),(2602,'g',0,'2012-02-06'),(2587,'g',0,'2012-02-06'),(2614,'g',0,'2012-01-25'),(2610,'g',0,'2012-02-06'),(2224,'g',0,'2011-10-01'),(2031,'g',2,'2011-10-01'),(2119,'g',2,'2011-10-01'),(2108,'g',2,'2011-10-01'),(1800,'g',0,'2011-10-01'),(1987,'g',0,'2011-10-01'),(2213,'g',2,'2011-10-01'),(1888,'g',0,'2011-10-01'),(1954,'g',2,'2011-10-01'),(1822,'g',2,'2011-10-01'),(2075,'g',2,'2011-10-01'),(2009,'g',0,'2011-10-01'),(1965,'g',2,'2011-10-01'),(2530,'g',0,'2011-11-04'),(1811,'g',2,'2011-10-01'),(1921,'g',0,'2011-10-01'),(1877,'g',2,'2011-10-01'),(2086,'g',2,'2011-10-01'),(2164,'g',0,'2011-10-01'),(2645,'g',0,'2011-11-15'),(2605,'g',0,'2012-01-03'),(1932,'g',2,'2011-10-01'),(1998,'g',2,'2011-10-01'),(2152,'g',2,'2011-10-01'),(1855,'g',2,'2011-10-01'),(1833,'g',2,'2011-10-01'),(2141,'g',2,'2011-10-01'),(2020,'g',2,'2011-10-01'),(2188,'g',0,'2011-10-01'),(2177,'g',2,'2011-10-01'),(2042,'g',2,'2011-10-01'),(1943,'g',0,'2011-10-01'),(1866,'g',0,'2011-10-01'),(1789,'g',2,'2011-10-01'),(1899,'g',2,'2011-10-01'),(2635,'g',0,'2012-02-06'),(1844,'g',0,'2011-10-01'),(1910,'g',2,'2011-10-01'),(2130,'g',0,'2011-10-01'),(2064,'g',2,'2011-10-01'),(2097,'g',2,'2011-10-01'),(1976,'g',2,'2011-10-01'),(2053,'g',0,'2011-10-01'),(2199,'g',0,'2011-10-01'),(2667,'g',0,'2012-03-01'),(2597,'g',0,'2012-02-06'),(2638,'g',0,'2012-01-25'),(2662,'g',0,'2012-01-22'),(2656,'g',0,'2012-03-05'),(2582,'g',0,'2012-01-24'),(2592,'g',0,'2012-02-06'),(2644,'g',0,'2012-03-05'),(2498,'g',0,'2011-12-09'),(2411,'g',0,'2011-11-14'),(2591,'g',0,'2012-02-06'),(2593,'g',0,'2012-02-06'),(2636,'g',0,'2011-11-13'),(2639,'g',0,'2012-02-28'),(2684,'g',0,'2012-02-15'),(2696,'g',0,'2012-01-04'),(2788,'g',3,'2011-10-03'),(2695,'g',0,'2012-03-05'),(2712,'g',0,'2011-10-03'),(2802,'g',0,'2012-02-14'),(2757,'g',6,'2011-10-03'),(2756,'g',0,'2011-10-03'),(2763,'g',4,'2011-10-03'),(2781,'g',4,'2011-10-03'),(2774,'g',3,'2011-10-03'),(2711,'g',3,'2011-10-03'),(2861,'g',0,'2012-02-14'),(2871,'g',0,'2011-12-23'),(2777,'g',4,'2011-10-03'),(3089,'g',4,'2011-10-03'),(2986,'g',4,'2011-10-03'),(2882,'g',0,'2011-12-23'),(2766,'g',3,'2011-10-03'),(2975,'g',3,'2011-10-03'),(2699,'g',0,'2011-12-23'),(3078,'g',3,'2011-10-03'),(3003,'g',4,'2011-10-03'),(3010,'g',5,'2011-10-03'),(2804,'g',4,'2011-10-03'),(2819,'g',5,'2011-10-03'),(2906,'g',0,'2012-01-25'),(2899,'g',0,'2012-01-25'),(3589,'g',2,'2011-10-04'),(2835,'g',0,'2012-01-23'),(2730,'g',0,'2011-10-04'),(3087,'g',0,'2011-10-04'),(3391,'g',2,'2011-10-04'),(3687,'g',2,'2011-10-04'),(2775,'g',2,'2011-10-04'),(2880,'g',0,'2012-03-05'),(3189,'g',2,'2011-10-04'),(2984,'g',2,'2011-10-04'),(3490,'g',2,'2011-10-04'),(2889,'g',0,'2012-02-29'),(2785,'g',0,'2012-03-05'),(2702,'g',0,'2011-10-04'),(2784,'g',5,'2011-10-04'),(2786,'g',4,'2011-10-04'),(2896,'g',0,'2012-03-01'),(3000,'g',0,'2011-10-05'),(3205,'g',4,'2011-10-05'),(3407,'g',4,'2011-10-05'),(3307,'g',4,'2011-10-05'),(2799,'g',4,'2011-10-05'),(3103,'g',4,'2011-10-05'),(3196,'g',0,'2011-10-05'),(2938,'g',0,'2011-10-05'),(2904,'g',0,'2012-02-06'),(2960,'g',0,'2011-10-05'),(2751,'g',0,'2011-10-05'),(3143,'g',0,'2011-10-05'),(2834,'g',0,'2012-01-03'),(2701,'g',0,'2012-02-06'),(2782,'g',0,'2011-10-05'),(3165,'g',0,'2011-10-05'),(2729,'g',0,'2011-10-06'),(3398,'g',0,'2011-10-06'),(3415,'g',0,'2011-10-06'),(3215,'g',0,'2011-10-06'),(3298,'g',0,'2011-10-06'),(3008,'g',0,'2011-10-06'),(3528,'g',0,'2011-10-06'),(3497,'g',0,'2011-10-06'),(3041,'g',0,'2011-10-06'),(3111,'g',0,'2011-10-06'),(2887,'g',0,'2012-01-03'),(2991,'g',0,'2011-10-06'),(3094,'g',0,'2011-10-06'),(3063,'g',0,'2011-10-06'),(2815,'g',0,'2011-10-06'),(3596,'g',0,'2011-10-06'),(3315,'g',0,'2011-10-06'),(2537,'g',0,'2012-01-03'),(2352,'g',0,'2011-10-06'),(2630,'g',0,'2011-10-06'),(2260,'g',0,'2011-10-06'),(2631,'g',0,'2011-10-06'),(2632,'g',0,'2011-10-06'),(2856,'g',0,'2012-01-03'),(5082,'g',0,'2011-11-16'),(3680,'g',0,'2011-10-09'),(2977,'g',0,'2011-10-09'),(3080,'g',0,'2011-10-09'),(2873,'g',0,'2012-03-05'),(3284,'g',0,'2011-10-09'),(3182,'g',0,'2011-10-09'),(3483,'g',0,'2011-10-09'),(3384,'g',0,'2011-10-09'),(3582,'g',0,'2011-10-09'),(2768,'g',0,'2011-10-09'),(2773,'g',0,'2011-10-09'),(3090,'g',0,'2011-10-09'),(2878,'g',0,'2012-02-27'),(2604,'g',0,'2012-02-27'),(2987,'g',0,'2011-10-09'),(2778,'g',0,'2011-10-09'),(2982,'g',0,'2011-10-09'),(2883,'g',0,'2012-02-27'),(3085,'g',0,'2011-10-09'),(3206,'g',0,'2011-10-09'),(2897,'g',0,'2012-03-02'),(3014,'g',0,'2011-10-09'),(3117,'g',0,'2011-10-09'),(2910,'g',0,'2012-03-02'),(3227,'g',0,'2011-10-09'),(2801,'g',0,'2011-10-09'),(3001,'g',0,'2011-10-09'),(2827,'g',0,'2011-10-09'),(3104,'g',0,'2011-10-09'),(2588,'g',0,'2012-03-06'),(2637,'g',0,'2012-02-16'),(2589,'g',0,'2012-02-04'),(2655,'g',0,'2011-12-05'),(2608,'g',0,'2012-02-16'),(2583,'g',0,'2012-03-06'),(6045,'g',0,'2012-02-06'),(5886,'g',0,'2011-12-05'),(5824,'g',0,'2011-10-12'),(2669,'g',0,'2012-02-06'),(5844,'g',0,'2012-03-03'),(5822,'g',0,'2011-10-12'),(5845,'g',0,'2011-12-05'),(2674,'g',0,'2011-12-04'),(5823,'g',0,'2011-10-12'),(5825,'g',0,'2011-10-12'),(2654,'g',0,'2012-02-06'),(6253,'g',0,'2011-11-26'),(6321,'g',0,'2011-11-26'),(6403,'g',0,'2011-11-26'),(6334,'g',0,'2011-11-26'),(6332,'g',0,'2012-01-03'),(6328,'g',0,'2012-01-03'),(6412,'g',0,'2011-11-20'),(2263,'g',0,'2012-02-03'),(2410,'g',0,'2012-02-03'),(2672,'g',0,'2012-02-03'),(1650,'g',0,'2012-02-03'),(2586,'g',0,'2012-02-03'),(2609,'g',0,'2012-02-03'),(6001,'g',0,'2011-12-05'),(1653,'g',0,'2012-01-03'),(1658,'g',0,'2012-01-03'),(2413,'g',0,'2012-01-03'),(5054,'g',0,'2012-01-21'),(4934,'g',0,'2012-02-21'),(5048,'g',0,'2012-02-09'),(5049,'g',0,'2011-11-24'),(5963,'g',0,'2011-12-04'),(2643,'g',0,'2012-02-16'),(2885,'g',0,'2012-02-16'),(5884,'g',0,'2012-02-02'),(6152,'g',0,'2011-11-22'),(6017,'g',0,'2012-02-02'),(1647,'g',0,'2012-02-06'),(1662,'g',0,'2012-02-06'),(5897,'g',0,'2012-02-02'),(2391,'g',0,'2012-02-06'),(6051,'g',0,'2011-12-05'),(5880,'g',0,'2012-01-20'),(5985,'g',0,'2011-10-16'),(6072,'g',0,'2011-12-05'),(6018,'g',0,'2011-12-05'),(5891,'g',0,'2011-10-16'),(6324,'g',0,'2012-01-03'),(6247,'g',0,'2012-01-03'),(2805,'g',0,'2011-12-04'),(6421,'g',0,'2011-12-03'),(2890,'g',0,'2012-03-05'),(2891,'g',0,'2012-01-04'),(5909,'g',0,'2011-10-16'),(6429,'g',0,'2011-12-03'),(6400,'g',0,'2012-01-03'),(6234,'g',0,'2012-01-22'),(6231,'g',0,'2012-03-01'),(6237,'g',0,'2012-03-01'),(5917,'g',0,'2012-03-01'),(6229,'g',0,'2012-03-01'),(6232,'g',0,'2011-10-16'),(5881,'g',0,'2012-01-21'),(6225,'g',0,'2012-03-01'),(2599,'g',0,'2012-03-02'),(2606,'g',0,'2012-01-04'),(5858,'g',0,'2011-12-04'),(2416,'g',0,'2011-12-05'),(2911,'g',0,'2011-11-26'),(2691,'g',0,'2011-11-26'),(2270,'g',0,'2011-12-04'),(2895,'g',0,'2011-11-26'),(5882,'g',0,'2011-12-05'),(2686,'g',0,'2012-02-15'),(2415,'g',0,'2011-12-04'),(2693,'g',0,'2011-12-05'),(5896,'g',0,'2011-12-05'),(5826,'g',0,'2011-12-04'),(5937,'g',0,'2011-12-05'),(2863,'g',0,'2012-02-22'),(5839,'g',0,'2011-12-04'),(2677,'g',0,'2011-12-04'),(2266,'g',0,'2012-03-05'),(2397,'g',0,'2011-12-03'),(2870,'g',0,'2012-03-05'),(2694,'g',0,'2012-02-22'),(5883,'g',0,'2011-12-04'),(5870,'g',0,'2011-12-05'),(5864,'g',0,'2012-02-27'),(6370,'g',0,'2011-12-05'),(5890,'g',0,'2011-10-17'),(6011,'g',0,'2011-10-17'),(6268,'g',0,'2011-12-05'),(5988,'g',0,'2012-02-27'),(5875,'g',0,'2011-12-04'),(5866,'g',0,'2012-02-08'),(2579,'g',0,'2012-02-06'),(2268,'g',0,'2011-12-04'),(6164,'g',0,'2011-12-04'),(6264,'g',0,'2011-12-04'),(6378,'g',0,'2011-12-05'),(6248,'g',0,'2011-12-05'),(5942,'g',0,'2011-12-05'),(5904,'g',0,'2011-12-05'),(6259,'g',0,'2011-12-04'),(5873,'g',0,'2011-12-04'),(1654,'g',0,'2011-12-04'),(2457,'g',0,'2011-12-04'),(2262,'g',0,'2011-12-04'),(2265,'g',0,'2012-01-21'),(2426,'g',0,'2011-12-03'),(2429,'g',0,'2011-12-03'),(2417,'g',0,'2011-12-03'),(6064,'g',0,'2012-03-02'),(6318,'g',0,'2011-12-04'),(6125,'g',0,'2011-12-28'),(6352,'g',0,'2011-12-04'),(6243,'g',0,'2011-12-05'),(6359,'g',0,'2011-12-04'),(2902,'g',0,'2012-02-08'),(6027,'g',0,'2011-12-28'),(6452,'g',0,'2011-12-05'),(6181,'g',0,'2011-12-05'),(6450,'g',0,'2011-12-04'),(6373,'g',0,'2011-12-04'),(6446,'g',0,'2011-12-05'),(5939,'g',0,'2012-02-08'),(6430,'g',0,'2011-12-04'),(2455,'g',0,'2011-12-05'),(5847,'g',0,'2011-12-04'),(6182,'g',0,'2012-01-23'),(6327,'g',0,'2011-12-05'),(2874,'g',0,'2011-12-04'),(2888,'g',0,'2011-12-05'),(2875,'g',0,'2011-12-04'),(5861,'g',0,'2011-10-18'),(6461,'g',0,'2011-10-18'),(2909,'g',0,'2011-12-04'),(2893,'g',0,'2011-12-05'),(6406,'g',0,'2012-02-29'),(5836,'g',0,'2011-10-18'),(5928,'g',0,'2011-10-18'),(2898,'g',0,'2011-12-04'),(5838,'g',0,'2012-01-20'),(6409,'g',0,'2011-10-18'),(5889,'g',0,'2011-10-18'),(5872,'g',0,'2011-10-18'),(5878,'g',0,'2011-10-18'),(6451,'g',0,'2011-10-18'),(2894,'g',0,'2011-12-05'),(5898,'g',0,'2011-10-18'),(5921,'g',0,'2012-01-22'),(6411,'g',0,'2011-10-18'),(4932,'g',0,'2012-03-05'),(6442,'g',0,'2012-01-22'),(2866,'g',0,'2011-12-04'),(6460,'g',0,'2011-10-18'),(6440,'g',0,'2011-10-18'),(6462,'g',0,'2011-10-18'),(6478,'g',0,'2011-10-18'),(2900,'g',0,'2011-10-18'),(6162,'g',0,'2011-10-18'),(2881,'g',0,'2011-12-05'),(6165,'g',0,'2012-01-23'),(6155,'g',0,'2011-12-05'),(6168,'g',0,'2011-10-18'),(6167,'g',0,'2011-12-05'),(5887,'g',0,'2011-10-18'),(6170,'g',0,'2011-12-05'),(6171,'g',0,'2011-10-18'),(5920,'g',0,'2011-12-04'),(6166,'g',0,'2011-12-04'),(6169,'g',0,'2011-12-05'),(6363,'g',0,'2011-12-04'),(6371,'g',0,'2011-10-18'),(6337,'g',0,'2011-12-05'),(6414,'g',0,'2011-10-18'),(6444,'g',0,'2011-10-18'),(6479,'g',0,'2012-01-24'),(6270,'g',0,'2011-12-05'),(6223,'g',0,'2011-12-04'),(6194,'g',0,'2011-12-04'),(6346,'g',0,'2011-11-22'),(6249,'g',0,'2011-11-22'),(6345,'g',0,'2011-11-22'),(6200,'g',0,'2011-11-22'),(5927,'g',0,'2012-01-22'),(5922,'g',0,'2012-02-09'),(5996,'g',0,'2011-10-18'),(6356,'g',0,'2011-10-18'),(6493,'g',0,'2012-02-16'),(6456,'g',0,'2011-10-18'),(6455,'g',0,'2011-10-18'),(5914,'g',0,'2011-10-18'),(2908,'g',0,'2012-02-06'),(6219,'g',0,'2011-10-18'),(6325,'g',0,'2011-10-19'),(6343,'g',0,'2011-10-19'),(5983,'g',0,'2012-01-24'),(5957,'g',0,'2011-10-19'),(6336,'g',0,'2011-10-19'),(6358,'g',0,'2011-10-19'),(5935,'g',0,'2011-10-19'),(6300,'g',0,'2011-10-19'),(5982,'g',0,'2012-01-24'),(6024,'g',0,'2011-10-19'),(5993,'g',0,'2011-10-19'),(6022,'g',0,'2012-02-24'),(6302,'g',0,'2011-10-19'),(6338,'g',0,'2011-10-19'),(5949,'g',0,'2011-10-19'),(6000,'g',0,'2011-10-19'),(5998,'g',0,'2012-01-26'),(6349,'g',0,'2012-01-25'),(6348,'g',0,'2011-10-19'),(6344,'g',0,'2011-10-19'),(2642,'g',0,'2011-10-19'),(2665,'g',0,'2011-12-05'),(2668,'g',0,'2011-12-04'),(6296,'g',0,'2011-10-19'),(6235,'g',0,'2011-10-19'),(2504,'g',0,'2011-12-04'),(2459,'g',0,'2011-12-04'),(6255,'g',0,'2011-10-19'),(2660,'g',0,'2011-12-04'),(2648,'g',0,'2011-12-05'),(6278,'g',0,'2011-10-19'),(6244,'g',0,'2011-10-19'),(6239,'g',0,'2011-10-19'),(6188,'g',0,'2012-02-26'),(6230,'g',0,'2011-10-19'),(2807,'g',0,'2011-12-05'),(2698,'g',0,'2011-12-04'),(6240,'g',0,'2011-12-23'),(2700,'g',0,'2011-12-05'),(6204,'g',0,'2012-01-24'),(5871,'g',0,'2012-01-03'),(6428,'g',0,'2011-12-04'),(6134,'g',0,'2011-12-04'),(6402,'g',0,'2011-12-04'),(6417,'g',0,'2011-12-04'),(6179,'g',0,'2011-12-04'),(6073,'g',0,'2011-12-04'),(6074,'g',0,'2011-12-04'),(6233,'g',0,'2011-12-05'),(6453,'g',0,'2011-12-04'),(6519,'g',0,'2011-12-04'),(5961,'g',0,'2011-10-20'),(5910,'g',0,'2011-10-20'),(5907,'g',0,'2011-10-20'),(6013,'g',0,'2011-10-20'),(6004,'g',0,'2011-10-20'),(6019,'g',0,'2011-10-20'),(6031,'g',0,'2011-10-20'),(5899,'g',0,'2012-02-25'),(5936,'g',0,'2012-02-25'),(6008,'g',0,'2011-10-20'),(2844,'g',0,'2011-10-20'),(2842,'g',0,'2011-10-20'),(2839,'g',0,'2012-03-06'),(2837,'g',0,'2011-10-20'),(2836,'g',0,'2011-10-20'),(2838,'g',0,'2011-10-20'),(2833,'g',0,'2011-10-20'),(2846,'g',0,'2011-10-20'),(2841,'g',0,'2011-10-20'),(6160,'g',0,'2011-12-23'),(6052,'g',0,'2012-01-21'),(6124,'g',0,'2011-10-21'),(6156,'g',0,'2011-12-23'),(2448,'g',0,'2011-10-21'),(6108,'g',0,'2011-10-21'),(2269,'g',0,'2011-10-21'),(2658,'g',0,'2011-12-01'),(2663,'g',0,'2011-10-21'),(2650,'g',0,'2011-12-01'),(2633,'g',0,'2011-12-01'),(2267,'g',0,'2011-10-21'),(2596,'g',0,'2011-10-21'),(2659,'g',0,'2011-10-21'),(2641,'g',0,'2011-10-21'),(6178,'g',0,'2012-03-06'),(6186,'g',0,'2012-02-20'),(6028,'g',0,'2011-10-21'),(5925,'g',0,'2012-01-03'),(5930,'g',0,'2012-03-05'),(5932,'g',0,'2012-01-03'),(5931,'g',0,'2012-01-03'),(5934,'g',0,'2011-10-21'),(6036,'g',0,'2012-03-05'),(5877,'g',0,'2012-03-05'),(6016,'g',0,'2012-03-05'),(6037,'g',0,'2011-12-19'),(6094,'g',0,'2012-02-29'),(6102,'g',0,'2011-10-21'),(5933,'g',0,'2012-03-03'),(5854,'g',0,'2011-10-21'),(2857,'g',0,'2011-10-21'),(5853,'g',0,'2011-10-21'),(2892,'g',0,'2011-10-21'),(2612,'g',0,'2011-10-21'),(2651,'g',0,'2011-10-21'),(6071,'g',0,'2011-10-21'),(6070,'g',0,'2011-10-21'),(5855,'g',0,'2012-03-03'),(5840,'g',0,'2011-10-21'),(2673,'g',0,'2011-10-21'),(2657,'g',0,'2012-02-27'),(2646,'g',0,'2011-10-21'),(2850,'g',0,'2011-10-21'),(2840,'g',0,'2012-02-24'),(2816,'g',0,'2011-10-21'),(2634,'g',0,'2011-10-21'),(6079,'g',0,'2011-10-21'),(6083,'g',0,'2011-10-21'),(5868,'g',0,'2011-10-21'),(5827,'g',0,'2011-10-21'),(6078,'g',0,'2011-10-21'),(6082,'g',0,'2011-10-21'),(6115,'g',0,'2011-10-21'),(6089,'g',0,'2011-10-21'),(2905,'g',0,'2012-02-29'),(2907,'g',0,'2011-10-21'),(5856,'g',0,'2011-10-21'),(6144,'g',0,'2011-10-21'),(2903,'g',0,'2011-10-21'),(6044,'g',0,'2011-10-22'),(2640,'g',0,'2011-12-16'),(2884,'g',0,'2011-10-22'),(5869,'g',0,'2012-02-27'),(6120,'g',0,'2011-10-22'),(6109,'g',0,'2011-12-01'),(6130,'g',0,'2011-10-22'),(6121,'g',0,'2012-02-24'),(6047,'g',0,'2012-02-20'),(6258,'g',0,'2012-03-03'),(6445,'g',0,'2012-02-09'),(6333,'g',0,'2011-10-22'),(6122,'g',0,'2011-10-22'),(6123,'g',0,'2012-02-29'),(6118,'g',0,'2011-10-22'),(2876,'g',0,'2011-10-22'),(2814,'g',0,'2011-12-15'),(5832,'g',0,'2012-02-24'),(1657,'g',0,'2012-02-25'),(2855,'g',0,'2011-10-22'),(2201,'g',0,'2011-10-22'),(2264,'g',0,'2011-10-22'),(2809,'g',0,'2011-12-16'),(1646,'g',0,'2011-10-22'),(2859,'g',0,'2011-12-01'),(5437,'g',0,'2011-12-13'),(2666,'g',0,'2011-10-22'),(2851,'g',0,'2011-10-22'),(2200,'g',0,'2011-10-22'),(1664,'g',0,'2011-10-22'),(2852,'g',0,'2011-10-22'),(6524,'g',0,'2012-01-03'),(6516,'g',0,'2012-01-03'),(6525,'g',0,'2011-10-22'),(6528,'g',0,'2012-01-03'),(6495,'g',0,'2012-02-11'),(6506,'g',0,'2012-01-02'),(6484,'g',0,'2011-12-24'),(6511,'g',0,'2011-10-22'),(6526,'g',0,'2012-02-20'),(6527,'g',0,'2012-01-22'),(6514,'g',0,'2012-01-02'),(6397,'g',0,'2011-10-22'),(6367,'g',0,'2011-10-22'),(6394,'g',0,'2012-01-22'),(6395,'g',0,'2011-10-22'),(6396,'g',0,'2011-10-22'),(6368,'g',0,'2012-01-25'),(6393,'g',0,'2011-12-18'),(6365,'g',0,'2011-10-22'),(6376,'g',0,'2011-12-18'),(6389,'g',0,'2011-12-18'),(6919,'g',0,'2011-10-23'),(6755,'g',0,'2011-10-23'),(6891,'g',0,'2011-10-23'),(2832,'g',0,'2011-12-04'),(2831,'g',0,'2011-12-05'),(2812,'g',0,'2011-10-23'),(2822,'g',0,'2011-12-04'),(2820,'g',0,'2011-12-04'),(2826,'g',0,'2011-12-04'),(2828,'g',0,'2011-10-23'),(2818,'g',0,'2011-12-04'),(2824,'g',0,'2011-12-05'),(2830,'g',0,'2011-12-04'),(6582,'g',0,'2011-10-23'),(6854,'g',0,'2012-02-02'),(6885,'g',0,'2011-11-22'),(6629,'g',0,'2011-11-22'),(6762,'g',0,'2012-01-03'),(6693,'g',0,'2012-02-08'),(6547,'g',0,'2011-10-24'),(6772,'g',0,'2011-10-24'),(6573,'g',0,'2011-10-24'),(6719,'g',0,'2011-10-24'),(6744,'g',0,'2011-10-24'),(6848,'g',0,'2011-10-24'),(6860,'g',0,'2012-03-02'),(6654,'g',0,'2011-10-24'),(6905,'g',0,'2011-10-24'),(6816,'g',0,'2012-03-02'),(6890,'g',0,'2011-10-24'),(6610,'g',0,'2011-10-24'),(6632,'g',0,'2011-10-24'),(6934,'g',0,'2011-10-24'),(6877,'g',0,'2011-10-24'),(6908,'g',0,'2011-10-24'),(6904,'g',0,'2011-10-24'),(6902,'g',0,'2011-10-24'),(6906,'g',0,'2011-10-24'),(6923,'g',0,'2011-10-24'),(6947,'g',0,'2011-10-24'),(6929,'g',0,'2012-02-09'),(6976,'g',0,'2011-10-24'),(6937,'g',0,'2011-12-04'),(6928,'g',0,'2011-10-24'),(6577,'g',0,'2011-10-24'),(6882,'g',0,'2012-02-27'),(6911,'g',0,'2011-10-24'),(6643,'g',0,'2011-10-24'),(6840,'g',0,'2011-10-24'),(6753,'g',0,'2012-02-27'),(6899,'g',0,'2011-10-24'),(6552,'g',0,'2011-11-24'),(6892,'g',0,'2011-10-24'),(6741,'g',0,'2011-10-24'),(6862,'g',0,'2011-10-24'),(6633,'g',0,'2011-10-24'),(6553,'g',0,'2011-10-24'),(6653,'g',0,'2011-10-24'),(6767,'g',0,'2011-10-24'),(6731,'g',0,'2011-10-24'),(6571,'g',0,'2011-10-24'),(6704,'g',0,'2011-10-24'),(6817,'g',0,'2011-12-04'),(6828,'g',0,'2011-10-25'),(6819,'g',0,'2011-10-25'),(6835,'g',0,'2011-10-25'),(6831,'g',0,'2011-10-25'),(6833,'g',0,'2011-10-25'),(6823,'g',0,'2011-10-25'),(6824,'g',0,'2011-10-25'),(6821,'g',0,'2011-10-25'),(7051,'g',0,'2011-10-25'),(7053,'g',0,'2011-10-25'),(7059,'g',0,'2012-02-28'),(7057,'g',0,'2011-10-25'),(5865,'g',0,'2012-02-16'),(6146,'g',0,'2012-02-16'),(6161,'g',0,'2012-02-16'),(5862,'g',0,'2012-02-16'),(6126,'g',0,'2012-02-16'),(5863,'g',0,'2012-02-16'),(6398,'g',0,'2012-02-16'),(6745,'g',0,'2011-10-26'),(6556,'g',0,'2011-10-26'),(6766,'g',0,'2011-10-26'),(6754,'g',0,'2011-12-13'),(7050,'g',0,'2011-10-26'),(6554,'g',0,'2011-10-26'),(6555,'g',0,'2011-10-26'),(6576,'g',0,'2011-10-26'),(6771,'g',0,'2011-10-26'),(6559,'g',0,'2011-10-26'),(6743,'g',0,'2011-10-26'),(6737,'g',0,'2011-10-26'),(6574,'g',0,'2011-10-26'),(6558,'g',0,'2011-10-26'),(6746,'g',0,'2011-10-26'),(6560,'g',0,'2011-10-26'),(6756,'g',0,'2011-12-13'),(6578,'g',0,'2011-10-26'),(6557,'g',0,'2011-10-26'),(6609,'g',0,'2011-10-26'),(6589,'g',0,'2011-10-26'),(6710,'g',0,'2011-10-26'),(6718,'g',0,'2011-10-26'),(6587,'g',0,'2011-10-26'),(6733,'g',0,'2011-10-26'),(6713,'g',0,'2011-10-26'),(6709,'g',0,'2011-10-26'),(6717,'g',0,'2011-10-26'),(6707,'g',0,'2011-10-26'),(6630,'g',0,'2011-10-26'),(6715,'g',0,'2011-10-26'),(6579,'g',0,'2011-10-26'),(6735,'g',0,'2011-10-26'),(6591,'g',0,'2011-10-26'),(6584,'g',0,'2011-10-26'),(6635,'g',0,'2011-10-26'),(6724,'g',0,'2011-10-26'),(6550,'g',0,'2011-10-26'),(6751,'g',0,'2012-02-24'),(6699,'g',0,'2011-10-27'),(7100,'g',0,'2012-03-03'),(7103,'g',0,'2011-10-27'),(7099,'g',0,'2011-10-27'),(7102,'g',0,'2011-10-27'),(7101,'g',0,'2011-10-27'),(6932,'g',0,'2011-10-27'),(6903,'g',0,'2011-10-27'),(6029,'g',0,'2011-10-27'),(6883,'g',0,'2011-10-27'),(6645,'g',0,'2011-10-27'),(6545,'g',0,'2011-10-27'),(6682,'g',0,'2012-03-01'),(6548,'g',0,'2011-10-27'),(6541,'g',0,'2011-10-27'),(6543,'g',0,'2011-10-27'),(7085,'g',0,'2012-03-01'),(6685,'g',0,'2012-03-01'),(6617,'g',0,'2011-10-27'),(6551,'g',0,'2011-10-27'),(6035,'g',0,'2012-02-10'),(6628,'g',0,'2011-10-28'),(6895,'g',0,'2011-10-28'),(6852,'g',0,'2011-10-28'),(6887,'g',0,'2011-10-28'),(6714,'g',0,'2011-10-28'),(6912,'g',0,'2011-10-28'),(6827,'g',0,'2011-10-28'),(6689,'g',0,'2011-10-28'),(5905,'g',0,'2011-10-28'),(6985,'g',0,'2011-10-28'),(6009,'g',0,'2011-10-28'),(6861,'g',0,'2011-10-28'),(6041,'g',0,'2012-02-25'),(6634,'g',0,'2011-10-28'),(6600,'g',0,'2011-10-28'),(6830,'g',0,'2011-10-28'),(5918,'g',0,'2012-02-20'),(6915,'g',0,'2011-10-28'),(6657,'g',0,'2011-10-28'),(5857,'g',0,'2011-10-28'),(6797,'g',0,'2012-02-25'),(6864,'g',0,'2011-10-28'),(6938,'g',0,'2011-10-28'),(6203,'g',0,'2011-10-28'),(6092,'g',0,'2011-10-28'),(6084,'g',0,'2011-10-28'),(6057,'g',0,'2011-10-28'),(6042,'g',0,'2011-10-28'),(6173,'g',0,'2011-10-28'),(6058,'g',0,'2011-10-28'),(6133,'g',0,'2011-10-28'),(6066,'g',0,'2011-10-28'),(4927,'g',0,'2012-02-28'),(4921,'g',0,'2011-10-28'),(4926,'g',0,'2011-10-28'),(4925,'g',0,'2011-10-28'),(4922,'g',0,'2011-10-28'),(4919,'g',0,'2011-10-28'),(4924,'g',0,'2012-02-10'),(4923,'g',0,'2011-10-29'),(4918,'g',0,'2011-10-29'),(4920,'g',0,'2011-10-29'),(7061,'g',0,'2011-10-30'),(6565,'g',0,'2011-10-30'),(6566,'g',0,'2011-10-30'),(6647,'g',0,'2011-10-30'),(6757,'g',0,'2011-10-30'),(6730,'g',0,'2011-10-30'),(6729,'g',0,'2011-10-30'),(2868,'g',0,'2012-03-05'),(2862,'g',0,'2012-03-05'),(6865,'g',0,'2011-10-31'),(7076,'g',0,'2011-10-31'),(6867,'g',0,'2011-10-31'),(2879,'g',0,'2012-03-05'),(2886,'g',0,'2011-10-31'),(5974,'g',0,'2011-12-04'),(5947,'g',0,'2011-10-31'),(5956,'g',0,'2011-10-31'),(6793,'g',0,'2011-10-31'),(5966,'g',0,'2011-10-31'),(5977,'g',0,'2011-10-31'),(5952,'g',0,'2011-10-31'),(7227,'g',0,'2011-11-01'),(7171,'g',0,'2011-11-01'),(7175,'g',0,'2011-11-01'),(7172,'g',0,'2011-11-01'),(7173,'g',0,'2011-11-01'),(7177,'g',0,'2011-11-01'),(7165,'g',0,'2011-11-01'),(7174,'g',0,'2011-11-01'),(7167,'g',0,'2011-11-01'),(7169,'g',0,'2011-11-01'),(7168,'g',0,'2011-11-01'),(7239,'g',0,'2011-11-01'),(7237,'g',0,'2011-11-01'),(7238,'g',0,'2011-11-01'),(7232,'g',0,'2011-11-01'),(7231,'g',0,'2011-11-01'),(7236,'g',0,'2011-11-01'),(7234,'g',0,'2011-11-01'),(7083,'g',0,'2011-11-01'),(7089,'g',0,'2011-11-01'),(7088,'g',0,'2011-11-01'),(7087,'g',0,'2011-11-01'),(7078,'g',0,'2011-11-01'),(7079,'g',0,'2011-11-01'),(7080,'g',0,'2011-11-01'),(7084,'g',0,'2011-11-01'),(7081,'g',0,'2011-11-01'),(6174,'g',0,'2011-11-02'),(6150,'g',0,'2011-11-02'),(6410,'g',0,'2011-12-28'),(7131,'g',0,'2011-11-02'),(7133,'g',0,'2011-11-02'),(7124,'g',0,'2011-11-02'),(7125,'g',0,'2011-11-02'),(7126,'g',0,'2011-11-02'),(7127,'g',0,'2011-11-02'),(7132,'g',0,'2011-11-02'),(7129,'g',0,'2011-11-02'),(7135,'g',0,'2011-11-02'),(7128,'g',0,'2011-11-02'),(6697,'g',0,'2011-11-03'),(6798,'g',0,'2011-11-03'),(6716,'g',0,'2011-11-03'),(6705,'g',0,'2011-11-03'),(6795,'g',0,'2012-02-20'),(6723,'g',0,'2011-11-03'),(6800,'g',0,'2012-02-19'),(6708,'g',0,'2011-11-03'),(6910,'g',0,'2011-11-03'),(7235,'g',0,'2011-11-03'),(7163,'g',0,'2011-11-03'),(7164,'g',0,'2011-11-03'),(7148,'g',0,'2011-11-03'),(7233,'g',0,'2011-11-03'),(7153,'g',0,'2011-11-03'),(7152,'g',0,'2011-11-03'),(7147,'g',0,'2011-11-03'),(7151,'g',0,'2011-11-03'),(7166,'g',0,'2011-11-03'),(7149,'g',0,'2011-11-03'),(7150,'g',0,'2011-11-03'),(7240,'g',0,'2011-11-03'),(6619,'g',0,'2011-11-04'),(6834,'g',0,'2011-11-04'),(6836,'g',0,'2011-11-04'),(6620,'g',0,'2011-11-04'),(5835,'g',0,'2011-11-04'),(5911,'g',0,'2011-11-04'),(5912,'g',0,'2011-11-04'),(6100,'g',0,'2011-11-04'),(5972,'g',0,'2011-11-04'),(6331,'g',0,'2011-11-04'),(6330,'g',0,'2011-11-04'),(6157,'g',0,'2011-11-04'),(6163,'g',0,'2011-11-04'),(6279,'g',0,'2011-11-04'),(6473,'g',0,'2011-11-04'),(5841,'g',0,'2011-11-04'),(6404,'g',0,'2011-11-04'),(6095,'g',0,'2011-11-04'),(6650,'g',0,'2011-11-04'),(6459,'g',0,'2011-11-05'),(6427,'g',0,'2011-11-05'),(6583,'g',0,'2011-11-05'),(6640,'g',0,'2011-11-05'),(6898,'g',0,'2011-11-05'),(6319,'g',0,'2011-11-05'),(6671,'g',0,'2012-02-19'),(6226,'g',0,'2011-11-05'),(6561,'g',0,'2011-11-05'),(6639,'g',0,'2011-11-05'),(6736,'g',0,'2011-11-05'),(6880,'g',0,'2012-03-05'),(6786,'g',0,'2011-11-05'),(6788,'g',0,'2011-11-05'),(6580,'g',0,'2011-11-05'),(6638,'g',0,'2011-11-05'),(6747,'g',0,'2011-11-05'),(6418,'g',0,'2011-11-05'),(6720,'g',0,'2011-11-05'),(6868,'g',0,'2011-11-05'),(6326,'g',0,'2011-11-05'),(6636,'g',0,'2011-11-05'),(6837,'g',0,'2011-11-05'),(6758,'g',0,'2011-11-05'),(6900,'g',0,'2011-11-05'),(6572,'g',0,'2011-11-05'),(6534,'g',0,'2011-11-05'),(6876,'g',0,'2011-11-05'),(6641,'g',0,'2011-11-05'),(6806,'g',0,'2011-11-05'),(6742,'g',0,'2011-11-05'),(6581,'g',0,'2011-11-05'),(6763,'g',0,'2011-11-05'),(6870,'g',0,'2011-11-05'),(6760,'g',0,'2011-11-05'),(6792,'g',0,'2011-11-05'),(6569,'g',0,'2011-11-05'),(6874,'g',0,'2011-11-05'),(6637,'g',0,'2011-11-05'),(6764,'g',0,'2011-11-05'),(6642,'g',0,'2011-11-05'),(7217,'g',0,'2011-11-05'),(7185,'g',0,'2011-11-05'),(7214,'g',0,'2011-11-05'),(7209,'g',0,'2011-11-05'),(7224,'g',0,'2011-11-05'),(7203,'g',0,'2011-11-05'),(7225,'g',0,'2011-11-05'),(7223,'g',0,'2011-11-05'),(7180,'g',0,'2011-11-05'),(7207,'g',0,'2011-11-05'),(7195,'g',0,'2011-11-05'),(7226,'g',0,'2011-11-05'),(7201,'g',0,'2011-11-05'),(7215,'g',0,'2011-11-05'),(7212,'g',0,'2011-11-05'),(7192,'g',0,'2011-11-05'),(7191,'g',0,'2011-11-05'),(7221,'g',0,'2011-11-05'),(7176,'g',0,'2011-11-05'),(7188,'g',0,'2011-11-05'),(7179,'g',0,'2011-11-05'),(7206,'g',0,'2011-11-05'),(7184,'g',0,'2011-11-05'),(7204,'g',0,'2011-11-05'),(7186,'g',0,'2011-11-05'),(7222,'g',0,'2011-11-05'),(7193,'g',0,'2011-11-05'),(7205,'g',0,'2011-11-05'),(7213,'g',0,'2011-11-05'),(7187,'g',0,'2011-11-05'),(7216,'g',0,'2011-11-05'),(7183,'g',0,'2011-11-05'),(7211,'g',0,'2011-11-05'),(7181,'g',0,'2011-11-05'),(7189,'g',0,'2011-11-05'),(7197,'g',0,'2011-11-05'),(7220,'g',0,'2011-11-05'),(7208,'g',0,'2011-11-05'),(6872,'g',0,'2011-12-30'),(6878,'g',0,'2012-03-05'),(6692,'g',0,'2011-11-05'),(6605,'g',0,'2011-11-05'),(6770,'g',0,'2011-11-05'),(6216,'g',0,'2011-11-05'),(5990,'g',0,'2011-11-05'),(5989,'g',0,'2012-02-23'),(5987,'g',0,'2011-11-05'),(6110,'g',0,'2012-02-26'),(6205,'g',0,'2011-11-05'),(6116,'g',0,'2011-11-05'),(6215,'g',0,'2012-01-03'),(6140,'g',0,'2011-11-05'),(6208,'g',0,'2012-01-03'),(7194,'g',0,'2011-11-05'),(7035,'g',0,'2011-11-06'),(7049,'g',0,'2012-02-25'),(7038,'g',0,'2011-11-06'),(7043,'g',0,'2011-11-06'),(6944,'g',0,'2011-11-06'),(7040,'g',0,'2012-02-10'),(7045,'g',0,'2011-11-06'),(7039,'g',0,'2011-11-06'),(7042,'g',0,'2011-11-06'),(7041,'g',0,'2011-11-06'),(7037,'g',0,'2011-11-06'),(7048,'g',0,'2011-11-06'),(7046,'g',0,'2012-03-02'),(6683,'g',0,'2012-01-02'),(6599,'g',0,'2011-11-06'),(6603,'g',0,'2011-11-06'),(6594,'g',0,'2011-11-06'),(6598,'g',0,'2011-11-06'),(6601,'g',0,'2011-11-06'),(6691,'g',0,'2011-11-06'),(6602,'g',0,'2011-11-06'),(6681,'g',0,'2011-11-06'),(6596,'g',0,'2011-11-06'),(6604,'g',0,'2011-11-06'),(6606,'g',0,'2011-11-06'),(6597,'g',0,'2011-11-06'),(6672,'g',0,'2011-11-06'),(6549,'g',0,'2011-11-06'),(6595,'g',0,'2011-11-06'),(6593,'g',0,'2011-11-06'),(6666,'g',0,'2011-11-06'),(6546,'g',0,'2011-11-06'),(6592,'g',0,'2011-11-06'),(7029,'g',0,'2011-11-07'),(7028,'g',0,'2011-11-07'),(7033,'g',0,'2011-11-07'),(7034,'g',0,'2011-11-07'),(7032,'g',0,'2011-11-07'),(7031,'g',0,'2011-11-07'),(7026,'g',0,'2011-11-07'),(7063,'g',0,'2011-11-07'),(7030,'g',0,'2011-11-07'),(7064,'g',0,'2011-11-07'),(7142,'g',0,'2011-11-07'),(7144,'g',0,'2011-11-07'),(7139,'g',0,'2011-11-07'),(7108,'g',0,'2011-11-07'),(7145,'g',0,'2011-11-07'),(7090,'g',0,'2011-11-07'),(7106,'g',0,'2011-11-07'),(7143,'g',0,'2011-11-07'),(7140,'g',0,'2011-11-07'),(7091,'g',0,'2011-11-07'),(7107,'g',0,'2011-11-07'),(7109,'g',0,'2011-11-07'),(7105,'g',0,'2011-11-07'),(7095,'g',0,'2011-11-07'),(7092,'g',0,'2011-11-07'),(7136,'g',0,'2011-11-07'),(7093,'g',0,'2011-11-07'),(7137,'g',0,'2011-11-07'),(7141,'g',0,'2011-11-07'),(7134,'g',0,'2011-11-07'),(7110,'g',0,'2011-11-07'),(7113,'g',0,'2011-11-07'),(7114,'g',0,'2011-11-07'),(7115,'g',0,'2011-11-07'),(7123,'g',0,'2011-11-07'),(7118,'g',0,'2011-11-07'),(7116,'g',0,'2011-11-07'),(7119,'g',0,'2011-11-07'),(7117,'g',0,'2011-11-07'),(7111,'g',0,'2011-11-07'),(6780,'g',0,'2011-11-10'),(6067,'g',0,'2011-11-10'),(6087,'g',0,'2011-11-10'),(6844,'g',0,'2011-12-15'),(6624,'g',0,'2011-11-11'),(6875,'g',0,'2011-11-11'),(6651,'g',0,'2011-11-11'),(6099,'g',0,'2011-11-11'),(6127,'g',0,'2011-11-11'),(6103,'g',0,'2011-11-11'),(2692,'g',0,'2011-11-11'),(6112,'g',0,'2011-11-11'),(2670,'g',0,'2011-11-11'),(2848,'g',0,'2011-11-11'),(7198,'g',0,'2011-11-11'),(6149,'g',0,'2011-11-11'),(6894,'g',0,'2011-11-11'),(7146,'g',0,'2011-11-11'),(6925,'g',0,'2011-11-11'),(6918,'g',0,'2011-11-11'),(7154,'g',0,'2011-11-11'),(7130,'g',0,'2011-11-11'),(7190,'g',0,'2011-11-11'),(7182,'g',0,'2011-11-11'),(7199,'g',0,'2011-11-11'),(7120,'g',0,'2011-11-11'),(6945,'g',0,'2011-11-11'),(6859,'g',0,'2011-11-11'),(7202,'g',0,'2011-11-11'),(6943,'g',0,'2011-11-11'),(6889,'g',0,'2011-11-11'),(7219,'g',0,'2011-11-11'),(6921,'g',0,'2011-11-11'),(6935,'g',0,'2011-12-13'),(6927,'g',0,'2011-11-11'),(6941,'g',0,'2011-11-11'),(6946,'g',0,'2011-11-11'),(6950,'g',0,'2011-11-11'),(6924,'g',0,'2011-11-11'),(6917,'g',0,'2011-11-11'),(6949,'g',0,'2011-11-11'),(7112,'g',0,'2011-11-11'),(7138,'g',0,'2011-11-11'),(2811,'g',0,'2011-11-11'),(2796,'g',0,'2012-02-24'),(2843,'g',0,'2011-11-11'),(2845,'g',0,'2011-11-11'),(6267,'g',0,'2011-11-11'),(6329,'g',0,'2011-12-15'),(6477,'g',0,'2011-11-11'),(6968,'g',0,'2011-11-11'),(7086,'g',0,'2011-11-11'),(7155,'g',0,'2011-11-11'),(7104,'g',0,'2011-11-11'),(7170,'g',0,'2011-11-11'),(7077,'g',0,'2011-11-11'),(6951,'g',0,'2011-11-11'),(6933,'g',0,'2011-12-13'),(7096,'g',0,'2011-11-11'),(6959,'g',0,'2011-11-11'),(7200,'g',0,'2011-11-11'),(7210,'g',0,'2011-11-11'),(7178,'g',0,'2011-11-11'),(2794,'g',0,'2012-02-19'),(2787,'g',0,'2011-11-11'),(2800,'g',0,'2011-11-11'),(2791,'g',0,'2011-11-11'),(2792,'g',0,'2011-11-11'),(2798,'g',0,'2011-11-11'),(2789,'g',0,'2011-11-11'),(6626,'g',0,'2011-11-11'),(6311,'g',0,'2012-02-20'),(6227,'g',0,'2011-11-11'),(6922,'g',0,'2011-11-11'),(5830,'g',0,'2011-11-11'),(6847,'g',0,'2011-11-11'),(6407,'g',0,'2011-11-11'),(6648,'g',0,'2011-11-11'),(6195,'g',0,'2011-11-11'),(6879,'g',0,'2011-11-11'),(6425,'g',0,'2012-02-20'),(5843,'g',0,'2011-11-11'),(6145,'g',0,'2011-11-11'),(5874,'g',0,'2011-11-11'),(6419,'g',0,'2012-02-20'),(6513,'g',0,'2011-11-11'),(6142,'g',0,'2011-11-11'),(6114,'g',0,'2011-11-11'),(6054,'g',0,'2011-11-11'),(6261,'g',0,'2011-11-11'),(6202,'g',0,'2011-11-11'),(6137,'g',0,'2011-11-11'),(6454,'g',0,'2011-11-11'),(6317,'g',0,'2012-02-20'),(6335,'g',0,'2012-02-20'),(6119,'g',0,'2011-11-11'),(6276,'g',0,'2012-02-20'),(6366,'g',0,'2012-02-20'),(6424,'g',0,'2011-11-11'),(6499,'g',0,'2011-11-11'),(6128,'g',0,'2011-11-11'),(6893,'g',0,'2011-11-11'),(6256,'g',0,'2011-11-11'),(5859,'g',0,'2011-11-11'),(6568,'g',0,'2011-11-11'),(5938,'g',0,'2011-11-11'),(6362,'g',0,'2011-11-11'),(6732,'g',0,'2011-11-11'),(6567,'g',0,'2011-11-11'),(6586,'g',0,'2011-11-11'),(6803,'g',0,'2011-11-11'),(6738,'g',0,'2011-11-11'),(6614,'g',0,'2011-11-11'),(5926,'g',0,'2011-11-11'),(6869,'g',0,'2011-11-11'),(6228,'g',0,'2011-11-11'),(6913,'g',0,'2011-11-11'),(6734,'g',0,'2011-11-11'),(6765,'g',0,'2011-11-11'),(6855,'g',0,'2011-11-11'),(6773,'g',0,'2011-11-11'),(5852,'g',0,'2011-11-11'),(6621,'g',0,'2011-11-11'),(5980,'g',0,'2011-11-11'),(5876,'g',0,'2011-12-15'),(6523,'g',0,'2011-11-11'),(6588,'g',0,'2011-11-11'),(5867,'g',0,'2011-11-11'),(5986,'g',0,'2011-11-11'),(6884,'g',0,'2011-11-12'),(6838,'g',0,'2011-11-12'),(6570,'g',0,'2011-11-12'),(6631,'g',0,'2011-11-12'),(6888,'g',0,'2011-11-12'),(5940,'g',0,'2011-11-12'),(6749,'g',0,'2011-11-12'),(6825,'g',0,'2011-11-12'),(5979,'g',0,'2011-11-12'),(7036,'g',0,'2012-03-03'),(5968,'g',0,'2011-11-12'),(6759,'g',0,'2011-11-12'),(6799,'g',0,'2011-11-12'),(6254,'g',0,'2011-11-12'),(6761,'g',0,'2011-11-12'),(6644,'g',0,'2011-11-12'),(6858,'g',0,'2011-11-12'),(6575,'g',0,'2011-11-12'),(6769,'g',0,'2011-11-12'),(7343,'g',0,'2011-12-23'),(7307,'g',0,'2011-12-23'),(7310,'g',0,'2011-12-23'),(7255,'g',0,'2011-11-12'),(7344,'g',0,'2011-12-23'),(7308,'g',0,'2011-12-23'),(7306,'g',0,'2011-11-12'),(7266,'g',0,'2012-03-02'),(7313,'g',0,'2012-03-02'),(7362,'g',0,'2011-11-13'),(7321,'g',0,'2012-03-01'),(7363,'g',0,'2011-11-13'),(7361,'g',0,'2012-02-21'),(7162,'g',0,'2011-11-13'),(7218,'g',0,'2011-11-13'),(7159,'g',0,'2011-11-13'),(7122,'g',0,'2011-11-13'),(7160,'g',0,'2011-11-13'),(7121,'g',0,'2011-11-13'),(7359,'g',0,'2011-11-13'),(7161,'g',0,'2011-11-13'),(7158,'g',0,'2012-03-01'),(7316,'g',0,'2011-11-13'),(7335,'g',0,'2012-02-06'),(7330,'g',0,'2012-02-06'),(6517,'g',0,'2012-02-20'),(6504,'g',0,'2011-12-15'),(6490,'g',0,'2011-11-13'),(6498,'g',0,'2011-11-13'),(6502,'g',0,'2011-11-13'),(6497,'g',0,'2011-11-13'),(6501,'g',0,'2011-11-13'),(6500,'g',0,'2012-03-02'),(4917,'g',0,'2011-11-13'),(2854,'g',0,'2011-12-16'),(2872,'g',0,'2011-11-13'),(4916,'g',0,'2011-11-13'),(2849,'g',0,'2011-11-13'),(2853,'g',0,'2011-11-13'),(4914,'g',0,'2011-11-13'),(4913,'g',0,'2011-11-13'),(2858,'g',0,'2012-02-24'),(2860,'g',0,'2011-11-13'),(2901,'g',0,'2011-11-13'),(4915,'g',0,'2011-11-13'),(2869,'g',0,'2011-11-13'),(2867,'g',0,'2011-11-13'),(4911,'g',0,'2011-11-13'),(4912,'g',0,'2011-11-13'),(2864,'g',0,'2011-11-13'),(2865,'g',0,'2011-11-13'),(2847,'g',0,'2011-11-13'),(4910,'g',0,'2011-11-13'),(7278,'g',0,'2012-03-02'),(7309,'g',0,'2011-11-14'),(7339,'g',0,'2011-11-14'),(7251,'g',0,'2011-11-14'),(7196,'g',0,'2011-11-14'),(6101,'g',0,'2011-11-14'),(7297,'g',0,'2011-11-14'),(5955,'g',0,'2011-11-14'),(6510,'g',0,'2011-11-14'),(6132,'g',0,'2012-02-29'),(6236,'g',0,'2011-11-14'),(6096,'g',0,'2011-11-14'),(7312,'g',0,'2011-11-14'),(7327,'g',0,'2011-11-14'),(6379,'g',0,'2011-11-15'),(6342,'g',0,'2011-11-15'),(6487,'g',0,'2012-02-26'),(6339,'g',0,'2011-11-15'),(6783,'g',0,'2011-11-15'),(6341,'g',0,'2011-11-15'),(6350,'g',0,'2011-12-15'),(6354,'g',0,'2012-02-24'),(6782,'g',0,'2011-11-15'),(6351,'g',0,'2011-11-15'),(7082,'g',0,'2011-11-16'),(2652,'g',0,'2011-11-16'),(2647,'g',0,'2011-11-16'),(2653,'g',0,'2011-11-16'),(2471,'g',0,'2012-01-30'),(2445,'g',0,'2012-01-30'),(2469,'g',0,'2012-01-30'),(2475,'g',0,'2012-01-30'),(2472,'g',0,'2012-01-30'),(2470,'g',0,'2012-01-30'),(2476,'g',0,'2012-01-30'),(7289,'g',0,'2012-03-02'),(7295,'g',0,'2012-03-02'),(7294,'g',0,'2012-03-02'),(7292,'g',0,'2012-01-03'),(7285,'g',0,'2011-11-17'),(7288,'g',0,'2011-12-31'),(7286,'g',0,'2011-11-17'),(6369,'g',0,'2011-12-17'),(6175,'g',0,'2011-11-17'),(6183,'g',0,'2011-11-17'),(6353,'g',0,'2011-11-17'),(6242,'g',0,'2011-11-17'),(6246,'g',0,'2011-11-17'),(6021,'g',0,'2011-11-17'),(6046,'g',0,'2011-11-17'),(6159,'g',0,'2011-11-17'),(5994,'g',0,'2011-11-17'),(6197,'g',0,'2011-11-17'),(6002,'g',0,'2012-03-02'),(6081,'g',0,'2011-11-17'),(2664,'g',0,'2011-11-17'),(2611,'g',0,'2011-11-17'),(2661,'g',0,'2011-11-17'),(2649,'g',0,'2011-11-17'),(2474,'g',0,'2012-01-30'),(2468,'g',0,'2012-01-30'),(2467,'g',0,'2012-01-30'),(7287,'g',0,'2011-11-17'),(7296,'g',0,'2012-01-25'),(6323,'g',0,'2011-11-17'),(6065,'g',0,'2011-11-17'),(6677,'g',0,'2011-11-17'),(6679,'g',0,'2012-01-03'),(6701,'g',0,'2011-11-17'),(6698,'g',0,'2011-11-17'),(6722,'g',0,'2012-01-03'),(6625,'g',0,'2011-11-17'),(6725,'g',0,'2011-11-17'),(6040,'g',0,'2011-11-17'),(6038,'g',0,'2011-11-17'),(5913,'g',0,'2011-11-17'),(5915,'g',0,'2011-11-17'),(5903,'g',0,'2011-11-17'),(5971,'g',0,'2011-11-17'),(5965,'g',0,'2011-11-17'),(7243,'g',0,'2011-11-17'),(6048,'g',0,'2011-11-17'),(7242,'g',0,'2011-11-17'),(6032,'g',0,'2012-02-23'),(7244,'g',0,'2011-11-17'),(6043,'g',0,'2011-11-17'),(2671,'g',0,'2011-11-17'),(2676,'g',0,'2011-11-17'),(2675,'g',0,'2011-11-17'),(7305,'g',0,'2011-11-17'),(7304,'g',0,'2011-11-17'),(7303,'g',0,'2011-11-17'),(7284,'g',0,'2011-11-17'),(6503,'g',0,'2011-11-17'),(7280,'g',0,'2011-11-17'),(6447,'g',0,'2011-11-17'),(7283,'g',0,'2011-11-17'),(7282,'g',0,'2011-11-17'),(7320,'g',0,'2011-11-17'),(6942,'g',0,'2011-11-17'),(7229,'g',0,'2011-11-17'),(7263,'g',0,'2011-11-17'),(6920,'g',0,'2011-11-17'),(7333,'g',0,'2011-11-17'),(7265,'g',0,'2011-11-17'),(7156,'g',0,'2011-11-17'),(6214,'g',0,'2012-01-30'),(6298,'g',0,'2012-01-30'),(6209,'g',0,'2012-01-30'),(2480,'g',0,'2011-11-17'),(2479,'g',0,'2011-11-17'),(2485,'g',0,'2012-03-01'),(2483,'g',0,'2011-11-17'),(6213,'g',0,'2012-01-30'),(2482,'g',0,'2011-11-17'),(6193,'g',0,'2012-01-30'),(2481,'g',0,'2011-11-17'),(6274,'g',0,'2012-01-30'),(6212,'g',0,'2012-01-30'),(2478,'g',0,'2011-11-17'),(2484,'g',0,'2011-11-17'),(6211,'g',0,'2012-01-30'),(6217,'g',0,'2012-01-30'),(2477,'g',0,'2011-11-17'),(2486,'g',0,'2011-11-17'),(6210,'g',0,'2012-01-30'),(2420,'g',0,'2011-11-17'),(2598,'g',0,'2011-11-17'),(2538,'g',0,'2011-11-17'),(2497,'g',0,'2011-11-17'),(2607,'g',0,'2011-11-17'),(2594,'g',0,'2011-11-17'),(2603,'g',0,'2011-11-17'),(2452,'g',0,'2011-11-17'),(2601,'g',0,'2011-11-17'),(2584,'g',0,'2011-11-17'),(7324,'g',0,'2011-11-17'),(7323,'g',0,'2011-11-17'),(7322,'g',0,'2011-11-17'),(7279,'g',0,'2011-11-17'),(2680,'g',0,'2011-11-17'),(2679,'g',0,'2011-11-17'),(2687,'g',0,'2011-11-17'),(2682,'g',0,'2011-11-17'),(2681,'g',0,'2011-11-17'),(2678,'g',0,'2011-11-17'),(2685,'g',0,'2011-11-17'),(6507,'g',0,'2011-11-17'),(6475,'g',0,'2011-11-17'),(6540,'g',0,'2011-11-17'),(6808,'g',0,'2011-11-17'),(6813,'g',0,'2011-11-18'),(6804,'g',0,'2012-02-29'),(6815,'g',0,'2011-11-18'),(6542,'g',0,'2011-11-18'),(6811,'g',0,'2011-11-18'),(6802,'g',0,'2012-02-29'),(6486,'g',0,'2011-11-18'),(6706,'g',0,'2011-11-18'),(6727,'g',0,'2011-11-18'),(6711,'g',0,'2011-11-18'),(6700,'g',0,'2011-11-18'),(6695,'g',0,'2012-03-01'),(6721,'g',0,'2011-11-18'),(6241,'g',0,'2011-11-18'),(6272,'g',0,'2012-03-01'),(6273,'g',0,'2012-03-01'),(6260,'g',0,'2012-03-01'),(6263,'g',0,'2011-11-18'),(6266,'g',0,'2011-11-18'),(6271,'g',0,'2012-03-01'),(2688,'g',0,'2011-11-18'),(2689,'g',0,'2011-11-18'),(2690,'g',0,'2011-11-18'),(7325,'g',0,'2012-02-02'),(7331,'g',0,'2012-02-02'),(7068,'g',0,'2011-11-21'),(7019,'g',0,'2011-11-21'),(6851,'g',0,'2011-11-21'),(6752,'g',0,'2011-11-21'),(6829,'g',0,'2011-11-21'),(6768,'g',0,'2011-11-21'),(7011,'g',0,'2011-11-21'),(6818,'g',0,'2011-11-21'),(6849,'g',0,'2011-11-21'),(6995,'g',0,'2011-11-21'),(7003,'g',0,'2011-11-21'),(6812,'g',0,'2011-11-21'),(7044,'g',0,'2011-11-21'),(6986,'g',0,'2011-11-21'),(6529,'g',0,'2011-11-21'),(6843,'g',0,'2011-11-21'),(6977,'g',0,'2011-11-21'),(7027,'g',0,'2011-11-21'),(6820,'g',0,'2011-11-21'),(6668,'g',0,'2011-11-21'),(6670,'g',0,'2011-11-21'),(6678,'g',0,'2011-11-21'),(6646,'g',0,'2011-11-21'),(6661,'g',0,'2011-11-21'),(6665,'g',0,'2011-11-21'),(6667,'g',0,'2011-11-21'),(6726,'g',0,'2011-11-21'),(6673,'g',0,'2011-11-21'),(6669,'g',0,'2011-11-21'),(6616,'g',0,'2011-11-21'),(6694,'g',0,'2011-11-21'),(6660,'g',0,'2011-11-21'),(6676,'g',0,'2011-11-21'),(6664,'g',0,'2011-11-21'),(6702,'g',0,'2012-03-01'),(6649,'g',0,'2011-11-21'),(6688,'g',0,'2011-11-21'),(6686,'g',0,'2011-11-21'),(6690,'g',0,'2011-11-21'),(7261,'g',0,'2011-11-21'),(7262,'g',0,'2011-11-21'),(7268,'g',0,'2011-11-21'),(7301,'g',0,'2011-11-21'),(7302,'g',0,'2012-03-03'),(7260,'g',0,'2011-11-21'),(7341,'g',0,'2011-11-21'),(7328,'g',0,'2011-11-21'),(7336,'g',0,'2011-11-21'),(7259,'g',0,'2011-11-21'),(6138,'g',0,'2012-01-30'),(6076,'g',0,'2012-01-30'),(6093,'g',0,'2012-01-30'),(6177,'g',0,'2012-01-30'),(6104,'g',0,'2012-01-30'),(6049,'g',0,'2011-11-21'),(5984,'g',0,'2011-11-21'),(6191,'g',0,'2012-01-30'),(6184,'g',0,'2012-01-30'),(6262,'g',0,'2012-03-04'),(6238,'g',0,'2011-11-21'),(6257,'g',0,'2011-11-21'),(6787,'g',0,'2011-11-21'),(6222,'g',0,'2011-11-21'),(6221,'g',0,'2011-11-21'),(6252,'g',0,'2011-11-21'),(6791,'g',0,'2011-11-21'),(7246,'g',0,'2011-11-21'),(6789,'g',0,'2011-11-21'),(7247,'g',0,'2011-11-21'),(7281,'g',0,'2011-11-21'),(7337,'g',0,'2011-11-21'),(7340,'g',0,'2011-11-21'),(7245,'g',0,'2011-11-21'),(7248,'g',0,'2011-11-21'),(7334,'g',0,'2011-11-21'),(7357,'g',0,'2011-11-21'),(6785,'g',0,'2011-11-21'),(6914,'g',0,'2011-11-22'),(5821,'g',0,'2011-11-22'),(6948,'g',0,'2011-11-22'),(6674,'g',0,'2011-11-22'),(2877,'g',0,'2011-11-22'),(5828,'g',0,'2011-11-22'),(5900,'g',0,'2011-11-22'),(2683,'g',0,'2011-11-22'),(7257,'g',0,'2011-11-22'),(4964,'g',0,'2012-03-04'),(2488,'g',0,'2011-11-22'),(6841,'g',0,'2011-11-22'),(6658,'g',0,'2011-11-22'),(2697,'g',0,'2011-11-22'),(6810,'g',0,'2011-11-22'),(6931,'g',0,'2011-11-22'),(7098,'g',0,'2011-11-22'),(5906,'g',0,'2011-11-22'),(6940,'g',0,'2011-11-22'),(7157,'g',0,'2011-11-22'),(6607,'g',0,'2011-11-22'),(7360,'g',0,'2011-11-22'),(2487,'g',0,'2011-11-22'),(6659,'g',0,'2011-11-22'),(6916,'g',0,'2011-11-22'),(5923,'g',0,'2011-11-22'),(5919,'g',0,'2011-11-22'),(6939,'g',0,'2011-11-22'),(5837,'g',0,'2011-11-22'),(7353,'g',0,'2011-11-22'),(7354,'g',0,'2011-11-22'),(6850,'g',0,'2011-11-22'),(7056,'g',0,'2011-11-22'),(7047,'g',0,'2012-03-05'),(7058,'g',0,'2011-11-22'),(7315,'g',0,'2011-11-22'),(7290,'g',0,'2011-11-22'),(7055,'g',0,'2011-11-22'),(7364,'g',0,'2011-11-22'),(7293,'g',0,'2011-11-22'),(7256,'g',0,'2011-11-22'),(6627,'g',0,'2011-11-22'),(7054,'g',0,'2011-11-22'),(6881,'g',0,'2011-11-22'),(7060,'g',0,'2011-11-22'),(7300,'g',0,'2011-11-22'),(7062,'g',0,'2011-11-22'),(7298,'g',0,'2011-11-22'),(6909,'g',0,'2011-11-22'),(7052,'g',0,'2011-11-23'),(6656,'g',0,'2011-11-23'),(6316,'g',0,'2012-01-30'),(7299,'g',0,'2011-11-23'),(7267,'g',0,'2011-11-23'),(7269,'g',0,'2011-11-23'),(7277,'g',0,'2011-11-23'),(7347,'g',0,'2011-11-23'),(7349,'g',0,'2011-11-23'),(7274,'g',0,'2011-11-23'),(6347,'g',0,'2012-01-30'),(6364,'g',0,'2012-01-30'),(7452,'g',0,'2011-11-23'),(7449,'g',0,'2011-11-23'),(7419,'g',0,'2011-11-23'),(7393,'g',0,'2011-11-23'),(7451,'g',0,'2011-11-23'),(7249,'g',0,'2011-11-24'),(7329,'g',0,'2011-11-24'),(7314,'g',0,'2011-11-24'),(7264,'g',0,'2011-11-24'),(7428,'g',0,'2011-11-24'),(7407,'g',0,'2011-11-24'),(7342,'g',0,'2011-11-24'),(7338,'g',0,'2011-11-24'),(7332,'g',0,'2011-11-24'),(7373,'g',0,'2011-11-24'),(7348,'g',0,'2011-11-24'),(7383,'g',0,'2011-11-24'),(7384,'g',0,'2012-03-02'),(7376,'g',0,'2011-11-24'),(7459,'g',0,'2011-11-24'),(7456,'g',0,'2011-11-24'),(6531,'g',0,'2011-11-24'),(6564,'g',0,'2011-11-24'),(6532,'g',0,'2011-11-24'),(6533,'g',0,'2011-11-24'),(6535,'g',0,'2011-11-24'),(6015,'g',0,'2011-11-24'),(6033,'g',0,'2011-11-24'),(5924,'g',0,'2011-11-24'),(6061,'g',0,'2011-11-24'),(5916,'g',0,'2011-11-24'),(5976,'g',0,'2011-11-24'),(6010,'g',0,'2011-11-24'),(6846,'g',0,'2011-11-24'),(6853,'g',0,'2011-11-24'),(7438,'g',0,'2011-11-25'),(7423,'g',0,'2011-11-25'),(7411,'g',0,'2011-11-25'),(7403,'g',0,'2011-11-25'),(7405,'g',0,'2011-11-25'),(7406,'g',0,'2011-11-25'),(7404,'g',0,'2011-11-25'),(7409,'g',0,'2011-11-25'),(7455,'g',0,'2011-11-25'),(7415,'g',0,'2011-11-25'),(7368,'g',0,'2011-11-25'),(7382,'g',0,'2011-11-25'),(7367,'g',0,'2011-11-25'),(7390,'g',0,'2011-11-25'),(7374,'g',0,'2011-11-25'),(7379,'g',0,'2011-11-25'),(7253,'g',0,'2011-11-25'),(7252,'g',0,'2011-11-25'),(7275,'g',0,'2011-11-25'),(7311,'g',0,'2011-11-25'),(7228,'g',0,'2011-11-25'),(7241,'g',0,'2011-11-25'),(7326,'g',0,'2011-11-25'),(7271,'g',0,'2011-11-25'),(7254,'g',0,'2011-11-25'),(7372,'g',0,'2011-11-25'),(7424,'g',0,'2011-11-25'),(7371,'g',0,'2011-11-25'),(7442,'g',0,'2012-03-04'),(7420,'g',0,'2011-11-25'),(7276,'g',0,'2011-11-25'),(7270,'g',0,'2011-11-25'),(7250,'g',0,'2011-11-25'),(7273,'g',0,'2011-11-25'),(7230,'g',0,'2011-11-25'),(6448,'g',0,'2011-11-26'),(6433,'g',0,'2011-11-26'),(6405,'g',0,'2011-11-26'),(6251,'g',0,'2011-11-26'),(6250,'g',0,'2011-11-26'),(6357,'g',0,'2011-11-26'),(7369,'g',0,'2012-02-02'),(7402,'g',0,'2012-02-08'),(7468,'g',0,'2012-02-08'),(7401,'g',0,'2011-11-27'),(7433,'g',0,'2011-11-27'),(7432,'g',0,'2011-11-27'),(7386,'g',0,'2011-11-27'),(7416,'g',0,'2011-11-27'),(7467,'g',0,'2012-03-01'),(7398,'g',0,'2012-03-01'),(7461,'g',0,'2011-11-27'),(7418,'g',0,'2012-03-01'),(7399,'g',0,'2012-02-28'),(7417,'g',0,'2011-11-27'),(7272,'g',0,'2011-11-27'),(7413,'g',0,'2011-11-27'),(7425,'g',0,'2011-11-27'),(7448,'g',0,'2011-11-27'),(7426,'g',0,'2011-11-27'),(7378,'g',0,'2011-11-27'),(7439,'g',0,'2011-11-27'),(7445,'g',0,'2011-11-27'),(7380,'g',0,'2012-03-02'),(7460,'g',0,'2012-03-02'),(7504,'g',0,'2011-11-28'),(7524,'g',0,'2011-11-28'),(7446,'g',0,'2012-01-25'),(7472,'g',0,'2011-11-28'),(7470,'g',0,'2012-01-03'),(7473,'g',0,'2012-01-03'),(7474,'g',0,'2012-01-03'),(7471,'g',0,'2012-01-03'),(7469,'g',0,'2012-01-03'),(7475,'g',0,'2012-01-03'),(7430,'g',0,'2012-01-25'),(7457,'g',0,'2011-11-29'),(7458,'g',0,'2012-01-23'),(7476,'g',0,'2012-01-24'),(7477,'g',0,'2011-11-29'),(7408,'g',0,'2012-03-02'),(7444,'g',0,'2011-11-29'),(7453,'g',0,'2011-11-29'),(7392,'g',0,'2011-11-29'),(7531,'g',0,'2011-11-29'),(7501,'g',0,'2011-11-30'),(7492,'g',0,'2011-11-30'),(7489,'g',0,'2012-03-01'),(7493,'g',0,'2012-03-01'),(7494,'g',0,'2012-03-01'),(7491,'g',0,'2012-03-01'),(7490,'g',0,'2012-03-01'),(5901,'g',0,'2011-12-01'),(5833,'g',0,'2011-12-01'),(5846,'g',0,'2011-12-01'),(5842,'g',0,'2011-12-01'),(5894,'g',0,'2011-12-01'),(5902,'g',0,'2011-12-01'),(5895,'g',0,'2011-12-01'),(6796,'g',0,'2011-12-01'),(5848,'g',0,'2011-12-01'),(6728,'g',0,'2011-12-01'),(5908,'g',0,'2011-12-01'),(5953,'g',0,'2011-12-01'),(5948,'g',0,'2011-12-01'),(5943,'g',0,'2011-12-01'),(5946,'g',0,'2012-03-05'),(5945,'g',0,'2011-12-01'),(5941,'g',0,'2011-12-01'),(5950,'g',0,'2011-12-01'),(5929,'g',0,'2011-12-01'),(5951,'g',0,'2011-12-01'),(7258,'g',0,'2011-12-01'),(6703,'g',0,'2011-12-02'),(6680,'g',0,'2011-12-02'),(6662,'g',0,'2011-12-02'),(7440,'g',0,'2011-12-02'),(7443,'g',0,'2011-12-02'),(7441,'g',0,'2011-12-02'),(7478,'g',0,'2011-12-02'),(7450,'g',0,'2011-12-02'),(7437,'g',0,'2011-12-02'),(7503,'g',0,'2011-12-02'),(7525,'g',0,'2011-12-02'),(7532,'g',0,'2011-12-02'),(7515,'g',0,'2011-12-02'),(7530,'g',0,'2011-12-02'),(7533,'g',0,'2011-12-02'),(7522,'g',0,'2011-12-02'),(7502,'g',0,'2011-12-02'),(7511,'g',0,'2011-12-02'),(7508,'g',0,'2011-12-02'),(6512,'g',0,'2012-03-01'),(6520,'g',0,'2012-02-15'),(6522,'g',0,'2012-03-01'),(7542,'g',0,'2011-12-03'),(7564,'g',0,'2011-12-03'),(7598,'g',0,'2011-12-03'),(7591,'g',0,'2011-12-03'),(7562,'g',0,'2011-12-03'),(7566,'g',0,'2011-12-03'),(7565,'g',0,'2011-12-03'),(7563,'g',0,'2011-12-03'),(7592,'g',0,'2011-12-03'),(7583,'g',0,'2011-12-03'),(7555,'g',0,'2011-12-03'),(7394,'g',0,'2011-12-03'),(7396,'g',0,'2012-03-01'),(7395,'g',0,'2011-12-03'),(7370,'g',0,'2012-03-01'),(7388,'g',0,'2012-03-01'),(7397,'g',0,'2012-03-01'),(7539,'g',0,'2012-02-06'),(7537,'g',0,'2012-02-06'),(7540,'g',0,'2012-02-06'),(7541,'g',0,'2012-02-06'),(7536,'g',0,'2012-02-06'),(6391,'g',0,'2011-12-04'),(6313,'g',0,'2012-03-01'),(6312,'g',0,'2012-03-01'),(6388,'g',0,'2012-03-01'),(6310,'g',0,'2012-03-01'),(6314,'g',0,'2012-03-01'),(6387,'g',0,'2012-03-01'),(6390,'g',0,'2012-03-01'),(6374,'g',0,'2011-12-04'),(6309,'g',0,'2012-03-01'),(7578,'g',0,'2012-02-02'),(7556,'g',0,'2011-12-04'),(7597,'g',0,'2011-12-04'),(7544,'g',0,'2012-03-05'),(7009,'g',0,'2011-12-05'),(7008,'g',0,'2011-12-05'),(7013,'g',0,'2011-12-05'),(7022,'g',0,'2011-12-05'),(6285,'g',0,'2011-12-05'),(7010,'g',0,'2011-12-05'),(6275,'g',0,'2012-03-01'),(7002,'g',0,'2011-12-05'),(7012,'g',0,'2011-12-05'),(6281,'g',0,'2012-03-01'),(7021,'g',0,'2011-12-05'),(6277,'g',0,'2012-03-01'),(6282,'g',0,'2011-12-05'),(6284,'g',0,'2011-12-05'),(7015,'g',0,'2011-12-05'),(7018,'g',0,'2011-12-05'),(7020,'g',0,'2011-12-05'),(7004,'g',0,'2011-12-05'),(7016,'g',0,'2011-12-05'),(7025,'g',0,'2011-12-05'),(7017,'g',0,'2011-12-05'),(7014,'g',0,'2011-12-05'),(7023,'g',0,'2011-12-05'),(7006,'g',0,'2011-12-05'),(7005,'g',0,'2011-12-05'),(7007,'g',0,'2011-12-05'),(7561,'g',0,'2012-03-01'),(7559,'g',0,'2011-12-05'),(6496,'g',0,'2011-12-05'),(6776,'g',0,'2011-12-05'),(6485,'g',0,'2011-12-05'),(6515,'g',0,'2011-12-05'),(6492,'g',0,'2011-12-05'),(6518,'g',0,'2011-12-05'),(7595,'g',0,'2011-12-05'),(7584,'g',0,'2011-12-05'),(7585,'g',0,'2011-12-05'),(7499,'g',0,'2011-12-05'),(7550,'g',0,'2011-12-06'),(7543,'g',0,'2011-12-06'),(7548,'g',0,'2011-12-06'),(7547,'g',0,'2011-12-06'),(7553,'g',0,'2011-12-06'),(7599,'g',0,'2011-12-06'),(7590,'g',0,'2011-12-06'),(7526,'g',0,'2011-12-06'),(7607,'g',0,'2011-12-06'),(7620,'g',0,'2011-12-06'),(7580,'g',0,'2011-12-06'),(7605,'g',0,'2011-12-06'),(7618,'g',0,'2011-12-06'),(7497,'g',0,'2011-12-06'),(7529,'g',0,'2011-12-06'),(7611,'g',0,'2011-12-06'),(7485,'g',0,'2011-12-06'),(7560,'g',0,'2012-02-22'),(6245,'g',0,'2011-12-07'),(6488,'g',0,'2011-12-07'),(6060,'g',0,'2011-12-07'),(6375,'g',0,'2011-12-07'),(6790,'g',0,'2011-12-07'),(7593,'g',0,'2012-03-05'),(7582,'g',0,'2012-02-22'),(7569,'g',0,'2012-02-22'),(7619,'g',0,'2012-02-06'),(7552,'g',0,'2011-12-08'),(7551,'g',0,'2011-12-08'),(7632,'g',0,'2011-12-08'),(7538,'g',0,'2011-12-08'),(7630,'g',0,'2011-12-08'),(7385,'g',0,'2012-01-30'),(7377,'g',0,'2011-12-08'),(7625,'g',0,'2012-01-30'),(7486,'g',0,'2012-01-30'),(7528,'g',0,'2011-12-08'),(7421,'g',0,'2012-01-30'),(7629,'g',0,'2012-01-30'),(7429,'g',0,'2012-01-30'),(7496,'g',0,'2012-01-30'),(7616,'g',0,'2012-01-30'),(7431,'g',0,'2012-01-30'),(7628,'g',0,'2012-01-25'),(7606,'g',0,'2012-01-25'),(7570,'g',0,'2011-12-09'),(7638,'g',0,'2011-12-09'),(7586,'g',0,'2012-02-01'),(7516,'g',0,'2012-02-01'),(7500,'g',0,'2011-12-09'),(7546,'g',0,'2012-02-01'),(7627,'g',0,'2012-03-01'),(7604,'g',0,'2012-03-05'),(7482,'g',0,'2011-12-10'),(7641,'g',0,'2011-12-10'),(7612,'g',0,'2011-12-10'),(7614,'g',0,'2012-03-02'),(7481,'g',0,'2011-12-10'),(7464,'g',0,'2011-12-10'),(7466,'g',0,'2011-12-10'),(7558,'g',0,'2011-12-10'),(7613,'g',0,'2011-12-10'),(7554,'g',0,'2011-12-10'),(6539,'g',0,'2011-12-10'),(4956,'g',0,'2011-12-11'),(4958,'g',0,'2011-12-11'),(4954,'g',0,'2011-12-11'),(4952,'g',0,'2011-12-11'),(4950,'g',0,'2011-12-11'),(4955,'g',0,'2011-12-11'),(4951,'g',0,'2011-12-11'),(4949,'g',0,'2011-12-11'),(4953,'g',0,'2011-12-11'),(4957,'g',0,'2011-12-11'),(7626,'g',0,'2011-12-12'),(7646,'g',0,'2011-12-12'),(7645,'g',0,'2011-12-12'),(7651,'g',0,'2011-12-12'),(7656,'g',0,'2011-12-13'),(6856,'g',0,'2011-12-13'),(6814,'g',0,'2011-12-13'),(7067,'g',0,'2011-12-13'),(6897,'g',0,'2011-12-13'),(6866,'g',0,'2011-12-13'),(7066,'g',0,'2011-12-13'),(6994,'g',0,'2011-12-13'),(7065,'g',0,'2011-12-13'),(7662,'g',0,'2011-12-13'),(7700,'g',0,'2011-12-13'),(7696,'g',0,'2011-12-13'),(7669,'g',0,'2011-12-13'),(7643,'g',0,'2011-12-13'),(7621,'g',0,'2011-12-13'),(7637,'g',0,'2011-12-13'),(7688,'g',0,'2011-12-14'),(6449,'g',0,'2011-12-14'),(6432,'g',0,'2012-03-01'),(7708,'g',0,'2011-12-14'),(6308,'g',0,'2012-03-01'),(6340,'g',0,'2011-12-14'),(7507,'g',0,'2011-12-14'),(7631,'g',0,'2012-02-06'),(7568,'g',0,'2011-12-14'),(6306,'g',0,'2012-03-01'),(6474,'g',0,'2012-03-01'),(6476,'g',0,'2011-12-14'),(6471,'g',0,'2011-12-14'),(7660,'g',0,'2011-12-15'),(7686,'g',0,'2011-12-15'),(7434,'g',0,'2011-12-15'),(6305,'g',0,'2012-03-01'),(6472,'g',0,'2012-03-01'),(6091,'g',0,'2011-12-15'),(7462,'g',0,'2011-12-15'),(7577,'g',0,'2011-12-15'),(6401,'g',0,'2012-03-01'),(6431,'g',0,'2012-03-01'),(6304,'g',0,'2011-12-15'),(6822,'g',0,'2011-12-15'),(6463,'g',0,'2011-12-15'),(7574,'g',0,'2011-12-15'),(7488,'g',0,'2012-03-01'),(7487,'g',0,'2012-03-01'),(6480,'g',0,'2011-12-15'),(6287,'g',0,'2011-12-15'),(6289,'g',0,'2012-03-01'),(6286,'g',0,'2012-03-01'),(6290,'g',0,'2012-03-01'),(6303,'g',0,'2011-12-15'),(6408,'g',0,'2011-12-15'),(6392,'g',0,'2012-03-01'),(7463,'g',0,'2011-12-15'),(7375,'g',0,'2011-12-15'),(7422,'g',0,'2011-12-15'),(6218,'g',0,'2011-12-15'),(7623,'g',0,'2011-12-15'),(7649,'g',0,'2011-12-15'),(7650,'g',0,'2011-12-15'),(7647,'g',0,'2011-12-15'),(7610,'g',0,'2011-12-15'),(7609,'g',0,'2011-12-15'),(7640,'g',0,'2011-12-15'),(7639,'g',0,'2011-12-15'),(7615,'g',0,'2011-12-15'),(7704,'g',0,'2012-02-06'),(7387,'g',0,'2011-12-16'),(7575,'g',0,'2011-12-16'),(6158,'g',0,'2011-12-16'),(6494,'g',0,'2012-03-01'),(6307,'g',0,'2012-03-01'),(6377,'g',0,'2011-12-16'),(6143,'g',0,'2011-12-16'),(7576,'g',0,'2011-12-16'),(7713,'g',0,'2011-12-16'),(6508,'g',0,'2011-12-16'),(6220,'g',0,'2011-12-16'),(7707,'g',0,'2012-02-06'),(7702,'g',0,'2012-02-27'),(7674,'g',0,'2011-12-17'),(7730,'g',0,'2011-12-17'),(7410,'g',0,'2011-12-17'),(7414,'g',0,'2011-12-17'),(7435,'g',0,'2011-12-18'),(7436,'g',0,'2011-12-18'),(7589,'g',0,'2011-12-18'),(7389,'g',0,'2011-12-18'),(7400,'g',0,'2011-12-18'),(7427,'g',0,'2011-12-18'),(7412,'g',0,'2011-12-18'),(7479,'g',0,'2011-12-18'),(7624,'g',0,'2011-12-18'),(7391,'g',0,'2011-12-18'),(7601,'g',0,'2011-12-18'),(7642,'g',0,'2011-12-18'),(7513,'g',0,'2011-12-18'),(7514,'g',0,'2011-12-18'),(7520,'g',0,'2011-12-18'),(7512,'g',0,'2011-12-18'),(7596,'g',0,'2011-12-18'),(7571,'g',0,'2011-12-18'),(7521,'g',0,'2011-12-18'),(7600,'g',0,'2011-12-18'),(7644,'g',0,'2011-12-18'),(7716,'g',0,'2011-12-19'),(7648,'g',0,'2011-12-19'),(7617,'g',0,'2011-12-19'),(7523,'g',0,'2011-12-20'),(7608,'g',0,'2011-12-20'),(7579,'g',0,'2011-12-20'),(7518,'g',0,'2011-12-20'),(7519,'g',0,'2011-12-20'),(7603,'g',0,'2011-12-20'),(7594,'g',0,'2011-12-20'),(7587,'g',0,'2011-12-20'),(7573,'g',0,'2011-12-20'),(7572,'g',0,'2011-12-20'),(7622,'g',0,'2011-12-20'),(7744,'g',0,'2012-02-08'),(7746,'g',0,'2011-12-21'),(7747,'g',0,'2011-12-22'),(7720,'g',0,'2011-12-22'),(7679,'g',0,'2011-12-22'),(7721,'g',0,'2011-12-22'),(7689,'g',0,'2011-12-22'),(7684,'g',0,'2011-12-22'),(7692,'g',0,'2011-12-22'),(5067,'g',0,'2011-12-22'),(5077,'g',0,'2011-12-22'),(7097,'g',0,'2011-12-22'),(5075,'g',0,'2011-12-22'),(5074,'g',0,'2011-12-22'),(5078,'g',0,'2011-12-22'),(5081,'g',0,'2011-12-22'),(5079,'g',0,'2011-12-22'),(5071,'g',0,'2011-12-22'),(5073,'g',0,'2011-12-22'),(5066,'g',0,'2011-12-22'),(5069,'g',0,'2011-12-22'),(5080,'g',0,'2011-12-22'),(5070,'g',0,'2011-12-23'),(5076,'g',0,'2011-12-23'),(6967,'g',0,'2011-12-23'),(6907,'g',0,'2011-12-23'),(5072,'g',0,'2011-12-23'),(7094,'g',0,'2011-12-23'),(5068,'g',0,'2011-12-23'),(6839,'g',0,'2011-12-23'),(6826,'g',0,'2011-12-23'),(6687,'g',0,'2011-12-23'),(5831,'g',0,'2011-12-23'),(6663,'g',0,'2011-12-23'),(6901,'g',0,'2011-12-23'),(6842,'g',0,'2011-12-23'),(5829,'g',0,'2011-12-23'),(6832,'g',0,'2011-12-23'),(6675,'g',0,'2011-12-23'),(7710,'g',0,'2011-12-23'),(5056,'g',0,'2011-12-24'),(7767,'g',0,'2011-12-24'),(7705,'g',0,'2011-12-24'),(7483,'g',0,'2011-12-24'),(7751,'g',0,'2011-12-24'),(5057,'g',0,'2011-12-24'),(5064,'g',0,'2011-12-24'),(5062,'g',0,'2011-12-24'),(5060,'g',0,'2011-12-24'),(5065,'g',0,'2011-12-24'),(7510,'g',0,'2011-12-24'),(7509,'g',0,'2011-12-24'),(7484,'g',0,'2011-12-24'),(7690,'g',0,'2011-12-24'),(7712,'g',0,'2011-12-24'),(7685,'g',0,'2011-12-24'),(7683,'g',0,'2011-12-24'),(7715,'g',0,'2011-12-24'),(7719,'g',0,'2011-12-24'),(5061,'g',0,'2011-12-24'),(7757,'g',0,'2011-12-24'),(5058,'g',0,'2011-12-24'),(5059,'g',0,'2011-12-25'),(5063,'g',0,'2011-12-25'),(7748,'g',0,'2011-12-25'),(4959,'g',0,'2011-12-25'),(6775,'g',0,'2011-12-25'),(7691,'g',0,'2011-12-26'),(7545,'g',0,'2011-12-26'),(7633,'g',0,'2011-12-27'),(7588,'g',0,'2011-12-27'),(7602,'g',0,'2011-12-27'),(7549,'g',0,'2011-12-27'),(7754,'g',0,'2011-12-27'),(7581,'g',0,'2011-12-27'),(7635,'g',0,'2011-12-28'),(7695,'g',0,'2011-12-28'),(7718,'g',0,'2011-12-28'),(7758,'g',0,'2011-12-28'),(7711,'g',0,'2011-12-28'),(7723,'g',0,'2011-12-28'),(7682,'g',0,'2011-12-28'),(7694,'g',0,'2011-12-28'),(7785,'g',0,'2011-12-29'),(7717,'g',0,'2011-12-29'),(7745,'g',0,'2012-03-01'),(7782,'g',0,'2011-12-30'),(7790,'g',0,'2011-12-30'),(7797,'g',0,'2012-02-06'),(7783,'g',0,'2012-02-02'),(7801,'g',0,'2012-03-01'),(5958,'g',0,'2011-12-30'),(5954,'g',0,'2011-12-30'),(7755,'g',0,'2011-12-30'),(7765,'g',0,'2011-12-30'),(5959,'g',0,'2011-12-30'),(7792,'g',0,'2012-02-27'),(7742,'g',0,'2011-12-31'),(7776,'g',0,'2011-12-31'),(7498,'g',0,'2011-12-31'),(7495,'g',0,'2011-12-31'),(7505,'g',0,'2011-12-31'),(7480,'g',0,'2011-12-31'),(7517,'g',0,'2011-12-31'),(7506,'g',0,'2011-12-31'),(7788,'g',0,'2012-02-03'),(7351,'g',0,'2012-01-01'),(7358,'g',0,'2012-01-01'),(7752,'g',0,'2012-01-01'),(7365,'g',0,'2012-01-01'),(7698,'g',0,'2012-01-01'),(7381,'g',0,'2012-01-02'),(7355,'g',0,'2012-01-02'),(7763,'g',0,'2012-01-02'),(7766,'g',0,'2012-01-02'),(7753,'g',0,'2012-01-02'),(7756,'g',0,'2012-01-02'),(7760,'g',0,'2012-01-02'),(7775,'g',0,'2012-01-02'),(7764,'g',0,'2012-01-02'),(7741,'g',0,'2012-01-02'),(7366,'g',0,'2012-01-02'),(7346,'g',0,'2012-01-02'),(7822,'g',0,'2012-02-01'),(7814,'g',0,'2012-02-01'),(7291,'g',0,'2012-01-03'),(7703,'g',0,'2012-01-03'),(7454,'g',0,'2012-01-03'),(7318,'g',0,'2012-01-03'),(6012,'g',0,'2012-01-03'),(6056,'g',0,'2012-01-03'),(6025,'g',0,'2012-01-03'),(6069,'g',0,'2012-01-03'),(6068,'g',0,'2012-01-03'),(6080,'g',0,'2012-01-03'),(6422,'g',0,'2012-01-03'),(6399,'g',0,'2012-01-03'),(6189,'g',0,'2012-01-03'),(6483,'g',0,'2012-01-03'),(6441,'g',0,'2012-01-03'),(6437,'g',0,'2012-01-03'),(7750,'g',0,'2012-01-03'),(7687,'g',0,'2012-01-03'),(7317,'g',0,'2012-01-03'),(7447,'g',0,'2012-01-03'),(7680,'g',0,'2012-01-03'),(7319,'g',0,'2012-01-03'),(7693,'g',0,'2012-01-03'),(7345,'g',0,'2012-01-03'),(7774,'g',0,'2012-01-03'),(7706,'g',0,'2012-01-03'),(7749,'g',0,'2012-01-03'),(6075,'g',0,'2012-01-03'),(6062,'g',0,'2012-01-03'),(6050,'g',0,'2012-01-03'),(6023,'g',0,'2012-01-03'),(6315,'g',0,'2012-01-03'),(6322,'g',0,'2012-01-03'),(6420,'g',0,'2012-01-03'),(6413,'g',0,'2012-01-03'),(6443,'g',0,'2012-01-03'),(7806,'g',0,'2012-03-05'),(6777,'g',0,'2012-01-03'),(6489,'g',0,'2012-01-03'),(6482,'g',0,'2012-01-03'),(7557,'g',0,'2012-01-03'),(7465,'g',0,'2012-01-03'),(7709,'g',0,'2012-01-03'),(7681,'g',0,'2012-01-03'),(7356,'g',0,'2012-01-03'),(7636,'g',0,'2012-01-03'),(7768,'g',0,'2012-01-03'),(7740,'g',0,'2012-01-03'),(7724,'g',0,'2012-01-03'),(7722,'g',0,'2012-01-03'),(7811,'g',0,'2012-01-03'),(7826,'g',0,'2012-01-03'),(7836,'g',0,'2012-01-03'),(7810,'g',0,'2012-01-03'),(7793,'g',0,'2012-01-03'),(7808,'g',0,'2012-01-03'),(7800,'g',0,'2012-01-03'),(7634,'g',0,'2012-01-03'),(6423,'g',0,'2012-01-03'),(6509,'g',0,'2012-01-03'),(6481,'g',0,'2012-01-03'),(6438,'g',0,'2012-01-03'),(7352,'g',0,'2012-01-03'),(7739,'g',0,'2012-01-03'),(7678,'g',0,'2012-01-03'),(6185,'g',0,'2012-01-03'),(6135,'g',0,'2012-01-03'),(6097,'g',0,'2012-01-03'),(6151,'g',0,'2012-01-03'),(6139,'g',0,'2012-01-03'),(6172,'g',0,'2012-01-03'),(6129,'g',0,'2012-01-03'),(6105,'g',0,'2012-01-03'),(6206,'g',0,'2012-01-03'),(6426,'g',0,'2012-01-03'),(7816,'g',0,'2012-01-03'),(7762,'g',0,'2012-01-04'),(6113,'g',0,'2012-01-04'),(6148,'g',0,'2012-01-04'),(5888,'g',0,'2012-01-04'),(5992,'g',0,'2012-01-04'),(6003,'g',0,'2012-01-04'),(5879,'g',0,'2012-01-04'),(5893,'g',0,'2012-01-04'),(5973,'g',0,'2012-01-04'),(5834,'g',0,'2012-01-04'),(5944,'g',0,'2012-01-04'),(5885,'g',0,'2012-01-04'),(5969,'g',0,'2012-01-04'),(7813,'g',0,'2012-03-05'),(7833,'g',0,'2012-02-22'),(7795,'g',0,'2012-01-04'),(7823,'g',0,'2012-01-04'),(7828,'g',0,'2012-01-04'),(6434,'g',0,'2012-01-20'),(7697,'g',0,'2012-01-21'),(7699,'g',0,'2012-01-21'),(7772,'g',0,'2012-01-22'),(4977,'g',0,'2012-01-23'),(4972,'g',0,'2012-01-23'),(4974,'g',0,'2012-01-23'),(4976,'g',0,'2012-01-23'),(4979,'g',0,'2012-01-23'),(4973,'g',0,'2012-01-23'),(4980,'g',0,'2012-01-23'),(4981,'g',0,'2012-01-23'),(4978,'g',0,'2012-01-23'),(4975,'g',0,'2012-01-23'),(7781,'g',0,'2012-01-24'),(7770,'g',0,'2012-01-25'),(5991,'g',0,'2012-01-25'),(5975,'g',0,'2012-01-25'),(5981,'g',0,'2012-01-25'),(5960,'g',0,'2012-01-25'),(5962,'g',0,'2012-01-25'),(5970,'g',0,'2012-01-25'),(5964,'g',0,'2012-01-25'),(5978,'g',0,'2012-01-25'),(5967,'g',0,'2012-01-25'),(4971,'g',0,'2012-01-27'),(4969,'g',0,'2012-01-27'),(4962,'g',0,'2012-01-27'),(4967,'g',0,'2012-01-27'),(4960,'g',0,'2012-01-27'),(4965,'g',0,'2012-01-27'),(4963,'g',0,'2012-01-27'),(4968,'g',0,'2012-01-27'),(4961,'g',0,'2012-01-27'),(4970,'g',0,'2012-01-27'),(7827,'g',0,'2012-01-27'),(7759,'g',0,'2012-01-28'),(6111,'g',0,'2012-01-28'),(6090,'g',0,'2012-01-28'),(6106,'g',0,'2012-01-28'),(6098,'g',0,'2012-01-28'),(6131,'g',0,'2012-01-28'),(6117,'g',0,'2012-01-28'),(6141,'g',0,'2012-01-28'),(6136,'g',0,'2012-01-28'),(6107,'g',0,'2012-01-28'),(7831,'g',0,'2012-01-28'),(7830,'g',0,'2012-01-28'),(7701,'g',0,'2012-01-31'),(7834,'g',0,'2012-02-05'),(7837,'g',0,'2012-02-05'),(7821,'g',0,'2012-02-05'),(7812,'g',0,'2012-02-05'),(7829,'g',0,'2012-02-06'),(7799,'g',0,'2012-02-06'),(7786,'g',0,'2012-02-06'),(7796,'g',0,'2012-02-06'),(7769,'g',0,'2012-02-07'),(7904,'g',0,'2012-02-07'),(7841,'g',0,'2012-02-08'),(4935,'g',0,'2012-02-08'),(4928,'g',0,'2012-02-08'),(4936,'g',0,'2012-02-08'),(4939,'g',0,'2012-02-08'),(4930,'g',0,'2012-02-08'),(4931,'g',0,'2012-02-08'),(4937,'g',0,'2012-02-08'),(4929,'g',0,'2012-02-08'),(4938,'g',0,'2012-02-08'),(7840,'g',0,'2012-02-08'),(4941,'g',0,'2012-02-10'),(4940,'g',0,'2012-02-10'),(4946,'g',0,'2012-02-10'),(4943,'g',0,'2012-02-10'),(4944,'g',0,'2012-02-10'),(4945,'g',0,'2012-02-10'),(4948,'g',0,'2012-02-10'),(4942,'g',0,'2012-02-10'),(4947,'g',0,'2012-02-10'),(7780,'g',0,'2012-02-10'),(7779,'g',0,'2012-02-10'),(7761,'g',0,'2012-02-10'),(5047,'g',0,'2012-02-10'),(5044,'g',0,'2012-02-10'),(5042,'g',0,'2012-02-10'),(5046,'g',0,'2012-02-10'),(5050,'g',0,'2012-02-10'),(5043,'g',0,'2012-02-10'),(5045,'g',0,'2012-02-10'),(5041,'g',0,'2012-02-10'),(4984,'g',0,'2012-02-10'),(4983,'g',0,'2012-02-10'),(4986,'g',0,'2012-02-10'),(4982,'g',0,'2012-02-10'),(4985,'g',0,'2012-02-10'),(7851,'g',0,'2012-02-10'),(7943,'g',0,'2012-02-11'),(7900,'g',0,'2012-02-11'),(7939,'g',0,'2012-02-11'),(7789,'g',0,'2012-02-12'),(7916,'g',0,'2012-02-12'),(7914,'g',0,'2012-02-12'),(7917,'g',0,'2012-02-12'),(7915,'g',0,'2012-02-12'),(7874,'g',0,'2012-02-12'),(7946,'g',0,'2012-02-12'),(7931,'g',0,'2012-02-12'),(7845,'g',0,'2012-02-12'),(7947,'g',0,'2012-02-12'),(7933,'g',0,'2012-02-12'),(7957,'g',0,'2012-02-12'),(7918,'g',0,'2012-02-12'),(7924,'g',0,'2012-02-12'),(7937,'g',0,'2012-02-12'),(7942,'g',0,'2012-02-12'),(7844,'g',0,'2012-02-12'),(7842,'g',0,'2012-02-12'),(6491,'g',0,'2012-02-12'),(7955,'g',0,'2012-02-12'),(7934,'g',0,'2012-02-13'),(7929,'g',0,'2012-02-14'),(7949,'g',0,'2012-02-14'),(7966,'g',0,'2012-02-14'),(7961,'g',0,'2012-02-14'),(7787,'g',0,'2012-02-15'),(7967,'g',0,'2012-02-15'),(7899,'g',0,'2012-02-15'),(7928,'g',0,'2012-02-15'),(7965,'g',0,'2012-02-15'),(7876,'g',0,'2012-02-15'),(7969,'g',0,'2012-02-15'),(7959,'g',0,'2012-02-15'),(7940,'g',0,'2012-02-15'),(7930,'g',0,'2012-02-15'),(7902,'g',0,'2012-02-15'),(7875,'g',0,'2012-02-16'),(7948,'g',0,'2012-02-16'),(7958,'g',0,'2012-02-16'),(7895,'g',0,'2012-02-16'),(7945,'g',0,'2012-02-16'),(7714,'g',0,'2012-02-17'),(7919,'g',0,'2012-02-17'),(7910,'g',0,'2012-02-17'),(7921,'g',0,'2012-02-17'),(7972,'g',0,'2012-02-17'),(7973,'g',0,'2012-02-18'),(7970,'g',0,'2012-02-18'),(7909,'g',0,'2012-02-18'),(7901,'g',0,'2012-02-18'),(7894,'g',0,'2012-02-18'),(7944,'g',0,'2012-02-19'),(7926,'g',0,'2012-02-19'),(4991,'g',0,'2012-02-19'),(7950,'g',0,'2012-02-19'),(7968,'g',0,'2012-02-19'),(4989,'g',0,'2012-02-19'),(7936,'g',0,'2012-02-19'),(4993,'g',0,'2012-02-20'),(7938,'g',0,'2012-02-20'),(4987,'g',0,'2012-02-20'),(7927,'g',0,'2012-02-20'),(4994,'g',0,'2012-02-20'),(4988,'g',0,'2012-02-20'),(7925,'g',0,'2012-02-21'),(4992,'g',0,'2012-02-21'),(4995,'g',0,'2012-02-21'),(4990,'g',0,'2012-02-21'),(7885,'g',0,'2012-02-21'),(7987,'g',0,'2012-02-21'),(7999,'g',0,'2012-02-21'),(7990,'g',0,'2012-02-21'),(7991,'g',0,'2012-02-21'),(7954,'g',0,'2012-02-21'),(7897,'g',0,'2012-02-21'),(7989,'g',0,'2012-02-21'),(7963,'g',0,'2012-02-21'),(7850,'g',0,'2012-02-22'),(7953,'g',0,'2012-02-22'),(7941,'g',0,'2012-02-22'),(7846,'g',0,'2012-02-22'),(7956,'g',0,'2012-02-22'),(7995,'g',0,'2012-02-22'),(7975,'g',0,'2012-02-22'),(7905,'g',0,'2012-02-23'),(7890,'g',0,'2012-02-24'),(8001,'g',0,'2012-02-25'),(7859,'g',0,'2012-02-25'),(7977,'g',0,'2012-02-25'),(7983,'g',0,'2012-02-25'),(7982,'g',0,'2012-02-25'),(7932,'g',0,'2012-02-26'),(7952,'g',0,'2012-02-26'),(5022,'g',0,'2012-02-26'),(5052,'g',0,'2012-02-26'),(5053,'g',0,'2012-02-27'),(5055,'g',0,'2012-02-27'),(8031,'g',0,'2012-02-27'),(7906,'g',0,'2012-02-27'),(7893,'g',0,'2012-02-27'),(8025,'g',0,'2012-02-28'),(8026,'g',0,'2012-02-28'),(8022,'g',0,'2012-02-29'),(8021,'g',0,'2012-02-29'),(8045,'g',0,'2012-02-29'),(8016,'g',0,'2012-02-29'),(8013,'g',0,'2012-02-29'),(8015,'g',0,'2012-02-29'),(8029,'g',0,'2012-03-01'),(8037,'g',0,'2012-03-01'),(8014,'g',0,'2012-03-01'),(8049,'g',0,'2012-03-01'),(7992,'g',0,'2012-03-01'),(7997,'g',0,'2012-03-01'),(7988,'g',0,'2012-03-02'),(8028,'g',0,'2012-03-02'),(8050,'g',0,'2012-03-02'),(8051,'g',0,'2012-03-02'),(8027,'g',0,'2012-03-02'),(8030,'g',0,'2012-03-02'),(8052,'g',0,'2012-03-03'),(8038,'g',0,'2012-03-03'),(8044,'g',0,'2012-03-03'),(8041,'g',0,'2012-03-03'),(8023,'g',0,'2012-03-04'),(8039,'g',0,'2012-03-04'),(7803,'g',0,'2012-03-05'),(7994,'g',0,'2012-03-05'),(8011,'g',0,'2012-03-05'),(7920,'g',0,'2012-03-05'),(8068,'g',0,'2012-03-05'),(8059,'g',0,'2012-03-05'),(7911,'g',0,'2012-03-05'),(6779,'g',0,'2012-03-06'),(7898,'g',0,'2012-03-06'),(8012,'g',0,'2012-03-06'),(7986,'g',0,'2012-03-06'),(8073,'g',0,'2012-03-07'),(8063,'g',0,'2012-03-07'),(8086,'g',0,'2012-03-07');

--
-- Table structure for table `idx_paid_listing`
--

CREATE TABLE `idx_paid_listing` (
  `link_id` mediumint(9) unsigned NOT NULL DEFAULT '0',
  `premium` char(1) DEFAULT NULL,
  `sponsored` char(1) DEFAULT NULL,
  `expire` datetime DEFAULT NULL,
  `paid` char(1) DEFAULT NULL,
  PRIMARY KEY (`link_id`)
) ENGINE=MyISAM DEFAULT CHARSET=latin1;

--
-- Dumping data for table `idx_paid_listing`
--


--
-- Table structure for table `idx_payment_gateway`
--

CREATE TABLE `idx_payment_gateway` (
  `payment_gateway_id` int(11) NOT NULL AUTO_INCREMENT,
  `name` varchar(100) DEFAULT NULL,
  `enable` char(1) DEFAULT NULL,
  `setting` text,
  `invoice_html` text,
  PRIMARY KEY (`payment_gateway_id`)
) ENGINE=MyISAM AUTO_INCREMENT=9 DEFAULT CHARSET=latin1;

--
-- Dumping data for table `idx_payment_gateway`
--

INSERT INTO `idx_payment_gateway` VALUES (1,'paypal','1','a:2:{s:13:\"payment_email\";s:0:\"\";s:21:\"enable_paypal_sandbox\";s:1:\"0\";}','<p> \r\n	<a href=\'paynow.php?id={$invoice_id}&m=paypal\'><img src=\'http://www.paypal.com/images/x-click-but02.gif\' border=\'0\' alt=\'Make payments with PayPal - it is fast, free and secure!\' /></a> \r\n</p>\r\n'),(2,'2co','0','a:6:{s:6:\"co_sid\";s:5:\"84932\";s:9:\"co_secret\";s:5:\"tango\";s:12:\"co_recurring\";s:1:\"0\";s:9:\"co_prod_1\";s:6:\"100.00\";s:9:\"co_prod_2\";s:6:\"250.00\";s:9:\"co_prod_3\";s:6:\"400.00\";}','<p>\r\n<a href=\'paynow.php?id={$invoice_id}&m=2co\'><img src=\'http://www.2checkout.com/images/overview/btns/25.jpg\' alt=\'Pay Now with 2checkout...\' border=\'0\' /></a> \r\n</p>'),(3,'authorizenet','0','a:2:{s:21:\"authorizenet_login_id\";s:0:\"\";s:21:\"authorizenet_tran_key\";s:0:\"\";}','<p> \r\n<a href=\'paynow.php?id={$invoice_id}&m=authorizenet\'><img src=\'http://www.authorize.net/upload/images/Images/Header/authorizenet_logo.gif\' alt=\'Pay Now with Authorize.Net...\' width=\'99\' height=\'39\' style=\'{border : 1px solid #c0c0c0;}\' /></a>\r\n</p>'),(4,'egold','0','a:2:{s:19:\"egold_payee_account\";s:0:\"\";s:16:\"egold_payee_name\";s:0:\"\";}','<p> \r\n<a href=\'paynow.php?id={$invoice_id}&m=egold\'>\r\n<img src=\'http://www.e-gold.com/gif/paywith.gif\' border=\'0\' alt=\'Pay Now with e-gold...\' />\r\n</a>\r\n</p>'),(5,'moneybookers','0','a:1:{s:18:\"moneybookers_email\";s:0:\"\";}','<p> \r\n<a href=\'paynow.php?id={$invoice_id}&m=paypal\'><img src=\'http://www.moneybookers.com/images/banners/88_en_mb.gif\' border=\'0\' alt=\'Make payments with Moneybookers - it is fast, free and secure!\' /></a> \r\n</p>'),(6,'paypal-subscriptions','0','a:2:{s:13:\"payment_email\";s:0:\"\";s:21:\"enable_paypal_sandbox\";s:1:\"0\";}','<p> \r\n<a href=\'paynow.php?id={$invoice_id}&m=paypal\'><img src=\'https://www.paypal.com/en_US/i/btn/x-click-but20.gif\' border=\'0\' alt=\'Make payments with PayPal - it is fast, free and secure!\' /></a> \r\n</p>'),(7,'alertpay','0','a:2:{s:14:\"alertpay_email\";s:0:\"\";s:23:\"enable_alertpay_sandbox\";s:1:\"0\";}','<p> \r\n<a href=\'paynow.php?id={$invoice_id}&m=alertpay\'>\r\n<img src=\'https://www.alertpay.com/Images/BuyNow/pay_now_3.gif\' border=\'0\' alt=\'Make payments with PayPal - it is fast, free and secure!\' /></a> \r\n</p>'),(8,'alertpay-subcriptions','0','a:2:{s:14:\"alertpay_email\";s:0:\"\";s:23:\"enable_alertpay_sandbox\";s:1:\"0\";}','<p>\r\n<a href=\'paynow.php?id={$invoice_id}&m=alertpay-subcriptions\'>\r\n<img src=\'https://www.alertpay.com/Images/BuyNow/subscribe_now_15.gif\' border=\'0\' alt=\'Make payments with Alert Pay - it is fast, free and secure!\' /></a> \r\n</p>');

--
-- Table structure for table `idx_payment_history`
--

CREATE TABLE `idx_payment_history` (
  `payment_id` int(10) unsigned NOT NULL AUTO_INCREMENT,
  `contact_name` varchar(255) DEFAULT NULL,
  `email` varchar(255) DEFAULT NULL,
  `type` varchar(255) DEFAULT NULL,
  `detail` text,
  `amount` double DEFAULT NULL,
  `time` datetime DEFAULT NULL,
  `invoice_id` varchar(10) DEFAULT NULL,
  PRIMARY KEY (`payment_id`)
) ENGINE=MyISAM DEFAULT CHARSET=latin1;

--
-- Dumping data for table `idx_payment_history`
--


--
-- Table structure for table `idx_pl_sociable`
--

CREATE TABLE `idx_pl_sociable` (
  `sb_id` int(11) NOT NULL AUTO_INCREMENT,
  `sb_name` varchar(255) CHARACTER SET utf8 DEFAULT NULL,
  `sb_url` varchar(255) CHARACTER SET utf8 DEFAULT NULL,
  `sb_icon` varchar(255) CHARACTER SET utf8 DEFAULT NULL,
  `sb_enable` char(1) CHARACTER SET utf8 DEFAULT '0',
  PRIMARY KEY (`sb_id`)
) ENGINE=MyISAM AUTO_INCREMENT=90 DEFAULT CHARSET=latin1;

--
-- Dumping data for table `idx_pl_sociable`
--

INSERT INTO `idx_pl_sociable` VALUES (1,'BarraPunto','http://barrapunto.com/submit.pl?subj=TITLE&amp;story=PERMALINK','barrapunto.png','0'),(2,'Bitacoras.com','http://bitacoras.com/anotaciones/PERMALINK','bitacoras.png','0'),(3,'BlinkList','http://www.blinklist.com/index.php?Action=Blink/addblink.php&amp;Url=PERMALINK&amp;Title=TITLE','blinklist.png','0'),(4,'blogmarks','http://blogmarks.net/my/new.php?mini=1&amp;simple=1&amp;url=PERMALINK&amp;title=TITLE','blogmarks.png','0'),(5,'Blogosphere News','http://www.blogospherenews.com/submit.php?url=PERMALINK&amp;title=TITLE','blogospherenews.png','0'),(6,'blogtercimlap','http://cimlap.blogter.hu/index.php?action=suggest_link&amp;title=TITLE&amp;url=PERMALINK','blogter.png','0'),(7,'Faves','http://faves.com/Authoring.aspx?u=PERMALINK&amp;title=TITLE','bluedot.png','0'),(8,'connotea','http://www.connotea.org/addpopup?continue=confirm&amp;uri=PERMALINK&amp;title=TITLE&amp;description=EXCERPT','connotea.png','0'),(9,'Current','http://current.com/clipper.htm?url=PERMALINK&amp;title=TITLE','current.png','0'),(10,'del.icio.us','http://delicious.com/post?url=PERMALINK&amp;title=TITLE&amp;notes=EXCERPT','delicious.png','0'),(11,'Digg','http://digg.com/submit?phase=2&amp;url=PERMALINK&amp;title=TITLE&amp;bodytext=EXCERPT','digg.png','1'),(12,'Diigo','http://www.diigo.com/post?url=PERMALINK&amp;title=TITLE','diigo.png','0'),(13,'DotNetKicks','http://www.dotnetkicks.com/kick/?url=PERMALINK&amp;title=TITLE','dotnetkicks.png','0'),(14,'DZone','http://www.dzone.com/links/add.html?url=PERMALINK&amp;title=TITLE','dzone.png','0'),(15,'eKudos','http://www.ekudos.nl/artikel/nieuw?url=PERMALINK&amp;title=TITLE&amp;desc=EXCERPT','ekudos.png','0'),(16,'email','mailto:?subject=TITLE&amp;body=PERMALINK','email_link.png','0'),(17,'Facebook','http://www.facebook.com/share.php?u=PERMALINK&amp;t=TITLE','facebook.png','1'),(18,'Fark','http://cgi.fark.com/cgi/fark/farkit.pl?h=TITLE&amp;u=PERMALINK','fark.png','0'),(19,'Fleck','http://beta3.fleck.com/bookmarklet.php?url=PERMALINK&amp;title=TITLE','fleck.png','0'),(20,'FriendFeed','http://www.friendfeed.com/share?title=TITLE&amp;link=PERMALINK','friendfeed.png','0'),(21,'FSDaily','http://www.fsdaily.com/submit?url=PERMALINK&amp;title=TITLE','fsdaily.png','0'),(22,'Global Grind','http://globalgrind.com/submission/submit.aspx?url=PERMALINK&amp;type=Article&amp;title=TITLE','globalgrind.png','0'),(23,'Google','http://www.google.com/bookmarks/mark?op=edit&amp;bkmk=PERMALINK&amp;title=TITLE&amp;annotation=EXCERPT','googlebookmark.png','0'),(24,'Gwar','http://www.gwar.pl/DodajGwar.html?u=PERMALINK','gwar.png','0'),(25,'HackerNews','http://news.ycombinator.com/submitlink?u=PERMALINK&amp;t=TITLE','hackernews.png','0'),(26,'Haohao','http://www.haohaoreport.com/submit.php?url=PERMALINK&amp;title=TITLE','haohao.png','0'),(27,'HealthRanker','http://healthranker.com/submit.php?url=PERMALINK&amp;title=TITLE','healthranker.png','0'),(28,'HelloTxt','http://hellotxt.com/?status=TITLE+PERMALINK','hellotxt.png','0'),(29,'Hemidemi','http://www.hemidemi.com/user_bookmark/new?title=TITLE&amp;url=PERMALINK','hemidemi.png','0'),(30,'Hyves','http://www.hyves.nl/profilemanage/add/tips/?name=TITLE&amp;text=EXCERPT+PERMALINK&amp;rating=5','hyves.png','0'),(31,'Identi.ca','http://identi.ca/notice/new?status_textarea=PERMALINK','identica.png','0'),(32,'IndianPad','http://www.indianpad.com/submit.php?url=PERMALINK','indianpad.png','0'),(33,'Internetmedia','http://internetmedia.hu/submit.php?url=PERMALINK','im.png','0'),(34,'Kirtsy','http://www.kirtsy.com/submit.php?url=PERMALINK&amp;title=TITLE','kirtsy.png','0'),(35,'laaik.it','http://laaik.it/NewStoryCompact.aspx?uri=PERMALINK&amp;headline=TITLE&amp;cat=5e082fcc-8a3b-47e2-acec-fdf64ff19d12','laaikit.png','0'),(36,'LinkArena','http://linkarena.com/bookmarks/addlink/?url=PERMALINK&amp;title=TITLE','linkarena.png','0'),(37,'LinkaGoGo','http://www.linkagogo.com/go/AddNoPopup?url=PERMALINK&amp;title=TITLE','linkagogo.png','0'),(38,'LinkedIn','http://www.linkedin.com/shareArticle?mini=true&amp;url=PERMALINK&amp;title=TITLE&amp;source=BLOGNAME&amp;summary=EXCERPT','linkedin.png','0'),(39,'Linkter','http://www.linkter.hu/index.php?action=suggest_link&amp;url=PERMALINK&amp;title=TITLE','linkter.png','0'),(40,'Live','https://favorites.live.com/quickadd.aspx?marklet=1&amp;url=PERMALINK&amp;title=TITLE','live.png','0'),(41,'Meneame','http://meneame.net/submit.php?url=PERMALINK','meneame.png','0'),(42,'MisterWong','http://www.mister-wong.com/addurl/?bm_url=PERMALINK&amp;bm_description=TITLE&amp;plugin=soc','misterwong.png','0'),(43,'MisterWong.DE','http://www.mister-wong.de/addurl/?bm_url=PERMALINK&amp;bm_description=TITLE&amp;plugin=soc','misterwong.png','0'),(44,'Mixx','http://www.mixx.com/submit?page_url=PERMALINK&amp;title=TITLE','mixx.png','0'),(45,'muti','http://www.muti.co.za/submit?url=PERMALINK&amp;title=TITLE','muti.png','0'),(46,'MyShare','http://myshare.url.com.tw/index.php?func=newurl&amp;url=PERMALINK&amp;desc=TITLE','myshare.png','0'),(47,'MySpace','http://www.myspace.com/Modules/PostTo/Pages/?u=PERMALINK&amp;t=TITLE','myspace.png','0'),(48,'MSNReporter','http://reporter.nl.msn.com/?fn=contribute&amp;Title=TITLE&amp;URL=PERMALINK&amp;cat_id=6&amp;tag_id=31&amp;Remark=EXCERPT','msnreporter.png','0'),(49,'N4G','http://www.n4g.com/tips.aspx?url=PERMALINK&amp;title=TITLE','n4g.png','0'),(50,'Netvibes','http://www.netvibes.com/share?title=TITLE&amp;url=PERMALINK','netvibes.png','0'),(51,'NewsVine','http://www.newsvine.com/_tools/seed&amp;save?u=PERMALINK&amp;h=TITLE','newsvine.png','0'),(52,'Netvouz','http://www.netvouz.com/action/submitBookmark?url=PERMALINK&amp;title=TITLE&amp;popup=no','netvouz.png','0'),(53,'NuJIJ','http://nujij.nl/jij.lynkx?t=TITLE&amp;u=PERMALINK&amp;b=EXCERPT','nujij.png','0'),(54,'Ping.fm','http://ping.fm/ref/?link=PERMALINK&amp;title=TITLE&amp;body=EXCERPT','ping.png','0'),(55,'Posterous','http://posterous.com/share?linkto=PERMALINK&amp;title=TITLE&amp;selection=EXCERPT','posterous.png','0'),(56,'PDF','http://www.printfriendly.com/print?url=PERMALINK&amp;partner=sociable','pdf.png','0'),(57,'Print','http://www.printfriendly.com/print?url=PERMALINK&amp;partner=sociable','printfriendly.png','0'),(58,'Propeller','http://www.propeller.com/submit/?url=PERMALINK','propeller.png','0'),(59,'Ratimarks','http://ratimarks.org/bookmarks.php/?action=add&address=PERMALINK&amp;title=TITLE','ratimarks.png','0'),(60,'Rec6','http://rec6.via6.com/link.php?url=PERMALINK&amp;=TITLE','rec6.png','0'),(61,'Reddit','http://reddit.com/submit?url=PERMALINK&amp;title=TITLE','reddit.png','0'),(62,'RSS','FEEDLINK','rss.png','0'),(63,'Scoopeo','http://www.scoopeo.com/scoop/new?newurl=PERMALINK&amp;title=TITLE','scoopeo.png','0'),(64,'Segnalo','http://segnalo.alice.it/post.html.php?url=PERMALINK&amp;title=TITLE','segnalo.png','0'),(65,'Simpy','http://www.simpy.com/simpy/LinkAdd.do?href=PERMALINK&amp;title=TITLE','simpy.png','0'),(66,'Slashdot','http://slashdot.org/bookmark.pl?title=TITLE&amp;url=PERMALINK','slashdot.png','0'),(67,'Socialogs','http://socialogs.com/add_story.php?story_url=PERMALINK&amp;story_title=TITLE','socialogs.png','0'),(68,'SphereIt','http://www.sphere.com/search?q=sphereit:PERMALINK&amp;title=TITLE','sphere.png','0'),(69,'Sphinn','http://sphinn.com/index.php?c=post&amp;m=submit&amp;link=PERMALINK','sphinn.png','0'),(70,'StumbleUpon','http://www.stumbleupon.com/submit?url=PERMALINK&amp;title=TITLE','stumbleupon.png','0'),(71,'Techmeme','http://twitter.com/home/?status=tip%20@Techmeme%20PERMALINK%20TITLE','techmeme.png','0'),(72,'Technorati','http://technorati.com/faves?add=PERMALINK','technorati.png','1'),(73,'ThisNext','http://www.thisnext.com/pick/new/submit/sociable/?url=PERMALINK&amp;name=TITLE','thisnext.png','0'),(74,'Tipd','http://tipd.com/submit.php?url=PERMALINK','tipd.png','0'),(75,'Tumblr','http://www.tumblr.com/share?v=3&amp;u=PERMALINK&amp;t=TITLE&amp;s=EXCERPT','tumblr.png','0'),(76,'Twitter','http://twitter.com/home?status=TITLE%20-%20PERMALINK','twitter.png','1'),(77,'Upnews','http://www.upnews.it/submit?url=PERMALINK&amp;title=TITLE','upnews.png','0'),(78,'Webnews.de','http://www.webnews.de/einstellen?url=PERMALINK&amp;title=TITLE','webnews.png','0'),(79,'Webride','http://webride.org/discuss/split.php?uri=PERMALINK&amp;title=TITLE','webride.png','0'),(80,'Wikio','http://www.wikio.com/vote?url=PERMALINK','wikio.png','0'),(81,'Wikio FR','http://www.wikio.fr/vote?url=PERMALINK','wikio.png','0'),(82,'Wikio IT','http://www.wikio.it/vote?url=PERMALINK','wikio.png','0'),(83,'Wists','http://wists.com/s.php?c=&amp;r=PERMALINK&amp;title=TITLE','wists.png','0'),(84,'Wykop','http://www.wykop.pl/dodaj?url=PERMALINK','wykop.png','0'),(85,'Xerpi','http://www.xerpi.com/block/add_link_from_extension?url=PERMALINK&amp;title=TITLE','xerpi.png','0'),(86,'YahooBuzz','http://buzz.yahoo.com/submit/?submitUrl=PERMALINK&amp;submitHeadline=TITLE&amp;submitSummary=EXCERPT&amp;submitCategory=science&amp;submitAssetType=text','yahoobuzz.png','0'),(87,'Yahoo! Bookmarks','http://bookmarks.yahoo.com/toolbar/savebm?u=PERMALINK&amp;t=TITLE&opener=bm&amp;ei=UTF-8&amp;d=EXCERPT','yahoomyweb.png','0'),(88,'Yigg','http://yigg.de/neu?exturl=PERMALINK&amp;exttitle=TITLE','yiggit.png','0'),(89,'Blogplay','http://blogplay.com','blogplay.png','0');

--
-- Table structure for table `idx_pl_twitter_account`
--

CREATE TABLE `idx_pl_twitter_account` (
  `ck` varchar(255) CHARACTER SET utf8 DEFAULT NULL,
  `cs` varchar(255) CHARACTER SET utf8 DEFAULT NULL,
  `at` varchar(255) CHARACTER SET utf8 DEFAULT NULL,
  `ats` varchar(255) CHARACTER SET utf8 DEFAULT NULL
) ENGINE=MyISAM DEFAULT CHARSET=latin1;

--
-- Dumping data for table `idx_pl_twitter_account`
--

INSERT INTO `idx_pl_twitter_account` VALUES ('h6abGI6pwhvXBZwHY3DWNQ','Ro9JMpHfF0mAgXl7kmKMjF6ORF6CQsa1Zd9SKL6uPo','https://api.twitter.com/oauth/authorize','https://api.twitter.com/oauth/access_token');

--
-- Table structure for table `idx_plugin`
--

CREATE TABLE `idx_plugin` (
  `plugin_id` int(11) NOT NULL AUTO_INCREMENT,
  `name` varchar(255) DEFAULT NULL,
  `plugin_file` varchar(255) DEFAULT NULL,
  `status` enum('0','1') DEFAULT NULL,
  `option_plugin` text,
  PRIMARY KEY (`plugin_id`)
) ENGINE=MyISAM AUTO_INCREMENT=3 DEFAULT CHARSET=latin1;

--
-- Dumping data for table `idx_plugin`
--

INSERT INTO `idx_plugin` VALUES (1,'AutoTweet','twitter_auto_tweet/twitter_auto_tweet.php','1',NULL),(2,'Sociable','sociable/sociable.php','1',NULL);

--
-- Table structure for table `idx_review`
--

CREATE TABLE `idx_review` (
  `review_id` mediumint(9) unsigned NOT NULL AUTO_INCREMENT,
  `link_id` mediumint(9) unsigned NOT NULL DEFAULT '0',
  `review` text NOT NULL,
  `rating` tinyint(3) unsigned NOT NULL DEFAULT '0',
  `date` date NOT NULL DEFAULT '0000-00-00',
  `subject` varchar(100) DEFAULT NULL,
  `status` char(1) DEFAULT NULL,
  `username` varchar(20) DEFAULT NULL,
  `name` varchar(20) DEFAULT NULL,
  `email` varchar(100) DEFAULT NULL,
  PRIMARY KEY (`review_id`)
) ENGINE=MyISAM AUTO_INCREMENT=3 DEFAULT CHARSET=latin1;

--
-- Dumping data for table `idx_review`
--

INSERT INTO `idx_review` VALUES (1,7305,'Worked with them for 3 years. Great service. ',5,'2012-01-03','Review','1','','Moj','gilroy.stevens@gmail.com'),(2,7305,'Overall experience was great. I would buy again. ',4,'2012-01-03','Review','1','','Hanif','roniethoma1@hotmail.com');

--
-- Table structure for table `idx_searchlog`
--

CREATE TABLE `idx_searchlog` (
  `keyword` varchar(100) NOT NULL DEFAULT '',
  `time` datetime NOT NULL DEFAULT '0000-00-00 00:00:00',
  `result` mediumint(9) unsigned DEFAULT NULL,
  `ip` varchar(100) DEFAULT NULL
) ENGINE=MyISAM DEFAULT CHARSET=latin1;

--
-- Dumping data for table `idx_searchlog`
--

INSERT INTO `idx_searchlog` VALUES ('seo','2011-07-14 06:51:44',0,'203.92.47.195'),('health','2011-07-25 04:24:18',0,'203.92.47.195'),('plumbing','2011-07-25 05:39:00',0,'203.92.47.195'),('bizcongo','2011-11-01 06:18:31',215,'203.92.47.195'),('digitpet','2011-11-22 23:35:35',1,'120.60.36.27'),('Antique Mirror Repair','2011-11-24 07:38:10',1,'203.92.47.195'),('Antique Mirror Repair','2011-11-24 08:20:55',1,'203.92.47.195'),('Mini Storage Portsmouth','2011-11-24 08:35:25',1,'203.92.47.195'),('	Antique Mirror Repair','2011-11-24 10:59:24',0,'203.92.47.195'),('Antique Mirror Repair','2011-11-24 10:59:48',1,'203.92.47.195'),('Dentist 07424','2011-12-04 05:18:32',0,'124.253.7.250'),('Ulanet Dental','2011-12-04 05:18:45',0,'124.253.7.250'),('Spickettsbattrick.co.uk','2011-12-18 22:22:38',1,'203.92.47.195'),('Hotels near London Syon Park','2012-02-15 05:50:56',1,'203.92.47.195'),('http://www.simonsandsimonslaw.com','2012-02-22 23:43:56',1,'203.92.47.195'),('Consumermtg.com','2012-02-29 06:20:31',0,'203.92.47.195'),('http://www.kiotaplace.com','2012-03-01 22:12:37',0,'203.92.47.195'),('www.kiotaplace.com','2012-03-01 22:12:50',0,'203.92.47.195');

--
-- Table structure for table `idx_set_hook_place`
--

CREATE TABLE `idx_set_hook_place` (
  `set_hook_place_id` int(11) NOT NULL AUTO_INCREMENT,
  `plugin` varchar(255) DEFAULT NULL,
  `set_hook_place` text,
  PRIMARY KEY (`set_hook_place_id`)
) ENGINE=MyISAM DEFAULT CHARSET=latin1;

--
-- Dumping data for table `idx_set_hook_place`
--


--
-- Table structure for table `idx_setting`
--

CREATE TABLE `idx_setting` (
  `setting_id` int(11) NOT NULL AUTO_INCREMENT,
  `setting_name` varchar(255) DEFAULT NULL,
  `setting_value` text,
  PRIMARY KEY (`setting_id`)
) ENGINE=MyISAM AUTO_INCREMENT=55 DEFAULT CHARSET=latin1;

--
-- Dumping data for table `idx_setting`
--

INSERT INTO `idx_setting` VALUES (4,'site_name','ROIDIRECTORY.ORG'),(5,'site_url','http://roidirectory.org'),(6,'email_address','sentino56@hotmail.com'),(7,'language_code','en_US'),(8,'theme_path','/home/europelo/public_html/themes/'),(9,'admin_template_path','/home/europelo/public_html/admin_tpl/'),(10,'plugin_path','/home/europelo/public_html/plugin/'),(12,'active_theme','the_ocean'),(14,'spam_proof','1'),(15,'enable_user_validation','1'),(16,'allowed_file_extension','gif,jpg,png,pdf,zip,doc'),(17,'yahoo_appid',''),(18,'whosonline','600'),(19,'reciprocal_check','0'),(20,'urlcheck_limit','1'),(21,'pagerank_cache','30'),(22,'max_image_width','1024'),(23,'max_image_height','756'),(24,'max_file_size','500'),(25,'only_registered_can_add_link','0'),(26,'only_registered_can_add_review','0'),(27,'db_use_persistent','0'),(28,'paid_link_day_period','30,60,90,180'),(29,'paid_link_price_factor','1,1.5,2,3'),(30,'enable_html_tag','1'),(31,'allowed_html_tag','<b>,<strong>,<i>,<em>,<u>,<pre>,<blockquote>,<ol>,<ul>,<li>,<p>,<span>,<div>,<table>,<tr>,<td>'),(32,'enable_page_compression','0'),(33,'enable_category_ajax','1'),(34,'require_visit_category','0'),(35,'additional_category_price','0.5'),(36,'enable_rating_ajax','1'),(37,'service_nicecoder_avail','1'),(38,'enable_recaptcha','0'),(39,'recaptcha_publickey',''),(40,'recaptcha_privatekey',''),(41,'enable_bidding','0'),(42,'minimum_bid','5'),(43,'bid_increament','1'),(44,'charset','utf-8'),(45,'mailer','mail'),(46,'smtp_auth','0'),(47,'smtp_host',''),(48,'smtp_username',''),(49,'smtp_password',''),(50,'smtp_port','25'),(51,'emailbody_as_html','0'),(52,'indexu_version','2.4'),(53,'tos',''),(54,'submission_guidelines','');

--
-- Table structure for table `idx_tags`
--

CREATE TABLE `idx_tags` (
  `tag` varchar(64) NOT NULL DEFAULT '',
  `category_id` mediumint(8) unsigned NOT NULL DEFAULT '0',
  `total` int(11) NOT NULL DEFAULT '0',
  `tag_path` varchar(64) NOT NULL,
  PRIMARY KEY (`tag`,`category_id`)
) ENGINE=MyISAM DEFAULT CHARSET=latin1;

--
-- Dumping data for table `idx_tags`
--


--
-- Table structure for table `idx_unavailable`
--

CREATE TABLE `idx_unavailable` (
  `idx_unavailable` int(11) NOT NULL AUTO_INCREMENT,
  `link_id` int(11) DEFAULT NULL,
  `url` varchar(255) DEFAULT NULL,
  `who_is` varchar(255) DEFAULT NULL,
  `note` text,
  `date` datetime DEFAULT NULL,
  PRIMARY KEY (`idx_unavailable`)
) ENGINE=MyISAM DEFAULT CHARSET=latin1;

--
-- Dumping data for table `idx_unavailable`
--


--
-- Table structure for table `idx_unavailable_latest`
--

CREATE TABLE `idx_unavailable_latest` (
  `idx_link` int(11) DEFAULT NULL,
  `record_execution` int(11) DEFAULT NULL
) ENGINE=MyISAM DEFAULT CHARSET=latin1;

--
-- Dumping data for table `idx_unavailable_latest`
--


--
-- Table structure for table `idx_votes`
--

CREATE TABLE `idx_votes` (
  `link_id` mediumint(9) NOT NULL DEFAULT '0',
  `ip` varchar(100) DEFAULT NULL,
  `value` tinyint(4) DEFAULT NULL
) ENGINE=MyISAM DEFAULT CHARSET=latin1;

--
-- Dumping data for table `idx_votes`
--



