--
-- Host: sbmain.com    Database: sbmain_indexu
-- ------------------------------------------------------


--
-- Not dumping tablespaces as no INFORMATION_SCHEMA.FILES table on this server
--

--
-- Table structure for table `directory_save_data`
--

CREATE TABLE `directory_save_data` (
  `id` bigint(100) NOT NULL auto_increment,
  `schedule_id` bigint(100) NOT NULL,
  `project_id` bigint(100) NOT NULL,
  `link_id` bigint(100) NOT NULL,
  `confirm_link` text NOT NULL,
  `category_id` int(10) NOT NULL,
  `category_name` varchar(150) NOT NULL,
  PRIMARY KEY  (`id`)
) ENGINE=InnoDB DEFAULT CHARSET=latin1;

--
-- Dumping data for table `directory_save_data`
--


--
-- Table structure for table `idx_admin_menu`
--

CREATE TABLE `idx_admin_menu` (
  `menu_id` int(11) NOT NULL auto_increment,
  `parent_id` int(11) default NULL,
  `menu_title` varchar(255) default NULL,
  `menu_url` varchar(255) default NULL,
  `order_number` int(11) default NULL,
  PRIMARY KEY  (`menu_id`)
) ENGINE=MyISAM AUTO_INCREMENT=85 DEFAULT CHARSET=latin1;

--
-- Dumping data for table `idx_admin_menu`
--



--
-- Table structure for table `idx_bad_link`
--

CREATE TABLE `idx_bad_link` (
  `bad_link_id` mediumint(9) unsigned NOT NULL auto_increment,
  `link_id` mediumint(9) unsigned NOT NULL default '0',
  `name` varchar(50) NOT NULL default '',
  `email` varchar(50) NOT NULL default '',
  `type` tinyint(3) unsigned NOT NULL default '0',
  `date` date NOT NULL default '0000-00-00',
  PRIMARY KEY  (`bad_link_id`)
) ENGINE=MyISAM DEFAULT CHARSET=latin1;

--
-- Dumping data for table `idx_bad_link`
--


--
-- Table structure for table `idx_badwords`
--

CREATE TABLE `idx_badwords` (
  `word` varchar(100) NOT NULL default ''
) ENGINE=MyISAM DEFAULT CHARSET=latin1;

--
-- Dumping data for table `idx_badwords`
--


--
-- Table structure for table `idx_blocked_domain`
--

CREATE TABLE `idx_blocked_domain` (
  `blocked_id` int(11) NOT NULL auto_increment,
  `blocked` varchar(255) default NULL,
  `type` enum('domain','ip') default NULL,
  PRIMARY KEY  (`blocked_id`)
) ENGINE=MyISAM AUTO_INCREMENT=6 DEFAULT CHARSET=latin1;

--
-- Dumping data for table `idx_blocked_domain`
--

INSERT INTO `idx_blocked_domain` VALUES (1,'buydomains.com','domain'),(2,'this-domain-for-sale.com ','domain'),(3,'oversee.net','domain'),(4,'eNom','domain'),(5,'sedoparking.com','domain');

--
-- Table structure for table `idx_category`
--

CREATE TABLE `idx_category` (
  `category_id` mediumint(9) unsigned NOT NULL auto_increment,
  `parent_id` mediumint(9) unsigned NOT NULL default '0',
  `name` varchar(100) NOT NULL default '',
  `description` text NOT NULL,
  `image` varchar(100) default NULL,
  `content` text,
  `visible` char(1) default NULL,
  `links` mediumint(9) default NULL,
  `meta_keyword` text,
  `meta_description` text,
  `permission` char(2) default NULL,
  `registered_only` char(1) default NULL,
  `header` text NOT NULL,
  `footer` text NOT NULL,
  `related` mediumint(6) NOT NULL default '0',
  `page_title` varchar(200) NOT NULL default '',
  `hits` int(11) NOT NULL default '0',
  `order_num` smallint(6) NOT NULL default '0',
  `basic_price` double unsigned NOT NULL default '0',
  `premium_price` double unsigned NOT NULL default '0',
  `sponsored_price` double unsigned NOT NULL default '0',
  PRIMARY KEY  (`category_id`)
) ENGINE=MyISAM AUTO_INCREMENT=36 DEFAULT CHARSET=latin1;

--
-- Dumping data for table `idx_category`
--

INSERT INTO `idx_category` VALUES (1,0,'Arts & Humanities','','folder.gif','','1',9,'','','0','0','','',0,'',0,0,0,0,0),(2,0,'Automobile industry','','folder.gif','','1',28,'','','0','0','','',0,'',0,0,0,0,0),(3,0,'Business & Economy','','folder.gif','','1',117,'','','0','0','','',0,'',0,0,0,0,0),(4,0,'Careers','','folder.gif','','1',1,'','','0','0','','',0,'',0,0,0,0,0),(5,0,'Clothing & Fashion','','folder.gif','','1',8,'','','0','0','','',0,'',0,0,0,0,0),(6,0,'Mass Communications','','folder.gif','','1',14,'','','0','0','','',0,'',0,0,0,0,0),(7,0,'Computers & IT','','folder.gif','','1',17,'','','0','0','','',0,'',0,0,0,0,0),(8,0,'Construction and Maintenance','','folder.gif','','1',68,'','','0','0','','',0,'',0,0,0,0,0),(9,0,'Dental','','folder.gif','','1',38,'','','0','0','','',0,'',0,0,0,0,0),(10,0,'Education','','folder.gif','','1',23,'','','0','0','','',0,'',0,0,0,0,0),(11,0,'Employment  ','','folder.gif','','1',1,'','','0','0','','',0,'',0,0,0,0,0),(12,0,'Gifts','','folder.gif','','1',19,'','','0','0','','',0,'',0,0,0,0,0),(13,0,'Hardware & Software','','folder.gif','','1',9,'','','0','0','','',0,'',0,0,0,0,0),(14,0,'Health & fitness','','folder.gif','','1',21,'','','0','0','','',0,'',0,0,0,0,0),(15,0,'Healthcare ','','folder.gif','','1',123,'','','0','0','','',0,'',0,0,0,0,0),(16,0,'Heating and Air Conditioning','','folder.gif','','1',43,'','','0','0','','',0,'',0,0,0,0,0),(17,0,'Home & Garden','','folder.gif','','1',209,'','','0','0','','',0,'',0,0,0,0,0),(18,0,'Home Improvement ','','folder.gif','','1',70,'','','0','0','','',0,'',0,0,0,0,0),(19,0,'Hotels & Motels','','folder.gif','','1',21,'','','0','0','','',0,'',0,0,0,0,0),(20,0,'Insurance','','folder.gif','','1',23,'','','0','0','','',0,'',0,0,0,0,0),(21,0,'Law & Politics','','folder.gif','','1',1,'','','0','0','','',0,'',0,0,0,0,0),(22,0,'Lawyers','','folder.gif','','1',147,'','','0','0','','',0,'',0,0,0,0,0),(23,0,'Lifestyle & Relationships','','folder.gif','','1',8,'','','0','0','','',0,'',0,0,0,0,0),(24,0,'Medicine','','folder.gif','','1',5,'','','0','0','','',0,'',0,0,0,0,0),(25,0,'Money & Finance','','folder.gif','','1',14,'','','0','0','','',0,'',0,0,0,0,0),(26,0,'News & Issues','','folder.gif','','1',1,'','','0','0','','',0,'',0,0,0,0,0),(27,0,'Plumbing','','folder.gif','','1',29,'','','0','0','','',0,'',0,0,0,0,0),(28,0,'Real Estate','','folder.gif','','1',29,'','','0','0','','',0,'',0,0,0,0,0),(29,0,'Science & Technology','','folder.gif','','1',12,'','','0','0','','',0,'',0,0,0,0,0),(30,0,'SEO & SMO','','folder.gif','','1',17,'','','0','0','','',0,'',0,0,0,0,0),(31,0,'Shopping','','folder.gif','','1',61,'','','0','0','','',0,'',0,0,0,0,0),(32,0,'Sports & Games','','folder.gif','','1',7,'','','0','0','','',0,'',0,0,0,0,0),(33,0,'Transportation and Logistics','','folder.gif','','1',32,'','','0','0','','',0,'',0,0,0,0,0),(34,0,'Travel','','folder.gif','','1',22,'','','0','0','','',0,'',0,0,0,0,0),(35,0,'Wedding','','folder.gif','','1',10,'','','0','0','','',0,'',0,0,0,0,0);

--
-- Table structure for table `idx_category_path`
--

CREATE TABLE `idx_category_path` (
  `category_id` mediumint(9) NOT NULL default '0',
  `path` text,
  `path_with_url` text,
  `parents` text,
  PRIMARY KEY  (`category_id`)
) ENGINE=MyISAM DEFAULT CHARSET=latin1;

--
-- Dumping data for table `idx_category_path`
--

INSERT INTO `idx_category_path` VALUES (1,'Arts & Humanities','<a href=\"http://sbmain.com/arts-humanities/\" name=\"cat_1\" style=\"\">Arts & Humanities</a>',';0;'),(2,'Automobile industry','<a href=\"http://sbmain.com/automobile-industry/\" name=\"cat_2\" style=\"\">Automobile industry</a>',';0;'),(3,'Business & Economy','<a href=\"http://sbmain.com/business-economy/\" name=\"cat_3\" style=\"\">Business & Economy</a>',';0;'),(4,'Careers','<a href=\"http://sbmain.com/careers/\" name=\"cat_4\" style=\"\">Careers</a>',';0;'),(5,'Clothing & Fashion','<a href=\"http://sbmain.com/clothing-fashion/\" name=\"cat_5\" style=\"\">Clothing & Fashion</a>',';0;'),(6,'Mass Communications','<a href=\"http://sbmain.com/mass-communications/\" name=\"cat_6\" style=\"\">Mass Communications</a>',';0;'),(7,'Computers & IT','<a href=\"http://sbmain.com/computers-it/\" name=\"cat_7\" style=\"\">Computers & IT</a>',';0;'),(8,'Construction and Maintenance','<a href=\"http://sbmain.com/construction-and-maintenance/\" name=\"cat_8\" style=\"\">Construction and Maintenance</a>',';0;'),(9,'Dental','<a href=\"http://sbmain.com/dental/\" name=\"cat_9\" style=\"\">Dental</a>',';0;'),(10,'Education','<a href=\"http://sbmain.com/education/\" name=\"cat_10\" style=\"\">Education</a>',';0;'),(11,'Employment  ','<a href=\"http://sbmain.com/employment/\" name=\"cat_11\" style=\"\">Employment  </a>',';0;'),(12,'Gifts','<a href=\"http://sbmain.com/gifts/\" name=\"cat_12\" style=\"\">Gifts</a>',';0;'),(13,'Hardware & Software','<a href=\"http://sbmain.com/hardware-software/\" name=\"cat_13\" style=\"\">Hardware & Software</a>',';0;'),(14,'Health & fitness','<a href=\"http://sbmain.com/health-fitness/\" name=\"cat_14\" style=\"\">Health & fitness</a>',';0;'),(15,'Healthcare ','<a href=\"http://sbmain.com/healthcare/\" name=\"cat_15\" style=\"\">Healthcare </a>',';0;'),(16,'Heating and Air Conditioning','<a href=\"http://sbmain.com/heating-and-air-conditioning/\" name=\"cat_16\" style=\"\">Heating and Air Conditioning</a>',';0;'),(17,'Home & Garden','<a href=\"http://sbmain.com/home-garden/\" name=\"cat_17\" style=\"\">Home & Garden</a>',';0;'),(18,'Home Improvement ','<a href=\"http://sbmain.com/home-improvement/\" name=\"cat_18\" style=\"\">Home Improvement </a>',';0;'),(19,'Hotels & Motels','<a href=\"http://sbmain.com/hotels-motels/\" name=\"cat_19\" style=\"\">Hotels & Motels</a>',';0;'),(20,'Insurance','<a href=\"http://sbmain.com/insurance/\" name=\"cat_20\" style=\"\">Insurance</a>',';0;'),(21,'Law & Politics','<a href=\"http://sbmain.com/law-politics/\" name=\"cat_21\" style=\"\">Law & Politics</a>',';0;'),(22,'Lawyers','<a href=\"http://sbmain.com/lawyers/\" name=\"cat_22\" style=\"\">Lawyers</a>',';0;'),(23,'Lifestyle & Relationships','<a href=\"http://sbmain.com/lifestyle-relationships/\" name=\"cat_23\" style=\"\">Lifestyle & Relationships</a>',';0;'),(24,'Medicine','<a href=\"http://sbmain.com/medicine/\" name=\"cat_24\" style=\"\">Medicine</a>',';0;'),(25,'Money & Finance','<a href=\"http://sbmain.com/money-finance/\" name=\"cat_25\" style=\"\">Money & Finance</a>',';0;'),(26,'News & Issues','<a href=\"http://sbmain.com/news-issues/\" name=\"cat_26\" style=\"\">News & Issues</a>',';0;'),(27,'Plumbing','<a href=\"http://sbmain.com/plumbing/\" name=\"cat_27\" style=\"\">Plumbing</a>',';0;'),(28,'Real Estate','<a href=\"http://sbmain.com/real-estate/\" name=\"cat_28\" style=\"\">Real Estate</a>',';0;'),(29,'Science & Technology','<a href=\"http://sbmain.com/science-technology/\" name=\"cat_29\" style=\"\">Science & Technology</a>',';0;'),(30,'SEO & SMO','<a href=\"http://sbmain.com/seo-smo/\" name=\"cat_30\" style=\"\">SEO & SMO</a>',';0;'),(31,'Shopping','<a href=\"http://sbmain.com/shopping/\" name=\"cat_31\" style=\"\">Shopping</a>',';0;'),(32,'Sports & Games','<a href=\"http://sbmain.com/sports-games/\" name=\"cat_32\" style=\"\">Sports & Games</a>',';0;'),(33,'Transportation and Logistics','<a href=\"http://sbmain.com/transportation-and-logistics/\" name=\"cat_33\" style=\"\">Transportation and Logistics</a>',';0;'),(34,'Travel','<a href=\"http://sbmain.com/travel/\" name=\"cat_34\" style=\"\">Travel</a>',';0;'),(35,'Wedding','<a href=\"http://sbmain.com/wedding/\" name=\"cat_35\" style=\"\">Wedding</a>',';0;');

--
-- Table structure for table `idx_category_suggession`
--

CREATE TABLE `idx_category_suggession` (
  `id_cat_suggession` int(11) NOT NULL auto_increment,
  `parent_id` int(11) default NULL,
  `name` varchar(255) default NULL,
  `category_description` text,
  `date` datetime default NULL,
  PRIMARY KEY  (`id_cat_suggession`)
) ENGINE=MyISAM AUTO_INCREMENT=2 DEFAULT CHARSET=latin1;

--
-- Dumping data for table `idx_category_suggession`
--

INSERT INTO `idx_category_suggession` VALUES (1,33,'Stevie','The praoagn of understanding these issues is right here!','2011-11-20 03:33:13');

--
-- Table structure for table `idx_checkurl`
--

CREATE TABLE `idx_checkurl` (
  `link_id` mediumint(9) NOT NULL default '0',
  `date` date NOT NULL default '0000-00-00',
  `live` char(1) NOT NULL default '',
  `reciprocal_found` char(1) NOT NULL default '',
  PRIMARY KEY  (`link_id`)
) ENGINE=MyISAM DEFAULT CHARSET=latin1;

--
-- Dumping data for table `idx_checkurl`
--


--
-- Table structure for table `idx_cronjobs`
--

CREATE TABLE `idx_cronjobs` (
  `cronjobs_id` int(11) NOT NULL auto_increment,
  `cronjobs_name` varchar(255) default NULL,
  `filename` varchar(255) NOT NULL,
  `schedule` varchar(255) NOT NULL,
  `time` datetime NOT NULL,
  `execution` varchar(1) NOT NULL,
  PRIMARY KEY  (`cronjobs_id`)
) ENGINE=MyISAM AUTO_INCREMENT=4 DEFAULT CHARSET=latin1;

--
-- Dumping data for table `idx_cronjobs`
--

INSERT INTO `idx_cronjobs` VALUES (1,NULL,'clear_templates_c.php','1,*,*,*,*','0000-00-00 00:00:00',''),(2,NULL,'update_tag_cloud.php','*,24,*,*,*','0000-00-00 00:00:00',''),(3,NULL,'clear_rss_cache.php','*,24,*,*,*','0000-00-00 00:00:00','');

--
-- Table structure for table `idx_custom_field`
--

CREATE TABLE `idx_custom_field` (
  `field_name` varchar(32) NOT NULL default '',
  `field_text` varchar(64) NOT NULL default '',
  `field_type` enum('TEXT','TEXTAREA','SELECT','MULTISELECT','CHECKBOX','RADIO','FILE','IMAGE','DATE','DATETIME','RICHEDITOR') NOT NULL default 'TEXT',
  `field_option` text NOT NULL,
  `field_img_width` int(10) unsigned NOT NULL default '0',
  `field_img_height` int(10) unsigned NOT NULL default '0',
  `field_file_size` int(10) unsigned NOT NULL default '0',
  `field_file_extension` varchar(64) NOT NULL default '',
  `required` char(1) NOT NULL default '0',
  `searchable` char(1) NOT NULL default '1',
  `permission` char(1) NOT NULL default '0'
) ENGINE=MyISAM DEFAULT CHARSET=latin1;

--
-- Dumping data for table `idx_custom_field`
--

INSERT INTO `idx_custom_field` VALUES ('image','Image','IMAGE','',0,0,0,'','0','0','2'),('address','Address','TEXT','',0,0,0,'','0','0','0'),('city','City','TEXT','',0,0,0,'','0','0','0'),('state','State','TEXT','',0,0,0,'','0','0','0'),('country','Country','TEXT','',0,0,0,'','0','0','0'),('zip','Zip','TEXT','',0,0,0,'','0','0','0'),('phone','Phone','TEXT','',0,0,0,'','0','0','0'),('fax','Fax','TEXT','',0,0,0,'','0','0','0');

--
-- Table structure for table `idx_default_field`
--

CREATE TABLE `idx_default_field` (
  `field_name` varchar(64) NOT NULL,
  `required` char(1) NOT NULL,
  `visible` char(1) NOT NULL default '1',
  `searchable` char(1) NOT NULL default '1'
) ENGINE=MyISAM DEFAULT CHARSET=latin1;

--
-- Dumping data for table `idx_default_field`
--

INSERT INTO `idx_default_field` VALUES ('title','1','1','1'),('url','1','1','1'),('description','1','1','1'),('keywords','1','1','0'),('contact_name','1','1','1'),('email','1','1','1'),('reciprocal_url','0','0','1');

--
-- Table structure for table `idx_discount_coupon`
--

CREATE TABLE `idx_discount_coupon` (
  `coupon_id` int(11) NOT NULL auto_increment,
  `coupon_code` varchar(255) default NULL,
  `coupon_value` varchar(50) default NULL,
  `link_type` varchar(255) default NULL,
  `start_date` date default NULL,
  `expired_date` date default NULL,
  `expired_usage` int(11) default NULL,
  `usage_count` int(11) default NULL,
  PRIMARY KEY  (`coupon_id`)
) ENGINE=MyISAM DEFAULT CHARSET=latin1;

--
-- Dumping data for table `idx_discount_coupon`
--


--
-- Table structure for table `idx_editor`
--

CREATE TABLE `idx_editor` (
  `username` varchar(20) default NULL,
  `category_id` mediumint(9) default NULL,
  `category` char(1) default NULL,
  `link` char(1) default NULL,
  `review` char(1) default NULL,
  `pick` char(1) default NULL,
  `status` char(1) default NULL,
  `date` date default NULL
) ENGINE=MyISAM DEFAULT CHARSET=latin1;

--
-- Dumping data for table `idx_editor`
--


--
-- Table structure for table `idx_email_template`
--

CREATE TABLE `idx_email_template` (
  `email_template_id` int(10) unsigned NOT NULL auto_increment,
  `name` varchar(255) default NULL,
  `subject` varchar(255) default NULL,
  `body` text,
  `altbody` text,
  PRIMARY KEY  (`email_template_id`)
) ENGINE=MyISAM AUTO_INCREMENT=37 DEFAULT CHARSET=latin1;

--
-- Dumping data for table `idx_email_template`
--



--
-- Table structure for table `idx_favorites`
--

CREATE TABLE `idx_favorites` (
  `favorite_id` int(11) NOT NULL auto_increment,
  `username` varchar(20) default NULL,
  `date` date default NULL,
  `title` varchar(100) default NULL,
  `description` text,
  PRIMARY KEY  (`favorite_id`)
) ENGINE=MyISAM AUTO_INCREMENT=7 DEFAULT CHARSET=latin1;

--
-- Dumping data for table `idx_favorites`
--

INSERT INTO `idx_favorites` VALUES (1,'owenenochp43j92','2011-10-18','My Favorites',NULL),(2,'hassanalvint25w83','2011-10-19','My Favorites',NULL),(3,'marshallirvio37o33','2011-10-31','My Favorites',NULL),(4,'merlinangeloe92s44','2011-11-01','My Favorites',NULL),(5,'magikandreea','2011-11-03','My Favorites',NULL),(6,'adaptive84','2011-12-07','My Favorites',NULL);

--
-- Table structure for table `idx_favorites_detail`
--

CREATE TABLE `idx_favorites_detail` (
  `favorite_id` int(11) default NULL,
  `link_id` mediumint(9) default NULL
) ENGINE=MyISAM DEFAULT CHARSET=latin1;

--
-- Dumping data for table `idx_favorites_detail`
--


--
-- Table structure for table `idx_hook_place`
--

CREATE TABLE `idx_hook_place` (
  `hook_place_id` int(11) NOT NULL auto_increment,
  `filename` varchar(255) default NULL,
  `hookname` varchar(255) default NULL,
  PRIMARY KEY  (`hook_place_id`)
) ENGINE=MyISAM DEFAULT CHARSET=latin1;

--
-- Dumping data for table `idx_hook_place`
--


--
-- Table structure for table `idx_invoice`
--

CREATE TABLE `idx_invoice` (
  `invoice_id` varchar(10) NOT NULL default '',
  `invoice_date` date default NULL,
  `due_date` date default NULL,
  `invoiced_to` text,
  `service` varchar(255) default NULL,
  `description` text,
  `total` double(8,2) default NULL,
  `comment` text,
  `paid` char(1) default NULL,
  `paid_date` date default NULL,
  `email` varchar(255) default NULL,
  PRIMARY KEY  (`invoice_id`)
) ENGINE=MyISAM DEFAULT CHARSET=latin1;

--
-- Dumping data for table `idx_invoice`
--


--
-- Table structure for table `idx_invoice_config`
--

CREATE TABLE `idx_invoice_config` (
  `company` varchar(255) default NULL,
  `contact` varchar(255) default NULL,
  `address` text,
  `phone` varchar(255) default NULL,
  `email` varchar(255) default NULL,
  `currency_symbol` varchar(255) default '$',
  `currency_code` varchar(255) default 'USD'
) ENGINE=MyISAM DEFAULT CHARSET=latin1;

--
-- Dumping data for table `idx_invoice_config`
--

INSERT INTO `idx_invoice_config` VALUES ('Your website / Company','Billing Department','Your address','Your phone #','Billing<name@yourdomain.com>','$','USD');

--
-- Table structure for table `idx_link_temp`
--

CREATE TABLE `idx_link_temp` (
  `vid` mediumint(9) unsigned NOT NULL auto_increment,
  `spam` char(1) NOT NULL default '0',
  `link_id` mediumint(9) default NULL,
  `category_id` mediumint(9) unsigned NOT NULL default '0',
  `title` varchar(100) NOT NULL default '',
  `url` text NOT NULL,
  `description` text NOT NULL,
  `contact_name` varchar(100) NOT NULL default '',
  `email` varchar(100) NOT NULL default '',
  `hits` mediumint(9) default NULL,
  `votes` smallint(6) default NULL,
  `rating` float(4,2) default NULL,
  `date` datetime NOT NULL default '0000-00-00 00:00:00',
  `bid` smallint(6) NOT NULL default '0',
  `new` char(1) default NULL,
  `hot` char(1) default NULL,
  `top_rated` char(1) default NULL,
  `pick` char(1) default NULL,
  `password` varchar(20) default NULL,
  `updated` char(1) default NULL,
  `reviews` smallint(6) default NULL,
  `avg_review` float(4,2) default NULL,
  `last_updated` datetime default NULL,
  `official_review` text,
  `keywords` varchar(255) default NULL,
  `cat1` mediumint(6) NOT NULL default '0',
  `cat2` mediumint(6) NOT NULL default '0',
  `suspended` char(1) NOT NULL default '0',
  `reciprocal_url` varchar(255) default NULL,
  `address` varchar(255) default NULL,
  `city` varchar(255) default NULL,
  `state` varchar(255) default NULL,
  `country` varchar(255) default NULL,
  `zip` varchar(255) default NULL,
  `image` varchar(255) default NULL,
  `phone` varchar(255) default NULL,
  `fax` varchar(255) default NULL,
  PRIMARY KEY  (`vid`)
) ENGINE=MyISAM DEFAULT CHARSET=latin1;

--
-- Dumping data for table `idx_link_temp`
--


--
-- Table structure for table `idx_link_temp_user`
--

CREATE TABLE `idx_link_temp_user` (
  `vid` mediumint(9) unsigned NOT NULL default '0',
  `username` varchar(20) NOT NULL default '',
  PRIMARY KEY  (`vid`)
) ENGINE=MyISAM DEFAULT CHARSET=latin1;

--
-- Dumping data for table `idx_link_temp_user`
--


--
-- Table structure for table `idx_link_user`
--

CREATE TABLE `idx_link_user` (
  `link_id` mediumint(9) unsigned NOT NULL default '0',
  `username` varchar(20) NOT NULL default '',
  PRIMARY KEY  (`link_id`)
) ENGINE=MyISAM DEFAULT CHARSET=latin1;

--
-- Dumping data for table `idx_link_user`
--

INSERT INTO `idx_link_user` VALUES (984,'magikandreea'),(985,'magikandreea'),(1174,'magikandreea'),(1175,'magikandreea'),(1176,'magikandreea'),(1663,'magikandreea'),(1768,'magikandreea');

--
-- Table structure for table `idx_mailing_list`
--

CREATE TABLE `idx_mailing_list` (
  `email` varchar(50) NOT NULL default '',
  `code` varchar(4) default NULL,
  `status` char(1) default NULL,
  PRIMARY KEY  (`email`)
) ENGINE=MyISAM DEFAULT CHARSET=latin1;

--
-- Dumping data for table `idx_mailing_list`
--


--
-- Table structure for table `idx_message`
--

CREATE TABLE `idx_message` (
  `message_id` smallint(6) NOT NULL auto_increment,
  `date` date default NULL,
  `body` text,
  `subject` varchar(100) default NULL,
  PRIMARY KEY  (`message_id`)
) ENGINE=MyISAM DEFAULT CHARSET=latin1;

--
-- Dumping data for table `idx_message`
--


--
-- Table structure for table `idx_notification`
--

CREATE TABLE `idx_notification` (
  `username` varchar(20) NOT NULL default '',
  `category_id` mediumint(9) NOT NULL default '0'
) ENGINE=MyISAM DEFAULT CHARSET=latin1;

--
-- Dumping data for table `idx_notification`
--


--
-- Table structure for table `idx_pagerank`
--

CREATE TABLE `idx_pagerank` (
  `link_id` mediumint(8) unsigned NOT NULL default '0',
  `engine` char(1) NOT NULL default '',
  `rank` tinyint(4) NOT NULL default '0',
  `last_update` date NOT NULL default '0000-00-00',
  PRIMARY KEY  (`link_id`,`engine`)
) ENGINE=MyISAM DEFAULT CHARSET=latin1;

--
-- Dumping data for table `idx_pagerank`
--

INSERT INTO `idx_pagerank` VALUES (1,'g',6,'2011-09-15'),(12,'g',6,'2011-09-15'),(10,'g',4,'2011-09-15'),(6,'g',6,'2011-09-15'),(2,'g',6,'2011-09-15'),(13,'g',3,'2011-09-15'),(15,'g',2,'2011-09-15'),(14,'g',0,'2011-09-15'),(16,'g',0,'2011-09-15'),(4,'g',0,'2012-01-01'),(5,'g',0,'2012-01-01'),(3,'g',0,'2011-12-21'),(7,'g',5,'2011-09-20'),(22,'g',0,'2012-01-09'),(11,'g',1,'2011-09-20'),(21,'g',0,'2012-02-27'),(8,'g',4,'2011-09-20'),(17,'g',2,'2011-09-29'),(23,'g',0,'2012-02-26'),(65,'g',0,'2012-03-04'),(94,'g',0,'2012-01-30'),(39,'g',0,'2012-02-27'),(47,'g',0,'2011-12-21'),(80,'g',0,'2012-02-27'),(91,'g',0,'2012-02-27'),(78,'g',0,'2012-02-27'),(35,'g',0,'2012-02-27'),(84,'g',0,'2012-02-27'),(89,'g',0,'2011-12-28'),(107,'g',0,'2012-01-03'),(113,'g',0,'2012-01-26'),(120,'g',2,'2011-10-02'),(93,'g',0,'2011-12-31'),(90,'g',0,'2011-12-31'),(95,'g',0,'2011-12-31'),(70,'g',0,'2011-12-31'),(101,'g',0,'2012-01-03'),(82,'g',0,'2011-12-31'),(88,'g',0,'2012-01-03'),(139,'g',0,'2012-02-19'),(143,'g',0,'2012-01-25'),(127,'g',0,'2011-12-21'),(75,'g',0,'2011-12-21'),(76,'g',0,'2012-02-19'),(79,'g',0,'2012-02-15'),(145,'g',0,'2012-03-02'),(146,'g',0,'2012-01-24'),(215,'g',0,'2011-12-31'),(244,'g',0,'2011-10-03'),(230,'g',5,'2011-10-03'),(41,'g',0,'2011-12-29'),(32,'g',3,'2011-10-03'),(71,'g',0,'2012-02-12'),(37,'g',0,'2012-02-28'),(67,'g',0,'2011-12-16'),(33,'g',3,'2011-10-03'),(296,'g',0,'2012-01-22'),(193,'g',0,'2012-02-17'),(177,'g',0,'2012-02-19'),(130,'g',0,'2011-11-10'),(125,'g',1,'2011-10-04'),(154,'g',0,'2011-10-05'),(153,'g',2,'2011-10-05'),(92,'g',0,'2012-02-28'),(44,'g',0,'2012-02-28'),(68,'g',0,'2012-02-28'),(74,'g',0,'2012-01-02'),(69,'g',0,'2012-02-28'),(43,'g',0,'2011-12-09'),(72,'g',0,'2012-02-28'),(73,'g',0,'2012-02-28'),(112,'g',0,'2011-12-09'),(570,'g',0,'2012-02-25'),(583,'g',0,'2012-02-25'),(564,'g',0,'2011-11-21'),(170,'g',0,'2012-02-13'),(563,'g',0,'2011-11-21'),(135,'g',0,'2012-02-13'),(123,'g',0,'2012-02-13'),(100,'g',0,'2012-03-02'),(148,'g',0,'2011-11-17'),(206,'g',0,'2011-11-17'),(201,'g',0,'2011-11-17'),(63,'g',0,'2012-03-02'),(115,'g',0,'2011-11-17'),(203,'g',0,'2011-11-17'),(36,'g',0,'2011-11-21'),(124,'g',0,'2012-03-02'),(118,'g',0,'2011-11-17'),(46,'g',0,'2011-11-17'),(140,'g',0,'2011-11-17'),(86,'g',0,'2012-02-15'),(87,'g',0,'2011-12-21'),(38,'g',0,'2012-02-15'),(83,'g',0,'2011-12-21'),(103,'g',0,'2012-02-26'),(116,'g',0,'2011-12-21'),(136,'g',0,'2011-12-21'),(134,'g',0,'2012-01-21'),(151,'g',0,'2012-01-21'),(233,'g',0,'2011-10-10'),(133,'g',0,'2012-01-05'),(85,'g',0,'2012-01-05'),(246,'g',0,'2011-10-10'),(176,'g',0,'2012-01-02'),(152,'g',0,'2012-01-07'),(247,'g',0,'2011-10-10'),(575,'g',0,'2012-01-01'),(77,'g',0,'2012-01-02'),(114,'g',0,'2012-02-16'),(147,'g',0,'2012-02-10'),(97,'g',0,'2012-02-16'),(217,'g',0,'2012-01-02'),(232,'g',0,'2011-10-10'),(218,'g',0,'2012-01-02'),(239,'g',0,'2011-10-10'),(224,'g',0,'2012-01-02'),(105,'g',0,'2012-02-16'),(630,'g',0,'2011-12-30'),(633,'g',0,'2011-12-30'),(536,'g',0,'2011-10-11'),(99,'g',0,'2012-02-27'),(474,'g',0,'2011-10-11'),(511,'g',0,'2012-02-27'),(395,'g',0,'2012-02-27'),(437,'g',0,'2011-10-11'),(213,'g',0,'2012-01-07'),(678,'g',0,'2012-01-07'),(237,'g',0,'2011-10-14'),(222,'g',0,'2011-12-21'),(178,'g',0,'2012-01-21'),(54,'g',0,'2012-01-24'),(55,'g',0,'2011-11-23'),(51,'g',0,'2012-01-09'),(53,'g',0,'2012-01-09'),(49,'g',0,'2012-01-09'),(50,'g',0,'2012-01-09'),(56,'g',0,'2011-11-23'),(52,'g',0,'2012-01-09'),(48,'g',0,'2012-01-09'),(808,'g',0,'2011-12-30'),(383,'g',0,'2012-03-01'),(402,'g',0,'2012-01-22'),(384,'g',0,'2012-03-01'),(569,'g',0,'2011-12-30'),(699,'g',0,'2011-12-27'),(704,'g',0,'2011-12-27'),(379,'g',0,'2011-12-27'),(576,'g',0,'2011-12-27'),(658,'g',0,'2011-12-27'),(578,'g',0,'2011-12-27'),(580,'g',0,'2011-12-27'),(378,'g',0,'2011-12-28'),(565,'g',0,'2011-12-28'),(650,'g',0,'2012-01-11'),(668,'g',0,'2012-01-19'),(579,'g',0,'2012-01-11'),(687,'g',0,'2012-01-19'),(793,'g',0,'2011-10-17'),(689,'g',0,'2012-01-19'),(688,'g',0,'2012-01-19'),(108,'g',0,'2012-01-04'),(572,'g',0,'2012-01-11'),(568,'g',0,'2011-10-17'),(349,'g',0,'2012-01-09'),(165,'g',0,'2012-01-01'),(361,'g',0,'2012-01-09'),(359,'g',0,'2012-01-09'),(119,'g',0,'2012-01-01'),(584,'g',0,'2011-10-18'),(117,'g',0,'2012-02-29'),(720,'g',0,'2011-10-19'),(802,'g',0,'2012-01-22'),(376,'g',0,'2011-12-21'),(807,'g',0,'2012-01-19'),(713,'g',0,'2011-10-19'),(781,'g',0,'2011-10-19'),(664,'g',0,'2011-12-30'),(796,'g',0,'2012-02-06'),(825,'g',0,'2012-02-06'),(729,'g',0,'2012-02-06'),(766,'g',0,'2011-12-28'),(581,'g',0,'2011-12-28'),(561,'g',0,'2012-01-10'),(799,'g',0,'2012-01-02'),(736,'g',0,'2011-11-22'),(397,'g',0,'2012-01-02'),(754,'g',0,'2012-01-02'),(271,'g',0,'2011-12-21'),(577,'g',0,'2011-12-31'),(389,'g',0,'2011-12-31'),(864,'g',0,'2011-12-31'),(685,'g',0,'2012-02-29'),(768,'g',0,'2012-02-01'),(751,'g',0,'2012-01-25'),(639,'g',0,'2011-11-23'),(839,'g',0,'2012-01-02'),(96,'g',0,'2012-02-27'),(653,'g',0,'2012-01-02'),(809,'g',0,'2012-01-02'),(705,'g',0,'2012-01-01'),(686,'g',0,'2011-10-25'),(838,'g',0,'2012-02-06'),(390,'g',0,'2011-12-31'),(219,'g',0,'2012-01-31'),(226,'g',0,'2012-02-01'),(647,'g',0,'2012-01-02'),(645,'g',0,'2012-01-02'),(853,'g',0,'2012-01-02'),(842,'g',0,'2012-01-02'),(641,'g',0,'2012-01-02'),(908,'g',0,'2011-12-30'),(841,'g',0,'2012-01-02'),(42,'g',0,'2012-02-01'),(122,'g',0,'2011-12-29'),(45,'g',0,'2011-12-29'),(155,'g',0,'2012-02-27'),(510,'g',0,'2011-12-31'),(64,'g',0,'2012-02-26'),(104,'g',0,'2011-12-29'),(619,'g',0,'2011-12-29'),(387,'g',0,'2012-02-27'),(513,'g',0,'2011-12-29'),(150,'g',0,'2011-12-29'),(272,'g',0,'2012-02-01'),(227,'g',0,'2012-01-10'),(888,'g',0,'2012-01-07'),(828,'g',0,'2012-01-01'),(850,'g',0,'2012-01-24'),(925,'g',0,'2012-02-16'),(915,'g',0,'2012-01-07'),(879,'g',0,'2012-01-07'),(877,'g',0,'2012-01-07'),(840,'g',0,'2011-12-28'),(876,'g',0,'2012-01-04'),(856,'g',0,'2012-01-10'),(671,'g',0,'2011-12-30'),(715,'g',0,'2011-12-30'),(878,'g',0,'2012-01-10'),(946,'g',0,'2012-02-13'),(936,'g',0,'2011-10-28'),(355,'g',0,'2012-02-01'),(356,'g',0,'2012-02-01'),(357,'g',0,'2012-02-01'),(950,'g',0,'2012-01-01'),(872,'g',0,'2012-01-01'),(941,'g',0,'2011-12-30'),(942,'g',0,'2011-12-30'),(922,'g',0,'2011-12-18'),(900,'g',0,'2011-12-18'),(896,'g',0,'2011-12-18'),(898,'g',0,'2011-12-18'),(895,'g',0,'2011-12-18'),(893,'g',0,'2011-12-18'),(894,'g',0,'2011-12-18'),(916,'g',0,'2012-01-09'),(891,'g',0,'2012-01-09'),(852,'g',0,'2011-12-31'),(661,'g',0,'2011-12-31'),(748,'g',0,'2011-12-31'),(730,'g',0,'2012-03-03'),(765,'g',0,'2011-12-31'),(396,'g',0,'2012-01-02'),(951,'g',0,'2012-01-02'),(539,'g',0,'2012-01-02'),(620,'g',0,'2012-01-02'),(626,'g',0,'2012-02-25'),(934,'g',0,'2012-02-27'),(845,'g',0,'2012-03-03'),(582,'g',0,'2011-10-28'),(843,'g',0,'2011-10-28'),(834,'g',0,'2011-12-16'),(621,'g',0,'2011-10-28'),(669,'g',0,'2011-10-28'),(697,'g',0,'2011-12-15'),(711,'g',0,'2011-10-28'),(794,'g',0,'2011-10-28'),(795,'g',0,'2011-10-28'),(797,'g',0,'2011-10-28'),(813,'g',0,'2011-10-28'),(815,'g',0,'2011-12-21'),(816,'g',0,'2011-10-28'),(386,'g',0,'2011-12-16'),(388,'g',0,'2011-10-28'),(392,'g',0,'2011-12-16'),(931,'g',0,'2011-12-26'),(910,'g',0,'2011-12-26'),(905,'g',0,'2011-12-26'),(890,'g',0,'2011-12-26'),(887,'g',0,'2011-12-26'),(728,'g',0,'2011-12-15'),(886,'g',0,'2011-12-26'),(760,'g',0,'2011-12-07'),(764,'g',0,'2011-12-07'),(775,'g',0,'2011-12-07'),(780,'g',0,'2011-10-28'),(791,'g',0,'2011-10-28'),(883,'g',0,'2011-12-26'),(882,'g',0,'2011-12-26'),(509,'g',0,'2011-12-16'),(880,'g',0,'2011-12-26'),(869,'g',0,'2011-12-26'),(867,'g',0,'2011-12-26'),(868,'g',0,'2011-12-26'),(848,'g',0,'2011-12-13'),(629,'g',0,'2011-12-13'),(631,'g',0,'2011-12-13'),(648,'g',0,'2011-12-13'),(649,'g',0,'2011-10-28'),(657,'g',0,'2011-10-28'),(752,'g',0,'2011-12-16'),(679,'g',0,'2011-10-28'),(58,'g',0,'2011-10-28'),(59,'g',0,'2011-10-28'),(60,'g',0,'2011-10-28'),(61,'g',0,'2011-10-28'),(62,'g',0,'2011-10-28'),(66,'g',0,'2011-10-28'),(358,'g',0,'2011-10-28'),(81,'g',0,'2011-10-28'),(696,'g',0,'2011-12-08'),(707,'g',0,'2011-12-08'),(741,'g',0,'2011-12-08'),(789,'g',0,'2011-12-08'),(394,'g',0,'2011-10-28'),(901,'g',0,'2011-10-28'),(854,'g',0,'2011-10-28'),(612,'g',0,'2011-10-28'),(622,'g',0,'2011-10-28'),(643,'g',0,'2011-10-28'),(642,'g',0,'2011-10-28'),(660,'g',0,'2011-10-28'),(744,'g',0,'2012-02-09'),(740,'g',0,'2012-02-09'),(747,'g',0,'2012-02-09'),(183,'g',0,'2011-10-28'),(804,'g',0,'2012-02-09'),(208,'g',0,'2011-10-28'),(812,'g',0,'2011-12-15'),(512,'g',0,'2011-10-28'),(861,'g',0,'2011-10-28'),(821,'g',0,'2011-10-28'),(566,'g',0,'2011-10-28'),(614,'g',0,'2011-10-28'),(824,'g',0,'2011-12-16'),(628,'g',0,'2011-10-28'),(662,'g',0,'2012-02-09'),(665,'g',0,'2012-02-09'),(672,'g',0,'2012-02-09'),(702,'g',0,'2012-02-09'),(716,'g',0,'2012-02-09'),(731,'g',0,'2012-02-09'),(732,'g',0,'2012-02-09'),(926,'g',0,'2012-01-01'),(692,'g',0,'2011-10-28'),(746,'g',0,'2011-10-28'),(719,'g',0,'2011-10-28'),(98,'g',0,'2012-02-27'),(102,'g',0,'2011-10-28'),(106,'g',0,'2011-10-28'),(851,'g',0,'2011-12-13'),(132,'g',0,'2011-10-28'),(131,'g',0,'2011-10-28'),(142,'g',0,'2011-10-28'),(885,'g',0,'2011-12-28'),(830,'g',0,'2011-12-28'),(158,'g',0,'2011-10-28'),(157,'g',0,'2011-10-28'),(161,'g',0,'2011-10-28'),(160,'g',0,'2011-10-28'),(164,'g',0,'2011-10-28'),(163,'g',0,'2011-10-28'),(166,'g',0,'2011-10-28'),(167,'g',0,'2011-10-28'),(745,'g',0,'2011-12-30'),(169,'g',0,'2011-10-28'),(172,'g',0,'2011-10-28'),(175,'g',0,'2011-10-28'),(173,'g',0,'2011-10-28'),(636,'g',0,'2011-12-31'),(181,'g',0,'2011-10-28'),(184,'g',0,'2011-12-14'),(185,'g',0,'2011-10-28'),(189,'g',0,'2011-10-28'),(190,'g',0,'2011-10-28'),(191,'g',0,'2011-10-28'),(192,'g',0,'2011-10-28'),(283,'g',0,'2011-10-28'),(285,'g',0,'2011-10-28'),(377,'g',0,'2011-12-30'),(953,'g',0,'2012-02-15'),(284,'g',0,'2011-10-28'),(288,'g',0,'2011-10-28'),(287,'g',0,'2011-12-14'),(831,'g',0,'2011-12-30'),(291,'g',0,'2011-12-16'),(897,'g',0,'2011-12-18'),(393,'g',0,'2011-10-28'),(957,'g',0,'2011-10-28'),(955,'g',0,'2011-10-28'),(892,'g',0,'2011-12-18'),(952,'g',0,'2011-10-28'),(954,'g',0,'2011-10-28'),(947,'g',0,'2011-10-28'),(194,'g',0,'2011-10-28'),(196,'g',0,'2011-10-28'),(195,'g',0,'2011-10-28'),(200,'g',0,'2011-10-28'),(197,'g',0,'2011-10-28'),(199,'g',0,'2011-10-28'),(884,'g',0,'2012-02-27'),(202,'g',0,'2011-10-28'),(837,'g',0,'2011-12-29'),(712,'g',0,'2011-12-29'),(722,'g',0,'2011-10-28'),(129,'g',0,'2011-10-28'),(205,'g',0,'2011-10-28'),(121,'g',0,'2011-10-28'),(137,'g',0,'2011-10-28'),(141,'g',0,'2011-10-28'),(144,'g',0,'2011-10-28'),(571,'g',0,'2011-12-12'),(573,'g',0,'2011-12-15'),(209,'g',0,'2011-10-28'),(623,'g',0,'2011-12-16'),(212,'g',0,'2012-02-20'),(273,'g',0,'2011-12-15'),(940,'g',0,'2011-10-28'),(822,'g',0,'2011-12-21'),(938,'g',0,'2011-10-28'),(391,'g',0,'2011-10-28'),(275,'g',0,'2011-10-28'),(939,'g',0,'2011-12-18'),(937,'g',0,'2011-10-28'),(758,'g',0,'2011-12-07'),(277,'g',0,'2011-10-28'),(776,'g',0,'2011-12-07'),(778,'g',0,'2011-10-28'),(784,'g',0,'2011-10-28'),(278,'g',0,'2011-12-15'),(932,'g',0,'2011-10-28'),(280,'g',0,'2011-10-28'),(279,'g',0,'2011-12-15'),(870,'g',0,'2011-12-26'),(930,'g',0,'2011-10-28'),(281,'g',0,'2011-10-28'),(562,'g',0,'2011-12-16'),(567,'g',0,'2011-12-16'),(929,'g',0,'2011-10-28'),(282,'g',0,'2011-12-15'),(912,'g',0,'2011-10-28'),(57,'g',0,'2012-02-21'),(786,'g',0,'2011-10-28'),(666,'g',0,'2011-12-08'),(779,'g',0,'2011-12-08'),(923,'g',0,'2011-12-18'),(385,'g',0,'2011-10-28'),(920,'g',0,'2011-10-28'),(814,'g',0,'2011-10-28'),(907,'g',0,'2011-10-28'),(846,'g',0,'2011-10-28'),(826,'g',0,'2011-12-27'),(921,'g',0,'2011-10-28'),(919,'g',0,'2011-10-28'),(904,'g',0,'2011-10-28'),(918,'g',0,'2011-12-18'),(917,'g',0,'2011-10-28'),(903,'g',0,'2011-10-28'),(902,'g',0,'2011-10-28'),(198,'g',0,'2011-10-28'),(207,'g',0,'2011-10-28'),(806,'g',0,'2011-10-28'),(889,'g',0,'2011-10-28'),(823,'g',0,'2011-12-15'),(294,'g',0,'2011-10-28'),(914,'g',0,'2011-12-18'),(866,'g',0,'2011-10-28'),(706,'g',0,'2012-02-09'),(211,'g',0,'2011-10-28'),(718,'g',0,'2012-02-09'),(617,'g',0,'2011-10-28'),(723,'g',0,'2012-02-09'),(627,'g',0,'2011-10-28'),(297,'g',0,'2011-12-14'),(298,'g',0,'2011-10-28'),(637,'g',0,'2011-10-28'),(214,'g',0,'2011-10-28'),(216,'g',0,'2011-10-28'),(299,'g',0,'2011-10-28'),(220,'g',0,'2011-10-28'),(611,'g',0,'2011-10-28'),(833,'g',0,'2011-10-28'),(300,'g',0,'2011-10-28'),(646,'g',0,'2011-10-28'),(301,'g',0,'2011-10-28'),(302,'g',0,'2011-10-28'),(782,'g',0,'2011-10-28'),(221,'g',0,'2011-10-28'),(225,'g',0,'2011-10-28'),(223,'g',0,'2011-10-28'),(655,'g',0,'2011-10-28'),(228,'g',0,'2011-10-28'),(659,'g',0,'2011-10-28'),(673,'g',0,'2011-10-28'),(126,'g',0,'2011-10-28'),(128,'g',0,'2011-10-28'),(670,'g',0,'2011-10-28'),(149,'g',0,'2011-10-28'),(693,'g',0,'2011-10-28'),(156,'g',0,'2011-10-28'),(701,'g',0,'2011-10-28'),(159,'g',0,'2011-10-28'),(714,'g',0,'2011-10-28'),(710,'g',0,'2011-10-28'),(721,'g',0,'2011-10-28'),(735,'g',0,'2011-10-28'),(162,'g',0,'2011-10-28'),(739,'g',0,'2011-10-28'),(743,'g',0,'2011-10-28'),(749,'g',0,'2011-10-28'),(168,'g',0,'2011-12-16'),(832,'g',0,'2011-10-28'),(171,'g',0,'2011-10-28'),(785,'g',0,'2011-10-28'),(783,'g',0,'2011-10-28'),(698,'g',0,'2011-10-28'),(737,'g',0,'2011-10-28'),(174,'g',0,'2011-10-28'),(899,'g',0,'2011-10-28'),(625,'g',0,'2011-10-28'),(849,'g',0,'2011-10-28'),(787,'g',0,'2011-10-28'),(180,'g',0,'2011-10-28'),(654,'g',0,'2011-10-28'),(663,'g',0,'2011-10-28'),(675,'g',0,'2011-10-28'),(676,'g',0,'2011-10-28'),(683,'g',0,'2011-10-28'),(186,'g',0,'2011-10-28'),(771,'g',0,'2011-12-15'),(187,'g',0,'2011-10-28'),(695,'g',0,'2011-12-14'),(188,'g',0,'2011-10-28'),(772,'g',0,'2012-01-01'),(811,'g',0,'2011-10-28'),(774,'g',0,'2011-10-28'),(836,'g',0,'2011-12-15'),(286,'g',0,'2011-10-28'),(634,'g',0,'2011-10-28'),(624,'g',0,'2012-01-01'),(289,'g',0,'2011-10-28'),(635,'g',0,'2011-10-28'),(290,'g',0,'2011-10-28'),(769,'g',0,'2011-12-16'),(292,'g',0,'2011-12-14'),(757,'g',0,'2012-02-28'),(865,'g',0,'2011-12-07'),(862,'g',0,'2011-12-07'),(858,'g',0,'2011-12-07'),(949,'g',0,'2011-10-28'),(859,'g',0,'2011-12-07'),(948,'g',0,'2011-10-28'),(857,'g',0,'2011-12-07'),(944,'g',0,'2011-10-28'),(844,'g',0,'2011-12-07'),(945,'g',0,'2011-12-18'),(690,'g',0,'2011-10-28'),(684,'g',0,'2011-12-15'),(762,'g',0,'2011-10-28'),(790,'g',0,'2011-10-28'),(798,'g',0,'2011-10-28'),(204,'g',0,'2011-10-28'),(801,'g',0,'2011-10-28'),(803,'g',0,'2011-10-28'),(138,'g',0,'2011-10-28'),(820,'g',0,'2011-10-28'),(881,'g',0,'2011-10-28'),(819,'g',0,'2011-10-28'),(179,'g',0,'2011-10-28'),(874,'g',0,'2011-10-28'),(182,'g',0,'2011-10-28'),(875,'g',0,'2011-10-28'),(827,'g',0,'2011-10-28'),(651,'g',0,'2011-10-28'),(644,'g',0,'2011-10-28'),(682,'g',0,'2011-12-15'),(656,'g',0,'2011-10-28'),(703,'g',0,'2011-10-28'),(274,'g',0,'2011-10-28'),(761,'g',0,'2011-10-28'),(818,'g',0,'2011-10-28'),(767,'g',0,'2011-10-28'),(276,'g',0,'2011-10-28'),(727,'g',0,'2011-12-15'),(935,'g',0,'2011-10-28'),(725,'g',0,'2011-10-28'),(724,'g',0,'2011-10-28'),(933,'g',0,'2011-12-18'),(805,'g',0,'2011-12-16'),(928,'g',0,'2011-10-28'),(927,'g',0,'2011-12-18'),(911,'g',0,'2011-10-28'),(924,'g',0,'2011-10-28'),(909,'g',0,'2011-12-16'),(906,'g',0,'2011-10-28'),(847,'g',0,'2011-10-28'),(293,'g',0,'2011-10-28'),(607,'g',0,'2011-10-28'),(913,'g',0,'2011-10-28'),(210,'g',0,'2011-10-28'),(616,'g',0,'2011-10-28'),(295,'g',0,'2011-10-28'),(632,'g',0,'2011-10-28'),(652,'g',0,'2011-10-28'),(677,'g',0,'2011-10-28'),(681,'g',0,'2011-10-28'),(691,'g',0,'2011-10-28'),(709,'g',0,'2011-10-28'),(755,'g',0,'2011-10-28'),(943,'g',0,'2011-10-28'),(773,'g',0,'2011-10-28'),(788,'g',0,'2011-10-28'),(871,'g',0,'2012-01-01'),(829,'g',0,'2012-01-01'),(638,'g',0,'2012-03-02'),(770,'g',0,'2012-01-01'),(863,'g',0,'2011-12-07'),(860,'g',0,'2011-12-07'),(694,'g',0,'2011-10-28'),(777,'g',0,'2011-10-28'),(792,'g',0,'2011-12-28'),(763,'g',0,'2011-10-28'),(800,'g',0,'2012-02-25'),(873,'g',0,'2011-10-28'),(726,'g',0,'2011-12-15'),(734,'g',0,'2011-12-15'),(965,'g',0,'2011-11-05'),(969,'g',0,'2011-11-05'),(963,'g',0,'2011-11-05'),(964,'g',0,'2011-11-05'),(968,'g',0,'2011-11-05'),(961,'g',0,'2011-11-05'),(966,'g',0,'2011-11-05'),(959,'g',0,'2011-11-05'),(967,'g',0,'2011-11-05'),(983,'g',0,'2011-11-07'),(984,'g',0,'2011-11-10'),(985,'g',0,'2011-11-10'),(975,'g',0,'2011-11-11'),(1033,'g',0,'2011-11-12'),(1063,'g',0,'2011-11-12'),(1036,'g',0,'2011-11-12'),(1028,'g',0,'2011-11-12'),(1056,'g',0,'2011-11-12'),(1017,'g',0,'2011-11-12'),(989,'g',0,'2011-11-12'),(987,'g',0,'2011-11-12'),(1007,'g',0,'2011-11-12'),(1011,'g',0,'2011-11-12'),(1014,'g',0,'2011-11-13'),(1062,'g',0,'2011-11-13'),(1044,'g',0,'2011-11-13'),(1055,'g',0,'2011-11-13'),(1045,'g',0,'2011-11-13'),(991,'g',0,'2011-11-13'),(1057,'g',0,'2011-11-14'),(1001,'g',0,'2011-11-14'),(1003,'g',0,'2011-11-14'),(1002,'g',0,'2011-11-14'),(998,'g',0,'2011-11-14'),(996,'g',0,'2011-11-14'),(1076,'g',0,'2011-11-14'),(1090,'g',0,'2011-11-14'),(1174,'g',0,'2011-11-14'),(1170,'g',0,'2011-11-14'),(1092,'g',0,'2011-11-14'),(1096,'g',0,'2011-11-14'),(1095,'g',0,'2011-11-14'),(1074,'g',0,'2011-11-14'),(1000,'g',0,'2011-11-14'),(1168,'g',0,'2011-11-14'),(1131,'g',0,'2011-11-14'),(999,'g',0,'2011-11-14'),(1037,'g',0,'2011-11-14'),(1005,'g',0,'2011-11-14'),(1008,'g',0,'2011-11-14'),(981,'g',0,'2011-11-14'),(1041,'g',0,'2011-11-14'),(1040,'g',0,'2011-11-14'),(1038,'g',0,'2011-11-15'),(1043,'g',0,'2011-11-15'),(1027,'g',0,'2011-11-15'),(1175,'g',0,'2011-11-15'),(976,'g',0,'2011-11-15'),(855,'g',0,'2012-01-24'),(962,'g',0,'2011-12-16'),(835,'g',0,'2011-11-15'),(817,'g',0,'2011-11-15'),(956,'g',0,'2011-11-15'),(340,'g',0,'2011-11-15'),(335,'g',0,'2011-11-15'),(318,'g',0,'2011-11-15'),(304,'g',0,'2011-11-15'),(314,'g',0,'2011-12-16'),(336,'g',0,'2011-11-15'),(322,'g',0,'2011-12-16'),(311,'g',0,'2011-11-15'),(324,'g',0,'2011-11-15'),(312,'g',0,'2011-11-15'),(327,'g',0,'2011-11-15'),(315,'g',0,'2011-12-15'),(337,'g',0,'2012-01-25'),(332,'g',0,'2011-11-15'),(325,'g',0,'2011-12-16'),(317,'g',0,'2011-11-15'),(321,'g',0,'2011-11-15'),(320,'g',0,'2011-12-16'),(319,'g',0,'2011-12-16'),(330,'g',0,'2011-11-15'),(307,'g',0,'2011-11-15'),(308,'g',0,'2011-12-16'),(348,'g',0,'2011-11-15'),(310,'g',0,'2011-11-15'),(316,'g',0,'2012-03-03'),(328,'g',0,'2011-11-15'),(303,'g',0,'2011-12-16'),(329,'g',0,'2011-12-16'),(333,'g',0,'2012-01-25'),(323,'g',0,'2011-12-16'),(338,'g',0,'2012-01-25'),(347,'g',0,'2011-11-15'),(326,'g',0,'2011-12-15'),(306,'g',0,'2011-11-15'),(305,'g',0,'2011-12-16'),(313,'g',0,'2011-11-15'),(331,'g',0,'2011-12-16'),(339,'g',0,'2011-11-15'),(309,'g',0,'2011-11-15'),(405,'g',0,'2011-11-15'),(374,'g',0,'2011-11-15'),(408,'g',0,'2011-12-16'),(381,'g',0,'2011-12-16'),(382,'g',0,'2011-12-15'),(363,'g',0,'2011-12-16'),(368,'g',0,'2011-11-15'),(360,'g',0,'2011-11-15'),(350,'g',0,'2011-11-15'),(373,'g',0,'2011-11-15'),(369,'g',0,'2011-11-15'),(372,'g',0,'2011-11-15'),(380,'g',0,'2011-12-16'),(403,'g',0,'2011-11-15'),(352,'g',0,'2011-11-15'),(398,'g',0,'2011-11-15'),(370,'g',0,'2011-11-15'),(399,'g',0,'2011-11-15'),(353,'g',0,'2012-03-01'),(366,'g',0,'2011-12-15'),(401,'g',0,'2011-11-15'),(367,'g',0,'2011-11-15'),(375,'g',0,'2012-02-20'),(400,'g',0,'2011-12-16'),(365,'g',0,'2011-11-15'),(351,'g',0,'2011-11-15'),(364,'g',0,'2011-11-15'),(1069,'g',0,'2011-11-15'),(1139,'g',0,'2011-11-15'),(1085,'g',0,'2011-11-15'),(1149,'g',0,'2011-11-15'),(1151,'g',0,'2011-11-15'),(1116,'g',0,'2011-11-15'),(1078,'g',0,'2011-11-16'),(1172,'g',0,'2011-11-16'),(404,'g',0,'2011-12-16'),(371,'g',0,'2011-11-16'),(1022,'g',0,'2011-11-16'),(1047,'g',0,'2011-11-16'),(1032,'g',0,'2011-11-16'),(406,'g',0,'2011-11-16'),(354,'g',0,'2011-11-16'),(407,'g',0,'2011-12-17'),(979,'g',0,'2011-11-16'),(973,'g',0,'2011-11-17'),(977,'g',0,'2011-11-17'),(980,'g',0,'2011-11-17'),(1176,'g',0,'2011-11-17'),(974,'g',0,'2011-11-17'),(982,'g',0,'2011-11-17'),(971,'g',0,'2011-11-17'),(1054,'g',0,'2011-11-17'),(1148,'g',0,'2011-11-17'),(1094,'g',0,'2011-11-18'),(1093,'g',0,'2011-11-18'),(1060,'g',0,'2011-11-18'),(1061,'g',0,'2011-11-18'),(1084,'g',0,'2011-11-18'),(990,'g',0,'2011-11-18'),(1059,'g',0,'2011-11-18'),(1052,'g',0,'2011-11-18'),(1048,'g',0,'2011-11-18'),(1068,'g',0,'2011-11-18'),(1067,'g',0,'2011-11-18'),(1098,'g',0,'2011-11-18'),(1065,'g',0,'2011-11-18'),(1013,'g',0,'2011-11-18'),(1030,'g',0,'2011-11-18'),(1025,'g',0,'2011-11-18'),(986,'g',0,'2011-11-18'),(1016,'g',0,'2011-11-18'),(997,'g',0,'2011-11-18'),(1046,'g',0,'2011-11-19'),(1125,'g',0,'2011-11-19'),(1082,'g',0,'2011-11-19'),(1100,'g',0,'2011-11-19'),(1242,'g',0,'2011-11-21'),(1327,'g',0,'2011-11-21'),(1285,'g',0,'2011-11-21'),(1042,'g',0,'2011-11-21'),(1058,'g',0,'2011-11-21'),(1010,'g',0,'2011-11-21'),(1021,'g',0,'2011-11-21'),(1066,'g',0,'2011-11-21'),(1157,'g',0,'2011-11-21'),(1169,'g',0,'2011-11-21'),(1162,'g',0,'2011-11-21'),(1050,'g',0,'2011-11-21'),(1049,'g',0,'2011-11-21'),(1051,'g',0,'2011-11-21'),(1064,'g',0,'2011-11-21'),(1173,'g',0,'2011-11-21'),(1163,'g',0,'2011-11-21'),(1122,'g',0,'2011-11-21'),(1127,'g',0,'2011-11-21'),(1130,'g',0,'2011-11-21'),(1264,'g',0,'2011-11-21'),(1129,'g',0,'2011-11-22'),(1053,'g',0,'2011-11-22'),(1147,'g',0,'2011-11-22'),(1039,'g',0,'2011-11-22'),(1035,'g',0,'2011-11-22'),(1133,'g',0,'2011-11-22'),(1171,'g',0,'2011-11-22'),(1138,'g',0,'2011-11-22'),(1077,'g',0,'2011-11-22'),(1108,'g',0,'2011-11-22'),(1156,'g',0,'2011-11-22'),(1099,'g',0,'2011-11-22'),(1102,'g',0,'2011-11-22'),(1150,'g',0,'2011-11-22'),(1111,'g',0,'2011-11-22'),(1164,'g',0,'2011-11-22'),(1165,'g',0,'2011-11-22'),(1166,'g',0,'2011-11-22'),(1152,'g',0,'2011-11-22'),(1136,'g',0,'2011-11-22'),(1160,'g',0,'2011-11-22'),(1181,'g',0,'2011-11-23'),(1079,'g',0,'2011-11-23'),(1352,'g',0,'2011-11-23'),(1364,'g',0,'2012-02-27'),(1530,'g',0,'2011-12-31'),(1347,'g',0,'2011-11-23'),(1503,'g',0,'2011-12-31'),(1024,'g',0,'2011-11-25'),(1029,'g',0,'2011-11-25'),(1034,'g',0,'2011-11-25'),(1009,'g',0,'2011-11-26'),(1026,'g',0,'2011-11-29'),(1123,'g',0,'2011-12-01'),(1023,'g',0,'2011-12-01'),(1286,'g',0,'2011-12-02'),(1276,'g',0,'2011-12-02'),(1263,'g',0,'2011-12-02'),(1289,'g',0,'2011-12-02'),(1262,'g',0,'2011-12-02'),(1365,'g',0,'2011-12-02'),(1301,'g',0,'2011-12-02'),(1359,'g',0,'2011-12-02'),(1182,'g',0,'2011-12-02'),(1520,'g',0,'2012-01-10'),(1315,'g',0,'2011-12-02'),(1498,'g',0,'2012-01-01'),(1337,'g',0,'2011-12-02'),(1227,'g',0,'2011-12-02'),(1241,'g',0,'2011-12-02'),(1186,'g',0,'2011-12-02'),(1248,'g',0,'2011-12-02'),(1426,'g',0,'2011-12-02'),(1368,'g',0,'2011-12-02'),(1243,'g',0,'2011-12-02'),(1422,'g',0,'2011-12-02'),(1314,'g',0,'2011-12-02'),(1113,'g',0,'2011-12-02'),(1185,'g',0,'2011-12-02'),(1497,'g',0,'2011-12-02'),(1594,'g',0,'2011-12-02'),(1239,'g',0,'2011-12-02'),(1259,'g',0,'2011-12-02'),(1432,'g',0,'2011-12-02'),(1442,'g',0,'2011-12-02'),(1461,'g',0,'2011-12-02'),(1249,'g',0,'2011-12-02'),(1278,'g',0,'2011-12-02'),(1316,'g',0,'2011-12-02'),(1313,'g',0,'2011-12-02'),(1231,'g',0,'2011-12-02'),(1294,'g',0,'2011-12-02'),(1275,'g',0,'2011-12-02'),(994,'g',0,'2011-12-03'),(1088,'g',0,'2011-12-03'),(1134,'g',0,'2011-12-03'),(1105,'g',0,'2011-12-03'),(1121,'g',0,'2011-12-03'),(1137,'g',0,'2011-12-03'),(1146,'g',0,'2011-12-03'),(1142,'g',0,'2011-12-03'),(1132,'g',0,'2011-12-03'),(1135,'g',0,'2011-12-03'),(1153,'g',0,'2011-12-03'),(1159,'g',0,'2011-12-03'),(1019,'g',0,'2011-12-03'),(1197,'g',0,'2011-12-03'),(1179,'g',0,'2011-12-03'),(554,'g',0,'2011-12-05'),(552,'g',0,'2011-12-05'),(574,'g',0,'2011-12-05'),(557,'g',0,'2011-12-05'),(556,'g',0,'2011-12-05'),(560,'g',0,'2011-12-05'),(559,'g',0,'2011-12-05'),(553,'g',0,'2011-12-05'),(555,'g',0,'2011-12-05'),(558,'g',0,'2011-12-05'),(753,'g',0,'2011-12-05'),(742,'g',0,'2011-12-05'),(708,'g',0,'2011-12-05'),(717,'g',0,'2011-12-05'),(738,'g',0,'2011-12-05'),(733,'g',0,'2011-12-05'),(750,'g',0,'2011-12-05'),(700,'g',0,'2011-12-05'),(674,'g',0,'2011-12-05'),(613,'g',0,'2011-12-05'),(680,'g',0,'2011-12-05'),(615,'g',0,'2011-12-05'),(667,'g',0,'2011-12-05'),(605,'g',0,'2011-12-05'),(618,'g',0,'2011-12-05'),(640,'g',0,'2011-12-05'),(606,'g',0,'2011-12-05'),(544,'g',0,'2011-12-05'),(542,'g',0,'2011-12-05'),(547,'g',0,'2011-12-05'),(548,'g',0,'2011-12-05'),(549,'g',0,'2011-12-05'),(551,'g',0,'2011-12-05'),(546,'g',0,'2011-12-05'),(550,'g',0,'2011-12-05'),(543,'g',0,'2011-12-05'),(545,'g',0,'2011-12-05'),(1419,'g',0,'2011-12-05'),(1535,'g',0,'2012-01-08'),(1429,'g',0,'2011-12-07'),(1379,'g',0,'2011-12-07'),(1382,'g',0,'2011-12-07'),(1512,'g',0,'2011-12-07'),(1528,'g',0,'2011-12-07'),(1616,'g',0,'2011-12-07'),(362,'g',0,'2011-12-07'),(1421,'g',0,'2011-12-08'),(1366,'g',0,'2011-12-08'),(1367,'g',0,'2011-12-08'),(1415,'g',0,'2011-12-08'),(1457,'g',0,'2011-12-08'),(1466,'g',0,'2011-12-08'),(1474,'g',0,'2011-12-08'),(1482,'g',0,'2011-12-08'),(1492,'g',0,'2011-12-08'),(1462,'g',0,'2011-12-08'),(1516,'g',0,'2011-12-08'),(1480,'g',0,'2011-12-08'),(1576,'g',0,'2011-12-09'),(1449,'g',0,'2011-12-09'),(1491,'g',0,'2011-12-09'),(1527,'g',0,'2011-12-09'),(1473,'g',0,'2011-12-09'),(1487,'g',0,'2011-12-09'),(1454,'g',0,'2011-12-09'),(1481,'g',0,'2011-12-09'),(1511,'g',0,'2011-12-09'),(1424,'g',0,'2011-12-09'),(1485,'g',0,'2011-12-09'),(1486,'g',0,'2011-12-09'),(1456,'g',0,'2011-12-09'),(1431,'g',0,'2011-12-09'),(1521,'g',0,'2011-12-09'),(1483,'g',0,'2011-12-09'),(1493,'g',0,'2011-12-10'),(1471,'g',0,'2011-12-10'),(1372,'g',0,'2011-12-10'),(1416,'g',0,'2011-12-10'),(1494,'g',0,'2011-12-10'),(1370,'g',0,'2011-12-10'),(1376,'g',0,'2011-12-10'),(1375,'g',0,'2011-12-10'),(1490,'g',0,'2011-12-10'),(1377,'g',0,'2011-12-10'),(1537,'g',0,'2012-01-10'),(1468,'g',0,'2012-01-10'),(1425,'g',0,'2012-01-10'),(1515,'g',0,'2012-01-10'),(1510,'g',0,'2012-01-10'),(1567,'g',0,'2011-12-11'),(1563,'g',0,'2011-12-11'),(1501,'g',0,'2011-12-12'),(1500,'g',0,'2011-12-12'),(1546,'g',0,'2011-12-12'),(1548,'g',0,'2011-12-12'),(1545,'g',0,'2011-12-12'),(1541,'g',0,'2011-12-12'),(1460,'g',0,'2011-12-12'),(1502,'g',0,'2011-12-12'),(1549,'g',0,'2011-12-12'),(1547,'g',0,'2011-12-12'),(1650,'g',0,'2011-12-12'),(1578,'g',0,'2011-12-13'),(1663,'g',0,'2011-12-13'),(1586,'g',0,'2011-12-13'),(1435,'g',0,'2011-12-13'),(1423,'g',0,'2011-12-13'),(1418,'g',0,'2011-12-13'),(1440,'g',0,'2011-12-13'),(1679,'g',0,'2011-12-14'),(1677,'g',0,'2012-02-27'),(1660,'g',0,'2011-12-15'),(1458,'g',0,'2011-12-15'),(1477,'g',0,'2011-12-15'),(1414,'g',0,'2011-12-15'),(1526,'g',0,'2011-12-18'),(1579,'g',0,'2011-12-18'),(1550,'g',0,'2011-12-18'),(1439,'g',0,'2011-12-18'),(1479,'g',0,'2011-12-18'),(1543,'g',0,'2011-12-19'),(1509,'g',0,'2011-12-19'),(1505,'g',0,'2011-12-19'),(1538,'g',0,'2011-12-19'),(1495,'g',0,'2011-12-19'),(1374,'g',0,'2011-12-19'),(1582,'g',0,'2011-12-19'),(1568,'g',0,'2011-12-19'),(1373,'g',0,'2011-12-19'),(1583,'g',0,'2011-12-19'),(1701,'g',0,'2011-12-21'),(1714,'g',0,'2011-12-21'),(1699,'g',0,'2011-12-21'),(1467,'g',0,'2011-12-22'),(1564,'g',0,'2011-12-22'),(1672,'g',0,'2011-12-22'),(1447,'g',0,'2011-12-22'),(1451,'g',0,'2011-12-22'),(1702,'g',0,'2011-12-22'),(1533,'g',0,'2011-12-22'),(1606,'g',0,'2011-12-22'),(1631,'g',0,'2011-12-22'),(1607,'g',0,'2011-12-22'),(1605,'g',0,'2011-12-22'),(1709,'g',0,'2011-12-22'),(1707,'g',0,'2011-12-22'),(1708,'g',0,'2011-12-22'),(1698,'g',0,'2011-12-23'),(1688,'g',0,'2011-12-23'),(1448,'g',0,'2011-12-23'),(1478,'g',0,'2011-12-23'),(1524,'g',0,'2011-12-23'),(1523,'g',0,'2011-12-23'),(1438,'g',0,'2011-12-23'),(1443,'g',0,'2011-12-23'),(1518,'g',0,'2011-12-23'),(1525,'g',0,'2011-12-23'),(1470,'g',0,'2011-12-23'),(1684,'g',0,'2011-12-23'),(1722,'g',0,'2011-12-23'),(1361,'g',0,'2011-12-23'),(1666,'g',0,'2011-12-23'),(1647,'g',0,'2011-12-23'),(1719,'g',0,'2011-12-23'),(1671,'g',0,'2011-12-23'),(1363,'g',0,'2011-12-24'),(1381,'g',0,'2011-12-24'),(1728,'g',0,'2011-12-24'),(1517,'g',0,'2011-12-24'),(1566,'g',0,'2011-12-24'),(1499,'g',0,'2011-12-24'),(1565,'g',0,'2011-12-25'),(1592,'g',0,'2011-12-25'),(1496,'g',0,'2011-12-25'),(1610,'g',0,'2011-12-25'),(1459,'g',0,'2011-12-25'),(1472,'g',0,'2011-12-25'),(1445,'g',0,'2011-12-25'),(1484,'g',0,'2011-12-25'),(1469,'g',0,'2011-12-25'),(1542,'g',0,'2011-12-25'),(1575,'g',0,'2011-12-25'),(1446,'g',0,'2011-12-25'),(1522,'g',0,'2011-12-25'),(1591,'g',0,'2011-12-25'),(1581,'g',0,'2011-12-25'),(1614,'g',0,'2011-12-25'),(1577,'g',0,'2011-12-25'),(1504,'g',0,'2011-12-25'),(1613,'g',0,'2011-12-25'),(1534,'g',0,'2011-12-25'),(1595,'g',0,'2011-12-25'),(1529,'g',0,'2011-12-25'),(1596,'g',0,'2011-12-25'),(1380,'g',0,'2011-12-25'),(1514,'g',0,'2011-12-26'),(1441,'g',0,'2011-12-26'),(1603,'g',0,'2011-12-26'),(1420,'g',0,'2011-12-26'),(1608,'g',0,'2011-12-26'),(1571,'g',0,'2011-12-26'),(1665,'g',0,'2011-12-26'),(1664,'g',0,'2011-12-26'),(1536,'g',0,'2011-12-26'),(1609,'g',0,'2011-12-26'),(1676,'g',0,'2011-12-26'),(1746,'g',0,'2011-12-27'),(1758,'g',0,'2011-12-27'),(1570,'g',0,'2011-12-27'),(1539,'g',0,'2011-12-27'),(1690,'g',0,'2011-12-27'),(1667,'g',0,'2011-12-27'),(1689,'g',0,'2011-12-27'),(1682,'g',0,'2012-02-16'),(1768,'g',0,'2011-12-28'),(1687,'g',0,'2011-12-28'),(1680,'g',0,'2011-12-28'),(1725,'g',0,'2011-12-28'),(1562,'g',0,'2011-12-29'),(1611,'g',0,'2011-12-29'),(1561,'g',0,'2011-12-29'),(1559,'g',0,'2011-12-29'),(1554,'g',0,'2011-12-29'),(1551,'g',0,'2011-12-29'),(1555,'g',0,'2011-12-29'),(1557,'g',0,'2011-12-29'),(1556,'g',0,'2011-12-29'),(1552,'g',0,'2011-12-29'),(1553,'g',0,'2011-12-29'),(1560,'g',0,'2011-12-29'),(1558,'g',0,'2011-12-29'),(1642,'g',0,'2011-12-29'),(1637,'g',0,'2011-12-29'),(1771,'g',0,'2011-12-30'),(1706,'g',0,'2011-12-31'),(1705,'g',0,'2011-12-31'),(1712,'g',0,'2011-12-31'),(1713,'g',0,'2011-12-31'),(1730,'g',0,'2011-12-31'),(1686,'g',0,'2011-12-31'),(1678,'g',0,'2011-12-31'),(1674,'g',0,'2011-12-31'),(1673,'g',0,'2011-12-31'),(1715,'g',0,'2011-12-31'),(1733,'g',0,'2011-12-31'),(1400,'g',0,'2011-12-31'),(1399,'g',0,'2011-12-31'),(1401,'g',0,'2011-12-31'),(1767,'g',0,'2011-12-31'),(1766,'g',0,'2011-12-31'),(1710,'g',0,'2011-12-31'),(1747,'g',0,'2012-01-01'),(1723,'g',0,'2012-01-01'),(1765,'g',0,'2012-01-01'),(1685,'g',0,'2012-01-02'),(1761,'g',0,'2012-01-02'),(1750,'g',0,'2012-01-02'),(1675,'g',0,'2012-01-02'),(1808,'g',0,'2012-01-02'),(1781,'g',0,'2012-01-04'),(1779,'g',0,'2012-01-05'),(1783,'g',0,'2012-01-05'),(1838,'g',0,'2012-02-06'),(1865,'g',0,'2012-01-06'),(1810,'g',0,'2012-01-07'),(1817,'g',0,'2012-02-27'),(1819,'g',0,'2012-01-07'),(1816,'g',0,'2012-01-07'),(1811,'g',0,'2012-02-27'),(1864,'g',0,'2012-01-08'),(1791,'g',0,'2012-02-12'),(1787,'g',0,'2012-02-12'),(1793,'g',0,'2012-02-12'),(1862,'g',0,'2012-01-10'),(1871,'g',0,'2012-01-10'),(1839,'g',0,'2012-01-12'),(1886,'g',0,'2012-01-13'),(1718,'g',0,'2012-01-14'),(1729,'g',0,'2012-01-14'),(1763,'g',0,'2012-01-14'),(1717,'g',0,'2012-01-14'),(1716,'g',0,'2012-01-14'),(1775,'g',0,'2012-01-14'),(1704,'g',0,'2012-01-14'),(1774,'g',0,'2012-01-14'),(1711,'g',0,'2012-01-14'),(1784,'g',0,'2012-01-14'),(1681,'g',0,'2012-01-14'),(1369,'g',0,'2012-01-14'),(1848,'g',0,'2012-01-14'),(1790,'g',0,'2012-01-15'),(1829,'g',0,'2012-01-15'),(1825,'g',0,'2012-01-15'),(1806,'g',0,'2012-01-15'),(1822,'g',0,'2012-01-15'),(1755,'g',0,'2012-01-15'),(1832,'g',0,'2012-01-15'),(1836,'g',0,'2012-01-15'),(1403,'g',0,'2012-01-15'),(1402,'g',0,'2012-01-15'),(1455,'g',0,'2012-01-15'),(1450,'g',0,'2012-01-15'),(1437,'g',0,'2012-01-15'),(1411,'g',0,'2012-01-15'),(1452,'g',0,'2012-01-15'),(1898,'g',0,'2012-01-16'),(1751,'g',0,'2012-01-19'),(1752,'g',0,'2012-01-19'),(1759,'g',0,'2012-01-19'),(1786,'g',0,'2012-01-19'),(1769,'g',0,'2012-01-19'),(1754,'g',0,'2012-01-19'),(1868,'g',0,'2012-01-19'),(1841,'g',0,'2012-01-19'),(1854,'g',0,'2012-01-19'),(1853,'g',0,'2012-01-19'),(1877,'g',0,'2012-01-19'),(1842,'g',0,'2012-01-19'),(1846,'g',0,'2012-01-19'),(1876,'g',0,'2012-01-19'),(1889,'g',0,'2012-01-19'),(1874,'g',0,'2012-01-19'),(1756,'g',0,'2012-01-20'),(1909,'g',0,'2012-01-20'),(1866,'g',0,'2012-01-21'),(1880,'g',0,'2012-01-21'),(1830,'g',0,'2012-01-21'),(1835,'g',0,'2012-01-21'),(1867,'g',0,'2012-01-21'),(1863,'g',0,'2012-01-21'),(1834,'g',0,'2012-01-21'),(1878,'g',0,'2012-01-21'),(1875,'g',0,'2012-01-21'),(1879,'g',0,'2012-01-21'),(1803,'g',0,'2012-01-21'),(1823,'g',0,'2012-01-21'),(1782,'g',0,'2012-01-21'),(1827,'g',0,'2012-01-21'),(1732,'g',0,'2012-01-21'),(1814,'g',0,'2012-01-21'),(1764,'g',0,'2012-01-21'),(1826,'g',0,'2012-01-21'),(1772,'g',0,'2012-01-21'),(1801,'g',0,'2012-01-21'),(1391,'g',0,'2012-01-21'),(1396,'g',0,'2012-01-21'),(1389,'g',0,'2012-01-21'),(1395,'g',0,'2012-01-21'),(1390,'g',0,'2012-01-21'),(1392,'g',0,'2012-01-21'),(1394,'g',0,'2012-01-21'),(1398,'g',0,'2012-01-21'),(1397,'g',0,'2012-01-21'),(1393,'g',0,'2012-01-21'),(1760,'g',0,'2012-01-21'),(1789,'g',0,'2012-01-21'),(1794,'g',0,'2012-01-21'),(1804,'g',0,'2012-01-21'),(1926,'g',0,'2012-01-21'),(1813,'g',0,'2012-01-21'),(1815,'g',0,'2012-01-21'),(1734,'g',0,'2012-01-21'),(1638,'g',0,'2012-01-22'),(1697,'g',0,'2012-01-22'),(1727,'g',0,'2012-01-22'),(1884,'g',0,'2012-01-22'),(1885,'g',0,'2012-01-22'),(1726,'g',0,'2012-01-22'),(1912,'g',0,'2012-01-22'),(1917,'g',0,'2012-01-22'),(1700,'g',0,'2012-01-22'),(1724,'g',0,'2012-01-22'),(1802,'g',0,'2012-01-22'),(1696,'g',0,'2012-01-22'),(1818,'g',0,'2012-01-22'),(1915,'g',0,'2012-01-23'),(1910,'g',0,'2012-01-23'),(1913,'g',0,'2012-01-24'),(1928,'g',0,'2012-01-24'),(1906,'g',0,'2012-01-24'),(1929,'g',0,'2012-01-24'),(1911,'g',0,'2012-01-24'),(541,'g',0,'2012-01-24'),(540,'g',0,'2012-01-24'),(1410,'g',0,'2012-01-24'),(1721,'g',0,'2012-01-24'),(1780,'g',0,'2012-01-25'),(1873,'g',0,'2012-01-25'),(1773,'g',0,'2012-01-25'),(1820,'g',0,'2012-01-25'),(1809,'g',0,'2012-01-25'),(1757,'g',0,'2012-01-25'),(1812,'g',0,'2012-01-25'),(1852,'g',0,'2012-01-25'),(1883,'g',0,'2012-01-25'),(1824,'g',0,'2012-01-25'),(1785,'g',0,'2012-01-25'),(1792,'g',0,'2012-01-25'),(1837,'g',0,'2012-01-25'),(1850,'g',0,'2012-01-25'),(1923,'g',0,'2012-02-27'),(1919,'g',0,'2012-02-27'),(1920,'g',0,'2012-02-27'),(1924,'g',0,'2012-02-27'),(1921,'g',0,'2012-02-27'),(1925,'g',0,'2012-02-27'),(1922,'g',0,'2012-02-27'),(1861,'g',0,'2012-01-27'),(1855,'g',0,'2012-01-27'),(1918,'g',0,'2012-01-28'),(1930,'g',0,'2012-01-28'),(1933,'g',0,'2012-01-29'),(1938,'g',0,'2012-01-29'),(1797,'g',0,'2012-01-29'),(1849,'g',0,'2012-01-29'),(1828,'g',0,'2012-01-30'),(1914,'g',0,'2012-01-30'),(1897,'g',0,'2012-01-30'),(1894,'g',0,'2012-01-30'),(1978,'g',0,'2012-02-01'),(1970,'g',0,'2012-02-01'),(1907,'g',0,'2012-02-01'),(1965,'g',0,'2012-02-01'),(1956,'g',0,'2012-02-01'),(1703,'g',0,'2012-02-03'),(1966,'g',0,'2012-02-04'),(1908,'g',0,'2012-02-05'),(1916,'g',0,'2012-02-06'),(1939,'g',0,'2012-02-06'),(1936,'g',0,'2012-02-06'),(1893,'g',0,'2012-02-06'),(1981,'g',0,'2012-02-06'),(1973,'g',0,'2012-02-06'),(1935,'g',0,'2012-02-06'),(1989,'g',0,'2012-02-07'),(1962,'g',0,'2012-02-07'),(1991,'g',0,'2012-02-07'),(2004,'g',0,'2012-02-08'),(1999,'g',0,'2012-02-08'),(2012,'g',0,'2012-02-08'),(1731,'g',0,'2012-02-08'),(1683,'g',0,'2012-02-08'),(2006,'g',0,'2012-02-09'),(2023,'g',0,'2012-02-10'),(2016,'g',0,'2012-02-10'),(1964,'g',0,'2012-02-10'),(1957,'g',0,'2012-02-10'),(1931,'g',0,'2012-02-10'),(1969,'g',0,'2012-02-10'),(1977,'g',0,'2012-02-10'),(1972,'g',0,'2012-02-10'),(1934,'g',0,'2012-02-10'),(2005,'g',0,'2012-02-11'),(2003,'g',0,'2012-02-11'),(1961,'g',0,'2012-02-11'),(1843,'g',0,'2012-02-11'),(1821,'g',0,'2012-02-11'),(1980,'g',0,'2012-02-11'),(1937,'g',0,'2012-02-11'),(2024,'g',0,'2012-02-11'),(2002,'g',0,'2012-02-11'),(2001,'g',0,'2012-02-11'),(1959,'g',0,'2012-02-11'),(1958,'g',0,'2012-02-11'),(1983,'g',0,'2012-02-11'),(1993,'g',0,'2012-02-11'),(1979,'g',0,'2012-02-11'),(1800,'g',0,'2012-02-12'),(1847,'g',0,'2012-02-12'),(1778,'g',0,'2012-02-12'),(1749,'g',0,'2012-02-12'),(1777,'g',0,'2012-02-12'),(1986,'g',0,'2012-02-12'),(2047,'g',0,'2012-02-12'),(1807,'g',0,'2012-02-12'),(1987,'g',0,'2012-02-12'),(2018,'g',0,'2012-02-13'),(1984,'g',0,'2012-02-13'),(2000,'g',0,'2012-02-13'),(1982,'g',0,'2012-02-13'),(1985,'g',0,'2012-02-13'),(2048,'g',0,'2012-02-13'),(2054,'g',0,'2012-02-13'),(2057,'g',0,'2012-02-15'),(2069,'g',0,'2012-02-15'),(2014,'g',0,'2012-02-16'),(2013,'g',0,'2012-02-16'),(2040,'g',0,'2012-02-16'),(2011,'g',0,'2012-02-19'),(2058,'g',0,'2012-02-19'),(2041,'g',0,'2012-02-20'),(2073,'g',0,'2012-02-20'),(2039,'g',0,'2012-02-20'),(2062,'g',0,'2012-02-21'),(2050,'g',0,'2012-02-21'),(2046,'g',0,'2012-02-21'),(2077,'g',0,'2012-02-21'),(2028,'g',0,'2012-02-21'),(2036,'g',0,'2012-02-21'),(2055,'g',0,'2012-02-21'),(2081,'g',0,'2012-02-21'),(2063,'g',0,'2012-02-21'),(2019,'g',0,'2012-02-21'),(1899,'g',0,'2012-02-21'),(1669,'g',0,'2012-02-21'),(1881,'g',0,'2012-02-21'),(1887,'g',0,'2012-02-21'),(1668,'g',0,'2012-02-21'),(1882,'g',0,'2012-02-21'),(1901,'g',0,'2012-02-21'),(1900,'g',0,'2012-02-21'),(2017,'g',0,'2012-02-21'),(1646,'g',0,'2012-02-22'),(1383,'g',0,'2012-02-22'),(1436,'g',0,'2012-02-22'),(1904,'g',0,'2012-02-22'),(1388,'g',0,'2012-02-22'),(1385,'g',0,'2012-02-22'),(1405,'g',0,'2012-02-22'),(1407,'g',0,'2012-02-22'),(1384,'g',0,'2012-02-22'),(1434,'g',0,'2012-02-22'),(1406,'g',0,'2012-02-22'),(1404,'g',0,'2012-02-22'),(1387,'g',0,'2012-02-22'),(1902,'g',0,'2012-02-22'),(1903,'g',0,'2012-02-22'),(1386,'g',0,'2012-02-22'),(1409,'g',0,'2012-02-23'),(2049,'g',0,'2012-02-23'),(1408,'g',0,'2012-02-23'),(2071,'g',0,'2012-02-23'),(1463,'g',0,'2012-02-23'),(1464,'g',0,'2012-02-23'),(1569,'g',0,'2012-02-23'),(1513,'g',0,'2012-02-23'),(1433,'g',0,'2012-02-23'),(1488,'g',0,'2012-02-24'),(1540,'g',0,'2012-02-24'),(2083,'g',0,'2012-02-24'),(2088,'g',0,'2012-02-24'),(2067,'g',0,'2012-02-24'),(1531,'g',0,'2012-02-24'),(1580,'g',0,'2012-02-24'),(1489,'g',0,'2012-02-24'),(1544,'g',0,'2012-02-24'),(1444,'g',0,'2012-02-24'),(1574,'g',0,'2012-02-24'),(1465,'g',0,'2012-02-25'),(1572,'g',0,'2012-02-25'),(2038,'g',0,'2012-02-25'),(2078,'g',0,'2012-02-25'),(1604,'g',0,'2012-02-25'),(2082,'g',0,'2012-02-27'),(2059,'g',0,'2012-02-27'),(1996,'g',0,'2012-02-28'),(2053,'g',0,'2012-02-29'),(2032,'g',0,'2012-02-29'),(2098,'g',0,'2012-03-02'),(2095,'g',0,'2012-03-02'),(2093,'g',0,'2012-03-03'),(2079,'g',0,'2012-03-03'),(2099,'g',0,'2012-03-04');

--
-- Table structure for table `idx_paid_listing`
--

CREATE TABLE `idx_paid_listing` (
  `link_id` mediumint(9) unsigned NOT NULL default '0',
  `premium` char(1) default NULL,
  `sponsored` char(1) default NULL,
  `expire` datetime default NULL,
  `paid` char(1) default NULL,
  PRIMARY KEY  (`link_id`)
) ENGINE=MyISAM DEFAULT CHARSET=latin1;

--
-- Dumping data for table `idx_paid_listing`
--


--
-- Table structure for table `idx_payment_gateway`
--

CREATE TABLE `idx_payment_gateway` (
  `payment_gateway_id` int(11) NOT NULL auto_increment,
  `name` varchar(100) default NULL,
  `enable` char(1) default NULL,
  `setting` text,
  `invoice_html` text,
  PRIMARY KEY  (`payment_gateway_id`)
) ENGINE=MyISAM AUTO_INCREMENT=9 DEFAULT CHARSET=latin1;

--
-- Dumping data for table `idx_payment_gateway`
--

INSERT INTO `idx_payment_gateway` VALUES (1,'paypal','1','a:2:{s:13:\"payment_email\";s:0:\"\";s:21:\"enable_paypal_sandbox\";s:1:\"0\";}','<p> \r\n	<a href=\'paynow.php?id={$invoice_id}&m=paypal\'><img src=\'http://www.paypal.com/images/x-click-but02.gif\' border=\'0\' alt=\'Make payments with PayPal - it is fast, free and secure!\' /></a> \r\n</p>\r\n'),(2,'2co','0','a:6:{s:6:\"co_sid\";s:5:\"84932\";s:9:\"co_secret\";s:5:\"tango\";s:12:\"co_recurring\";s:1:\"0\";s:9:\"co_prod_1\";s:6:\"100.00\";s:9:\"co_prod_2\";s:6:\"250.00\";s:9:\"co_prod_3\";s:6:\"400.00\";}','<p>\r\n<a href=\'paynow.php?id={$invoice_id}&m=2co\'><img src=\'http://www.2checkout.com/images/overview/btns/25.jpg\' alt=\'Pay Now with 2checkout...\' border=\'0\' /></a> \r\n</p>'),(3,'authorizenet','0','a:2:{s:21:\"authorizenet_login_id\";s:0:\"\";s:21:\"authorizenet_tran_key\";s:0:\"\";}','<p> \r\n<a href=\'paynow.php?id={$invoice_id}&m=authorizenet\'><img src=\'http://www.authorize.net/upload/images/Images/Header/authorizenet_logo.gif\' alt=\'Pay Now with Authorize.Net...\' width=\'99\' height=\'39\' style=\'{border : 1px solid #c0c0c0;}\' /></a>\r\n</p>'),(4,'egold','0','a:2:{s:19:\"egold_payee_account\";s:0:\"\";s:16:\"egold_payee_name\";s:0:\"\";}','<p> \r\n<a href=\'paynow.php?id={$invoice_id}&m=egold\'>\r\n<img src=\'http://www.e-gold.com/gif/paywith.gif\' border=\'0\' alt=\'Pay Now with e-gold...\' />\r\n</a>\r\n</p>'),(5,'moneybookers','0','a:1:{s:18:\"moneybookers_email\";s:0:\"\";}','<p> \r\n<a href=\'paynow.php?id={$invoice_id}&m=paypal\'><img src=\'http://www.moneybookers.com/images/banners/88_en_mb.gif\' border=\'0\' alt=\'Make payments with Moneybookers - it is fast, free and secure!\' /></a> \r\n</p>'),(6,'paypal-subscriptions','0','a:2:{s:13:\"payment_email\";s:0:\"\";s:21:\"enable_paypal_sandbox\";s:1:\"0\";}','<p> \r\n<a href=\'paynow.php?id={$invoice_id}&m=paypal\'><img src=\'https://www.paypal.com/en_US/i/btn/x-click-but20.gif\' border=\'0\' alt=\'Make payments with PayPal - it is fast, free and secure!\' /></a> \r\n</p>'),(7,'alertpay','0','a:2:{s:14:\"alertpay_email\";s:0:\"\";s:23:\"enable_alertpay_sandbox\";s:1:\"0\";}','<p> \r\n<a href=\'paynow.php?id={$invoice_id}&m=alertpay\'>\r\n<img src=\'https://www.alertpay.com/Images/BuyNow/pay_now_3.gif\' border=\'0\' alt=\'Make payments with PayPal - it is fast, free and secure!\' /></a> \r\n</p>'),(8,'alertpay-subcriptions','0','a:2:{s:14:\"alertpay_email\";s:0:\"\";s:23:\"enable_alertpay_sandbox\";s:1:\"0\";}','<p>\r\n<a href=\'paynow.php?id={$invoice_id}&m=alertpay-subcriptions\'>\r\n<img src=\'https://www.alertpay.com/Images/BuyNow/subscribe_now_15.gif\' border=\'0\' alt=\'Make payments with Alert Pay - it is fast, free and secure!\' /></a> \r\n</p>');

--
-- Table structure for table `idx_payment_history`
--

CREATE TABLE `idx_payment_history` (
  `payment_id` int(10) unsigned NOT NULL auto_increment,
  `contact_name` varchar(255) default NULL,
  `email` varchar(255) default NULL,
  `type` varchar(255) default NULL,
  `detail` text,
  `amount` double default NULL,
  `time` datetime default NULL,
  `invoice_id` varchar(10) default NULL,
  PRIMARY KEY  (`payment_id`)
) ENGINE=MyISAM DEFAULT CHARSET=latin1;

--
-- Dumping data for table `idx_payment_history`
--


--
-- Table structure for table `idx_plugin`
--

CREATE TABLE `idx_plugin` (
  `plugin_id` int(11) NOT NULL auto_increment,
  `name` varchar(255) default NULL,
  `plugin_file` varchar(255) default NULL,
  `status` enum('0','1') default NULL,
  `option_plugin` text,
  PRIMARY KEY  (`plugin_id`)
) ENGINE=MyISAM DEFAULT CHARSET=latin1;

--
-- Dumping data for table `idx_plugin`
--


--
-- Table structure for table `idx_review`
--

CREATE TABLE `idx_review` (
  `review_id` mediumint(9) unsigned NOT NULL auto_increment,
  `link_id` mediumint(9) unsigned NOT NULL default '0',
  `review` text NOT NULL,
  `rating` tinyint(3) unsigned NOT NULL default '0',
  `date` date NOT NULL default '0000-00-00',
  `subject` varchar(100) default NULL,
  `status` char(1) default NULL,
  `username` varchar(20) default NULL,
  `name` varchar(20) default NULL,
  `email` varchar(100) default NULL,
  PRIMARY KEY  (`review_id`)
) ENGINE=MyISAM DEFAULT CHARSET=latin1;

--
-- Dumping data for table `idx_review`
--


--
-- Table structure for table `idx_searchlog`
--

CREATE TABLE `idx_searchlog` (
  `keyword` varchar(100) NOT NULL default '',
  `time` datetime NOT NULL default '0000-00-00 00:00:00',
  `result` mediumint(9) unsigned default NULL,
  `ip` varchar(100) default NULL
) ENGINE=MyISAM DEFAULT CHARSET=latin1;

--
-- Dumping data for table `idx_searchlog`
--


--
-- Table structure for table `idx_set_hook_place`
--

CREATE TABLE `idx_set_hook_place` (
  `set_hook_place_id` int(11) NOT NULL auto_increment,
  `plugin` varchar(255) default NULL,
  `set_hook_place` text,
  PRIMARY KEY  (`set_hook_place_id`)
) ENGINE=MyISAM DEFAULT CHARSET=latin1;

--
-- Dumping data for table `idx_set_hook_place`
--


--
-- Table structure for table `idx_setting`
--

CREATE TABLE `idx_setting` (
  `setting_id` int(11) NOT NULL auto_increment,
  `setting_name` varchar(255) default NULL,
  `setting_value` text,
  PRIMARY KEY  (`setting_id`)
) ENGINE=MyISAM AUTO_INCREMENT=55 DEFAULT CHARSET=latin1;

--
-- Dumping data for table `idx_setting`
--

INSERT INTO `idx_setting` VALUES (4,'site_name','sbmain.com'),(5,'site_url','http://sbmain.com'),(6,'email_address','sbmain@hotmail.com'),(7,'language_code','en_US'),(8,'theme_path','/home/sbmain/public_html/themes/'),(9,'admin_template_path','/home/sbmain/public_html/admin_tpl/'),(10,'plugin_path','/home/sbmain/public_html/plugin/'),(12,'active_theme','sbmain'),(14,'spam_proof','1'),(15,'enable_user_validation','1'),(16,'allowed_file_extension','gif,jpg,png,pdf,zip,doc'),(17,'yahoo_appid',''),(18,'whosonline','600'),(19,'reciprocal_check','0'),(20,'urlcheck_limit','1'),(21,'pagerank_cache','30'),(22,'max_image_width','1024'),(23,'max_image_height','756'),(24,'max_file_size','500'),(25,'only_registered_can_add_link','0'),(26,'only_registered_can_add_review','0'),(27,'db_use_persistent','0'),(28,'paid_link_day_period','30,60,90,180'),(29,'paid_link_price_factor','1,1.5,2,3'),(30,'enable_html_tag','1'),(31,'allowed_html_tag','<b>,<strong>,<i>,<em>,<u>,<pre>,<blockquote>,<ol>,<ul>,<li>,<p>,<span>,<div>,<table>,<tr>,<td>'),(32,'enable_page_compression','0'),(33,'enable_category_ajax','1'),(34,'require_visit_category','0'),(35,'additional_category_price','0.5'),(36,'enable_rating_ajax','1'),(37,'service_nicecoder_avail','1'),(38,'enable_recaptcha','0'),(39,'recaptcha_publickey',''),(40,'recaptcha_privatekey',''),(41,'enable_bidding','0'),(42,'minimum_bid','5'),(43,'bid_increament','1'),(44,'charset','utf-8'),(45,'mailer','mail'),(46,'smtp_auth','0'),(47,'smtp_host',''),(48,'smtp_username',''),(49,'smtp_password',''),(50,'smtp_port','25'),(51,'emailbody_as_html','0'),(52,'indexu_version','2.4'),(53,'tos',''),(54,'submission_guidelines','');

--
-- Table structure for table `idx_tags`
--

CREATE TABLE `idx_tags` (
  `tag` varchar(64) NOT NULL default '',
  `category_id` mediumint(8) unsigned NOT NULL default '0',
  `total` int(11) NOT NULL default '0',
  `tag_path` varchar(64) NOT NULL,
  PRIMARY KEY  (`tag`,`category_id`)
) ENGINE=MyISAM DEFAULT CHARSET=latin1;

--
-- Dumping data for table `idx_tags`
--


--
-- Table structure for table `idx_unavailable`
--

CREATE TABLE `idx_unavailable` (
  `idx_unavailable` int(11) NOT NULL auto_increment,
  `link_id` int(11) default NULL,
  `url` varchar(255) default NULL,
  `who_is` varchar(255) default NULL,
  `note` text,
  `date` datetime default NULL,
  PRIMARY KEY  (`idx_unavailable`)
) ENGINE=MyISAM DEFAULT CHARSET=latin1;

--
-- Dumping data for table `idx_unavailable`
--


--
-- Table structure for table `idx_unavailable_latest`
--

CREATE TABLE `idx_unavailable_latest` (
  `idx_link` int(11) default NULL,
  `record_execution` int(11) default NULL
) ENGINE=MyISAM DEFAULT CHARSET=latin1;

--
-- Dumping data for table `idx_unavailable_latest`
--


--
-- Table structure for table `idx_votes`
--

CREATE TABLE `idx_votes` (
  `link_id` mediumint(9) NOT NULL default '0',
  `ip` varchar(100) default NULL,
  `value` tinyint(4) default NULL
) ENGINE=MyISAM DEFAULT CHARSET=latin1;

--
-- Dumping data for table `idx_votes`
--



