--
-- Host: sbsocial.net    Database: sbsocial_sbsocial
-- ------------------------------------------------------


--
-- Not dumping tablespaces as no INFORMATION_SCHEMA.FILES table on this server
--

--
-- Table structure for table `directory_save_data`
--

CREATE TABLE `directory_save_data` (
  `id` bigint(100) NOT NULL auto_increment,
  `schedule_id` bigint(100) NOT NULL,
  `project_id` bigint(100) NOT NULL,
  `link_id` bigint(100) NOT NULL,
  `confirm_link` text NOT NULL,
  `category_id` int(10) NOT NULL,
  `category_name` varchar(150) NOT NULL,
  PRIMARY KEY  (`id`)
) ENGINE=InnoDB DEFAULT CHARSET=latin1;

--
-- Dumping data for table `directory_save_data`
--


--
-- Table structure for table `idx_admin_menu`
--

CREATE TABLE `idx_admin_menu` (
  `menu_id` int(11) NOT NULL auto_increment,
  `parent_id` int(11) default NULL,
  `menu_title` varchar(255) default NULL,
  `menu_url` varchar(255) default NULL,
  `order_number` int(11) default NULL,
  PRIMARY KEY  (`menu_id`)
) ENGINE=MyISAM AUTO_INCREMENT=85 DEFAULT CHARSET=latin1;

--
-- Dumping data for table `idx_admin_menu`
--



--
-- Table structure for table `idx_bad_link`
--

CREATE TABLE `idx_bad_link` (
  `bad_link_id` mediumint(9) unsigned NOT NULL auto_increment,
  `link_id` mediumint(9) unsigned NOT NULL default '0',
  `name` varchar(50) NOT NULL default '',
  `email` varchar(50) NOT NULL default '',
  `type` tinyint(3) unsigned NOT NULL default '0',
  `date` date NOT NULL default '0000-00-00',
  PRIMARY KEY  (`bad_link_id`)
) ENGINE=MyISAM DEFAULT CHARSET=latin1;

--
-- Dumping data for table `idx_bad_link`
--


--
-- Table structure for table `idx_badwords`
--

CREATE TABLE `idx_badwords` (
  `word` varchar(100) NOT NULL default ''
) ENGINE=MyISAM DEFAULT CHARSET=latin1;

--
-- Dumping data for table `idx_badwords`
--


--
-- Table structure for table `idx_blocked_domain`
--

CREATE TABLE `idx_blocked_domain` (
  `blocked_id` int(11) NOT NULL auto_increment,
  `blocked` varchar(255) default NULL,
  `type` enum('domain','ip') default NULL,
  PRIMARY KEY  (`blocked_id`)
) ENGINE=MyISAM AUTO_INCREMENT=6 DEFAULT CHARSET=latin1;

--
-- Dumping data for table `idx_blocked_domain`
--

INSERT INTO `idx_blocked_domain` VALUES (1,'buydomains.com','domain'),(2,'this-domain-for-sale.com ','domain'),(3,'oversee.net','domain'),(4,'eNom','domain'),(5,'sedoparking.com','domain');

--
-- Table structure for table `idx_category`
--

CREATE TABLE `idx_category` (
  `category_id` mediumint(9) unsigned NOT NULL auto_increment,
  `parent_id` mediumint(9) unsigned NOT NULL default '0',
  `name` varchar(100) NOT NULL default '',
  `description` text NOT NULL,
  `image` varchar(100) default NULL,
  `content` text,
  `visible` char(1) default NULL,
  `links` mediumint(9) default NULL,
  `meta_keyword` text,
  `meta_description` text,
  `permission` char(2) default NULL,
  `registered_only` char(1) default NULL,
  `header` text NOT NULL,
  `footer` text NOT NULL,
  `related` mediumint(6) NOT NULL default '0',
  `page_title` varchar(200) NOT NULL default '',
  `hits` int(11) NOT NULL default '0',
  `order_num` smallint(6) NOT NULL default '0',
  `basic_price` double unsigned NOT NULL default '0',
  `premium_price` double unsigned NOT NULL default '0',
  `sponsored_price` double unsigned NOT NULL default '0',
  PRIMARY KEY  (`category_id`)
) ENGINE=MyISAM AUTO_INCREMENT=37 DEFAULT CHARSET=latin1;

--
-- Dumping data for table `idx_category`
--

INSERT INTO `idx_category` VALUES (1,0,'Arts Gallery & Entertainment ','','folder.gif','','1',14,'','','0','0','','',0,'',1,0,0,0,0),(2,0,'Automobiles ','','folder.gif','','1',26,'','','0','0','','',0,'',0,0,0,0,0),(3,0,'Business & Investment ','','folder.gif','','1',105,'','','0','0','','',0,'',4,0,0,0,0),(4,0,'Careers & Recruitment ','','folder.gif','','1',1,'','','0','0','','',0,'',0,0,0,0,0),(5,0,'Clothing & Designers ','','folder.gif','','1',8,'','','0','0','','',0,'',0,0,0,0,0),(6,0,'Communication  ','','folder.gif','','1',16,'','','0','0','','',0,'',0,0,0,0,0),(7,0,'Computers ','','folder.gif','','1',19,'','','0','0','','',0,'',1,0,0,0,0),(8,0,'Construction and Remodeling ','','folder.gif','','1',67,'','','0','0','','',0,'',0,0,0,0,0),(9,0,'Dental','','folder.gif','','1',18,'','','0','0','','',0,'',0,0,0,0,0),(11,0,'Education & Colleges ','','folder.gif','','1',19,'','','0','0','','',0,'',1,0,0,0,0),(12,0,'Employment & Staffing ','','folder.gif','','1',1,'','','0','0','','',0,'',0,0,0,0,0),(13,0,'Gifts & Stationery ','','folder.gif','','1',19,'','','0','0','','',0,'',0,0,0,0,0),(14,0,'Hardware & Software Systems ','','folder.gif','','1',11,'','','0','0','','',0,'',0,0,0,0,0),(15,0,'Health Resources ','','folder.gif','','1',11,'','','0','0','','',0,'',0,0,0,0,0),(16,0,'Healthcare Related ','','folder.gif','','1',129,'','','0','0','','',0,'',0,0,0,0,0),(17,0,'Air Conditioning & Heating ','','folder.gif','','1',33,'','','0','0','','',0,'',3,0,0,0,0),(18,0,'Home Decor & Garden  ','','folder.gif','','1',9,'','','0','0','','',0,'',1,0,0,0,0),(19,0,'Home Improvement Services ','','folder.gif','','1',262,'','','0','0','','',0,'',1,0,0,0,0),(20,0,'Hotels & Resorts ','','folder.gif','','1',22,'','','0','0','','',0,'',0,0,0,0,0),(21,0,'Insurance Services ','','folder.gif','','1',23,'','','0','0','','',0,'',0,0,0,0,0),(22,0,'Law Services ','','folder.gif','','1',1,'','','0','0','','',0,'',1,0,0,0,0),(23,0,'Lawyers & Legal Consultants ','','folder.gif','','1',138,'','','0','0','','',0,'',0,0,0,0,0),(24,0,'Society & Lifestyle','','folder.gif','','1',4,'','','0','0','','',0,'',0,0,0,0,0),(25,0,'Medicine & Medical Services  ','','folder.gif','','1',5,'','','0','0','','',0,'',0,0,0,0,0),(26,0,'Finance   ','','folder.gif','','1',11,'','','0','0','','',0,'',0,0,0,0,0),(27,0,'News & Journals ','','folder.gif','','1',2,'','','0','0','','',0,'',0,0,0,0,0),(28,0,'Plumbing & Fitting   ','','folder.gif','','1',28,'','','0','0','','',0,'',0,0,0,0,0),(29,0,'Real Estate & Agents  ','','folder.gif','','1',21,'','','0','0','','',0,'',1,0,0,0,0),(30,0,'Environment & Technology ','','folder.gif','','1',14,'','','0','0','','',0,'',1,0,0,0,0),(31,0,'SEO & SMO Marketing ','','folder.gif','','1',18,'','','0','0','','',0,'',0,0,0,0,0),(32,0,'Online Shopping ','','folder.gif','','1',49,'','','0','0','','',0,'',2,0,0,0,0),(33,0,'Sports ','','folder.gif','','1',2,'','','0','0','','',0,'',0,0,0,0,0),(34,0,'Transportation and Logistics Services ','','folder.gif','','1',35,'','','0','0','','',0,'',0,0,0,0,0),(35,0,'Tours & Travel ','','folder.gif','','1',16,'','','0','0','','',0,'',1,0,0,0,0),(36,0,'Wedding & Jewellery ','','folder.gif','','1',8,'','','0','0','','',0,'',0,0,0,0,0);

--
-- Table structure for table `idx_category_path`
--

CREATE TABLE `idx_category_path` (
  `category_id` mediumint(9) NOT NULL default '0',
  `path` text,
  `path_with_url` text,
  `parents` text,
  PRIMARY KEY  (`category_id`)
) ENGINE=MyISAM DEFAULT CHARSET=latin1;

--
-- Dumping data for table `idx_category_path`
--

INSERT INTO `idx_category_path` VALUES (1,'Arts Gallery & Entertainment ','<a href=\"http://sbsocial.net/arts-gallery-entertainment/\" name=\"cat_1\" style=\"\">Arts Gallery & Entertainment </a>',';0;'),(2,'Automobiles ','<a href=\"http://sbsocial.net/automobiles/\" name=\"cat_2\" style=\"\">Automobiles </a>',';0;'),(3,'Business & Investment ','<a href=\"http://sbsocial.net/business-investment/\" name=\"cat_3\" style=\"\">Business & Investment </a>',';0;'),(4,'Careers & Recruitment ','<a href=\"http://sbsocial.net/careers-recruitment/\" name=\"cat_4\" style=\"\">Careers & Recruitment </a>',';0;'),(5,'Clothing & Designers ','<a href=\"http://sbsocial.net/clothing-designers/\" name=\"cat_5\" style=\"\">Clothing & Designers </a>',';0;'),(6,'Communication  ','<a href=\"http://sbsocial.net/communication/\" name=\"cat_6\" style=\"\">Communication  </a>',';0;'),(7,'Computers ','<a href=\"http://sbsocial.net/computers/\" name=\"cat_7\" style=\"\">Computers </a>',';0;'),(8,'Construction and Remodeling ','<a href=\"http://sbsocial.net/construction-and-remodeling/\" name=\"cat_8\" style=\"\">Construction and Remodeling </a>',';0;'),(9,'Dental','<a href=\"http://sbsocial.net/dental/\" name=\"cat_9\" style=\"\">Dental</a>',';0;'),(11,'Education & Colleges ','<a href=\"http://sbsocial.net/education-colleges/\" name=\"cat_11\" style=\"\">Education & Colleges </a>',';0;'),(12,'Employment & Staffing ','<a href=\"http://sbsocial.net/employment-staffing/\" name=\"cat_12\" style=\"\">Employment & Staffing </a>',';0;'),(13,'Gifts & Stationery ','<a href=\"http://sbsocial.net/gifts-stationery/\" name=\"cat_13\" style=\"\">Gifts & Stationery </a>',';0;'),(14,'Hardware & Software Systems ','<a href=\"http://sbsocial.net/hardware-software-systems/\" name=\"cat_14\" style=\"\">Hardware & Software Systems </a>',';0;'),(15,'Health Resources ','<a href=\"http://sbsocial.net/health-resources/\" name=\"cat_15\" style=\"\">Health Resources </a>',';0;'),(16,'Healthcare Related ','<a href=\"http://sbsocial.net/healthcare-related/\" name=\"cat_16\" style=\"\">Healthcare Related </a>',';0;'),(17,'Air Conditioning & Heating ','<a href=\"http://sbsocial.net/air-conditioning-heating/\" name=\"cat_17\" style=\"\">Air Conditioning & Heating </a>',';0;'),(18,'Home Decor & Garden  ','<a href=\"http://sbsocial.net/home-decor-garden/\" name=\"cat_18\" style=\"\">Home Decor & Garden  </a>',';0;'),(19,'Home Improvement Services ','<a href=\"http://sbsocial.net/home-improvement-services/\" name=\"cat_19\" style=\"\">Home Improvement Services </a>',';0;'),(20,'Hotels & Resorts ','<a href=\"http://sbsocial.net/hotels-resorts/\" name=\"cat_20\" style=\"\">Hotels & Resorts </a>',';0;'),(21,'Insurance Services ','<a href=\"http://sbsocial.net/insurance-services/\" name=\"cat_21\" style=\"\">Insurance Services </a>',';0;'),(22,'Law Services ','<a href=\"http://sbsocial.net/law-services/\" name=\"cat_22\" style=\"\">Law Services </a>',';0;'),(23,'Lawyers & Legal Consultants ','<a href=\"http://sbsocial.net/lawyers-legal-consultants/\" name=\"cat_23\" style=\"\">Lawyers & Legal Consultants </a>',';0;'),(24,'Society & Lifestyle','<a href=\"http://sbsocial.net/society-lifestyle/\" name=\"cat_24\" style=\"\">Society & Lifestyle</a>',';0;'),(25,'Medicine & Medical Services  ','<a href=\"http://sbsocial.net/medicine-medical-services/\" name=\"cat_25\" style=\"\">Medicine & Medical Services  </a>',';0;'),(26,'Finance   ','<a href=\"http://sbsocial.net/finance/\" name=\"cat_26\" style=\"\">Finance   </a>',';0;'),(27,'News & Journals ','<a href=\"http://sbsocial.net/news-journals/\" name=\"cat_27\" style=\"\">News & Journals </a>',';0;'),(28,'Plumbing & Fitting   ','<a href=\"http://sbsocial.net/plumbing-fitting/\" name=\"cat_28\" style=\"\">Plumbing & Fitting   </a>',';0;'),(29,'Real Estate & Agents  ','<a href=\"http://sbsocial.net/real-estate-agents/\" name=\"cat_29\" style=\"\">Real Estate & Agents  </a>',';0;'),(30,'Environment & Technology ','<a href=\"http://sbsocial.net/environment-technology/\" name=\"cat_30\" style=\"\">Environment & Technology </a>',';0;'),(31,'SEO & SMO Marketing ','<a href=\"http://sbsocial.net/seo-smo-marketing/\" name=\"cat_31\" style=\"\">SEO & SMO Marketing </a>',';0;'),(32,'Online Shopping ','<a href=\"http://sbsocial.net/online-shopping/\" name=\"cat_32\" style=\"\">Online Shopping </a>',';0;'),(33,'Sports ','<a href=\"http://sbsocial.net/sports/\" name=\"cat_33\" style=\"\">Sports </a>',';0;'),(34,'Transportation and Logistics Services ','<a href=\"http://sbsocial.net/transportation-and-logistics-services/\" name=\"cat_34\" style=\"\">Transportation and Logistics Services </a>',';0;'),(35,'Tours & Travel ','<a href=\"http://sbsocial.net/tours-travel/\" name=\"cat_35\" style=\"\">Tours & Travel </a>',';0;'),(36,'Wedding & Jewellery ','<a href=\"http://sbsocial.net/wedding-jewellery/\" name=\"cat_36\" style=\"\">Wedding & Jewellery </a>',';0;');

--
-- Table structure for table `idx_category_suggession`
--

CREATE TABLE `idx_category_suggession` (
  `id_cat_suggession` int(11) NOT NULL auto_increment,
  `parent_id` int(11) default NULL,
  `name` varchar(255) default NULL,
  `category_description` text,
  `date` datetime default NULL,
  PRIMARY KEY  (`id_cat_suggession`)
) ENGINE=MyISAM AUTO_INCREMENT=2 DEFAULT CHARSET=latin1;

--
-- Dumping data for table `idx_category_suggession`
--

INSERT INTO `idx_category_suggession` VALUES (1,7,'Kelli','Ya learn somehtnig new everyday. It\'s true I guess!','2011-12-29 12:50:21');

--
-- Table structure for table `idx_checkurl`
--

CREATE TABLE `idx_checkurl` (
  `link_id` mediumint(9) NOT NULL default '0',
  `date` date NOT NULL default '0000-00-00',
  `live` char(1) NOT NULL default '',
  `reciprocal_found` char(1) NOT NULL default '',
  PRIMARY KEY  (`link_id`)
) ENGINE=MyISAM DEFAULT CHARSET=latin1;

--
-- Dumping data for table `idx_checkurl`
--


--
-- Table structure for table `idx_cronjobs`
--

CREATE TABLE `idx_cronjobs` (
  `cronjobs_id` int(11) NOT NULL auto_increment,
  `cronjobs_name` varchar(255) default NULL,
  `filename` varchar(255) NOT NULL,
  `schedule` varchar(255) NOT NULL,
  `time` datetime NOT NULL,
  `execution` varchar(1) NOT NULL,
  PRIMARY KEY  (`cronjobs_id`)
) ENGINE=MyISAM AUTO_INCREMENT=4 DEFAULT CHARSET=latin1;

--
-- Dumping data for table `idx_cronjobs`
--

INSERT INTO `idx_cronjobs` VALUES (1,NULL,'clear_templates_c.php','1,*,*,*,*','0000-00-00 00:00:00',''),(2,NULL,'update_tag_cloud.php','*,24,*,*,*','0000-00-00 00:00:00',''),(3,NULL,'clear_rss_cache.php','*,24,*,*,*','0000-00-00 00:00:00','');

--
-- Table structure for table `idx_custom_field`
--

CREATE TABLE `idx_custom_field` (
  `field_name` varchar(32) NOT NULL default '',
  `field_text` varchar(64) NOT NULL default '',
  `field_type` enum('TEXT','TEXTAREA','SELECT','MULTISELECT','CHECKBOX','RADIO','FILE','IMAGE','DATE','DATETIME','RICHEDITOR') NOT NULL default 'TEXT',
  `field_option` text NOT NULL,
  `field_img_width` int(10) unsigned NOT NULL default '0',
  `field_img_height` int(10) unsigned NOT NULL default '0',
  `field_file_size` int(10) unsigned NOT NULL default '0',
  `field_file_extension` varchar(64) NOT NULL default '',
  `required` char(1) NOT NULL default '0',
  `searchable` char(1) NOT NULL default '1',
  `permission` char(1) NOT NULL default '0'
) ENGINE=MyISAM DEFAULT CHARSET=latin1;

--
-- Dumping data for table `idx_custom_field`
--

INSERT INTO `idx_custom_field` VALUES ('image','Image','IMAGE','',0,0,0,'','0','0','2'),('address','Address','TEXT','',0,0,0,'','0','0','0'),('city','City','TEXT','',0,0,0,'','0','0','0'),('state','State','TEXT','',0,0,0,'','0','0','0'),('country','Country','TEXT','',0,0,0,'','0','0','0'),('zip','Zip','TEXT','',0,0,0,'','0','0','0'),('phone','Phone','TEXT','',0,0,0,'','0','0','0'),('fax','Fax','TEXT','',0,0,0,'','0','0','0');

--
-- Table structure for table `idx_default_field`
--

CREATE TABLE `idx_default_field` (
  `field_name` varchar(64) NOT NULL,
  `required` char(1) NOT NULL,
  `visible` char(1) NOT NULL default '1',
  `searchable` char(1) NOT NULL default '1'
) ENGINE=MyISAM DEFAULT CHARSET=latin1;

--
-- Dumping data for table `idx_default_field`
--

INSERT INTO `idx_default_field` VALUES ('title','1','1','1'),('url','1','1','1'),('description','1','1','1'),('keywords','1','1','0'),('contact_name','1','1','1'),('email','1','1','1'),('reciprocal_url','0','0','1');

--
-- Table structure for table `idx_discount_coupon`
--

CREATE TABLE `idx_discount_coupon` (
  `coupon_id` int(11) NOT NULL auto_increment,
  `coupon_code` varchar(255) default NULL,
  `coupon_value` varchar(50) default NULL,
  `link_type` varchar(255) default NULL,
  `start_date` date default NULL,
  `expired_date` date default NULL,
  `expired_usage` int(11) default NULL,
  `usage_count` int(11) default NULL,
  PRIMARY KEY  (`coupon_id`)
) ENGINE=MyISAM DEFAULT CHARSET=latin1;

--
-- Dumping data for table `idx_discount_coupon`
--


--
-- Table structure for table `idx_editor`
--

CREATE TABLE `idx_editor` (
  `username` varchar(20) default NULL,
  `category_id` mediumint(9) default NULL,
  `category` char(1) default NULL,
  `link` char(1) default NULL,
  `review` char(1) default NULL,
  `pick` char(1) default NULL,
  `status` char(1) default NULL,
  `date` date default NULL
) ENGINE=MyISAM DEFAULT CHARSET=latin1;

--
-- Dumping data for table `idx_editor`
--


--
-- Table structure for table `idx_email_template`
--

CREATE TABLE `idx_email_template` (
  `email_template_id` int(10) unsigned NOT NULL auto_increment,
  `name` varchar(255) default NULL,
  `subject` varchar(255) default NULL,
  `body` text,
  `altbody` text,
  PRIMARY KEY  (`email_template_id`)
) ENGINE=MyISAM AUTO_INCREMENT=37 DEFAULT CHARSET=latin1;

--
-- Dumping data for table `idx_email_template`
--



--
-- Table structure for table `idx_favorites`
--

CREATE TABLE `idx_favorites` (
  `favorite_id` int(11) NOT NULL auto_increment,
  `username` varchar(20) default NULL,
  `date` date default NULL,
  `title` varchar(100) default NULL,
  `description` text,
  PRIMARY KEY  (`favorite_id`)
) ENGINE=MyISAM AUTO_INCREMENT=7 DEFAULT CHARSET=latin1;

--
-- Dumping data for table `idx_favorites`
--

INSERT INTO `idx_favorites` VALUES (1,'cletusfabiang55w62','2011-10-18','My Favorites',NULL),(2,'jewellalfonzt73p34','2011-10-19','My Favorites',NULL),(3,'christianpedi11o18','2011-10-31','My Favorites',NULL),(4,'chrisvirgilis94y97','2011-11-01','My Favorites',NULL),(5,'eagleswatches','2011-11-24','My Favorites',NULL),(6,'adaptive84','2011-12-07','My Favorites',NULL);

--
-- Table structure for table `idx_favorites_detail`
--

CREATE TABLE `idx_favorites_detail` (
  `favorite_id` int(11) default NULL,
  `link_id` mediumint(9) default NULL
) ENGINE=MyISAM DEFAULT CHARSET=latin1;

--
-- Dumping data for table `idx_favorites_detail`
--


--
-- Table structure for table `idx_hook_place`
--

CREATE TABLE `idx_hook_place` (
  `hook_place_id` int(11) NOT NULL auto_increment,
  `filename` varchar(255) default NULL,
  `hookname` varchar(255) default NULL,
  PRIMARY KEY  (`hook_place_id`)
) ENGINE=MyISAM DEFAULT CHARSET=latin1;

--
-- Dumping data for table `idx_hook_place`
--


--
-- Table structure for table `idx_invoice`
--

CREATE TABLE `idx_invoice` (
  `invoice_id` varchar(10) NOT NULL default '',
  `invoice_date` date default NULL,
  `due_date` date default NULL,
  `invoiced_to` text,
  `service` varchar(255) default NULL,
  `description` text,
  `total` double(8,2) default NULL,
  `comment` text,
  `paid` char(1) default NULL,
  `paid_date` date default NULL,
  `email` varchar(255) default NULL,
  PRIMARY KEY  (`invoice_id`)
) ENGINE=MyISAM DEFAULT CHARSET=latin1;

--
-- Dumping data for table `idx_invoice`
--


--
-- Table structure for table `idx_invoice_config`
--

CREATE TABLE `idx_invoice_config` (
  `company` varchar(255) default NULL,
  `contact` varchar(255) default NULL,
  `address` text,
  `phone` varchar(255) default NULL,
  `email` varchar(255) default NULL,
  `currency_symbol` varchar(255) default '$',
  `currency_code` varchar(255) default 'USD'
) ENGINE=MyISAM DEFAULT CHARSET=latin1;

--
-- Dumping data for table `idx_invoice_config`
--

INSERT INTO `idx_invoice_config` VALUES ('Your website / Company','Billing Department','Your address','Your phone #','Billing<name@yourdomain.com>','$','USD');

--
-- Table structure for table `idx_link_temp`
--

CREATE TABLE `idx_link_temp` (
  `vid` mediumint(9) unsigned NOT NULL auto_increment,
  `spam` char(1) NOT NULL default '0',
  `link_id` mediumint(9) default NULL,
  `category_id` mediumint(9) unsigned NOT NULL default '0',
  `title` varchar(100) NOT NULL default '',
  `url` text NOT NULL,
  `description` text NOT NULL,
  `contact_name` varchar(100) NOT NULL default '',
  `email` varchar(100) NOT NULL default '',
  `hits` mediumint(9) default NULL,
  `votes` smallint(6) default NULL,
  `rating` float(4,2) default NULL,
  `date` datetime NOT NULL default '0000-00-00 00:00:00',
  `bid` smallint(6) NOT NULL default '0',
  `new` char(1) default NULL,
  `hot` char(1) default NULL,
  `top_rated` char(1) default NULL,
  `pick` char(1) default NULL,
  `password` varchar(20) default NULL,
  `updated` char(1) default NULL,
  `reviews` smallint(6) default NULL,
  `avg_review` float(4,2) default NULL,
  `last_updated` datetime default NULL,
  `official_review` text,
  `keywords` varchar(255) default NULL,
  `cat1` mediumint(6) NOT NULL default '0',
  `cat2` mediumint(6) NOT NULL default '0',
  `suspended` char(1) NOT NULL default '0',
  `reciprocal_url` varchar(255) default NULL,
  `address` varchar(255) default NULL,
  `city` varchar(255) default NULL,
  `state` varchar(255) default NULL,
  `country` varchar(255) default NULL,
  `zip` varchar(255) default NULL,
  `image` varchar(255) default NULL,
  `phone` varchar(255) default NULL,
  `fax` varchar(255) default NULL,
  PRIMARY KEY  (`vid`)
) ENGINE=MyISAM DEFAULT CHARSET=latin1;

--
-- Dumping data for table `idx_link_temp`
--


--
-- Table structure for table `idx_link_temp_user`
--

CREATE TABLE `idx_link_temp_user` (
  `vid` mediumint(9) unsigned NOT NULL default '0',
  `username` varchar(20) NOT NULL default '',
  PRIMARY KEY  (`vid`)
) ENGINE=MyISAM DEFAULT CHARSET=latin1;

--
-- Dumping data for table `idx_link_temp_user`
--


--
-- Table structure for table `idx_link_user`
--

CREATE TABLE `idx_link_user` (
  `link_id` mediumint(9) unsigned NOT NULL default '0',
  `username` varchar(20) NOT NULL default '',
  PRIMARY KEY  (`link_id`)
) ENGINE=MyISAM DEFAULT CHARSET=latin1;

--
-- Dumping data for table `idx_link_user`
--


--
-- Table structure for table `idx_mailing_list`
--

CREATE TABLE `idx_mailing_list` (
  `email` varchar(50) NOT NULL default '',
  `code` varchar(4) default NULL,
  `status` char(1) default NULL,
  PRIMARY KEY  (`email`)
) ENGINE=MyISAM DEFAULT CHARSET=latin1;

--
-- Dumping data for table `idx_mailing_list`
--


--
-- Table structure for table `idx_message`
--

CREATE TABLE `idx_message` (
  `message_id` smallint(6) NOT NULL auto_increment,
  `date` date default NULL,
  `body` text,
  `subject` varchar(100) default NULL,
  PRIMARY KEY  (`message_id`)
) ENGINE=MyISAM DEFAULT CHARSET=latin1;

--
-- Dumping data for table `idx_message`
--


--
-- Table structure for table `idx_notification`
--

CREATE TABLE `idx_notification` (
  `username` varchar(20) NOT NULL default '',
  `category_id` mediumint(9) NOT NULL default '0'
) ENGINE=MyISAM DEFAULT CHARSET=latin1;

--
-- Dumping data for table `idx_notification`
--


--
-- Table structure for table `idx_pagerank`
--

CREATE TABLE `idx_pagerank` (
  `link_id` mediumint(8) unsigned NOT NULL default '0',
  `engine` char(1) NOT NULL default '',
  `rank` tinyint(4) NOT NULL default '0',
  `last_update` date NOT NULL default '0000-00-00',
  PRIMARY KEY  (`link_id`,`engine`)
) ENGINE=MyISAM DEFAULT CHARSET=latin1;

--
-- Dumping data for table `idx_pagerank`
--

INSERT INTO `idx_pagerank` VALUES (1,'g',0,'2011-10-15'),(6,'g',0,'2011-10-15'),(7,'g',0,'2011-10-15'),(5,'g',0,'2011-10-15'),(4,'g',0,'2011-10-15'),(2,'g',0,'2011-08-21'),(8,'g',1,'2011-08-21'),(3,'g',0,'2011-08-21'),(9,'g',0,'2011-10-15'),(12,'g',0,'2011-08-22'),(13,'g',0,'2011-10-15'),(11,'g',0,'2011-10-15'),(10,'g',0,'2011-10-15'),(17,'g',0,'2011-10-10'),(24,'g',0,'2012-01-27'),(14,'g',0,'2011-10-15'),(23,'g',0,'2011-10-15'),(25,'g',0,'2011-10-15'),(29,'g',0,'2011-08-31'),(28,'g',0,'2012-02-13'),(31,'g',2,'2011-09-05'),(32,'g',0,'2011-09-05'),(40,'g',4,'2011-09-08'),(44,'g',4,'2011-09-09'),(42,'g',0,'2011-10-10'),(37,'g',1,'2011-09-10'),(38,'g',5,'2011-09-10'),(39,'g',5,'2011-09-10'),(35,'g',0,'2012-01-23'),(36,'g',0,'2012-02-25'),(43,'g',6,'2011-09-12'),(51,'g',3,'2011-09-14'),(48,'g',6,'2011-09-15'),(50,'g',3,'2011-09-16'),(34,'g',1,'2011-09-17'),(26,'g',4,'2011-09-17'),(20,'g',0,'2011-09-17'),(27,'g',0,'2011-09-17'),(19,'g',4,'2011-09-17'),(21,'g',3,'2011-09-17'),(52,'g',3,'2011-09-18'),(55,'g',2,'2011-09-18'),(53,'g',3,'2011-09-18'),(57,'g',2,'2011-09-18'),(56,'g',2,'2011-09-18'),(54,'g',2,'2011-09-18'),(70,'g',0,'2012-01-10'),(46,'g',2,'2011-09-18'),(79,'g',4,'2011-09-19'),(85,'g',3,'2011-09-21'),(86,'g',3,'2011-09-21'),(84,'g',2,'2011-09-21'),(87,'g',2,'2011-09-21'),(47,'g',4,'2011-09-23'),(92,'g',2,'2011-09-25'),(33,'g',0,'2012-01-03'),(67,'g',0,'2011-09-25'),(93,'g',2,'2011-09-27'),(91,'g',4,'2011-09-27'),(95,'g',2,'2011-09-27'),(98,'g',3,'2011-09-27'),(96,'g',2,'2011-09-28'),(90,'g',2,'2011-09-28'),(111,'g',0,'2011-09-29'),(102,'g',0,'2011-09-30'),(114,'g',0,'2012-01-04'),(109,'g',0,'2012-01-22'),(105,'g',0,'2011-10-01'),(115,'g',0,'2011-12-30'),(101,'g',0,'2011-10-02'),(16,'g',10,'2011-10-04'),(15,'g',0,'2011-10-04'),(120,'g',0,'2012-01-04'),(99,'g',0,'2011-10-04'),(130,'g',0,'2011-11-07'),(117,'g',0,'2012-01-03'),(116,'g',0,'2012-01-03'),(110,'g',0,'2011-10-05'),(134,'g',0,'2011-10-08'),(131,'g',0,'2011-10-08'),(137,'g',0,'2011-12-11'),(126,'g',0,'2011-10-09'),(127,'g',0,'2011-12-30'),(144,'g',0,'2011-10-09'),(145,'g',0,'2011-10-09'),(133,'g',0,'2012-01-04'),(136,'g',0,'2011-10-10'),(22,'g',0,'2011-10-10'),(138,'g',0,'2012-01-19'),(141,'g',0,'2011-10-10'),(159,'g',0,'2011-11-13'),(154,'g',0,'2012-01-25'),(162,'g',0,'2011-10-13'),(135,'g',0,'2011-10-13'),(139,'g',0,'2012-02-14'),(142,'g',0,'2011-10-13'),(143,'g',0,'2011-10-14'),(140,'g',0,'2012-01-21'),(150,'g',0,'2012-01-03'),(151,'g',0,'2011-10-15'),(164,'g',0,'2011-12-14'),(168,'g',0,'2011-10-15'),(45,'g',0,'2011-10-15'),(89,'g',0,'2011-10-15'),(73,'g',0,'2011-10-15'),(49,'g',0,'2011-10-15'),(66,'g',0,'2011-10-15'),(64,'g',0,'2011-10-15'),(65,'g',0,'2011-10-15'),(78,'g',0,'2011-10-15'),(169,'g',0,'2011-10-16'),(146,'g',0,'2011-11-15'),(100,'g',0,'2011-10-16'),(103,'g',0,'2011-10-16'),(106,'g',0,'2011-10-16'),(104,'g',0,'2011-10-16'),(165,'g',0,'2012-01-17'),(157,'g',0,'2012-01-17'),(119,'g',0,'2011-10-17'),(155,'g',0,'2011-12-16'),(149,'g',0,'2012-01-25'),(163,'g',0,'2011-10-21'),(153,'g',0,'2011-10-22'),(156,'g',0,'2011-10-22'),(175,'g',0,'2011-10-23'),(176,'g',0,'2011-10-23'),(174,'g',0,'2011-10-23'),(160,'g',0,'2012-01-23'),(258,'g',0,'2011-10-24'),(434,'g',0,'2011-10-24'),(230,'g',0,'2011-10-24'),(397,'g',0,'2012-01-10'),(198,'g',0,'2011-10-24'),(282,'g',0,'2012-01-10'),(178,'g',0,'2011-10-24'),(225,'g',0,'2011-10-24'),(381,'g',0,'2011-10-24'),(399,'g',0,'2011-10-24'),(186,'g',0,'2011-10-24'),(420,'g',0,'2011-10-24'),(309,'g',0,'2011-10-24'),(370,'g',0,'2011-10-24'),(376,'g',0,'2011-10-24'),(308,'g',0,'2011-10-24'),(307,'g',0,'2011-10-24'),(220,'g',0,'2011-10-24'),(378,'g',0,'2011-10-24'),(304,'g',0,'2011-10-24'),(588,'g',0,'2011-10-24'),(223,'g',0,'2011-10-25'),(342,'g',0,'2011-10-25'),(415,'g',0,'2011-10-25'),(224,'g',0,'2011-10-25'),(248,'g',0,'2011-10-25'),(354,'g',0,'2011-10-25'),(505,'g',0,'2011-11-26'),(465,'g',0,'2011-10-25'),(348,'g',0,'2011-10-25'),(192,'g',0,'2011-10-25'),(363,'g',0,'2011-12-13'),(269,'g',0,'2011-12-08'),(353,'g',0,'2011-12-08'),(393,'g',0,'2011-10-25'),(276,'g',0,'2011-12-13'),(349,'g',0,'2011-12-08'),(216,'g',0,'2011-10-25'),(265,'g',0,'2011-12-08'),(502,'g',0,'2012-01-11'),(236,'g',0,'2011-10-25'),(433,'g',0,'2011-11-26'),(201,'g',0,'2011-11-26'),(320,'g',0,'2011-10-25'),(413,'g',0,'2012-02-07'),(277,'g',0,'2012-02-07'),(275,'g',0,'2012-02-07'),(300,'g',0,'2011-10-25'),(191,'g',0,'2011-10-25'),(482,'g',0,'2012-01-11'),(193,'g',0,'2011-10-25'),(285,'g',0,'2012-02-07'),(375,'g',0,'2011-10-25'),(259,'g',0,'2011-12-08'),(177,'g',0,'2011-12-08'),(181,'g',0,'2012-01-11'),(185,'g',0,'2012-01-25'),(343,'g',0,'2011-12-08'),(183,'g',0,'2012-01-25'),(450,'g',0,'2012-02-02'),(487,'g',0,'2011-10-25'),(569,'g',0,'2011-11-26'),(445,'g',0,'2011-10-25'),(264,'g',0,'2011-10-25'),(184,'g',0,'2012-01-25'),(427,'g',0,'2011-10-25'),(517,'g',0,'2011-10-25'),(498,'g',0,'2012-02-27'),(467,'g',0,'2011-10-25'),(188,'g',0,'2011-10-25'),(239,'g',0,'2011-10-25'),(424,'g',0,'2011-10-25'),(323,'g',0,'2011-10-25'),(332,'g',0,'2011-10-25'),(486,'g',0,'2012-01-23'),(540,'g',0,'2011-10-25'),(532,'g',0,'2011-10-25'),(504,'g',0,'2011-10-25'),(575,'g',0,'2011-10-25'),(240,'g',0,'2011-10-25'),(260,'g',0,'2011-11-26'),(488,'g',0,'2011-10-25'),(579,'g',0,'2011-10-25'),(585,'g',0,'2011-11-26'),(531,'g',0,'2011-11-26'),(563,'g',0,'2011-10-25'),(344,'g',0,'2011-11-26'),(324,'g',0,'2011-10-25'),(254,'g',0,'2011-10-25'),(338,'g',0,'2011-10-25'),(555,'g',0,'2011-10-25'),(270,'g',0,'2011-10-25'),(523,'g',0,'2011-10-25'),(518,'g',0,'2011-11-26'),(470,'g',0,'2011-10-25'),(291,'g',0,'2012-01-04'),(243,'g',0,'2011-10-26'),(241,'g',0,'2011-10-26'),(246,'g',0,'2011-10-26'),(296,'g',0,'2011-10-26'),(242,'g',0,'2011-10-26'),(244,'g',0,'2011-10-26'),(247,'g',0,'2011-10-26'),(249,'g',0,'2011-10-26'),(279,'g',0,'2011-10-26'),(263,'g',0,'2011-10-26'),(266,'g',0,'2011-10-26'),(268,'g',0,'2011-10-26'),(280,'g',0,'2012-02-13'),(286,'g',0,'2012-02-13'),(281,'g',0,'2012-02-13'),(261,'g',0,'2011-10-26'),(284,'g',0,'2012-02-13'),(283,'g',0,'2012-02-13'),(257,'g',0,'2011-10-26'),(292,'g',0,'2012-02-14'),(205,'g',0,'2011-10-26'),(290,'g',0,'2012-02-14'),(262,'g',0,'2011-10-26'),(287,'g',0,'2012-02-14'),(208,'g',0,'2011-10-26'),(227,'g',0,'2011-10-26'),(289,'g',0,'2012-02-14'),(228,'g',0,'2011-10-26'),(166,'g',0,'2012-02-12'),(215,'g',0,'2011-10-27'),(321,'g',0,'2011-10-27'),(237,'g',0,'2011-10-27'),(362,'g',0,'2011-10-27'),(373,'g',0,'2011-10-27'),(299,'g',0,'2011-10-27'),(180,'g',0,'2011-12-30'),(273,'g',0,'2011-12-30'),(255,'g',0,'2011-10-27'),(189,'g',0,'2011-10-27'),(278,'g',0,'2011-12-30'),(256,'g',0,'2011-10-27'),(297,'g',0,'2011-10-27'),(294,'g',0,'2011-10-28'),(360,'g',0,'2012-01-30'),(190,'g',0,'2011-10-28'),(274,'g',0,'2012-01-30'),(357,'g',0,'2012-01-30'),(369,'g',0,'2011-10-28'),(210,'g',0,'2011-10-28'),(213,'g',0,'2011-10-28'),(592,'g',0,'2011-10-28'),(618,'g',0,'2012-01-25'),(602,'g',0,'2011-10-28'),(606,'g',0,'2012-01-25'),(194,'g',0,'2011-10-28'),(389,'g',0,'2011-11-28'),(306,'g',0,'2011-11-28'),(411,'g',0,'2011-11-28'),(222,'g',0,'2011-11-28'),(374,'g',0,'2011-11-28'),(217,'g',0,'2011-10-28'),(250,'g',0,'2011-10-29'),(301,'g',0,'2011-12-02'),(182,'g',0,'2012-01-04'),(238,'g',0,'2011-10-29'),(267,'g',0,'2011-12-02'),(272,'g',0,'2011-10-30'),(298,'g',0,'2011-10-30'),(221,'g',0,'2011-10-30'),(214,'g',0,'2011-10-30'),(271,'g',0,'2011-10-30'),(305,'g',0,'2011-10-30'),(356,'g',0,'2011-10-30'),(355,'g',0,'2011-10-30'),(627,'g',0,'2011-10-30'),(621,'g',0,'2011-10-30'),(629,'g',0,'2011-10-30'),(628,'g',0,'2011-10-30'),(598,'g',0,'2011-10-31'),(211,'g',0,'2011-10-31'),(315,'g',0,'2011-10-31'),(231,'g',0,'2011-10-31'),(235,'g',0,'2011-10-31'),(234,'g',0,'2011-10-31'),(245,'g',0,'2011-10-31'),(617,'g',0,'2011-10-31'),(604,'g',0,'2012-01-23'),(615,'g',0,'2011-10-31'),(600,'g',0,'2011-10-31'),(616,'g',0,'2011-10-31'),(233,'g',0,'2011-11-01'),(405,'g',0,'2012-01-23'),(444,'g',0,'2011-11-01'),(423,'g',0,'2011-11-01'),(317,'g',0,'2011-11-01'),(422,'g',0,'2011-11-04'),(179,'g',0,'2011-11-04'),(295,'g',0,'2011-11-04'),(402,'g',0,'2011-11-04'),(383,'g',0,'2011-12-18'),(293,'g',0,'2012-01-04'),(624,'g',0,'2011-11-04'),(310,'g',0,'2011-11-04'),(226,'g',0,'2011-11-04'),(152,'g',0,'2011-12-18'),(209,'g',0,'2011-11-04'),(622,'g',0,'2011-11-04'),(551,'g',0,'2011-11-04'),(452,'g',0,'2011-11-04'),(620,'g',0,'2011-11-04'),(625,'g',0,'2011-11-04'),(601,'g',0,'2011-11-04'),(626,'g',0,'2011-11-04'),(612,'g',0,'2011-11-04'),(595,'g',0,'2011-11-04'),(218,'g',0,'2011-11-05'),(368,'g',0,'2011-11-05'),(302,'g',0,'2011-11-05'),(303,'g',0,'2011-11-05'),(379,'g',0,'2011-11-05'),(219,'g',0,'2011-11-05'),(401,'g',0,'2011-11-05'),(382,'g',0,'2011-11-05'),(398,'g',0,'2011-11-05'),(603,'g',0,'2011-11-05'),(288,'g',0,'2012-02-21'),(416,'g',0,'2011-11-05'),(204,'g',0,'2011-12-11'),(479,'g',0,'2012-01-10'),(591,'g',0,'2011-12-11'),(404,'g',0,'2011-11-05'),(392,'g',0,'2011-11-05'),(516,'g',0,'2011-11-05'),(545,'g',0,'2011-11-05'),(414,'g',0,'2011-11-05'),(385,'g',0,'2011-11-05'),(366,'g',0,'2012-01-07'),(580,'g',0,'2011-11-05'),(519,'g',0,'2011-11-05'),(503,'g',0,'2011-11-05'),(539,'g',0,'2011-11-05'),(520,'g',0,'2011-11-05'),(573,'g',0,'2011-11-05'),(395,'g',0,'2011-11-05'),(499,'g',0,'2011-11-05'),(469,'g',0,'2011-11-05'),(454,'g',0,'2011-11-05'),(447,'g',0,'2012-01-24'),(468,'g',0,'2011-11-05'),(448,'g',0,'2011-11-05'),(463,'g',0,'2011-11-05'),(453,'g',0,'2011-11-05'),(611,'g',0,'2011-12-29'),(607,'g',0,'2011-12-17'),(574,'g',0,'2011-11-05'),(584,'g',0,'2011-11-05'),(515,'g',0,'2012-01-11'),(589,'g',0,'2011-11-05'),(417,'g',0,'2011-12-15'),(455,'g',0,'2011-11-05'),(490,'g',0,'2011-11-05'),(326,'g',0,'2011-11-05'),(475,'g',0,'2011-11-05'),(212,'g',0,'2011-11-05'),(328,'g',0,'2011-11-05'),(466,'g',0,'2011-11-05'),(558,'g',0,'2011-11-05'),(327,'g',0,'2011-11-05'),(564,'g',0,'2011-11-05'),(367,'g',0,'2011-11-05'),(331,'g',0,'2011-11-05'),(333,'g',0,'2011-11-05'),(432,'g',0,'2011-12-16'),(435,'g',0,'2011-11-05'),(443,'g',0,'2011-11-05'),(439,'g',0,'2011-11-05'),(347,'g',0,'2011-11-05'),(251,'g',0,'2011-11-05'),(203,'g',0,'2011-11-05'),(594,'g',0,'2011-12-17'),(593,'g',0,'2011-11-05'),(311,'g',0,'2011-11-05'),(543,'g',0,'2011-11-05'),(458,'g',0,'2011-11-05'),(346,'g',0,'2011-11-05'),(547,'g',0,'2011-11-05'),(403,'g',0,'2012-01-24'),(196,'g',0,'2011-11-05'),(489,'g',0,'2011-11-05'),(496,'g',0,'2011-11-05'),(459,'g',0,'2011-11-06'),(567,'g',0,'2011-11-06'),(572,'g',0,'2011-11-06'),(510,'g',0,'2011-11-06'),(577,'g',0,'2011-11-06'),(202,'g',0,'2011-11-06'),(491,'g',0,'2011-11-06'),(316,'g',0,'2011-11-06'),(597,'g',0,'2011-11-06'),(513,'g',0,'2011-11-06'),(406,'g',0,'2011-11-06'),(509,'g',0,'2011-11-06'),(483,'g',0,'2011-11-06'),(476,'g',0,'2011-11-06'),(578,'g',0,'2011-11-06'),(252,'g',0,'2011-11-06'),(322,'g',0,'2011-11-06'),(336,'g',0,'2011-11-06'),(350,'g',0,'2011-11-06'),(390,'g',0,'2012-03-02'),(167,'g',0,'2012-03-02'),(530,'g',0,'2011-11-06'),(339,'g',0,'2011-11-06'),(553,'g',0,'2011-11-06'),(609,'g',0,'2011-11-06'),(421,'g',0,'2011-11-06'),(605,'g',0,'2012-01-17'),(529,'g',0,'2011-11-06'),(391,'g',0,'2011-11-06'),(436,'g',0,'2011-11-06'),(325,'g',0,'2011-11-06'),(472,'g',0,'2011-11-06'),(481,'g',0,'2011-11-06'),(195,'g',0,'2011-11-06'),(562,'g',0,'2011-11-06'),(330,'g',0,'2011-11-06'),(485,'g',0,'2011-11-06'),(457,'g',0,'2011-11-06'),(451,'g',0,'2011-11-06'),(559,'g',0,'2011-11-06'),(561,'g',0,'2011-11-06'),(556,'g',0,'2011-11-06'),(380,'g',0,'2011-11-06'),(438,'g',0,'2012-02-28'),(429,'g',0,'2011-12-15'),(528,'g',0,'2011-11-06'),(462,'g',0,'2011-11-06'),(599,'g',0,'2011-11-06'),(566,'g',0,'2011-11-06'),(253,'g',0,'2011-11-06'),(232,'g',0,'2011-11-06'),(538,'g',0,'2011-11-06'),(497,'g',0,'2011-11-06'),(351,'g',0,'2011-11-06'),(419,'g',0,'2011-11-06'),(526,'g',0,'2011-11-06'),(335,'g',0,'2011-11-06'),(511,'g',0,'2011-11-06'),(507,'g',0,'2011-11-06'),(377,'g',0,'2011-11-06'),(506,'g',0,'2011-11-06'),(409,'g',0,'2011-11-06'),(492,'g',0,'2011-11-06'),(345,'g',0,'2011-11-06'),(384,'g',0,'2011-11-06'),(334,'g',0,'2011-11-06'),(341,'g',0,'2011-11-06'),(187,'g',0,'2011-11-06'),(206,'g',0,'2011-11-06'),(352,'g',0,'2011-11-06'),(508,'g',0,'2011-11-06'),(200,'g',0,'2011-11-06'),(514,'g',0,'2011-11-06'),(199,'g',0,'2011-11-06'),(582,'g',0,'2011-11-06'),(471,'g',0,'2012-01-25'),(583,'g',0,'2011-11-06'),(495,'g',0,'2011-11-06'),(500,'g',0,'2011-11-06'),(565,'g',0,'2011-11-06'),(480,'g',0,'2011-11-06'),(494,'g',0,'2011-11-06'),(581,'g',0,'2011-11-06'),(576,'g',0,'2011-11-06'),(337,'g',0,'2011-11-06'),(340,'g',0,'2011-11-06'),(501,'g',0,'2011-11-06'),(477,'g',0,'2011-11-06'),(365,'g',0,'2011-11-06'),(570,'g',0,'2011-11-06'),(535,'g',0,'2011-11-06'),(552,'g',0,'2011-11-06'),(557,'g',0,'2011-11-06'),(619,'g',0,'2011-11-06'),(314,'g',0,'2011-11-06'),(623,'g',0,'2011-12-14'),(613,'g',0,'2012-02-12'),(608,'g',0,'2011-11-06'),(207,'g',0,'2011-11-06'),(474,'g',0,'2011-11-06'),(359,'g',0,'2011-11-06'),(632,'g',0,'2011-11-06'),(640,'g',0,'2011-11-06'),(610,'g',0,'2011-11-06'),(493,'g',0,'2011-11-06'),(571,'g',0,'2011-11-06'),(522,'g',0,'2011-11-06'),(388,'g',0,'2011-12-26'),(456,'g',0,'2011-11-06'),(464,'g',0,'2011-11-06'),(312,'g',0,'2011-11-06'),(428,'g',0,'2011-11-06'),(525,'g',0,'2011-11-06'),(512,'g',0,'2011-12-16'),(568,'g',0,'2011-11-06'),(425,'g',0,'2011-11-06'),(473,'g',0,'2012-01-25'),(484,'g',0,'2011-11-06'),(440,'g',0,'2011-11-06'),(396,'g',0,'2011-11-06'),(536,'g',0,'2011-11-06'),(527,'g',0,'2011-11-06'),(197,'g',0,'2011-11-06'),(537,'g',0,'2011-11-06'),(412,'g',0,'2011-11-06'),(394,'g',0,'2012-02-10'),(431,'g',0,'2011-11-06'),(229,'g',0,'2011-11-06'),(313,'g',0,'2011-11-06'),(361,'g',0,'2011-11-07'),(371,'g',0,'2011-11-07'),(386,'g',0,'2011-11-07'),(521,'g',0,'2011-12-15'),(372,'g',0,'2011-12-16'),(387,'g',0,'2011-11-07'),(407,'g',0,'2011-11-07'),(533,'g',0,'2011-11-07'),(524,'g',0,'2011-11-07'),(534,'g',0,'2011-11-07'),(641,'g',0,'2011-11-08'),(630,'g',0,'2011-11-08'),(478,'g',0,'2011-11-08'),(441,'g',0,'2011-11-08'),(550,'g',0,'2011-11-08'),(546,'g',0,'2011-11-08'),(460,'g',0,'2011-11-08'),(446,'g',0,'2011-11-08'),(549,'g',0,'2011-11-08'),(437,'g',0,'2011-11-08'),(449,'g',0,'2011-11-08'),(430,'g',0,'2011-11-08'),(634,'g',0,'2011-11-09'),(426,'g',0,'2011-11-09'),(408,'g',0,'2011-11-09'),(319,'g',0,'2011-11-09'),(318,'g',0,'2011-11-09'),(418,'g',0,'2011-11-09'),(358,'g',0,'2012-02-10'),(400,'g',0,'2011-11-09'),(410,'g',0,'2011-11-09'),(364,'g',0,'2011-11-09'),(329,'g',0,'2011-11-09'),(631,'g',0,'2011-11-09'),(638,'g',0,'2011-11-09'),(635,'g',0,'2011-11-09'),(642,'g',0,'2011-11-09'),(637,'g',0,'2011-11-10'),(636,'g',0,'2011-11-10'),(633,'g',0,'2011-11-10'),(587,'g',0,'2011-11-10'),(586,'g',0,'2011-11-10'),(542,'g',0,'2011-11-10'),(541,'g',0,'2011-11-10'),(548,'g',0,'2011-11-10'),(596,'g',0,'2011-11-11'),(544,'g',0,'2011-11-11'),(653,'g',0,'2011-11-13'),(656,'g',0,'2011-11-13'),(644,'g',0,'2011-11-15'),(645,'g',0,'2011-11-15'),(660,'g',0,'2011-11-15'),(651,'g',0,'2011-11-17'),(652,'g',0,'2011-11-17'),(646,'g',0,'2011-11-17'),(648,'g',0,'2011-11-17'),(647,'g',0,'2011-11-17'),(442,'g',0,'2011-11-17'),(461,'g',0,'2011-11-17'),(554,'g',0,'2011-11-17'),(590,'g',0,'2012-01-17'),(659,'g',0,'2011-11-17'),(639,'g',0,'2011-11-17'),(657,'g',0,'2011-11-17'),(661,'g',0,'2011-11-18'),(655,'g',0,'2011-11-20'),(668,'g',0,'2011-11-21'),(654,'g',0,'2011-11-21'),(614,'g',0,'2011-11-21'),(643,'g',0,'2011-11-21'),(560,'g',0,'2011-11-21'),(649,'g',0,'2011-11-21'),(658,'g',0,'2011-11-22'),(662,'g',0,'2011-11-22'),(965,'g',0,'2012-02-15'),(699,'g',0,'2012-02-16'),(731,'g',0,'2012-02-15'),(917,'g',0,'2012-01-07'),(827,'g',0,'2011-11-24'),(937,'g',0,'2011-11-24'),(909,'g',0,'2011-11-24'),(852,'g',0,'2011-11-24'),(807,'g',0,'2011-11-24'),(950,'g',0,'2011-11-24'),(810,'g',0,'2011-11-24'),(760,'g',0,'2012-02-12'),(867,'g',0,'2012-01-07'),(907,'g',0,'2012-02-12'),(777,'g',0,'2012-02-12'),(911,'g',0,'2012-02-12'),(744,'g',0,'2011-11-25'),(742,'g',0,'2011-11-25'),(745,'g',0,'2011-11-25'),(663,'g',0,'2011-11-25'),(780,'g',0,'2011-12-26'),(781,'g',0,'2011-12-26'),(787,'g',0,'2011-12-26'),(842,'g',0,'2011-12-26'),(702,'g',0,'2011-11-25'),(705,'g',0,'2011-11-25'),(703,'g',0,'2011-11-25'),(698,'g',0,'2011-11-25'),(701,'g',0,'2011-11-25'),(700,'g',0,'2011-11-26'),(961,'g',0,'2011-11-26'),(666,'g',0,'2011-11-26'),(904,'g',0,'2011-11-26'),(960,'g',0,'2011-11-26'),(884,'g',0,'2011-11-26'),(730,'g',0,'2011-11-26'),(671,'g',0,'2011-11-26'),(743,'g',0,'2011-11-26'),(765,'g',0,'2011-11-26'),(759,'g',0,'2011-11-26'),(689,'g',0,'2011-11-26'),(697,'g',0,'2011-11-26'),(782,'g',0,'2012-03-03'),(762,'g',0,'2012-02-27'),(691,'g',0,'2012-02-28'),(735,'g',0,'2011-11-26'),(682,'g',0,'2011-11-26'),(732,'g',0,'2011-11-26'),(706,'g',0,'2011-11-26'),(704,'g',0,'2011-11-26'),(756,'g',0,'2011-11-27'),(734,'g',0,'2011-11-27'),(754,'g',0,'2011-11-27'),(942,'g',0,'2012-01-05'),(879,'g',0,'2011-11-27'),(739,'g',0,'2012-02-29'),(686,'g',0,'2011-11-27'),(796,'g',0,'2011-11-27'),(812,'g',0,'2011-11-27'),(755,'g',0,'2011-11-27'),(695,'g',0,'2011-11-27'),(749,'g',0,'2011-11-27'),(692,'g',0,'2011-11-27'),(766,'g',0,'2011-11-27'),(788,'g',0,'2011-11-27'),(690,'g',0,'2011-11-27'),(679,'g',0,'2011-11-27'),(681,'g',0,'2011-11-27'),(696,'g',0,'2011-11-27'),(680,'g',0,'2011-11-27'),(718,'g',0,'2011-11-27'),(719,'g',0,'2011-11-27'),(716,'g',0,'2011-11-27'),(729,'g',0,'2011-11-27'),(717,'g',0,'2011-11-27'),(720,'g',0,'2011-11-27'),(685,'g',0,'2011-11-27'),(683,'g',0,'2011-11-27'),(821,'g',0,'2011-11-27'),(952,'g',0,'2011-11-27'),(843,'g',0,'2011-11-27'),(793,'g',0,'2011-11-27'),(930,'g',0,'2011-11-27'),(753,'g',0,'2011-11-27'),(746,'g',0,'2011-11-27'),(768,'g',0,'2011-11-27'),(838,'g',0,'2011-11-28'),(733,'g',0,'2011-11-28'),(775,'g',0,'2011-11-28'),(818,'g',0,'2011-11-28'),(837,'g',0,'2011-11-28'),(790,'g',0,'2011-11-28'),(898,'g',0,'2011-11-28'),(979,'g',0,'2011-11-28'),(786,'g',0,'2011-11-28'),(1028,'g',0,'2011-11-28'),(819,'g',0,'2011-11-29'),(805,'g',0,'2012-01-10'),(806,'g',0,'2012-01-10'),(673,'g',0,'2011-11-30'),(991,'g',0,'2011-11-30'),(1005,'g',0,'2011-11-30'),(763,'g',0,'2011-11-30'),(1004,'g',0,'2011-11-30'),(678,'g',0,'2011-11-30'),(992,'g',0,'2011-11-30'),(677,'g',0,'2011-11-30'),(896,'g',0,'2011-11-30'),(672,'g',0,'2011-11-30'),(1100,'g',0,'2011-11-30'),(1007,'g',0,'2011-11-30'),(1008,'g',0,'2011-11-30'),(1137,'g',0,'2011-11-30'),(714,'g',0,'2012-02-15'),(688,'g',0,'2012-02-15'),(1091,'g',0,'2011-12-02'),(945,'g',0,'2012-01-13'),(1113,'g',0,'2011-12-02'),(903,'g',0,'2012-01-13'),(809,'g',0,'2012-01-13'),(854,'g',0,'2012-01-13'),(751,'g',0,'2012-01-11'),(667,'g',0,'2011-12-02'),(774,'g',0,'2012-01-11'),(669,'g',0,'2011-12-02'),(676,'g',0,'2011-12-02'),(674,'g',0,'2011-12-02'),(737,'g',0,'2012-01-11'),(1112,'g',0,'2012-02-15'),(1050,'g',0,'2011-12-05'),(797,'g',0,'2011-12-05'),(1037,'g',0,'2011-12-05'),(1236,'g',0,'2012-02-15'),(1252,'g',0,'2012-02-15'),(1219,'g',0,'2012-02-15'),(1223,'g',0,'2012-02-15'),(1279,'g',0,'2012-01-24'),(1082,'g',0,'2012-01-05'),(1099,'g',0,'2012-01-05'),(1093,'g',0,'2012-01-05'),(1103,'g',0,'2012-01-05'),(1032,'g',0,'2012-01-24'),(664,'g',0,'2011-12-08'),(1229,'g',0,'2011-12-09'),(1224,'g',0,'2011-12-09'),(1277,'g',0,'2011-12-09'),(1270,'g',0,'2011-12-10'),(1220,'g',0,'2012-02-12'),(1271,'g',0,'2011-12-10'),(1319,'g',0,'2012-02-12'),(1321,'g',0,'2011-12-11'),(853,'g',0,'2011-12-12'),(856,'g',0,'2011-12-12'),(804,'g',0,'2011-12-12'),(1332,'g',0,'2012-02-15'),(835,'g',0,'2011-12-13'),(728,'g',0,'2012-02-15'),(747,'g',0,'2011-12-13'),(1016,'g',0,'2011-12-13'),(1017,'g',0,'2011-12-13'),(1366,'g',0,'2012-01-24'),(1379,'g',0,'2011-12-14'),(1358,'g',0,'2011-12-14'),(1353,'g',0,'2011-12-14'),(1346,'g',0,'2011-12-14'),(1359,'g',0,'2011-12-14'),(1356,'g',0,'2011-12-14'),(1348,'g',0,'2011-12-14'),(726,'g',0,'2011-12-14'),(1355,'g',0,'2011-12-14'),(1349,'g',0,'2011-12-14'),(757,'g',0,'2011-12-14'),(877,'g',0,'2011-12-14'),(901,'g',0,'2011-12-15'),(1170,'g',0,'2012-02-27'),(1101,'g',0,'2012-02-27'),(1094,'g',0,'2012-02-27'),(1284,'g',0,'2011-12-15'),(1394,'g',0,'2011-12-15'),(808,'g',0,'2011-12-15'),(1361,'g',0,'2011-12-15'),(1360,'g',0,'2011-12-15'),(1363,'g',0,'2011-12-15'),(1362,'g',0,'2011-12-15'),(840,'g',0,'2011-12-16'),(776,'g',0,'2011-12-16'),(687,'g',0,'2011-12-16'),(694,'g',0,'2011-12-16'),(693,'g',0,'2011-12-16'),(791,'g',0,'2011-12-16'),(798,'g',0,'2011-12-16'),(830,'g',0,'2011-12-16'),(841,'g',0,'2011-12-16'),(795,'g',0,'2011-12-17'),(892,'g',0,'2011-12-17'),(900,'g',0,'2011-12-17'),(1354,'g',0,'2011-12-18'),(1231,'g',0,'2011-12-19'),(1328,'g',0,'2011-12-19'),(1213,'g',0,'2011-12-19'),(1418,'g',0,'2011-12-19'),(1123,'g',0,'2011-12-20'),(1085,'g',0,'2011-12-20'),(1098,'g',0,'2011-12-20'),(1117,'g',0,'2011-12-20'),(1096,'g',0,'2011-12-20'),(1102,'g',0,'2011-12-20'),(1119,'g',0,'2011-12-20'),(1115,'g',0,'2011-12-20'),(1125,'g',0,'2011-12-20'),(1122,'g',0,'2011-12-20'),(1083,'g',0,'2011-12-20'),(1038,'g',0,'2011-12-20'),(1011,'g',0,'2011-12-20'),(1081,'g',0,'2011-12-20'),(1001,'g',0,'2011-12-20'),(1010,'g',0,'2011-12-20'),(1014,'g',0,'2011-12-20'),(1013,'g',0,'2011-12-20'),(1043,'g',0,'2011-12-20'),(1012,'g',0,'2011-12-20'),(1438,'g',0,'2011-12-21'),(1439,'g',0,'2011-12-21'),(1420,'g',0,'2011-12-21'),(1435,'g',0,'2011-12-21'),(839,'g',0,'2011-12-21'),(859,'g',0,'2011-12-21'),(861,'g',0,'2011-12-21'),(891,'g',0,'2011-12-21'),(889,'g',0,'2011-12-21'),(890,'g',0,'2011-12-21'),(1400,'g',0,'2011-12-21'),(1402,'g',0,'2011-12-21'),(1399,'g',0,'2011-12-21'),(1036,'g',0,'2011-12-22'),(913,'g',0,'2012-02-07'),(882,'g',0,'2012-02-07'),(989,'g',0,'2011-12-22'),(887,'g',0,'2012-02-07'),(828,'g',0,'2012-02-07'),(1398,'g',0,'2011-12-22'),(1442,'g',0,'2011-12-22'),(1444,'g',0,'2011-12-22'),(1397,'g',0,'2011-12-22'),(1430,'g',0,'2011-12-22'),(1401,'g',0,'2011-12-22'),(1446,'g',0,'2011-12-23'),(1391,'g',0,'2011-12-23'),(1357,'g',0,'2011-12-23'),(848,'g',0,'2011-12-23'),(831,'g',0,'2011-12-23'),(829,'g',0,'2011-12-23'),(1458,'g',0,'2011-12-23'),(1378,'g',0,'2011-12-23'),(1404,'g',0,'2012-02-14'),(1381,'g',0,'2012-02-14'),(1436,'g',0,'2011-12-24'),(1449,'g',0,'2011-12-24'),(895,'g',0,'2011-12-25'),(832,'g',0,'2011-12-25'),(849,'g',0,'2011-12-25'),(845,'g',0,'2011-12-25'),(883,'g',0,'2011-12-25'),(912,'g',0,'2011-12-25'),(893,'g',0,'2011-12-25'),(851,'g',0,'2011-12-25'),(850,'g',0,'2011-12-25'),(915,'g',0,'2011-12-25'),(1451,'g',0,'2011-12-26'),(1405,'g',0,'2011-12-26'),(1433,'g',0,'2012-02-15'),(1390,'g',0,'2011-12-26'),(1015,'g',0,'2012-02-02'),(1474,'g',0,'2012-02-15'),(1476,'g',0,'2012-01-26'),(1497,'g',0,'2011-12-28'),(1422,'g',0,'2011-12-28'),(1421,'g',0,'2011-12-28'),(1434,'g',0,'2011-12-28'),(1455,'g',0,'2011-12-28'),(1429,'g',0,'2011-12-28'),(1448,'g',0,'2011-12-28'),(1440,'g',0,'2011-12-28'),(1425,'g',0,'2011-12-28'),(1396,'g',0,'2011-12-28'),(1424,'g',0,'2011-12-28'),(1426,'g',0,'2011-12-28'),(1432,'g',0,'2012-02-27'),(1443,'g',0,'2011-12-28'),(1456,'g',0,'2011-12-28'),(1423,'g',0,'2011-12-28'),(1453,'g',0,'2011-12-28'),(1431,'g',0,'2011-12-28'),(1450,'g',0,'2011-12-28'),(1428,'g',0,'2011-12-29'),(1427,'g',0,'2011-12-29'),(1494,'g',0,'2011-12-29'),(1403,'g',0,'2011-12-29'),(1473,'g',0,'2011-12-29'),(1351,'g',0,'2011-12-29'),(1475,'g',0,'2011-12-29'),(794,'g',0,'2011-12-29'),(738,'g',0,'2011-12-29'),(1441,'g',0,'2011-12-29'),(1454,'g',0,'2011-12-29'),(1499,'g',0,'2011-12-29'),(1498,'g',0,'2011-12-29'),(1496,'g',0,'2011-12-29'),(1509,'g',0,'2011-12-29'),(1320,'g',0,'2011-12-30'),(1485,'g',0,'2011-12-30'),(1529,'g',0,'2012-02-15'),(1513,'g',0,'2012-01-01'),(1471,'g',0,'2012-01-01'),(1507,'g',0,'2012-02-15'),(1520,'g',0,'2012-01-02'),(1526,'g',0,'2012-01-02'),(1524,'g',0,'2012-01-03'),(1525,'g',0,'2012-01-03'),(1550,'g',0,'2012-01-03'),(1521,'g',0,'2012-01-03'),(1553,'g',0,'2012-01-03'),(1561,'g',0,'2012-01-03'),(1551,'g',0,'2012-01-03'),(1552,'g',0,'2012-01-04'),(1491,'g',0,'2012-01-04'),(1559,'g',0,'2012-01-04'),(1527,'g',0,'2012-01-06'),(1532,'g',0,'2012-01-06'),(1557,'g',0,'2012-01-06'),(1576,'g',0,'2012-01-07'),(1545,'g',0,'2012-01-07'),(1544,'g',0,'2012-01-07'),(1579,'g',0,'2012-02-12'),(1517,'g',0,'2012-01-07'),(1542,'g',0,'2012-01-09'),(886,'g',0,'2012-01-09'),(959,'g',0,'2012-01-09'),(948,'g',0,'2012-01-09'),(779,'g',0,'2012-01-09'),(868,'g',0,'2012-01-09'),(778,'g',0,'2012-01-09'),(715,'g',0,'2012-01-09'),(792,'g',0,'2012-01-09'),(923,'g',0,'2012-01-09'),(929,'g',0,'2012-01-09'),(1040,'g',0,'2012-03-04'),(1596,'g',0,'2012-01-09'),(1569,'g',0,'2012-01-10'),(1548,'g',0,'2012-01-10'),(1634,'g',0,'2012-01-11'),(1575,'g',0,'2012-01-11'),(1541,'g',0,'2012-01-11'),(1565,'g',0,'2012-01-11'),(1515,'g',0,'2012-01-11'),(1639,'g',0,'2012-01-11'),(1607,'g',0,'2012-01-11'),(1549,'g',0,'2012-01-12'),(1651,'g',0,'2012-01-14'),(1644,'g',0,'2012-01-14'),(1630,'g',0,'2012-01-14'),(1641,'g',0,'2012-01-14'),(1643,'g',0,'2012-01-15'),(1667,'g',0,'2012-01-15'),(1668,'g',0,'2012-01-15'),(1669,'g',0,'2012-01-15'),(988,'g',0,'2012-01-16'),(871,'g',0,'2012-01-16'),(972,'g',0,'2012-01-16'),(980,'g',0,'2012-01-16'),(1034,'g',0,'2012-01-16'),(947,'g',0,'2012-01-16'),(963,'g',0,'2012-01-16'),(1020,'g',0,'2012-01-16'),(1018,'g',0,'2012-01-16'),(1023,'g',0,'2012-01-16'),(1021,'g',0,'2012-01-16'),(1022,'g',0,'2012-01-16'),(1027,'g',0,'2012-01-16'),(1024,'g',0,'2012-01-16'),(1508,'g',0,'2012-01-16'),(1019,'g',0,'2012-01-16'),(1025,'g',0,'2012-01-16'),(1580,'g',0,'2012-01-16'),(1026,'g',0,'2012-01-16'),(1636,'g',0,'2012-01-16'),(1109,'g',0,'2012-01-16'),(1336,'g',0,'2012-01-16'),(1622,'g',0,'2012-01-16'),(1627,'g',0,'2012-01-17'),(1614,'g',0,'2012-01-17'),(1623,'g',0,'2012-01-17'),(1695,'g',0,'2012-01-20'),(1638,'g',0,'2012-01-20'),(1629,'g',0,'2012-01-20'),(1584,'g',0,'2012-01-20'),(1516,'g',0,'2012-01-20'),(1537,'g',0,'2012-01-20'),(1528,'g',0,'2012-01-20'),(1547,'g',0,'2012-01-20'),(977,'g',0,'2012-01-20'),(974,'g',0,'2012-01-20'),(1484,'g',0,'2012-01-20'),(1600,'g',0,'2012-01-20'),(1543,'g',0,'2012-01-21'),(1620,'g',0,'2012-01-21'),(1593,'g',0,'2012-01-21'),(1594,'g',0,'2012-01-21'),(1693,'g',0,'2012-01-21'),(1615,'g',0,'2012-01-21'),(1633,'g',0,'2012-01-21'),(1677,'g',0,'2012-01-21'),(1132,'g',0,'2012-01-21'),(1088,'g',0,'2012-01-21'),(1317,'g',0,'2012-01-21'),(1106,'g',0,'2012-01-21'),(1116,'g',0,'2012-01-21'),(1571,'g',0,'2012-01-21'),(1461,'g',0,'2012-01-21'),(1481,'g',0,'2012-01-21'),(1479,'g',0,'2012-01-21'),(1495,'g',0,'2012-01-21'),(1572,'g',0,'2012-01-21'),(1480,'g',0,'2012-01-21'),(1483,'g',0,'2012-01-21'),(1478,'g',0,'2012-01-21'),(1500,'g',0,'2012-01-21'),(1462,'g',0,'2012-01-21'),(1534,'g',0,'2012-01-21'),(1482,'g',0,'2012-01-21'),(1696,'g',0,'2012-01-22'),(1691,'g',0,'2012-01-22'),(1690,'g',0,'2012-01-22'),(1705,'g',0,'2012-01-22'),(1673,'g',0,'2012-01-22'),(1672,'g',0,'2012-01-22'),(1574,'g',0,'2012-01-22'),(1560,'g',0,'2012-01-22'),(1597,'g',0,'2012-01-22'),(1329,'g',0,'2012-01-22'),(1369,'g',0,'2012-01-22'),(1490,'g',0,'2012-01-22'),(1330,'g',0,'2012-01-22'),(1371,'g',0,'2012-01-22'),(1364,'g',0,'2012-01-22'),(1370,'g',0,'2012-01-22'),(1558,'g',0,'2012-01-22'),(1568,'g',0,'2012-01-22'),(1567,'g',0,'2012-01-22'),(1609,'g',0,'2012-01-22'),(1601,'g',0,'2012-01-22'),(1540,'g',0,'2012-01-22'),(1570,'g',0,'2012-01-22'),(1546,'g',0,'2012-01-22'),(1519,'g',0,'2012-01-22'),(1518,'g',0,'2012-01-22'),(1504,'g',0,'2012-01-22'),(1539,'g',0,'2012-01-22'),(1538,'g',0,'2012-01-22'),(1505,'g',0,'2012-01-22'),(1506,'g',0,'2012-01-22'),(1554,'g',0,'2012-01-22'),(1613,'g',0,'2012-01-22'),(1564,'g',0,'2012-01-22'),(1612,'g',0,'2012-01-22'),(1599,'g',0,'2012-01-22'),(1604,'g',0,'2012-01-22'),(1605,'g',0,'2012-01-22'),(1603,'g',0,'2012-01-22'),(1489,'g',0,'2012-01-22'),(1710,'g',0,'2012-01-23'),(1704,'g',0,'2012-01-23'),(1714,'g',0,'2012-01-23'),(1703,'g',0,'2012-01-23'),(1692,'g',0,'2012-01-23'),(919,'g',0,'2012-01-23'),(1031,'g',0,'2012-01-23'),(1709,'g',0,'2012-01-23'),(1090,'g',0,'2012-01-23'),(1030,'g',0,'2012-01-23'),(1029,'g',0,'2012-01-23'),(1726,'g',0,'2012-01-23'),(943,'g',0,'2012-01-23'),(922,'g',0,'2012-01-23'),(1175,'g',0,'2012-01-23'),(926,'g',0,'2012-01-23'),(928,'g',0,'2012-01-23'),(1587,'g',0,'2012-01-24'),(939,'g',0,'2012-01-24'),(1662,'g',0,'2012-01-24'),(1598,'g',0,'2012-01-24'),(1595,'g',0,'2012-01-24'),(1493,'g',0,'2012-01-24'),(944,'g',0,'2012-01-24'),(931,'g',0,'2012-01-24'),(1658,'g',0,'2012-01-24'),(1660,'g',0,'2012-01-24'),(1680,'g',0,'2012-01-24'),(1689,'g',0,'2012-01-24'),(1679,'g',0,'2012-01-24'),(1678,'g',0,'2012-01-24'),(1659,'g',0,'2012-01-24'),(978,'g',0,'2012-01-24'),(1108,'g',0,'2012-01-24'),(1214,'g',0,'2012-01-24'),(957,'g',0,'2012-01-24'),(1035,'g',0,'2012-01-24'),(1625,'g',0,'2012-01-24'),(748,'g',0,'2012-01-24'),(813,'g',0,'2012-01-24'),(817,'g',0,'2012-01-24'),(815,'g',0,'2012-01-24'),(826,'g',0,'2012-01-24'),(844,'g',0,'2012-01-24'),(866,'g',0,'2012-01-24'),(822,'g',0,'2012-01-24'),(767,'g',0,'2012-01-24'),(1645,'g',0,'2012-01-24'),(764,'g',0,'2012-01-24'),(1650,'g',0,'2012-01-24'),(997,'g',0,'2012-01-24'),(1278,'g',0,'2012-01-24'),(1350,'g',0,'2012-01-24'),(1041,'g',0,'2012-01-24'),(1033,'g',0,'2012-01-24'),(1637,'g',0,'2012-01-24'),(784,'g',0,'2012-01-24'),(1657,'g',0,'2012-01-24'),(758,'g',0,'2012-01-24'),(855,'g',0,'2012-01-24'),(1649,'g',0,'2012-01-24'),(773,'g',0,'2012-01-24'),(1655,'g',0,'2012-01-24'),(752,'g',0,'2012-01-24'),(847,'g',0,'2012-01-24'),(1617,'g',0,'2012-01-24'),(799,'g',0,'2012-01-24'),(1654,'g',0,'2012-01-24'),(1727,'g',0,'2012-01-24'),(1720,'g',0,'2012-01-24'),(1631,'g',0,'2012-01-24'),(1729,'g',0,'2012-01-24'),(1715,'g',0,'2012-01-24'),(1624,'g',0,'2012-01-24'),(801,'g',0,'2012-01-24'),(846,'g',0,'2012-01-24'),(1656,'g',0,'2012-01-24'),(1632,'g',0,'2012-01-24'),(834,'g',0,'2012-01-24'),(811,'g',0,'2012-01-24'),(741,'g',0,'2012-01-24'),(1626,'g',0,'2012-01-24'),(1611,'g',0,'2012-01-24'),(1602,'g',0,'2012-01-24'),(1608,'g',0,'2012-01-24'),(836,'g',0,'2012-01-24'),(955,'g',0,'2012-01-24'),(934,'g',0,'2012-01-24'),(902,'g',0,'2012-01-24'),(880,'g',0,'2012-01-24'),(876,'g',0,'2012-01-24'),(924,'g',0,'2012-01-24'),(870,'g',0,'2012-01-24'),(863,'g',0,'2012-01-24'),(862,'g',0,'2012-01-24'),(803,'g',0,'2012-01-24'),(789,'g',0,'2012-01-24'),(874,'g',0,'2012-01-24'),(802,'g',0,'2012-01-24'),(820,'g',0,'2012-01-24'),(873,'g',0,'2012-01-24'),(864,'g',0,'2012-01-24'),(999,'g',0,'2012-01-24'),(984,'g',0,'2012-01-24'),(993,'g',0,'2012-01-24'),(949,'g',0,'2012-01-25'),(925,'g',0,'2012-01-25'),(958,'g',0,'2012-01-25'),(938,'g',0,'2012-01-25'),(932,'g',0,'2012-01-25'),(956,'g',0,'2012-01-25'),(878,'g',0,'2012-01-25'),(971,'g',0,'2012-01-25'),(975,'g',0,'2012-01-25'),(954,'g',0,'2012-01-25'),(1706,'g',0,'2012-01-25'),(1716,'g',0,'2012-01-25'),(1694,'g',0,'2012-01-25'),(1719,'g',0,'2012-01-25'),(1717,'g',0,'2012-01-25'),(1732,'g',0,'2012-01-25'),(1708,'g',0,'2012-01-25'),(1080,'g',0,'2012-01-25'),(986,'g',0,'2012-01-25'),(1042,'g',0,'2012-01-25'),(1165,'g',0,'2012-01-25'),(1047,'g',0,'2012-01-25'),(1087,'g',0,'2012-01-25'),(1045,'g',0,'2012-01-25'),(1164,'g',0,'2012-01-25'),(1044,'g',0,'2012-01-25'),(816,'g',0,'2012-01-26'),(1674,'g',0,'2012-01-26'),(814,'g',0,'2012-01-26'),(800,'g',0,'2012-01-26'),(1711,'g',0,'2012-01-26'),(783,'g',0,'2012-01-26'),(1725,'g',0,'2012-01-26'),(1697,'g',0,'2012-01-26'),(1701,'g',0,'2012-01-26'),(1702,'g',0,'2012-01-26'),(1700,'g',0,'2012-01-26'),(1698,'g',0,'2012-01-26'),(1723,'g',0,'2012-01-26'),(1722,'g',0,'2012-01-26'),(1699,'g',0,'2012-01-26'),(1661,'g',0,'2012-01-27'),(1741,'g',0,'2012-01-27'),(1166,'g',0,'2012-01-27'),(1374,'g',0,'2012-01-27'),(1373,'g',0,'2012-01-27'),(858,'g',0,'2012-01-27'),(953,'g',0,'2012-01-27'),(969,'g',0,'2012-01-27'),(987,'g',0,'2012-01-27'),(857,'g',0,'2012-01-27'),(921,'g',0,'2012-01-27'),(933,'g',0,'2012-01-27'),(951,'g',0,'2012-01-27'),(962,'g',0,'2012-01-27'),(995,'g',0,'2012-01-27'),(865,'g',0,'2012-01-27'),(996,'g',0,'2012-01-27'),(998,'g',0,'2012-01-27'),(981,'g',0,'2012-01-27'),(914,'g',0,'2012-01-27'),(881,'g',0,'2012-01-27'),(935,'g',0,'2012-01-27'),(869,'g',0,'2012-01-27'),(936,'g',0,'2012-01-27'),(710,'g',0,'2012-01-27'),(711,'g',0,'2012-01-27'),(708,'g',0,'2012-01-27'),(707,'g',0,'2012-01-27'),(709,'g',0,'2012-01-27'),(1744,'g',0,'2012-01-27'),(1767,'g',0,'2012-01-27'),(1777,'g',0,'2012-01-27'),(1120,'g',0,'2012-01-27'),(1118,'g',0,'2012-01-27'),(1078,'g',0,'2012-01-27'),(1072,'g',0,'2012-01-27'),(1071,'g',0,'2012-01-27'),(1069,'g',0,'2012-01-27'),(1124,'g',0,'2012-01-27'),(1089,'g',0,'2012-01-27'),(1074,'g',0,'2012-01-27'),(1077,'g',0,'2012-01-27'),(1075,'g',0,'2012-01-27'),(1076,'g',0,'2012-01-27'),(1180,'g',0,'2012-01-27'),(1185,'g',0,'2012-01-27'),(1168,'g',0,'2012-01-27'),(1186,'g',0,'2012-01-27'),(1183,'g',0,'2012-01-28'),(1177,'g',0,'2012-01-28'),(1181,'g',0,'2012-01-28'),(1184,'g',0,'2012-01-28'),(1173,'g',0,'2012-01-28'),(1182,'g',0,'2012-01-28'),(1073,'g',0,'2012-01-28'),(1068,'g',0,'2012-01-28'),(1734,'g',0,'2012-01-28'),(1070,'g',0,'2012-01-28'),(1066,'g',0,'2012-01-28'),(1121,'g',0,'2012-01-28'),(1065,'g',0,'2012-01-28'),(1749,'g',0,'2012-01-28'),(1064,'g',0,'2012-01-28'),(1067,'g',0,'2012-01-28'),(1747,'g',0,'2012-01-28'),(1060,'g',0,'2012-01-28'),(1057,'g',0,'2012-01-28'),(1061,'g',0,'2012-01-28'),(1059,'g',0,'2012-01-28'),(1733,'g',0,'2012-01-28'),(1055,'g',0,'2012-01-28'),(1058,'g',0,'2012-01-28'),(1062,'g',0,'2012-01-28'),(1056,'g',0,'2012-01-28'),(1063,'g',0,'2012-01-28'),(1054,'g',0,'2012-01-28'),(1000,'g',0,'2012-01-28'),(1046,'g',0,'2012-01-28'),(1052,'g',0,'2012-01-28'),(1002,'g',0,'2012-01-28'),(1053,'g',0,'2012-01-28'),(1203,'g',0,'2012-01-28'),(1197,'g',0,'2012-01-28'),(1202,'g',0,'2012-01-28'),(1198,'g',0,'2012-01-28'),(1206,'g',0,'2012-01-28'),(1201,'g',0,'2012-01-29'),(1205,'g',0,'2012-01-29'),(1200,'g',0,'2012-01-29'),(1204,'g',0,'2012-01-29'),(1199,'g',0,'2012-01-29'),(1128,'g',0,'2012-01-29'),(1163,'g',0,'2012-01-29'),(1134,'g',0,'2012-01-29'),(1167,'g',0,'2012-01-29'),(1133,'g',0,'2012-01-29'),(1130,'g',0,'2012-01-29'),(1131,'g',0,'2012-01-29'),(1126,'g',0,'2012-01-29'),(1195,'g',0,'2012-01-29'),(1196,'g',0,'2012-01-29'),(1189,'g',0,'2012-01-29'),(1187,'g',0,'2012-01-29'),(1190,'g',0,'2012-01-29'),(1188,'g',0,'2012-01-29'),(1218,'g',0,'2012-01-29'),(1212,'g',0,'2012-01-29'),(1193,'g',0,'2012-01-29'),(1210,'g',0,'2012-01-29'),(1211,'g',0,'2012-01-29'),(1207,'g',0,'2012-01-29'),(1208,'g',0,'2012-01-29'),(1778,'g',0,'2012-01-29'),(1225,'g',0,'2012-01-29'),(1191,'g',0,'2012-01-29'),(1192,'g',0,'2012-01-29'),(1194,'g',0,'2012-01-29'),(1209,'g',0,'2012-01-29'),(1227,'g',0,'2012-01-29'),(1226,'g',0,'2012-01-29'),(1740,'g',0,'2012-01-29'),(1718,'g',0,'2012-01-30'),(1821,'g',0,'2012-01-30'),(1817,'g',0,'2012-01-30'),(1739,'g',0,'2012-01-30'),(1743,'g',0,'2012-01-30'),(1803,'g',0,'2012-01-31'),(1811,'g',0,'2012-01-31'),(1730,'g',0,'2012-01-31'),(1105,'g',0,'2012-01-31'),(1810,'g',0,'2012-01-31'),(1798,'g',0,'2012-01-31'),(1737,'g',0,'2012-01-31'),(1721,'g',0,'2012-01-31'),(1728,'g',0,'2012-01-31'),(1806,'g',0,'2012-02-01'),(1822,'g',0,'2012-02-01'),(1831,'g',0,'2012-02-02'),(967,'g',0,'2012-02-02'),(1784,'g',0,'2012-02-03'),(1783,'g',0,'2012-02-03'),(1782,'g',0,'2012-02-03'),(1735,'g',0,'2012-02-03'),(1819,'g',0,'2012-02-03'),(1051,'g',0,'2012-02-03'),(1272,'g',0,'2012-02-03'),(1813,'g',0,'2012-02-04'),(1808,'g',0,'2012-02-04'),(1816,'g',0,'2012-02-04'),(1804,'g',0,'2012-02-04'),(1796,'g',0,'2012-02-04'),(1830,'g',0,'2012-02-05'),(1809,'g',0,'2012-02-05'),(1825,'g',0,'2012-02-06'),(1814,'g',0,'2012-02-06'),(1334,'g',0,'2012-02-06'),(1785,'g',0,'2012-02-07'),(1738,'g',0,'2012-02-07'),(985,'g',0,'2012-02-07'),(860,'g',0,'2012-02-07'),(973,'g',0,'2012-02-07'),(872,'g',0,'2012-02-07'),(1048,'g',0,'2012-02-07'),(1488,'g',0,'2012-02-07'),(1039,'g',0,'2012-02-07'),(1880,'g',0,'2012-02-07'),(1389,'g',0,'2012-02-07'),(1621,'g',0,'2012-02-07'),(1801,'g',0,'2012-02-07'),(1870,'g',0,'2012-02-08'),(1882,'g',0,'2012-02-08'),(1879,'g',0,'2012-02-08'),(1883,'g',0,'2012-02-09'),(1797,'g',0,'2012-02-09'),(1789,'g',0,'2012-02-10'),(1820,'g',0,'2012-02-10'),(1793,'g',0,'2012-02-10'),(1791,'g',0,'2012-02-10'),(1787,'g',0,'2012-02-10'),(1790,'g',0,'2012-02-10'),(1788,'g',0,'2012-02-10'),(1792,'g',0,'2012-02-10'),(1906,'g',0,'2012-02-10'),(684,'g',0,'2012-02-11'),(1536,'g',0,'2012-02-11'),(1871,'g',0,'2012-02-11'),(740,'g',0,'2012-02-11'),(750,'g',0,'2012-02-11'),(1487,'g',0,'2012-02-11'),(1472,'g',0,'2012-02-11'),(1477,'g',0,'2012-02-11'),(1463,'g',0,'2012-02-11'),(1486,'g',0,'2012-02-11'),(1937,'g',0,'2012-02-12'),(1919,'g',0,'2012-02-13'),(713,'g',0,'2012-02-13'),(721,'g',0,'2012-02-13'),(722,'g',0,'2012-02-13'),(724,'g',0,'2012-02-13'),(723,'g',0,'2012-02-13'),(712,'g',0,'2012-02-13'),(1842,'g',0,'2012-02-13'),(1273,'g',0,'2012-02-13'),(1135,'g',0,'2012-02-13'),(1853,'g',0,'2012-02-13'),(1823,'g',0,'2012-02-13'),(1877,'g',0,'2012-02-13'),(1951,'g',0,'2012-02-13'),(1824,'g',0,'2012-02-13'),(1169,'g',0,'2012-02-13'),(770,'g',0,'2012-02-13'),(727,'g',0,'2012-02-13'),(769,'g',0,'2012-02-13'),(824,'g',0,'2012-02-13'),(725,'g',0,'2012-02-13'),(823,'g',0,'2012-02-13'),(1885,'g',0,'2012-02-13'),(1217,'g',0,'2012-02-13'),(1849,'g',0,'2012-02-13'),(772,'g',0,'2012-02-13'),(785,'g',0,'2012-02-14'),(833,'g',0,'2012-02-14'),(825,'g',0,'2012-02-14'),(1852,'g',0,'2012-02-14'),(1918,'g',0,'2012-02-14'),(1863,'g',0,'2012-02-14'),(1866,'g',0,'2012-02-14'),(1950,'g',0,'2012-02-14'),(1917,'g',0,'2012-02-14'),(1955,'g',0,'2012-02-14'),(1944,'g',0,'2012-02-14'),(1802,'g',0,'2012-02-14'),(1818,'g',0,'2012-02-15'),(1815,'g',0,'2012-02-15'),(1742,'g',0,'2012-02-15'),(1176,'g',0,'2012-02-16'),(1174,'g',0,'2012-02-16'),(1960,'g',0,'2012-02-16'),(1947,'g',0,'2012-02-16'),(1642,'g',0,'2012-02-17'),(1945,'g',0,'2012-02-17'),(1688,'g',0,'2012-02-17'),(1685,'g',0,'2012-02-17'),(1618,'g',0,'2012-02-17'),(1686,'g',0,'2012-02-17'),(1687,'g',0,'2012-02-17'),(1682,'g',0,'2012-02-17'),(1684,'g',0,'2012-02-17'),(1683,'g',0,'2012-02-17'),(1681,'g',0,'2012-02-17'),(1936,'g',0,'2012-02-18'),(1965,'g',0,'2012-02-18'),(1954,'g',0,'2012-02-18'),(1958,'g',0,'2012-02-18'),(1946,'g',0,'2012-02-18'),(1920,'g',0,'2012-02-18'),(1948,'g',0,'2012-02-19'),(1949,'g',0,'2012-02-19'),(1953,'g',0,'2012-02-19'),(1966,'g',0,'2012-02-19'),(1934,'g',0,'2012-02-19'),(1959,'g',0,'2012-02-19'),(1964,'g',0,'2012-02-19'),(1956,'g',0,'2012-02-19'),(1372,'g',0,'2012-02-20'),(1903,'g',0,'2012-02-20'),(1335,'g',0,'2012-02-20'),(1352,'g',0,'2012-02-20'),(1367,'g',0,'2012-02-20'),(1869,'g',0,'2012-02-20'),(1868,'g',0,'2012-02-20'),(1846,'g',0,'2012-02-20'),(1861,'g',0,'2012-02-20'),(1867,'g',0,'2012-02-20'),(1957,'g',0,'2012-02-20'),(1962,'g',0,'2012-02-20'),(1963,'g',0,'2012-02-21'),(1104,'g',0,'2012-02-21'),(1136,'g',0,'2012-02-21'),(1092,'g',0,'2012-02-21'),(1079,'g',0,'2012-02-21'),(1171,'g',0,'2012-02-21'),(1375,'g',0,'2012-02-21'),(1981,'g',0,'2012-02-21'),(1095,'g',0,'2012-02-21'),(1178,'g',0,'2012-02-21'),(1221,'g',0,'2012-02-21'),(1975,'g',0,'2012-02-21'),(1923,'g',0,'2012-02-22'),(1872,'g',0,'2012-02-22'),(1931,'g',0,'2012-02-22'),(1930,'g',0,'2012-02-22'),(1616,'g',0,'2012-02-22'),(1610,'g',0,'2012-02-22'),(1922,'g',0,'2012-02-22'),(1676,'g',0,'2012-02-22'),(1786,'g',0,'2012-02-22'),(1619,'g',0,'2012-02-22'),(1921,'g',0,'2012-02-22'),(1586,'g',0,'2012-02-22'),(1986,'g',0,'2012-02-22'),(1932,'g',0,'2012-02-23'),(1926,'g',0,'2012-02-23'),(1925,'g',0,'2012-02-23'),(1675,'g',0,'2012-02-23'),(1989,'g',0,'2012-02-23'),(1985,'g',0,'2012-02-23'),(1990,'g',0,'2012-02-23'),(1850,'g',0,'2012-02-23'),(1160,'g',0,'2012-02-23'),(1265,'g',0,'2012-02-23'),(1325,'g',0,'2012-02-23'),(1161,'g',0,'2012-02-23'),(1179,'g',0,'2012-02-23'),(1843,'g',0,'2012-02-23'),(1833,'g',0,'2012-02-23'),(1222,'g',0,'2012-02-23'),(1988,'g',0,'2012-02-23'),(1264,'g',0,'2012-02-23'),(1314,'g',0,'2012-02-23'),(1127,'g',0,'2012-02-23'),(1162,'g',0,'2012-02-23'),(1324,'g',0,'2012-02-23'),(1864,'g',0,'2012-02-23'),(1840,'g',0,'2012-02-23'),(1326,'g',0,'2012-02-23'),(1834,'g',0,'2012-02-23'),(1848,'g',0,'2012-02-23'),(1215,'g',0,'2012-02-23'),(1865,'g',0,'2012-02-24'),(1269,'g',0,'2012-02-24'),(1377,'g',0,'2012-02-24'),(1238,'g',0,'2012-02-24'),(1255,'g',0,'2012-02-24'),(1854,'g',0,'2012-02-24'),(1896,'g',0,'2012-02-24'),(1302,'g',0,'2012-02-24'),(1887,'g',0,'2012-02-24'),(1307,'g',0,'2012-02-24'),(1888,'g',0,'2012-02-24'),(1874,'g',0,'2012-02-24'),(1309,'g',0,'2012-02-24'),(1304,'g',0,'2012-02-25'),(1301,'g',0,'2012-02-25'),(1276,'g',0,'2012-02-25'),(1893,'g',0,'2012-02-25'),(875,'g',0,'2012-02-25'),(1894,'g',0,'2012-02-25'),(1862,'g',0,'2012-02-25'),(1305,'g',0,'2012-02-25'),(1333,'g',0,'2012-02-25'),(1331,'g',0,'2012-02-25'),(1886,'g',0,'2012-02-25'),(1311,'g',0,'2012-02-25'),(1306,'g',0,'2012-02-25'),(1312,'g',0,'2012-02-25'),(1895,'g',0,'2012-02-25'),(1313,'g',0,'2012-02-25'),(1308,'g',0,'2012-02-25'),(1303,'g',0,'2012-02-25'),(1889,'g',0,'2012-02-25'),(1875,'g',0,'2012-02-25'),(1876,'g',0,'2012-02-25'),(1902,'g',0,'2012-02-25'),(1892,'g',0,'2012-02-25'),(1901,'g',0,'2012-02-25'),(1368,'g',0,'2012-02-25'),(1898,'g',0,'2012-02-25'),(1310,'g',0,'2012-02-25'),(1994,'g',0,'2012-02-25'),(1995,'g',0,'2012-02-25'),(1891,'g',0,'2012-02-25'),(1855,'g',0,'2012-02-25'),(1897,'g',0,'2012-02-25'),(1300,'g',0,'2012-02-25'),(1900,'g',0,'2012-02-25'),(1873,'g',0,'2012-02-25'),(1315,'g',0,'2012-02-25'),(1316,'g',0,'2012-02-25'),(1365,'g',0,'2012-02-25'),(1299,'g',0,'2012-02-25'),(1973,'g',0,'2012-02-25'),(1899,'g',0,'2012-02-26'),(1890,'g',0,'2012-02-26'),(1991,'g',0,'2012-02-26'),(1216,'g',0,'2012-02-26'),(2016,'g',0,'2012-03-01'),(1996,'g',0,'2012-03-01'),(2015,'g',0,'2012-03-01'),(2002,'g',0,'2012-03-01'),(2020,'g',0,'2012-03-02'),(2000,'g',0,'2012-03-02'),(1847,'g',0,'2012-03-03'),(2004,'g',0,'2012-03-04');

--
-- Table structure for table `idx_paid_listing`
--

CREATE TABLE `idx_paid_listing` (
  `link_id` mediumint(9) unsigned NOT NULL default '0',
  `premium` char(1) default NULL,
  `sponsored` char(1) default NULL,
  `expire` datetime default NULL,
  `paid` char(1) default NULL,
  PRIMARY KEY  (`link_id`)
) ENGINE=MyISAM DEFAULT CHARSET=latin1;

--
-- Dumping data for table `idx_paid_listing`
--


--
-- Table structure for table `idx_payment_gateway`
--

CREATE TABLE `idx_payment_gateway` (
  `payment_gateway_id` int(11) NOT NULL auto_increment,
  `name` varchar(100) default NULL,
  `enable` char(1) default NULL,
  `setting` text,
  `invoice_html` text,
  PRIMARY KEY  (`payment_gateway_id`)
) ENGINE=MyISAM AUTO_INCREMENT=9 DEFAULT CHARSET=latin1;

--
-- Dumping data for table `idx_payment_gateway`
--

INSERT INTO `idx_payment_gateway` VALUES (1,'paypal','1','a:2:{s:13:\"payment_email\";s:0:\"\";s:21:\"enable_paypal_sandbox\";s:1:\"0\";}','<p> \r\n	<a href=\'paynow.php?id={$invoice_id}&m=paypal\'><img src=\'http://www.paypal.com/images/x-click-but02.gif\' border=\'0\' alt=\'Make payments with PayPal - it is fast, free and secure!\' /></a> \r\n</p>\r\n'),(2,'2co','0','a:6:{s:6:\"co_sid\";s:5:\"84932\";s:9:\"co_secret\";s:5:\"tango\";s:12:\"co_recurring\";s:1:\"0\";s:9:\"co_prod_1\";s:6:\"100.00\";s:9:\"co_prod_2\";s:6:\"250.00\";s:9:\"co_prod_3\";s:6:\"400.00\";}','<p>\r\n<a href=\'paynow.php?id={$invoice_id}&m=2co\'><img src=\'http://www.2checkout.com/images/overview/btns/25.jpg\' alt=\'Pay Now with 2checkout...\' border=\'0\' /></a> \r\n</p>'),(3,'authorizenet','0','a:2:{s:21:\"authorizenet_login_id\";s:0:\"\";s:21:\"authorizenet_tran_key\";s:0:\"\";}','<p> \r\n<a href=\'paynow.php?id={$invoice_id}&m=authorizenet\'><img src=\'http://www.authorize.net/upload/images/Images/Header/authorizenet_logo.gif\' alt=\'Pay Now with Authorize.Net...\' width=\'99\' height=\'39\' style=\'{border : 1px solid #c0c0c0;}\' /></a>\r\n</p>'),(4,'egold','0','a:2:{s:19:\"egold_payee_account\";s:0:\"\";s:16:\"egold_payee_name\";s:0:\"\";}','<p> \r\n<a href=\'paynow.php?id={$invoice_id}&m=egold\'>\r\n<img src=\'http://www.e-gold.com/gif/paywith.gif\' border=\'0\' alt=\'Pay Now with e-gold...\' />\r\n</a>\r\n</p>'),(5,'moneybookers','0','a:1:{s:18:\"moneybookers_email\";s:0:\"\";}','<p> \r\n<a href=\'paynow.php?id={$invoice_id}&m=paypal\'><img src=\'http://www.moneybookers.com/images/banners/88_en_mb.gif\' border=\'0\' alt=\'Make payments with Moneybookers - it is fast, free and secure!\' /></a> \r\n</p>'),(6,'paypal-subscriptions','0','a:2:{s:13:\"payment_email\";s:0:\"\";s:21:\"enable_paypal_sandbox\";s:1:\"0\";}','<p> \r\n<a href=\'paynow.php?id={$invoice_id}&m=paypal\'><img src=\'https://www.paypal.com/en_US/i/btn/x-click-but20.gif\' border=\'0\' alt=\'Make payments with PayPal - it is fast, free and secure!\' /></a> \r\n</p>'),(7,'alertpay','0','a:2:{s:14:\"alertpay_email\";s:0:\"\";s:23:\"enable_alertpay_sandbox\";s:1:\"0\";}','<p> \r\n<a href=\'paynow.php?id={$invoice_id}&m=alertpay\'>\r\n<img src=\'https://www.alertpay.com/Images/BuyNow/pay_now_3.gif\' border=\'0\' alt=\'Make payments with PayPal - it is fast, free and secure!\' /></a> \r\n</p>'),(8,'alertpay-subcriptions','0','a:2:{s:14:\"alertpay_email\";s:0:\"\";s:23:\"enable_alertpay_sandbox\";s:1:\"0\";}','<p>\r\n<a href=\'paynow.php?id={$invoice_id}&m=alertpay-subcriptions\'>\r\n<img src=\'https://www.alertpay.com/Images/BuyNow/subscribe_now_15.gif\' border=\'0\' alt=\'Make payments with Alert Pay - it is fast, free and secure!\' /></a> \r\n</p>');

--
-- Table structure for table `idx_payment_history`
--

CREATE TABLE `idx_payment_history` (
  `payment_id` int(10) unsigned NOT NULL auto_increment,
  `contact_name` varchar(255) default NULL,
  `email` varchar(255) default NULL,
  `type` varchar(255) default NULL,
  `detail` text,
  `amount` double default NULL,
  `time` datetime default NULL,
  `invoice_id` varchar(10) default NULL,
  PRIMARY KEY  (`payment_id`)
) ENGINE=MyISAM DEFAULT CHARSET=latin1;

--
-- Dumping data for table `idx_payment_history`
--


--
-- Table structure for table `idx_pl_sociable`
--

CREATE TABLE `idx_pl_sociable` (
  `sb_id` int(11) NOT NULL auto_increment,
  `sb_name` varchar(255) character set utf8 default NULL,
  `sb_url` varchar(255) character set utf8 default NULL,
  `sb_icon` varchar(255) character set utf8 default NULL,
  `sb_enable` char(1) character set utf8 default '0',
  PRIMARY KEY  (`sb_id`)
) ENGINE=MyISAM AUTO_INCREMENT=90 DEFAULT CHARSET=latin1;

--
-- Dumping data for table `idx_pl_sociable`
--

INSERT INTO `idx_pl_sociable` VALUES (1,'BarraPunto','http://barrapunto.com/submit.pl?subj=TITLE&amp;story=PERMALINK','barrapunto.png','0'),(2,'Bitacoras.com','http://bitacoras.com/anotaciones/PERMALINK','bitacoras.png','0'),(3,'BlinkList','http://www.blinklist.com/index.php?Action=Blink/addblink.php&amp;Url=PERMALINK&amp;Title=TITLE','blinklist.png','0'),(4,'blogmarks','http://blogmarks.net/my/new.php?mini=1&amp;simple=1&amp;url=PERMALINK&amp;title=TITLE','blogmarks.png','0'),(5,'Blogosphere News','http://www.blogospherenews.com/submit.php?url=PERMALINK&amp;title=TITLE','blogospherenews.png','0'),(6,'blogtercimlap','http://cimlap.blogter.hu/index.php?action=suggest_link&amp;title=TITLE&amp;url=PERMALINK','blogter.png','0'),(7,'Faves','http://faves.com/Authoring.aspx?u=PERMALINK&amp;title=TITLE','bluedot.png','0'),(8,'connotea','http://www.connotea.org/addpopup?continue=confirm&amp;uri=PERMALINK&amp;title=TITLE&amp;description=EXCERPT','connotea.png','0'),(9,'Current','http://current.com/clipper.htm?url=PERMALINK&amp;title=TITLE','current.png','0'),(10,'del.icio.us','http://delicious.com/post?url=PERMALINK&amp;title=TITLE&amp;notes=EXCERPT','delicious.png','0'),(11,'Digg','http://digg.com/submit?phase=2&amp;url=PERMALINK&amp;title=TITLE&amp;bodytext=EXCERPT','digg.png','1'),(12,'Diigo','http://www.diigo.com/post?url=PERMALINK&amp;title=TITLE','diigo.png','0'),(13,'DotNetKicks','http://www.dotnetkicks.com/kick/?url=PERMALINK&amp;title=TITLE','dotnetkicks.png','0'),(14,'DZone','http://www.dzone.com/links/add.html?url=PERMALINK&amp;title=TITLE','dzone.png','0'),(15,'eKudos','http://www.ekudos.nl/artikel/nieuw?url=PERMALINK&amp;title=TITLE&amp;desc=EXCERPT','ekudos.png','0'),(16,'email','mailto:?subject=TITLE&amp;body=PERMALINK','email_link.png','0'),(17,'Facebook','http://www.facebook.com/share.php?u=PERMALINK&amp;t=TITLE','facebook.png','1'),(18,'Fark','http://cgi.fark.com/cgi/fark/farkit.pl?h=TITLE&amp;u=PERMALINK','fark.png','0'),(19,'Fleck','http://beta3.fleck.com/bookmarklet.php?url=PERMALINK&amp;title=TITLE','fleck.png','0'),(20,'FriendFeed','http://www.friendfeed.com/share?title=TITLE&amp;link=PERMALINK','friendfeed.png','0'),(21,'FSDaily','http://www.fsdaily.com/submit?url=PERMALINK&amp;title=TITLE','fsdaily.png','0'),(22,'Global Grind','http://globalgrind.com/submission/submit.aspx?url=PERMALINK&amp;type=Article&amp;title=TITLE','globalgrind.png','0'),(23,'Google','http://www.google.com/bookmarks/mark?op=edit&amp;bkmk=PERMALINK&amp;title=TITLE&amp;annotation=EXCERPT','googlebookmark.png','0'),(24,'Gwar','http://www.gwar.pl/DodajGwar.html?u=PERMALINK','gwar.png','0'),(25,'HackerNews','http://news.ycombinator.com/submitlink?u=PERMALINK&amp;t=TITLE','hackernews.png','0'),(26,'Haohao','http://www.haohaoreport.com/submit.php?url=PERMALINK&amp;title=TITLE','haohao.png','0'),(27,'HealthRanker','http://healthranker.com/submit.php?url=PERMALINK&amp;title=TITLE','healthranker.png','0'),(28,'HelloTxt','http://hellotxt.com/?status=TITLE+PERMALINK','hellotxt.png','0'),(29,'Hemidemi','http://www.hemidemi.com/user_bookmark/new?title=TITLE&amp;url=PERMALINK','hemidemi.png','0'),(30,'Hyves','http://www.hyves.nl/profilemanage/add/tips/?name=TITLE&amp;text=EXCERPT+PERMALINK&amp;rating=5','hyves.png','0'),(31,'Identi.ca','http://identi.ca/notice/new?status_textarea=PERMALINK','identica.png','0'),(32,'IndianPad','http://www.indianpad.com/submit.php?url=PERMALINK','indianpad.png','0'),(33,'Internetmedia','http://internetmedia.hu/submit.php?url=PERMALINK','im.png','0'),(34,'Kirtsy','http://www.kirtsy.com/submit.php?url=PERMALINK&amp;title=TITLE','kirtsy.png','0'),(35,'laaik.it','http://laaik.it/NewStoryCompact.aspx?uri=PERMALINK&amp;headline=TITLE&amp;cat=5e082fcc-8a3b-47e2-acec-fdf64ff19d12','laaikit.png','0'),(36,'LinkArena','http://linkarena.com/bookmarks/addlink/?url=PERMALINK&amp;title=TITLE','linkarena.png','0'),(37,'LinkaGoGo','http://www.linkagogo.com/go/AddNoPopup?url=PERMALINK&amp;title=TITLE','linkagogo.png','0'),(38,'LinkedIn','http://www.linkedin.com/shareArticle?mini=true&amp;url=PERMALINK&amp;title=TITLE&amp;source=BLOGNAME&amp;summary=EXCERPT','linkedin.png','0'),(39,'Linkter','http://www.linkter.hu/index.php?action=suggest_link&amp;url=PERMALINK&amp;title=TITLE','linkter.png','0'),(40,'Live','https://favorites.live.com/quickadd.aspx?marklet=1&amp;url=PERMALINK&amp;title=TITLE','live.png','0'),(41,'Meneame','http://meneame.net/submit.php?url=PERMALINK','meneame.png','0'),(42,'MisterWong','http://www.mister-wong.com/addurl/?bm_url=PERMALINK&amp;bm_description=TITLE&amp;plugin=soc','misterwong.png','0'),(43,'MisterWong.DE','http://www.mister-wong.de/addurl/?bm_url=PERMALINK&amp;bm_description=TITLE&amp;plugin=soc','misterwong.png','0'),(44,'Mixx','http://www.mixx.com/submit?page_url=PERMALINK&amp;title=TITLE','mixx.png','0'),(45,'muti','http://www.muti.co.za/submit?url=PERMALINK&amp;title=TITLE','muti.png','0'),(46,'MyShare','http://myshare.url.com.tw/index.php?func=newurl&amp;url=PERMALINK&amp;desc=TITLE','myshare.png','0'),(47,'MySpace','http://www.myspace.com/Modules/PostTo/Pages/?u=PERMALINK&amp;t=TITLE','myspace.png','0'),(48,'MSNReporter','http://reporter.nl.msn.com/?fn=contribute&amp;Title=TITLE&amp;URL=PERMALINK&amp;cat_id=6&amp;tag_id=31&amp;Remark=EXCERPT','msnreporter.png','0'),(49,'N4G','http://www.n4g.com/tips.aspx?url=PERMALINK&amp;title=TITLE','n4g.png','0'),(50,'Netvibes','http://www.netvibes.com/share?title=TITLE&amp;url=PERMALINK','netvibes.png','0'),(51,'NewsVine','http://www.newsvine.com/_tools/seed&amp;save?u=PERMALINK&amp;h=TITLE','newsvine.png','0'),(52,'Netvouz','http://www.netvouz.com/action/submitBookmark?url=PERMALINK&amp;title=TITLE&amp;popup=no','netvouz.png','0'),(53,'NuJIJ','http://nujij.nl/jij.lynkx?t=TITLE&amp;u=PERMALINK&amp;b=EXCERPT','nujij.png','0'),(54,'Ping.fm','http://ping.fm/ref/?link=PERMALINK&amp;title=TITLE&amp;body=EXCERPT','ping.png','0'),(55,'Posterous','http://posterous.com/share?linkto=PERMALINK&amp;title=TITLE&amp;selection=EXCERPT','posterous.png','0'),(56,'PDF','http://www.printfriendly.com/print?url=PERMALINK&amp;partner=sociable','pdf.png','0'),(57,'Print','http://www.printfriendly.com/print?url=PERMALINK&amp;partner=sociable','printfriendly.png','0'),(58,'Propeller','http://www.propeller.com/submit/?url=PERMALINK','propeller.png','0'),(59,'Ratimarks','http://ratimarks.org/bookmarks.php/?action=add&address=PERMALINK&amp;title=TITLE','ratimarks.png','0'),(60,'Rec6','http://rec6.via6.com/link.php?url=PERMALINK&amp;=TITLE','rec6.png','0'),(61,'Reddit','http://reddit.com/submit?url=PERMALINK&amp;title=TITLE','reddit.png','0'),(62,'RSS','FEEDLINK','rss.png','0'),(63,'Scoopeo','http://www.scoopeo.com/scoop/new?newurl=PERMALINK&amp;title=TITLE','scoopeo.png','0'),(64,'Segnalo','http://segnalo.alice.it/post.html.php?url=PERMALINK&amp;title=TITLE','segnalo.png','0'),(65,'Simpy','http://www.simpy.com/simpy/LinkAdd.do?href=PERMALINK&amp;title=TITLE','simpy.png','0'),(66,'Slashdot','http://slashdot.org/bookmark.pl?title=TITLE&amp;url=PERMALINK','slashdot.png','0'),(67,'Socialogs','http://socialogs.com/add_story.php?story_url=PERMALINK&amp;story_title=TITLE','socialogs.png','0'),(68,'SphereIt','http://www.sphere.com/search?q=sphereit:PERMALINK&amp;title=TITLE','sphere.png','0'),(69,'Sphinn','http://sphinn.com/index.php?c=post&amp;m=submit&amp;link=PERMALINK','sphinn.png','0'),(70,'StumbleUpon','http://www.stumbleupon.com/submit?url=PERMALINK&amp;title=TITLE','stumbleupon.png','0'),(71,'Techmeme','http://twitter.com/home/?status=tip%20@Techmeme%20PERMALINK%20TITLE','techmeme.png','0'),(72,'Technorati','http://technorati.com/faves?add=PERMALINK','technorati.png','1'),(73,'ThisNext','http://www.thisnext.com/pick/new/submit/sociable/?url=PERMALINK&amp;name=TITLE','thisnext.png','0'),(74,'Tipd','http://tipd.com/submit.php?url=PERMALINK','tipd.png','0'),(75,'Tumblr','http://www.tumblr.com/share?v=3&amp;u=PERMALINK&amp;t=TITLE&amp;s=EXCERPT','tumblr.png','0'),(76,'Twitter','http://twitter.com/home?status=TITLE%20-%20PERMALINK','twitter.png','1'),(77,'Upnews','http://www.upnews.it/submit?url=PERMALINK&amp;title=TITLE','upnews.png','0'),(78,'Webnews.de','http://www.webnews.de/einstellen?url=PERMALINK&amp;title=TITLE','webnews.png','0'),(79,'Webride','http://webride.org/discuss/split.php?uri=PERMALINK&amp;title=TITLE','webride.png','0'),(80,'Wikio','http://www.wikio.com/vote?url=PERMALINK','wikio.png','0'),(81,'Wikio FR','http://www.wikio.fr/vote?url=PERMALINK','wikio.png','0'),(82,'Wikio IT','http://www.wikio.it/vote?url=PERMALINK','wikio.png','0'),(83,'Wists','http://wists.com/s.php?c=&amp;r=PERMALINK&amp;title=TITLE','wists.png','0'),(84,'Wykop','http://www.wykop.pl/dodaj?url=PERMALINK','wykop.png','0'),(85,'Xerpi','http://www.xerpi.com/block/add_link_from_extension?url=PERMALINK&amp;title=TITLE','xerpi.png','0'),(86,'YahooBuzz','http://buzz.yahoo.com/submit/?submitUrl=PERMALINK&amp;submitHeadline=TITLE&amp;submitSummary=EXCERPT&amp;submitCategory=science&amp;submitAssetType=text','yahoobuzz.png','0'),(87,'Yahoo! Bookmarks','http://bookmarks.yahoo.com/toolbar/savebm?u=PERMALINK&amp;t=TITLE&opener=bm&amp;ei=UTF-8&amp;d=EXCERPT','yahoomyweb.png','0'),(88,'Yigg','http://yigg.de/neu?exturl=PERMALINK&amp;exttitle=TITLE','yiggit.png','0'),(89,'Blogplay','http://blogplay.com','blogplay.png','0');

--
-- Table structure for table `idx_pl_twitter_account`
--

CREATE TABLE `idx_pl_twitter_account` (
  `ck` varchar(255) character set utf8 default NULL,
  `cs` varchar(255) character set utf8 default NULL,
  `at` varchar(255) character set utf8 default NULL,
  `ats` varchar(255) character set utf8 default NULL
) ENGINE=MyISAM DEFAULT CHARSET=latin1;

--
-- Dumping data for table `idx_pl_twitter_account`
--

INSERT INTO `idx_pl_twitter_account` VALUES ('jYTj0eENRIwxvxcVnbkPQw','tgnxLaTAoVpwSzPz9hslrDB9DVSsuGBYXiSKyOf9cTE','https://api.twitter.com/oauth/authorize','https://api.twitter.com/oauth/access_token');

--
-- Table structure for table `idx_plugin`
--

CREATE TABLE `idx_plugin` (
  `plugin_id` int(11) NOT NULL auto_increment,
  `name` varchar(255) default NULL,
  `plugin_file` varchar(255) default NULL,
  `status` enum('0','1') default NULL,
  `option_plugin` text,
  PRIMARY KEY  (`plugin_id`)
) ENGINE=MyISAM AUTO_INCREMENT=3 DEFAULT CHARSET=latin1;

--
-- Dumping data for table `idx_plugin`
--

INSERT INTO `idx_plugin` VALUES (1,'AutoTweet','twitter_auto_tweet/twitter_auto_tweet.php','1',NULL),(2,'Sociable','sociable/sociable.php','1',NULL);

--
-- Table structure for table `idx_review`
--

CREATE TABLE `idx_review` (
  `review_id` mediumint(9) unsigned NOT NULL auto_increment,
  `link_id` mediumint(9) unsigned NOT NULL default '0',
  `review` text NOT NULL,
  `rating` tinyint(3) unsigned NOT NULL default '0',
  `date` date NOT NULL default '0000-00-00',
  `subject` varchar(100) default NULL,
  `status` char(1) default NULL,
  `username` varchar(20) default NULL,
  `name` varchar(20) default NULL,
  `email` varchar(100) default NULL,
  PRIMARY KEY  (`review_id`)
) ENGINE=MyISAM AUTO_INCREMENT=2 DEFAULT CHARSET=latin1;

--
-- Dumping data for table `idx_review`
--

INSERT INTO `idx_review` VALUES (1,627,'Excellent, experience and efficient lawyer',5,'2011-10-30','DWI Lawyer','0','','S Aarons','http://www.santa-fe-dui.com');

--
-- Table structure for table `idx_searchlog`
--

CREATE TABLE `idx_searchlog` (
  `keyword` varchar(100) NOT NULL default '',
  `time` datetime NOT NULL default '0000-00-00 00:00:00',
  `result` mediumint(9) unsigned default NULL,
  `ip` varchar(100) default NULL
) ENGINE=MyISAM DEFAULT CHARSET=latin1;

--
-- Dumping data for table `idx_searchlog`
--


--
-- Table structure for table `idx_set_hook_place`
--

CREATE TABLE `idx_set_hook_place` (
  `set_hook_place_id` int(11) NOT NULL auto_increment,
  `plugin` varchar(255) default NULL,
  `set_hook_place` text,
  PRIMARY KEY  (`set_hook_place_id`)
) ENGINE=MyISAM DEFAULT CHARSET=latin1;

--
-- Dumping data for table `idx_set_hook_place`
--


--
-- Table structure for table `idx_setting`
--

CREATE TABLE `idx_setting` (
  `setting_id` int(11) NOT NULL auto_increment,
  `setting_name` varchar(255) default NULL,
  `setting_value` text,
  PRIMARY KEY  (`setting_id`)
) ENGINE=MyISAM AUTO_INCREMENT=55 DEFAULT CHARSET=latin1;

--
-- Dumping data for table `idx_setting`
--

INSERT INTO `idx_setting` VALUES (4,'site_name','sbsocial.net'),(5,'site_url','http://sbsocial.net'),(6,'email_address','anahi.graci1@gmail.com'),(7,'language_code','en_US'),(8,'theme_path','/home/sbsocial/public_html/themes/'),(9,'admin_template_path','/home/sbsocial/public_html/admin_tpl/'),(10,'plugin_path','/home/sbsocial/public_html/plugin/'),(12,'active_theme','sbsocial'),(14,'spam_proof','1'),(15,'enable_user_validation','1'),(16,'allowed_file_extension','gif,jpg,png,pdf,zip,doc'),(17,'yahoo_appid',''),(18,'whosonline','600'),(19,'reciprocal_check','0'),(20,'urlcheck_limit','1'),(21,'pagerank_cache','30'),(22,'max_image_width','1024'),(23,'max_image_height','756'),(24,'max_file_size','500'),(25,'only_registered_can_add_link','0'),(26,'only_registered_can_add_review','0'),(27,'db_use_persistent','0'),(28,'paid_link_day_period','30,60,90,180'),(29,'paid_link_price_factor','1,1.5,2,3'),(30,'enable_html_tag','1'),(31,'allowed_html_tag','<b>,<strong>,<i>,<em>,<u>,<pre>,<blockquote>,<ol>,<ul>,<li>,<p>,<span>,<div>,<table>,<tr>,<td>'),(32,'enable_page_compression','0'),(33,'enable_category_ajax','1'),(34,'require_visit_category','0'),(35,'additional_category_price','0.5'),(36,'enable_rating_ajax','1'),(37,'service_nicecoder_avail','1'),(38,'enable_recaptcha','0'),(39,'recaptcha_publickey',''),(40,'recaptcha_privatekey',''),(41,'enable_bidding','0'),(42,'minimum_bid','5'),(43,'bid_increament','1'),(44,'charset','utf-8'),(45,'mailer','mail'),(46,'smtp_auth','0'),(47,'smtp_host',''),(48,'smtp_username',''),(49,'smtp_password',''),(50,'smtp_port','25'),(51,'emailbody_as_html','0'),(52,'indexu_version','2.4'),(53,'tos',''),(54,'submission_guidelines','');

--
-- Table structure for table `idx_tags`
--

CREATE TABLE `idx_tags` (
  `tag` varchar(64) NOT NULL default '',
  `category_id` mediumint(8) unsigned NOT NULL default '0',
  `total` int(11) NOT NULL default '0',
  `tag_path` varchar(64) NOT NULL,
  PRIMARY KEY  (`tag`,`category_id`)
) ENGINE=MyISAM DEFAULT CHARSET=latin1;

--
-- Dumping data for table `idx_tags`
--


--
-- Table structure for table `idx_unavailable`
--

CREATE TABLE `idx_unavailable` (
  `idx_unavailable` int(11) NOT NULL auto_increment,
  `link_id` int(11) default NULL,
  `url` varchar(255) default NULL,
  `who_is` varchar(255) default NULL,
  `note` text,
  `date` datetime default NULL,
  PRIMARY KEY  (`idx_unavailable`)
) ENGINE=MyISAM DEFAULT CHARSET=latin1;

--
-- Dumping data for table `idx_unavailable`
--


--
-- Table structure for table `idx_unavailable_latest`
--

CREATE TABLE `idx_unavailable_latest` (
  `idx_link` int(11) default NULL,
  `record_execution` int(11) default NULL
) ENGINE=MyISAM DEFAULT CHARSET=latin1;

--
-- Dumping data for table `idx_unavailable_latest`
--


--
-- Table structure for table `idx_votes`
--

CREATE TABLE `idx_votes` (
  `link_id` mediumint(9) NOT NULL default '0',
  `ip` varchar(100) default NULL,
  `value` tinyint(4) default NULL
) ENGINE=MyISAM DEFAULT CHARSET=latin1;

--
-- Dumping data for table `idx_votes`
--



