--
-- Host: selecti.org    Database: selecti_indexu
-- ------------------------------------------------------


--
-- Not dumping tablespaces as no INFORMATION_SCHEMA.FILES table on this server
--

--
-- Table structure for table `directory_save_data`
--

CREATE TABLE `directory_save_data` (
  `id` bigint(100) NOT NULL auto_increment,
  `schedule_id` bigint(100) NOT NULL,
  `project_id` bigint(100) NOT NULL,
  `link_id` bigint(100) NOT NULL,
  `confirm_link` text NOT NULL,
  `category_id` int(10) NOT NULL,
  `category_name` varchar(150) NOT NULL,
  PRIMARY KEY  (`id`)
) ENGINE=InnoDB DEFAULT CHARSET=latin1;

--
-- Dumping data for table `directory_save_data`
--


--
-- Table structure for table `idx_admin_menu`
--

CREATE TABLE `idx_admin_menu` (
  `menu_id` int(11) NOT NULL auto_increment,
  `parent_id` int(11) default NULL,
  `menu_title` varchar(255) default NULL,
  `menu_url` varchar(255) default NULL,
  `order_number` int(11) default NULL,
  PRIMARY KEY  (`menu_id`)
) ENGINE=MyISAM AUTO_INCREMENT=85 DEFAULT CHARSET=latin1;

--
-- Dumping data for table `idx_admin_menu`
--



--
-- Table structure for table `idx_bad_link`
--

CREATE TABLE `idx_bad_link` (
  `bad_link_id` mediumint(9) unsigned NOT NULL auto_increment,
  `link_id` mediumint(9) unsigned NOT NULL default '0',
  `name` varchar(50) NOT NULL default '',
  `email` varchar(50) NOT NULL default '',
  `type` tinyint(3) unsigned NOT NULL default '0',
  `date` date NOT NULL default '0000-00-00',
  PRIMARY KEY  (`bad_link_id`)
) ENGINE=MyISAM DEFAULT CHARSET=latin1;

--
-- Dumping data for table `idx_bad_link`
--


--
-- Table structure for table `idx_badwords`
--

CREATE TABLE `idx_badwords` (
  `word` varchar(100) NOT NULL default ''
) ENGINE=MyISAM DEFAULT CHARSET=latin1;

--
-- Dumping data for table `idx_badwords`
--


--
-- Table structure for table `idx_blocked_domain`
--

CREATE TABLE `idx_blocked_domain` (
  `blocked_id` int(11) NOT NULL auto_increment,
  `blocked` varchar(255) default NULL,
  `type` enum('domain','ip') default NULL,
  PRIMARY KEY  (`blocked_id`)
) ENGINE=MyISAM AUTO_INCREMENT=6 DEFAULT CHARSET=latin1;

--
-- Dumping data for table `idx_blocked_domain`
--

INSERT INTO `idx_blocked_domain` VALUES (1,'buydomains.com','domain'),(2,'this-domain-for-sale.com ','domain'),(3,'oversee.net','domain'),(4,'eNom','domain'),(5,'sedoparking.com','domain');

--
-- Table structure for table `idx_category`
--

CREATE TABLE `idx_category` (
  `category_id` mediumint(9) unsigned NOT NULL auto_increment,
  `parent_id` mediumint(9) unsigned NOT NULL default '0',
  `name` varchar(100) NOT NULL default '',
  `description` text NOT NULL,
  `image` varchar(100) default NULL,
  `content` text,
  `visible` char(1) default NULL,
  `links` mediumint(9) default NULL,
  `meta_keyword` text,
  `meta_description` text,
  `permission` char(2) default NULL,
  `registered_only` char(1) default NULL,
  `header` text NOT NULL,
  `footer` text NOT NULL,
  `related` mediumint(6) NOT NULL default '0',
  `page_title` varchar(200) NOT NULL default '',
  `hits` int(11) NOT NULL default '0',
  `order_num` smallint(6) NOT NULL default '0',
  `basic_price` double unsigned NOT NULL default '0',
  `premium_price` double unsigned NOT NULL default '0',
  `sponsored_price` double unsigned NOT NULL default '0',
  PRIMARY KEY  (`category_id`)
) ENGINE=MyISAM AUTO_INCREMENT=36 DEFAULT CHARSET=latin1;

--
-- Dumping data for table `idx_category`
--

INSERT INTO `idx_category` VALUES (1,0,'Arts & Humanities','','folder.gif','','1',16,'','','0','0','','',0,'',2,0,0,0,0),(2,0,'Automobile industry','','folder.gif','','1',21,'','','0','0','','',0,'',0,0,0,0,0),(3,0,'Business & Economy','','folder.gif','','1',105,'','','0','0','','',0,'',1,0,0,0,0),(4,0,'Careers','','folder.gif','','1',1,'','','0','0','','',0,'',0,0,0,0,0),(5,0,'Clothing & Fashion','','folder.gif','','1',8,'','','0','0','','',0,'',0,0,0,0,0),(6,0,'Mass Communications','','folder.gif','','1',15,'','','0','0','','',0,'',0,0,0,0,0),(7,0,'Computers & IT','','folder.gif','','1',17,'','','0','0','','',0,'',0,0,0,0,0),(8,0,'Construction Services','','folder.gif','','1',34,'','','0','0','','',0,'',0,0,0,0,0),(9,0,'Software & Hardware','','folder.gif','','1',33,'','','0','0','','',0,'',0,0,0,0,0),(10,0,'Dental Health','','folder.gif','','1',30,'','','0','0','','',0,'',0,0,0,0,0),(11,0,'Education & Training','','folder.gif','','1',19,'','','0','0','','',0,'',0,0,0,0,0),(12,0,'Employment & Recruitment','','folder.gif','','1',1,'','','0','0','','',0,'',0,0,0,0,0),(13,0,'Gifts & Novelties','','folder.gif','','1',19,'','','0','0','','',0,'',0,0,0,0,0),(14,0,'Health Services','','folder.gif','','1',0,'','','0','0','','',0,'',1,0,0,0,0),(15,0,'Healthcare Industry','','folder.gif','','1',129,'','','0','0','','',0,'',0,0,0,0,0),(16,0,'Heating, Ventilating and Air Conditioning','','folder.gif','','1',31,'','','0','0','','',0,'',0,0,0,0,0),(17,0,'Home & Garden Making','','folder.gif','','1',17,'','','0','0','','',0,'',0,0,0,0,0),(18,0,'Home Improvement & Appliances','','folder.gif','','1',257,'','','0','0','','',0,'',0,0,0,0,0),(19,0,'Hotels','','folder.gif','','1',18,'','','0','0','','',0,'',0,0,0,0,0),(20,0,'Insurance Providers','','folder.gif','','1',22,'','','0','0','','',0,'',0,0,0,0,0),(21,0,'Law & Legal','','folder.gif','','1',1,'','','0','0','','',0,'',0,0,0,0,0),(22,0,'Lawyers & Attorneys','','folder.gif','','1',138,'','','0','0','','',0,'',0,0,0,0,0),(23,0,'Lifestyle & Society','','folder.gif','','1',4,'','','0','0','','',0,'',0,0,0,0,0),(24,0,'Medicine & Surgery','','folder.gif','','1',10,'','','0','0','','',0,'',0,0,0,0,0),(25,0,'Finance & Investment','','folder.gif','','1',11,'','','0','0','','',0,'',0,0,0,0,0),(26,0,'News & Media','','folder.gif','','1',2,'','','0','0','','',0,'',0,0,0,0,0),(27,0,'Plumbing Contractors','','folder.gif','','1',28,'','','0','0','','',0,'',0,0,0,0,0),(28,0,'Real Estate & Property','','folder.gif','','1',24,'','','0','0','','',0,'',0,0,0,0,0),(29,0,'Energy & Science','','folder.gif','','1',13,'','','0','0','','',0,'',0,0,0,0,0),(30,0,'SEO ,SMO & PPC','','folder.gif','','1',18,'','','0','0','','',0,'',0,0,0,0,0),(31,0,'Shopping and Retail','','folder.gif','','1',47,'','','0','0','','',0,'',0,0,0,0,0),(32,0,'Recreation & Sports','','folder.gif','','1',3,'','','0','0','','',0,'',0,0,0,0,0),(33,0,'Transport & Moving Services','','folder.gif','','1',34,'','','0','0','','',0,'',0,0,0,0,0),(34,0,'Travel Industry','','folder.gif','','1',14,'','','0','0','','',0,'',0,0,0,0,0),(35,0,'Wedding & Events','','folder.gif','','1',7,'','','0','0','','',0,'',0,0,0,0,0);

--
-- Table structure for table `idx_category_path`
--

CREATE TABLE `idx_category_path` (
  `category_id` mediumint(9) NOT NULL default '0',
  `path` text,
  `path_with_url` text,
  `parents` text,
  PRIMARY KEY  (`category_id`)
) ENGINE=MyISAM DEFAULT CHARSET=latin1;

--
-- Dumping data for table `idx_category_path`
--

INSERT INTO `idx_category_path` VALUES (1,'Arts & Humanities','<a href=\"http://selecti.org/arts-humanities/\" name=\"cat_1\" style=\"\">Arts & Humanities</a>',';0;'),(2,'Automobile industry','<a href=\"http://selecti.org/automobile-industry/\" name=\"cat_2\" style=\"\">Automobile industry</a>',';0;'),(3,'Business & Economy','<a href=\"http://selecti.org/business-economy/\" name=\"cat_3\" style=\"\">Business & Economy</a>',';0;'),(4,'Careers','<a href=\"http://selecti.org/careers/\" name=\"cat_4\" style=\"\">Careers</a>',';0;'),(5,'Clothing & Fashion','<a href=\"http://selecti.org/clothing-fashion/\" name=\"cat_5\" style=\"\">Clothing & Fashion</a>',';0;'),(6,'Mass Communications','<a href=\"http://selecti.org/mass-communications/\" name=\"cat_6\" style=\"\">Mass Communications</a>',';0;'),(7,'Computers & IT','<a href=\"http://selecti.org/computers-it/\" name=\"cat_7\" style=\"\">Computers & IT</a>',';0;'),(8,'Construction Services','<a href=\"http://selecti.org/construction-services/\" name=\"cat_8\" style=\"\">Construction Services</a>',';0;'),(9,'Software & Hardware','<a href=\"http://selecti.org/software-hardware/\" name=\"cat_9\" style=\"\">Software & Hardware</a>',';0;'),(10,'Dental Health','<a href=\"http://selecti.org/dental-health/\" name=\"cat_10\" style=\"\">Dental Health</a>',';0;'),(11,'Education & Training','<a href=\"http://selecti.org/education-training/\" name=\"cat_11\" style=\"\">Education & Training</a>',';0;'),(12,'Employment & Recruitment','<a href=\"http://selecti.org/employment-recruitment/\" name=\"cat_12\" style=\"\">Employment & Recruitment</a>',';0;'),(13,'Gifts & Novelties','<a href=\"http://selecti.org/gifts-novelties/\" name=\"cat_13\" style=\"\">Gifts & Novelties</a>',';0;'),(14,'Health Services','<a href=\"http://selecti.org/health-services/\" name=\"cat_14\" style=\"\">Health Services</a>',';0;'),(15,'Healthcare Industry','<a href=\"http://selecti.org/healthcare-industry/\" name=\"cat_15\" style=\"\">Healthcare Industry</a>',';0;'),(16,'Heating, Ventilating and Air Conditioning','<a href=\"http://selecti.org/heating-ventilating-and-air-conditioning/\" name=\"cat_16\" style=\"\">Heating, Ventilating and Air Conditioning</a>',';0;'),(17,'Home & Garden Making','<a href=\"http://selecti.org/home-garden-making/\" name=\"cat_17\" style=\"\">Home & Garden Making</a>',';0;'),(18,'Home Improvement & Appliances','<a href=\"http://selecti.org/home-improvement-appliances/\" name=\"cat_18\" style=\"\">Home Improvement & Appliances</a>',';0;'),(19,'Hotels','<a href=\"http://selecti.org/hotels/\" name=\"cat_19\" style=\"\">Hotels</a>',';0;'),(20,'Insurance Providers','<a href=\"http://selecti.org/insurance-providers/\" name=\"cat_20\" style=\"\">Insurance Providers</a>',';0;'),(21,'Law & Legal','<a href=\"http://selecti.org/law-legal/\" name=\"cat_21\" style=\"\">Law & Legal</a>',';0;'),(22,'Lawyers & Attorneys','<a href=\"http://selecti.org/lawyers-attorneys/\" name=\"cat_22\" style=\"\">Lawyers & Attorneys</a>',';0;'),(23,'Lifestyle & Society','<a href=\"http://selecti.org/lifestyle-society/\" name=\"cat_23\" style=\"\">Lifestyle & Society</a>',';0;'),(24,'Medicine & Surgery','<a href=\"http://selecti.org/medicine-surgery/\" name=\"cat_24\" style=\"\">Medicine & Surgery</a>',';0;'),(25,'Finance & Investment','<a href=\"http://selecti.org/finance-investment/\" name=\"cat_25\" style=\"\">Finance & Investment</a>',';0;'),(26,'News & Media','<a href=\"http://selecti.org/news-media/\" name=\"cat_26\" style=\"\">News & Media</a>',';0;'),(27,'Plumbing Contractors','<a href=\"http://selecti.org/plumbing-contractors/\" name=\"cat_27\" style=\"\">Plumbing Contractors</a>',';0;'),(28,'Real Estate & Property','<a href=\"http://selecti.org/real-estate-property/\" name=\"cat_28\" style=\"\">Real Estate & Property</a>',';0;'),(29,'Energy & Science','<a href=\"http://selecti.org/energy-science/\" name=\"cat_29\" style=\"\">Energy & Science</a>',';0;'),(30,'SEO ,SMO & PPC','<a href=\"http://selecti.org/seo-smo-ppc/\" name=\"cat_30\" style=\"\">SEO ,SMO & PPC</a>',';0;'),(31,'Shopping and Retail','<a href=\"http://selecti.org/shopping-and-retail/\" name=\"cat_31\" style=\"\">Shopping and Retail</a>',';0;'),(32,'Recreation & Sports','<a href=\"http://selecti.org/recreation-sports/\" name=\"cat_32\" style=\"\">Recreation & Sports</a>',';0;'),(33,'Transport & Moving Services','<a href=\"http://selecti.org/transport-moving-services/\" name=\"cat_33\" style=\"\">Transport & Moving Services</a>',';0;'),(34,'Travel Industry','<a href=\"http://selecti.org/travel-industry/\" name=\"cat_34\" style=\"\">Travel Industry</a>',';0;'),(35,'Wedding & Events','<a href=\"http://selecti.org/wedding-events/\" name=\"cat_35\" style=\"\">Wedding & Events</a>',';0;');

--
-- Table structure for table `idx_category_suggession`
--

CREATE TABLE `idx_category_suggession` (
  `id_cat_suggession` int(11) NOT NULL auto_increment,
  `parent_id` int(11) default NULL,
  `name` varchar(255) default NULL,
  `category_description` text,
  `date` datetime default NULL,
  PRIMARY KEY  (`id_cat_suggession`)
) ENGINE=MyISAM DEFAULT CHARSET=latin1;

--
-- Dumping data for table `idx_category_suggession`
--


--
-- Table structure for table `idx_checkurl`
--

CREATE TABLE `idx_checkurl` (
  `link_id` mediumint(9) NOT NULL default '0',
  `date` date NOT NULL default '0000-00-00',
  `live` char(1) NOT NULL default '',
  `reciprocal_found` char(1) NOT NULL default '',
  PRIMARY KEY  (`link_id`)
) ENGINE=MyISAM DEFAULT CHARSET=latin1;

--
-- Dumping data for table `idx_checkurl`
--


--
-- Table structure for table `idx_cronjobs`
--

CREATE TABLE `idx_cronjobs` (
  `cronjobs_id` int(11) NOT NULL auto_increment,
  `cronjobs_name` varchar(255) default NULL,
  `filename` varchar(255) NOT NULL,
  `schedule` varchar(255) NOT NULL,
  `time` datetime NOT NULL,
  `execution` varchar(1) NOT NULL,
  PRIMARY KEY  (`cronjobs_id`)
) ENGINE=MyISAM AUTO_INCREMENT=4 DEFAULT CHARSET=latin1;

--
-- Dumping data for table `idx_cronjobs`
--

INSERT INTO `idx_cronjobs` VALUES (1,NULL,'clear_templates_c.php','1,*,*,*,*','0000-00-00 00:00:00',''),(2,NULL,'update_tag_cloud.php','*,24,*,*,*','0000-00-00 00:00:00',''),(3,NULL,'clear_rss_cache.php','*,24,*,*,*','0000-00-00 00:00:00','');

--
-- Table structure for table `idx_custom_field`
--

CREATE TABLE `idx_custom_field` (
  `field_name` varchar(32) NOT NULL default '',
  `field_text` varchar(64) NOT NULL default '',
  `field_type` enum('TEXT','TEXTAREA','SELECT','MULTISELECT','CHECKBOX','RADIO','FILE','IMAGE','DATE','DATETIME','RICHEDITOR') NOT NULL default 'TEXT',
  `field_option` text NOT NULL,
  `field_img_width` int(10) unsigned NOT NULL default '0',
  `field_img_height` int(10) unsigned NOT NULL default '0',
  `field_file_size` int(10) unsigned NOT NULL default '0',
  `field_file_extension` varchar(64) NOT NULL default '',
  `required` char(1) NOT NULL default '0',
  `searchable` char(1) NOT NULL default '1',
  `permission` char(1) NOT NULL default '0'
) ENGINE=MyISAM DEFAULT CHARSET=latin1;

--
-- Dumping data for table `idx_custom_field`
--

INSERT INTO `idx_custom_field` VALUES ('image','Image','IMAGE','',0,0,0,'','0','0','2'),('address','Address','TEXT','',0,0,0,'','0','0','0'),('city','City','TEXT','',0,0,0,'','0','0','0'),('state','State','TEXT','',0,0,0,'','0','0','0'),('country','Country','TEXT','',0,0,0,'','0','0','0'),('zip','Zip','TEXT','',0,0,0,'','0','0','0'),('phone','Phone','TEXT','',0,0,0,'','0','0','0'),('fax','Fax','TEXT','',0,0,0,'','0','0','0');

--
-- Table structure for table `idx_default_field`
--

CREATE TABLE `idx_default_field` (
  `field_name` varchar(64) NOT NULL,
  `required` char(1) NOT NULL,
  `visible` char(1) NOT NULL default '1',
  `searchable` char(1) NOT NULL default '1'
) ENGINE=MyISAM DEFAULT CHARSET=latin1;

--
-- Dumping data for table `idx_default_field`
--

INSERT INTO `idx_default_field` VALUES ('title','1','1','1'),('url','1','1','1'),('description','1','1','1'),('keywords','1','1','0'),('contact_name','1','1','1'),('email','1','1','1'),('reciprocal_url','0','0','1');

--
-- Table structure for table `idx_discount_coupon`
--

CREATE TABLE `idx_discount_coupon` (
  `coupon_id` int(11) NOT NULL auto_increment,
  `coupon_code` varchar(255) default NULL,
  `coupon_value` varchar(50) default NULL,
  `link_type` varchar(255) default NULL,
  `start_date` date default NULL,
  `expired_date` date default NULL,
  `expired_usage` int(11) default NULL,
  `usage_count` int(11) default NULL,
  PRIMARY KEY  (`coupon_id`)
) ENGINE=MyISAM DEFAULT CHARSET=latin1;

--
-- Dumping data for table `idx_discount_coupon`
--


--
-- Table structure for table `idx_editor`
--

CREATE TABLE `idx_editor` (
  `username` varchar(20) default NULL,
  `category_id` mediumint(9) default NULL,
  `category` char(1) default NULL,
  `link` char(1) default NULL,
  `review` char(1) default NULL,
  `pick` char(1) default NULL,
  `status` char(1) default NULL,
  `date` date default NULL
) ENGINE=MyISAM DEFAULT CHARSET=latin1;

--
-- Dumping data for table `idx_editor`
--


--
-- Table structure for table `idx_email_template`
--

CREATE TABLE `idx_email_template` (
  `email_template_id` int(10) unsigned NOT NULL auto_increment,
  `name` varchar(255) default NULL,
  `subject` varchar(255) default NULL,
  `body` text,
  `altbody` text,
  PRIMARY KEY  (`email_template_id`)
) ENGINE=MyISAM AUTO_INCREMENT=37 DEFAULT CHARSET=latin1;

--
-- Dumping data for table `idx_email_template`
--



--
-- Table structure for table `idx_favorites`
--

CREATE TABLE `idx_favorites` (
  `favorite_id` int(11) NOT NULL auto_increment,
  `username` varchar(20) default NULL,
  `date` date default NULL,
  `title` varchar(100) default NULL,
  `description` text,
  PRIMARY KEY  (`favorite_id`)
) ENGINE=MyISAM AUTO_INCREMENT=4 DEFAULT CHARSET=latin1;

--
-- Dumping data for table `idx_favorites`
--

INSERT INTO `idx_favorites` VALUES (1,'randalljoanv24h42','2011-10-18','My Favorites',NULL),(2,'myleslouise21b62','2011-10-19','My Favorites',NULL),(3,'travissheltog62l68','2011-10-31','My Favorites',NULL);

--
-- Table structure for table `idx_favorites_detail`
--

CREATE TABLE `idx_favorites_detail` (
  `favorite_id` int(11) default NULL,
  `link_id` mediumint(9) default NULL
) ENGINE=MyISAM DEFAULT CHARSET=latin1;

--
-- Dumping data for table `idx_favorites_detail`
--


--
-- Table structure for table `idx_hook_place`
--

CREATE TABLE `idx_hook_place` (
  `hook_place_id` int(11) NOT NULL auto_increment,
  `filename` varchar(255) default NULL,
  `hookname` varchar(255) default NULL,
  PRIMARY KEY  (`hook_place_id`)
) ENGINE=MyISAM DEFAULT CHARSET=latin1;

--
-- Dumping data for table `idx_hook_place`
--


--
-- Table structure for table `idx_invoice`
--

CREATE TABLE `idx_invoice` (
  `invoice_id` varchar(10) NOT NULL default '',
  `invoice_date` date default NULL,
  `due_date` date default NULL,
  `invoiced_to` text,
  `service` varchar(255) default NULL,
  `description` text,
  `total` double(8,2) default NULL,
  `comment` text,
  `paid` char(1) default NULL,
  `paid_date` date default NULL,
  `email` varchar(255) default NULL,
  PRIMARY KEY  (`invoice_id`)
) ENGINE=MyISAM DEFAULT CHARSET=latin1;

--
-- Dumping data for table `idx_invoice`
--


--
-- Table structure for table `idx_invoice_config`
--

CREATE TABLE `idx_invoice_config` (
  `company` varchar(255) default NULL,
  `contact` varchar(255) default NULL,
  `address` text,
  `phone` varchar(255) default NULL,
  `email` varchar(255) default NULL,
  `currency_symbol` varchar(255) default '$',
  `currency_code` varchar(255) default 'USD'
) ENGINE=MyISAM DEFAULT CHARSET=latin1;

--
-- Dumping data for table `idx_invoice_config`
--

INSERT INTO `idx_invoice_config` VALUES ('Your website / Company','Billing Department','Your address','Your phone #','Billing<name@yourdomain.com>','$','USD');

--
-- Table structure for table `idx_link_temp`
--

CREATE TABLE `idx_link_temp` (
  `vid` mediumint(9) unsigned NOT NULL auto_increment,
  `spam` char(1) NOT NULL default '0',
  `link_id` mediumint(9) default NULL,
  `category_id` mediumint(9) unsigned NOT NULL default '0',
  `title` varchar(100) NOT NULL default '',
  `url` text NOT NULL,
  `description` text NOT NULL,
  `contact_name` varchar(100) NOT NULL default '',
  `email` varchar(100) NOT NULL default '',
  `hits` mediumint(9) default NULL,
  `votes` smallint(6) default NULL,
  `rating` float(4,2) default NULL,
  `date` datetime NOT NULL default '0000-00-00 00:00:00',
  `bid` smallint(6) NOT NULL default '0',
  `new` char(1) default NULL,
  `hot` char(1) default NULL,
  `top_rated` char(1) default NULL,
  `pick` char(1) default NULL,
  `password` varchar(20) default NULL,
  `updated` char(1) default NULL,
  `reviews` smallint(6) default NULL,
  `avg_review` float(4,2) default NULL,
  `last_updated` datetime default NULL,
  `official_review` text,
  `keywords` varchar(255) default NULL,
  `cat1` mediumint(6) NOT NULL default '0',
  `cat2` mediumint(6) NOT NULL default '0',
  `suspended` char(1) NOT NULL default '0',
  `reciprocal_url` varchar(255) default NULL,
  `address` varchar(255) default NULL,
  `city` varchar(255) default NULL,
  `state` varchar(255) default NULL,
  `country` varchar(255) default NULL,
  `zip` varchar(255) default NULL,
  `image` varchar(255) default NULL,
  `phone` varchar(255) default NULL,
  `fax` varchar(255) default NULL,
  PRIMARY KEY  (`vid`)
) ENGINE=MyISAM DEFAULT CHARSET=latin1;

--
-- Dumping data for table `idx_link_temp`
--


--
-- Table structure for table `idx_link_temp_user`
--

CREATE TABLE `idx_link_temp_user` (
  `vid` mediumint(9) unsigned NOT NULL default '0',
  `username` varchar(20) NOT NULL default '',
  PRIMARY KEY  (`vid`)
) ENGINE=MyISAM DEFAULT CHARSET=latin1;

--
-- Dumping data for table `idx_link_temp_user`
--


--
-- Table structure for table `idx_link_user`
--

CREATE TABLE `idx_link_user` (
  `link_id` mediumint(9) unsigned NOT NULL default '0',
  `username` varchar(20) NOT NULL default '',
  PRIMARY KEY  (`link_id`)
) ENGINE=MyISAM DEFAULT CHARSET=latin1;

--
-- Dumping data for table `idx_link_user`
--


--
-- Table structure for table `idx_mailing_list`
--

CREATE TABLE `idx_mailing_list` (
  `email` varchar(50) NOT NULL default '',
  `code` varchar(4) default NULL,
  `status` char(1) default NULL,
  PRIMARY KEY  (`email`)
) ENGINE=MyISAM DEFAULT CHARSET=latin1;

--
-- Dumping data for table `idx_mailing_list`
--


--
-- Table structure for table `idx_message`
--

CREATE TABLE `idx_message` (
  `message_id` smallint(6) NOT NULL auto_increment,
  `date` date default NULL,
  `body` text,
  `subject` varchar(100) default NULL,
  PRIMARY KEY  (`message_id`)
) ENGINE=MyISAM DEFAULT CHARSET=latin1;

--
-- Dumping data for table `idx_message`
--


--
-- Table structure for table `idx_notification`
--

CREATE TABLE `idx_notification` (
  `username` varchar(20) NOT NULL default '',
  `category_id` mediumint(9) NOT NULL default '0'
) ENGINE=MyISAM DEFAULT CHARSET=latin1;

--
-- Dumping data for table `idx_notification`
--


--
-- Table structure for table `idx_pagerank`
--

CREATE TABLE `idx_pagerank` (
  `link_id` mediumint(8) unsigned NOT NULL default '0',
  `engine` char(1) NOT NULL default '',
  `rank` tinyint(4) NOT NULL default '0',
  `last_update` date NOT NULL default '0000-00-00',
  PRIMARY KEY  (`link_id`,`engine`)
) ENGINE=MyISAM DEFAULT CHARSET=latin1;

--
-- Dumping data for table `idx_pagerank`
--

INSERT INTO `idx_pagerank` VALUES (4,'g',0,'2011-10-07'),(5,'g',0,'2012-03-04'),(3,'g',0,'2011-10-07'),(2,'g',0,'2012-03-01'),(1,'g',0,'2011-10-23'),(6,'g',6,'2011-10-05'),(7,'g',0,'2012-01-13'),(40,'g',3,'2011-09-20'),(130,'g',0,'2012-01-24'),(105,'g',0,'2012-01-15'),(96,'g',3,'2011-09-22'),(19,'g',3,'2011-09-22'),(95,'g',0,'2011-09-22'),(110,'g',2,'2011-09-22'),(107,'g',0,'2012-01-22'),(9,'g',0,'2011-10-05'),(13,'g',4,'2011-10-05'),(21,'g',2,'2011-10-05'),(22,'g',2,'2011-10-05'),(24,'g',2,'2011-10-05'),(16,'g',3,'2011-10-05'),(17,'g',3,'2011-10-05'),(18,'g',3,'2011-10-05'),(31,'g',3,'2011-10-05'),(123,'g',2,'2011-10-05'),(8,'g',0,'2011-10-05'),(20,'g',0,'2011-10-05'),(23,'g',0,'2011-10-05'),(115,'g',2,'2011-10-05'),(36,'g',0,'2012-01-08'),(128,'g',0,'2012-01-19'),(108,'g',1,'2011-10-05'),(112,'g',0,'2012-01-17'),(99,'g',0,'2012-01-19'),(98,'g',0,'2012-01-09'),(113,'g',0,'2012-02-29'),(129,'g',3,'2011-10-05'),(127,'g',0,'2012-02-29'),(35,'g',0,'2012-02-09'),(102,'g',0,'2012-03-06'),(103,'g',0,'2012-01-13'),(104,'g',0,'2012-01-21'),(101,'g',0,'2012-02-11'),(38,'g',0,'2012-01-24'),(14,'g',0,'2011-10-06'),(131,'g',0,'2012-02-24'),(117,'g',0,'2012-02-24'),(142,'g',0,'2012-02-29'),(134,'g',0,'2012-01-23'),(143,'g',0,'2012-02-29'),(156,'g',0,'2012-01-14'),(135,'g',0,'2012-01-24'),(141,'g',0,'2012-01-09'),(160,'g',0,'2012-01-21'),(150,'g',0,'2012-01-22'),(169,'g',0,'2012-02-24'),(153,'g',0,'2012-01-22'),(133,'g',0,'2012-02-24'),(154,'g',0,'2012-02-24'),(170,'g',0,'2012-02-28'),(175,'g',0,'2012-01-24'),(124,'g',0,'2012-01-23'),(140,'g',0,'2011-10-14'),(188,'g',0,'2012-02-24'),(155,'g',0,'2012-03-04'),(157,'g',0,'2012-01-21'),(196,'g',0,'2012-01-21'),(106,'g',0,'2011-10-17'),(126,'g',0,'2011-12-15'),(33,'g',0,'2012-03-03'),(122,'g',0,'2011-10-17'),(136,'g',0,'2012-01-24'),(161,'g',0,'2012-03-01'),(116,'g',0,'2012-01-25'),(32,'g',0,'2012-01-25'),(181,'g',0,'2011-12-15'),(121,'g',0,'2011-12-15'),(125,'g',0,'2011-10-20'),(189,'g',0,'2011-10-20'),(171,'g',0,'2011-12-24'),(192,'g',0,'2011-10-21'),(173,'g',0,'2011-10-21'),(193,'g',0,'2011-12-16'),(158,'g',0,'2011-12-20'),(199,'g',0,'2011-10-21'),(186,'g',0,'2011-10-21'),(197,'g',0,'2012-01-07'),(151,'g',0,'2011-10-21'),(190,'g',0,'2012-03-03'),(139,'g',0,'2012-01-22'),(37,'g',0,'2011-12-20'),(184,'g',0,'2011-10-21'),(114,'g',0,'2011-10-21'),(145,'g',0,'2011-12-20'),(138,'g',0,'2011-10-21'),(194,'g',0,'2011-10-21'),(180,'g',0,'2011-10-21'),(144,'g',0,'2012-02-11'),(137,'g',0,'2011-10-22'),(165,'g',0,'2011-12-20'),(111,'g',0,'2011-10-22'),(174,'g',0,'2012-03-03'),(195,'g',0,'2012-01-25'),(176,'g',0,'2011-12-01'),(146,'g',0,'2012-02-19'),(177,'g',0,'2011-10-24'),(172,'g',0,'2011-11-26'),(39,'g',0,'2011-10-24'),(187,'g',0,'2012-03-02'),(178,'g',0,'2011-12-02'),(118,'g',0,'2011-12-02'),(295,'g',0,'2011-10-24'),(203,'g',0,'2011-10-24'),(300,'g',0,'2011-10-24'),(235,'g',0,'2011-10-24'),(244,'g',0,'2011-10-24'),(354,'g',0,'2011-10-24'),(367,'g',0,'2012-01-07'),(324,'g',0,'2011-10-24'),(257,'g',0,'2011-10-24'),(109,'g',0,'2012-01-07'),(518,'g',0,'2011-12-02'),(616,'g',0,'2011-12-02'),(559,'g',0,'2011-12-02'),(441,'g',0,'2011-10-24'),(337,'g',0,'2011-12-02'),(408,'g',0,'2011-12-02'),(224,'g',0,'2011-12-02'),(284,'g',0,'2011-10-24'),(204,'g',0,'2011-10-25'),(246,'g',0,'2011-10-25'),(233,'g',0,'2011-10-25'),(207,'g',0,'2011-12-03'),(221,'g',0,'2011-12-03'),(205,'g',0,'2011-12-03'),(222,'g',0,'2011-12-03'),(248,'g',0,'2011-12-03'),(252,'g',0,'2011-12-03'),(227,'g',0,'2011-10-26'),(215,'g',0,'2011-10-26'),(253,'g',0,'2011-10-26'),(330,'g',0,'2011-10-27'),(356,'g',0,'2011-10-27'),(237,'g',0,'2011-10-27'),(376,'g',0,'2011-10-27'),(263,'g',0,'2011-10-27'),(434,'g',0,'2011-12-13'),(304,'g',0,'2011-10-27'),(200,'g',0,'2011-10-27'),(241,'g',0,'2011-10-27'),(259,'g',0,'2011-10-27'),(238,'g',0,'2011-10-27'),(265,'g',0,'2011-10-28'),(274,'g',0,'2011-10-28'),(185,'g',0,'2011-10-28'),(191,'g',0,'2011-10-28'),(279,'g',0,'2011-10-28'),(273,'g',0,'2011-10-28'),(316,'g',0,'2011-10-28'),(255,'g',0,'2011-10-28'),(249,'g',0,'2011-10-28'),(362,'g',0,'2011-10-28'),(368,'g',0,'2011-10-28'),(452,'g',0,'2012-02-16'),(446,'g',0,'2012-02-16'),(322,'g',0,'2011-10-28'),(583,'g',0,'2011-10-28'),(631,'g',0,'2011-10-28'),(336,'g',0,'2011-10-28'),(714,'g',0,'2011-10-28'),(269,'g',0,'2011-10-28'),(466,'g',0,'2011-10-28'),(382,'g',0,'2011-10-28'),(661,'g',0,'2011-10-28'),(500,'g',0,'2011-10-28'),(260,'g',0,'2011-12-02'),(210,'g',0,'2011-12-02'),(313,'g',0,'2011-10-29'),(212,'g',0,'2011-12-02'),(309,'g',0,'2011-10-29'),(258,'g',0,'2011-12-02'),(211,'g',0,'2011-12-02'),(311,'g',0,'2011-10-29'),(262,'g',0,'2011-12-02'),(270,'g',0,'2011-11-04'),(226,'g',0,'2011-11-04'),(341,'g',0,'2011-11-04'),(288,'g',0,'2011-11-04'),(321,'g',0,'2011-11-04'),(216,'g',0,'2011-11-04'),(286,'g',0,'2011-11-04'),(228,'g',0,'2011-11-04'),(345,'g',0,'2011-11-04'),(439,'g',0,'2011-11-04'),(684,'g',0,'2011-11-04'),(283,'g',0,'2011-11-04'),(557,'g',0,'2011-11-04'),(406,'g',0,'2011-12-15'),(223,'g',0,'2011-11-04'),(614,'g',0,'2011-11-04'),(335,'g',0,'2011-11-04'),(516,'g',0,'2011-11-04'),(323,'g',0,'2011-11-05'),(272,'g',0,'2011-11-05'),(602,'g',0,'2011-11-05'),(427,'g',0,'2011-11-05'),(545,'g',0,'2011-11-05'),(217,'g',0,'2011-11-05'),(395,'g',0,'2012-02-03'),(678,'g',0,'2011-11-05'),(507,'g',0,'2011-11-05'),(420,'g',0,'2012-02-19'),(243,'g',0,'2011-11-05'),(349,'g',0,'2011-11-05'),(230,'g',0,'2011-11-05'),(453,'g',0,'2011-11-05'),(359,'g',0,'2011-11-05'),(310,'g',0,'2011-11-05'),(473,'g',0,'2011-11-05'),(290,'g',0,'2011-11-05'),(440,'g',0,'2011-12-27'),(276,'g',0,'2011-11-05'),(329,'g',0,'2011-11-05'),(327,'g',0,'2011-11-05'),(317,'g',0,'2011-11-05'),(214,'g',0,'2011-11-05'),(219,'g',0,'2011-11-05'),(278,'g',0,'2011-11-05'),(220,'g',0,'2011-11-05'),(389,'g',0,'2011-11-05'),(266,'g',0,'2011-11-05'),(202,'g',0,'2011-11-05'),(264,'g',0,'2011-11-05'),(213,'g',0,'2011-11-05'),(254,'g',0,'2011-11-05'),(208,'g',0,'2011-11-05'),(239,'g',0,'2011-11-05'),(242,'g',0,'2011-11-05'),(520,'g',0,'2011-11-05'),(686,'g',0,'2011-11-05'),(225,'g',0,'2011-11-05'),(339,'g',0,'2011-11-05'),(285,'g',0,'2011-11-05'),(443,'g',0,'2011-11-05'),(618,'g',0,'2011-11-05'),(561,'g',0,'2011-11-05'),(410,'g',0,'2011-11-05'),(229,'g',0,'2011-11-05'),(232,'g',0,'2011-11-05'),(218,'g',0,'2011-11-05'),(236,'g',0,'2011-11-05'),(533,'g',0,'2011-11-06'),(668,'g',0,'2011-11-06'),(535,'g',0,'2011-11-06'),(581,'g',0,'2011-11-06'),(672,'g',0,'2011-11-06'),(584,'g',0,'2011-11-06'),(587,'g',0,'2011-11-06'),(670,'g',0,'2011-11-06'),(767,'g',0,'2011-11-06'),(734,'g',0,'2011-11-06'),(718,'g',0,'2011-11-06'),(760,'g',0,'2011-11-06'),(702,'g',0,'2011-11-06'),(750,'g',0,'2011-11-06'),(301,'g',0,'2011-11-07'),(206,'g',0,'2011-11-07'),(250,'g',0,'2011-11-07'),(261,'g',0,'2011-11-07'),(318,'g',0,'2011-11-07'),(251,'g',0,'2011-11-07'),(164,'g',0,'2012-03-06'),(120,'g',0,'2011-11-07'),(119,'g',0,'2011-11-07'),(100,'g',0,'2011-11-07'),(710,'g',0,'2011-11-09'),(733,'g',0,'2011-12-15'),(735,'g',0,'2011-11-09'),(729,'g',0,'2011-12-16'),(721,'g',0,'2011-11-09'),(711,'g',0,'2011-11-09'),(737,'g',0,'2012-03-03'),(234,'g',0,'2011-11-10'),(247,'g',0,'2011-11-10'),(307,'g',0,'2011-11-11'),(360,'g',0,'2011-11-11'),(292,'g',0,'2011-11-11'),(312,'g',0,'2011-11-11'),(379,'g',0,'2011-11-11'),(390,'g',0,'2011-11-11'),(350,'g',0,'2011-11-11'),(277,'g',0,'2011-11-11'),(411,'g',0,'2011-11-11'),(344,'g',0,'2011-11-11'),(739,'g',0,'2012-03-02'),(747,'g',0,'2011-11-12'),(198,'g',0,'2012-02-23'),(762,'g',0,'2011-12-15'),(744,'g',0,'2011-12-13'),(287,'g',0,'2011-11-13'),(268,'g',0,'2011-11-13'),(271,'g',0,'2011-11-13'),(319,'g',0,'2011-11-13'),(267,'g',0,'2011-11-13'),(320,'g',0,'2011-11-13'),(338,'g',0,'2011-11-13'),(334,'g',0,'2011-11-13'),(743,'g',0,'2011-12-13'),(662,'g',0,'2011-11-13'),(683,'g',0,'2011-11-13'),(682,'g',0,'2011-11-13'),(759,'g',0,'2011-11-13'),(745,'g',0,'2011-12-13'),(658,'g',0,'2011-11-13'),(766,'g',0,'2011-12-16'),(740,'g',0,'2011-11-14'),(715,'g',0,'2011-11-14'),(588,'g',0,'2011-11-14'),(736,'g',0,'2011-11-14'),(725,'g',0,'2011-12-14'),(291,'g',0,'2011-11-14'),(648,'g',0,'2011-11-14'),(644,'g',0,'2011-11-14'),(240,'g',0,'2011-11-14'),(723,'g',0,'2011-12-15'),(732,'g',0,'2011-12-15'),(636,'g',0,'2011-11-14'),(201,'g',0,'2011-11-14'),(688,'g',0,'2011-11-14'),(706,'g',0,'2011-11-14'),(713,'g',0,'2011-11-14'),(674,'g',0,'2011-11-14'),(664,'g',0,'2011-11-14'),(699,'g',0,'2011-11-14'),(726,'g',0,'2011-12-15'),(363,'g',0,'2012-03-02'),(600,'g',0,'2011-11-14'),(609,'g',0,'2011-11-14'),(695,'g',0,'2011-11-14'),(727,'g',0,'2011-11-14'),(703,'g',0,'2011-11-14'),(839,'g',0,'2011-11-15'),(843,'g',0,'2011-11-15'),(860,'g',0,'2011-11-18'),(816,'g',0,'2011-11-18'),(864,'g',0,'2011-11-18'),(795,'g',0,'2011-11-18'),(822,'g',0,'2011-11-20'),(771,'g',0,'2011-11-21'),(890,'g',0,'2011-11-21'),(696,'g',0,'2011-11-26'),(724,'g',0,'2012-01-07'),(722,'g',0,'2012-01-07'),(859,'g',0,'2011-11-26'),(653,'g',0,'2011-11-26'),(591,'g',0,'2011-11-26'),(708,'g',0,'2011-11-26'),(638,'g',0,'2011-11-26'),(619,'g',0,'2011-11-26'),(862,'g',0,'2011-11-26'),(819,'g',0,'2011-11-27'),(883,'g',0,'2011-11-27'),(798,'g',0,'2011-11-27'),(854,'g',0,'2011-11-27'),(832,'g',0,'2011-11-27'),(884,'g',0,'2011-11-27'),(773,'g',0,'2011-11-27'),(814,'g',0,'2011-11-27'),(812,'g',0,'2011-11-27'),(926,'g',0,'2011-11-27'),(924,'g',0,'2011-12-01'),(1246,'g',0,'2011-12-01'),(1197,'g',0,'2011-12-01'),(1096,'g',0,'2011-12-01'),(1168,'g',0,'2011-12-01'),(799,'g',0,'2011-12-01'),(982,'g',0,'2011-12-02'),(1963,'g',0,'2011-12-02'),(1628,'g',0,'2011-12-02'),(2361,'g',0,'2011-12-02'),(1304,'g',0,'2011-12-02'),(1209,'g',0,'2011-12-02'),(1114,'g',0,'2011-12-02'),(209,'g',0,'2011-12-03'),(256,'g',0,'2011-12-03'),(231,'g',0,'2011-12-03'),(245,'g',0,'2011-12-03'),(781,'g',0,'2011-12-03'),(654,'g',0,'2011-12-03'),(779,'g',0,'2011-12-03'),(700,'g',0,'2011-12-03'),(730,'g',0,'2011-12-03'),(621,'g',0,'2011-12-03'),(775,'g',0,'2011-12-03'),(709,'g',0,'2011-12-03'),(645,'g',0,'2011-12-03'),(603,'g',0,'2011-12-03'),(1489,'g',0,'2011-12-03'),(1167,'g',0,'2011-12-03'),(1072,'g',0,'2011-12-03'),(1410,'g',0,'2011-12-03'),(1088,'g',0,'2011-12-03'),(1207,'g',0,'2011-12-03'),(1427,'g',0,'2011-12-03'),(1236,'g',0,'2011-12-03'),(2484,'g',0,'2011-12-03'),(1887,'g',0,'2011-12-03'),(2086,'g',0,'2011-12-04'),(1105,'g',0,'2011-12-04'),(2228,'g',0,'2011-12-04'),(1751,'g',0,'2011-12-04'),(1560,'g',0,'2011-12-04'),(1210,'g',0,'2011-12-04'),(1394,'g',0,'2011-12-04'),(1481,'g',0,'2011-12-04'),(2140,'g',0,'2011-12-04'),(1159,'g',0,'2011-12-04'),(1805,'g',0,'2011-12-05'),(1649,'g',0,'2011-12-05'),(1984,'g',0,'2011-12-05'),(1003,'g',0,'2011-12-05'),(2382,'g',0,'2011-12-05'),(913,'g',0,'2011-12-05'),(610,'g',0,'2011-12-05'),(553,'g',0,'2011-12-05'),(515,'g',0,'2011-12-05'),(514,'g',0,'2011-12-05'),(521,'g',0,'2011-12-05'),(572,'g',0,'2011-12-05'),(525,'g',0,'2011-12-05'),(555,'g',0,'2011-12-05'),(566,'g',0,'2011-12-05'),(612,'g',0,'2011-12-05'),(910,'g',0,'2011-12-05'),(896,'g',0,'2011-12-05'),(870,'g',0,'2011-12-05'),(882,'g',0,'2011-12-05'),(907,'g',0,'2011-12-05'),(904,'g',0,'2011-12-05'),(914,'g',0,'2011-12-05'),(900,'g',0,'2011-12-06'),(1281,'g',0,'2011-12-07'),(1129,'g',0,'2011-12-07'),(959,'g',0,'2011-12-07'),(1146,'g',0,'2011-12-07'),(1134,'g',0,'2011-12-07'),(969,'g',0,'2011-12-08'),(936,'g',0,'2011-12-08'),(981,'g',0,'2011-12-08'),(838,'g',0,'2011-12-08'),(998,'g',0,'2011-12-08'),(848,'g',0,'2011-12-08'),(821,'g',0,'2011-12-08'),(1009,'g',0,'2011-12-08'),(1006,'g',0,'2011-12-08'),(1223,'g',0,'2011-12-08'),(1241,'g',0,'2011-12-08'),(1565,'g',0,'2011-12-08'),(1900,'g',0,'2011-12-08'),(2241,'g',0,'2011-12-08'),(4059,'g',0,'2011-12-08'),(3075,'g',0,'2011-12-08'),(3549,'g',0,'2011-12-08'),(2639,'g',0,'2011-12-08'),(783,'g',0,'2011-12-09'),(785,'g',0,'2011-12-09'),(761,'g',0,'2011-12-09'),(754,'g',0,'2011-12-09'),(786,'g',0,'2011-12-09'),(780,'g',0,'2011-12-09'),(764,'g',0,'2011-12-09'),(756,'g',0,'2011-12-09'),(925,'g',0,'2011-12-09'),(965,'g',0,'2011-12-09'),(927,'g',0,'2011-12-09'),(938,'g',0,'2011-12-09'),(970,'g',0,'2011-12-09'),(903,'g',0,'2011-12-10'),(1046,'g',0,'2011-12-10'),(1062,'g',0,'2011-12-10'),(1115,'g',0,'2011-12-10'),(1049,'g',0,'2011-12-10'),(1052,'g',0,'2011-12-10'),(1068,'g',0,'2011-12-10'),(1104,'g',0,'2011-12-10'),(1048,'g',0,'2011-12-10'),(1050,'g',0,'2011-12-10'),(1414,'g',0,'2011-12-10'),(1491,'g',0,'2011-12-10'),(1720,'g',0,'2011-12-10'),(886,'g',0,'2011-12-10'),(1396,'g',0,'2011-12-10'),(1074,'g',0,'2011-12-10'),(1169,'g',0,'2011-12-10'),(871,'g',0,'2011-12-10'),(1092,'g',0,'2011-12-10'),(976,'g',0,'2011-12-10'),(909,'g',0,'2011-12-10'),(955,'g',0,'2011-12-10'),(1066,'g',0,'2011-12-10'),(1102,'g',0,'2011-12-10'),(1277,'g',0,'2011-12-10'),(1138,'g',0,'2011-12-10'),(1061,'g',0,'2011-12-10'),(1079,'g',0,'2011-12-11'),(1125,'g',0,'2011-12-11'),(2771,'g',0,'2011-12-11'),(4276,'g',0,'2011-12-11'),(3245,'g',0,'2011-12-11'),(3754,'g',0,'2011-12-11'),(5030,'g',0,'2012-03-04'),(5143,'g',0,'2012-03-04'),(4928,'g',0,'2012-03-04'),(4946,'g',0,'2012-03-04'),(4901,'g',0,'2011-12-12'),(4825,'g',0,'2011-12-12'),(4842,'g',0,'2011-12-12'),(4837,'g',0,'2011-12-12'),(4899,'g',0,'2011-12-12'),(4900,'g',0,'2011-12-12'),(4839,'g',0,'2011-12-12'),(4897,'g',0,'2011-12-12'),(4836,'g',0,'2011-12-12'),(4898,'g',0,'2011-12-12'),(4957,'g',0,'2011-12-12'),(5032,'g',0,'2011-12-12'),(5134,'g',0,'2011-12-12'),(4803,'g',0,'2011-12-12'),(5114,'g',0,'2011-12-12'),(5097,'g',0,'2011-12-12'),(5199,'g',0,'2011-12-12'),(5200,'g',0,'2011-12-12'),(5193,'g',0,'2011-12-12'),(5316,'g',0,'2011-12-12'),(5198,'g',0,'2011-12-12'),(5314,'g',0,'2011-12-12'),(387,'g',0,'2011-12-12'),(377,'g',0,'2011-12-12'),(436,'g',0,'2011-12-12'),(365,'g',0,'2011-12-12'),(4996,'g',0,'2011-12-12'),(4982,'g',0,'2011-12-12'),(5312,'g',0,'2011-12-12'),(5136,'g',0,'2011-12-12'),(4933,'g',0,'2011-12-12'),(5299,'g',0,'2011-12-12'),(4956,'g',0,'2011-12-12'),(4817,'g',0,'2011-12-12'),(5155,'g',0,'2011-12-12'),(5297,'g',0,'2011-12-12'),(393,'g',0,'2011-12-13'),(416,'g',0,'2011-12-13'),(412,'g',0,'2011-12-13'),(5052,'g',0,'2011-12-13'),(4940,'g',0,'2011-12-13'),(5013,'g',0,'2011-12-13'),(4976,'g',0,'2011-12-13'),(4954,'g',0,'2011-12-13'),(5026,'g',0,'2011-12-13'),(5050,'g',0,'2011-12-13'),(4942,'g',0,'2011-12-13'),(4926,'g',0,'2011-12-13'),(5074,'g',0,'2011-12-13'),(460,'g',0,'2011-12-13'),(5320,'g',0,'2011-12-13'),(5070,'g',0,'2011-12-13'),(5028,'g',0,'2011-12-13'),(5027,'g',0,'2011-12-13'),(5025,'g',0,'2011-12-13'),(5112,'g',0,'2011-12-13'),(5119,'g',0,'2011-12-13'),(5234,'g',0,'2011-12-13'),(5128,'g',0,'2011-12-13'),(5107,'g',0,'2011-12-13'),(5080,'g',0,'2011-12-13'),(5152,'g',0,'2011-12-13'),(5154,'g',0,'2011-12-13'),(5037,'g',0,'2011-12-13'),(5103,'g',0,'2011-12-13'),(5307,'g',0,'2011-12-13'),(4972,'g',0,'2011-12-13'),(5344,'g',0,'2011-12-13'),(5185,'g',0,'2011-12-13'),(5144,'g',0,'2011-12-13'),(5020,'g',0,'2011-12-13'),(5021,'g',0,'2011-12-13'),(5022,'g',0,'2011-12-13'),(5034,'g',0,'2011-12-13'),(5018,'g',0,'2011-12-13'),(5031,'g',0,'2011-12-13'),(5019,'g',0,'2011-12-13'),(5008,'g',0,'2011-12-13'),(4991,'g',0,'2011-12-13'),(5014,'g',0,'2011-12-13'),(4953,'g',0,'2011-12-13'),(4936,'g',0,'2011-12-13'),(4927,'g',0,'2011-12-13'),(4910,'g',0,'2011-12-13'),(4964,'g',0,'2011-12-13'),(4979,'g',0,'2011-12-13'),(5331,'g',0,'2011-12-14'),(4959,'g',0,'2012-03-06'),(5111,'g',0,'2011-12-14'),(458,'g',0,'2012-02-09'),(738,'g',0,'2011-12-14'),(5318,'g',0,'2011-12-14'),(5329,'g',0,'2011-12-14'),(4881,'g',0,'2011-12-15'),(765,'g',0,'2011-12-15'),(4888,'g',0,'2011-12-15'),(4923,'g',0,'2011-12-15'),(5350,'g',0,'2011-12-15'),(5317,'g',0,'2011-12-15'),(468,'g',0,'2011-12-15'),(430,'g',0,'2011-12-15'),(4913,'g',0,'2011-12-15'),(4890,'g',0,'2011-12-15'),(454,'g',0,'2011-12-15'),(4939,'g',0,'2011-12-15'),(4990,'g',0,'2011-12-15'),(731,'g',0,'2011-12-15'),(752,'g',0,'2011-12-15'),(4992,'g',0,'2011-12-15'),(4971,'g',0,'2011-12-15'),(4986,'g',0,'2011-12-15'),(4794,'g',0,'2011-12-15'),(5004,'g',0,'2011-12-15'),(763,'g',0,'2011-12-15'),(5017,'g',0,'2011-12-16'),(4977,'g',0,'2011-12-16'),(4968,'g',0,'2011-12-16'),(4989,'g',0,'2011-12-16'),(4965,'g',0,'2011-12-16'),(5068,'g',0,'2011-12-16'),(5000,'g',0,'2011-12-16'),(4832,'g',0,'2011-12-16'),(4966,'g',0,'2011-12-16'),(5072,'g',0,'2011-12-16'),(4919,'g',0,'2011-12-16'),(4790,'g',0,'2011-12-16'),(4811,'g',0,'2011-12-16'),(4896,'g',0,'2011-12-16'),(751,'g',0,'2011-12-16'),(757,'g',0,'2011-12-17'),(448,'g',0,'2011-12-17'),(373,'g',0,'2011-12-17'),(742,'g',0,'2011-12-17'),(5364,'g',0,'2011-12-18'),(4921,'g',0,'2011-12-18'),(5029,'g',0,'2011-12-18'),(4759,'g',0,'2011-12-18'),(4950,'g',0,'2011-12-18'),(5060,'g',0,'2011-12-18'),(5113,'g',0,'2011-12-18'),(391,'g',0,'2011-12-18'),(385,'g',0,'2012-01-24'),(383,'g',0,'2012-01-24'),(4834,'g',0,'2012-01-24'),(381,'g',0,'2012-01-24'),(4988,'g',0,'2012-01-24'),(5042,'g',0,'2011-12-19'),(5076,'g',0,'2011-12-19'),(5041,'g',0,'2011-12-19'),(4841,'g',0,'2012-01-24'),(4769,'g',0,'2011-12-19'),(5359,'g',0,'2011-12-19'),(5335,'g',0,'2011-12-19'),(4791,'g',0,'2011-12-19'),(4766,'g',0,'2011-12-19'),(4788,'g',0,'2011-12-19'),(5342,'g',0,'2011-12-19'),(5357,'g',0,'2011-12-19'),(4770,'g',0,'2011-12-19'),(4764,'g',0,'2011-12-19'),(4840,'g',0,'2011-12-19'),(5088,'g',0,'2011-12-19'),(4833,'g',0,'2011-12-19'),(5150,'g',0,'2011-12-19'),(5110,'g',0,'2011-12-19'),(4804,'g',0,'2011-12-19'),(4843,'g',0,'2011-12-19'),(5302,'g',0,'2011-12-19'),(4771,'g',0,'2011-12-19'),(4816,'g',0,'2011-12-19'),(5139,'g',0,'2011-12-19'),(5348,'g',0,'2011-12-19'),(5091,'g',0,'2011-12-19'),(4830,'g',0,'2011-12-19'),(5065,'g',0,'2011-12-19'),(4822,'g',0,'2011-12-19'),(4981,'g',0,'2011-12-19'),(5370,'g',0,'2011-12-19'),(371,'g',0,'2012-01-24'),(375,'g',0,'2012-01-24'),(5371,'g',0,'2012-03-04'),(4905,'g',0,'2011-12-20'),(4908,'g',0,'2012-02-23'),(4902,'g',0,'2012-02-23'),(4909,'g',0,'2011-12-20'),(4904,'g',0,'2011-12-20'),(4903,'g',0,'2011-12-20'),(4906,'g',0,'2011-12-20'),(4810,'g',0,'2011-12-20'),(4813,'g',0,'2011-12-20'),(4849,'g',0,'2011-12-20'),(5005,'g',0,'2011-12-20'),(4772,'g',0,'2011-12-20'),(4995,'g',0,'2011-12-20'),(5016,'g',0,'2011-12-20'),(4761,'g',0,'2012-02-23'),(4793,'g',0,'2011-12-20'),(4807,'g',0,'2011-12-20'),(5353,'g',0,'2012-02-23'),(5351,'g',0,'2012-02-23'),(4809,'g',0,'2011-12-20'),(5334,'g',0,'2012-02-23'),(5352,'g',0,'2012-02-23'),(5333,'g',0,'2012-02-23'),(4814,'g',0,'2011-12-20'),(5349,'g',0,'2011-12-21'),(5341,'g',0,'2011-12-21'),(5378,'g',0,'2011-12-22'),(5381,'g',0,'2011-12-22'),(470,'g',0,'2011-12-22'),(476,'g',0,'2011-12-22'),(462,'g',0,'2011-12-22'),(479,'g',0,'2011-12-22'),(432,'g',0,'2011-12-22'),(424,'g',0,'2011-12-22'),(418,'g',0,'2011-12-22'),(397,'g',0,'2011-12-22'),(5369,'g',0,'2011-12-22'),(399,'g',0,'2011-12-22'),(4941,'g',0,'2011-12-22'),(4969,'g',0,'2011-12-22'),(400,'g',0,'2011-12-22'),(4768,'g',0,'2011-12-22'),(4767,'g',0,'2011-12-23'),(4846,'g',0,'2011-12-23'),(4960,'g',0,'2011-12-23'),(4967,'g',0,'2011-12-23'),(444,'g',0,'2011-12-23'),(428,'g',0,'2011-12-23'),(5367,'g',0,'2011-12-23'),(5401,'g',0,'2011-12-23'),(5402,'g',0,'2011-12-23'),(4775,'g',0,'2011-12-24'),(5358,'g',0,'2011-12-24'),(4765,'g',0,'2011-12-24'),(4780,'g',0,'2011-12-24'),(5343,'g',0,'2011-12-24'),(4778,'g',0,'2011-12-24'),(5347,'g',0,'2011-12-24'),(5354,'g',0,'2011-12-24'),(5360,'g',0,'2011-12-24'),(5330,'g',0,'2011-12-24'),(5387,'g',0,'2011-12-24'),(5393,'g',0,'2011-12-24'),(5386,'g',0,'2011-12-24'),(5394,'g',0,'2012-02-11'),(5396,'g',0,'2011-12-24'),(4993,'g',0,'2011-12-24'),(456,'g',0,'2011-12-24'),(438,'g',0,'2011-12-24'),(4884,'g',0,'2011-12-24'),(5337,'g',0,'2011-12-25'),(4994,'g',0,'2011-12-25'),(5062,'g',0,'2011-12-25'),(5036,'g',0,'2011-12-25'),(5332,'g',0,'2011-12-25'),(4880,'g',0,'2011-12-25'),(4883,'g',0,'2011-12-25'),(4970,'g',0,'2011-12-25'),(5083,'g',0,'2011-12-25'),(4882,'g',0,'2011-12-25'),(5081,'g',0,'2011-12-25'),(4925,'g',0,'2011-12-25'),(4774,'g',0,'2011-12-25'),(5043,'g',0,'2011-12-25'),(152,'g',0,'2011-12-25'),(5328,'g',0,'2011-12-25'),(4973,'g',0,'2011-12-25'),(5054,'g',0,'2011-12-25'),(4922,'g',0,'2011-12-25'),(4907,'g',0,'2011-12-25'),(4886,'g',0,'2011-12-25'),(5038,'g',0,'2011-12-25'),(4958,'g',0,'2011-12-25'),(5045,'g',0,'2011-12-25'),(5109,'g',0,'2011-12-25'),(5066,'g',0,'2011-12-25'),(4894,'g',0,'2011-12-25'),(741,'g',0,'2011-12-25'),(5095,'g',0,'2011-12-25'),(4879,'g',0,'2011-12-25'),(5046,'g',0,'2011-12-25'),(5003,'g',0,'2011-12-25'),(5383,'g',0,'2011-12-25'),(5094,'g',0,'2011-12-25'),(753,'g',0,'2011-12-25'),(4787,'g',0,'2011-12-25'),(5051,'g',0,'2011-12-25'),(4818,'g',0,'2011-12-25'),(4828,'g',0,'2011-12-25'),(5002,'g',0,'2011-12-25'),(149,'g',0,'2011-12-25'),(5047,'g',0,'2011-12-26'),(4974,'g',0,'2011-12-26'),(159,'g',0,'2011-12-26'),(4826,'g',0,'2011-12-26'),(4796,'g',0,'2011-12-26'),(5362,'g',0,'2011-12-26'),(4784,'g',0,'2011-12-26'),(168,'g',0,'2011-12-26'),(4962,'g',0,'2011-12-26'),(5345,'g',0,'2011-12-26'),(4763,'g',0,'2011-12-26'),(5361,'g',0,'2011-12-26'),(5001,'g',0,'2011-12-26'),(4783,'g',0,'2011-12-26'),(4779,'g',0,'2011-12-26'),(147,'g',0,'2011-12-26'),(4776,'g',0,'2011-12-26'),(162,'g',0,'2011-12-26'),(166,'g',0,'2011-12-26'),(4930,'g',0,'2011-12-26'),(4781,'g',0,'2011-12-26'),(148,'g',0,'2011-12-26'),(167,'g',0,'2011-12-26'),(5300,'g',0,'2011-12-26'),(4947,'g',0,'2011-12-26'),(4802,'g',0,'2011-12-26'),(4799,'g',0,'2011-12-26'),(4820,'g',0,'2011-12-26'),(4795,'g',0,'2011-12-26'),(4823,'g',0,'2011-12-26'),(5092,'g',0,'2011-12-27'),(5122,'g',0,'2011-12-27'),(5087,'g',0,'2011-12-27'),(5123,'g',0,'2011-12-27'),(5118,'g',0,'2011-12-27'),(5102,'g',0,'2011-12-27'),(4792,'g',0,'2011-12-27'),(5411,'g',0,'2011-12-27'),(5408,'g',0,'2011-12-27'),(4819,'g',0,'2011-12-27'),(163,'g',0,'2011-12-27'),(4806,'g',0,'2011-12-27'),(4782,'g',0,'2011-12-27'),(4785,'g',0,'2011-12-27'),(5417,'g',0,'2011-12-28'),(5405,'g',0,'2011-12-28'),(5419,'g',0,'2011-12-29'),(5423,'g',0,'2011-12-29'),(5424,'g',0,'2011-12-29'),(5407,'g',0,'2011-12-29'),(5410,'g',0,'2011-12-29'),(5416,'g',0,'2011-12-29'),(5444,'g',0,'2012-02-23'),(5438,'g',0,'2011-12-30'),(5445,'g',0,'2011-12-30'),(5439,'g',0,'2011-12-30'),(5442,'g',0,'2011-12-30'),(5440,'g',0,'2011-12-30'),(5441,'g',0,'2011-12-30'),(5430,'g',0,'2011-12-30'),(5412,'g',0,'2011-12-31'),(5106,'g',0,'2011-12-31'),(5105,'g',0,'2011-12-31'),(5056,'g',0,'2011-12-31'),(5069,'g',0,'2011-12-31'),(5100,'g',0,'2011-12-31'),(5104,'g',0,'2012-01-01'),(5079,'g',0,'2012-01-01'),(5197,'g',0,'2012-01-01'),(5007,'g',0,'2012-01-01'),(5443,'g',0,'2012-01-01'),(5437,'g',0,'2012-01-01'),(5432,'g',0,'2012-01-01'),(5006,'g',0,'2012-01-01'),(5044,'g',0,'2012-01-01'),(5099,'g',0,'2012-01-01'),(5098,'g',0,'2012-01-02'),(5142,'g',0,'2012-01-02'),(5108,'g',0,'2012-01-02'),(5071,'g',0,'2012-01-02'),(5086,'g',0,'2012-01-02'),(5451,'g',0,'2012-01-03'),(5428,'g',0,'2012-01-03'),(5415,'g',0,'2012-01-03'),(5431,'g',0,'2012-02-11'),(5450,'g',0,'2012-01-03'),(5398,'g',0,'2012-01-03'),(5397,'g',0,'2012-01-03'),(5375,'g',0,'2012-01-03'),(5392,'g',0,'2012-01-03'),(4985,'g',0,'2012-01-03'),(5399,'g',0,'2012-01-03'),(5385,'g',0,'2012-01-03'),(5449,'g',0,'2012-01-04'),(5064,'g',0,'2012-01-05'),(5125,'g',0,'2012-01-05'),(4864,'g',0,'2012-01-05'),(4815,'g',0,'2012-01-05'),(5468,'g',0,'2012-01-06'),(5469,'g',0,'2012-01-06'),(5461,'g',0,'2012-01-08'),(442,'g',0,'2012-01-08'),(474,'g',0,'2012-01-08'),(422,'g',0,'2012-01-08'),(5455,'g',0,'2012-01-08'),(5465,'g',0,'2012-01-09'),(5472,'g',0,'2012-01-09'),(5462,'g',0,'2012-01-09'),(749,'g',0,'2012-01-10'),(414,'g',0,'2012-01-10'),(464,'g',0,'2012-01-10'),(450,'g',0,'2012-01-10'),(748,'g',0,'2012-01-10'),(426,'g',0,'2012-01-10'),(369,'g',0,'2012-01-10'),(183,'g',0,'2012-01-10'),(179,'g',0,'2012-01-10'),(182,'g',0,'2012-01-10'),(5446,'g',0,'2012-01-10'),(5346,'g',0,'2012-01-10'),(472,'g',0,'2012-01-10'),(5414,'g',0,'2012-01-10'),(5425,'g',0,'2012-01-10'),(5467,'g',0,'2012-01-10'),(5487,'g',0,'2012-02-23'),(5492,'g',0,'2012-01-10'),(5505,'g',0,'2012-01-10'),(5463,'g',0,'2012-01-11'),(5522,'g',0,'2012-01-12'),(5489,'g',0,'2012-01-13'),(5523,'g',0,'2012-01-13'),(5524,'g',0,'2012-01-13'),(5525,'g',0,'2012-01-13'),(5510,'g',0,'2012-01-14'),(4862,'g',0,'2012-01-15'),(4860,'g',0,'2012-01-15'),(4857,'g',0,'2012-01-15'),(4871,'g',0,'2012-01-15'),(4858,'g',0,'2012-01-15'),(4873,'g',0,'2012-01-15'),(4859,'g',0,'2012-01-15'),(4872,'g',0,'2012-01-15'),(4863,'g',0,'2012-01-15'),(4861,'g',0,'2012-01-15'),(5499,'g',0,'2012-01-15'),(5531,'g',0,'2012-01-15'),(5475,'g',0,'2012-01-15'),(5084,'g',0,'2012-01-16'),(5089,'g',0,'2012-01-16'),(5148,'g',0,'2012-01-16'),(5474,'g',0,'2012-01-16'),(5477,'g',0,'2012-01-16'),(5519,'g',0,'2012-01-16'),(5544,'g',0,'2012-01-16'),(5563,'g',0,'2012-01-16'),(5518,'g',0,'2012-01-16'),(5545,'g',0,'2012-01-16'),(5550,'g',0,'2012-01-16'),(5504,'g',0,'2012-01-16'),(5564,'g',0,'2012-01-16'),(5557,'g',0,'2012-01-16'),(5549,'g',0,'2012-01-16'),(5548,'g',0,'2012-01-16'),(5562,'g',0,'2012-01-16'),(5511,'g',0,'2012-01-16'),(5560,'g',0,'2012-01-16'),(5515,'g',0,'2012-01-16'),(5517,'g',0,'2012-01-16'),(5552,'g',0,'2012-01-16'),(5596,'g',0,'2012-01-16'),(5595,'g',0,'2012-01-16'),(5541,'g',0,'2012-01-16'),(5520,'g',0,'2012-01-17'),(5485,'g',0,'2012-01-17'),(5486,'g',0,'2012-01-17'),(5481,'g',0,'2012-01-17'),(5509,'g',0,'2012-01-19'),(5606,'g',0,'2012-01-19'),(5602,'g',0,'2012-01-19'),(4866,'g',0,'2012-01-19'),(4920,'g',0,'2012-01-19'),(4867,'g',0,'2012-01-19'),(4895,'g',0,'2012-01-19'),(4924,'g',0,'2012-01-19'),(5506,'g',0,'2012-01-19'),(5593,'g',0,'2012-01-19'),(4869,'g',0,'2012-01-19'),(4915,'g',0,'2012-01-19'),(4878,'g',0,'2012-01-19'),(5516,'g',0,'2012-01-19'),(4870,'g',0,'2012-01-19'),(4868,'g',0,'2012-01-19'),(5532,'g',0,'2012-01-19'),(5536,'g',0,'2012-01-19'),(5527,'g',0,'2012-01-19'),(5535,'g',0,'2012-01-19'),(5533,'g',0,'2012-01-19'),(5537,'g',0,'2012-01-19'),(5534,'g',0,'2012-01-19'),(5598,'g',0,'2012-01-19'),(5538,'g',0,'2012-01-19'),(5543,'g',0,'2012-01-19'),(5546,'g',0,'2012-01-19'),(5473,'g',0,'2012-01-19'),(5559,'g',0,'2012-01-19'),(4984,'g',0,'2012-01-21'),(4949,'g',0,'2012-01-21'),(4893,'g',0,'2012-01-21'),(4887,'g',0,'2012-01-21'),(4885,'g',0,'2012-01-21'),(5609,'g',0,'2012-01-21'),(4937,'g',0,'2012-01-21'),(4891,'g',0,'2012-01-21'),(4934,'g',0,'2012-01-21'),(4889,'g',0,'2012-01-21'),(4935,'g',0,'2012-01-21'),(4892,'g',0,'2012-01-21'),(728,'g',0,'2012-01-21'),(5413,'g',0,'2012-01-21'),(5592,'g',0,'2012-01-21'),(5600,'g',0,'2012-01-21'),(5434,'g',0,'2012-01-21'),(5561,'g',0,'2012-01-21'),(5539,'g',0,'2012-01-21'),(5529,'g',0,'2012-01-21'),(4851,'g',0,'2012-01-21'),(4856,'g',0,'2012-01-21'),(4854,'g',0,'2012-01-21'),(4853,'g',0,'2012-01-21'),(4852,'g',0,'2012-01-21'),(5558,'g',0,'2012-01-21'),(4855,'g',0,'2012-01-21'),(4850,'g',0,'2012-01-21'),(4875,'g',0,'2012-01-21'),(4876,'g',0,'2012-01-21'),(4874,'g',0,'2012-01-21'),(5508,'g',0,'2012-01-21'),(5542,'g',0,'2012-01-22'),(5484,'g',0,'2012-01-22'),(5039,'g',0,'2012-01-22'),(5389,'g',0,'2012-01-22'),(5033,'g',0,'2012-01-22'),(4877,'g',0,'2012-01-22'),(5135,'g',0,'2012-01-22'),(5115,'g',0,'2012-01-22'),(5388,'g',0,'2012-01-22'),(5120,'g',0,'2012-01-22'),(5470,'g',0,'2012-01-22'),(5488,'g',0,'2012-01-22'),(5482,'g',0,'2012-01-22'),(5512,'g',0,'2012-01-22'),(5597,'g',0,'2012-02-23'),(5458,'g',0,'2012-01-22'),(5457,'g',0,'2012-01-22'),(5495,'g',0,'2012-01-22'),(5490,'g',0,'2012-01-22'),(5491,'g',0,'2012-01-22'),(5478,'g',0,'2012-01-22'),(5565,'g',0,'2012-01-22'),(5466,'g',0,'2012-01-22'),(5514,'g',0,'2012-01-22'),(5494,'g',0,'2012-01-22'),(5594,'g',0,'2012-01-22'),(5406,'g',0,'2012-01-22'),(5429,'g',0,'2012-01-22'),(5530,'g',0,'2012-01-22'),(5554,'g',0,'2012-01-22'),(5631,'g',0,'2012-01-24'),(4845,'g',0,'2012-01-24'),(5632,'g',0,'2012-01-24'),(5628,'g',0,'2012-01-24'),(5635,'g',0,'2012-01-25'),(5409,'g',0,'2012-01-25'),(5420,'g',0,'2012-01-25'),(5373,'g',0,'2012-01-25'),(5374,'g',0,'2012-01-25'),(5382,'g',0,'2012-01-25'),(5377,'g',0,'2012-01-25'),(5035,'g',0,'2012-01-25'),(5049,'g',0,'2012-01-25'),(4997,'g',0,'2012-01-25'),(5059,'g',0,'2012-01-25'),(5649,'g',0,'2012-01-25'),(5646,'g',0,'2012-01-25'),(4998,'g',0,'2012-01-25'),(5024,'g',0,'2012-01-25'),(5061,'g',0,'2012-01-25'),(4999,'g',0,'2012-01-25'),(5058,'g',0,'2012-01-25'),(4987,'g',0,'2012-01-25'),(5664,'g',0,'2012-01-27'),(5657,'g',0,'2012-01-28'),(5666,'g',0,'2012-01-28'),(5647,'g',0,'2012-01-30'),(5689,'g',0,'2012-01-30'),(5691,'g',0,'2012-01-31'),(5674,'g',0,'2012-01-31'),(5681,'g',0,'2012-02-01'),(5687,'g',0,'2012-02-01'),(5641,'g',0,'2012-02-01'),(5639,'g',0,'2012-02-02'),(5642,'g',0,'2012-02-02'),(5676,'g',0,'2012-02-03'),(5637,'g',0,'2012-02-04'),(5671,'g',0,'2012-02-04'),(5729,'g',0,'2012-02-04'),(5694,'g',0,'2012-02-04'),(5683,'g',0,'2012-02-04'),(5693,'g',0,'2012-02-04'),(5728,'g',0,'2012-02-05'),(5706,'g',0,'2012-02-05'),(5672,'g',0,'2012-02-05'),(5686,'g',0,'2012-02-06'),(5699,'g',0,'2012-02-06'),(5644,'g',0,'2012-02-06'),(5688,'g',0,'2012-02-06'),(5680,'g',0,'2012-02-06'),(5722,'g',0,'2012-02-06'),(5731,'g',0,'2012-02-06'),(5732,'g',0,'2012-02-06'),(5724,'g',0,'2012-02-06'),(5723,'g',0,'2012-02-07'),(5719,'g',0,'2012-02-07'),(5727,'g',0,'2012-02-07'),(5725,'g',0,'2012-02-07'),(5746,'g',0,'2012-02-07'),(5748,'g',0,'2012-02-07'),(5753,'g',0,'2012-02-07'),(5752,'g',0,'2012-02-07'),(5756,'g',0,'2012-02-07'),(5750,'g',0,'2012-02-07'),(5747,'g',0,'2012-02-07'),(5751,'g',0,'2012-02-07'),(5749,'g',0,'2012-02-07'),(5744,'g',0,'2012-02-07'),(5726,'g',0,'2012-02-07'),(5721,'g',0,'2012-02-07'),(5720,'g',0,'2012-02-07'),(5718,'g',0,'2012-02-07'),(5298,'g',0,'2012-02-08'),(5707,'g',0,'2012-02-08'),(5730,'g',0,'2012-02-08'),(5067,'g',0,'2012-02-09'),(5737,'g',0,'2012-02-09'),(5101,'g',0,'2012-02-10'),(5127,'g',0,'2012-02-10'),(5124,'g',0,'2012-02-10'),(5096,'g',0,'2012-02-10'),(5023,'g',0,'2012-02-10'),(5040,'g',0,'2012-02-10'),(5133,'g',0,'2012-02-10'),(5131,'g',0,'2012-02-10'),(5116,'g',0,'2012-02-10'),(5093,'g',0,'2012-02-10'),(4844,'g',0,'2012-02-10'),(4762,'g',0,'2012-02-10'),(4831,'g',0,'2012-02-10'),(5336,'g',0,'2012-02-10'),(4760,'g',0,'2012-02-10'),(4835,'g',0,'2012-02-10'),(4800,'g',0,'2012-02-10'),(4805,'g',0,'2012-02-10'),(4773,'g',0,'2012-02-10'),(5140,'g',0,'2012-02-10'),(5159,'g',0,'2012-02-10'),(5153,'g',0,'2012-02-10'),(5146,'g',0,'2012-02-10'),(5158,'g',0,'2012-02-10'),(5160,'g',0,'2012-02-10'),(5156,'g',0,'2012-02-10'),(5161,'g',0,'2012-02-10'),(5141,'g',0,'2012-02-10'),(5151,'g',0,'2012-02-10'),(5172,'g',0,'2012-02-10'),(5174,'g',0,'2012-02-10'),(5178,'g',0,'2012-02-10'),(5177,'g',0,'2012-02-10'),(5175,'g',0,'2012-02-10'),(5181,'g',0,'2012-02-10'),(5173,'g',0,'2012-02-10'),(5179,'g',0,'2012-02-10'),(5180,'g',0,'2012-02-10'),(5176,'g',0,'2012-02-10'),(5163,'g',0,'2012-02-10'),(5164,'g',0,'2012-02-10'),(5168,'g',0,'2012-02-10'),(5167,'g',0,'2012-02-10'),(5171,'g',0,'2012-02-10'),(5166,'g',0,'2012-02-10'),(5165,'g',0,'2012-02-10'),(5170,'g',0,'2012-02-10'),(5169,'g',0,'2012-02-10'),(5162,'g',0,'2012-02-10'),(5189,'g',0,'2012-02-10'),(5182,'g',0,'2012-02-10'),(5191,'g',0,'2012-02-10'),(5190,'g',0,'2012-02-10'),(5184,'g',0,'2012-02-10'),(5187,'g',0,'2012-02-10'),(5192,'g',0,'2012-02-10'),(5183,'g',0,'2012-02-10'),(5188,'g',0,'2012-02-10'),(5186,'g',0,'2012-02-10'),(5145,'g',0,'2012-02-10'),(5205,'g',0,'2012-02-10'),(5207,'g',0,'2012-02-10'),(5196,'g',0,'2012-02-10'),(5202,'g',0,'2012-02-10'),(5204,'g',0,'2012-02-10'),(5201,'g',0,'2012-02-10'),(5206,'g',0,'2012-02-10'),(5208,'g',0,'2012-02-10'),(5203,'g',0,'2012-02-10'),(5209,'g',0,'2012-02-10'),(5717,'g',0,'2012-02-10'),(5715,'g',0,'2012-02-10'),(5714,'g',0,'2012-02-10'),(5713,'g',0,'2012-02-10'),(5712,'g',0,'2012-02-10'),(5716,'g',0,'2012-02-10'),(5228,'g',0,'2012-02-10'),(5229,'g',0,'2012-02-10'),(5220,'g',0,'2012-02-10'),(5224,'g',0,'2012-02-10'),(5222,'g',0,'2012-02-10'),(5221,'g',0,'2012-02-10'),(5223,'g',0,'2012-02-10'),(5227,'g',0,'2012-02-10'),(5225,'g',0,'2012-02-10'),(5226,'g',0,'2012-02-10'),(5231,'g',0,'2012-02-10'),(5238,'g',0,'2012-02-10'),(5237,'g',0,'2012-02-10'),(5239,'g',0,'2012-02-10'),(5240,'g',0,'2012-02-10'),(5233,'g',0,'2012-02-10'),(5232,'g',0,'2012-02-10'),(5230,'g',0,'2012-02-10'),(5235,'g',0,'2012-02-10'),(5236,'g',0,'2012-02-10'),(5742,'g',0,'2012-02-10'),(5745,'g',0,'2012-02-10'),(5743,'g',0,'2012-02-10'),(5736,'g',0,'2012-02-10'),(4797,'g',0,'2012-02-10'),(4812,'g',0,'2012-02-10'),(4829,'g',0,'2012-02-10'),(5011,'g',0,'2012-02-10'),(5009,'g',0,'2012-02-10'),(5010,'g',0,'2012-02-10'),(4931,'g',0,'2012-02-10'),(5012,'g',0,'2012-02-10'),(4952,'g',0,'2012-02-10'),(4798,'g',0,'2012-02-10'),(5763,'g',0,'2012-02-11'),(5734,'g',0,'2012-02-12'),(5643,'g',0,'2012-02-12'),(5759,'g',0,'2012-02-12'),(5769,'g',0,'2012-02-12'),(5771,'g',0,'2012-02-12'),(5702,'g',0,'2012-02-13'),(5755,'g',0,'2012-02-13'),(5700,'g',0,'2012-02-13'),(5770,'g',0,'2012-02-13'),(5555,'g',0,'2012-02-14'),(5502,'g',0,'2012-02-14'),(5775,'g',0,'2012-02-14'),(5633,'g',0,'2012-02-14'),(5626,'g',0,'2012-02-14'),(5629,'g',0,'2012-02-14'),(5630,'g',0,'2012-02-14'),(5765,'g',0,'2012-02-17'),(5313,'g',0,'2012-02-17'),(5053,'g',0,'2012-02-17'),(5063,'g',0,'2012-02-17'),(5740,'g',0,'2012-02-17'),(5778,'g',0,'2012-02-18'),(5786,'g',0,'2012-02-19'),(4824,'g',0,'2012-02-21'),(5776,'g',0,'2012-02-21'),(5789,'g',0,'2012-02-21'),(5773,'g',0,'2012-02-21'),(5793,'g',0,'2012-02-21'),(4786,'g',0,'2012-02-21'),(5791,'g',0,'2012-02-21'),(5777,'g',0,'2012-02-21'),(5780,'g',0,'2012-02-21'),(5338,'g',0,'2012-02-21'),(4838,'g',0,'2012-02-21'),(4848,'g',0,'2012-02-21'),(4847,'g',0,'2012-02-21'),(5607,'g',0,'2012-02-21'),(5792,'g',0,'2012-02-21'),(5767,'g',0,'2012-02-21'),(5768,'g',0,'2012-02-21'),(5788,'g',0,'2012-02-21'),(4777,'g',0,'2012-02-21'),(5355,'g',0,'2012-02-21'),(5675,'g',0,'2012-02-22'),(5799,'g',0,'2012-02-26'),(5802,'g',0,'2012-02-27'),(5785,'g',0,'2012-02-28'),(5195,'g',0,'2012-02-28'),(5194,'g',0,'2012-02-28'),(5216,'g',0,'2012-02-28'),(5218,'g',0,'2012-02-28'),(5217,'g',0,'2012-02-28'),(5219,'g',0,'2012-02-28'),(5272,'g',0,'2012-02-29'),(5804,'g',0,'2012-02-29'),(5295,'g',0,'2012-02-29'),(5289,'g',0,'2012-02-29'),(5282,'g',0,'2012-02-29'),(5267,'g',0,'2012-02-29'),(5296,'g',0,'2012-02-29'),(5279,'g',0,'2012-02-29'),(5803,'g',0,'2012-02-29'),(5284,'g',0,'2012-02-29'),(5280,'g',0,'2012-02-29'),(5244,'g',0,'2012-02-29'),(5248,'g',0,'2012-02-29'),(5311,'g',0,'2012-02-29'),(5259,'g',0,'2012-02-29'),(5304,'g',0,'2012-02-29'),(5260,'g',0,'2012-02-29'),(5306,'g',0,'2012-02-29'),(5315,'g',0,'2012-02-29'),(5274,'g',0,'2012-02-29'),(5268,'g',0,'2012-02-29'),(5252,'g',0,'2012-02-29'),(5270,'g',0,'2012-02-29'),(5249,'g',0,'2012-02-29'),(5261,'g',0,'2012-03-01'),(5308,'g',0,'2012-03-01'),(5265,'g',0,'2012-03-01'),(5264,'g',0,'2012-03-01'),(5253,'g',0,'2012-03-01'),(5285,'g',0,'2012-03-01'),(5796,'g',0,'2012-03-01'),(5243,'g',0,'2012-03-01'),(5277,'g',0,'2012-03-01'),(5242,'g',0,'2012-03-01'),(5254,'g',0,'2012-03-01'),(5255,'g',0,'2012-03-01'),(5246,'g',0,'2012-03-01'),(5310,'g',0,'2012-03-01'),(5303,'g',0,'2012-03-01'),(5256,'g',0,'2012-03-01'),(5262,'g',0,'2012-03-01'),(5309,'g',0,'2012-03-01'),(5245,'g',0,'2012-03-01'),(5257,'g',0,'2012-03-01'),(5290,'g',0,'2012-03-01'),(5263,'g',0,'2012-03-01'),(5250,'g',0,'2012-03-01'),(5273,'g',0,'2012-03-01'),(5251,'g',0,'2012-03-01'),(5281,'g',0,'2012-03-01'),(5271,'g',0,'2012-03-01'),(5266,'g',0,'2012-03-01'),(5301,'g',0,'2012-03-01'),(5292,'g',0,'2012-03-01'),(5241,'g',0,'2012-03-01'),(5293,'g',0,'2012-03-01'),(5258,'g',0,'2012-03-01'),(5247,'g',0,'2012-03-01'),(5288,'g',0,'2012-03-01'),(5276,'g',0,'2012-03-01'),(5283,'g',0,'2012-03-01'),(5278,'g',0,'2012-03-01'),(5269,'g',0,'2012-03-01'),(5286,'g',0,'2012-03-01'),(5291,'g',0,'2012-03-01'),(5287,'g',0,'2012-03-01'),(5305,'g',0,'2012-03-01'),(5801,'g',0,'2012-03-02'),(5813,'g',0,'2012-03-03'),(5812,'g',0,'2012-03-03'),(5818,'g',0,'2012-03-03'),(5809,'g',0,'2012-03-04'),(5817,'g',0,'2012-03-04'),(5782,'g',0,'2012-03-04'),(5711,'g',0,'2012-03-05'),(5710,'g',0,'2012-03-05'),(5783,'g',0,'2012-03-05'),(5210,'g',0,'2012-03-05'),(5815,'g',0,'2012-03-06'),(5828,'g',0,'2012-03-07'),(5774,'g',0,'2012-03-07');

--
-- Table structure for table `idx_paid_listing`
--

CREATE TABLE `idx_paid_listing` (
  `link_id` mediumint(9) unsigned NOT NULL default '0',
  `premium` char(1) default NULL,
  `sponsored` char(1) default NULL,
  `expire` datetime default NULL,
  `paid` char(1) default NULL,
  PRIMARY KEY  (`link_id`)
) ENGINE=MyISAM DEFAULT CHARSET=latin1;

--
-- Dumping data for table `idx_paid_listing`
--


--
-- Table structure for table `idx_payment_gateway`
--

CREATE TABLE `idx_payment_gateway` (
  `payment_gateway_id` int(11) NOT NULL auto_increment,
  `name` varchar(100) default NULL,
  `enable` char(1) default NULL,
  `setting` text,
  `invoice_html` text,
  PRIMARY KEY  (`payment_gateway_id`)
) ENGINE=MyISAM AUTO_INCREMENT=9 DEFAULT CHARSET=latin1;

--
-- Dumping data for table `idx_payment_gateway`
--

INSERT INTO `idx_payment_gateway` VALUES (1,'paypal','1','a:2:{s:13:\"payment_email\";s:0:\"\";s:21:\"enable_paypal_sandbox\";s:1:\"0\";}','<p> \r\n	<a href=\'paynow.php?id={$invoice_id}&m=paypal\'><img src=\'http://www.paypal.com/images/x-click-but02.gif\' border=\'0\' alt=\'Make payments with PayPal - it is fast, free and secure!\' /></a> \r\n</p>\r\n'),(2,'2co','0','a:6:{s:6:\"co_sid\";s:5:\"84932\";s:9:\"co_secret\";s:5:\"tango\";s:12:\"co_recurring\";s:1:\"0\";s:9:\"co_prod_1\";s:6:\"100.00\";s:9:\"co_prod_2\";s:6:\"250.00\";s:9:\"co_prod_3\";s:6:\"400.00\";}','<p>\r\n<a href=\'paynow.php?id={$invoice_id}&m=2co\'><img src=\'http://www.2checkout.com/images/overview/btns/25.jpg\' alt=\'Pay Now with 2checkout...\' border=\'0\' /></a> \r\n</p>'),(3,'authorizenet','0','a:2:{s:21:\"authorizenet_login_id\";s:0:\"\";s:21:\"authorizenet_tran_key\";s:0:\"\";}','<p> \r\n<a href=\'paynow.php?id={$invoice_id}&m=authorizenet\'><img src=\'http://www.authorize.net/upload/images/Images/Header/authorizenet_logo.gif\' alt=\'Pay Now with Authorize.Net...\' width=\'99\' height=\'39\' style=\'{border : 1px solid #c0c0c0;}\' /></a>\r\n</p>'),(4,'egold','0','a:2:{s:19:\"egold_payee_account\";s:0:\"\";s:16:\"egold_payee_name\";s:0:\"\";}','<p> \r\n<a href=\'paynow.php?id={$invoice_id}&m=egold\'>\r\n<img src=\'http://www.e-gold.com/gif/paywith.gif\' border=\'0\' alt=\'Pay Now with e-gold...\' />\r\n</a>\r\n</p>'),(5,'moneybookers','0','a:1:{s:18:\"moneybookers_email\";s:0:\"\";}','<p> \r\n<a href=\'paynow.php?id={$invoice_id}&m=paypal\'><img src=\'http://www.moneybookers.com/images/banners/88_en_mb.gif\' border=\'0\' alt=\'Make payments with Moneybookers - it is fast, free and secure!\' /></a> \r\n</p>'),(6,'paypal-subscriptions','0','a:2:{s:13:\"payment_email\";s:0:\"\";s:21:\"enable_paypal_sandbox\";s:1:\"0\";}','<p> \r\n<a href=\'paynow.php?id={$invoice_id}&m=paypal\'><img src=\'https://www.paypal.com/en_US/i/btn/x-click-but20.gif\' border=\'0\' alt=\'Make payments with PayPal - it is fast, free and secure!\' /></a> \r\n</p>'),(7,'alertpay','0','a:2:{s:14:\"alertpay_email\";s:0:\"\";s:23:\"enable_alertpay_sandbox\";s:1:\"0\";}','<p> \r\n<a href=\'paynow.php?id={$invoice_id}&m=alertpay\'>\r\n<img src=\'https://www.alertpay.com/Images/BuyNow/pay_now_3.gif\' border=\'0\' alt=\'Make payments with PayPal - it is fast, free and secure!\' /></a> \r\n</p>'),(8,'alertpay-subcriptions','0','a:2:{s:14:\"alertpay_email\";s:0:\"\";s:23:\"enable_alertpay_sandbox\";s:1:\"0\";}','<p>\r\n<a href=\'paynow.php?id={$invoice_id}&m=alertpay-subcriptions\'>\r\n<img src=\'https://www.alertpay.com/Images/BuyNow/subscribe_now_15.gif\' border=\'0\' alt=\'Make payments with Alert Pay - it is fast, free and secure!\' /></a> \r\n</p>');

--
-- Table structure for table `idx_payment_history`
--

CREATE TABLE `idx_payment_history` (
  `payment_id` int(10) unsigned NOT NULL auto_increment,
  `contact_name` varchar(255) default NULL,
  `email` varchar(255) default NULL,
  `type` varchar(255) default NULL,
  `detail` text,
  `amount` double default NULL,
  `time` datetime default NULL,
  `invoice_id` varchar(10) default NULL,
  PRIMARY KEY  (`payment_id`)
) ENGINE=MyISAM DEFAULT CHARSET=latin1;

--
-- Dumping data for table `idx_payment_history`
--


--
-- Table structure for table `idx_pl_sociable`
--

CREATE TABLE `idx_pl_sociable` (
  `sb_id` int(11) NOT NULL auto_increment,
  `sb_name` varchar(255) character set utf8 default NULL,
  `sb_url` varchar(255) character set utf8 default NULL,
  `sb_icon` varchar(255) character set utf8 default NULL,
  `sb_enable` char(1) character set utf8 default '0',
  PRIMARY KEY  (`sb_id`)
) ENGINE=MyISAM AUTO_INCREMENT=90 DEFAULT CHARSET=latin1;

--
-- Dumping data for table `idx_pl_sociable`
--

INSERT INTO `idx_pl_sociable` VALUES (1,'BarraPunto','http://barrapunto.com/submit.pl?subj=TITLE&amp;story=PERMALINK','barrapunto.png','0'),(2,'Bitacoras.com','http://bitacoras.com/anotaciones/PERMALINK','bitacoras.png','0'),(3,'BlinkList','http://www.blinklist.com/index.php?Action=Blink/addblink.php&amp;Url=PERMALINK&amp;Title=TITLE','blinklist.png','0'),(4,'blogmarks','http://blogmarks.net/my/new.php?mini=1&amp;simple=1&amp;url=PERMALINK&amp;title=TITLE','blogmarks.png','0'),(5,'Blogosphere News','http://www.blogospherenews.com/submit.php?url=PERMALINK&amp;title=TITLE','blogospherenews.png','0'),(6,'blogtercimlap','http://cimlap.blogter.hu/index.php?action=suggest_link&amp;title=TITLE&amp;url=PERMALINK','blogter.png','0'),(7,'Faves','http://faves.com/Authoring.aspx?u=PERMALINK&amp;title=TITLE','bluedot.png','0'),(8,'connotea','http://www.connotea.org/addpopup?continue=confirm&amp;uri=PERMALINK&amp;title=TITLE&amp;description=EXCERPT','connotea.png','0'),(9,'Current','http://current.com/clipper.htm?url=PERMALINK&amp;title=TITLE','current.png','0'),(10,'del.icio.us','http://delicious.com/post?url=PERMALINK&amp;title=TITLE&amp;notes=EXCERPT','delicious.png','0'),(11,'Digg','http://digg.com/submit?phase=2&amp;url=PERMALINK&amp;title=TITLE&amp;bodytext=EXCERPT','digg.png','1'),(12,'Diigo','http://www.diigo.com/post?url=PERMALINK&amp;title=TITLE','diigo.png','0'),(13,'DotNetKicks','http://www.dotnetkicks.com/kick/?url=PERMALINK&amp;title=TITLE','dotnetkicks.png','0'),(14,'DZone','http://www.dzone.com/links/add.html?url=PERMALINK&amp;title=TITLE','dzone.png','0'),(15,'eKudos','http://www.ekudos.nl/artikel/nieuw?url=PERMALINK&amp;title=TITLE&amp;desc=EXCERPT','ekudos.png','0'),(16,'email','mailto:?subject=TITLE&amp;body=PERMALINK','email_link.png','0'),(17,'Facebook','http://www.facebook.com/share.php?u=PERMALINK&amp;t=TITLE','facebook.png','1'),(18,'Fark','http://cgi.fark.com/cgi/fark/farkit.pl?h=TITLE&amp;u=PERMALINK','fark.png','0'),(19,'Fleck','http://beta3.fleck.com/bookmarklet.php?url=PERMALINK&amp;title=TITLE','fleck.png','0'),(20,'FriendFeed','http://www.friendfeed.com/share?title=TITLE&amp;link=PERMALINK','friendfeed.png','0'),(21,'FSDaily','http://www.fsdaily.com/submit?url=PERMALINK&amp;title=TITLE','fsdaily.png','0'),(22,'Global Grind','http://globalgrind.com/submission/submit.aspx?url=PERMALINK&amp;type=Article&amp;title=TITLE','globalgrind.png','0'),(23,'Google','http://www.google.com/bookmarks/mark?op=edit&amp;bkmk=PERMALINK&amp;title=TITLE&amp;annotation=EXCERPT','googlebookmark.png','0'),(24,'Gwar','http://www.gwar.pl/DodajGwar.html?u=PERMALINK','gwar.png','0'),(25,'HackerNews','http://news.ycombinator.com/submitlink?u=PERMALINK&amp;t=TITLE','hackernews.png','0'),(26,'Haohao','http://www.haohaoreport.com/submit.php?url=PERMALINK&amp;title=TITLE','haohao.png','0'),(27,'HealthRanker','http://healthranker.com/submit.php?url=PERMALINK&amp;title=TITLE','healthranker.png','0'),(28,'HelloTxt','http://hellotxt.com/?status=TITLE+PERMALINK','hellotxt.png','0'),(29,'Hemidemi','http://www.hemidemi.com/user_bookmark/new?title=TITLE&amp;url=PERMALINK','hemidemi.png','0'),(30,'Hyves','http://www.hyves.nl/profilemanage/add/tips/?name=TITLE&amp;text=EXCERPT+PERMALINK&amp;rating=5','hyves.png','0'),(31,'Identi.ca','http://identi.ca/notice/new?status_textarea=PERMALINK','identica.png','0'),(32,'IndianPad','http://www.indianpad.com/submit.php?url=PERMALINK','indianpad.png','0'),(33,'Internetmedia','http://internetmedia.hu/submit.php?url=PERMALINK','im.png','0'),(34,'Kirtsy','http://www.kirtsy.com/submit.php?url=PERMALINK&amp;title=TITLE','kirtsy.png','0'),(35,'laaik.it','http://laaik.it/NewStoryCompact.aspx?uri=PERMALINK&amp;headline=TITLE&amp;cat=5e082fcc-8a3b-47e2-acec-fdf64ff19d12','laaikit.png','0'),(36,'LinkArena','http://linkarena.com/bookmarks/addlink/?url=PERMALINK&amp;title=TITLE','linkarena.png','0'),(37,'LinkaGoGo','http://www.linkagogo.com/go/AddNoPopup?url=PERMALINK&amp;title=TITLE','linkagogo.png','0'),(38,'LinkedIn','http://www.linkedin.com/shareArticle?mini=true&amp;url=PERMALINK&amp;title=TITLE&amp;source=BLOGNAME&amp;summary=EXCERPT','linkedin.png','0'),(39,'Linkter','http://www.linkter.hu/index.php?action=suggest_link&amp;url=PERMALINK&amp;title=TITLE','linkter.png','0'),(40,'Live','https://favorites.live.com/quickadd.aspx?marklet=1&amp;url=PERMALINK&amp;title=TITLE','live.png','0'),(41,'Meneame','http://meneame.net/submit.php?url=PERMALINK','meneame.png','0'),(42,'MisterWong','http://www.mister-wong.com/addurl/?bm_url=PERMALINK&amp;bm_description=TITLE&amp;plugin=soc','misterwong.png','0'),(43,'MisterWong.DE','http://www.mister-wong.de/addurl/?bm_url=PERMALINK&amp;bm_description=TITLE&amp;plugin=soc','misterwong.png','0'),(44,'Mixx','http://www.mixx.com/submit?page_url=PERMALINK&amp;title=TITLE','mixx.png','0'),(45,'muti','http://www.muti.co.za/submit?url=PERMALINK&amp;title=TITLE','muti.png','0'),(46,'MyShare','http://myshare.url.com.tw/index.php?func=newurl&amp;url=PERMALINK&amp;desc=TITLE','myshare.png','0'),(47,'MySpace','http://www.myspace.com/Modules/PostTo/Pages/?u=PERMALINK&amp;t=TITLE','myspace.png','0'),(48,'MSNReporter','http://reporter.nl.msn.com/?fn=contribute&amp;Title=TITLE&amp;URL=PERMALINK&amp;cat_id=6&amp;tag_id=31&amp;Remark=EXCERPT','msnreporter.png','0'),(49,'N4G','http://www.n4g.com/tips.aspx?url=PERMALINK&amp;title=TITLE','n4g.png','0'),(50,'Netvibes','http://www.netvibes.com/share?title=TITLE&amp;url=PERMALINK','netvibes.png','0'),(51,'NewsVine','http://www.newsvine.com/_tools/seed&amp;save?u=PERMALINK&amp;h=TITLE','newsvine.png','0'),(52,'Netvouz','http://www.netvouz.com/action/submitBookmark?url=PERMALINK&amp;title=TITLE&amp;popup=no','netvouz.png','0'),(53,'NuJIJ','http://nujij.nl/jij.lynkx?t=TITLE&amp;u=PERMALINK&amp;b=EXCERPT','nujij.png','0'),(54,'Ping.fm','http://ping.fm/ref/?link=PERMALINK&amp;title=TITLE&amp;body=EXCERPT','ping.png','0'),(55,'Posterous','http://posterous.com/share?linkto=PERMALINK&amp;title=TITLE&amp;selection=EXCERPT','posterous.png','0'),(56,'PDF','http://www.printfriendly.com/print?url=PERMALINK&amp;partner=sociable','pdf.png','0'),(57,'Print','http://www.printfriendly.com/print?url=PERMALINK&amp;partner=sociable','printfriendly.png','0'),(58,'Propeller','http://www.propeller.com/submit/?url=PERMALINK','propeller.png','0'),(59,'Ratimarks','http://ratimarks.org/bookmarks.php/?action=add&address=PERMALINK&amp;title=TITLE','ratimarks.png','0'),(60,'Rec6','http://rec6.via6.com/link.php?url=PERMALINK&amp;=TITLE','rec6.png','0'),(61,'Reddit','http://reddit.com/submit?url=PERMALINK&amp;title=TITLE','reddit.png','0'),(62,'RSS','FEEDLINK','rss.png','0'),(63,'Scoopeo','http://www.scoopeo.com/scoop/new?newurl=PERMALINK&amp;title=TITLE','scoopeo.png','0'),(64,'Segnalo','http://segnalo.alice.it/post.html.php?url=PERMALINK&amp;title=TITLE','segnalo.png','0'),(65,'Simpy','http://www.simpy.com/simpy/LinkAdd.do?href=PERMALINK&amp;title=TITLE','simpy.png','0'),(66,'Slashdot','http://slashdot.org/bookmark.pl?title=TITLE&amp;url=PERMALINK','slashdot.png','0'),(67,'Socialogs','http://socialogs.com/add_story.php?story_url=PERMALINK&amp;story_title=TITLE','socialogs.png','0'),(68,'SphereIt','http://www.sphere.com/search?q=sphereit:PERMALINK&amp;title=TITLE','sphere.png','0'),(69,'Sphinn','http://sphinn.com/index.php?c=post&amp;m=submit&amp;link=PERMALINK','sphinn.png','0'),(70,'StumbleUpon','http://www.stumbleupon.com/submit?url=PERMALINK&amp;title=TITLE','stumbleupon.png','0'),(71,'Techmeme','http://twitter.com/home/?status=tip%20@Techmeme%20PERMALINK%20TITLE','techmeme.png','0'),(72,'Technorati','http://technorati.com/faves?add=PERMALINK','technorati.png','1'),(73,'ThisNext','http://www.thisnext.com/pick/new/submit/sociable/?url=PERMALINK&amp;name=TITLE','thisnext.png','0'),(74,'Tipd','http://tipd.com/submit.php?url=PERMALINK','tipd.png','0'),(75,'Tumblr','http://www.tumblr.com/share?v=3&amp;u=PERMALINK&amp;t=TITLE&amp;s=EXCERPT','tumblr.png','0'),(76,'Twitter','http://twitter.com/home?status=TITLE%20-%20PERMALINK','twitter.png','1'),(77,'Upnews','http://www.upnews.it/submit?url=PERMALINK&amp;title=TITLE','upnews.png','0'),(78,'Webnews.de','http://www.webnews.de/einstellen?url=PERMALINK&amp;title=TITLE','webnews.png','0'),(79,'Webride','http://webride.org/discuss/split.php?uri=PERMALINK&amp;title=TITLE','webride.png','0'),(80,'Wikio','http://www.wikio.com/vote?url=PERMALINK','wikio.png','0'),(81,'Wikio FR','http://www.wikio.fr/vote?url=PERMALINK','wikio.png','0'),(82,'Wikio IT','http://www.wikio.it/vote?url=PERMALINK','wikio.png','0'),(83,'Wists','http://wists.com/s.php?c=&amp;r=PERMALINK&amp;title=TITLE','wists.png','0'),(84,'Wykop','http://www.wykop.pl/dodaj?url=PERMALINK','wykop.png','0'),(85,'Xerpi','http://www.xerpi.com/block/add_link_from_extension?url=PERMALINK&amp;title=TITLE','xerpi.png','0'),(86,'YahooBuzz','http://buzz.yahoo.com/submit/?submitUrl=PERMALINK&amp;submitHeadline=TITLE&amp;submitSummary=EXCERPT&amp;submitCategory=science&amp;submitAssetType=text','yahoobuzz.png','0'),(87,'Yahoo! Bookmarks','http://bookmarks.yahoo.com/toolbar/savebm?u=PERMALINK&amp;t=TITLE&opener=bm&amp;ei=UTF-8&amp;d=EXCERPT','yahoomyweb.png','0'),(88,'Yigg','http://yigg.de/neu?exturl=PERMALINK&amp;exttitle=TITLE','yiggit.png','0'),(89,'Blogplay','http://blogplay.com','blogplay.png','0');

--
-- Table structure for table `idx_pl_twitter_account`
--

CREATE TABLE `idx_pl_twitter_account` (
  `ck` varchar(255) character set utf8 default NULL,
  `cs` varchar(255) character set utf8 default NULL,
  `at` varchar(255) character set utf8 default NULL,
  `ats` varchar(255) character set utf8 default NULL
) ENGINE=MyISAM DEFAULT CHARSET=latin1;

--
-- Dumping data for table `idx_pl_twitter_account`
--

INSERT INTO `idx_pl_twitter_account` VALUES ('NItyyZ4BQSGJoRgKncmUA','	MFlWMIFVYWHVqW1336rMBWmAkGlEStdufTXFO0crU','https://api.twitter.com/oauth/authorize','https://api.twitter.com/oauth/access_token');

--
-- Table structure for table `idx_plugin`
--

CREATE TABLE `idx_plugin` (
  `plugin_id` int(11) NOT NULL auto_increment,
  `name` varchar(255) default NULL,
  `plugin_file` varchar(255) default NULL,
  `status` enum('0','1') default NULL,
  `option_plugin` text,
  PRIMARY KEY  (`plugin_id`)
) ENGINE=MyISAM AUTO_INCREMENT=3 DEFAULT CHARSET=latin1;

--
-- Dumping data for table `idx_plugin`
--

INSERT INTO `idx_plugin` VALUES (1,'AutoTweet','twitter_auto_tweet/twitter_auto_tweet.php','1',NULL),(2,'Sociable','sociable/sociable.php','1',NULL);

--
-- Table structure for table `idx_review`
--

CREATE TABLE `idx_review` (
  `review_id` mediumint(9) unsigned NOT NULL auto_increment,
  `link_id` mediumint(9) unsigned NOT NULL default '0',
  `review` text NOT NULL,
  `rating` tinyint(3) unsigned NOT NULL default '0',
  `date` date NOT NULL default '0000-00-00',
  `subject` varchar(100) default NULL,
  `status` char(1) default NULL,
  `username` varchar(20) default NULL,
  `name` varchar(20) default NULL,
  `email` varchar(100) default NULL,
  PRIMARY KEY  (`review_id`)
) ENGINE=MyISAM DEFAULT CHARSET=latin1;

--
-- Dumping data for table `idx_review`
--


--
-- Table structure for table `idx_searchlog`
--

CREATE TABLE `idx_searchlog` (
  `keyword` varchar(100) NOT NULL default '',
  `time` datetime NOT NULL default '0000-00-00 00:00:00',
  `result` mediumint(9) unsigned default NULL,
  `ip` varchar(100) default NULL
) ENGINE=MyISAM DEFAULT CHARSET=latin1;

--
-- Dumping data for table `idx_searchlog`
--


--
-- Table structure for table `idx_set_hook_place`
--

CREATE TABLE `idx_set_hook_place` (
  `set_hook_place_id` int(11) NOT NULL auto_increment,
  `plugin` varchar(255) default NULL,
  `set_hook_place` text,
  PRIMARY KEY  (`set_hook_place_id`)
) ENGINE=MyISAM DEFAULT CHARSET=latin1;

--
-- Dumping data for table `idx_set_hook_place`
--


--
-- Table structure for table `idx_setting`
--

CREATE TABLE `idx_setting` (
  `setting_id` int(11) NOT NULL auto_increment,
  `setting_name` varchar(255) default NULL,
  `setting_value` text,
  PRIMARY KEY  (`setting_id`)
) ENGINE=MyISAM AUTO_INCREMENT=55 DEFAULT CHARSET=latin1;

--
-- Dumping data for table `idx_setting`
--

INSERT INTO `idx_setting` VALUES (4,'site_name','selecti.org'),(5,'site_url','http://selecti.org'),(6,'email_address','autumns.brining@gmail.com'),(7,'language_code','en_US'),(8,'theme_path','/home/selecti/public_html/themes/'),(9,'admin_template_path','/home/selecti/public_html/admin_tpl/'),(10,'plugin_path','/home/selecti/public_html/plugin/'),(12,'active_theme','_selecti'),(14,'spam_proof','1'),(15,'enable_user_validation','1'),(16,'allowed_file_extension','gif,jpg,png,pdf,zip,doc'),(17,'yahoo_appid',''),(18,'whosonline','600'),(19,'reciprocal_check','0'),(20,'urlcheck_limit','1'),(21,'pagerank_cache','30'),(22,'max_image_width','1024'),(23,'max_image_height','756'),(24,'max_file_size','500'),(25,'only_registered_can_add_link','0'),(26,'only_registered_can_add_review','0'),(27,'db_use_persistent','0'),(28,'paid_link_day_period','30,60,90,180'),(29,'paid_link_price_factor','1,1.5,2,3'),(30,'enable_html_tag','1'),(31,'allowed_html_tag','<b>,<strong>,<i>,<em>,<u>,<pre>,<blockquote>,<ol>,<ul>,<li>,<p>,<span>,<div>,<table>,<tr>,<td>'),(32,'enable_page_compression','0'),(33,'enable_category_ajax','1'),(34,'require_visit_category','0'),(35,'additional_category_price','0.5'),(36,'enable_rating_ajax','1'),(37,'service_nicecoder_avail','1'),(38,'enable_recaptcha','0'),(39,'recaptcha_publickey',''),(40,'recaptcha_privatekey',''),(41,'enable_bidding','0'),(42,'minimum_bid','5'),(43,'bid_increament','1'),(44,'charset','utf-8'),(45,'mailer','mail'),(46,'smtp_auth','0'),(47,'smtp_host',''),(48,'smtp_username',''),(49,'smtp_password',''),(50,'smtp_port','25'),(51,'emailbody_as_html','0'),(52,'indexu_version','2.4'),(53,'tos',''),(54,'submission_guidelines','');

--
-- Table structure for table `idx_tags`
--

CREATE TABLE `idx_tags` (
  `tag` varchar(64) NOT NULL default '',
  `category_id` mediumint(8) unsigned NOT NULL default '0',
  `total` int(11) NOT NULL default '0',
  `tag_path` varchar(64) NOT NULL,
  PRIMARY KEY  (`tag`,`category_id`)
) ENGINE=MyISAM DEFAULT CHARSET=latin1;

--
-- Dumping data for table `idx_tags`
--


--
-- Table structure for table `idx_unavailable`
--

CREATE TABLE `idx_unavailable` (
  `idx_unavailable` int(11) NOT NULL auto_increment,
  `link_id` int(11) default NULL,
  `url` varchar(255) default NULL,
  `who_is` varchar(255) default NULL,
  `note` text,
  `date` datetime default NULL,
  PRIMARY KEY  (`idx_unavailable`)
) ENGINE=MyISAM DEFAULT CHARSET=latin1;

--
-- Dumping data for table `idx_unavailable`
--


--
-- Table structure for table `idx_unavailable_latest`
--

CREATE TABLE `idx_unavailable_latest` (
  `idx_link` int(11) default NULL,
  `record_execution` int(11) default NULL
) ENGINE=MyISAM DEFAULT CHARSET=latin1;

--
-- Dumping data for table `idx_unavailable_latest`
--


--
-- Table structure for table `idx_votes`
--

CREATE TABLE `idx_votes` (
  `link_id` mediumint(9) NOT NULL default '0',
  `ip` varchar(100) default NULL,
  `value` tinyint(4) default NULL
) ENGINE=MyISAM DEFAULT CHARSET=latin1;

--
-- Dumping data for table `idx_votes`
--



