--
-- Host: siteselect.org    Database: sitesele_sele
-- ------------------------------------------------------


--
-- Table structure for table `directory_save_data`
--

CREATE TABLE `directory_save_data` (
  `id` bigint(100) NOT NULL AUTO_INCREMENT,
  `schedule_id` bigint(100) NOT NULL,
  `project_id` bigint(100) NOT NULL,
  `link_id` bigint(100) NOT NULL,
  `confirm_link` text NOT NULL,
  `category_id` int(10) NOT NULL,
  `category_name` varchar(150) NOT NULL,
  PRIMARY KEY (`id`)
) ENGINE=InnoDB DEFAULT CHARSET=latin1;

--
-- Dumping data for table `directory_save_data`
--


--
-- Table structure for table `idx_admin_menu`
--

CREATE TABLE `idx_admin_menu` (
  `menu_id` int(11) NOT NULL AUTO_INCREMENT,
  `parent_id` int(11) DEFAULT NULL,
  `menu_title` varchar(255) DEFAULT NULL,
  `menu_url` varchar(255) DEFAULT NULL,
  `order_number` int(11) DEFAULT NULL,
  PRIMARY KEY (`menu_id`)
) ENGINE=MyISAM AUTO_INCREMENT=85 DEFAULT CHARSET=latin1;

--
-- Dumping data for table `idx_admin_menu`
--



--
-- Table structure for table `idx_bad_link`
--

CREATE TABLE `idx_bad_link` (
  `bad_link_id` mediumint(9) unsigned NOT NULL AUTO_INCREMENT,
  `link_id` mediumint(9) unsigned NOT NULL DEFAULT '0',
  `name` varchar(50) NOT NULL DEFAULT '',
  `email` varchar(50) NOT NULL DEFAULT '',
  `type` tinyint(3) unsigned NOT NULL DEFAULT '0',
  `date` date NOT NULL DEFAULT '0000-00-00',
  PRIMARY KEY (`bad_link_id`)
) ENGINE=MyISAM DEFAULT CHARSET=latin1;

--
-- Dumping data for table `idx_bad_link`
--


--
-- Table structure for table `idx_badwords`
--

CREATE TABLE `idx_badwords` (
  `word` varchar(100) NOT NULL DEFAULT ''
) ENGINE=MyISAM DEFAULT CHARSET=latin1;

--
-- Dumping data for table `idx_badwords`
--


--
-- Table structure for table `idx_blocked_domain`
--

CREATE TABLE `idx_blocked_domain` (
  `blocked_id` int(11) NOT NULL AUTO_INCREMENT,
  `blocked` varchar(255) DEFAULT NULL,
  `type` enum('domain','ip') DEFAULT NULL,
  PRIMARY KEY (`blocked_id`)
) ENGINE=MyISAM AUTO_INCREMENT=6 DEFAULT CHARSET=latin1;

--
-- Dumping data for table `idx_blocked_domain`
--

INSERT INTO `idx_blocked_domain` VALUES (1,'buydomains.com','domain'),(2,'this-domain-for-sale.com ','domain'),(3,'oversee.net','domain'),(4,'eNom','domain'),(5,'sedoparking.com','domain');

--
-- Table structure for table `idx_category`
--

CREATE TABLE `idx_category` (
  `category_id` mediumint(9) unsigned NOT NULL AUTO_INCREMENT,
  `parent_id` mediumint(9) unsigned NOT NULL DEFAULT '0',
  `name` varchar(100) NOT NULL DEFAULT '',
  `description` text NOT NULL,
  `image` varchar(100) DEFAULT NULL,
  `content` text,
  `visible` char(1) DEFAULT NULL,
  `links` mediumint(9) DEFAULT NULL,
  `meta_keyword` text,
  `meta_description` text,
  `permission` char(2) DEFAULT NULL,
  `registered_only` char(1) DEFAULT NULL,
  `header` text NOT NULL,
  `footer` text NOT NULL,
  `related` mediumint(6) NOT NULL DEFAULT '0',
  `page_title` varchar(200) NOT NULL DEFAULT '',
  `hits` int(11) NOT NULL DEFAULT '0',
  `order_num` smallint(6) NOT NULL DEFAULT '0',
  `basic_price` double unsigned NOT NULL DEFAULT '0',
  `premium_price` double unsigned NOT NULL DEFAULT '0',
  `sponsored_price` double unsigned NOT NULL DEFAULT '0',
  PRIMARY KEY (`category_id`)
) ENGINE=MyISAM AUTO_INCREMENT=36 DEFAULT CHARSET=latin1;

--
-- Dumping data for table `idx_category`
--

INSERT INTO `idx_category` VALUES (1,0,'Arts & Entertainment','','folder.gif','','1',8,'','','1','0','','',0,'',0,0,0,0,0),(2,0,'Automotive','','folder.gif','','1',20,'','','1','0','','',0,'',0,0,0,0,0),(3,0,'Business','','folder.gif','','1',57,'','','1','0','','',0,'',0,0,0,0,0),(4,0,'Careers & Jobs','','folder.gif','','1',1,'','','1','0','','',0,'',0,0,0,0,0),(5,0,'Clothing','','folder.gif','','1',6,'','','1','0','','',0,'',0,0,0,0,0),(6,0,'Communications','','folder.gif','','1',11,'','','1','0','','',0,'',0,0,0,0,0),(7,0,'Computer & Internet','','folder.gif','','1',10,'','','1','0','','',0,'',0,0,0,0,0),(8,0,'Construction and Maintenance','','folder.gif','','1',0,'','','1','0','','',0,'',0,0,0,0,0),(9,0,'Dental Services','','folder.gif','','1',19,'','','1','0','','',0,'',0,0,0,0,0),(10,0,'Education','','folder.gif','','1',9,'','','1','0','','',0,'',0,0,0,0,0),(11,0,'Employment & Recruitment Services','','folder.gif','','1',1,'','','1','0','','',0,'',0,0,0,0,0),(12,0,'Gifts & Flowers','','folder.gif','','1',7,'','','1','0','','',0,'',0,0,0,0,0),(13,0,'Hardware & Software Resources','','folder.gif','','1',2,'','','1','0','','',0,'',0,0,0,0,0),(14,0,'Medical & Health','','folder.gif','','1',0,'','','1','0','','',0,'',0,0,0,0,0),(15,0,'Healthcare Management ','','folder.gif','','1',80,'','','1','0','','',0,'',0,0,0,0,0),(16,0,'Heating and Air Conditioning Contractors','','folder.gif','','1',28,'','','1','0','','',0,'',0,0,0,0,0),(17,0,'Home & Garden Maintenance','','folder.gif','','1',50,'','','1','0','','',0,'',0,0,0,0,0),(18,0,'Home Improvement & Decor','','folder.gif','','1',255,'','','1','0','','',0,'',0,0,0,0,0),(19,0,'Hotels & Accomadation','','folder.gif','','1',15,'','','1','0','','',0,'',0,0,0,0,0),(20,0,'Insurance Companies','','folder.gif','','1',22,'','','1','0','','',0,'',0,0,0,0,0),(21,0,'Law','','folder.gif','','1',0,'','','1','0','','',0,'',0,0,0,0,0),(22,0,'Lawyers & Judges','','folder.gif','','1',103,'','','1','0','','',0,'',0,0,0,0,0),(23,0,'Lifestyle , Dating & Relationships ','','folder.gif','','1',1,'','','1','0','','',0,'',0,0,0,0,0),(24,0,'Medicine & Hospitals ','','folder.gif','','1',4,'','','1','0','','',0,'',0,0,0,0,0),(25,0,'Finance & Investment Services','','folder.gif','','1',10,'','','1','0','','',0,'',0,0,0,0,0),(26,0,'News & Magazines','','folder.gif','','1',1,'','','1','0','','',0,'',0,0,0,0,0),(27,0,'Plumbing Services','','folder.gif','','1',33,'','','1','0','','',0,'',0,0,0,0,0),(28,0,'Real Estate Development','','folder.gif','','1',16,'','','1','0','','',0,'',0,0,0,0,0),(29,0,'Energy & Science ','','folder.gif','','1',8,'','','1','0','','',0,'',0,0,0,0,0),(30,0,'SEO ,SMO & PPC','','folder.gif','','1',14,'','','1','0','','',0,'',0,0,0,0,0),(31,0,'Shopping and Retail','','folder.gif','','1',26,'','','1','0','','',0,'',0,0,0,0,0),(32,0,'Recreation & Sports','','folder.gif','','1',0,'','','1','0','','',0,'',0,0,0,0,0),(33,0,'Transport & Moving Services ','','folder.gif','','1',26,'','','1','0','','',0,'',0,0,0,0,0),(34,0,'Travel Industry','','folder.gif','','1',9,'','','1','0','','',0,'',0,0,0,0,0),(35,0,'Wedding & Events','','folder.gif','','1',5,'','','1','0','','',0,'',0,0,0,0,0);

--
-- Table structure for table `idx_category_path`
--

CREATE TABLE `idx_category_path` (
  `category_id` mediumint(9) NOT NULL DEFAULT '0',
  `path` text,
  `path_with_url` text,
  `parents` text,
  PRIMARY KEY (`category_id`)
) ENGINE=MyISAM DEFAULT CHARSET=latin1;

--
-- Dumping data for table `idx_category_path`
--

INSERT INTO `idx_category_path` VALUES (1,'Arts & Entertainment','<a href=\"http://siteselect.org/arts-entertainment/\" name=\"cat_1\" style=\"\">Arts & Entertainment</a>',';0;'),(2,'Automotive','<a href=\"http://siteselect.org/automotive/\" name=\"cat_2\" style=\"\">Automotive</a>',';0;'),(3,'Business','<a href=\"http://siteselect.org/business/\" name=\"cat_3\" style=\"\">Business</a>',';0;'),(4,'Careers & Jobs','<a href=\"http://siteselect.org/careers-jobs/\" name=\"cat_4\" style=\"\">Careers & Jobs</a>',';0;'),(5,'Clothing','<a href=\"http://siteselect.org/clothing/\" name=\"cat_5\" style=\"\">Clothing</a>',';0;'),(6,'Communications','<a href=\"http://siteselect.org/communications/\" name=\"cat_6\" style=\"\">Communications</a>',';0;'),(7,'Computer & Internet','<a href=\"http://siteselect.org/computer-internet/\" name=\"cat_7\" style=\"\">Computer & Internet</a>',';0;'),(8,'Construction and Maintenance','<a href=\"http://siteselect.org/construction-and-maintenance/\" name=\"cat_8\" style=\"\">Construction and Maintenance</a>',';0;'),(9,'Dental Services','<a href=\"http://siteselect.org/dental-services/\" name=\"cat_9\" style=\"\">Dental Services</a>',';0;'),(10,'Education','<a href=\"http://siteselect.org/education/\" name=\"cat_10\" style=\"\">Education</a>',';0;'),(11,'Employment & Recruitment Services','<a href=\"http://siteselect.org/employment-recruitment-services/\" name=\"cat_11\" style=\"\">Employment & Recruitment Services</a>',';0;'),(12,'Gifts & Flowers','<a href=\"http://siteselect.org/gifts-flowers/\" name=\"cat_12\" style=\"\">Gifts & Flowers</a>',';0;'),(13,'Hardware & Software Resources','<a href=\"http://siteselect.org/hardware-software-resources/\" name=\"cat_13\" style=\"\">Hardware & Software Resources</a>',';0;'),(14,'Medical & Health','<a href=\"http://siteselect.org/medical-health/\" name=\"cat_14\" style=\"\">Medical & Health</a>',';0;'),(15,'Healthcare Management ','<a href=\"http://siteselect.org/healthcare-management/\" name=\"cat_15\" style=\"\">Healthcare Management </a>',';0;'),(16,'Heating and Air Conditioning Contractors','<a href=\"http://siteselect.org/heating-and-air-conditioning-contractors/\" name=\"cat_16\" style=\"\">Heating and Air Conditioning Contractors</a>',';0;'),(17,'Home & Garden Maintenance','<a href=\"http://siteselect.org/home-garden-maintenance/\" name=\"cat_17\" style=\"\">Home & Garden Maintenance</a>',';0;'),(18,'Home Improvement & Decor','<a href=\"http://siteselect.org/home-improvement-decor/\" name=\"cat_18\" style=\"\">Home Improvement & Decor</a>',';0;'),(19,'Hotels & Accomadation','<a href=\"http://siteselect.org/hotels-accomadation/\" name=\"cat_19\" style=\"\">Hotels & Accomadation</a>',';0;'),(20,'Insurance Companies','<a href=\"http://siteselect.org/insurance-companies/\" name=\"cat_20\" style=\"\">Insurance Companies</a>',';0;'),(21,'Law','<a href=\"http://siteselect.org/law/\" name=\"cat_21\" style=\"\">Law</a>',';0;'),(22,'Lawyers & Judges','<a href=\"http://siteselect.org/lawyers-judges/\" name=\"cat_22\" style=\"\">Lawyers & Judges</a>',';0;'),(23,'Lifestyle , Dating & Relationships ','<a href=\"http://siteselect.org/lifestyle-dating-relationships/\" name=\"cat_23\" style=\"\">Lifestyle , Dating & Relationships </a>',';0;'),(24,'Medicine & Hospitals ','<a href=\"http://siteselect.org/medicine-hospitals/\" name=\"cat_24\" style=\"\">Medicine & Hospitals </a>',';0;'),(25,'Finance & Investment Services','<a href=\"http://siteselect.org/finance-investment-services/\" name=\"cat_25\" style=\"\">Finance & Investment Services</a>',';0;'),(26,'News & Magazines','<a href=\"http://siteselect.org/news-magazines/\" name=\"cat_26\" style=\"\">News & Magazines</a>',';0;'),(27,'Plumbing Services','<a href=\"http://siteselect.org/plumbing-services/\" name=\"cat_27\" style=\"\">Plumbing Services</a>',';0;'),(28,'Real Estate Development','<a href=\"http://siteselect.org/real-estate-development/\" name=\"cat_28\" style=\"\">Real Estate Development</a>',';0;'),(29,'Energy & Science ','<a href=\"http://siteselect.org/energy-science/\" name=\"cat_29\" style=\"\">Energy & Science </a>',';0;'),(30,'SEO ,SMO & PPC','<a href=\"http://siteselect.org/seo-smo-ppc/\" name=\"cat_30\" style=\"\">SEO ,SMO & PPC</a>',';0;'),(31,'Shopping and Retail','<a href=\"http://siteselect.org/shopping-and-retail/\" name=\"cat_31\" style=\"\">Shopping and Retail</a>',';0;'),(32,'Recreation & Sports','<a href=\"http://siteselect.org/recreation-sports/\" name=\"cat_32\" style=\"\">Recreation & Sports</a>',';0;'),(33,'Transport & Moving Services ','<a href=\"http://siteselect.org/transport-moving-services/\" name=\"cat_33\" style=\"\">Transport & Moving Services </a>',';0;'),(34,'Travel Industry','<a href=\"http://siteselect.org/travel-industry/\" name=\"cat_34\" style=\"\">Travel Industry</a>',';0;'),(35,'Wedding & Events','<a href=\"http://siteselect.org/wedding-events/\" name=\"cat_35\" style=\"\">Wedding & Events</a>',';0;');

--
-- Table structure for table `idx_category_suggession`
--

CREATE TABLE `idx_category_suggession` (
  `id_cat_suggession` int(11) NOT NULL AUTO_INCREMENT,
  `parent_id` int(11) DEFAULT NULL,
  `name` varchar(255) DEFAULT NULL,
  `category_description` text,
  `date` datetime DEFAULT NULL,
  PRIMARY KEY (`id_cat_suggession`)
) ENGINE=MyISAM AUTO_INCREMENT=4 DEFAULT CHARSET=latin1;

--
-- Dumping data for table `idx_category_suggession`
--

INSERT INTO `idx_category_suggession` VALUES (1,7,'Computers and internet','Hi,\r\n This is business development officer from Ruchiwebsolutions,\r\n\r\nTo introduce, we are an Indian Web Design, PHP web Development firm and SEO consultant. We have over 7 years of experience in professional web designing, PHP and mysql development, web hosting with domain registration and seo services. We give real time training in PHP and SEO.\r\nVisit our Website:  http://www.ruchiwebsolutions.com      \r\n\r\n','2011-12-30 05:28:06'),(2,9,'Dentist Leesburg VA','LCI Dentistry provides comprehensive dental care in the Leesburg VA area as well as the surrounding communities in Loudoun County. Focusing on cosmetic and general dentistry as well as providing an on-site oral surgeon to create the most convenient and comfortable environment for our patients. Call 703-729-1818','2012-01-24 14:51:09'),(3,10,'Nanyprem','Couldn?t be wtterin any better. Reading this post reminds me of my old room mate! He always kept talking about this. I will forward this article to him. Pretty sure he will have a good read. Thanks for sharing!\n','2012-02-22 21:53:16');

--
-- Table structure for table `idx_checkurl`
--

CREATE TABLE `idx_checkurl` (
  `link_id` mediumint(9) NOT NULL DEFAULT '0',
  `date` date NOT NULL DEFAULT '0000-00-00',
  `live` char(1) NOT NULL DEFAULT '',
  `reciprocal_found` char(1) NOT NULL DEFAULT '',
  PRIMARY KEY (`link_id`)
) ENGINE=MyISAM DEFAULT CHARSET=latin1;

--
-- Dumping data for table `idx_checkurl`
--


--
-- Table structure for table `idx_cronjobs`
--

CREATE TABLE `idx_cronjobs` (
  `cronjobs_id` int(11) NOT NULL AUTO_INCREMENT,
  `cronjobs_name` varchar(255) DEFAULT NULL,
  `filename` varchar(255) NOT NULL,
  `schedule` varchar(255) NOT NULL,
  `time` datetime NOT NULL,
  `execution` varchar(1) NOT NULL,
  PRIMARY KEY (`cronjobs_id`)
) ENGINE=MyISAM AUTO_INCREMENT=4 DEFAULT CHARSET=latin1;

--
-- Dumping data for table `idx_cronjobs`
--

INSERT INTO `idx_cronjobs` VALUES (1,NULL,'clear_templates_c.php','1,*,*,*,*','0000-00-00 00:00:00',''),(2,NULL,'update_tag_cloud.php','*,24,*,*,*','0000-00-00 00:00:00',''),(3,NULL,'clear_rss_cache.php','*,24,*,*,*','0000-00-00 00:00:00','');

--
-- Table structure for table `idx_custom_field`
--

CREATE TABLE `idx_custom_field` (
  `field_name` varchar(32) NOT NULL DEFAULT '',
  `field_text` varchar(64) NOT NULL DEFAULT '',
  `field_type` enum('TEXT','TEXTAREA','SELECT','MULTISELECT','CHECKBOX','RADIO','FILE','IMAGE','DATE','DATETIME','RICHEDITOR') NOT NULL DEFAULT 'TEXT',
  `field_option` text NOT NULL,
  `field_img_width` int(10) unsigned NOT NULL DEFAULT '0',
  `field_img_height` int(10) unsigned NOT NULL DEFAULT '0',
  `field_file_size` int(10) unsigned NOT NULL DEFAULT '0',
  `field_file_extension` varchar(64) NOT NULL DEFAULT '',
  `required` char(1) NOT NULL DEFAULT '0',
  `searchable` char(1) NOT NULL DEFAULT '1',
  `permission` char(1) NOT NULL DEFAULT '0'
) ENGINE=MyISAM DEFAULT CHARSET=latin1;

--
-- Dumping data for table `idx_custom_field`
--

INSERT INTO `idx_custom_field` VALUES ('image','Image','IMAGE','',0,0,0,'','0','0','2'),('address','Address','TEXT','',0,0,0,'','0','0','0'),('city','City','TEXT','',0,0,0,'','0','0','0'),('state','State','TEXT','',0,0,0,'','0','0','0'),('country','Country','TEXT','',0,0,0,'','0','0','0'),('zip','Zip','TEXT','',0,0,0,'','0','0','0'),('phone','Phone','TEXT','',0,0,0,'','0','0','0'),('fax','Fax','TEXT','',0,0,0,'','0','0','0');

--
-- Table structure for table `idx_default_field`
--

CREATE TABLE `idx_default_field` (
  `field_name` varchar(64) NOT NULL,
  `required` char(1) NOT NULL,
  `visible` char(1) NOT NULL DEFAULT '1',
  `searchable` char(1) NOT NULL DEFAULT '1'
) ENGINE=MyISAM DEFAULT CHARSET=latin1;

--
-- Dumping data for table `idx_default_field`
--

INSERT INTO `idx_default_field` VALUES ('title','1','1','1'),('url','1','1','1'),('description','1','1','1'),('keywords','1','1','0'),('contact_name','1','1','1'),('email','1','1','1'),('reciprocal_url','0','0','1');

--
-- Table structure for table `idx_discount_coupon`
--

CREATE TABLE `idx_discount_coupon` (
  `coupon_id` int(11) NOT NULL AUTO_INCREMENT,
  `coupon_code` varchar(255) DEFAULT NULL,
  `coupon_value` varchar(50) DEFAULT NULL,
  `link_type` varchar(255) DEFAULT NULL,
  `start_date` date DEFAULT NULL,
  `expired_date` date DEFAULT NULL,
  `expired_usage` int(11) DEFAULT NULL,
  `usage_count` int(11) DEFAULT NULL,
  PRIMARY KEY (`coupon_id`)
) ENGINE=MyISAM DEFAULT CHARSET=latin1;

--
-- Dumping data for table `idx_discount_coupon`
--


--
-- Table structure for table `idx_editor`
--

CREATE TABLE `idx_editor` (
  `username` varchar(20) DEFAULT NULL,
  `category_id` mediumint(9) DEFAULT NULL,
  `category` char(1) DEFAULT NULL,
  `link` char(1) DEFAULT NULL,
  `review` char(1) DEFAULT NULL,
  `pick` char(1) DEFAULT NULL,
  `status` char(1) DEFAULT NULL,
  `date` date DEFAULT NULL
) ENGINE=MyISAM DEFAULT CHARSET=latin1;

--
-- Dumping data for table `idx_editor`
--


--
-- Table structure for table `idx_email_template`
--

CREATE TABLE `idx_email_template` (
  `email_template_id` int(10) unsigned NOT NULL AUTO_INCREMENT,
  `name` varchar(255) DEFAULT NULL,
  `subject` varchar(255) DEFAULT NULL,
  `body` text,
  `altbody` text,
  PRIMARY KEY (`email_template_id`)
) ENGINE=MyISAM AUTO_INCREMENT=37 DEFAULT CHARSET=latin1;

--
-- Dumping data for table `idx_email_template`
--



--
-- Table structure for table `idx_favorites`
--

CREATE TABLE `idx_favorites` (
  `favorite_id` int(11) NOT NULL AUTO_INCREMENT,
  `username` varchar(20) DEFAULT NULL,
  `date` date DEFAULT NULL,
  `title` varchar(100) DEFAULT NULL,
  `description` text,
  PRIMARY KEY (`favorite_id`)
) ENGINE=MyISAM DEFAULT CHARSET=latin1;

--
-- Dumping data for table `idx_favorites`
--


--
-- Table structure for table `idx_favorites_detail`
--

CREATE TABLE `idx_favorites_detail` (
  `favorite_id` int(11) DEFAULT NULL,
  `link_id` mediumint(9) DEFAULT NULL
) ENGINE=MyISAM DEFAULT CHARSET=latin1;

--
-- Dumping data for table `idx_favorites_detail`
--


--
-- Table structure for table `idx_hook_place`
--

CREATE TABLE `idx_hook_place` (
  `hook_place_id` int(11) NOT NULL AUTO_INCREMENT,
  `filename` varchar(255) DEFAULT NULL,
  `hookname` varchar(255) DEFAULT NULL,
  PRIMARY KEY (`hook_place_id`)
) ENGINE=MyISAM DEFAULT CHARSET=latin1;

--
-- Dumping data for table `idx_hook_place`
--


--
-- Table structure for table `idx_invoice`
--

CREATE TABLE `idx_invoice` (
  `invoice_id` varchar(10) NOT NULL DEFAULT '',
  `invoice_date` date DEFAULT NULL,
  `due_date` date DEFAULT NULL,
  `invoiced_to` text,
  `service` varchar(255) DEFAULT NULL,
  `description` text,
  `total` double(8,2) DEFAULT NULL,
  `comment` text,
  `paid` char(1) DEFAULT NULL,
  `paid_date` date DEFAULT NULL,
  `email` varchar(255) DEFAULT NULL,
  PRIMARY KEY (`invoice_id`)
) ENGINE=MyISAM DEFAULT CHARSET=latin1;

--
-- Dumping data for table `idx_invoice`
--


--
-- Table structure for table `idx_invoice_config`
--

CREATE TABLE `idx_invoice_config` (
  `company` varchar(255) DEFAULT NULL,
  `contact` varchar(255) DEFAULT NULL,
  `address` text,
  `phone` varchar(255) DEFAULT NULL,
  `email` varchar(255) DEFAULT NULL,
  `currency_symbol` varchar(255) DEFAULT '$',
  `currency_code` varchar(255) DEFAULT 'USD'
) ENGINE=MyISAM DEFAULT CHARSET=latin1;

--
-- Dumping data for table `idx_invoice_config`
--

INSERT INTO `idx_invoice_config` VALUES ('Your website / Company','Billing Department','Your address','Your phone #','Billing<name@yourdomain.com>','$','USD');

--
-- Table structure for table `idx_link_temp`
--

CREATE TABLE `idx_link_temp` (
  `vid` mediumint(9) unsigned NOT NULL AUTO_INCREMENT,
  `spam` char(1) NOT NULL DEFAULT '0',
  `link_id` mediumint(9) DEFAULT NULL,
  `category_id` mediumint(9) unsigned NOT NULL DEFAULT '0',
  `title` varchar(100) NOT NULL DEFAULT '',
  `url` text NOT NULL,
  `description` text NOT NULL,
  `contact_name` varchar(100) NOT NULL DEFAULT '',
  `email` varchar(100) NOT NULL DEFAULT '',
  `hits` mediumint(9) DEFAULT NULL,
  `votes` smallint(6) DEFAULT NULL,
  `rating` float(4,2) DEFAULT NULL,
  `date` datetime NOT NULL DEFAULT '0000-00-00 00:00:00',
  `bid` smallint(6) NOT NULL DEFAULT '0',
  `new` char(1) DEFAULT NULL,
  `hot` char(1) DEFAULT NULL,
  `top_rated` char(1) DEFAULT NULL,
  `pick` char(1) DEFAULT NULL,
  `password` varchar(20) DEFAULT NULL,
  `updated` char(1) DEFAULT NULL,
  `reviews` smallint(6) DEFAULT NULL,
  `avg_review` float(4,2) DEFAULT NULL,
  `last_updated` datetime DEFAULT NULL,
  `official_review` text,
  `keywords` varchar(255) DEFAULT NULL,
  `cat1` mediumint(6) NOT NULL DEFAULT '0',
  `cat2` mediumint(6) NOT NULL DEFAULT '0',
  `suspended` char(1) NOT NULL DEFAULT '0',
  `reciprocal_url` varchar(255) DEFAULT NULL,
  `address` varchar(255) DEFAULT NULL,
  `city` varchar(255) DEFAULT NULL,
  `state` varchar(255) DEFAULT NULL,
  `country` varchar(255) DEFAULT NULL,
  `zip` varchar(255) DEFAULT NULL,
  `image` varchar(255) DEFAULT NULL,
  `phone` varchar(255) DEFAULT NULL,
  `fax` varchar(255) DEFAULT NULL,
  PRIMARY KEY (`vid`)
) ENGINE=MyISAM DEFAULT CHARSET=latin1;

--
-- Dumping data for table `idx_link_temp`
--


--
-- Table structure for table `idx_link_temp_user`
--

CREATE TABLE `idx_link_temp_user` (
  `vid` mediumint(9) unsigned NOT NULL DEFAULT '0',
  `username` varchar(20) NOT NULL DEFAULT '',
  PRIMARY KEY (`vid`)
) ENGINE=MyISAM DEFAULT CHARSET=latin1;

--
-- Dumping data for table `idx_link_temp_user`
--


--
-- Table structure for table `idx_link_user`
--

CREATE TABLE `idx_link_user` (
  `link_id` mediumint(9) unsigned NOT NULL DEFAULT '0',
  `username` varchar(20) NOT NULL DEFAULT '',
  PRIMARY KEY (`link_id`)
) ENGINE=MyISAM DEFAULT CHARSET=latin1;

--
-- Dumping data for table `idx_link_user`
--


--
-- Table structure for table `idx_mailing_list`
--

CREATE TABLE `idx_mailing_list` (
  `email` varchar(50) NOT NULL DEFAULT '',
  `code` varchar(4) DEFAULT NULL,
  `status` char(1) DEFAULT NULL,
  PRIMARY KEY (`email`)
) ENGINE=MyISAM DEFAULT CHARSET=latin1;

--
-- Dumping data for table `idx_mailing_list`
--


--
-- Table structure for table `idx_message`
--

CREATE TABLE `idx_message` (
  `message_id` smallint(6) NOT NULL AUTO_INCREMENT,
  `date` date DEFAULT NULL,
  `body` text,
  `subject` varchar(100) DEFAULT NULL,
  PRIMARY KEY (`message_id`)
) ENGINE=MyISAM DEFAULT CHARSET=latin1;

--
-- Dumping data for table `idx_message`
--


--
-- Table structure for table `idx_notification`
--

CREATE TABLE `idx_notification` (
  `username` varchar(20) NOT NULL DEFAULT '',
  `category_id` mediumint(9) NOT NULL DEFAULT '0'
) ENGINE=MyISAM DEFAULT CHARSET=latin1;

--
-- Dumping data for table `idx_notification`
--


--
-- Table structure for table `idx_pagerank`
--

CREATE TABLE `idx_pagerank` (
  `link_id` mediumint(8) unsigned NOT NULL DEFAULT '0',
  `engine` char(1) NOT NULL DEFAULT '',
  `rank` tinyint(4) NOT NULL DEFAULT '0',
  `last_update` date NOT NULL DEFAULT '0000-00-00',
  PRIMARY KEY (`link_id`,`engine`)
) ENGINE=MyISAM DEFAULT CHARSET=latin1;

--
-- Dumping data for table `idx_pagerank`
--

INSERT INTO `idx_pagerank` VALUES (110,'g',0,'2012-02-02'),(140,'g',0,'2012-02-16'),(2,'g',0,'2011-11-30'),(266,'g',0,'2011-11-30'),(265,'g',0,'2011-11-30'),(188,'g',0,'2011-11-30'),(117,'g',0,'2011-11-30'),(189,'g',0,'2011-11-30'),(40,'g',0,'2011-11-30'),(58,'g',0,'2011-11-30'),(33,'g',0,'2011-11-30'),(53,'g',0,'2011-11-30'),(62,'g',0,'2011-11-30'),(23,'g',0,'2011-11-30'),(17,'g',0,'2011-11-30'),(18,'g',0,'2011-11-30'),(26,'g',0,'2011-11-30'),(60,'g',0,'2011-11-30'),(105,'g',0,'2011-12-01'),(19,'g',0,'2012-02-29'),(68,'g',0,'2011-12-01'),(252,'g',0,'2011-12-01'),(187,'g',0,'2011-12-01'),(175,'g',0,'2011-12-01'),(302,'g',0,'2011-12-01'),(114,'g',0,'2011-12-01'),(48,'g',0,'2012-02-29'),(38,'g',0,'2012-02-04'),(71,'g',0,'2012-03-01'),(78,'g',0,'2012-02-23'),(191,'g',0,'2011-12-01'),(75,'g',0,'2012-02-04'),(139,'g',0,'2012-02-29'),(76,'g',0,'2011-12-01'),(174,'g',0,'2011-12-01'),(3,'g',0,'2012-02-23'),(8,'g',0,'2011-12-01'),(6,'g',0,'2011-12-01'),(200,'g',0,'2011-12-01'),(207,'g',0,'2011-12-01'),(178,'g',0,'2011-12-01'),(216,'g',0,'2011-12-01'),(73,'g',0,'2012-02-04'),(79,'g',0,'2011-12-01'),(46,'g',0,'2012-03-01'),(50,'g',0,'2011-12-01'),(5,'g',0,'2011-12-01'),(116,'g',0,'2012-02-23'),(25,'g',0,'2011-12-01'),(4,'g',0,'2011-12-01'),(107,'g',0,'2011-12-01'),(43,'g',0,'2011-12-01'),(9,'g',0,'2012-02-04'),(166,'g',0,'2011-12-01'),(42,'g',0,'2012-02-23'),(37,'g',0,'2011-12-01'),(87,'g',0,'2012-02-23'),(7,'g',0,'2012-02-04'),(28,'g',0,'2012-02-23'),(199,'g',0,'2011-12-01'),(213,'g',0,'2011-12-01'),(113,'g',0,'2011-12-01'),(27,'g',0,'2012-03-01'),(100,'g',0,'2011-12-01'),(16,'g',0,'2011-12-01'),(69,'g',0,'2011-12-01'),(55,'g',0,'2012-02-04'),(108,'g',0,'2011-12-01'),(264,'g',0,'2011-12-01'),(104,'g',0,'2011-12-01'),(34,'g',0,'2012-02-04'),(96,'g',0,'2011-12-01'),(67,'g',0,'2012-01-31'),(212,'g',0,'2011-12-01'),(66,'g',0,'2011-12-01'),(49,'g',0,'2012-02-04'),(10,'g',0,'2011-12-01'),(121,'g',0,'2011-12-01'),(59,'g',0,'2011-12-01'),(148,'g',0,'2011-12-01'),(30,'g',0,'2011-12-01'),(85,'g',0,'2012-02-17'),(88,'g',0,'2012-02-04'),(74,'g',0,'2012-02-04'),(125,'g',0,'2012-02-04'),(65,'g',0,'2011-12-01'),(168,'g',0,'2011-12-01'),(39,'g',0,'2011-12-01'),(45,'g',0,'2012-02-04'),(169,'g',0,'2011-12-01'),(82,'g',0,'2011-12-01'),(141,'g',0,'2012-02-04'),(72,'g',0,'2011-12-01'),(56,'g',0,'2012-02-17'),(31,'g',0,'2012-02-17'),(1,'g',0,'2011-12-01'),(134,'g',0,'2012-02-17'),(136,'g',0,'2012-02-17'),(173,'g',0,'2011-12-01'),(186,'g',0,'2011-12-01'),(24,'g',0,'2011-12-01'),(223,'g',0,'2011-12-01'),(83,'g',0,'2011-12-01'),(54,'g',0,'2011-12-01'),(70,'g',0,'2011-12-01'),(120,'g',0,'2012-02-04'),(52,'g',0,'2011-12-01'),(64,'g',0,'2011-12-01'),(95,'g',0,'2011-12-01'),(89,'g',0,'2011-12-01'),(57,'g',0,'2012-02-04'),(35,'g',0,'2011-12-01'),(206,'g',0,'2011-12-01'),(29,'g',0,'2011-12-02'),(51,'g',0,'2012-01-09'),(152,'g',0,'2011-12-02'),(119,'g',0,'2012-01-09'),(12,'g',0,'2012-01-09'),(14,'g',0,'2012-01-09'),(259,'g',0,'2011-12-02'),(22,'g',0,'2011-12-02'),(143,'g',0,'2011-12-02'),(149,'g',0,'2011-12-02'),(98,'g',0,'2011-12-02'),(84,'g',0,'2012-01-09'),(11,'g',0,'2012-01-09'),(32,'g',0,'2011-12-02'),(63,'g',0,'2011-12-02'),(13,'g',0,'2012-01-09'),(47,'g',0,'2011-12-02'),(133,'g',0,'2012-01-09'),(15,'g',0,'2012-01-09'),(41,'g',0,'2011-12-02'),(228,'g',0,'2011-12-02'),(224,'g',0,'2011-12-02'),(21,'g',0,'2012-01-09'),(182,'g',0,'2011-12-02'),(44,'g',0,'2012-01-09'),(219,'g',0,'2011-12-02'),(81,'g',0,'2012-01-09'),(238,'g',0,'2011-12-02'),(128,'g',0,'2011-12-02'),(129,'g',0,'2012-01-30'),(109,'g',0,'2012-01-02'),(258,'g',0,'2011-12-02'),(115,'g',0,'2011-12-02'),(146,'g',0,'2012-03-04'),(77,'g',0,'2012-03-04'),(162,'g',0,'2011-12-02'),(20,'g',0,'2012-01-30'),(181,'g',0,'2011-12-02'),(239,'g',0,'2011-12-02'),(163,'g',0,'2011-12-02'),(111,'g',0,'2011-12-02'),(462,'g',0,'2012-02-16'),(466,'g',0,'2012-02-29'),(443,'g',0,'2012-02-29'),(351,'g',0,'2011-12-04'),(428,'g',0,'2011-12-04'),(442,'g',0,'2011-12-04'),(366,'g',0,'2011-12-04'),(309,'g',0,'2011-12-04'),(365,'g',0,'2011-12-04'),(352,'g',0,'2011-12-05'),(316,'g',0,'2011-12-05'),(453,'g',0,'2012-03-04'),(327,'g',0,'2011-12-05'),(328,'g',0,'2011-12-05'),(305,'g',0,'2011-12-05'),(465,'g',0,'2011-12-05'),(446,'g',0,'2012-03-04'),(311,'g',0,'2011-12-05'),(425,'g',0,'2011-12-05'),(452,'g',0,'2012-03-06'),(358,'g',0,'2012-01-30'),(389,'g',0,'2011-12-05'),(445,'g',0,'2012-01-09'),(439,'g',0,'2011-12-06'),(455,'g',0,'2012-01-09'),(469,'g',0,'2011-12-06'),(458,'g',0,'2011-12-06'),(486,'g',0,'2011-12-06'),(430,'g',0,'2012-01-09'),(451,'g',0,'2012-01-09'),(36,'g',0,'2012-02-06'),(97,'g',0,'2011-12-06'),(61,'g',0,'2012-02-06'),(130,'g',0,'2012-02-06'),(170,'g',0,'2011-12-06'),(208,'g',0,'2011-12-06'),(165,'g',0,'2011-12-06'),(127,'g',0,'2012-02-06'),(241,'g',0,'2011-12-06'),(132,'g',0,'2012-02-06'),(86,'g',0,'2011-12-07'),(457,'g',0,'2012-01-31'),(576,'g',0,'2012-01-31'),(643,'g',0,'2012-03-01'),(617,'g',0,'2011-12-10'),(586,'g',0,'2011-12-10'),(215,'g',0,'2011-12-10'),(131,'g',0,'2011-12-10'),(209,'g',0,'2011-12-10'),(185,'g',0,'2011-12-10'),(155,'g',0,'2011-12-10'),(156,'g',0,'2011-12-10'),(147,'g',0,'2011-12-10'),(195,'g',0,'2011-12-10'),(145,'g',0,'2011-12-10'),(299,'g',0,'2011-12-10'),(319,'g',0,'2011-12-10'),(297,'g',0,'2011-12-10'),(272,'g',0,'2011-12-10'),(306,'g',0,'2011-12-10'),(312,'g',0,'2011-12-10'),(307,'g',0,'2011-12-10'),(290,'g',0,'2011-12-10'),(308,'g',0,'2011-12-10'),(304,'g',0,'2011-12-10'),(221,'g',0,'2011-12-10'),(257,'g',0,'2011-12-10'),(222,'g',0,'2011-12-10'),(231,'g',0,'2011-12-10'),(232,'g',0,'2011-12-10'),(220,'g',0,'2011-12-10'),(217,'g',0,'2011-12-10'),(218,'g',0,'2011-12-10'),(262,'g',0,'2011-12-10'),(225,'g',0,'2011-12-10'),(405,'g',0,'2011-12-10'),(409,'g',0,'2011-12-10'),(413,'g',0,'2011-12-10'),(408,'g',0,'2011-12-10'),(407,'g',0,'2011-12-10'),(406,'g',0,'2011-12-10'),(415,'g',0,'2011-12-10'),(410,'g',0,'2011-12-10'),(414,'g',0,'2011-12-10'),(412,'g',0,'2011-12-10'),(180,'g',0,'2011-12-10'),(600,'g',0,'2012-01-30'),(656,'g',0,'2012-02-16'),(568,'g',0,'2011-12-11'),(521,'g',0,'2011-12-11'),(642,'g',0,'2011-12-11'),(592,'g',0,'2011-12-11'),(489,'g',0,'2011-12-11'),(640,'g',0,'2011-12-11'),(571,'g',0,'2011-12-11'),(582,'g',0,'2011-12-11'),(637,'g',0,'2012-01-30'),(595,'g',0,'2012-01-30'),(665,'g',0,'2011-12-12'),(512,'g',0,'2011-12-13'),(590,'g',0,'2011-12-13'),(504,'g',0,'2011-12-13'),(641,'g',0,'2011-12-13'),(650,'g',0,'2011-12-13'),(719,'g',0,'2011-12-13'),(584,'g',0,'2011-12-13'),(664,'g',0,'2011-12-13'),(658,'g',0,'2011-12-13'),(588,'g',0,'2011-12-13'),(711,'g',0,'2011-12-13'),(580,'g',0,'2011-12-13'),(648,'g',0,'2011-12-13'),(506,'g',0,'2011-12-13'),(483,'g',0,'2011-12-13'),(570,'g',0,'2011-12-13'),(518,'g',0,'2011-12-13'),(579,'g',0,'2011-12-13'),(563,'g',0,'2012-01-31'),(488,'g',0,'2011-12-13'),(569,'g',0,'2011-12-13'),(558,'g',0,'2011-12-13'),(509,'g',0,'2011-12-13'),(500,'g',0,'2011-12-13'),(342,'g',0,'2011-12-14'),(516,'g',0,'2011-12-14'),(359,'g',0,'2011-12-14'),(106,'g',0,'2011-12-14'),(492,'g',0,'2011-12-14'),(369,'g',0,'2011-12-14'),(741,'g',0,'2011-12-14'),(738,'g',0,'2011-12-14'),(728,'g',0,'2011-12-14'),(737,'g',0,'2011-12-14'),(491,'g',0,'2011-12-14'),(360,'g',0,'2011-12-15'),(472,'g',0,'2011-12-15'),(752,'g',0,'2011-12-15'),(468,'g',0,'2011-12-15'),(498,'g',0,'2011-12-15'),(333,'g',0,'2011-12-15'),(501,'g',0,'2011-12-15'),(373,'g',0,'2011-12-15'),(431,'g',0,'2011-12-15'),(381,'g',0,'2011-12-15'),(326,'g',0,'2011-12-15'),(339,'g',0,'2011-12-15'),(330,'g',0,'2011-12-15'),(364,'g',0,'2011-12-15'),(363,'g',0,'2011-12-15'),(349,'g',0,'2011-12-15'),(123,'g',0,'2011-12-15'),(513,'g',0,'2011-12-15'),(93,'g',0,'2011-12-15'),(118,'g',0,'2011-12-15'),(341,'g',0,'2011-12-15'),(435,'g',0,'2011-12-15'),(454,'g',0,'2011-12-15'),(356,'g',0,'2011-12-15'),(480,'g',0,'2011-12-15'),(426,'g',0,'2011-12-15'),(503,'g',0,'2011-12-15'),(740,'g',0,'2011-12-15'),(734,'g',0,'2011-12-15'),(758,'g',0,'2011-12-15'),(126,'g',0,'2011-12-15'),(475,'g',0,'2011-12-15'),(353,'g',0,'2011-12-15'),(476,'g',0,'2011-12-15'),(361,'g',0,'2011-12-16'),(502,'g',0,'2011-12-16'),(384,'g',0,'2011-12-16'),(429,'g',0,'2011-12-16'),(335,'g',0,'2011-12-16'),(374,'g',0,'2011-12-16'),(494,'g',0,'2011-12-16'),(124,'g',0,'2011-12-16'),(112,'g',0,'2011-12-16'),(450,'g',0,'2011-12-16'),(461,'g',0,'2011-12-16'),(383,'g',0,'2011-12-16'),(478,'g',0,'2011-12-16'),(354,'g',0,'2011-12-16'),(484,'g',0,'2011-12-16'),(487,'g',0,'2011-12-16'),(495,'g',0,'2011-12-16'),(481,'g',0,'2011-12-16'),(479,'g',0,'2011-12-16'),(367,'g',0,'2011-12-16'),(485,'g',0,'2011-12-16'),(499,'g',0,'2011-12-16'),(755,'g',0,'2011-12-16'),(474,'g',0,'2011-12-16'),(477,'g',0,'2011-12-16'),(533,'g',0,'2011-12-16'),(539,'g',0,'2011-12-16'),(538,'g',0,'2011-12-16'),(535,'g',0,'2011-12-16'),(532,'g',0,'2011-12-16'),(531,'g',0,'2011-12-16'),(537,'g',0,'2011-12-16'),(540,'g',0,'2011-12-16'),(534,'g',0,'2011-12-16'),(536,'g',0,'2011-12-16'),(639,'g',0,'2011-12-16'),(651,'g',0,'2011-12-16'),(645,'g',0,'2011-12-16'),(709,'g',0,'2011-12-16'),(423,'g',0,'2011-12-16'),(470,'g',0,'2011-12-16'),(324,'g',0,'2011-12-16'),(448,'g',0,'2011-12-16'),(396,'g',0,'2011-12-16'),(400,'g',0,'2011-12-16'),(397,'g',0,'2011-12-16'),(398,'g',0,'2011-12-16'),(404,'g',0,'2011-12-16'),(403,'g',0,'2011-12-16'),(401,'g',0,'2011-12-16'),(402,'g',0,'2011-12-16'),(399,'g',0,'2011-12-16'),(395,'g',0,'2011-12-16'),(471,'g',0,'2011-12-16'),(416,'g',0,'2011-12-16'),(419,'g',0,'2011-12-16'),(418,'g',0,'2011-12-16'),(473,'g',0,'2011-12-16'),(420,'g',0,'2011-12-16'),(424,'g',0,'2011-12-16'),(440,'g',0,'2011-12-16'),(421,'g',0,'2011-12-16'),(417,'g',0,'2011-12-16'),(526,'g',0,'2011-12-16'),(524,'g',0,'2011-12-16'),(508,'g',0,'2011-12-16'),(527,'g',0,'2011-12-16'),(530,'g',0,'2011-12-16'),(528,'g',0,'2011-12-16'),(520,'g',0,'2011-12-16'),(510,'g',0,'2011-12-16'),(525,'g',0,'2011-12-16'),(529,'g',0,'2011-12-16'),(716,'g',0,'2011-12-17'),(698,'g',0,'2011-12-17'),(717,'g',0,'2011-12-17'),(565,'g',0,'2011-12-17'),(634,'g',0,'2011-12-17'),(644,'g',0,'2011-12-17'),(627,'g',0,'2011-12-17'),(694,'g',0,'2011-12-17'),(663,'g',0,'2011-12-17'),(696,'g',0,'2011-12-17'),(662,'g',0,'2011-12-17'),(661,'g',0,'2011-12-17'),(697,'g',0,'2011-12-17'),(700,'g',0,'2011-12-17'),(609,'g',0,'2011-12-17'),(523,'g',0,'2011-12-17'),(519,'g',0,'2011-12-17'),(515,'g',0,'2011-12-17'),(560,'g',0,'2011-12-17'),(593,'g',0,'2011-12-17'),(575,'g',0,'2011-12-17'),(772,'g',0,'2012-01-31'),(566,'g',0,'2011-12-17'),(655,'g',0,'2011-12-17'),(707,'g',0,'2011-12-17'),(710,'g',0,'2011-12-17'),(653,'g',0,'2011-12-17'),(666,'g',0,'2011-12-17'),(657,'g',0,'2011-12-17'),(659,'g',0,'2011-12-17'),(667,'g',0,'2011-12-17'),(660,'g',0,'2011-12-17'),(712,'g',0,'2011-12-17'),(607,'g',0,'2011-12-17'),(714,'g',0,'2011-12-17'),(624,'g',0,'2011-12-17'),(594,'g',0,'2011-12-17'),(748,'g',0,'2011-12-17'),(747,'g',0,'2011-12-17'),(756,'g',0,'2011-12-17'),(725,'g',0,'2011-12-17'),(763,'g',0,'2011-12-18'),(751,'g',0,'2011-12-18'),(761,'g',0,'2011-12-18'),(749,'g',0,'2011-12-18'),(334,'g',0,'2011-12-18'),(346,'g',0,'2011-12-18'),(337,'g',0,'2011-12-18'),(393,'g',0,'2011-12-18'),(391,'g',0,'2011-12-18'),(379,'g',0,'2011-12-18'),(573,'g',0,'2011-12-19'),(649,'g',0,'2011-12-19'),(753,'g',0,'2011-12-19'),(771,'g',0,'2011-12-21'),(775,'g',0,'2011-12-22'),(773,'g',0,'2011-12-22'),(743,'g',0,'2011-12-22'),(745,'g',0,'2011-12-22'),(769,'g',0,'2012-02-29'),(776,'g',0,'2012-02-29'),(802,'g',0,'2011-12-23'),(798,'g',0,'2011-12-26'),(591,'g',0,'2011-12-26'),(726,'g',0,'2011-12-26'),(781,'g',0,'2011-12-26'),(791,'g',0,'2012-02-23'),(778,'g',0,'2012-02-17'),(522,'g',0,'2011-12-27'),(770,'g',0,'2011-12-27'),(783,'g',0,'2012-02-04'),(784,'g',0,'2012-02-04'),(786,'g',0,'2012-02-04'),(438,'g',0,'2011-12-29'),(808,'g',0,'2012-02-23'),(432,'g',0,'2011-12-29'),(433,'g',0,'2011-12-29'),(441,'g',0,'2011-12-30'),(102,'g',0,'2011-12-30'),(101,'g',0,'2011-12-30'),(142,'g',0,'2011-12-30'),(449,'g',0,'2011-12-30'),(377,'g',0,'2011-12-30'),(91,'g',0,'2011-12-30'),(766,'g',0,'2011-12-30'),(427,'g',0,'2011-12-30'),(388,'g',0,'2011-12-30'),(92,'g',0,'2011-12-30'),(767,'g',0,'2011-12-30'),(368,'g',0,'2011-12-30'),(355,'g',0,'2011-12-30'),(94,'g',0,'2011-12-30'),(731,'g',0,'2011-12-30'),(742,'g',0,'2011-12-30'),(434,'g',0,'2011-12-30'),(122,'g',0,'2011-12-30'),(777,'g',0,'2012-01-31'),(436,'g',0,'2011-12-30'),(317,'g',0,'2011-12-30'),(318,'g',0,'2011-12-30'),(340,'g',0,'2011-12-30'),(344,'g',0,'2011-12-30'),(801,'g',0,'2011-12-30'),(732,'g',0,'2011-12-30'),(382,'g',0,'2011-12-30'),(782,'g',0,'2011-12-30'),(780,'g',0,'2011-12-30'),(793,'g',0,'2011-12-30'),(314,'g',0,'2011-12-30'),(325,'g',0,'2011-12-30'),(760,'g',0,'2011-12-30'),(768,'g',0,'2011-12-30'),(370,'g',0,'2011-12-30'),(380,'g',0,'2011-12-30'),(739,'g',0,'2011-12-30'),(347,'g',0,'2011-12-30'),(746,'g',0,'2011-12-30'),(785,'g',0,'2011-12-30'),(386,'g',0,'2011-12-30'),(804,'g',0,'2011-12-30'),(759,'g',0,'2011-12-30'),(807,'g',0,'2011-12-30'),(103,'g',0,'2011-12-30'),(80,'g',0,'2011-12-30'),(144,'g',0,'2011-12-30'),(99,'g',0,'2011-12-30'),(90,'g',0,'2011-12-30'),(137,'g',0,'2011-12-30'),(135,'g',0,'2011-12-30'),(138,'g',0,'2011-12-30'),(723,'g',0,'2011-12-31'),(806,'g',0,'2011-12-31'),(338,'g',0,'2011-12-31'),(507,'g',0,'2011-12-31'),(375,'g',0,'2011-12-31'),(310,'g',0,'2011-12-31'),(796,'g',0,'2011-12-31'),(727,'g',0,'2011-12-31'),(764,'g',0,'2011-12-31'),(332,'g',0,'2011-12-31'),(572,'g',0,'2011-12-31'),(376,'g',0,'2012-01-01'),(788,'g',0,'2012-01-01'),(721,'g',0,'2012-01-01'),(343,'g',0,'2012-02-06'),(331,'g',0,'2012-02-06'),(729,'g',0,'2012-02-06'),(345,'g',0,'2012-02-06'),(350,'g',0,'2012-01-01'),(371,'g',0,'2012-01-01'),(437,'g',0,'2012-01-01'),(789,'g',0,'2012-01-01'),(794,'g',0,'2012-01-01'),(578,'g',0,'2012-01-01'),(323,'g',0,'2012-01-01'),(496,'g',0,'2012-01-01'),(722,'g',0,'2012-01-01'),(790,'g',0,'2012-01-01'),(757,'g',0,'2012-01-01'),(820,'g',0,'2012-01-01'),(823,'g',0,'2012-02-16'),(378,'g',0,'2012-01-02'),(329,'g',0,'2012-01-02'),(792,'g',0,'2012-01-02'),(809,'g',0,'2012-03-04'),(795,'g',0,'2012-01-02'),(730,'g',0,'2012-01-02'),(322,'g',0,'2012-01-02'),(724,'g',0,'2012-01-02'),(821,'g',0,'2012-02-17'),(805,'g',0,'2012-02-29'),(493,'g',0,'2012-01-02'),(803,'g',0,'2012-01-02'),(813,'g',0,'2012-01-03'),(505,'g',0,'2012-01-03'),(800,'g',0,'2012-01-03'),(313,'g',0,'2012-01-03'),(315,'g',0,'2012-01-03'),(564,'g',0,'2012-01-03'),(581,'g',0,'2012-01-03'),(562,'g',0,'2012-01-03'),(577,'g',0,'2012-01-03'),(348,'g',0,'2012-02-06'),(646,'g',0,'2012-01-03'),(411,'g',0,'2012-01-03'),(557,'g',0,'2012-01-03'),(514,'g',0,'2012-01-03'),(602,'g',0,'2012-01-03'),(517,'g',0,'2012-01-03'),(336,'g',0,'2012-01-03'),(828,'g',0,'2012-02-16'),(762,'g',0,'2012-01-05'),(811,'g',0,'2012-01-05'),(831,'g',0,'2012-02-17'),(861,'g',0,'2012-01-09'),(860,'g',0,'2012-01-10'),(834,'g',0,'2012-01-10'),(422,'g',0,'2012-01-11'),(385,'g',0,'2012-01-11'),(372,'g',0,'2012-01-11'),(321,'g',0,'2012-01-11'),(444,'g',0,'2012-01-11'),(447,'g',0,'2012-01-11'),(456,'g',0,'2012-01-11'),(362,'g',0,'2012-01-11'),(357,'g',0,'2012-01-11'),(459,'g',0,'2012-01-11'),(825,'g',0,'2012-01-11'),(843,'g',0,'2012-03-01'),(856,'g',0,'2012-02-17'),(857,'g',0,'2012-02-17'),(837,'g',0,'2012-03-01'),(816,'g',0,'2012-01-12'),(845,'g',0,'2012-01-12'),(870,'g',0,'2012-01-13'),(832,'g',0,'2012-02-29'),(827,'g',0,'2012-02-29'),(862,'g',0,'2012-01-14'),(863,'g',0,'2012-01-14'),(858,'g',0,'2012-01-14'),(874,'g',0,'2012-01-15'),(482,'g',0,'2012-01-15'),(887,'g',0,'2012-01-15'),(892,'g',0,'2012-01-15'),(387,'g',0,'2012-01-15'),(463,'g',0,'2012-01-15'),(464,'g',0,'2012-01-15'),(460,'g',0,'2012-01-15'),(467,'g',0,'2012-01-15'),(394,'g',0,'2012-01-15'),(392,'g',0,'2012-01-15'),(390,'g',0,'2012-01-15'),(880,'g',0,'2012-01-15'),(894,'g',0,'2012-01-15'),(882,'g',0,'2012-01-15'),(873,'g',0,'2012-01-15'),(889,'g',0,'2012-01-15'),(859,'g',0,'2012-03-01'),(839,'g',0,'2012-01-19'),(867,'g',0,'2012-01-19'),(830,'g',0,'2012-01-19'),(819,'g',0,'2012-01-19'),(840,'g',0,'2012-01-19'),(841,'g',0,'2012-01-19'),(824,'g',0,'2012-01-19'),(871,'g',0,'2012-01-19'),(844,'g',0,'2012-03-06'),(872,'g',0,'2012-01-19'),(853,'g',0,'2012-01-19'),(852,'g',0,'2012-01-19'),(866,'g',0,'2012-01-19'),(881,'g',0,'2012-01-19'),(923,'g',0,'2012-03-01'),(913,'g',0,'2012-01-21'),(875,'g',0,'2012-03-01'),(911,'g',0,'2012-01-22'),(883,'g',0,'2012-01-22'),(888,'g',0,'2012-01-22'),(920,'g',0,'2012-01-24'),(942,'g',0,'2012-01-24'),(929,'g',0,'2012-01-24'),(876,'g',0,'2012-01-24'),(930,'g',0,'2012-01-25'),(958,'g',0,'2012-01-25'),(829,'g',0,'2012-01-27'),(846,'g',0,'2012-01-27'),(850,'g',0,'2012-01-27'),(854,'g',0,'2012-01-27'),(847,'g',0,'2012-01-27'),(838,'g',0,'2012-01-27'),(826,'g',0,'2012-01-27'),(855,'g',0,'2012-01-27'),(842,'g',0,'2012-01-27'),(817,'g',0,'2012-01-27'),(851,'g',0,'2012-01-27'),(848,'g',0,'2012-01-27'),(835,'g',0,'2012-01-28'),(849,'g',0,'2012-01-28'),(818,'g',0,'2012-01-28'),(836,'g',0,'2012-01-28'),(907,'g',0,'2012-01-31'),(982,'g',0,'2012-01-31'),(1000,'g',0,'2012-01-31'),(938,'g',0,'2012-02-01'),(654,'g',0,'2012-02-02'),(999,'g',0,'2012-02-04'),(900,'g',0,'2012-02-04'),(901,'g',0,'2012-02-04'),(879,'g',0,'2012-02-04'),(939,'g',0,'2012-02-04'),(885,'g',0,'2012-02-04'),(916,'g',0,'2012-02-04'),(865,'g',0,'2012-02-04'),(915,'g',0,'2012-02-04'),(1011,'g',0,'2012-02-05'),(998,'g',0,'2012-02-05'),(1010,'g',0,'2012-02-05'),(984,'g',0,'2012-02-05'),(987,'g',0,'2012-02-06'),(986,'g',0,'2012-02-06'),(620,'g',0,'2012-02-08'),(618,'g',0,'2012-02-08'),(622,'g',0,'2012-02-08'),(623,'g',0,'2012-02-08'),(616,'g',0,'2012-02-08'),(615,'g',0,'2012-02-08'),(619,'g',0,'2012-02-08'),(614,'g',0,'2012-02-08'),(621,'g',0,'2012-02-08'),(625,'g',0,'2012-02-08'),(629,'g',0,'2012-02-08'),(630,'g',0,'2012-02-08'),(541,'g',0,'2012-02-08'),(632,'g',0,'2012-02-08'),(626,'g',0,'2012-02-08'),(546,'g',0,'2012-02-08'),(635,'g',0,'2012-02-08'),(633,'g',0,'2012-02-08'),(631,'g',0,'2012-02-08'),(542,'g',0,'2012-02-08'),(544,'g',0,'2012-02-08'),(543,'g',0,'2012-02-08'),(547,'g',0,'2012-02-08'),(545,'g',0,'2012-02-08'),(638,'g',0,'2012-02-08'),(636,'g',0,'2012-02-08'),(628,'g',0,'2012-02-08'),(744,'g',0,'2012-02-09'),(320,'g',0,'2012-02-09'),(869,'g',0,'2012-02-10'),(896,'g',0,'2012-02-10'),(951,'g',0,'2012-02-10'),(878,'g',0,'2012-02-10'),(497,'g',0,'2012-02-10'),(886,'g',0,'2012-02-10'),(561,'g',0,'2012-02-10'),(511,'g',0,'2012-02-10'),(647,'g',0,'2012-02-10'),(948,'g',0,'2012-02-10'),(1005,'g',0,'2012-02-10'),(934,'g',0,'2012-02-10'),(765,'g',0,'2012-02-10'),(1001,'g',0,'2012-02-11'),(953,'g',0,'2012-02-11'),(944,'g',0,'2012-02-11'),(985,'g',0,'2012-02-11'),(1081,'g',0,'2012-02-11'),(957,'g',0,'2012-02-11'),(919,'g',0,'2012-02-11'),(994,'g',0,'2012-02-11'),(993,'g',0,'2012-02-11'),(1046,'g',0,'2012-02-11'),(921,'g',0,'2012-02-11'),(1008,'g',0,'2012-02-11'),(950,'g',0,'2012-02-11'),(904,'g',0,'2012-02-11'),(932,'g',0,'2012-02-11'),(905,'g',0,'2012-02-11'),(949,'g',0,'2012-02-11'),(946,'g',0,'2012-02-11'),(947,'g',0,'2012-02-11'),(906,'g',0,'2012-02-11'),(928,'g',0,'2012-02-11'),(868,'g',0,'2012-02-11'),(1043,'g',0,'2012-02-11'),(1042,'g',0,'2012-02-12'),(1045,'g',0,'2012-02-12'),(979,'g',0,'2012-02-12'),(981,'g',0,'2012-02-12'),(980,'g',0,'2012-02-12'),(1002,'g',0,'2012-02-12'),(996,'g',0,'2012-02-12'),(1044,'g',0,'2012-02-12'),(1040,'g',0,'2012-02-12'),(1041,'g',0,'2012-02-12'),(1103,'g',0,'2012-02-15'),(1099,'g',0,'2012-02-16'),(1012,'g',0,'2012-02-17'),(608,'g',0,'2012-02-17'),(613,'g',0,'2012-02-17'),(612,'g',0,'2012-02-17'),(606,'g',0,'2012-02-17'),(610,'g',0,'2012-02-17'),(611,'g',0,'2012-02-17'),(604,'g',0,'2012-02-17'),(605,'g',0,'2012-02-17'),(1038,'g',0,'2012-02-19'),(1107,'g',0,'2012-02-21'),(1114,'g',0,'2012-02-23'),(1116,'g',0,'2012-02-23'),(1109,'g',0,'2012-02-24'),(1105,'g',0,'2012-02-25'),(1112,'g',0,'2012-02-26'),(1125,'g',0,'2012-02-29'),(1104,'g',0,'2012-02-29'),(1118,'g',0,'2012-03-01'),(1123,'g',0,'2012-03-02'),(1023,'g',0,'2012-03-03'),(1120,'g',0,'2012-03-05'),(1106,'g',0,'2012-03-05');

--
-- Table structure for table `idx_paid_listing`
--

CREATE TABLE `idx_paid_listing` (
  `link_id` mediumint(9) unsigned NOT NULL DEFAULT '0',
  `premium` char(1) DEFAULT NULL,
  `sponsored` char(1) DEFAULT NULL,
  `expire` datetime DEFAULT NULL,
  `paid` char(1) DEFAULT NULL,
  PRIMARY KEY (`link_id`)
) ENGINE=MyISAM DEFAULT CHARSET=latin1;

--
-- Dumping data for table `idx_paid_listing`
--


--
-- Table structure for table `idx_payment_gateway`
--

CREATE TABLE `idx_payment_gateway` (
  `payment_gateway_id` int(11) NOT NULL AUTO_INCREMENT,
  `name` varchar(100) DEFAULT NULL,
  `enable` char(1) DEFAULT NULL,
  `setting` text,
  `invoice_html` text,
  PRIMARY KEY (`payment_gateway_id`)
) ENGINE=MyISAM AUTO_INCREMENT=9 DEFAULT CHARSET=latin1;

--
-- Dumping data for table `idx_payment_gateway`
--

INSERT INTO `idx_payment_gateway` VALUES (1,'paypal','1','a:2:{s:13:\"payment_email\";s:0:\"\";s:21:\"enable_paypal_sandbox\";s:1:\"0\";}','<p> \r\n	<a href=\'paynow.php?id={$invoice_id}&m=paypal\'><img src=\'http://www.paypal.com/images/x-click-but02.gif\' border=\'0\' alt=\'Make payments with PayPal - it is fast, free and secure!\' /></a> \r\n</p>\r\n'),(2,'2co','0','a:6:{s:6:\"co_sid\";s:5:\"84932\";s:9:\"co_secret\";s:5:\"tango\";s:12:\"co_recurring\";s:1:\"0\";s:9:\"co_prod_1\";s:6:\"100.00\";s:9:\"co_prod_2\";s:6:\"250.00\";s:9:\"co_prod_3\";s:6:\"400.00\";}','<p>\r\n<a href=\'paynow.php?id={$invoice_id}&m=2co\'><img src=\'http://www.2checkout.com/images/overview/btns/25.jpg\' alt=\'Pay Now with 2checkout...\' border=\'0\' /></a> \r\n</p>'),(3,'authorizenet','0','a:2:{s:21:\"authorizenet_login_id\";s:0:\"\";s:21:\"authorizenet_tran_key\";s:0:\"\";}','<p> \r\n<a href=\'paynow.php?id={$invoice_id}&m=authorizenet\'><img src=\'http://www.authorize.net/upload/images/Images/Header/authorizenet_logo.gif\' alt=\'Pay Now with Authorize.Net...\' width=\'99\' height=\'39\' style=\'{border : 1px solid #c0c0c0;}\' /></a>\r\n</p>'),(4,'egold','0','a:2:{s:19:\"egold_payee_account\";s:0:\"\";s:16:\"egold_payee_name\";s:0:\"\";}','<p> \r\n<a href=\'paynow.php?id={$invoice_id}&m=egold\'>\r\n<img src=\'http://www.e-gold.com/gif/paywith.gif\' border=\'0\' alt=\'Pay Now with e-gold...\' />\r\n</a>\r\n</p>'),(5,'moneybookers','0','a:1:{s:18:\"moneybookers_email\";s:0:\"\";}','<p> \r\n<a href=\'paynow.php?id={$invoice_id}&m=paypal\'><img src=\'http://www.moneybookers.com/images/banners/88_en_mb.gif\' border=\'0\' alt=\'Make payments with Moneybookers - it is fast, free and secure!\' /></a> \r\n</p>'),(6,'paypal-subscriptions','0','a:2:{s:13:\"payment_email\";s:0:\"\";s:21:\"enable_paypal_sandbox\";s:1:\"0\";}','<p> \r\n<a href=\'paynow.php?id={$invoice_id}&m=paypal\'><img src=\'https://www.paypal.com/en_US/i/btn/x-click-but20.gif\' border=\'0\' alt=\'Make payments with PayPal - it is fast, free and secure!\' /></a> \r\n</p>'),(7,'alertpay','0','a:2:{s:14:\"alertpay_email\";s:0:\"\";s:23:\"enable_alertpay_sandbox\";s:1:\"0\";}','<p> \r\n<a href=\'paynow.php?id={$invoice_id}&m=alertpay\'>\r\n<img src=\'https://www.alertpay.com/Images/BuyNow/pay_now_3.gif\' border=\'0\' alt=\'Make payments with PayPal - it is fast, free and secure!\' /></a> \r\n</p>'),(8,'alertpay-subcriptions','0','a:2:{s:14:\"alertpay_email\";s:0:\"\";s:23:\"enable_alertpay_sandbox\";s:1:\"0\";}','<p>\r\n<a href=\'paynow.php?id={$invoice_id}&m=alertpay-subcriptions\'>\r\n<img src=\'https://www.alertpay.com/Images/BuyNow/subscribe_now_15.gif\' border=\'0\' alt=\'Make payments with Alert Pay - it is fast, free and secure!\' /></a> \r\n</p>');

--
-- Table structure for table `idx_payment_history`
--

CREATE TABLE `idx_payment_history` (
  `payment_id` int(10) unsigned NOT NULL AUTO_INCREMENT,
  `contact_name` varchar(255) DEFAULT NULL,
  `email` varchar(255) DEFAULT NULL,
  `type` varchar(255) DEFAULT NULL,
  `detail` text,
  `amount` double DEFAULT NULL,
  `time` datetime DEFAULT NULL,
  `invoice_id` varchar(10) DEFAULT NULL,
  PRIMARY KEY (`payment_id`)
) ENGINE=MyISAM DEFAULT CHARSET=latin1;

--
-- Dumping data for table `idx_payment_history`
--


--
-- Table structure for table `idx_plugin`
--

CREATE TABLE `idx_plugin` (
  `plugin_id` int(11) NOT NULL AUTO_INCREMENT,
  `name` varchar(255) DEFAULT NULL,
  `plugin_file` varchar(255) DEFAULT NULL,
  `status` enum('0','1') DEFAULT NULL,
  `option_plugin` text,
  PRIMARY KEY (`plugin_id`)
) ENGINE=MyISAM DEFAULT CHARSET=latin1;

--
-- Dumping data for table `idx_plugin`
--


--
-- Table structure for table `idx_review`
--

CREATE TABLE `idx_review` (
  `review_id` mediumint(9) unsigned NOT NULL AUTO_INCREMENT,
  `link_id` mediumint(9) unsigned NOT NULL DEFAULT '0',
  `review` text NOT NULL,
  `rating` tinyint(3) unsigned NOT NULL DEFAULT '0',
  `date` date NOT NULL DEFAULT '0000-00-00',
  `subject` varchar(100) DEFAULT NULL,
  `status` char(1) DEFAULT NULL,
  `username` varchar(20) DEFAULT NULL,
  `name` varchar(20) DEFAULT NULL,
  `email` varchar(100) DEFAULT NULL,
  PRIMARY KEY (`review_id`)
) ENGINE=MyISAM DEFAULT CHARSET=latin1;

--
-- Dumping data for table `idx_review`
--


--
-- Table structure for table `idx_searchlog`
--

CREATE TABLE `idx_searchlog` (
  `keyword` varchar(100) NOT NULL DEFAULT '',
  `time` datetime NOT NULL DEFAULT '0000-00-00 00:00:00',
  `result` mediumint(9) unsigned DEFAULT NULL,
  `ip` varchar(100) DEFAULT NULL
) ENGINE=MyISAM DEFAULT CHARSET=latin1;

--
-- Dumping data for table `idx_searchlog`
--

INSERT INTO `idx_searchlog` VALUES ('reach and teach elementary students','2012-01-19 11:00:38',0,'164.76.107.190'),('teaching elementarystudents','2012-01-19 11:00:55',0,'164.76.107.190');

--
-- Table structure for table `idx_set_hook_place`
--

CREATE TABLE `idx_set_hook_place` (
  `set_hook_place_id` int(11) NOT NULL AUTO_INCREMENT,
  `plugin` varchar(255) DEFAULT NULL,
  `set_hook_place` text,
  PRIMARY KEY (`set_hook_place_id`)
) ENGINE=MyISAM DEFAULT CHARSET=latin1;

--
-- Dumping data for table `idx_set_hook_place`
--


--
-- Table structure for table `idx_setting`
--

CREATE TABLE `idx_setting` (
  `setting_id` int(11) NOT NULL AUTO_INCREMENT,
  `setting_name` varchar(255) DEFAULT NULL,
  `setting_value` text,
  PRIMARY KEY (`setting_id`)
) ENGINE=MyISAM AUTO_INCREMENT=55 DEFAULT CHARSET=latin1;

--
-- Dumping data for table `idx_setting`
--

INSERT INTO `idx_setting` VALUES (4,'site_name','siteselect.org'),(5,'site_url','http://siteselect.org'),(6,'email_address','iliana.heaberlin@gmail.com'),(7,'language_code','en_US'),(8,'theme_path','/home/sitesele/public_html/themes/'),(9,'admin_template_path','/home/sitesele/public_html/admin_tpl/'),(10,'plugin_path','/home/sitesele/public_html/plugin/'),(12,'active_theme','_siteselect'),(14,'spam_proof','1'),(15,'enable_user_validation','1'),(16,'allowed_file_extension','gif,jpg,png,pdf,zip,doc'),(17,'yahoo_appid',''),(18,'whosonline','600'),(19,'reciprocal_check','0'),(20,'urlcheck_limit','1'),(21,'pagerank_cache','30'),(22,'max_image_width','1024'),(23,'max_image_height','756'),(24,'max_file_size','500'),(25,'only_registered_can_add_link','0'),(26,'only_registered_can_add_review','0'),(27,'db_use_persistent','0'),(28,'paid_link_day_period','30,60,90,180'),(29,'paid_link_price_factor','1,1.5,2,3'),(30,'enable_html_tag','1'),(31,'allowed_html_tag','<b>,<strong>,<i>,<em>,<u>,<pre>,<blockquote>,<ol>,<ul>,<li>,<p>,<span>,<div>,<table>,<tr>,<td>'),(32,'enable_page_compression','0'),(33,'enable_category_ajax','1'),(34,'require_visit_category','0'),(35,'additional_category_price','0.5'),(36,'enable_rating_ajax','1'),(37,'service_nicecoder_avail','1'),(38,'enable_recaptcha','0'),(39,'recaptcha_publickey',''),(40,'recaptcha_privatekey',''),(41,'enable_bidding','0'),(42,'minimum_bid','5'),(43,'bid_increament','1'),(44,'charset','utf-8'),(45,'mailer','mail'),(46,'smtp_auth','0'),(47,'smtp_host',''),(48,'smtp_username',''),(49,'smtp_password',''),(50,'smtp_port','25'),(51,'emailbody_as_html','0'),(52,'indexu_version','2.4'),(53,'tos',''),(54,'submission_guidelines','');

--
-- Table structure for table `idx_tags`
--

CREATE TABLE `idx_tags` (
  `tag` varchar(64) NOT NULL DEFAULT '',
  `category_id` mediumint(8) unsigned NOT NULL DEFAULT '0',
  `total` int(11) NOT NULL DEFAULT '0',
  `tag_path` varchar(64) NOT NULL,
  PRIMARY KEY (`tag`,`category_id`)
) ENGINE=MyISAM DEFAULT CHARSET=latin1;

--
-- Dumping data for table `idx_tags`
--


--
-- Table structure for table `idx_unavailable`
--

CREATE TABLE `idx_unavailable` (
  `idx_unavailable` int(11) NOT NULL AUTO_INCREMENT,
  `link_id` int(11) DEFAULT NULL,
  `url` varchar(255) DEFAULT NULL,
  `who_is` varchar(255) DEFAULT NULL,
  `note` text,
  `date` datetime DEFAULT NULL,
  PRIMARY KEY (`idx_unavailable`)
) ENGINE=MyISAM DEFAULT CHARSET=latin1;

--
-- Dumping data for table `idx_unavailable`
--


--
-- Table structure for table `idx_unavailable_latest`
--

CREATE TABLE `idx_unavailable_latest` (
  `idx_link` int(11) DEFAULT NULL,
  `record_execution` int(11) DEFAULT NULL
) ENGINE=MyISAM DEFAULT CHARSET=latin1;

--
-- Dumping data for table `idx_unavailable_latest`
--


--
-- Table structure for table `idx_votes`
--

CREATE TABLE `idx_votes` (
  `link_id` mediumint(9) NOT NULL DEFAULT '0',
  `ip` varchar(100) DEFAULT NULL,
  `value` tinyint(4) DEFAULT NULL
) ENGINE=MyISAM DEFAULT CHARSET=latin1;

--
-- Dumping data for table `idx_votes`
--



