--
-- Host: stardirectory.org    Database: stardire_dir
-- ------------------------------------------------------


--
-- Not dumping tablespaces as no INFORMATION_SCHEMA.FILES table on this server
--

--
-- Table structure for table `directory_save_data`
--

CREATE TABLE `directory_save_data` (
  `id` bigint(100) NOT NULL auto_increment,
  `schedule_id` bigint(100) NOT NULL,
  `project_id` bigint(100) NOT NULL,
  `link_id` bigint(100) NOT NULL,
  `confirm_link` text NOT NULL,
  `category_id` int(10) NOT NULL,
  `category_name` varchar(150) NOT NULL,
  PRIMARY KEY  (`id`)
) ENGINE=MyISAM AUTO_INCREMENT=409 DEFAULT CHARSET=latin1;

--
-- Dumping data for table `directory_save_data`
--


--
-- Table structure for table `idx_admin_menu`
--

CREATE TABLE `idx_admin_menu` (
  `menu_id` int(11) NOT NULL auto_increment,
  `parent_id` int(11) default NULL,
  `menu_title` varchar(255) default NULL,
  `menu_url` varchar(255) default NULL,
  `order_number` int(11) default NULL,
  PRIMARY KEY  (`menu_id`)
) ENGINE=MyISAM AUTO_INCREMENT=85 DEFAULT CHARSET=latin1;

--
-- Dumping data for table `idx_admin_menu`
--



--
-- Table structure for table `idx_bad_link`
--

CREATE TABLE `idx_bad_link` (
  `bad_link_id` mediumint(9) unsigned NOT NULL auto_increment,
  `link_id` mediumint(9) unsigned NOT NULL default '0',
  `name` varchar(50) NOT NULL default '',
  `email` varchar(50) NOT NULL default '',
  `type` tinyint(3) unsigned NOT NULL default '0',
  `date` date NOT NULL default '0000-00-00',
  PRIMARY KEY  (`bad_link_id`)
) ENGINE=MyISAM DEFAULT CHARSET=latin1;

--
-- Dumping data for table `idx_bad_link`
--


--
-- Table structure for table `idx_badwords`
--

CREATE TABLE `idx_badwords` (
  `word` varchar(100) NOT NULL default ''
) ENGINE=MyISAM DEFAULT CHARSET=latin1;

--
-- Dumping data for table `idx_badwords`
--


--
-- Table structure for table `idx_blocked_domain`
--

CREATE TABLE `idx_blocked_domain` (
  `blocked_id` int(11) NOT NULL auto_increment,
  `blocked` varchar(255) default NULL,
  `type` enum('domain','ip') default NULL,
  PRIMARY KEY  (`blocked_id`)
) ENGINE=MyISAM AUTO_INCREMENT=6 DEFAULT CHARSET=latin1;

--
-- Dumping data for table `idx_blocked_domain`
--

INSERT INTO `idx_blocked_domain` VALUES (1,'buydomains.com','domain'),(2,'this-domain-for-sale.com ','domain'),(3,'oversee.net','domain'),(4,'eNom','domain'),(5,'sedoparking.com','domain');

--
-- Table structure for table `idx_category`
--

CREATE TABLE `idx_category` (
  `category_id` mediumint(9) unsigned NOT NULL auto_increment,
  `parent_id` mediumint(9) unsigned NOT NULL default '0',
  `name` varchar(100) NOT NULL default '',
  `description` text NOT NULL,
  `image` varchar(100) default NULL,
  `content` text,
  `visible` char(1) default NULL,
  `links` mediumint(9) default NULL,
  `meta_keyword` text,
  `meta_description` text,
  `permission` char(2) default NULL,
  `registered_only` char(1) default NULL,
  `header` text NOT NULL,
  `footer` text NOT NULL,
  `related` mediumint(6) NOT NULL default '0',
  `page_title` varchar(200) NOT NULL default '',
  `hits` int(11) NOT NULL default '0',
  `order_num` smallint(6) NOT NULL default '0',
  `basic_price` double unsigned NOT NULL default '0',
  `premium_price` double unsigned NOT NULL default '0',
  `sponsored_price` double unsigned NOT NULL default '0',
  PRIMARY KEY  (`category_id`)
) ENGINE=MyISAM AUTO_INCREMENT=36 DEFAULT CHARSET=latin1;

--
-- Dumping data for table `idx_category`
--

INSERT INTO `idx_category` VALUES (1,0,'Arts','','folder.gif','','1',24,'','','0','0','','',0,'',0,0,0,0,0),(2,0,'Automotive Services','','folder.gif','','1',48,'','','0','0','','',0,'',0,0,0,0,0),(3,0,'Business Services','','folder.gif','','1',183,'','','0','0','','',0,'',0,0,0,0,0),(4,0,'Jobs & Careers','','folder.gif','','1',2,'','','0','0','','',0,'',0,0,0,0,0),(5,0,'Clothing & Style','','folder.gif','','1',14,'','','0','0','','',0,'',0,0,0,0,0),(6,0,'Communication & Technology','','folder.gif','','1',30,'','','0','0','','',0,'',0,0,0,0,0),(7,0,'Internet & computer Services','','folder.gif','','1',35,'','','0','0','','',0,'',0,0,0,0,0),(8,0,'Construction and Contractors','','folder.gif','','1',93,'','','0','0','','',0,'',0,0,0,0,0),(9,0,'Dental Care','','folder.gif','','1',68,'','','0','0','','',0,'',0,0,0,0,0),(10,0,'Education & Research','','folder.gif','','1',36,'','','0','0','','',0,'',0,0,0,0,0),(11,0,'Employment Services','','folder.gif','','1',0,'','','0','0','','',0,'',0,0,0,0,0),(12,0,'Gift Baskets','','folder.gif','','1',22,'','','0','0','','',0,'',0,0,0,0,0),(13,0,'Hardware & Software Services','','folder.gif','','1',13,'','','0','0','','',0,'',0,0,0,0,0),(14,0,'Health & Medical','','folder.gif','','1',63,'','','0','0','','',0,'',0,0,0,0,0),(15,0,'Healthcare Related','','folder.gif','','1',159,'','','0','0','','',0,'',0,0,0,0,0),(16,0,'Air Conditioning & Heating','','folder.gif','','1',88,'','','0','0','','',0,'',0,0,0,0,0),(17,0,'Home Decor & Garden','','folder.gif','','1',248,'','','0','0','','',0,'',0,0,0,0,0),(18,0,'Home Improvement & Appliances','','folder.gif','','1',96,'','','0','0','','',0,'',0,0,0,0,0),(19,0,'Hotels','','folder.gif','','1',80,'','','0','0','','',0,'',0,0,0,0,0),(20,0,'Insurance Providers','','folder.gif','','1',32,'','','0','0','','',0,'',0,0,0,0,0),(21,0,'Law & Legal','','folder.gif','','1',3,'','','0','0','','',0,'',0,0,0,0,0),(22,0,'Lawyers & Attorneys','','folder.gif','','1',211,'','','0','0','','',0,'',0,0,0,0,0),(23,0,'Lifestyle & Society','','folder.gif','','1',7,'','','0','0','','',0,'',0,0,0,0,0),(24,0,'Medicine & Surgery','','folder.gif','','1',14,'','','0','0','','',0,'',0,0,0,0,0),(25,0,'Finance & Investment','','folder.gif','','1',25,'','','0','0','','',0,'',0,0,0,0,0),(26,0,'News & Media','','folder.gif','','1',2,'','','0','0','','',0,'',0,0,0,0,0),(27,0,'Plumbing Contractors','','folder.gif','','1',46,'','','0','0','','',0,'',0,0,0,0,0),(28,0,'Real Estate & Property','','folder.gif','','1',44,'','','0','0','','',0,'',0,0,0,0,0),(29,0,'Science','','folder.gif','','1',7,'','','0','0','','',0,'',0,0,0,0,0),(30,0,'SEO & SMO Services','','folder.gif','','1',27,'','','0','0','','',0,'',0,0,0,0,0),(31,0,'Shopping and Sales','','folder.gif','','1',80,'','','0','0','','',0,'',0,0,0,0,0),(32,0,'Sports & Recreation','','folder.gif','','1',10,'','','0','0','','',0,'',0,0,0,0,0),(33,0,'Transportation Services','','folder.gif','','1',57,'','','0','0','','',0,'',0,0,0,0,0),(34,0,'Travel & Tour','','folder.gif','','1',28,'','','0','0','','',0,'',0,0,0,0,0),(35,0,'Weddings','','folder.gif','','1',13,'','','0','0','','',0,'',0,0,0,0,0);

--
-- Table structure for table `idx_category_path`
--

CREATE TABLE `idx_category_path` (
  `category_id` mediumint(9) NOT NULL default '0',
  `path` text,
  `path_with_url` text,
  `parents` text,
  PRIMARY KEY  (`category_id`)
) ENGINE=MyISAM DEFAULT CHARSET=latin1;

--
-- Dumping data for table `idx_category_path`
--

INSERT INTO `idx_category_path` VALUES (1,'Arts','<a href=\"http://stardirectory.org/arts/\" name=\"cat_1\" style=\"\">Arts</a>',';0;'),(2,'Automotive Services','<a href=\"http://stardirectory.org/automotive-services/\" name=\"cat_2\" style=\"\">Automotive Services</a>',';0;'),(3,'Business Services','<a href=\"http://stardirectory.org/business-services/\" name=\"cat_3\" style=\"\">Business Services</a>',';0;'),(4,'Jobs & Careers','<a href=\"http://stardirectory.org/jobs-careers/\" name=\"cat_4\" style=\"\">Jobs & Careers</a>',';0;'),(5,'Clothing & Style','<a href=\"http://stardirectory.org/clothing-style/\" name=\"cat_5\" style=\"\">Clothing & Style</a>',';0;'),(6,'Communication & Technology','<a href=\"http://stardirectory.org/communication-technology/\" name=\"cat_6\" style=\"\">Communication & Technology</a>',';0;'),(7,'Internet & computer Services','<a href=\"http://stardirectory.org/internet-computer-services/\" name=\"cat_7\" style=\"\">Internet & computer Services</a>',';0;'),(8,'Construction and Contractors','<a href=\"http://stardirectory.org/construction-and-contractors/\" name=\"cat_8\" style=\"\">Construction and Contractors</a>',';0;'),(9,'Dental Care','<a href=\"http://stardirectory.org/dental-care/\" name=\"cat_9\" style=\"\">Dental Care</a>',';0;'),(10,'Education & Research','<a href=\"http://stardirectory.org/education-research/\" name=\"cat_10\" style=\"\">Education & Research</a>',';0;'),(11,'Employment Services','<a href=\"http://stardirectory.org/employment-services/\" name=\"cat_11\" style=\"\">Employment Services</a>',';0;'),(12,'Gift Baskets','<a href=\"http://stardirectory.org/gift-baskets/\" name=\"cat_12\" style=\"\">Gift Baskets</a>',';0;'),(13,'Hardware & Software Services','<a href=\"http://stardirectory.org/hardware-software-services/\" name=\"cat_13\" style=\"\">Hardware & Software Services</a>',';0;'),(14,'Health & Medical','<a href=\"http://stardirectory.org/health-medical/\" name=\"cat_14\" style=\"\">Health & Medical</a>',';0;'),(15,'Healthcare Related','<a href=\"http://stardirectory.org/healthcare-related/\" name=\"cat_15\" style=\"\">Healthcare Related</a>',';0;'),(16,'Air Conditioning & Heating','<a href=\"http://stardirectory.org/air-conditioning-heating/\" name=\"cat_16\" style=\"\">Air Conditioning & Heating</a>',';0;'),(17,'Home Decor & Garden','<a href=\"http://stardirectory.org/home-decor-garden/\" name=\"cat_17\" style=\"\">Home Decor & Garden</a>',';0;'),(18,'Home Improvement & Appliances','<a href=\"http://stardirectory.org/home-improvement-appliances/\" name=\"cat_18\" style=\"\">Home Improvement & Appliances</a>',';0;'),(19,'Hotels','<a href=\"http://stardirectory.org/hotels/\" name=\"cat_19\" style=\"\">Hotels</a>',';0;'),(20,'Insurance Providers','<a href=\"http://stardirectory.org/insurance-providers/\" name=\"cat_20\" style=\"\">Insurance Providers</a>',';0;'),(21,'Law & Legal','<a href=\"http://stardirectory.org/law-legal/\" name=\"cat_21\" style=\"\">Law & Legal</a>',';0;'),(22,'Lawyers & Attorneys','<a href=\"http://stardirectory.org/lawyers-attorneys/\" name=\"cat_22\" style=\"\">Lawyers & Attorneys</a>',';0;'),(23,'Lifestyle & Society','<a href=\"http://stardirectory.org/lifestyle-society/\" name=\"cat_23\" style=\"\">Lifestyle & Society</a>',';0;'),(24,'Medicine & Surgery','<a href=\"http://stardirectory.org/medicine-surgery/\" name=\"cat_24\" style=\"\">Medicine & Surgery</a>',';0;'),(25,'Finance & Investment','<a href=\"http://stardirectory.org/finance-investment/\" name=\"cat_25\" style=\"\">Finance & Investment</a>',';0;'),(26,'News & Media','<a href=\"http://stardirectory.org/news-media/\" name=\"cat_26\" style=\"\">News & Media</a>',';0;'),(27,'Plumbing Contractors','<a href=\"http://stardirectory.org/plumbing-contractors/\" name=\"cat_27\" style=\"\">Plumbing Contractors</a>',';0;'),(28,'Real Estate & Property','<a href=\"http://stardirectory.org/real-estate-property/\" name=\"cat_28\" style=\"\">Real Estate & Property</a>',';0;'),(29,'Science','<a href=\"http://stardirectory.org/science/\" name=\"cat_29\" style=\"\">Science</a>',';0;'),(30,'SEO & SMO Services','<a href=\"http://stardirectory.org/seo-smo-services/\" name=\"cat_30\" style=\"\">SEO & SMO Services</a>',';0;'),(31,'Shopping and Sales','<a href=\"http://stardirectory.org/shopping-and-sales/\" name=\"cat_31\" style=\"\">Shopping and Sales</a>',';0;'),(32,'Sports & Recreation','<a href=\"http://stardirectory.org/sports-recreation/\" name=\"cat_32\" style=\"\">Sports & Recreation</a>',';0;'),(33,'Transportation Services','<a href=\"http://stardirectory.org/transportation-services/\" name=\"cat_33\" style=\"\">Transportation Services</a>',';0;'),(34,'Travel & Tour','<a href=\"http://stardirectory.org/travel-tour/\" name=\"cat_34\" style=\"\">Travel & Tour</a>',';0;'),(35,'Weddings','<a href=\"http://stardirectory.org/weddings/\" name=\"cat_35\" style=\"\">Weddings</a>',';0;');

--
-- Table structure for table `idx_category_suggession`
--

CREATE TABLE `idx_category_suggession` (
  `id_cat_suggession` int(11) NOT NULL auto_increment,
  `parent_id` int(11) default NULL,
  `name` varchar(255) default NULL,
  `category_description` text,
  `date` datetime default NULL,
  PRIMARY KEY  (`id_cat_suggession`)
) ENGINE=MyISAM AUTO_INCREMENT=10 DEFAULT CHARSET=latin1;

--
-- Dumping data for table `idx_category_suggession`
--

INSERT INTO `idx_category_suggession` VALUES (1,0,'new listing','How do I submit a business listing on your site?  steve\r\n\r\nschervitz@hotmail.com','2011-11-16 12:32:39'),(2,2,'24 Hrs Locksmith Meriden, CT -  Car Unlock,  Lost Key Replacement ','24 Hrs Locksmith Meriden, CT -  Car Unlock,  Lost Key Replacement	http://www.thelocallocksmiths.com/connecticut/06450-meriden-ct	Meriden CT Locksmith CALL: (203) 303-4998, 24 HR Emergency Service $15 locksmith services: house re-key, car/home locks & keys, car unlocking in or near Meriden CT 06450 region.\r\n','2011-11-21 00:45:14'),(3,1,'Kamren','I can arelady tell that\'s gonna be super helpful.','2011-11-23 14:35:59'),(4,3,'Catering Equipment','top quality stainless steel fabrications and made to measure kitchen solutions for both domestic and commercial kitchens, including custom made stainless splashbacks, stainless steel worktops, catering tables, food preparation tables, Shelving, Microwave shelves, Door kick plates, and many more items. http://www.bespokecaterquip.co.uk/','2011-12-22 07:00:01'),(5,3,'Smoking Shelters','Leading Manufacturer Of Smoking Shelters & Cigarette Bins. http://www.shelters-r-us.co.uk/  \r\n','2011-12-22 07:01:30'),(6,27,'plumbing, heating and maintenance','D.R.C. Bardwell is a professional plumbing and heating company based in Norwich, serving surrounding areas in Norfolk. http://www.plumbingandheatingnorwich.co.uk/\r\n\r\n','2011-12-22 07:04:53'),(7,23,'Online Dating','Lotsofloves.com is a completely free online dating site which allows you to meet your perfect partner. Providing a brilliant matching service which allows you to instant message, send instant winks, create your own dating profile, use web cam video chat, visit chat rooms, upload photos, create friends lists and enjoy safe dating with friends only facilities','2011-12-22 07:05:27'),(8,18,'http://www.lscarpetandflooring.com/','L and S Carpet and Flooring has several stores in Southern California all with large showrooms stocked with carpet, laminate flooring, hardwood flooring, ceramic and porcelain tile, vinyl, and of course area rugs.','2012-01-02 10:29:15'),(9,17,'Impact windows','South Florida based company offers Hurricane Shutters, Accordion Shutters, Storm Shutters and Hurricane Proof Windows. Our Hurricane Shutters are approved by the Florida Building Code.','2012-01-24 04:31:41');

--
-- Table structure for table `idx_checkurl`
--

CREATE TABLE `idx_checkurl` (
  `link_id` mediumint(9) NOT NULL default '0',
  `date` date NOT NULL default '0000-00-00',
  `live` char(1) NOT NULL default '',
  `reciprocal_found` char(1) NOT NULL default '',
  PRIMARY KEY  (`link_id`)
) ENGINE=MyISAM DEFAULT CHARSET=latin1;

--
-- Dumping data for table `idx_checkurl`
--


--
-- Table structure for table `idx_cronjobs`
--

CREATE TABLE `idx_cronjobs` (
  `cronjobs_id` int(11) NOT NULL auto_increment,
  `cronjobs_name` varchar(255) default NULL,
  `filename` varchar(255) NOT NULL,
  `schedule` varchar(255) NOT NULL,
  `time` datetime NOT NULL,
  `execution` varchar(1) NOT NULL,
  PRIMARY KEY  (`cronjobs_id`)
) ENGINE=MyISAM AUTO_INCREMENT=4 DEFAULT CHARSET=latin1;

--
-- Dumping data for table `idx_cronjobs`
--

INSERT INTO `idx_cronjobs` VALUES (1,NULL,'clear_templates_c.php','1,*,*,*,*','0000-00-00 00:00:00',''),(2,NULL,'update_tag_cloud.php','*,24,*,*,*','0000-00-00 00:00:00',''),(3,NULL,'clear_rss_cache.php','*,24,*,*,*','0000-00-00 00:00:00','');

--
-- Table structure for table `idx_custom_field`
--

CREATE TABLE `idx_custom_field` (
  `field_name` varchar(32) NOT NULL default '',
  `field_text` varchar(64) NOT NULL default '',
  `field_type` enum('TEXT','TEXTAREA','SELECT','MULTISELECT','CHECKBOX','RADIO','FILE','IMAGE','DATE','DATETIME','RICHEDITOR') NOT NULL default 'TEXT',
  `field_option` text NOT NULL,
  `field_img_width` int(10) unsigned NOT NULL default '0',
  `field_img_height` int(10) unsigned NOT NULL default '0',
  `field_file_size` int(10) unsigned NOT NULL default '0',
  `field_file_extension` varchar(64) NOT NULL default '',
  `required` char(1) NOT NULL default '0',
  `searchable` char(1) NOT NULL default '1',
  `permission` char(1) NOT NULL default '0'
) ENGINE=MyISAM DEFAULT CHARSET=latin1;

--
-- Dumping data for table `idx_custom_field`
--

INSERT INTO `idx_custom_field` VALUES ('image','Image','IMAGE','',0,0,0,'','0','0','2'),('address','Address','TEXT','',0,0,0,'','0','0','0'),('city','City','TEXT','',0,0,0,'','0','0','0'),('state','State','TEXT','',0,0,0,'','0','0','0'),('country','Country','TEXT','',0,0,0,'','0','0','0'),('zip','Zip','TEXT','',0,0,0,'','0','0','0'),('phone','Phone','TEXT','',0,0,0,'','0','0','0'),('fax','Fax','TEXT','',0,0,0,'','0','0','0');

--
-- Table structure for table `idx_default_field`
--

CREATE TABLE `idx_default_field` (
  `field_name` varchar(64) NOT NULL,
  `required` char(1) NOT NULL,
  `visible` char(1) NOT NULL default '1',
  `searchable` char(1) NOT NULL default '1'
) ENGINE=MyISAM DEFAULT CHARSET=latin1;

--
-- Dumping data for table `idx_default_field`
--

INSERT INTO `idx_default_field` VALUES ('title','1','1','1'),('url','1','1','1'),('description','1','1','1'),('keywords','1','1','0'),('contact_name','1','1','1'),('email','1','1','1'),('reciprocal_url','0','0','1');

--
-- Table structure for table `idx_discount_coupon`
--

CREATE TABLE `idx_discount_coupon` (
  `coupon_id` int(11) NOT NULL auto_increment,
  `coupon_code` varchar(255) default NULL,
  `coupon_value` varchar(50) default NULL,
  `link_type` varchar(255) default NULL,
  `start_date` date default NULL,
  `expired_date` date default NULL,
  `expired_usage` int(11) default NULL,
  `usage_count` int(11) default NULL,
  PRIMARY KEY  (`coupon_id`)
) ENGINE=MyISAM DEFAULT CHARSET=latin1;

--
-- Dumping data for table `idx_discount_coupon`
--


--
-- Table structure for table `idx_editor`
--

CREATE TABLE `idx_editor` (
  `username` varchar(20) default NULL,
  `category_id` mediumint(9) default NULL,
  `category` char(1) default NULL,
  `link` char(1) default NULL,
  `review` char(1) default NULL,
  `pick` char(1) default NULL,
  `status` char(1) default NULL,
  `date` date default NULL
) ENGINE=MyISAM DEFAULT CHARSET=latin1;

--
-- Dumping data for table `idx_editor`
--


--
-- Table structure for table `idx_email_template`
--

CREATE TABLE `idx_email_template` (
  `email_template_id` int(10) unsigned NOT NULL auto_increment,
  `name` varchar(255) default NULL,
  `subject` varchar(255) default NULL,
  `body` text,
  `altbody` text,
  PRIMARY KEY  (`email_template_id`)
) ENGINE=MyISAM AUTO_INCREMENT=37 DEFAULT CHARSET=latin1;

--
-- Dumping data for table `idx_email_template`
--



--
-- Table structure for table `idx_favorites`
--

CREATE TABLE `idx_favorites` (
  `favorite_id` int(11) NOT NULL auto_increment,
  `username` varchar(20) default NULL,
  `date` date default NULL,
  `title` varchar(100) default NULL,
  `description` text,
  PRIMARY KEY  (`favorite_id`)
) ENGINE=MyISAM AUTO_INCREMENT=7 DEFAULT CHARSET=latin1;

--
-- Dumping data for table `idx_favorites`
--

INSERT INTO `idx_favorites` VALUES (1,'johnieotisq63e94','2011-10-18','My Favorites',NULL),(2,'carltonrandoq90d43','2011-10-19','My Favorites',NULL),(3,'hoytdillonm22l70','2011-10-31','My Favorites',NULL),(4,'amadomontyk14d93','2011-11-01','My Favorites',NULL),(5,'spascan','2011-11-03','My Favorites',NULL),(6,'adaptive84','2011-12-07','My Favorites',NULL);

--
-- Table structure for table `idx_favorites_detail`
--

CREATE TABLE `idx_favorites_detail` (
  `favorite_id` int(11) default NULL,
  `link_id` mediumint(9) default NULL
) ENGINE=MyISAM DEFAULT CHARSET=latin1;

--
-- Dumping data for table `idx_favorites_detail`
--


--
-- Table structure for table `idx_hook_place`
--

CREATE TABLE `idx_hook_place` (
  `hook_place_id` int(11) NOT NULL auto_increment,
  `filename` varchar(255) default NULL,
  `hookname` varchar(255) default NULL,
  PRIMARY KEY  (`hook_place_id`)
) ENGINE=MyISAM DEFAULT CHARSET=latin1;

--
-- Dumping data for table `idx_hook_place`
--


--
-- Table structure for table `idx_invoice`
--

CREATE TABLE `idx_invoice` (
  `invoice_id` varchar(10) NOT NULL default '',
  `invoice_date` date default NULL,
  `due_date` date default NULL,
  `invoiced_to` text,
  `service` varchar(255) default NULL,
  `description` text,
  `total` double(8,2) default NULL,
  `comment` text,
  `paid` char(1) default NULL,
  `paid_date` date default NULL,
  `email` varchar(255) default NULL,
  PRIMARY KEY  (`invoice_id`)
) ENGINE=MyISAM DEFAULT CHARSET=latin1;

--
-- Dumping data for table `idx_invoice`
--


--
-- Table structure for table `idx_invoice_config`
--

CREATE TABLE `idx_invoice_config` (
  `company` varchar(255) default NULL,
  `contact` varchar(255) default NULL,
  `address` text,
  `phone` varchar(255) default NULL,
  `email` varchar(255) default NULL,
  `currency_symbol` varchar(255) default '$',
  `currency_code` varchar(255) default 'USD'
) ENGINE=MyISAM DEFAULT CHARSET=latin1;

--
-- Dumping data for table `idx_invoice_config`
--

INSERT INTO `idx_invoice_config` VALUES ('Your website / Company','Billing Department','Your address','Your phone #','Billing<name@yourdomain.com>','$','USD');

--
-- Table structure for table `idx_link_temp`
--

CREATE TABLE `idx_link_temp` (
  `vid` mediumint(9) unsigned NOT NULL auto_increment,
  `spam` char(1) NOT NULL default '0',
  `link_id` mediumint(9) default NULL,
  `category_id` mediumint(9) unsigned NOT NULL default '0',
  `title` varchar(100) NOT NULL default '',
  `url` text NOT NULL,
  `description` text NOT NULL,
  `contact_name` varchar(100) NOT NULL default '',
  `email` varchar(100) NOT NULL default '',
  `hits` mediumint(9) default NULL,
  `votes` smallint(6) default NULL,
  `rating` float(4,2) default NULL,
  `date` datetime NOT NULL default '0000-00-00 00:00:00',
  `bid` smallint(6) NOT NULL default '0',
  `new` char(1) default NULL,
  `hot` char(1) default NULL,
  `top_rated` char(1) default NULL,
  `pick` char(1) default NULL,
  `password` varchar(20) default NULL,
  `updated` char(1) default NULL,
  `reviews` smallint(6) default NULL,
  `avg_review` float(4,2) default NULL,
  `last_updated` datetime default NULL,
  `official_review` text,
  `keywords` varchar(255) default NULL,
  `cat1` mediumint(6) NOT NULL default '0',
  `cat2` mediumint(6) NOT NULL default '0',
  `suspended` char(1) NOT NULL default '0',
  `reciprocal_url` varchar(255) default NULL,
  `address` varchar(255) default NULL,
  `city` varchar(255) default NULL,
  `state` varchar(255) default NULL,
  `country` varchar(255) default NULL,
  `zip` varchar(255) default NULL,
  `image` varchar(255) default NULL,
  `phone` varchar(255) default NULL,
  `fax` varchar(255) default NULL,
  PRIMARY KEY  (`vid`)
) ENGINE=MyISAM DEFAULT CHARSET=latin1;

--
-- Dumping data for table `idx_link_temp`
--


--
-- Table structure for table `idx_link_temp_user`
--

CREATE TABLE `idx_link_temp_user` (
  `vid` mediumint(9) unsigned NOT NULL default '0',
  `username` varchar(20) NOT NULL default '',
  PRIMARY KEY  (`vid`)
) ENGINE=MyISAM DEFAULT CHARSET=latin1;

--
-- Dumping data for table `idx_link_temp_user`
--


--
-- Table structure for table `idx_link_user`
--

CREATE TABLE `idx_link_user` (
  `link_id` mediumint(9) unsigned NOT NULL default '0',
  `username` varchar(20) NOT NULL default '',
  PRIMARY KEY  (`link_id`)
) ENGINE=MyISAM DEFAULT CHARSET=latin1;

--
-- Dumping data for table `idx_link_user`
--


--
-- Table structure for table `idx_mailing_list`
--

CREATE TABLE `idx_mailing_list` (
  `email` varchar(50) NOT NULL default '',
  `code` varchar(4) default NULL,
  `status` char(1) default NULL,
  PRIMARY KEY  (`email`)
) ENGINE=MyISAM DEFAULT CHARSET=latin1;

--
-- Dumping data for table `idx_mailing_list`
--


--
-- Table structure for table `idx_message`
--

CREATE TABLE `idx_message` (
  `message_id` smallint(6) NOT NULL auto_increment,
  `date` date default NULL,
  `body` text,
  `subject` varchar(100) default NULL,
  PRIMARY KEY  (`message_id`)
) ENGINE=MyISAM DEFAULT CHARSET=latin1;

--
-- Dumping data for table `idx_message`
--


--
-- Table structure for table `idx_notification`
--

CREATE TABLE `idx_notification` (
  `username` varchar(20) NOT NULL default '',
  `category_id` mediumint(9) NOT NULL default '0'
) ENGINE=MyISAM DEFAULT CHARSET=latin1;

--
-- Dumping data for table `idx_notification`
--


--
-- Table structure for table `idx_pagerank`
--

CREATE TABLE `idx_pagerank` (
  `link_id` mediumint(8) unsigned NOT NULL default '0',
  `engine` char(1) NOT NULL default '',
  `rank` tinyint(4) NOT NULL default '0',
  `last_update` date NOT NULL default '0000-00-00',
  PRIMARY KEY  (`link_id`,`engine`)
) ENGINE=MyISAM DEFAULT CHARSET=latin1;

--
-- Dumping data for table `idx_pagerank`
--

INSERT INTO `idx_pagerank` VALUES (2,'g',0,'2012-02-12'),(3,'g',0,'2011-11-19'),(4,'g',0,'2011-11-22'),(7,'g',0,'2011-12-07'),(8,'g',0,'2011-11-22'),(10,'g',0,'2011-11-22'),(16,'g',0,'2011-11-22'),(9,'g',0,'2011-11-24'),(15,'g',0,'2011-11-22'),(13,'g',0,'2011-11-22'),(14,'g',0,'2011-11-22'),(12,'g',0,'2011-11-22'),(26,'g',0,'2011-11-04'),(25,'g',0,'2011-11-04'),(44,'g',0,'2012-02-15'),(41,'g',0,'2011-11-22'),(31,'g',0,'2012-02-02'),(36,'g',0,'2012-02-13'),(39,'g',0,'2012-02-15'),(37,'g',0,'2012-02-13'),(28,'g',0,'2011-11-08'),(50,'g',0,'2012-02-02'),(1261,'g',0,'2011-12-03'),(45,'g',0,'2011-11-14'),(6,'g',0,'2011-11-04'),(1117,'g',0,'2011-12-03'),(46,'g',0,'2012-02-02'),(51,'g',0,'2012-02-06'),(42,'g',0,'2011-11-03'),(30,'g',0,'2012-01-24'),(47,'g',0,'2012-02-15'),(48,'g',0,'2012-02-15'),(35,'g',0,'2012-01-27'),(61,'g',0,'2011-11-05'),(34,'g',0,'2012-02-15'),(57,'g',0,'2012-02-12'),(38,'g',0,'2012-02-15'),(59,'g',0,'2011-11-13'),(55,'g',0,'2012-01-27'),(49,'g',0,'2012-01-27'),(40,'g',0,'2012-01-04'),(53,'g',0,'2012-01-27'),(52,'g',0,'2012-02-15'),(56,'g',0,'2012-02-13'),(60,'g',0,'2011-11-13'),(54,'g',0,'2012-02-15'),(66,'g',0,'2012-02-15'),(67,'g',0,'2012-02-15'),(64,'g',0,'2012-02-15'),(63,'g',0,'2012-02-15'),(68,'g',0,'2012-02-15'),(62,'g',0,'2012-02-15'),(65,'g',0,'2012-02-15'),(84,'g',0,'2012-02-15'),(98,'g',0,'2011-12-28'),(5,'g',0,'2011-12-04'),(86,'g',0,'2011-11-08'),(91,'g',0,'2012-02-13'),(99,'g',0,'2012-02-13'),(131,'g',0,'2012-02-15'),(120,'g',0,'2012-02-14'),(165,'g',0,'2012-02-16'),(153,'g',0,'2012-02-15'),(103,'g',0,'2012-01-23'),(105,'g',0,'2012-01-06'),(102,'g',0,'2012-02-15'),(136,'g',0,'2012-02-15'),(96,'g',0,'2012-02-12'),(94,'g',0,'2011-11-17'),(124,'g',0,'2012-02-15'),(121,'g',0,'2012-02-15'),(89,'g',0,'2011-11-17'),(108,'g',0,'2012-02-15'),(133,'g',0,'2012-02-15'),(157,'g',0,'2012-01-27'),(139,'g',0,'2012-02-15'),(164,'g',0,'2012-02-15'),(147,'g',0,'2012-02-15'),(166,'g',0,'2012-02-17'),(114,'g',0,'2012-02-06'),(117,'g',0,'2012-01-24'),(118,'g',0,'2011-12-19'),(135,'g',0,'2012-02-15'),(182,'g',0,'2012-02-15'),(119,'g',0,'2012-02-15'),(88,'g',0,'2012-02-15'),(169,'g',0,'2012-01-27'),(140,'g',0,'2012-02-15'),(144,'g',0,'2012-02-15'),(127,'g',0,'2012-02-15'),(87,'g',0,'2012-02-06'),(58,'g',0,'2011-11-03'),(142,'g',0,'2012-02-15'),(146,'g',0,'2012-02-15'),(93,'g',0,'2011-11-08'),(181,'g',0,'2012-02-15'),(171,'g',0,'2012-02-15'),(148,'g',0,'2011-11-13'),(152,'g',0,'2012-02-03'),(154,'g',0,'2012-02-15'),(132,'g',0,'2012-02-15'),(179,'g',0,'2012-02-15'),(225,'g',0,'2012-02-12'),(109,'g',0,'2012-02-12'),(90,'g',0,'2012-02-15'),(149,'g',0,'2012-02-15'),(97,'g',0,'2011-11-05'),(200,'g',0,'2012-02-15'),(299,'g',0,'2012-01-21'),(207,'g',0,'2012-02-15'),(281,'g',0,'2012-02-15'),(251,'g',0,'2012-03-07'),(300,'g',0,'2012-01-21'),(278,'g',0,'2012-02-15'),(280,'g',0,'2012-02-15'),(258,'g',0,'2012-01-21'),(252,'g',0,'2012-03-07'),(283,'g',0,'2012-02-15'),(302,'g',0,'2012-02-12'),(206,'g',0,'2012-01-21'),(83,'g',0,'2012-02-02'),(92,'g',0,'2012-02-02'),(95,'g',0,'2012-02-02'),(100,'g',0,'2012-02-02'),(122,'g',0,'2012-02-02'),(115,'g',0,'2012-02-02'),(247,'g',0,'2012-01-24'),(137,'g',0,'2012-02-06'),(163,'g',0,'2012-02-06'),(129,'g',0,'2012-02-06'),(116,'g',0,'2012-02-06'),(145,'g',0,'2012-02-06'),(178,'g',0,'2012-02-06'),(253,'g',0,'2012-02-15'),(249,'g',0,'2012-01-24'),(264,'g',0,'2011-11-05'),(260,'g',0,'2012-02-15'),(246,'g',0,'2012-01-20'),(195,'g',0,'2011-11-08'),(174,'g',0,'2012-01-27'),(417,'g',0,'2011-11-12'),(426,'g',0,'2011-12-04'),(423,'g',0,'2011-11-08'),(400,'g',0,'2012-02-15'),(430,'g',0,'2011-11-20'),(419,'g',0,'2011-11-20'),(438,'g',0,'2011-11-08'),(466,'g',0,'2011-11-12'),(404,'g',0,'2012-01-19'),(397,'g',0,'2012-02-12'),(398,'g',0,'2012-02-15'),(482,'g',0,'2011-11-16'),(456,'g',0,'2011-11-12'),(460,'g',0,'2011-11-08'),(440,'g',0,'2011-11-09'),(476,'g',0,'2011-11-09'),(461,'g',0,'2011-11-09'),(405,'g',0,'2012-02-15'),(493,'g',0,'2011-11-09'),(547,'g',0,'2011-11-09'),(348,'g',0,'2011-11-19'),(667,'g',0,'2012-02-15'),(668,'g',0,'2011-11-14'),(659,'g',0,'2012-02-14'),(665,'g',0,'2012-02-15'),(656,'g',0,'2012-02-15'),(647,'g',0,'2011-11-14'),(672,'g',0,'2012-02-15'),(657,'g',0,'2012-02-15'),(662,'g',0,'2012-01-20'),(702,'g',0,'2012-01-21'),(649,'g',0,'2012-02-03'),(691,'g',0,'2012-02-15'),(690,'g',0,'2012-02-15'),(713,'g',0,'2012-01-04'),(648,'g',0,'2012-02-15'),(669,'g',0,'2012-02-15'),(666,'g',0,'2011-12-28'),(708,'g',0,'2012-01-21'),(420,'g',0,'2011-11-13'),(468,'g',0,'2011-11-29'),(552,'g',0,'2011-11-18'),(543,'g',0,'2011-11-17'),(527,'g',0,'2011-11-13'),(607,'g',0,'2011-11-14'),(560,'g',0,'2011-11-15'),(432,'g',0,'2011-11-29'),(634,'g',0,'2011-11-15'),(224,'g',0,'2012-01-20'),(578,'g',0,'2011-11-15'),(457,'g',0,'2011-11-29'),(510,'g',0,'2011-11-13'),(485,'g',0,'2011-11-17'),(633,'g',0,'2011-11-17'),(508,'g',0,'2011-12-04'),(526,'g',0,'2011-11-20'),(688,'g',0,'2012-02-15'),(689,'g',0,'2012-02-15'),(728,'g',0,'2012-02-15'),(718,'g',0,'2012-02-15'),(707,'g',0,'2012-02-15'),(721,'g',0,'2012-02-15'),(584,'g',0,'2011-11-16'),(553,'g',0,'2011-10-09'),(575,'g',0,'2011-10-09'),(709,'g',0,'2011-12-16'),(695,'g',0,'2012-02-15'),(737,'g',0,'2012-02-15'),(696,'g',0,'2012-02-15'),(726,'g',0,'2011-12-16'),(703,'g',0,'2012-02-15'),(732,'g',0,'2012-02-14'),(652,'g',0,'2012-02-15'),(730,'g',0,'2012-02-14'),(719,'g',0,'2012-02-14'),(724,'g',0,'2012-01-07'),(646,'g',0,'2012-02-15'),(29,'g',0,'2012-02-12'),(106,'g',0,'2012-02-13'),(110,'g',0,'2012-02-13'),(112,'g',0,'2011-12-27'),(143,'g',0,'2012-02-15'),(159,'g',0,'2012-02-15'),(123,'g',0,'2012-01-25'),(151,'g',0,'2012-02-15'),(111,'g',0,'2012-02-15'),(107,'g',0,'2012-02-13'),(167,'g',0,'2012-02-15'),(791,'g',0,'2012-01-20'),(785,'g',0,'2012-01-20'),(790,'g',0,'2012-01-20'),(794,'g',0,'2012-01-20'),(873,'g',0,'2012-01-20'),(891,'g',0,'2012-01-20'),(789,'g',0,'2012-01-20'),(942,'g',0,'2012-02-15'),(941,'g',0,'2012-02-15'),(874,'g',0,'2012-01-04'),(775,'g',0,'2012-01-04'),(975,'g',0,'2012-01-04'),(651,'g',0,'2012-02-03'),(901,'g',0,'2012-02-15'),(857,'g',0,'2012-02-15'),(973,'g',0,'2012-02-15'),(875,'g',0,'2012-02-15'),(843,'g',0,'2012-01-02'),(11,'g',0,'2011-11-22'),(989,'g',0,'2011-11-18'),(1018,'g',0,'2012-02-15'),(1015,'g',0,'2012-02-15'),(1016,'g',0,'2012-02-15'),(761,'g',0,'2012-02-08'),(795,'g',0,'2012-02-08'),(858,'g',0,'2011-12-03'),(822,'g',0,'2012-02-15'),(924,'g',0,'2011-12-03'),(861,'g',0,'2012-02-15'),(971,'g',0,'2012-02-14'),(782,'g',0,'2012-02-14'),(787,'g',0,'2012-02-13'),(923,'g',0,'2012-02-14'),(948,'g',0,'2012-02-15'),(125,'g',0,'2012-02-15'),(113,'g',0,'2012-02-15'),(1014,'g',0,'2012-01-07'),(1006,'g',0,'2012-02-15'),(814,'g',0,'2012-02-15'),(739,'g',0,'2012-02-15'),(809,'g',0,'2012-02-15'),(777,'g',0,'2012-02-15'),(798,'g',0,'2012-02-15'),(800,'g',0,'2012-02-15'),(770,'g',0,'2012-02-15'),(772,'g',0,'2011-12-16'),(928,'g',0,'2012-02-15'),(803,'g',0,'2012-01-09'),(766,'g',0,'2011-11-19'),(921,'g',0,'2012-02-15'),(999,'g',0,'2012-02-14'),(693,'g',0,'2012-02-15'),(663,'g',0,'2012-02-15'),(715,'g',0,'2012-02-15'),(722,'g',0,'2012-02-15'),(738,'g',0,'2012-02-15'),(720,'g',0,'2012-02-15'),(704,'g',0,'2012-02-15'),(716,'g',0,'2011-11-20'),(1011,'g',0,'2012-02-15'),(929,'g',0,'2012-02-15'),(969,'g',0,'2012-02-15'),(926,'g',0,'2012-02-15'),(773,'g',0,'2012-01-22'),(927,'g',0,'2012-02-15'),(832,'g',0,'2011-10-16'),(978,'g',0,'2012-02-15'),(867,'g',0,'2011-11-24'),(871,'g',0,'2012-01-21'),(813,'g',0,'2012-01-22'),(767,'g',0,'2012-02-15'),(864,'g',0,'2012-02-15'),(812,'g',0,'2012-01-22'),(977,'g',0,'2012-02-15'),(828,'g',0,'2012-02-15'),(19,'g',0,'2011-12-04'),(23,'g',0,'2011-12-04'),(17,'g',0,'2011-12-04'),(1029,'g',0,'2012-01-09'),(22,'g',0,'2011-12-04'),(21,'g',0,'2011-10-16'),(18,'g',0,'2011-12-04'),(24,'g',0,'2011-10-16'),(1075,'g',0,'2012-01-04'),(1020,'g',0,'2012-02-14'),(1047,'g',0,'2012-01-23'),(1044,'g',0,'2011-10-16'),(890,'g',0,'2012-01-22'),(808,'g',0,'2012-02-15'),(853,'g',0,'2012-01-23'),(820,'g',0,'2012-02-15'),(768,'g',0,'2012-02-15'),(816,'g',0,'2011-10-16'),(807,'g',0,'2012-02-15'),(821,'g',0,'2012-01-23'),(863,'g',0,'2012-02-15'),(826,'g',0,'2012-01-22'),(830,'g',0,'2012-02-15'),(836,'g',0,'2012-01-23'),(887,'g',0,'2012-02-15'),(849,'g',0,'2012-02-15'),(883,'g',0,'2012-01-23'),(834,'g',0,'2012-02-15'),(951,'g',0,'2012-01-20'),(765,'g',0,'2012-02-15'),(862,'g',0,'2012-01-23'),(907,'g',0,'2011-10-16'),(855,'g',0,'2012-01-25'),(815,'g',0,'2012-01-17'),(823,'g',0,'2011-10-16'),(877,'g',0,'2012-01-23'),(839,'g',0,'2012-02-15'),(915,'g',0,'2012-01-21'),(818,'g',0,'2012-02-15'),(804,'g',0,'2011-10-16'),(897,'g',0,'2011-10-16'),(866,'g',0,'2011-11-16'),(779,'g',0,'2011-11-16'),(955,'g',0,'2012-01-24'),(756,'g',0,'2011-11-16'),(886,'g',0,'2011-12-22'),(914,'g',0,'2011-11-16'),(270,'g',0,'2011-10-17'),(894,'g',0,'2012-02-15'),(1002,'g',0,'2012-01-05'),(27,'g',0,'2011-10-17'),(43,'g',0,'2011-10-17'),(678,'g',0,'2011-10-17'),(679,'g',0,'2011-10-17'),(681,'g',0,'2011-10-17'),(269,'g',0,'2011-10-17'),(680,'g',0,'2011-10-17'),(677,'g',0,'2011-10-17'),(263,'g',0,'2011-10-17'),(697,'g',0,'2012-02-15'),(694,'g',0,'2012-01-19'),(674,'g',0,'2011-12-04'),(888,'g',0,'2012-02-15'),(876,'g',0,'2011-10-17'),(936,'g',0,'2012-02-15'),(970,'g',0,'2012-02-19'),(954,'g',0,'2012-02-19'),(683,'g',0,'2011-10-17'),(987,'g',0,'2012-02-27'),(884,'g',0,'2012-02-19'),(682,'g',0,'2011-10-17'),(992,'g',0,'2012-02-19'),(972,'g',0,'2012-02-19'),(1078,'g',0,'2012-02-19'),(1065,'g',0,'2012-02-19'),(896,'g',0,'2011-10-18'),(788,'g',0,'2011-11-27'),(811,'g',0,'2012-01-23'),(865,'g',0,'2011-12-16'),(797,'g',0,'2012-02-15'),(781,'g',0,'2012-02-15'),(754,'g',0,'2012-02-15'),(796,'g',0,'2011-11-27'),(751,'g',0,'2012-01-21'),(757,'g',0,'2012-01-21'),(1,'g',0,'2012-01-27'),(778,'g',0,'2012-02-15'),(176,'g',0,'2012-02-15'),(986,'g',0,'2012-02-15'),(976,'g',0,'2011-10-21'),(73,'g',0,'2011-12-26'),(71,'g',0,'2012-02-15'),(69,'g',0,'2012-02-15'),(75,'g',0,'2011-10-21'),(76,'g',0,'2011-10-21'),(72,'g',0,'2011-10-21'),(74,'g',0,'2011-12-26'),(70,'g',0,'2012-02-15'),(77,'g',0,'2011-12-26'),(78,'g',0,'2012-01-24'),(1077,'g',0,'2012-02-14'),(1091,'g',0,'2011-12-03'),(902,'g',0,'2011-12-16'),(514,'g',0,'2011-10-22'),(424,'g',0,'2011-10-22'),(531,'g',0,'2011-10-22'),(85,'g',0,'2011-10-23'),(82,'g',0,'2012-03-05'),(81,'g',0,'2011-10-23'),(79,'g',0,'2011-10-23'),(80,'g',0,'2011-10-23'),(104,'g',0,'2011-10-23'),(401,'g',0,'2012-02-29'),(332,'g',0,'2012-03-05'),(271,'g',0,'2012-03-05'),(101,'g',0,'2012-02-15'),(1032,'g',0,'2011-10-25'),(1005,'g',0,'2011-10-25'),(1008,'g',0,'2011-10-25'),(991,'g',0,'2011-10-25'),(990,'g',0,'2012-02-15'),(1010,'g',0,'2012-02-15'),(1012,'g',0,'2011-10-25'),(994,'g',0,'2011-10-26'),(1024,'g',0,'2011-10-26'),(1009,'g',0,'2011-10-26'),(1068,'g',0,'2011-10-26'),(1070,'g',0,'2011-10-28'),(240,'g',0,'2011-10-30'),(213,'g',0,'2011-10-30'),(160,'g',0,'2011-10-30'),(150,'g',0,'2011-10-30'),(676,'g',0,'2011-10-30'),(230,'g',0,'2011-10-30'),(706,'g',0,'2011-10-30'),(714,'g',0,'2011-10-30'),(421,'g',0,'2011-11-01'),(528,'g',0,'2011-11-01'),(470,'g',0,'2011-11-01'),(434,'g',0,'2011-11-01'),(544,'g',0,'2011-11-01'),(511,'g',0,'2011-11-01'),(295,'g',0,'2011-11-01'),(487,'g',0,'2011-11-01'),(402,'g',0,'2012-02-15'),(458,'g',0,'2011-11-01'),(1092,'g',0,'2011-11-01'),(2554,'g',0,'2011-11-01'),(2564,'g',0,'2011-12-01'),(2744,'g',0,'2011-11-01'),(2559,'g',0,'2011-11-01'),(2754,'g',0,'2011-12-01'),(3138,'g',0,'2011-11-01'),(3141,'g',0,'2011-11-01'),(2748,'g',0,'2011-11-01'),(1200,'g',0,'2011-11-01'),(1232,'g',0,'2011-11-01'),(1282,'g',0,'2011-11-01'),(1247,'g',0,'2011-11-02'),(5535,'g',0,'2011-11-02'),(5253,'g',0,'2011-11-02'),(5444,'g',0,'2011-11-02'),(5457,'g',0,'2011-11-02'),(5314,'g',0,'2011-11-02'),(5443,'g',0,'2011-11-02'),(5475,'g',0,'2011-11-02'),(5550,'g',0,'2011-11-02'),(687,'g',0,'2011-11-02'),(801,'g',0,'2011-11-02'),(786,'g',0,'2011-11-02'),(653,'g',0,'2012-02-12'),(799,'g',0,'2011-11-02'),(733,'g',0,'2011-11-02'),(661,'g',0,'2011-12-16'),(685,'g',0,'2012-02-12'),(1238,'g',0,'2011-11-03'),(1320,'g',0,'2011-11-03'),(1420,'g',0,'2011-11-03'),(1100,'g',0,'2011-11-03'),(1134,'g',0,'2011-11-03'),(1101,'g',0,'2011-11-03'),(1149,'g',0,'2011-11-03'),(1396,'g',0,'2011-11-03'),(1146,'g',0,'2011-11-03'),(1524,'g',0,'2011-11-03'),(1095,'g',0,'2011-12-11'),(1434,'g',0,'2011-11-03'),(1194,'g',0,'2011-11-04'),(1393,'g',0,'2011-11-04'),(1277,'g',0,'2011-11-04'),(1712,'g',0,'2011-11-04'),(1671,'g',0,'2011-11-04'),(1744,'g',0,'2011-11-04'),(1215,'g',0,'2011-11-04'),(1438,'g',0,'2011-11-04'),(705,'g',0,'2012-02-15'),(701,'g',0,'2012-02-15'),(650,'g',0,'2012-02-15'),(675,'g',0,'2012-01-02'),(771,'g',0,'2012-02-15'),(899,'g',0,'2012-01-09'),(376,'g',0,'2011-11-04'),(383,'g',0,'2011-11-04'),(384,'g',0,'2011-11-04'),(375,'g',0,'2011-11-04'),(380,'g',0,'2011-11-04'),(377,'g',0,'2011-11-04'),(379,'g',0,'2012-02-12'),(381,'g',0,'2011-11-04'),(382,'g',0,'2011-11-04'),(378,'g',0,'2011-11-04'),(793,'g',0,'2012-02-15'),(711,'g',0,'2012-02-15'),(1000,'g',0,'2011-12-16'),(712,'g',0,'2012-02-15'),(1069,'g',0,'2011-11-05'),(389,'g',0,'2011-11-05'),(390,'g',0,'2011-11-05'),(386,'g',0,'2011-11-05'),(394,'g',0,'2011-11-05'),(392,'g',0,'2011-11-05'),(387,'g',0,'2011-11-05'),(388,'g',0,'2011-11-05'),(393,'g',0,'2011-11-05'),(391,'g',0,'2011-11-05'),(925,'g',0,'2011-11-05'),(385,'g',0,'2011-11-05'),(717,'g',0,'2011-11-05'),(684,'g',0,'2012-02-06'),(3999,'g',0,'2011-12-07'),(3998,'g',0,'2011-12-07'),(4092,'g',0,'2011-12-07'),(4586,'g',0,'2011-12-07'),(4756,'g',0,'2012-02-15'),(4395,'g',0,'2011-12-07'),(4005,'g',0,'2011-12-07'),(4514,'g',0,'2011-12-07'),(4557,'g',0,'2011-12-07'),(4630,'g',0,'2011-12-07'),(660,'g',0,'2011-11-06'),(155,'g',0,'2011-11-06'),(279,'g',0,'2012-02-15'),(241,'g',0,'2012-02-15'),(296,'g',0,'2012-02-15'),(168,'g',0,'2011-12-13'),(212,'g',0,'2012-02-15'),(175,'g',0,'2011-12-13'),(1164,'g',0,'2011-11-06'),(5313,'g',0,'2011-11-06'),(5464,'g',0,'2011-11-06'),(172,'g',0,'2012-02-15'),(262,'g',0,'2012-02-15'),(209,'g',0,'2012-02-15'),(298,'g',0,'2012-02-15'),(472,'g',0,'2011-11-06'),(208,'g',0,'2012-02-15'),(436,'g',0,'2011-11-06'),(422,'g',0,'2011-11-07'),(459,'g',0,'2011-11-07'),(177,'g',0,'2012-01-27'),(1093,'g',0,'2011-11-07'),(3727,'g',0,'2011-11-08'),(3469,'g',0,'2011-11-08'),(3938,'g',0,'2011-11-08'),(3677,'g',0,'2011-11-08'),(4124,'g',0,'2012-01-21'),(4024,'g',0,'2011-11-08'),(4066,'g',0,'2011-11-08'),(3292,'g',0,'2011-11-08'),(3667,'g',0,'2011-11-08'),(4897,'g',0,'2011-11-10'),(3894,'g',0,'2011-11-10'),(4909,'g',0,'2011-11-10'),(2183,'g',0,'2011-11-10'),(4262,'g',0,'2011-11-10'),(5229,'g',0,'2011-11-10'),(5101,'g',0,'2011-11-10'),(4129,'g',0,'2011-11-10'),(1763,'g',0,'2011-11-10'),(5215,'g',0,'2011-11-10'),(5244,'g',0,'2011-11-10'),(1772,'g',0,'2011-11-10'),(4426,'g',0,'2011-11-10'),(1866,'g',0,'2011-11-10'),(1323,'g',0,'2011-11-10'),(2103,'g',0,'2011-11-10'),(1373,'g',0,'2011-11-10'),(1729,'g',0,'2011-11-10'),(2011,'g',0,'2011-11-10'),(1516,'g',0,'2011-11-10'),(2153,'g',0,'2011-11-10'),(1896,'g',0,'2011-11-10'),(1641,'g',0,'2011-11-10'),(3491,'g',0,'2011-11-10'),(2481,'g',0,'2011-11-10'),(1497,'g',0,'2011-11-10'),(1760,'g',0,'2011-11-10'),(1965,'g',0,'2011-11-10'),(1415,'g',0,'2011-11-10'),(2082,'g',0,'2011-11-10'),(2368,'g',0,'2011-11-10'),(3430,'g',0,'2011-11-10'),(4405,'g',0,'2011-11-10'),(4056,'g',0,'2011-11-10'),(1266,'g',0,'2011-11-10'),(6640,'g',0,'2011-11-10'),(3934,'g',0,'2011-11-10'),(7427,'g',0,'2011-11-10'),(2889,'g',0,'2011-11-10'),(4143,'g',0,'2011-11-10'),(3045,'g',0,'2011-11-10'),(1352,'g',0,'2011-11-10'),(1837,'g',0,'2011-11-10'),(2516,'g',0,'2011-11-10'),(1686,'g',0,'2011-11-10'),(1952,'g',0,'2011-11-10'),(2092,'g',0,'2011-11-10'),(2965,'g',0,'2011-11-10'),(1166,'g',0,'2011-11-10'),(2659,'g',0,'2011-11-10'),(2154,'g',0,'2011-11-10'),(3043,'g',0,'2011-11-10'),(3264,'g',0,'2011-11-10'),(2442,'g',0,'2011-11-10'),(909,'g',0,'2011-11-10'),(913,'g',0,'2011-11-10'),(912,'g',0,'2011-11-10'),(4729,'g',0,'2011-11-10'),(4918,'g',0,'2011-11-10'),(2093,'g',0,'2011-11-10'),(4731,'g',0,'2011-11-10'),(4556,'g',0,'2011-11-10'),(1638,'g',0,'2011-11-10'),(1436,'g',0,'2011-11-10'),(1475,'g',0,'2011-11-10'),(1891,'g',0,'2011-11-10'),(2069,'g',0,'2011-11-10'),(1621,'g',0,'2011-11-10'),(2124,'g',0,'2011-11-10'),(2100,'g',0,'2011-11-10'),(1541,'g',0,'2011-11-10'),(1299,'g',0,'2011-11-10'),(3228,'g',0,'2011-11-10'),(3076,'g',0,'2011-11-10'),(5625,'g',0,'2011-11-10'),(1745,'g',0,'2011-11-10'),(2136,'g',0,'2011-11-10'),(2244,'g',0,'2011-11-10'),(1623,'g',0,'2011-11-10'),(7498,'g',0,'2011-11-10'),(3065,'g',0,'2011-11-10'),(3600,'g',0,'2011-11-10'),(1307,'g',0,'2011-11-10'),(1318,'g',0,'2011-11-10'),(2301,'g',0,'2011-11-10'),(4905,'g',0,'2011-12-23'),(2947,'g',0,'2011-11-10'),(4571,'g',0,'2011-11-10'),(2480,'g',0,'2011-11-10'),(5004,'g',0,'2011-11-10'),(6875,'g',0,'2011-11-10'),(2794,'g',0,'2011-11-10'),(2868,'g',0,'2011-11-10'),(2488,'g',0,'2011-11-10'),(1506,'g',0,'2011-11-10'),(1375,'g',0,'2011-11-10'),(1981,'g',0,'2011-11-10'),(3110,'g',0,'2011-11-10'),(1468,'g',0,'2011-11-10'),(1303,'g',0,'2011-11-10'),(2507,'g',0,'2011-11-10'),(3197,'g',0,'2011-11-10'),(1437,'g',0,'2011-11-10'),(7519,'g',0,'2011-11-10'),(7669,'g',0,'2011-11-10'),(1579,'g',0,'2011-11-10'),(245,'g',0,'2012-02-15'),(2845,'g',0,'2011-11-10'),(3104,'g',0,'2011-11-10'),(1913,'g',0,'2011-11-10'),(3125,'g',0,'2011-11-10'),(1607,'g',0,'2011-11-10'),(2529,'g',0,'2011-11-11'),(2547,'g',0,'2011-11-11'),(1787,'g',0,'2011-11-11'),(3351,'g',0,'2011-11-11'),(2770,'g',0,'2011-11-11'),(1466,'g',0,'2011-11-11'),(3007,'g',0,'2011-11-11'),(8327,'g',0,'2011-11-11'),(2670,'g',0,'2011-11-11'),(3955,'g',0,'2011-11-11'),(6161,'g',0,'2011-11-11'),(6224,'g',0,'2011-11-11'),(4772,'g',0,'2011-11-11'),(3064,'g',0,'2011-11-11'),(4017,'g',0,'2011-11-11'),(1874,'g',0,'2011-11-11'),(2294,'g',0,'2011-11-11'),(3298,'g',0,'2011-11-11'),(1370,'g',0,'2011-11-11'),(8076,'g',0,'2011-11-11'),(2164,'g',0,'2011-11-11'),(6816,'g',0,'2011-11-11'),(3299,'g',0,'2011-11-11'),(3101,'g',0,'2011-11-11'),(7476,'g',0,'2011-11-11'),(2650,'g',0,'2011-11-11'),(5753,'g',0,'2011-11-11'),(2141,'g',0,'2011-11-11'),(8110,'g',0,'2011-11-11'),(3222,'g',0,'2011-11-11'),(5847,'g',0,'2011-11-11'),(8299,'g',0,'2011-11-11'),(2372,'g',0,'2011-11-11'),(3711,'g',0,'2011-11-11'),(1462,'g',0,'2011-11-11'),(2536,'g',0,'2011-11-11'),(1726,'g',0,'2011-11-11'),(2273,'g',0,'2011-11-11'),(1822,'g',0,'2011-11-11'),(6552,'g',0,'2011-11-11'),(5852,'g',0,'2011-11-11'),(491,'g',0,'2011-11-11'),(403,'g',0,'2011-11-11'),(1540,'g',0,'2011-11-11'),(9663,'g',0,'2011-11-11'),(3962,'g',0,'2011-11-11'),(1503,'g',0,'2011-11-11'),(7633,'g',0,'2011-11-11'),(1701,'g',0,'2011-11-11'),(1533,'g',0,'2011-11-11'),(290,'g',0,'2011-11-11'),(4923,'g',0,'2011-11-11'),(7407,'g',0,'2011-11-11'),(3209,'g',0,'2011-11-11'),(8041,'g',0,'2011-11-11'),(1670,'g',0,'2011-11-11'),(1940,'g',0,'2011-11-11'),(1658,'g',0,'2011-11-11'),(5395,'g',0,'2011-11-11'),(1302,'g',0,'2011-11-11'),(2682,'g',0,'2011-11-11'),(170,'g',0,'2011-11-11'),(4167,'g',0,'2011-11-11'),(232,'g',0,'2012-02-15'),(211,'g',0,'2011-11-11'),(2767,'g',0,'2011-11-11'),(2012,'g',0,'2011-11-11'),(2031,'g',0,'2011-11-11'),(1344,'g',0,'2011-11-11'),(4151,'g',0,'2011-11-11'),(1242,'g',0,'2011-11-11'),(4485,'g',0,'2011-11-11'),(4482,'g',0,'2011-11-11'),(4043,'g',0,'2011-11-11'),(11195,'g',0,'2011-11-11'),(3399,'g',0,'2011-11-11'),(12653,'g',0,'2011-11-11'),(128,'g',0,'2012-02-15'),(11187,'g',0,'2011-11-11'),(1459,'g',0,'2011-11-11'),(6429,'g',0,'2011-11-11'),(1476,'g',0,'2011-11-11'),(4302,'g',0,'2011-11-11'),(2072,'g',0,'2011-11-11'),(2206,'g',0,'2011-11-11'),(2129,'g',0,'2011-11-11'),(4310,'g',0,'2011-11-11'),(12000,'g',0,'2011-11-11'),(134,'g',0,'2011-11-11'),(2240,'g',0,'2011-11-11'),(8406,'g',0,'2011-11-11'),(3963,'g',0,'2011-11-11'),(265,'g',0,'2011-11-11'),(3240,'g',0,'2011-11-11'),(6684,'g',0,'2011-11-11'),(3781,'g',0,'2011-11-11'),(4720,'g',0,'2011-11-11'),(5519,'g',0,'2011-11-11'),(2740,'g',0,'2011-11-11'),(1813,'g',0,'2012-02-15'),(10759,'g',0,'2011-11-11'),(2853,'g',0,'2011-11-11'),(227,'g',0,'2012-02-15'),(3419,'g',0,'2011-11-11'),(1625,'g',0,'2011-11-11'),(2319,'g',0,'2011-11-11'),(3532,'g',0,'2011-11-11'),(6849,'g',0,'2012-01-21'),(2295,'g',0,'2011-11-11'),(846,'g',0,'2012-02-15'),(1661,'g',0,'2011-11-11'),(2126,'g',0,'2011-11-11'),(1495,'g',0,'2011-11-11'),(760,'g',0,'2012-02-15'),(868,'g',0,'2011-11-11'),(1281,'g',0,'2011-11-11'),(1704,'g',0,'2011-11-11'),(1152,'g',0,'2011-11-11'),(1724,'g',0,'2011-11-11'),(1728,'g',0,'2011-11-11'),(1723,'g',0,'2011-11-11'),(3585,'g',0,'2011-11-11'),(4903,'g',0,'2011-11-11'),(2778,'g',0,'2011-11-11'),(3422,'g',0,'2011-11-11'),(4338,'g',0,'2011-11-11'),(4032,'g',0,'2011-11-11'),(4768,'g',0,'2011-11-11'),(1595,'g',0,'2011-11-11'),(2049,'g',0,'2011-11-11'),(1902,'g',0,'2011-11-11'),(2063,'g',0,'2011-11-11'),(1211,'g',0,'2011-11-11'),(1542,'g',0,'2011-11-11'),(1666,'g',0,'2011-11-11'),(3367,'g',0,'2011-11-11'),(1923,'g',0,'2011-11-11'),(1369,'g',0,'2011-11-11'),(1417,'g',0,'2011-11-11'),(1507,'g',0,'2011-11-11'),(2891,'g',0,'2011-11-11'),(2800,'g',0,'2011-11-11'),(2221,'g',0,'2011-11-11'),(3456,'g',0,'2011-11-11'),(2528,'g',0,'2011-11-11'),(2999,'g',0,'2011-11-11'),(3098,'g',0,'2011-11-11'),(3296,'g',0,'2011-11-11'),(13923,'g',0,'2011-11-11'),(1444,'g',0,'2011-11-11'),(4057,'g',0,'2011-11-11'),(1526,'g',0,'2011-11-11'),(7098,'g',0,'2011-11-11'),(173,'g',0,'2011-11-11'),(8202,'g',0,'2011-11-11'),(2026,'g',0,'2011-11-11'),(1900,'g',0,'2011-11-11'),(1477,'g',0,'2011-11-11'),(3084,'g',0,'2011-11-11'),(1256,'g',0,'2011-11-11'),(1589,'g',0,'2011-11-11'),(1309,'g',0,'2011-11-11'),(1492,'g',0,'2011-11-11'),(3250,'g',0,'2011-11-11'),(1519,'g',0,'2011-11-11'),(7044,'g',0,'2011-11-11'),(1412,'g',0,'2011-11-11'),(4438,'g',0,'2011-11-11'),(2857,'g',0,'2011-11-11'),(1823,'g',0,'2012-02-14'),(3376,'g',0,'2011-11-11'),(1308,'g',0,'2011-11-11'),(2989,'g',0,'2011-11-11'),(2084,'g',0,'2011-11-11'),(5352,'g',0,'2011-11-11'),(6355,'g',0,'2011-11-11'),(3070,'g',0,'2011-11-11'),(1608,'g',0,'2011-11-11'),(3616,'g',0,'2011-11-11'),(1656,'g',0,'2011-11-11'),(5713,'g',0,'2011-11-11'),(2387,'g',0,'2011-11-11'),(6193,'g',0,'2011-11-11'),(5075,'g',0,'2011-11-11'),(5271,'g',0,'2011-11-11'),(2733,'g',0,'2011-11-11'),(6407,'g',0,'2011-11-11'),(7620,'g',0,'2011-11-11'),(3077,'g',0,'2011-11-11'),(1560,'g',0,'2011-11-11'),(1885,'g',0,'2011-11-11'),(3040,'g',0,'2011-11-11'),(546,'g',0,'2011-11-11'),(4042,'g',0,'2011-11-11'),(13489,'g',0,'2011-11-11'),(12117,'g',0,'2011-11-11'),(9002,'g',0,'2011-11-11'),(6166,'g',0,'2011-11-11'),(5230,'g',0,'2011-11-11'),(8035,'g',0,'2011-11-11'),(12412,'g',0,'2011-11-11'),(1879,'g',0,'2011-11-11'),(5677,'g',0,'2011-11-11'),(2376,'g',0,'2011-11-11'),(1810,'g',0,'2011-11-11'),(3470,'g',0,'2011-11-11'),(1513,'g',0,'2011-11-11'),(1591,'g',0,'2011-11-11'),(3343,'g',0,'2011-11-11'),(2004,'g',0,'2011-11-11'),(1739,'g',0,'2011-11-11'),(4198,'g',0,'2011-11-11'),(4669,'g',0,'2011-11-11'),(12302,'g',0,'2011-11-11'),(1992,'g',0,'2011-11-11'),(4140,'g',0,'2011-11-11'),(3980,'g',0,'2011-11-11'),(1509,'g',0,'2011-11-11'),(7137,'g',0,'2011-11-11'),(11400,'g',0,'2011-11-11'),(12500,'g',0,'2011-11-11'),(3588,'g',0,'2011-11-11'),(3236,'g',0,'2011-11-11'),(243,'g',0,'2012-02-15'),(257,'g',0,'2012-02-15'),(5195,'g',0,'2011-11-11'),(3428,'g',0,'2011-11-11'),(2170,'g',0,'2011-11-11'),(2713,'g',0,'2011-11-11'),(3732,'g',0,'2011-11-11'),(1662,'g',0,'2011-11-11'),(11268,'g',0,'2011-11-11'),(1954,'g',0,'2011-11-11'),(1398,'g',0,'2011-11-11'),(2161,'g',0,'2011-11-11'),(1440,'g',0,'2011-11-11'),(7074,'g',0,'2011-11-11'),(2123,'g',0,'2011-11-11'),(3319,'g',0,'2011-11-11'),(228,'g',0,'2012-02-15'),(3213,'g',0,'2011-11-11'),(1978,'g',0,'2011-11-11'),(2882,'g',0,'2011-11-11'),(1456,'g',0,'2011-11-11'),(2935,'g',0,'2011-11-11'),(3609,'g',0,'2011-11-11'),(1789,'g',0,'2011-11-11'),(5876,'g',0,'2011-11-11'),(3555,'g',0,'2011-11-11'),(3238,'g',0,'2011-11-11'),(1429,'g',0,'2011-11-11'),(4746,'g',0,'2011-11-11'),(1493,'g',0,'2011-11-11'),(10537,'g',0,'2011-11-11'),(289,'g',0,'2011-11-11'),(294,'g',0,'2012-02-15'),(3946,'g',0,'2011-11-11'),(4806,'g',0,'2011-11-11'),(1571,'g',0,'2011-11-11'),(250,'g',0,'2012-02-15'),(2988,'g',0,'2011-11-11'),(1627,'g',0,'2011-11-11'),(3025,'g',0,'2011-11-11'),(1364,'g',0,'2011-11-11'),(7030,'g',0,'2011-11-11'),(1554,'g',0,'2011-11-11'),(201,'g',0,'2011-11-11'),(1615,'g',0,'2011-11-11'),(7242,'g',0,'2011-11-11'),(1356,'g',0,'2011-11-11'),(1137,'g',0,'2011-12-11'),(2675,'g',0,'2011-11-11'),(889,'g',0,'2011-11-11'),(872,'g',0,'2011-11-11'),(1677,'g',0,'2011-11-11'),(1184,'g',0,'2011-11-11'),(1471,'g',0,'2011-11-11'),(1333,'g',0,'2011-11-11'),(3697,'g',0,'2011-11-11'),(3474,'g',0,'2011-11-11'),(4036,'g',0,'2011-11-11'),(3676,'g',0,'2011-11-11'),(4513,'g',0,'2011-11-11'),(1588,'g',0,'2011-11-11'),(3994,'g',0,'2011-11-11'),(3436,'g',0,'2011-11-11'),(1795,'g',0,'2011-11-11'),(1843,'g',0,'2011-11-11'),(1313,'g',0,'2011-11-11'),(1679,'g',0,'2011-11-11'),(1425,'g',0,'2011-11-11'),(2118,'g',0,'2011-11-11'),(2045,'g',0,'2011-11-11'),(1428,'g',0,'2011-11-11'),(1485,'g',0,'2011-11-11'),(1315,'g',0,'2011-11-11'),(1889,'g',0,'2011-11-11'),(6048,'g',0,'2011-11-11'),(1162,'g',0,'2011-11-11'),(2421,'g',0,'2011-11-11'),(3229,'g',0,'2011-11-11'),(3713,'g',0,'2011-11-11'),(2367,'g',0,'2011-11-11'),(3009,'g',0,'2011-11-11'),(2258,'g',0,'2011-11-11'),(2009,'g',0,'2011-11-11'),(2261,'g',0,'2011-11-11'),(8091,'g',0,'2011-11-11'),(3278,'g',0,'2011-11-11'),(1343,'g',0,'2011-11-11'),(3357,'g',0,'2011-11-11'),(2383,'g',0,'2011-11-11'),(2453,'g',0,'2011-11-11'),(1756,'g',0,'2011-11-11'),(2098,'g',0,'2011-11-11'),(2436,'g',0,'2011-11-11'),(2924,'g',0,'2011-11-11'),(1559,'g',0,'2011-11-11'),(2527,'g',0,'2011-11-11'),(2881,'g',0,'2011-11-11'),(1711,'g',0,'2011-11-11'),(1348,'g',0,'2011-11-11'),(6636,'g',0,'2012-02-21'),(4141,'g',0,'2011-11-11'),(1517,'g',0,'2011-11-11'),(1628,'g',0,'2011-11-11'),(5787,'g',0,'2011-11-11'),(1522,'g',0,'2011-11-11'),(6991,'g',0,'2011-11-11'),(1642,'g',0,'2011-11-11'),(1645,'g',0,'2011-11-11'),(2386,'g',0,'2011-11-11'),(7329,'g',0,'2011-11-11'),(606,'g',0,'2011-11-11'),(576,'g',0,'2011-11-11'),(529,'g',0,'2011-11-11'),(1606,'g',0,'2011-11-11'),(2201,'g',0,'2011-11-11'),(1800,'g',0,'2011-11-11'),(5014,'g',0,'2011-11-11'),(1899,'g',0,'2011-11-11'),(229,'g',0,'2012-02-15'),(10779,'g',0,'2011-11-11'),(288,'g',0,'2011-11-11'),(4495,'g',0,'2011-11-11'),(1646,'g',0,'2011-11-11'),(2589,'g',0,'2011-11-11'),(161,'g',0,'2011-11-11'),(5556,'g',0,'2011-11-11'),(1966,'g',0,'2011-11-11'),(255,'g',0,'2012-02-15'),(2225,'g',0,'2011-11-11'),(11271,'g',0,'2011-11-11'),(3611,'g',0,'2011-11-11'),(4803,'g',0,'2011-11-11'),(9851,'g',0,'2012-02-15'),(1379,'g',0,'2011-11-11'),(1568,'g',0,'2011-11-11'),(11145,'g',0,'2012-02-15'),(291,'g',0,'2011-11-11'),(1467,'g',0,'2011-11-11'),(11127,'g',0,'2011-11-11'),(2175,'g',0,'2011-11-11'),(2566,'g',0,'2011-11-11'),(217,'g',0,'2012-02-15'),(3940,'g',0,'2011-11-11'),(1239,'g',0,'2011-11-11'),(12111,'g',0,'2011-11-11'),(2672,'g',0,'2011-11-11'),(2158,'g',0,'2011-11-11'),(221,'g',0,'2012-02-15'),(12109,'g',0,'2011-11-11'),(3071,'g',0,'2011-11-11'),(1781,'g',0,'2011-11-11'),(4478,'g',0,'2011-11-11'),(184,'g',0,'2011-11-11'),(4763,'g',0,'2011-11-11'),(5503,'g',0,'2011-11-11'),(1998,'g',0,'2011-11-11'),(2046,'g',0,'2011-11-11'),(6928,'g',0,'2011-11-11'),(10750,'g',0,'2011-11-11'),(261,'g',0,'2012-02-15'),(1483,'g',0,'2011-11-11'),(6538,'g',0,'2011-11-11'),(1706,'g',0,'2011-11-11'),(4432,'g',0,'2011-11-11'),(2001,'g',0,'2011-11-11'),(1797,'g',0,'2011-11-11'),(8728,'g',0,'2011-11-11'),(2065,'g',0,'2011-11-11'),(2073,'g',0,'2011-11-11'),(5915,'g',0,'2011-11-11'),(1312,'g',0,'2011-11-11'),(1414,'g',0,'2011-11-11'),(2923,'g',0,'2011-11-11'),(2535,'g',0,'2011-11-11'),(2023,'g',0,'2011-11-11'),(10854,'g',0,'2011-11-11'),(8839,'g',0,'2011-11-11'),(8807,'g',0,'2011-11-11'),(5980,'g',0,'2011-11-11'),(222,'g',0,'2012-02-15'),(1947,'g',0,'2011-11-11'),(3870,'g',0,'2011-11-11'),(1997,'g',0,'2011-11-11'),(3391,'g',0,'2011-11-11'),(10614,'g',0,'2011-11-11'),(10339,'g',0,'2011-11-11'),(8140,'g',0,'2011-11-11'),(3702,'g',0,'2011-11-11'),(220,'g',0,'2012-02-15'),(10753,'g',0,'2011-11-11'),(1327,'g',0,'2011-11-11'),(10023,'g',0,'2011-11-11'),(4355,'g',0,'2011-11-11'),(2062,'g',0,'2011-11-11'),(3234,'g',0,'2011-11-11'),(9672,'g',0,'2011-11-11'),(237,'g',0,'2012-02-15'),(162,'g',0,'2011-11-11'),(1463,'g',0,'2011-11-11'),(1697,'g',0,'2011-11-11'),(7314,'g',0,'2011-11-11'),(1572,'g',0,'2011-11-11'),(1762,'g',0,'2011-11-11'),(254,'g',0,'2012-02-15'),(2663,'g',0,'2011-11-11'),(1629,'g',0,'2011-11-11'),(2027,'g',0,'2011-11-11'),(1618,'g',0,'2011-11-11'),(1766,'g',0,'2011-11-11'),(191,'g',0,'2011-11-11'),(1654,'g',0,'2011-11-11'),(8787,'g',0,'2011-11-11'),(183,'g',0,'2012-02-06'),(193,'g',0,'2011-11-11'),(2658,'g',0,'2011-11-11'),(187,'g',0,'2011-11-11'),(1140,'g',0,'2011-11-11'),(235,'g',0,'2012-02-15'),(233,'g',0,'2011-12-16'),(1740,'g',0,'2011-11-11'),(4420,'g',0,'2011-11-11'),(3203,'g',0,'2011-11-11'),(5112,'g',0,'2011-11-11'),(5140,'g',0,'2011-11-11'),(4125,'g',0,'2011-11-11'),(4852,'g',0,'2011-11-11'),(2872,'g',0,'2011-11-11'),(4082,'g',0,'2011-11-11'),(1349,'g',0,'2011-11-11'),(1994,'g',0,'2011-11-11'),(1386,'g',0,'2011-11-11'),(1908,'g',0,'2011-11-11'),(6895,'g',0,'2012-02-15'),(4197,'g',0,'2011-11-11'),(1338,'g',0,'2011-11-11'),(2318,'g',0,'2011-11-11'),(2541,'g',0,'2011-11-11'),(1632,'g',0,'2011-11-11'),(1305,'g',0,'2011-11-11'),(1407,'g',0,'2011-11-11'),(1868,'g',0,'2011-11-11'),(2927,'g',0,'2011-11-11'),(3062,'g',0,'2011-11-11'),(1331,'g',0,'2011-11-11'),(7248,'g',0,'2011-11-11'),(3394,'g',0,'2011-11-11'),(2586,'g',0,'2011-11-11'),(3933,'g',0,'2011-11-11'),(2127,'g',0,'2011-11-11'),(3107,'g',0,'2011-11-11'),(3522,'g',0,'2011-11-11'),(4605,'g',0,'2011-11-11'),(1388,'g',0,'2011-11-11'),(2115,'g',0,'2011-11-11'),(1450,'g',0,'2011-11-11'),(1317,'g',0,'2011-11-11'),(4717,'g',0,'2011-11-11'),(4774,'g',0,'2011-11-11'),(7361,'g',0,'2011-11-11'),(2350,'g',0,'2011-11-11'),(1293,'g',0,'2011-11-11'),(2381,'g',0,'2011-11-11'),(1616,'g',0,'2011-11-11'),(5146,'g',0,'2011-11-11'),(2425,'g',0,'2011-11-11'),(2344,'g',0,'2011-11-11'),(2533,'g',0,'2011-11-11'),(5934,'g',0,'2011-11-11'),(1593,'g',0,'2011-11-11'),(2704,'g',0,'2011-11-11'),(2140,'g',0,'2011-11-11'),(5035,'g',0,'2011-11-11'),(3289,'g',0,'2011-11-11'),(6177,'g',0,'2011-11-11'),(5786,'g',0,'2011-11-11'),(1585,'g',0,'2011-11-11'),(513,'g',0,'2011-11-11'),(6036,'g',0,'2011-11-11'),(256,'g',0,'2012-02-15'),(613,'g',0,'2011-11-11'),(658,'g',0,'2012-02-15'),(605,'g',0,'2011-11-11'),(2067,'g',0,'2011-11-11'),(2604,'g',0,'2011-11-11'),(1826,'g',0,'2011-11-11'),(586,'g',0,'2011-11-11'),(9169,'g',0,'2011-11-11'),(3554,'g',0,'2011-11-11'),(13907,'g',0,'2011-11-11'),(2041,'g',0,'2011-11-11'),(259,'g',0,'2012-02-15'),(10646,'g',0,'2011-11-11'),(12449,'g',0,'2011-11-11'),(12759,'g',0,'2011-11-11'),(266,'g',0,'2011-11-11'),(3444,'g',0,'2011-11-11'),(1418,'g',0,'2011-11-11'),(2850,'g',0,'2011-11-11'),(11323,'g',0,'2011-11-11'),(11591,'g',0,'2011-11-11'),(3137,'g',0,'2011-11-11'),(12093,'g',0,'2011-11-11'),(1648,'g',0,'2011-11-11'),(4477,'g',0,'2011-11-11'),(4688,'g',0,'2011-12-15'),(12566,'g',0,'2011-11-11'),(3085,'g',0,'2011-11-11'),(3967,'g',0,'2011-11-11'),(1834,'g',0,'2011-11-11'),(2459,'g',0,'2011-11-11'),(5020,'g',0,'2011-11-11'),(1380,'g',0,'2011-11-11'),(7980,'g',0,'2011-11-11'),(13049,'g',0,'2011-11-11'),(1409,'g',0,'2011-11-11'),(13262,'g',0,'2012-02-15'),(13860,'g',0,'2011-11-11'),(11536,'g',0,'2011-11-11'),(5433,'g',0,'2011-11-11'),(4219,'g',0,'2011-11-11'),(1803,'g',0,'2011-11-11'),(12892,'g',0,'2011-11-11'),(11180,'g',0,'2011-11-11'),(12187,'g',0,'2011-11-11'),(3586,'g',0,'2011-11-11'),(1480,'g',0,'2011-11-11'),(9345,'g',0,'2011-11-11'),(1635,'g',0,'2011-11-11'),(4154,'g',0,'2011-11-11'),(8152,'g',0,'2011-11-11'),(3839,'g',0,'2011-11-11'),(3932,'g',0,'2011-11-11'),(2017,'g',0,'2011-11-11'),(1259,'g',0,'2011-11-11'),(1322,'g',0,'2011-11-11'),(1886,'g',0,'2011-11-11'),(3598,'g',0,'2011-11-11'),(3231,'g',0,'2011-11-11'),(186,'g',0,'2011-11-11'),(2213,'g',0,'2011-11-11'),(7807,'g',0,'2011-11-11'),(2305,'g',0,'2011-11-11'),(1246,'g',0,'2011-11-11'),(12346,'g',0,'2011-11-11'),(3852,'g',0,'2011-11-11'),(12195,'g',0,'2011-11-11'),(12248,'g',0,'2011-11-11'),(3874,'g',0,'2011-11-11'),(3591,'g',0,'2011-11-11'),(12937,'g',0,'2011-11-11'),(11564,'g',0,'2011-11-11'),(3034,'g',0,'2011-11-11'),(8769,'g',0,'2011-11-11'),(141,'g',0,'2011-11-11'),(218,'g',0,'2012-02-15'),(12515,'g',0,'2011-11-11'),(12590,'g',0,'2011-11-11'),(2006,'g',0,'2011-11-11'),(194,'g',0,'2011-11-11'),(1793,'g',0,'2011-11-11'),(6436,'g',0,'2012-01-07'),(10269,'g',0,'2011-11-11'),(1460,'g',0,'2011-11-11'),(4996,'g',0,'2011-11-11'),(3642,'g',0,'2011-12-16'),(2309,'g',0,'2011-11-11'),(5865,'g',0,'2011-11-11'),(2281,'g',0,'2011-11-11'),(1626,'g',0,'2011-11-11'),(2646,'g',0,'2011-11-11'),(3143,'g',0,'2011-11-11'),(3872,'g',0,'2011-11-11'),(2567,'g',0,'2011-11-11'),(5971,'g',0,'2011-11-11'),(4433,'g',0,'2011-11-11'),(267,'g',0,'2011-11-11'),(7183,'g',0,'2011-11-11'),(3371,'g',0,'2011-11-11'),(7914,'g',0,'2011-11-11'),(3735,'g',0,'2011-11-11'),(4762,'g',0,'2011-11-11'),(1592,'g',0,'2011-11-11'),(3960,'g',0,'2011-11-11'),(2055,'g',0,'2011-11-11'),(2274,'g',0,'2011-11-11'),(2015,'g',0,'2011-11-11'),(6025,'g',0,'2011-11-11'),(3121,'g',0,'2011-11-11'),(1395,'g',0,'2011-11-11'),(8935,'g',0,'2011-11-11'),(13681,'g',0,'2011-11-11'),(3649,'g',0,'2011-11-11'),(7744,'g',0,'2011-11-11'),(215,'g',0,'2012-02-15'),(2593,'g',0,'2011-11-11'),(2548,'g',0,'2011-11-11'),(1250,'g',0,'2011-11-11'),(11892,'g',0,'2011-11-11'),(4278,'g',0,'2011-11-11'),(2472,'g',0,'2011-11-11'),(671,'g',0,'2012-02-06'),(1488,'g',0,'2011-11-11'),(654,'g',0,'2012-02-15'),(655,'g',0,'2011-11-11'),(1192,'g',0,'2011-11-11'),(1678,'g',0,'2011-11-11'),(1441,'g',0,'2011-11-11'),(4709,'g',0,'2011-11-11'),(1708,'g',0,'2011-11-11'),(4499,'g',0,'2011-11-11'),(1314,'g',0,'2011-11-11'),(4210,'g',0,'2011-11-11'),(1596,'g',0,'2011-11-11'),(1566,'g',0,'2011-11-11'),(2081,'g',0,'2011-11-11'),(4637,'g',0,'2011-11-11'),(6604,'g',0,'2011-11-11'),(7332,'g',0,'2011-11-11'),(1498,'g',0,'2011-11-11'),(1878,'g',0,'2011-11-11'),(2248,'g',0,'2011-11-11'),(2592,'g',0,'2011-11-11'),(3279,'g',0,'2011-11-11'),(2617,'g',0,'2011-11-11'),(3329,'g',0,'2011-11-11'),(2048,'g',0,'2011-11-11'),(1984,'g',0,'2011-11-11'),(2431,'g',0,'2011-11-11'),(2634,'g',0,'2011-11-11'),(1862,'g',0,'2011-11-11'),(1461,'g',0,'2011-11-11'),(1361,'g',0,'2011-11-11'),(1394,'g',0,'2011-11-11'),(1287,'g',0,'2011-11-11'),(4067,'g',0,'2011-11-11'),(2404,'g',0,'2011-11-11'),(1643,'g',0,'2011-11-11'),(5644,'g',0,'2011-11-11'),(7380,'g',0,'2011-11-11'),(2684,'g',0,'2011-11-11'),(1528,'g',0,'2011-11-11'),(5030,'g',0,'2011-11-11'),(2077,'g',0,'2011-11-11'),(6039,'g',0,'2011-11-11'),(1956,'g',0,'2011-11-11'),(5885,'g',0,'2011-11-12'),(13914,'g',0,'2011-11-12'),(189,'g',0,'2011-11-12'),(12960,'g',0,'2011-11-12'),(12862,'g',0,'2011-11-12'),(12823,'g',0,'2011-11-12'),(1655,'g',0,'2011-11-12'),(226,'g',0,'2012-02-15'),(4370,'g',0,'2011-11-12'),(2112,'g',0,'2011-11-12'),(1743,'g',0,'2011-11-12'),(12023,'g',0,'2011-11-12'),(4789,'g',0,'2011-11-12'),(13266,'g',0,'2011-11-12'),(4374,'g',0,'2011-11-12'),(11796,'g',0,'2011-11-12'),(3557,'g',0,'2011-11-12'),(3161,'g',0,'2011-11-12'),(1481,'g',0,'2011-11-12'),(1802,'g',0,'2011-11-12'),(11685,'g',0,'2011-11-12'),(2148,'g',0,'2011-11-12'),(1435,'g',0,'2011-11-12'),(196,'g',0,'2011-11-12'),(13621,'g',0,'2011-11-12'),(5972,'g',0,'2011-11-12'),(2145,'g',0,'2011-11-12'),(3128,'g',0,'2011-11-12'),(2801,'g',0,'2011-11-12'),(3647,'g',0,'2011-11-12'),(2722,'g',0,'2011-11-12'),(11019,'g',0,'2011-11-12'),(13919,'g',0,'2011-11-12'),(231,'g',0,'2012-02-15'),(4273,'g',0,'2011-11-12'),(2314,'g',0,'2011-11-12'),(4193,'g',0,'2011-11-12'),(1376,'g',0,'2011-11-12'),(13792,'g',0,'2011-11-12'),(13138,'g',0,'2011-11-12'),(3056,'g',0,'2011-11-12'),(13292,'g',0,'2011-11-12'),(1784,'g',0,'2011-11-12'),(13365,'g',0,'2011-11-12'),(10253,'g',0,'2011-11-12'),(11802,'g',0,'2011-11-12'),(13175,'g',0,'2011-11-12'),(4035,'g',0,'2011-11-12'),(12154,'g',0,'2011-11-12'),(13234,'g',0,'2011-11-12'),(12253,'g',0,'2011-11-12'),(11541,'g',0,'2011-11-12'),(3805,'g',0,'2011-11-12'),(5164,'g',0,'2011-11-12'),(1106,'g',0,'2011-11-12'),(4625,'g',0,'2011-11-12'),(2163,'g',0,'2011-11-12'),(1160,'g',0,'2011-11-12'),(7040,'g',0,'2011-11-12'),(13388,'g',0,'2011-11-12'),(1806,'g',0,'2011-11-12'),(1525,'g',0,'2011-11-12'),(210,'g',0,'2011-11-12'),(8719,'g',0,'2011-11-12'),(13868,'g',0,'2011-11-12'),(11977,'g',0,'2011-11-12'),(12991,'g',0,'2011-11-12'),(11349,'g',0,'2011-11-12'),(3195,'g',0,'2011-11-12'),(10129,'g',0,'2011-11-12'),(10084,'g',0,'2011-11-12'),(1324,'g',0,'2011-11-12'),(10687,'g',0,'2011-11-12'),(4963,'g',0,'2011-11-12'),(4908,'g',0,'2011-11-12'),(13173,'g',0,'2011-11-12'),(4480,'g',0,'2011-11-12'),(1382,'g',0,'2011-11-12'),(4848,'g',0,'2011-11-12'),(12755,'g',0,'2011-11-12'),(4008,'g',0,'2011-11-12'),(3060,'g',0,'2011-11-12'),(2233,'g',0,'2011-11-12'),(3681,'g',0,'2011-11-12'),(12123,'g',0,'2011-11-12'),(223,'g',0,'2012-02-15'),(2619,'g',0,'2011-11-12'),(1598,'g',0,'2011-11-12'),(8585,'g',0,'2011-11-12'),(6829,'g',0,'2011-11-12'),(10722,'g',0,'2011-11-12'),(6155,'g',0,'2011-11-12'),(4080,'g',0,'2011-11-12'),(1416,'g',0,'2011-11-12'),(2286,'g',0,'2011-11-12'),(869,'g',0,'2012-02-15'),(2335,'g',0,'2011-11-12'),(1121,'g',0,'2011-11-12'),(1367,'g',0,'2011-11-12'),(3685,'g',0,'2011-11-12'),(4398,'g',0,'2011-11-12'),(2411,'g',0,'2011-11-12'),(2264,'g',0,'2011-11-12'),(4508,'g',0,'2011-11-12'),(5108,'g',0,'2011-11-12'),(4569,'g',0,'2012-02-03'),(1857,'g',0,'2011-11-12'),(1455,'g',0,'2011-11-12'),(2054,'g',0,'2011-11-12'),(2133,'g',0,'2011-11-12'),(3155,'g',0,'2011-11-12'),(1738,'g',0,'2011-11-12'),(2022,'g',0,'2011-11-12'),(2483,'g',0,'2011-11-12'),(1776,'g',0,'2011-11-12'),(1991,'g',0,'2011-11-12'),(1619,'g',0,'2011-11-12'),(3368,'g',0,'2011-11-12'),(1321,'g',0,'2011-11-12'),(2630,'g',0,'2011-11-12'),(4274,'g',0,'2011-11-12'),(1973,'g',0,'2011-11-12'),(6957,'g',0,'2011-11-12'),(5151,'g',0,'2011-11-12'),(7291,'g',0,'2011-11-12'),(1950,'g',0,'2011-11-12'),(1925,'g',0,'2011-11-12'),(1945,'g',0,'2011-11-12'),(6581,'g',0,'2011-11-12'),(3856,'g',0,'2011-11-12'),(4980,'g',0,'2011-11-12'),(2903,'g',0,'2011-11-12'),(1399,'g',0,'2011-11-12'),(1442,'g',0,'2011-11-12'),(3446,'g',0,'2011-11-12'),(2584,'g',0,'2011-11-12'),(1226,'g',0,'2011-11-12'),(1731,'g',0,'2011-11-12'),(7489,'g',0,'2011-11-12'),(6712,'g',0,'2011-11-12'),(1538,'g',0,'2011-11-12'),(1578,'g',0,'2011-11-12'),(5051,'g',0,'2011-11-12'),(7207,'g',0,'2011-11-12'),(2078,'g',0,'2011-11-12'),(4412,'g',0,'2011-11-12'),(1479,'g',0,'2011-11-12'),(7148,'g',0,'2011-11-12'),(12901,'g',0,'2011-11-12'),(10950,'g',0,'2011-11-12'),(12503,'g',0,'2011-11-12'),(13913,'g',0,'2011-12-16'),(5849,'g',0,'2011-11-12'),(1836,'g',0,'2011-11-12'),(1612,'g',0,'2011-11-12'),(1272,'g',0,'2011-11-12'),(4566,'g',0,'2011-11-12'),(12877,'g',0,'2011-11-12'),(11994,'g',0,'2011-11-12'),(2625,'g',0,'2011-11-12'),(1622,'g',0,'2011-11-12'),(12768,'g',0,'2011-11-12'),(12998,'g',0,'2011-11-12'),(3527,'g',0,'2011-11-12'),(3501,'g',0,'2011-11-12'),(1754,'g',0,'2011-11-12'),(5529,'g',0,'2011-11-12'),(9713,'g',0,'2011-11-12'),(2043,'g',0,'2011-11-12'),(198,'g',0,'2011-11-12'),(2296,'g',0,'2011-11-12'),(9026,'g',0,'2011-11-12'),(1639,'g',0,'2011-11-12'),(1260,'g',0,'2011-11-12'),(5156,'g',0,'2011-11-12'),(12758,'g',0,'2011-11-12'),(13334,'g',0,'2011-11-12'),(11860,'g',0,'2011-11-12'),(1501,'g',0,'2011-11-12'),(1748,'g',0,'2011-11-12'),(11050,'g',0,'2011-11-12'),(3869,'g',0,'2011-11-12'),(1262,'g',0,'2011-11-12'),(7282,'g',0,'2011-11-12'),(5363,'g',0,'2011-11-12'),(1594,'g',0,'2011-11-12'),(2603,'g',0,'2011-11-12'),(1577,'g',0,'2011-11-12'),(1715,'g',0,'2011-11-12'),(11633,'g',0,'2011-11-12'),(1809,'g',0,'2011-11-12'),(1604,'g',0,'2011-11-12'),(1390,'g',0,'2011-11-12'),(1680,'g',0,'2011-11-12'),(1237,'g',0,'2011-11-12'),(1999,'g',0,'2011-11-12'),(3721,'g',0,'2011-11-12'),(11642,'g',0,'2011-11-12'),(12717,'g',0,'2011-11-12'),(4315,'g',0,'2011-11-12'),(2116,'g',0,'2011-11-12'),(1613,'g',0,'2011-11-12'),(3317,'g',0,'2011-11-12'),(11306,'g',0,'2011-11-12'),(11901,'g',0,'2011-11-12'),(12017,'g',0,'2011-11-12'),(3198,'g',0,'2011-11-12'),(12959,'g',0,'2011-11-12'),(4320,'g',0,'2011-11-12'),(3241,'g',0,'2011-11-12'),(2365,'g',0,'2011-11-12'),(12539,'g',0,'2011-11-12'),(3717,'g',0,'2011-11-12'),(3342,'g',0,'2011-11-12'),(4624,'g',0,'2011-11-12'),(12637,'g',0,'2011-11-12'),(185,'g',0,'2011-11-12'),(3589,'g',0,'2011-11-12'),(11094,'g',0,'2011-11-12'),(11722,'g',0,'2011-11-12'),(3736,'g',0,'2011-11-12'),(1582,'g',0,'2011-11-12'),(1033,'g',0,'2011-11-12'),(1189,'g',0,'2011-11-12'),(1125,'g',0,'2011-11-12'),(1357,'g',0,'2011-11-12'),(1807,'g',0,'2011-11-12'),(1705,'g',0,'2011-11-12'),(5056,'g',0,'2011-11-12'),(1602,'g',0,'2011-11-12'),(1996,'g',0,'2011-11-12'),(1472,'g',0,'2011-11-12'),(1355,'g',0,'2011-11-12'),(3116,'g',0,'2011-11-12'),(2534,'g',0,'2011-11-12'),(2446,'g',0,'2011-11-12'),(1610,'g',0,'2011-11-12'),(2405,'g',0,'2011-11-12'),(1270,'g',0,'2011-11-12'),(1319,'g',0,'2011-11-12'),(3437,'g',0,'2011-11-12'),(1384,'g',0,'2011-11-12'),(1779,'g',0,'2011-11-12'),(2430,'g',0,'2011-11-12'),(2799,'g',0,'2011-11-12'),(2747,'g',0,'2011-11-12'),(7732,'g',0,'2011-11-12'),(2624,'g',0,'2011-11-12'),(2622,'g',0,'2011-11-12'),(1928,'g',0,'2011-11-12'),(2674,'g',0,'2011-11-12'),(1186,'g',0,'2011-11-12'),(2051,'g',0,'2011-11-12'),(2724,'g',0,'2011-11-12'),(3297,'g',0,'2011-11-12'),(7339,'g',0,'2011-11-12'),(1637,'g',0,'2011-11-12'),(5932,'g',0,'2011-11-12'),(2590,'g',0,'2011-11-12'),(2219,'g',0,'2011-11-12'),(1536,'g',0,'2011-11-12'),(5250,'g',0,'2011-11-12'),(4902,'g',0,'2011-11-12'),(530,'g',0,'2011-11-12'),(588,'g',0,'2011-11-12'),(545,'g',0,'2011-11-12'),(10626,'g',0,'2011-11-12'),(199,'g',0,'2011-11-12'),(1433,'g',0,'2011-11-12'),(1765,'g',0,'2011-11-12'),(6883,'g',0,'2011-11-12'),(7762,'g',0,'2011-11-12'),(2285,'g',0,'2011-11-12'),(5331,'g',0,'2011-11-12'),(1986,'g',0,'2011-11-12'),(1576,'g',0,'2011-11-12'),(12984,'g',0,'2011-11-12'),(3362,'g',0,'2011-11-12'),(2128,'g',0,'2011-11-12'),(11769,'g',0,'2011-11-12'),(6400,'g',0,'2011-11-12'),(12112,'g',0,'2011-11-12'),(2526,'g',0,'2011-11-12'),(7269,'g',0,'2011-11-12'),(13130,'g',0,'2011-11-12'),(1759,'g',0,'2011-11-12'),(4826,'g',0,'2011-11-12'),(13908,'g',0,'2011-11-12'),(11436,'g',0,'2011-11-12'),(2061,'g',0,'2011-11-12'),(3478,'g',0,'2011-11-12'),(1751,'g',0,'2011-11-12'),(1330,'g',0,'2011-11-12'),(197,'g',0,'2011-11-12'),(2416,'g',0,'2011-11-12'),(1877,'g',0,'2011-11-12'),(12878,'g',0,'2011-11-12'),(8670,'g',0,'2011-11-12'),(5209,'g',0,'2011-11-12'),(1243,'g',0,'2011-11-12'),(190,'g',0,'2011-11-12'),(3244,'g',0,'2011-11-12'),(13852,'g',0,'2011-11-12'),(158,'g',0,'2011-11-12'),(12341,'g',0,'2011-11-12'),(1573,'g',0,'2011-11-12'),(9787,'g',0,'2011-11-12'),(12854,'g',0,'2011-11-12'),(13252,'g',0,'2011-11-12'),(3120,'g',0,'2011-11-12'),(1867,'g',0,'2011-11-12'),(5476,'g',0,'2011-11-12'),(2726,'g',0,'2011-11-12'),(1959,'g',0,'2011-11-12'),(13735,'g',0,'2011-11-12'),(12430,'g',0,'2011-11-12'),(4331,'g',0,'2011-11-12'),(13754,'g',0,'2011-11-12'),(3780,'g',0,'2011-11-12'),(11468,'g',0,'2011-11-12'),(1699,'g',0,'2011-11-12'),(3941,'g',0,'2011-11-12'),(13762,'g',0,'2011-11-12'),(13912,'g',0,'2011-11-12'),(1354,'g',0,'2011-11-12'),(4288,'g',0,'2011-11-12'),(4201,'g',0,'2011-11-12'),(1782,'g',0,'2011-11-12'),(2401,'g',0,'2011-11-12'),(268,'g',0,'2011-11-12'),(3322,'g',0,'2011-11-12'),(2039,'g',0,'2011-11-12'),(12002,'g',0,'2011-11-12'),(1535,'g',0,'2011-11-12'),(12391,'g',0,'2011-11-12'),(2070,'g',0,'2011-11-12'),(13061,'g',0,'2011-11-12'),(1512,'g',0,'2011-11-12'),(204,'g',0,'2011-11-12'),(5834,'g',0,'2011-11-12'),(12979,'g',0,'2011-11-12'),(4258,'g',0,'2012-02-25'),(3610,'g',0,'2011-11-12'),(9505,'g',0,'2011-11-12'),(12767,'g',0,'2011-11-12'),(9988,'g',0,'2011-11-12'),(2289,'g',0,'2011-11-12'),(3095,'g',0,'2011-11-12'),(3207,'g',0,'2011-11-12'),(5325,'g',0,'2011-11-12'),(13378,'g',0,'2011-11-12'),(13872,'g',0,'2011-11-12'),(2651,'g',0,'2011-11-12'),(1586,'g',0,'2011-11-12'),(8436,'g',0,'2011-11-12'),(1964,'g',0,'2011-11-12'),(2230,'g',0,'2011-11-12'),(744,'g',0,'2011-11-12'),(908,'g',0,'2011-12-16'),(3331,'g',0,'2011-11-12'),(3566,'g',0,'2011-11-12'),(2351,'g',0,'2011-11-12'),(2594,'g',0,'2011-11-12'),(1292,'g',0,'2011-11-12'),(1905,'g',0,'2011-11-12'),(2139,'g',0,'2011-11-12'),(1325,'g',0,'2011-11-12'),(7564,'g',0,'2011-11-12'),(1873,'g',0,'2011-11-12'),(2410,'g',0,'2011-11-12'),(3059,'g',0,'2011-11-12'),(1927,'g',0,'2011-11-12'),(2310,'g',0,'2011-11-12'),(3119,'g',0,'2011-11-12'),(2269,'g',0,'2011-11-12'),(3682,'g',0,'2011-11-12'),(242,'g',0,'2012-02-15'),(2894,'g',0,'2011-11-12'),(2466,'g',0,'2011-11-12'),(2304,'g',0,'2011-11-12'),(5044,'g',0,'2011-11-12'),(6226,'g',0,'2011-11-12'),(3078,'g',0,'2011-11-12'),(2338,'g',0,'2011-11-12'),(1427,'g',0,'2011-11-12'),(6399,'g',0,'2011-11-12'),(5074,'g',0,'2011-11-12'),(1575,'g',0,'2011-11-12'),(5231,'g',0,'2011-11-12'),(1511,'g',0,'2011-11-12'),(2194,'g',0,'2011-11-12'),(5949,'g',0,'2011-11-12'),(615,'g',0,'2011-11-12'),(4631,'g',0,'2011-11-12'),(2135,'g',0,'2011-11-12'),(11736,'g',0,'2011-11-12'),(1785,'g',0,'2011-11-12'),(5296,'g',0,'2011-11-12'),(2774,'g',0,'2011-11-12'),(4026,'g',0,'2011-11-12'),(12652,'g',0,'2011-11-12'),(13757,'g',0,'2011-11-12'),(7760,'g',0,'2011-11-12'),(12797,'g',0,'2011-11-12'),(1351,'g',0,'2011-11-12'),(4594,'g',0,'2011-11-12'),(3204,'g',0,'2011-11-12'),(1288,'g',0,'2011-11-12'),(1195,'g',0,'2011-11-12'),(4446,'g',0,'2011-11-12'),(1657,'g',0,'2011-11-12'),(7781,'g',0,'2011-11-12'),(1534,'g',0,'2011-11-12'),(1672,'g',0,'2011-11-12'),(2200,'g',0,'2011-11-12'),(1484,'g',0,'2011-11-12'),(1206,'g',0,'2011-11-12'),(13062,'g',0,'2011-11-12'),(1124,'g',0,'2011-11-12'),(4795,'g',0,'2011-11-12'),(1491,'g',0,'2011-11-12'),(12342,'g',0,'2011-11-12'),(3959,'g',0,'2011-11-12'),(3924,'g',0,'2011-11-12'),(1231,'g',0,'2011-11-12'),(1289,'g',0,'2011-11-12'),(2080,'g',0,'2011-11-12'),(12597,'g',0,'2011-11-12'),(7467,'g',0,'2011-11-12'),(13230,'g',0,'2011-11-12'),(1855,'g',0,'2011-11-12'),(6359,'g',0,'2011-11-12'),(1207,'g',0,'2011-11-12'),(1222,'g',0,'2011-11-12'),(1179,'g',0,'2011-11-12'),(2216,'g',0,'2011-11-12'),(1116,'g',0,'2011-11-12'),(1161,'g',0,'2011-11-12'),(11902,'g',0,'2011-11-12'),(1130,'g',0,'2011-11-12'),(2772,'g',0,'2011-11-12'),(1143,'g',0,'2011-11-12'),(1098,'g',0,'2011-11-12'),(1700,'g',0,'2011-11-12'),(3866,'g',0,'2011-11-12'),(3587,'g',0,'2011-11-12'),(11022,'g',0,'2011-11-12'),(3100,'g',0,'2011-11-12'),(3210,'g',0,'2011-11-12'),(192,'g',0,'2011-11-12'),(12441,'g',0,'2011-11-12'),(12794,'g',0,'2011-11-12'),(1960,'g',0,'2011-11-12'),(10337,'g',0,'2011-11-12'),(5566,'g',0,'2011-11-12'),(4839,'g',0,'2011-11-12'),(12471,'g',0,'2011-11-12'),(180,'g',0,'2011-11-12'),(10061,'g',0,'2011-11-12'),(3126,'g',0,'2011-11-12'),(3309,'g',0,'2011-11-12'),(7396,'g',0,'2011-11-12'),(1252,'g',0,'2011-11-12'),(7630,'g',0,'2011-11-12'),(6342,'g',0,'2011-11-12'),(3815,'g',0,'2011-11-12'),(13909,'g',0,'2012-02-15'),(3386,'g',0,'2011-11-12'),(1328,'g',0,'2011-11-12'),(7344,'g',0,'2012-02-14'),(10081,'g',0,'2011-11-12'),(7697,'g',0,'2011-11-12'),(10807,'g',0,'2011-11-12'),(2241,'g',0,'2011-11-12'),(13319,'g',0,'2011-11-12'),(4744,'g',0,'2011-11-12'),(2580,'g',0,'2011-11-12'),(12933,'g',0,'2011-11-12'),(1255,'g',0,'2011-11-12'),(1304,'g',0,'2011-11-12'),(9245,'g',0,'2011-11-12'),(3871,'g',0,'2011-11-12'),(3308,'g',0,'2011-11-12'),(7671,'g',0,'2011-11-12'),(1735,'g',0,'2011-11-12'),(7221,'g',0,'2011-11-12'),(3846,'g',0,'2011-11-12'),(6704,'g',0,'2011-11-12'),(1758,'g',0,'2011-11-12'),(1788,'g',0,'2011-11-12'),(1792,'g',0,'2011-11-12'),(1796,'g',0,'2011-11-12'),(1761,'g',0,'2011-11-12'),(1473,'g',0,'2011-11-12'),(1042,'g',0,'2011-11-12'),(1421,'g',0,'2011-11-12'),(1458,'g',0,'2011-11-12'),(1775,'g',0,'2011-11-12'),(2108,'g',0,'2011-11-12'),(7886,'g',0,'2011-11-12'),(3063,'g',0,'2011-11-12'),(3069,'g',0,'2011-11-12'),(2243,'g',0,'2011-11-12'),(1301,'g',0,'2011-11-12'),(2458,'g',0,'2011-11-12'),(2892,'g',0,'2011-11-12'),(2007,'g',0,'2011-11-12'),(1408,'g',0,'2011-11-12'),(1780,'g',0,'2011-11-12'),(2639,'g',0,'2011-11-12'),(5303,'g',0,'2011-11-12'),(5632,'g',0,'2011-11-12'),(4807,'g',0,'2011-11-12'),(6510,'g',0,'2011-11-12'),(5583,'g',0,'2011-11-12'),(577,'g',0,'2011-11-12'),(8324,'g',0,'2011-11-12'),(3134,'g',0,'2011-11-12'),(5080,'g',0,'2011-11-12'),(13898,'g',0,'2011-11-12'),(205,'g',0,'2011-11-12'),(293,'g',0,'2012-02-15'),(2542,'g',0,'2011-11-12'),(13512,'g',0,'2011-11-12'),(5178,'g',0,'2011-11-12'),(6388,'g',0,'2011-11-12'),(1970,'g',0,'2011-11-12'),(5090,'g',0,'2011-11-12'),(1982,'g',0,'2011-11-12'),(8820,'g',0,'2011-11-12'),(297,'g',0,'2012-02-15'),(7191,'g',0,'2011-11-12'),(3355,'g',0,'2011-11-12'),(6945,'g',0,'2011-11-12'),(5234,'g',0,'2011-11-12'),(10907,'g',0,'2011-11-12'),(6126,'g',0,'2011-11-12'),(13151,'g',0,'2011-11-12'),(11262,'g',0,'2011-11-12'),(2515,'g',0,'2011-11-12'),(1530,'g',0,'2011-11-12'),(4503,'g',0,'2011-11-12'),(5918,'g',0,'2011-11-12'),(2506,'g',0,'2011-11-12'),(1334,'g',0,'2011-11-12'),(12642,'g',0,'2011-11-13'),(6598,'g',0,'2011-11-13'),(12191,'g',0,'2011-11-13'),(7376,'g',0,'2011-11-13'),(3807,'g',0,'2011-11-13'),(10970,'g',0,'2011-11-13'),(7111,'g',0,'2011-11-13'),(4421,'g',0,'2011-11-13'),(13766,'g',0,'2011-11-13'),(2035,'g',0,'2011-11-13'),(4099,'g',0,'2011-11-13'),(3504,'g',0,'2011-11-13'),(10765,'g',0,'2011-11-13'),(3691,'g',0,'2011-11-13'),(6454,'g',0,'2011-11-13'),(9703,'g',0,'2011-11-13'),(4170,'g',0,'2011-11-13'),(2157,'g',0,'2011-11-13'),(3477,'g',0,'2011-11-13'),(3185,'g',0,'2011-11-13'),(202,'g',0,'2011-11-13'),(4411,'g',0,'2011-11-13'),(13056,'g',0,'2011-11-13'),(2746,'g',0,'2011-11-13'),(1332,'g',0,'2011-11-13'),(1445,'g',0,'2011-11-13'),(7216,'g',0,'2011-11-13'),(2884,'g',0,'2011-11-13'),(7637,'g',0,'2011-11-13'),(12708,'g',0,'2011-11-13'),(8562,'g',0,'2011-11-13'),(3216,'g',0,'2011-11-13'),(10558,'g',0,'2011-11-13'),(4488,'g',0,'2011-11-13'),(11244,'g',0,'2011-11-13'),(3783,'g',0,'2011-11-13'),(3723,'g',0,'2011-11-13'),(1747,'g',0,'2011-11-13'),(3033,'g',0,'2011-11-13'),(4347,'g',0,'2011-11-13'),(13563,'g',0,'2011-11-13'),(8581,'g',0,'2011-11-13'),(13918,'g',0,'2011-11-13'),(3925,'g',0,'2011-11-13'),(7813,'g',0,'2011-11-13'),(7973,'g',0,'2011-11-13'),(7284,'g',0,'2011-11-13'),(13841,'g',0,'2011-11-13'),(1811,'g',0,'2011-11-13'),(3964,'g',0,'2011-11-13'),(3882,'g',0,'2011-11-13'),(1847,'g',0,'2011-11-13'),(1402,'g',0,'2011-11-13'),(7954,'g',0,'2011-11-13'),(1474,'g',0,'2011-11-13'),(1977,'g',0,'2011-11-13'),(4414,'g',0,'2011-11-13'),(1490,'g',0,'2011-11-13'),(2571,'g',0,'2011-11-13'),(3066,'g',0,'2011-11-13'),(8290,'g',0,'2011-11-13'),(1397,'g',0,'2011-11-13'),(2441,'g',0,'2011-11-13'),(3023,'g',0,'2011-11-13'),(1311,'g',0,'2011-11-13'),(6992,'g',0,'2011-11-13'),(3199,'g',0,'2011-11-13'),(2032,'g',0,'2011-11-13'),(2859,'g',0,'2011-11-13'),(6927,'g',0,'2011-11-13'),(1872,'g',0,'2011-11-13'),(3529,'g',0,'2011-11-13'),(1617,'g',0,'2011-11-13'),(5717,'g',0,'2011-11-13'),(7553,'g',0,'2011-11-13'),(5727,'g',0,'2011-11-13'),(474,'g',0,'2011-11-13'),(7786,'g',0,'2011-11-13'),(1544,'g',0,'2011-11-13'),(12669,'g',0,'2011-11-13'),(4666,'g',0,'2011-11-13'),(9969,'g',0,'2011-11-13'),(2363,'g',0,'2011-11-13'),(3509,'g',0,'2011-11-13'),(5278,'g',0,'2011-11-13'),(12995,'g',0,'2011-11-13'),(3899,'g',0,'2011-11-13'),(6852,'g',0,'2011-11-13'),(1975,'g',0,'2011-11-13'),(11252,'g',0,'2011-11-13'),(2064,'g',0,'2011-11-13'),(3396,'g',0,'2011-11-13'),(10480,'g',0,'2011-11-13'),(1383,'g',0,'2011-11-13'),(13023,'g',0,'2011-11-13'),(5023,'g',0,'2011-11-13'),(2019,'g',0,'2011-11-13'),(6304,'g',0,'2011-11-13'),(6561,'g',0,'2011-11-13'),(2299,'g',0,'2011-11-13'),(6872,'g',0,'2011-11-13'),(1863,'g',0,'2011-11-13'),(4644,'g',0,'2011-11-13'),(1564,'g',0,'2011-11-13'),(3502,'g',0,'2011-11-13'),(8118,'g',0,'2011-11-13'),(3369,'g',0,'2011-11-13'),(11956,'g',0,'2011-11-13'),(2660,'g',0,'2011-11-13'),(13214,'g',0,'2011-11-13'),(1736,'g',0,'2011-11-13'),(8678,'g',0,'2011-11-13'),(3552,'g',0,'2011-11-13'),(12051,'g',0,'2011-11-13'),(2105,'g',0,'2011-11-13'),(3673,'g',0,'2011-11-13'),(156,'g',0,'2011-11-13'),(203,'g',0,'2011-11-13'),(3093,'g',0,'2011-11-13'),(12635,'g',0,'2012-02-15'),(3087,'g',0,'2011-11-13'),(12830,'g',0,'2011-11-13'),(13015,'g',0,'2011-11-13'),(3798,'g',0,'2011-11-13'),(4102,'g',0,'2011-11-13'),(3168,'g',0,'2011-11-13'),(1605,'g',0,'2011-11-13'),(13904,'g',0,'2011-11-13'),(9276,'g',0,'2011-11-13'),(5974,'g',0,'2011-11-13'),(12480,'g',0,'2011-11-13'),(7877,'g',0,'2011-11-13'),(2930,'g',0,'2011-11-13'),(6525,'g',0,'2011-11-13'),(5595,'g',0,'2011-11-13'),(4107,'g',0,'2011-11-13'),(12602,'g',0,'2011-11-13'),(3153,'g',0,'2011-11-13'),(10316,'g',0,'2011-11-13'),(13315,'g',0,'2011-11-13'),(1988,'g',0,'2011-11-13'),(4775,'g',0,'2011-11-13'),(13307,'g',0,'2011-11-13'),(4434,'g',0,'2011-11-13'),(3167,'g',0,'2011-11-13'),(4783,'g',0,'2011-11-13'),(3284,'g',0,'2011-11-13'),(2786,'g',0,'2011-11-13'),(13248,'g',0,'2011-11-13'),(12413,'g',0,'2011-11-13'),(3851,'g',0,'2011-11-13'),(1721,'g',0,'2011-11-13'),(1413,'g',0,'2011-11-13'),(5001,'g',0,'2011-11-13'),(13329,'g',0,'2011-11-13'),(7609,'g',0,'2011-11-13'),(2649,'g',0,'2011-11-13'),(12818,'g',0,'2011-11-13'),(4484,'g',0,'2011-11-13'),(762,'g',0,'2012-02-15'),(1285,'g',0,'2011-11-13'),(1167,'g',0,'2011-11-13'),(4156,'g',0,'2012-02-03'),(1405,'g',0,'2011-11-13'),(3114,'g',0,'2011-11-13'),(3272,'g',0,'2011-11-13'),(2610,'g',0,'2011-11-13'),(4623,'g',0,'2011-11-13'),(4343,'g',0,'2011-11-13'),(1707,'g',0,'2011-11-13'),(3556,'g',0,'2011-11-13'),(3285,'g',0,'2011-11-13'),(8222,'g',0,'2011-11-13'),(2468,'g',0,'2011-11-13'),(3661,'g',0,'2011-11-13'),(2695,'g',0,'2011-11-13'),(2976,'g',0,'2011-11-13'),(1597,'g',0,'2011-11-13'),(5592,'g',0,'2011-11-13'),(1644,'g',0,'2011-11-13'),(13917,'g',0,'2011-11-13'),(5506,'g',0,'2011-11-13'),(12519,'g',0,'2011-11-13'),(11363,'g',0,'2011-11-13'),(13022,'g',0,'2011-11-13'),(13748,'g',0,'2011-11-13'),(3246,'g',0,'2011-11-13'),(7319,'g',0,'2011-11-13'),(2673,'g',0,'2011-11-13'),(1574,'g',0,'2011-11-13'),(12695,'g',0,'2011-11-13'),(2524,'g',0,'2011-11-13'),(9039,'g',0,'2011-11-13'),(4208,'g',0,'2011-11-13'),(2184,'g',0,'2011-11-13'),(9951,'g',0,'2011-11-13'),(1932,'g',0,'2011-11-13'),(13067,'g',0,'2011-11-13'),(7601,'g',0,'2012-02-15'),(1244,'g',0,'2011-11-13'),(12607,'g',0,'2011-11-13'),(12650,'g',0,'2011-11-13'),(3496,'g',0,'2011-11-13'),(13226,'g',0,'2011-11-13'),(1342,'g',0,'2011-11-13'),(2846,'g',0,'2011-11-13'),(5975,'g',0,'2011-11-13'),(12561,'g',0,'2011-11-13'),(3675,'g',0,'2011-11-13'),(4797,'g',0,'2011-11-13'),(4527,'g',0,'2011-12-16'),(3333,'g',0,'2011-11-13'),(2843,'g',0,'2011-11-13'),(5528,'g',0,'2011-11-13'),(2172,'g',0,'2011-11-13'),(3287,'g',0,'2011-11-13'),(13107,'g',0,'2011-11-13'),(6038,'g',0,'2011-11-13'),(1539,'g',0,'2011-11-13'),(5028,'g',0,'2012-01-09'),(2040,'g',0,'2011-11-13'),(4798,'g',0,'2011-11-13'),(8733,'g',0,'2011-11-13'),(11742,'g',0,'2011-11-13'),(8609,'g',0,'2011-11-13'),(3742,'g',0,'2012-02-08'),(3201,'g',0,'2011-11-13'),(8943,'g',0,'2011-11-13'),(4642,'g',0,'2011-11-13'),(10488,'g',0,'2011-11-13'),(7624,'g',0,'2011-11-13'),(8462,'g',0,'2011-11-13'),(7342,'g',0,'2011-11-13'),(12371,'g',0,'2011-11-13'),(9110,'g',0,'2011-11-13'),(1464,'g',0,'2011-11-13'),(6521,'g',0,'2011-11-13'),(5553,'g',0,'2011-11-13'),(11255,'g',0,'2011-11-13'),(1235,'g',0,'2011-11-13'),(5467,'g',0,'2011-11-13'),(301,'g',0,'2011-11-13'),(2667,'g',0,'2011-11-13'),(3314,'g',0,'2011-11-13'),(1828,'g',0,'2011-11-13'),(12613,'g',0,'2011-11-13'),(1652,'g',0,'2011-11-13'),(7674,'g',0,'2011-11-13'),(216,'g',0,'2012-02-15'),(10510,'g',0,'2011-11-13'),(214,'g',0,'2012-02-15'),(234,'g',0,'2012-02-15'),(5765,'g',0,'2011-11-13'),(2895,'g',0,'2011-11-13'),(13854,'g',0,'2011-11-13'),(2059,'g',0,'2011-11-13'),(1757,'g',0,'2011-11-13'),(5037,'g',0,'2011-11-13'),(4727,'g',0,'2011-11-13'),(12730,'g',0,'2011-11-13'),(13915,'g',0,'2011-11-13'),(12213,'g',0,'2011-11-13'),(3928,'g',0,'2011-11-13'),(239,'g',0,'2012-02-15'),(2013,'g',0,'2011-11-13'),(10974,'g',0,'2011-11-13'),(7153,'g',0,'2011-11-13'),(555,'g',0,'2011-11-13'),(1169,'g',0,'2011-11-13'),(1451,'g',0,'2011-11-13'),(3493,'g',0,'2011-11-13'),(2000,'g',0,'2011-11-13'),(2038,'g',0,'2011-11-13'),(1269,'g',0,'2011-11-13'),(2332,'g',0,'2011-11-13'),(4471,'g',0,'2011-11-13'),(2220,'g',0,'2011-11-13'),(5141,'g',0,'2011-11-13'),(8274,'g',0,'2011-11-13'),(2237,'g',0,'2011-11-13'),(8022,'g',0,'2011-11-13'),(5555,'g',0,'2012-02-15'),(5993,'g',0,'2011-11-13'),(5016,'g',0,'2011-11-13'),(6404,'g',0,'2011-11-13'),(512,'g',0,'2011-11-13'),(489,'g',0,'2011-11-13'),(130,'g',0,'2011-11-13'),(3584,'g',0,'2011-11-13'),(3047,'g',0,'2011-11-13'),(4496,'g',0,'2011-11-13'),(3802,'g',0,'2011-11-13'),(11280,'g',0,'2011-11-13'),(11492,'g',0,'2011-11-13'),(5372,'g',0,'2011-11-13'),(4246,'g',0,'2011-11-13'),(2075,'g',0,'2011-11-13'),(12280,'g',0,'2011-11-13'),(4146,'g',0,'2011-11-13'),(2607,'g',0,'2011-11-13'),(5040,'g',0,'2011-11-13'),(4502,'g',0,'2012-02-08'),(13290,'g',0,'2011-11-13'),(10544,'g',0,'2011-11-13'),(3483,'g',0,'2011-11-13'),(5647,'g',0,'2011-11-13'),(2033,'g',0,'2011-11-13'),(2504,'g',0,'2011-11-13'),(12930,'g',0,'2011-11-13'),(13411,'g',0,'2011-11-13'),(2685,'g',0,'2011-11-13'),(2162,'g',0,'2011-11-13'),(13863,'g',0,'2011-11-13'),(1764,'g',0,'2011-11-13'),(11735,'g',0,'2011-11-13'),(5587,'g',0,'2011-11-13'),(11186,'g',0,'2011-11-13'),(3295,'g',0,'2011-11-13'),(10837,'g',0,'2011-11-13'),(8517,'g',0,'2011-11-13'),(4633,'g',0,'2011-11-13'),(8263,'g',0,'2011-11-13'),(12594,'g',0,'2011-11-13'),(12592,'g',0,'2011-11-13'),(4130,'g',0,'2011-11-13'),(1820,'g',0,'2011-11-13'),(8239,'g',0,'2011-11-13'),(7114,'g',0,'2011-11-13'),(2847,'g',0,'2011-11-13'),(4743,'g',0,'2011-11-13'),(9042,'g',0,'2011-11-13'),(13004,'g',0,'2011-11-13'),(1818,'g',0,'2011-11-13'),(2637,'g',0,'2011-11-13'),(244,'g',0,'2012-02-15'),(6258,'g',0,'2011-11-13'),(272,'g',0,'2011-11-13'),(4356,'g',0,'2011-11-13'),(2198,'g',0,'2011-11-13'),(12936,'g',0,'2011-11-13'),(236,'g',0,'2012-02-15'),(3306,'g',0,'2011-11-13'),(3013,'g',0,'2011-11-13'),(1815,'g',0,'2011-11-13'),(1557,'g',0,'2011-11-13'),(4656,'g',0,'2011-11-13'),(1341,'g',0,'2011-11-13'),(12331,'g',0,'2011-11-13'),(3954,'g',0,'2011-11-13'),(3135,'g',0,'2011-11-13'),(3400,'g',0,'2011-11-13'),(126,'g',0,'2012-01-22'),(8270,'g',0,'2011-11-13'),(1958,'g',0,'2011-11-13'),(3548,'g',0,'2011-11-13'),(1814,'g',0,'2011-11-13'),(219,'g',0,'2012-02-15'),(4149,'g',0,'2011-11-13'),(6004,'g',0,'2011-11-13'),(4501,'g',0,'2011-11-13'),(4311,'g',0,'2011-11-13'),(7454,'g',0,'2011-11-13'),(12989,'g',0,'2011-11-13'),(3733,'g',0,'2011-11-13'),(3325,'g',0,'2011-11-13'),(12686,'g',0,'2012-02-15'),(10479,'g',0,'2011-11-13'),(10696,'g',0,'2011-11-13'),(1326,'g',0,'2011-11-13'),(8273,'g',0,'2011-11-13'),(10298,'g',0,'2011-11-13'),(3500,'g',0,'2011-11-13'),(12015,'g',0,'2011-11-13'),(7521,'g',0,'2011-11-13'),(4248,'g',0,'2011-11-14'),(12873,'g',0,'2011-11-14'),(8455,'g',0,'2011-11-14'),(12839,'g',0,'2011-11-14'),(4383,'g',0,'2011-11-14'),(1482,'g',0,'2011-11-14'),(4114,'g',0,'2011-11-14'),(3439,'g',0,'2011-11-14'),(11659,'g',0,'2011-11-14'),(1920,'g',0,'2011-11-14'),(3883,'g',0,'2011-11-14'),(3466,'g',0,'2011-11-14'),(1537,'g',0,'2011-11-14'),(4473,'g',0,'2011-11-14'),(5267,'g',0,'2011-11-14'),(2101,'g',0,'2011-11-14'),(13207,'g',0,'2011-11-14'),(13746,'g',0,'2011-11-14'),(3636,'g',0,'2011-11-14'),(9386,'g',0,'2011-11-14'),(6209,'g',0,'2011-11-14'),(4369,'g',0,'2011-11-14'),(4456,'g',0,'2011-11-14'),(9034,'g',0,'2011-11-14'),(1248,'g',0,'2011-11-14'),(5976,'g',0,'2011-11-14'),(4491,'g',0,'2011-11-14'),(4521,'g',0,'2011-11-14'),(6365,'g',0,'2011-11-14'),(3372,'g',0,'2011-11-14'),(6332,'g',0,'2011-11-14'),(2509,'g',0,'2011-11-14'),(7337,'g',0,'2011-11-14'),(4340,'g',0,'2011-11-14'),(4387,'g',0,'2011-11-14'),(4589,'g',0,'2011-11-14'),(7139,'g',0,'2011-11-14'),(1410,'g',0,'2011-11-14'),(2087,'g',0,'2011-11-14'),(3111,'g',0,'2011-11-14'),(3728,'g',0,'2011-11-14'),(7244,'g',0,'2011-11-14'),(3248,'g',0,'2011-11-14'),(11604,'g',0,'2011-11-14'),(13910,'g',0,'2011-11-14'),(2710,'g',0,'2011-11-14'),(13188,'g',0,'2011-11-14'),(188,'g',0,'2011-11-14'),(13003,'g',0,'2011-11-14'),(12064,'g',0,'2011-11-14'),(3090,'g',0,'2011-11-14'),(10513,'g',0,'2011-11-14'),(13057,'g',0,'2011-11-14'),(12400,'g',0,'2011-11-14'),(12799,'g',0,'2011-11-14'),(2638,'g',0,'2011-11-14'),(12815,'g',0,'2011-11-14'),(12853,'g',0,'2011-11-14'),(12591,'g',0,'2011-11-14'),(12671,'g',0,'2011-11-14'),(3340,'g',0,'2011-11-14'),(10275,'g',0,'2011-11-14'),(12423,'g',0,'2011-11-14'),(11662,'g',0,'2011-11-14'),(12947,'g',0,'2011-11-14'),(13332,'g',0,'2011-11-14'),(1845,'g',0,'2012-02-15'),(12396,'g',0,'2011-11-14'),(2476,'g',0,'2011-11-14'),(12860,'g',0,'2011-11-14'),(12323,'g',0,'2011-11-14'),(12530,'g',0,'2011-11-14'),(12422,'g',0,'2011-11-14'),(13747,'g',0,'2011-11-14'),(13375,'g',0,'2011-11-14'),(11352,'g',0,'2011-11-14'),(11944,'g',0,'2011-11-14'),(11782,'g',0,'2011-11-14'),(12658,'g',0,'2011-11-14'),(10785,'g',0,'2011-11-14'),(11443,'g',0,'2011-11-14'),(13270,'g',0,'2011-11-14'),(2814,'g',0,'2011-11-14'),(13351,'g',0,'2011-11-14'),(3131,'g',0,'2011-11-14'),(13246,'g',0,'2011-11-14'),(13181,'g',0,'2011-11-14'),(13155,'g',0,'2011-11-14'),(13189,'g',0,'2011-11-14'),(13781,'g',0,'2011-11-14'),(11130,'g',0,'2011-11-14'),(3307,'g',0,'2011-11-14'),(13853,'g',0,'2011-11-14'),(13162,'g',0,'2011-11-14'),(2679,'g',0,'2011-11-14'),(1839,'g',0,'2012-02-15'),(12973,'g',0,'2011-11-14'),(12647,'g',0,'2011-11-14'),(12840,'g',0,'2011-11-14'),(12498,'g',0,'2011-11-14'),(11502,'g',0,'2011-11-14'),(13231,'g',0,'2011-11-14'),(3190,'g',0,'2011-11-14'),(13887,'g',0,'2011-11-14'),(11993,'g',0,'2011-11-14'),(4742,'g',0,'2011-11-14'),(4448,'g',0,'2011-11-14'),(1693,'g',0,'2011-11-14'),(4846,'g',0,'2011-11-14'),(1660,'g',0,'2011-11-14'),(2114,'g',0,'2011-11-14'),(2005,'g',0,'2011-11-14'),(3716,'g',0,'2011-11-14'),(4184,'g',0,'2011-11-14'),(2531,'g',0,'2011-11-14'),(3353,'g',0,'2011-11-14'),(1347,'g',0,'2011-11-14'),(4579,'g',0,'2011-11-14'),(2474,'g',0,'2011-11-14'),(3113,'g',0,'2011-11-14'),(6827,'g',0,'2011-11-14'),(7050,'g',0,'2011-11-14'),(557,'g',0,'2011-11-14'),(3055,'g',0,'2011-11-14'),(1199,'g',0,'2011-11-14'),(3208,'g',0,'2011-11-14'),(4620,'g',0,'2011-11-14'),(2280,'g',0,'2011-11-14'),(9699,'g',0,'2011-11-14'),(9067,'g',0,'2011-11-14'),(8319,'g',0,'2011-11-14'),(5447,'g',0,'2011-11-14'),(3452,'g',0,'2011-11-15'),(2426,'g',0,'2011-11-15'),(7812,'g',0,'2011-11-15'),(1681,'g',0,'2011-11-15'),(2644,'g',0,'2011-11-15'),(13945,'g',0,'2011-11-15'),(784,'g',0,'2011-11-15'),(3162,'g',0,'2011-11-15'),(4972,'g',0,'2012-02-03'),(5093,'g',0,'2011-11-15'),(1987,'g',0,'2011-11-15'),(1291,'g',0,'2011-11-15'),(1430,'g',0,'2011-11-15'),(6480,'g',0,'2011-11-15'),(590,'g',0,'2011-11-15'),(617,'g',0,'2011-11-15'),(3936,'g',0,'2011-11-15'),(4072,'g',0,'2011-11-15'),(13969,'g',0,'2011-11-15'),(4177,'g',0,'2011-11-15'),(3816,'g',0,'2011-11-16'),(2071,'g',0,'2011-11-16'),(292,'g',0,'2011-12-16'),(2753,'g',0,'2011-11-16'),(1241,'g',0,'2011-11-16'),(1227,'g',0,'2011-11-16'),(1778,'g',0,'2011-11-16'),(8253,'g',0,'2011-11-16'),(1446,'g',0,'2011-11-16'),(3495,'g',0,'2011-11-16'),(1674,'g',0,'2011-11-16'),(3966,'g',0,'2011-11-16'),(1990,'g',0,'2011-11-16'),(248,'g',0,'2012-02-15'),(7755,'g',0,'2011-11-16'),(2068,'g',0,'2011-11-16'),(1391,'g',0,'2011-11-16'),(6345,'g',0,'2011-11-16'),(3096,'g',0,'2011-11-16'),(11222,'g',0,'2011-11-16'),(1816,'g',0,'2011-11-16'),(7182,'g',0,'2011-11-16'),(138,'g',0,'2011-11-16'),(5103,'g',0,'2011-11-16'),(3073,'g',0,'2011-11-16'),(5349,'g',0,'2011-11-16'),(1510,'g',0,'2011-11-16'),(1555,'g',0,'2011-11-16'),(3847,'g',0,'2011-11-16'),(1808,'g',0,'2011-11-16'),(13972,'g',0,'2011-11-16'),(1918,'g',0,'2011-11-17'),(1702,'g',0,'2011-11-17'),(3505,'g',0,'2011-11-17'),(2181,'g',0,'2011-11-17'),(1336,'g',0,'2011-11-17'),(3219,'g',0,'2011-11-17'),(4350,'g',0,'2011-11-17'),(3743,'g',0,'2011-11-17'),(1547,'g',0,'2011-11-17'),(2321,'g',0,'2011-11-17'),(3028,'g',0,'2011-11-17'),(7288,'g',0,'2011-11-17'),(4676,'g',0,'2011-11-17'),(2706,'g',0,'2011-11-17'),(2681,'g',0,'2011-11-17'),(2122,'g',0,'2011-11-17'),(1647,'g',0,'2011-11-17'),(1749,'g',0,'2011-11-17'),(3514,'g',0,'2011-11-17'),(1937,'g',0,'2011-11-17'),(2021,'g',0,'2011-11-17'),(1976,'g',0,'2011-11-17'),(11565,'g',0,'2011-11-17'),(3631,'g',0,'2011-12-23'),(6416,'g',0,'2011-11-17'),(1562,'g',0,'2011-11-17'),(4087,'g',0,'2011-11-17'),(1649,'g',0,'2011-11-17'),(3421,'g',0,'2011-11-17'),(3176,'g',0,'2011-11-17'),(2655,'g',0,'2011-11-17'),(1804,'g',0,'2011-11-17'),(6496,'g',0,'2011-11-17'),(1633,'g',0,'2011-11-17'),(1136,'g',0,'2011-11-17'),(7615,'g',0,'2011-11-17'),(7824,'g',0,'2011-11-18'),(4971,'g',0,'2011-11-18'),(2094,'g',0,'2011-11-18'),(3854,'g',0,'2011-11-18'),(4817,'g',0,'2011-11-18'),(13990,'g',0,'2011-11-18'),(13937,'g',0,'2011-11-18'),(13989,'g',0,'2011-11-18'),(731,'g',0,'2012-02-15'),(2841,'g',0,'2011-11-18'),(7511,'g',0,'2011-11-18'),(4673,'g',0,'2011-11-18'),(5758,'g',0,'2011-11-18'),(4373,'g',0,'2011-11-18'),(12929,'g',0,'2011-11-18'),(12172,'g',0,'2011-11-18'),(12838,'g',0,'2011-11-18'),(13105,'g',0,'2011-11-18'),(12078,'g',0,'2011-11-18'),(11828,'g',0,'2011-11-18'),(13911,'g',0,'2011-11-19'),(3227,'g',0,'2011-11-19'),(13273,'g',0,'2011-11-19'),(12485,'g',0,'2011-11-19'),(12720,'g',0,'2011-11-19'),(12737,'g',0,'2011-11-19'),(13030,'g',0,'2011-11-19'),(13916,'g',0,'2011-11-19'),(12697,'g',0,'2011-11-19'),(11824,'g',0,'2011-11-19'),(12547,'g',0,'2011-11-19'),(13185,'g',0,'2011-11-19'),(13217,'g',0,'2011-11-19'),(12791,'g',0,'2011-11-19'),(13906,'g',0,'2011-11-19'),(1073,'g',0,'2012-02-15'),(1372,'g',0,'2011-11-21'),(1742,'g',0,'2011-11-21'),(1692,'g',0,'2011-11-21'),(1072,'g',0,'2012-02-15'),(1521,'g',0,'2011-11-21'),(1611,'g',0,'2011-11-21'),(1071,'g',0,'2011-11-21'),(1051,'g',0,'2011-11-21'),(956,'g',0,'2012-02-15'),(1236,'g',0,'2011-11-23'),(1306,'g',0,'2011-11-23'),(1191,'g',0,'2011-11-23'),(1224,'g',0,'2011-11-23'),(1122,'g',0,'2011-11-23'),(14141,'g',0,'2011-11-24'),(14232,'g',0,'2012-01-21'),(14081,'g',0,'2011-11-24'),(14054,'g',0,'2011-11-24'),(14163,'g',0,'2011-11-24'),(14099,'g',0,'2012-02-15'),(14098,'g',0,'2012-02-15'),(14171,'g',0,'2012-02-15'),(14039,'g',0,'2012-02-15'),(343,'g',0,'2011-11-26'),(335,'g',0,'2011-11-26'),(342,'g',0,'2011-11-26'),(334,'g',0,'2011-11-26'),(336,'g',0,'2011-11-26'),(341,'g',0,'2011-11-26'),(340,'g',0,'2011-11-26'),(339,'g',0,'2011-11-26'),(337,'g',0,'2011-11-26'),(338,'g',0,'2011-11-26'),(315,'g',0,'2011-11-27'),(321,'g',0,'2011-11-27'),(320,'g',0,'2011-11-27'),(322,'g',0,'2011-11-27'),(317,'g',0,'2011-11-27'),(307,'g',0,'2012-02-15'),(318,'g',0,'2011-11-27'),(309,'g',0,'2011-11-27'),(305,'g',0,'2012-02-15'),(316,'g',0,'2011-11-27'),(312,'g',0,'2011-11-27'),(310,'g',0,'2011-11-27'),(319,'g',0,'2011-11-27'),(311,'g',0,'2011-11-27'),(304,'g',0,'2012-02-15'),(306,'g',0,'2012-02-15'),(313,'g',0,'2011-11-27'),(314,'g',0,'2011-11-27'),(303,'g',0,'2012-02-15'),(286,'g',0,'2011-11-27'),(284,'g',0,'2011-11-27'),(285,'g',0,'2011-11-27'),(275,'g',0,'2011-11-27'),(287,'g',0,'2011-11-27'),(273,'g',0,'2012-02-16'),(277,'g',0,'2011-11-27'),(276,'g',0,'2011-11-27'),(752,'g',0,'2011-11-27'),(14275,'g',0,'2011-11-28'),(14276,'g',0,'2012-02-15'),(14278,'g',0,'2012-02-15'),(14280,'g',0,'2012-02-15'),(14279,'g',0,'2012-02-15'),(14284,'g',0,'2012-02-16'),(14277,'g',0,'2012-02-15'),(14281,'g',0,'2012-02-16'),(14283,'g',0,'2012-02-15'),(14282,'g',0,'2012-02-15'),(14078,'g',0,'2011-11-30'),(14162,'g',0,'2011-11-30'),(3232,'g',0,'2011-11-30'),(1275,'g',0,'2011-11-30'),(1197,'g',0,'2011-11-30'),(1251,'g',0,'2011-11-30'),(1198,'g',0,'2011-11-30'),(1267,'g',0,'2011-11-30'),(1249,'g',0,'2011-11-30'),(1274,'g',0,'2011-11-30'),(1217,'g',0,'2011-11-30'),(1233,'g',0,'2011-11-30'),(1221,'g',0,'2011-11-30'),(1054,'g',0,'2012-02-08'),(11329,'g',0,'2011-12-02'),(1059,'g',0,'2011-12-03'),(1176,'g',0,'2011-12-03'),(1181,'g',0,'2011-12-03'),(1067,'g',0,'2011-12-03'),(1114,'g',0,'2011-12-03'),(1178,'g',0,'2011-12-03'),(1163,'g',0,'2011-12-04'),(1942,'g',0,'2011-12-04'),(1087,'g',0,'2012-02-19'),(1634,'g',0,'2011-12-04'),(1401,'g',0,'2011-12-04'),(1584,'g',0,'2011-12-04'),(1753,'g',0,'2011-12-04'),(1561,'g',0,'2011-12-04'),(2089,'g',0,'2011-12-04'),(1245,'g',0,'2011-12-04'),(14250,'g',0,'2011-12-12'),(14219,'g',0,'2011-12-12'),(14253,'g',0,'2011-12-12'),(14248,'g',0,'2011-12-12'),(14273,'g',0,'2011-12-12'),(14255,'g',0,'2011-12-12'),(14247,'g',0,'2011-12-12'),(14364,'g',0,'2011-12-13'),(963,'g',0,'2012-02-01'),(14113,'g',0,'2012-01-15'),(14115,'g',0,'2012-01-15'),(14181,'g',0,'2012-01-15'),(14206,'g',0,'2012-01-15'),(7029,'g',0,'2012-02-14'),(373,'g',0,'2012-02-12'),(374,'g',0,'2012-02-12'),(14222,'g',0,'2011-12-16'),(14230,'g',0,'2011-12-16'),(282,'g',0,'2011-12-16'),(274,'g',0,'2011-12-16'),(10897,'g',0,'2011-12-17'),(14235,'g',0,'2011-12-17'),(14266,'g',0,'2011-12-17'),(10915,'g',0,'2011-12-17'),(14105,'g',0,'2011-12-17'),(14317,'g',0,'2011-12-17'),(14094,'g',0,'2011-12-17'),(919,'g',0,'2011-12-17'),(710,'g',0,'2012-02-15'),(14435,'g',0,'2011-12-17'),(14466,'g',0,'2011-12-17'),(14440,'g',0,'2011-12-17'),(14434,'g',0,'2011-12-17'),(14441,'g',0,'2011-12-17'),(14362,'g',0,'2011-12-17'),(14443,'g',0,'2011-12-17'),(14305,'g',0,'2012-02-25'),(14462,'g',0,'2011-12-17'),(13090,'g',0,'2012-02-03'),(10784,'g',0,'2012-02-24'),(14031,'g',0,'2011-12-19'),(12450,'g',0,'2012-02-07'),(12106,'g',0,'2012-03-01'),(11721,'g',0,'2012-02-22'),(13124,'g',0,'2012-02-15'),(14033,'g',0,'2011-12-19'),(14037,'g',0,'2011-12-19'),(14047,'g',0,'2011-12-19'),(14050,'g',0,'2011-12-19'),(14051,'g',0,'2011-12-19'),(859,'g',0,'2011-12-20'),(852,'g',0,'2011-12-20'),(829,'g',0,'2011-12-20'),(837,'g',0,'2011-12-20'),(911,'g',0,'2011-12-20'),(900,'g',0,'2011-12-20'),(1090,'g',0,'2011-12-20'),(952,'g',0,'2011-12-20'),(878,'g',0,'2011-12-20'),(838,'g',0,'2011-12-20'),(13903,'g',0,'2011-12-20'),(11768,'g',0,'2011-12-20'),(10463,'g',0,'2012-02-15'),(12977,'g',0,'2011-12-20'),(14199,'g',0,'2011-12-20'),(10039,'g',0,'2012-02-15'),(4001,'g',0,'2011-12-20'),(14244,'g',0,'2011-12-20'),(14069,'g',0,'2011-12-20'),(14045,'g',0,'2011-12-20'),(4462,'g',0,'2011-12-20'),(14067,'g',0,'2011-12-20'),(14046,'g',0,'2011-12-20'),(14055,'g',0,'2011-12-20'),(14057,'g',0,'2011-12-20'),(6133,'g',0,'2011-12-20'),(5095,'g',0,'2011-12-20'),(9534,'g',0,'2011-12-20'),(12327,'g',0,'2011-12-20'),(9722,'g',0,'2011-12-20'),(14265,'g',0,'2011-12-20'),(14188,'g',0,'2011-12-20'),(14167,'g',0,'2011-12-20'),(14176,'g',0,'2011-12-20'),(14186,'g',0,'2011-12-20'),(14263,'g',0,'2011-12-20'),(14241,'g',0,'2011-12-20'),(14202,'g',0,'2011-12-20'),(14146,'g',0,'2011-12-20'),(12424,'g',0,'2011-12-20'),(14192,'g',0,'2011-12-20'),(14228,'g',0,'2011-12-20'),(14223,'g',0,'2011-12-20'),(14175,'g',0,'2011-12-20'),(14174,'g',0,'2012-02-15'),(14190,'g',0,'2011-12-20'),(8986,'g',0,'2011-12-20'),(7640,'g',0,'2012-03-02'),(5119,'g',0,'2011-12-20'),(5490,'g',0,'2011-12-20'),(9556,'g',0,'2011-12-20'),(8920,'g',0,'2012-02-15'),(6920,'g',0,'2011-12-20'),(9300,'g',0,'2012-02-15'),(9106,'g',0,'2011-12-20'),(9776,'g',0,'2012-02-15'),(6980,'g',0,'2012-02-15'),(844,'g',0,'2011-12-20'),(4171,'g',0,'2011-12-20'),(14259,'g',0,'2011-12-20'),(14044,'g',0,'2011-12-20'),(14161,'g',0,'2011-12-20'),(7471,'g',0,'2011-12-20'),(5499,'g',0,'2011-12-20'),(4188,'g',0,'2011-12-20'),(8720,'g',0,'2011-12-20'),(14117,'g',0,'2011-12-20'),(4361,'g',0,'2011-12-20'),(14205,'g',0,'2011-12-20'),(8655,'g',0,'2011-12-20'),(14119,'g',0,'2011-12-20'),(8265,'g',0,'2011-12-20'),(14298,'g',0,'2011-12-20'),(14106,'g',0,'2011-12-20'),(14293,'g',0,'2011-12-20'),(14143,'g',0,'2011-12-20'),(14302,'g',0,'2011-12-20'),(14140,'g',0,'2011-12-20'),(14297,'g',0,'2011-12-20'),(14299,'g',0,'2011-12-20'),(14300,'g',0,'2011-12-20'),(14189,'g',0,'2012-02-15'),(14487,'g',0,'2012-02-15'),(14484,'g',0,'2012-02-15'),(14452,'g',0,'2012-02-08'),(14156,'g',0,'2012-01-21'),(9346,'g',0,'2012-01-21'),(14116,'g',0,'2012-01-21'),(840,'g',0,'2011-12-22'),(851,'g',0,'2011-12-22'),(841,'g',0,'2011-12-22'),(819,'g',0,'2012-02-15'),(8643,'g',0,'2011-12-22'),(9371,'g',0,'2012-02-15'),(14261,'g',0,'2011-12-22'),(9406,'g',0,'2012-02-15'),(14088,'g',0,'2011-12-22'),(8796,'g',0,'2011-12-22'),(9430,'g',0,'2012-02-15'),(9597,'g',0,'2012-02-15'),(9048,'g',0,'2011-12-22'),(698,'g',0,'2012-02-15'),(6293,'g',0,'2011-12-22'),(14238,'g',0,'2011-12-22'),(14256,'g',0,'2011-12-22'),(14245,'g',0,'2011-12-22'),(14264,'g',0,'2011-12-22'),(14158,'g',0,'2011-12-22'),(14237,'g',0,'2011-12-22'),(14196,'g',0,'2011-12-22'),(957,'g',0,'2011-12-22'),(14456,'g',0,'2011-12-22'),(14426,'g',0,'2011-12-22'),(14457,'g',0,'2011-12-22'),(14296,'g',0,'2011-12-22'),(3896,'g',0,'2011-12-22'),(3659,'g',0,'2011-12-22'),(14504,'g',0,'2012-02-15'),(14203,'g',0,'2011-12-23'),(14177,'g',0,'2011-12-23'),(14211,'g',0,'2011-12-23'),(14207,'g',0,'2011-12-23'),(14164,'g',0,'2011-12-23'),(14084,'g',0,'2011-12-23'),(14197,'g',0,'2011-12-23'),(14087,'g',0,'2012-02-15'),(14083,'g',0,'2011-12-23'),(14110,'g',0,'2012-02-15'),(14109,'g',0,'2012-02-15'),(14111,'g',0,'2012-02-15'),(14085,'g',0,'2011-12-23'),(14072,'g',0,'2011-12-23'),(12345,'g',0,'2012-02-15'),(6086,'g',0,'2011-12-23'),(10334,'g',0,'2012-02-15'),(6186,'g',0,'2011-12-23'),(11992,'g',0,'2011-12-23'),(9947,'g',0,'2012-02-15'),(6315,'g',0,'2011-12-23'),(14295,'g',0,'2011-12-23'),(6073,'g',0,'2011-12-24'),(4922,'g',0,'2011-12-24'),(14512,'g',0,'2011-12-24'),(14527,'g',0,'2011-12-24'),(14471,'g',0,'2011-12-24'),(14510,'g',0,'2011-12-24'),(14331,'g',0,'2011-12-26'),(14450,'g',0,'2011-12-26'),(14218,'g',0,'2011-12-26'),(365,'g',0,'2011-12-26'),(363,'g',0,'2011-12-26'),(359,'g',0,'2011-12-26'),(360,'g',0,'2011-12-26'),(367,'g',0,'2011-12-26'),(369,'g',0,'2011-12-26'),(362,'g',0,'2011-12-26'),(370,'g',0,'2011-12-26'),(358,'g',0,'2011-12-26'),(14429,'g',0,'2011-12-26'),(372,'g',0,'2011-12-26'),(353,'g',0,'2011-12-26'),(350,'g',0,'2011-12-26'),(366,'g',0,'2011-12-26'),(364,'g',0,'2011-12-26'),(368,'g',0,'2011-12-26'),(356,'g',0,'2011-12-26'),(354,'g',0,'2011-12-26'),(355,'g',0,'2011-12-26'),(371,'g',0,'2011-12-26'),(347,'g',0,'2011-12-26'),(349,'g',0,'2011-12-26'),(346,'g',0,'2011-12-26'),(351,'g',0,'2011-12-26'),(357,'g',0,'2011-12-26'),(361,'g',0,'2011-12-26'),(352,'g',0,'2011-12-26'),(3623,'g',0,'2011-12-26'),(14442,'g',0,'2011-12-26'),(14447,'g',0,'2011-12-26'),(12376,'g',0,'2011-12-26'),(8384,'g',0,'2012-02-03'),(14217,'g',0,'2011-12-27'),(14166,'g',0,'2011-12-27'),(10017,'g',0,'2011-12-27'),(13016,'g',0,'2011-12-27'),(9475,'g',0,'2011-12-27'),(11826,'g',0,'2011-12-27'),(10300,'g',0,'2011-12-27'),(8607,'g',0,'2011-12-27'),(13147,'g',0,'2011-12-27'),(14304,'g',0,'2012-02-19'),(11927,'g',0,'2011-12-27'),(699,'g',0,'2012-02-15'),(749,'g',0,'2012-02-15'),(736,'g',0,'2012-02-15'),(740,'g',0,'2012-02-15'),(13039,'g',0,'2011-12-28'),(14530,'g',0,'2011-12-28'),(14549,'g',0,'2011-12-29'),(14511,'g',0,'2011-12-29'),(14541,'g',0,'2011-12-29'),(9164,'g',0,'2011-12-29'),(12355,'g',0,'2011-12-29'),(10080,'g',0,'2011-12-29'),(10527,'g',0,'2011-12-29'),(14433,'g',0,'2011-12-29'),(14430,'g',0,'2011-12-29'),(14437,'g',0,'2011-12-29'),(14427,'g',0,'2011-12-29'),(14439,'g',0,'2011-12-29'),(14428,'g',0,'2011-12-29'),(14436,'g',0,'2011-12-29'),(14451,'g',0,'2011-12-29'),(14446,'g',0,'2011-12-29'),(14445,'g',0,'2011-12-29'),(14432,'g',0,'2011-12-29'),(14444,'g',0,'2011-12-29'),(14438,'g',0,'2011-12-29'),(14474,'g',0,'2011-12-29'),(13078,'g',0,'2011-12-29'),(14221,'g',0,'2011-12-29'),(14318,'g',0,'2011-12-29'),(14534,'g',0,'2011-12-29'),(14564,'g',0,'2011-12-30'),(14572,'g',0,'2011-12-30'),(14567,'g',0,'2011-12-30'),(14563,'g',0,'2011-12-30'),(14030,'g',0,'2011-12-30'),(14423,'g',0,'2011-12-30'),(14425,'g',0,'2011-12-30'),(745,'g',0,'2012-03-05'),(700,'g',0,'2012-03-05'),(692,'g',0,'2011-12-30'),(14424,'g',0,'2011-12-30'),(1034,'g',0,'2011-12-30'),(14595,'g',0,'2011-12-31'),(9923,'g',0,'2011-12-31'),(783,'g',0,'2012-03-05'),(14422,'g',0,'2011-12-31'),(959,'g',0,'2011-12-31'),(10053,'g',0,'2011-12-31'),(10230,'g',0,'2011-12-31'),(14180,'g',0,'2011-12-31'),(10166,'g',0,'2011-12-31'),(10104,'g',0,'2012-01-01'),(10638,'g',0,'2012-01-01'),(1004,'g',0,'2012-01-01'),(14449,'g',0,'2012-01-01'),(14226,'g',0,'2012-01-01'),(14324,'g',0,'2012-01-01'),(753,'g',0,'2012-03-05'),(1039,'g',0,'2012-01-01'),(769,'g',0,'2012-01-01'),(11507,'g',0,'2012-01-01'),(14453,'g',0,'2012-01-01'),(10058,'g',0,'2012-01-02'),(14082,'g',0,'2012-01-02'),(14107,'g',0,'2012-01-02'),(1025,'g',0,'2012-01-02'),(14448,'g',0,'2012-01-02'),(12884,'g',0,'2012-01-02'),(943,'g',0,'2012-01-02'),(14216,'g',0,'2012-01-02'),(842,'g',0,'2012-03-05'),(10143,'g',0,'2012-01-03'),(14234,'g',0,'2012-01-03'),(14492,'g',0,'2012-01-03'),(14108,'g',0,'2012-01-03'),(9824,'g',0,'2012-01-03'),(14612,'g',0,'2012-01-04'),(14601,'g',0,'2012-01-04'),(14621,'g',0,'2012-02-15'),(14333,'g',0,'2012-01-08'),(14320,'g',0,'2012-01-08'),(14335,'g',0,'2012-01-08'),(14311,'g',0,'2012-01-08'),(14323,'g',0,'2012-01-08'),(14330,'g',0,'2012-01-08'),(14100,'g',0,'2012-01-08'),(14093,'g',0,'2012-01-09'),(14227,'g',0,'2012-01-09'),(14128,'g',0,'2012-01-09'),(14469,'g',0,'2012-01-09'),(14153,'g',0,'2012-01-09'),(14179,'g',0,'2012-01-09'),(14332,'g',0,'2012-01-09'),(14648,'g',0,'2012-01-10'),(14643,'g',0,'2012-01-10'),(14651,'g',0,'2012-01-10'),(14258,'g',0,'2012-02-15'),(14329,'g',0,'2012-01-11'),(14274,'g',0,'2012-01-11'),(14122,'g',0,'2012-01-11'),(14187,'g',0,'2012-01-11'),(14536,'g',0,'2012-01-11'),(14173,'g',0,'2012-01-11'),(14155,'g',0,'2012-01-11'),(13229,'g',0,'2012-01-13'),(13255,'g',0,'2012-01-13'),(13210,'g',0,'2012-01-13'),(13238,'g',0,'2012-01-13'),(14151,'g',0,'2012-02-15'),(14118,'g',0,'2012-02-15'),(13219,'g',0,'2012-01-13'),(13247,'g',0,'2012-01-13'),(13206,'g',0,'2012-01-14'),(14027,'g',0,'2012-01-14'),(14508,'g',0,'2012-01-14'),(14603,'g',0,'2012-01-14'),(14532,'g',0,'2012-01-14'),(14526,'g',0,'2012-01-14'),(14646,'g',0,'2012-01-14'),(14578,'g',0,'2012-01-14'),(14041,'g',0,'2012-01-14'),(14473,'g',0,'2012-01-14'),(14032,'g',0,'2012-01-14'),(14481,'g',0,'2012-02-15'),(14488,'g',0,'2012-02-15'),(14542,'g',0,'2012-01-14'),(14505,'g',0,'2012-01-14'),(14476,'g',0,'2012-02-15'),(14160,'g',0,'2012-01-14'),(13202,'g',0,'2012-01-14'),(13198,'g',0,'2012-01-14'),(14035,'g',0,'2012-01-14'),(14034,'g',0,'2012-01-14'),(14470,'g',0,'2012-01-15'),(14049,'g',0,'2012-01-15'),(14048,'g',0,'2012-01-15'),(14036,'g',0,'2012-01-15'),(14053,'g',0,'2012-01-15'),(14665,'g',0,'2012-01-15'),(14660,'g',0,'2012-02-15'),(14096,'g',0,'2012-01-15'),(14103,'g',0,'2012-01-15'),(14038,'g',0,'2012-01-15'),(14165,'g',0,'2012-01-15'),(14052,'g',0,'2012-01-15'),(8635,'g',0,'2012-01-15'),(14184,'g',0,'2012-01-15'),(14178,'g',0,'2012-01-15'),(14623,'g',0,'2012-01-16'),(14463,'g',0,'2012-01-16'),(14575,'g',0,'2012-01-17'),(14574,'g',0,'2012-01-17'),(12012,'g',0,'2012-01-17'),(12237,'g',0,'2012-01-17'),(14598,'g',0,'2012-01-17'),(11120,'g',0,'2012-01-17'),(14611,'g',0,'2012-01-17'),(11341,'g',0,'2012-01-17'),(14606,'g',0,'2012-01-17'),(12395,'g',0,'2012-01-17'),(10378,'g',0,'2012-01-17'),(14622,'g',0,'2012-01-17'),(14147,'g',0,'2012-01-17'),(14673,'g',0,'2012-01-17'),(14672,'g',0,'2012-01-17'),(14688,'g',0,'2012-01-17'),(14675,'g',0,'2012-01-17'),(14645,'g',0,'2012-01-19'),(14625,'g',0,'2012-01-19'),(14537,'g',0,'2012-01-19'),(14114,'g',0,'2012-01-19'),(14475,'g',0,'2012-01-19'),(12605,'g',0,'2012-01-19'),(14590,'g',0,'2012-01-19'),(14091,'g',0,'2012-01-19'),(810,'g',0,'2012-01-19'),(14148,'g',0,'2012-01-19'),(14503,'g',0,'2012-01-19'),(14529,'g',0,'2012-01-19'),(14493,'g',0,'2012-01-19'),(14548,'g',0,'2012-01-19'),(14540,'g',0,'2012-01-19'),(14056,'g',0,'2012-01-19'),(14591,'g',0,'2012-01-19'),(14065,'g',0,'2012-01-19'),(14618,'g',0,'2012-01-19'),(14538,'g',0,'2012-01-19'),(14494,'g',0,'2012-01-19'),(14662,'g',0,'2012-01-19'),(14515,'g',0,'2012-01-19'),(14064,'g',0,'2012-01-19'),(14545,'g',0,'2012-01-19'),(14632,'g',0,'2012-01-19'),(14559,'g',0,'2012-01-19'),(14513,'g',0,'2012-01-19'),(14581,'g',0,'2012-01-19'),(14524,'g',0,'2012-01-19'),(14062,'g',0,'2012-01-19'),(14602,'g',0,'2012-01-19'),(14059,'g',0,'2012-01-19'),(14058,'g',0,'2012-01-19'),(14061,'g',0,'2012-01-19'),(14509,'g',0,'2012-01-19'),(12990,'g',0,'2012-01-19'),(6870,'g',0,'2012-01-19'),(8370,'g',0,'2012-01-19'),(7966,'g',0,'2012-01-19'),(7209,'g',0,'2012-01-19'),(7660,'g',0,'2012-01-19'),(8252,'g',0,'2012-01-19'),(6778,'g',0,'2012-01-19'),(7951,'g',0,'2012-01-19'),(8259,'g',0,'2012-01-19'),(14150,'g',0,'2012-01-19'),(12179,'g',0,'2012-01-19'),(14157,'g',0,'2012-01-19'),(14149,'g',0,'2012-01-19'),(14170,'g',0,'2012-01-20'),(14169,'g',0,'2012-01-20'),(12220,'g',0,'2012-01-20'),(14168,'g',0,'2012-01-20'),(14592,'g',0,'2012-01-21'),(12409,'g',0,'2012-01-21'),(14617,'g',0,'2012-01-21'),(14229,'g',0,'2012-01-21'),(14631,'g',0,'2012-01-21'),(14573,'g',0,'2012-01-21'),(14497,'g',0,'2012-01-21'),(14579,'g',0,'2012-01-21'),(780,'g',0,'2012-02-22'),(14705,'g',0,'2012-01-21'),(14707,'g',0,'2012-01-21'),(14700,'g',0,'2012-01-22'),(14585,'g',0,'2012-01-22'),(14626,'g',0,'2012-01-22'),(12542,'g',0,'2012-01-22'),(12525,'g',0,'2012-01-22'),(12589,'g',0,'2012-01-22'),(12557,'g',0,'2012-01-22'),(14629,'g',0,'2012-01-22'),(12487,'g',0,'2012-01-22'),(12575,'g',0,'2012-01-22'),(14624,'g',0,'2012-01-22'),(14535,'g',0,'2012-01-22'),(14310,'g',0,'2012-01-22'),(14236,'g',0,'2012-01-22'),(14669,'g',0,'2012-01-22'),(14604,'g',0,'2012-01-22'),(14599,'g',0,'2012-01-22'),(14650,'g',0,'2012-01-22'),(14486,'g',0,'2012-01-22'),(14718,'g',0,'2012-01-22'),(14698,'g',0,'2012-01-22'),(14583,'g',0,'2012-01-22'),(14635,'g',0,'2012-01-22'),(12572,'g',0,'2012-01-22'),(12578,'g',0,'2012-01-22'),(14576,'g',0,'2012-01-22'),(12619,'g',0,'2012-01-22'),(14328,'g',0,'2012-01-22'),(14316,'g',0,'2012-01-22'),(14616,'g',0,'2012-01-22'),(14679,'g',0,'2012-01-22'),(9143,'g',0,'2012-01-22'),(14652,'g',0,'2012-01-22'),(14706,'g',0,'2012-02-25'),(14640,'g',0,'2012-01-22'),(14709,'g',0,'2012-01-22'),(14690,'g',0,'2012-01-22'),(14719,'g',0,'2012-01-23'),(14728,'g',0,'2012-01-25'),(14741,'g',0,'2012-01-25'),(14733,'g',0,'2012-02-25'),(729,'g',0,'2012-01-27'),(725,'g',0,'2012-01-27'),(727,'g',0,'2012-01-27'),(1037,'g',0,'2012-01-27'),(1076,'g',0,'2012-01-27'),(6702,'g',0,'2012-01-27'),(14582,'g',0,'2012-01-27'),(14308,'g',0,'2012-01-28'),(14701,'g',0,'2012-01-29'),(14778,'g',0,'2012-01-31'),(835,'g',0,'2012-02-01'),(827,'g',0,'2012-02-01'),(833,'g',0,'2012-02-01'),(845,'g',0,'2012-02-01'),(847,'g',0,'2012-02-01'),(937,'g',0,'2012-02-01'),(817,'g',0,'2012-02-01'),(935,'g',0,'2012-02-01'),(938,'g',0,'2012-02-01'),(5245,'g',0,'2012-02-01'),(848,'g',0,'2012-02-01'),(5656,'g',0,'2012-02-01'),(4109,'g',0,'2012-02-01'),(4881,'g',0,'2012-02-01'),(4962,'g',0,'2012-02-01'),(14765,'g',0,'2012-02-01'),(5288,'g',0,'2012-02-01'),(14766,'g',0,'2012-02-01'),(14769,'g',0,'2012-02-01'),(14771,'g',0,'2012-02-01'),(7190,'g',0,'2012-02-01'),(3573,'g',0,'2012-02-01'),(6541,'g',0,'2012-02-01'),(3592,'g',0,'2012-02-01'),(5636,'g',0,'2012-02-01'),(6377,'g',0,'2012-02-01'),(4285,'g',0,'2012-02-01'),(961,'g',0,'2012-02-01'),(974,'g',0,'2012-02-01'),(931,'g',0,'2012-02-01'),(898,'g',0,'2012-02-01'),(3703,'g',0,'2012-02-01'),(1085,'g',0,'2012-02-01'),(1048,'g',0,'2012-02-01'),(3583,'g',0,'2012-02-01'),(1028,'g',0,'2012-02-01'),(1052,'g',0,'2012-02-01'),(1045,'g',0,'2012-02-01'),(1081,'g',0,'2012-02-01'),(1023,'g',0,'2012-02-01'),(1830,'g',0,'2012-02-01'),(1055,'g',0,'2012-02-01'),(14321,'g',0,'2012-02-01'),(14586,'g',0,'2012-02-01'),(14322,'g',0,'2012-02-01'),(14708,'g',0,'2012-02-01'),(944,'g',0,'2012-02-01'),(14498,'g',0,'2012-02-01'),(940,'g',0,'2012-02-01'),(966,'g',0,'2012-02-01'),(998,'g',0,'2012-02-01'),(953,'g',0,'2012-02-01'),(964,'g',0,'2012-02-01'),(993,'g',0,'2012-02-01'),(945,'g',0,'2012-02-01'),(960,'g',0,'2012-02-01'),(997,'g',0,'2012-02-01'),(1061,'g',0,'2012-02-01'),(14507,'g',0,'2012-02-01'),(14561,'g',0,'2012-02-01'),(14568,'g',0,'2012-02-01'),(996,'g',0,'2012-02-01'),(946,'g',0,'2012-02-01'),(950,'g',0,'2012-02-01'),(947,'g',0,'2012-02-01'),(984,'g',0,'2012-02-01'),(995,'g',0,'2012-02-01'),(3722,'g',0,'2012-02-01'),(3957,'g',0,'2012-02-01'),(4712,'g',0,'2012-02-01'),(1003,'g',0,'2012-02-01'),(14789,'g',0,'2012-02-03'),(14757,'g',0,'2012-03-07'),(14772,'g',0,'2012-02-03'),(14786,'g',0,'2012-02-03'),(14636,'g',0,'2012-02-03'),(14570,'g',0,'2012-02-04'),(6760,'g',0,'2012-02-06'),(6568,'g',0,'2012-02-06'),(6683,'g',0,'2012-02-06'),(6505,'g',0,'2012-02-06'),(14627,'g',0,'2012-02-06'),(14638,'g',0,'2012-02-06'),(14693,'g',0,'2012-02-06'),(10679,'g',0,'2012-02-06'),(14633,'g',0,'2012-02-06'),(14729,'g',0,'2012-02-06'),(14676,'g',0,'2012-02-06'),(14029,'g',0,'2012-02-06'),(14684,'g',0,'2012-02-06'),(13114,'g',0,'2012-02-07'),(14794,'g',0,'2012-02-07'),(14490,'g',0,'2012-02-07'),(14740,'g',0,'2012-02-07'),(14482,'g',0,'2012-02-07'),(14678,'g',0,'2012-02-07'),(12362,'g',0,'2012-02-07'),(14795,'g',0,'2012-02-07'),(14634,'g',0,'2012-02-07'),(14722,'g',0,'2012-02-07'),(12750,'g',0,'2012-02-07'),(12369,'g',0,'2012-02-07'),(14556,'g',0,'2012-02-07'),(14517,'g',0,'2012-02-07'),(14661,'g',0,'2012-02-07'),(14808,'g',0,'2012-02-07'),(14776,'g',0,'2012-02-07'),(14809,'g',0,'2012-02-07'),(14817,'g',0,'2012-02-07'),(14204,'g',0,'2012-02-08'),(764,'g',0,'2012-02-08'),(14815,'g',0,'2012-02-10'),(11029,'g',0,'2012-02-10'),(10659,'g',0,'2012-02-10'),(10937,'g',0,'2012-02-10'),(10576,'g',0,'2012-02-10'),(14797,'g',0,'2012-02-10'),(14680,'g',0,'2012-02-10'),(14723,'g',0,'2012-02-10'),(10987,'g',0,'2012-02-10'),(14246,'g',0,'2012-02-11'),(14613,'g',0,'2012-02-11'),(14777,'g',0,'2012-02-11'),(14712,'g',0,'2012-02-11'),(14124,'g',0,'2012-02-11'),(14775,'g',0,'2012-02-11'),(14516,'g',0,'2012-02-11'),(14829,'g',0,'2012-02-11'),(14480,'g',0,'2012-02-11'),(14832,'g',0,'2012-02-11'),(14478,'g',0,'2012-02-11'),(1049,'g',0,'2012-02-11'),(14485,'g',0,'2012-02-11'),(14479,'g',0,'2012-02-11'),(13066,'g',0,'2012-02-11'),(14671,'g',0,'2012-02-11'),(14501,'g',0,'2012-02-11'),(14654,'g',0,'2012-02-11'),(14644,'g',0,'2012-02-11'),(14571,'g',0,'2012-02-11'),(14642,'g',0,'2012-02-11'),(14610,'g',0,'2012-02-11'),(14580,'g',0,'2012-02-11'),(14666,'g',0,'2012-02-11'),(14043,'g',0,'2012-02-11'),(14663,'g',0,'2012-02-11'),(14528,'g',0,'2012-02-11'),(14686,'g',0,'2012-02-11'),(13900,'g',0,'2012-02-11'),(14843,'g',0,'2012-02-12'),(7518,'g',0,'2012-02-12'),(14841,'g',0,'2012-02-12'),(14842,'g',0,'2012-02-13'),(14834,'g',0,'2012-02-13'),(14689,'g',0,'2012-02-13'),(14641,'g',0,'2012-02-14'),(14848,'g',0,'2012-02-14'),(14565,'g',0,'2012-02-14'),(6253,'g',0,'2012-02-14'),(12703,'g',0,'2012-02-14'),(14130,'g',0,'2012-02-14'),(14135,'g',0,'2012-02-14'),(14133,'g',0,'2012-02-14'),(14134,'g',0,'2012-02-14'),(14137,'g',0,'2012-02-14'),(14139,'g',0,'2012-02-14'),(14136,'g',0,'2012-02-14'),(14142,'g',0,'2012-02-14'),(10186,'g',0,'2012-02-14'),(14129,'g',0,'2012-02-14'),(12944,'g',0,'2012-02-14'),(14132,'g',0,'2012-02-14'),(14138,'g',0,'2012-02-14'),(14847,'g',0,'2012-02-14'),(14849,'g',0,'2012-02-14'),(14547,'g',0,'2012-02-14'),(1019,'g',0,'2012-02-15'),(14840,'g',0,'2012-02-15'),(14836,'g',0,'2012-02-15'),(933,'g',0,'2012-02-15'),(968,'g',0,'2012-02-15'),(7622,'g',0,'2012-02-15'),(7540,'g',0,'2012-02-15'),(802,'g',0,'2012-02-15'),(7740,'g',0,'2012-02-15'),(7821,'g',0,'2012-02-15'),(14637,'g',0,'2012-02-15'),(14784,'g',0,'2012-02-15'),(824,'g',0,'2012-02-15'),(8075,'g',0,'2012-02-15'),(8178,'g',0,'2012-02-15'),(758,'g',0,'2012-02-15'),(750,'g',0,'2012-02-15'),(1026,'g',0,'2012-02-15'),(1017,'g',0,'2012-02-15'),(1027,'g',0,'2012-02-15'),(958,'g',0,'2012-02-15'),(238,'g',0,'2012-02-15'),(14224,'g',0,'2012-02-15'),(1038,'g',0,'2012-02-15'),(1060,'g',0,'2012-02-15'),(1064,'g',0,'2012-02-15'),(3694,'g',0,'2012-02-15'),(4240,'g',0,'2012-02-15'),(4442,'g',0,'2012-02-15'),(3686,'g',0,'2012-02-15'),(1080,'g',0,'2012-02-15'),(1850,'g',0,'2012-02-15'),(1859,'g',0,'2012-02-15'),(4595,'g',0,'2012-02-15'),(1869,'g',0,'2012-02-15'),(4777,'g',0,'2012-02-15'),(5509,'g',0,'2012-02-15'),(5749,'g',0,'2012-02-15'),(3549,'g',0,'2012-02-15'),(14717,'g',0,'2012-02-15'),(14763,'g',0,'2012-02-15'),(14759,'g',0,'2012-02-15'),(14760,'g',0,'2012-02-15'),(14713,'g',0,'2012-02-15'),(14715,'g',0,'2012-02-15'),(14785,'g',0,'2012-02-15'),(14779,'g',0,'2012-02-15'),(14152,'g',0,'2012-02-15'),(308,'g',0,'2012-02-15'),(14702,'g',0,'2012-02-15'),(7902,'g',0,'2012-02-15'),(1053,'g',0,'2012-02-15'),(1043,'g',0,'2012-02-15'),(3731,'g',0,'2012-02-15'),(6153,'g',0,'2012-02-15'),(14112,'g',0,'2012-02-15'),(14725,'g',0,'2012-02-15'),(14691,'g',0,'2012-02-15'),(14692,'g',0,'2012-02-15'),(14737,'g',0,'2012-02-15'),(14726,'g',0,'2012-02-15'),(14544,'g',0,'2012-02-15'),(14855,'g',0,'2012-02-15'),(14562,'g',0,'2012-02-15'),(9577,'g',0,'2012-02-15'),(9528,'g',0,'2012-02-15'),(10508,'g',0,'2012-02-15'),(10485,'g',0,'2012-02-15'),(14489,'g',0,'2012-02-15'),(14685,'g',0,'2012-02-15'),(14649,'g',0,'2012-02-15'),(11883,'g',0,'2012-02-15'),(11945,'g',0,'2012-02-15'),(12061,'g',0,'2012-02-15'),(14588,'g',0,'2012-02-15'),(14658,'g',0,'2012-02-15'),(14674,'g',0,'2012-02-15'),(14647,'g',0,'2012-02-15'),(14569,'g',0,'2012-02-15'),(14620,'g',0,'2012-02-15'),(14597,'g',0,'2012-02-15'),(1062,'g',0,'2012-02-15'),(14551,'g',0,'2012-02-15'),(14818,'g',0,'2012-02-15'),(14732,'g',0,'2012-02-15'),(14780,'g',0,'2012-02-15'),(14851,'g',0,'2012-02-15'),(14850,'g',0,'2012-02-15'),(14711,'g',0,'2012-02-15'),(14814,'g',0,'2012-02-15'),(14761,'g',0,'2012-02-15'),(949,'g',0,'2012-02-16'),(920,'g',0,'2012-02-16'),(14584,'g',0,'2012-02-16'),(14768,'g',0,'2012-02-16'),(14767,'g',0,'2012-02-16'),(14790,'g',0,'2012-02-16'),(14800,'g',0,'2012-02-16'),(14822,'g',0,'2012-02-16'),(14837,'g',0,'2012-02-16'),(14764,'g',0,'2012-02-16'),(885,'g',0,'2012-02-16'),(14774,'g',0,'2012-02-16'),(14773,'g',0,'2012-02-16'),(892,'g',0,'2012-02-16'),(879,'g',0,'2012-02-16'),(881,'g',0,'2012-02-16'),(916,'g',0,'2012-02-16'),(14787,'g',0,'2012-02-16'),(922,'g',0,'2012-02-16'),(934,'g',0,'2012-02-16'),(8486,'g',0,'2012-02-16'),(9037,'g',0,'2012-02-16'),(14861,'g',0,'2012-02-17'),(14858,'g',0,'2012-02-18'),(14864,'g',0,'2012-02-18'),(14862,'g',0,'2012-02-18'),(14860,'g',0,'2012-02-18'),(410,'g',0,'2012-02-18'),(411,'g',0,'2012-02-18'),(14866,'g',0,'2012-02-18'),(11846,'g',0,'2012-02-18'),(670,'g',0,'2012-02-18'),(14699,'g',0,'2012-02-19'),(409,'g',0,'2012-02-19'),(14788,'g',0,'2012-02-19'),(14735,'g',0,'2012-02-19'),(414,'g',0,'2012-02-19'),(14694,'g',0,'2012-02-19'),(14619,'g',0,'2012-02-19'),(14782,'g',0,'2012-02-19'),(14743,'g',0,'2012-02-19'),(14687,'g',0,'2012-02-19'),(11395,'g',0,'2012-02-20'),(14609,'g',0,'2012-02-20'),(14811,'g',0,'2012-02-20'),(11133,'g',0,'2012-02-20'),(14792,'g',0,'2012-02-20'),(14682,'g',0,'2012-02-20'),(14555,'g',0,'2012-02-20'),(14738,'g',0,'2012-02-20'),(14577,'g',0,'2012-02-20'),(14683,'g',0,'2012-02-20'),(14659,'g',0,'2012-02-20'),(14594,'g',0,'2012-02-20'),(14670,'g',0,'2012-02-20'),(12808,'g',0,'2012-02-20'),(14736,'g',0,'2012-02-20'),(882,'g',0,'2012-02-20'),(905,'g',0,'2012-02-20'),(1041,'g',0,'2012-02-20'),(3605,'g',0,'2012-02-20'),(415,'g',0,'2012-02-20'),(14285,'g',0,'2012-02-20'),(14286,'g',0,'2012-02-20'),(664,'g',0,'2012-02-20'),(11486,'g',0,'2012-02-20'),(14721,'g',0,'2012-02-20'),(12824,'g',0,'2012-02-20'),(14720,'g',0,'2012-02-20'),(14739,'g',0,'2012-02-20'),(11863,'g',0,'2012-02-20'),(14496,'g',0,'2012-02-20'),(14525,'g',0,'2012-02-20'),(14608,'g',0,'2012-02-20'),(12855,'g',0,'2012-02-20'),(14458,'g',0,'2012-02-20'),(14655,'g',0,'2012-02-20'),(14460,'g',0,'2012-02-20'),(14518,'g',0,'2012-02-20'),(14600,'g',0,'2012-02-20'),(985,'g',0,'2012-02-20'),(416,'g',0,'2012-02-20'),(4307,'g',0,'2012-02-20'),(14863,'g',0,'2012-02-20'),(939,'g',0,'2012-02-20'),(14844,'g',0,'2012-02-20'),(14695,'g',0,'2012-02-20'),(7232,'g',0,'2012-02-20'),(6212,'g',0,'2012-02-20'),(11097,'g',0,'2012-02-20'),(11321,'g',0,'2012-02-20'),(14615,'g',0,'2012-02-20'),(14533,'g',0,'2012-02-20'),(14531,'g',0,'2012-02-20'),(13180,'g',0,'2012-02-20'),(14560,'g',0,'2012-02-20'),(14630,'g',0,'2012-02-20'),(14605,'g',0,'2012-02-20'),(12311,'g',0,'2012-02-20'),(14546,'g',0,'2012-02-20'),(10720,'g',0,'2012-02-20'),(14502,'g',0,'2012-02-20'),(14628,'g',0,'2012-02-20'),(5730,'g',0,'2012-02-20'),(3678,'g',0,'2012-02-20'),(4733,'g',0,'2012-02-20'),(5221,'g',0,'2012-02-20'),(3762,'g',0,'2012-02-20'),(9093,'g',0,'2012-02-20'),(9186,'g',0,'2012-02-20'),(9901,'g',0,'2012-02-20'),(11462,'g',0,'2012-02-20'),(9746,'g',0,'2012-02-20'),(9116,'g',0,'2012-02-20'),(8942,'g',0,'2012-02-20'),(14068,'g',0,'2012-02-20'),(14830,'g',0,'2012-02-20'),(12384,'g',0,'2012-02-20'),(7405,'g',0,'2012-02-20'),(8008,'g',0,'2012-02-20'),(14287,'g',0,'2012-02-20'),(14071,'g',0,'2012-02-20'),(14070,'g',0,'2012-02-20'),(14566,'g',0,'2012-02-20'),(14543,'g',0,'2012-02-20'),(14596,'g',0,'2012-02-20'),(14557,'g',0,'2012-02-20'),(14657,'g',0,'2012-02-20'),(880,'g',0,'2012-02-20'),(967,'g',0,'2012-02-20'),(918,'g',0,'2012-02-20'),(1040,'g',0,'2012-02-20'),(412,'g',0,'2012-02-20'),(8347,'g',0,'2012-02-20'),(4209,'g',0,'2012-02-20'),(9635,'g',0,'2012-02-20'),(9656,'g',0,'2012-02-21'),(14550,'g',0,'2012-02-21'),(14614,'g',0,'2012-02-21'),(14724,'g',0,'2012-02-21'),(11073,'g',0,'2012-02-21'),(12734,'g',0,'2012-02-21'),(413,'g',0,'2012-02-21'),(5309,'g',0,'2012-02-21'),(4422,'g',0,'2012-02-21'),(14823,'g',0,'2012-02-21'),(906,'g',0,'2012-02-21'),(9111,'g',0,'2012-02-21'),(14875,'g',0,'2012-02-21'),(14495,'g',0,'2012-02-22'),(6954,'g',0,'2012-02-22'),(8330,'g',0,'2012-02-22'),(14845,'g',0,'2012-02-22'),(14491,'g',0,'2012-02-22'),(6825,'g',0,'2012-02-22'),(7087,'g',0,'2012-02-22'),(5439,'g',0,'2012-02-22'),(5330,'g',0,'2012-02-22'),(8238,'g',0,'2012-02-22'),(5197,'g',0,'2012-02-22'),(8280,'g',0,'2012-02-22'),(5064,'g',0,'2012-02-22'),(11190,'g',0,'2012-02-22'),(5052,'g',0,'2012-02-22'),(9226,'g',0,'2012-02-22'),(5079,'g',0,'2012-02-22'),(9043,'g',0,'2012-02-22'),(11781,'g',0,'2012-02-22'),(10049,'g',0,'2012-02-22'),(9989,'g',0,'2012-02-22'),(774,'g',0,'2012-02-22'),(895,'g',0,'2012-02-22'),(776,'g',0,'2012-02-23'),(806,'g',0,'2012-02-23'),(825,'g',0,'2012-02-23'),(14519,'g',0,'2012-02-23'),(4943,'g',0,'2012-02-23'),(7071,'g',0,'2012-02-23'),(8679,'g',0,'2012-02-23'),(9763,'g',0,'2012-02-23'),(759,'g',0,'2012-02-23'),(1007,'g',0,'2012-02-23'),(893,'g',0,'2012-02-23'),(14589,'g',0,'2012-02-23'),(14703,'g',0,'2012-02-23'),(14593,'g',0,'2012-02-23'),(14681,'g',0,'2012-02-23'),(14704,'g',0,'2012-02-23'),(5807,'g',0,'2012-02-23'),(7167,'g',0,'2012-02-23'),(11004,'g',0,'2012-02-23'),(11232,'g',0,'2012-02-23'),(831,'g',0,'2012-02-23'),(14730,'g',0,'2012-02-23'),(8627,'g',0,'2012-02-23'),(14639,'g',0,'2012-02-23'),(14734,'g',0,'2012-02-23'),(14888,'g',0,'2012-02-23'),(14881,'g',0,'2012-02-23'),(14891,'g',0,'2012-02-23'),(14697,'g',0,'2012-02-23'),(14653,'g',0,'2012-02-23'),(14677,'g',0,'2012-02-23'),(14668,'g',0,'2012-02-23'),(14587,'g',0,'2012-02-23'),(14667,'g',0,'2012-02-23'),(4824,'g',0,'2012-02-23'),(14758,'g',0,'2012-02-23'),(14798,'g',0,'2012-02-23'),(14781,'g',0,'2012-02-23'),(6053,'g',0,'2012-02-23'),(5878,'g',0,'2012-02-23'),(5938,'g',0,'2012-02-23'),(5829,'g',0,'2012-02-23'),(5958,'g',0,'2012-02-23'),(5903,'g',0,'2012-02-23'),(14770,'g',0,'2012-02-23'),(14793,'g',0,'2012-02-23'),(14799,'g',0,'2012-02-23'),(14522,'g',0,'2012-02-23'),(9070,'g',0,'2012-02-23'),(14856,'g',0,'2012-02-23'),(14821,'g',0,'2012-02-23'),(14145,'g',0,'2012-02-24'),(14783,'g',0,'2012-02-24'),(14820,'g',0,'2012-02-24'),(14807,'g',0,'2012-02-24'),(9519,'g',0,'2012-02-24'),(14833,'g',0,'2012-02-24'),(14144,'g',0,'2012-02-24'),(5175,'g',0,'2012-02-24'),(6229,'g',0,'2012-02-24'),(14835,'g',0,'2012-02-24'),(14742,'g',0,'2012-02-25'),(14791,'g',0,'2012-02-25'),(14828,'g',0,'2012-02-25'),(14883,'g',0,'2012-02-25'),(14839,'g',0,'2012-02-25'),(747,'g',0,'2012-02-25'),(6461,'g',0,'2012-02-25'),(6527,'g',0,'2012-02-25'),(14885,'g',0,'2012-02-25'),(6717,'g',0,'2012-02-25'),(6582,'g',0,'2012-02-25'),(14884,'g',0,'2012-02-26'),(14882,'g',0,'2012-02-26'),(14880,'g',0,'2012-02-26'),(6594,'g',0,'2012-02-26'),(6353,'g',0,'2012-02-26'),(14865,'g',0,'2012-02-26'),(6803,'g',0,'2012-02-26'),(6554,'g',0,'2012-02-26'),(6660,'g',0,'2012-02-26'),(14239,'g',0,'2012-02-27'),(14506,'g',0,'2012-02-27'),(7428,'g',0,'2012-02-29'),(6731,'g',0,'2012-02-29'),(6095,'g',0,'2012-02-29'),(5979,'g',0,'2012-02-29'),(6393,'g',0,'2012-02-29'),(6520,'g',0,'2012-02-29'),(7144,'g',0,'2012-02-29'),(14912,'g',0,'2012-02-29'),(10044,'g',0,'2012-02-29'),(10602,'g',0,'2012-03-01'),(10553,'g',0,'2012-03-01'),(10422,'g',0,'2012-03-01'),(14796,'g',0,'2012-03-01'),(8877,'g',0,'2012-03-01'),(9750,'g',0,'2012-03-01'),(8741,'g',0,'2012-03-01'),(14871,'g',0,'2012-03-01'),(14925,'g',0,'2012-03-01'),(14812,'g',0,'2012-03-01'),(9738,'g',0,'2012-03-01'),(14902,'g',0,'2012-03-01'),(14824,'g',0,'2012-03-01'),(1083,'g',0,'2012-03-01'),(1084,'g',0,'2012-03-01'),(1082,'g',0,'2012-03-01'),(1021,'g',0,'2012-03-01'),(1079,'g',0,'2012-03-01'),(1088,'g',0,'2012-03-01'),(3911,'g',0,'2012-03-01'),(1089,'g',0,'2012-03-01'),(1022,'g',0,'2012-03-01'),(1086,'g',0,'2012-03-01'),(14919,'g',0,'2012-03-01'),(14894,'g',0,'2012-03-01'),(14762,'g',0,'2012-03-01'),(14878,'g',0,'2012-03-01'),(9249,'g',0,'2012-03-01'),(14853,'g',0,'2012-03-01'),(14942,'g',0,'2012-03-01'),(14859,'g',0,'2012-03-01'),(14940,'g',0,'2012-03-01'),(14924,'g',0,'2012-03-01'),(14852,'g',0,'2012-03-01'),(10273,'g',0,'2012-03-01'),(14714,'g',0,'2012-03-01'),(14890,'g',0,'2012-03-02'),(14918,'g',0,'2012-03-02'),(988,'g',0,'2012-03-02'),(14922,'g',0,'2012-03-02'),(14938,'g',0,'2012-03-05'),(14910,'g',0,'2012-03-05'),(14915,'g',0,'2012-03-06'),(14872,'g',0,'2012-03-06'),(14801,'g',0,'2012-03-06'),(14803,'g',0,'2012-03-06'),(14943,'g',0,'2012-03-06'),(14804,'g',0,'2012-03-06'),(14806,'g',0,'2012-03-06'),(14827,'g',0,'2012-03-06'),(14802,'g',0,'2012-03-07'),(14805,'g',0,'2012-03-07'),(14816,'g',0,'2012-03-07'),(14953,'g',0,'2012-03-07'),(14913,'g',0,'2012-03-07'),(980,'g',0,'2012-03-07'),(979,'g',0,'2012-03-07');

--
-- Table structure for table `idx_paid_listing`
--

CREATE TABLE `idx_paid_listing` (
  `link_id` mediumint(9) unsigned NOT NULL default '0',
  `premium` char(1) default NULL,
  `sponsored` char(1) default NULL,
  `expire` datetime default NULL,
  `paid` char(1) default NULL,
  PRIMARY KEY  (`link_id`)
) ENGINE=MyISAM DEFAULT CHARSET=latin1;

--
-- Dumping data for table `idx_paid_listing`
--


--
-- Table structure for table `idx_payment_gateway`
--

CREATE TABLE `idx_payment_gateway` (
  `payment_gateway_id` int(11) NOT NULL auto_increment,
  `name` varchar(100) default NULL,
  `enable` char(1) default NULL,
  `setting` text,
  `invoice_html` text,
  PRIMARY KEY  (`payment_gateway_id`)
) ENGINE=MyISAM AUTO_INCREMENT=9 DEFAULT CHARSET=latin1;

--
-- Dumping data for table `idx_payment_gateway`
--

INSERT INTO `idx_payment_gateway` VALUES (1,'paypal','1','a:2:{s:13:\"payment_email\";s:0:\"\";s:21:\"enable_paypal_sandbox\";s:1:\"0\";}','<p> \r\n	<a href=\'paynow.php?id={$invoice_id}&m=paypal\'><img src=\'http://www.paypal.com/images/x-click-but02.gif\' border=\'0\' alt=\'Make payments with PayPal - it is fast, free and secure!\' /></a> \r\n</p>\r\n'),(2,'2co','0','a:6:{s:6:\"co_sid\";s:5:\"84932\";s:9:\"co_secret\";s:5:\"tango\";s:12:\"co_recurring\";s:1:\"0\";s:9:\"co_prod_1\";s:6:\"100.00\";s:9:\"co_prod_2\";s:6:\"250.00\";s:9:\"co_prod_3\";s:6:\"400.00\";}','<p>\r\n<a href=\'paynow.php?id={$invoice_id}&m=2co\'><img src=\'http://www.2checkout.com/images/overview/btns/25.jpg\' alt=\'Pay Now with 2checkout...\' border=\'0\' /></a> \r\n</p>'),(3,'authorizenet','0','a:2:{s:21:\"authorizenet_login_id\";s:0:\"\";s:21:\"authorizenet_tran_key\";s:0:\"\";}','<p> \r\n<a href=\'paynow.php?id={$invoice_id}&m=authorizenet\'><img src=\'http://www.authorize.net/upload/images/Images/Header/authorizenet_logo.gif\' alt=\'Pay Now with Authorize.Net...\' width=\'99\' height=\'39\' style=\'{border : 1px solid #c0c0c0;}\' /></a>\r\n</p>'),(4,'egold','0','a:2:{s:19:\"egold_payee_account\";s:0:\"\";s:16:\"egold_payee_name\";s:0:\"\";}','<p> \r\n<a href=\'paynow.php?id={$invoice_id}&m=egold\'>\r\n<img src=\'http://www.e-gold.com/gif/paywith.gif\' border=\'0\' alt=\'Pay Now with e-gold...\' />\r\n</a>\r\n</p>'),(5,'moneybookers','0','a:1:{s:18:\"moneybookers_email\";s:0:\"\";}','<p> \r\n<a href=\'paynow.php?id={$invoice_id}&m=paypal\'><img src=\'http://www.moneybookers.com/images/banners/88_en_mb.gif\' border=\'0\' alt=\'Make payments with Moneybookers - it is fast, free and secure!\' /></a> \r\n</p>'),(6,'paypal-subscriptions','0','a:2:{s:13:\"payment_email\";s:0:\"\";s:21:\"enable_paypal_sandbox\";s:1:\"0\";}','<p> \r\n<a href=\'paynow.php?id={$invoice_id}&m=paypal\'><img src=\'https://www.paypal.com/en_US/i/btn/x-click-but20.gif\' border=\'0\' alt=\'Make payments with PayPal - it is fast, free and secure!\' /></a> \r\n</p>'),(7,'alertpay','0','a:2:{s:14:\"alertpay_email\";s:0:\"\";s:23:\"enable_alertpay_sandbox\";s:1:\"0\";}','<p> \r\n<a href=\'paynow.php?id={$invoice_id}&m=alertpay\'>\r\n<img src=\'https://www.alertpay.com/Images/BuyNow/pay_now_3.gif\' border=\'0\' alt=\'Make payments with PayPal - it is fast, free and secure!\' /></a> \r\n</p>'),(8,'alertpay-subcriptions','0','a:2:{s:14:\"alertpay_email\";s:0:\"\";s:23:\"enable_alertpay_sandbox\";s:1:\"0\";}','<p>\r\n<a href=\'paynow.php?id={$invoice_id}&m=alertpay-subcriptions\'>\r\n<img src=\'https://www.alertpay.com/Images/BuyNow/subscribe_now_15.gif\' border=\'0\' alt=\'Make payments with Alert Pay - it is fast, free and secure!\' /></a> \r\n</p>');

--
-- Table structure for table `idx_payment_history`
--

CREATE TABLE `idx_payment_history` (
  `payment_id` int(10) unsigned NOT NULL auto_increment,
  `contact_name` varchar(255) default NULL,
  `email` varchar(255) default NULL,
  `type` varchar(255) default NULL,
  `detail` text,
  `amount` double default NULL,
  `time` datetime default NULL,
  `invoice_id` varchar(10) default NULL,
  PRIMARY KEY  (`payment_id`)
) ENGINE=MyISAM DEFAULT CHARSET=latin1;

--
-- Dumping data for table `idx_payment_history`
--


--
-- Table structure for table `idx_pl_sociable`
--

CREATE TABLE `idx_pl_sociable` (
  `sb_id` int(11) NOT NULL auto_increment,
  `sb_name` varchar(255) character set utf8 default NULL,
  `sb_url` varchar(255) character set utf8 default NULL,
  `sb_icon` varchar(255) character set utf8 default NULL,
  `sb_enable` char(1) character set utf8 default '0',
  PRIMARY KEY  (`sb_id`)
) ENGINE=MyISAM AUTO_INCREMENT=90 DEFAULT CHARSET=latin1;

--
-- Dumping data for table `idx_pl_sociable`
--

INSERT INTO `idx_pl_sociable` VALUES (1,'BarraPunto','http://barrapunto.com/submit.pl?subj=TITLE&amp;story=PERMALINK','barrapunto.png','0'),(2,'Bitacoras.com','http://bitacoras.com/anotaciones/PERMALINK','bitacoras.png','0'),(3,'BlinkList','http://www.blinklist.com/index.php?Action=Blink/addblink.php&amp;Url=PERMALINK&amp;Title=TITLE','blinklist.png','0'),(4,'blogmarks','http://blogmarks.net/my/new.php?mini=1&amp;simple=1&amp;url=PERMALINK&amp;title=TITLE','blogmarks.png','0'),(5,'Blogosphere News','http://www.blogospherenews.com/submit.php?url=PERMALINK&amp;title=TITLE','blogospherenews.png','0'),(6,'blogtercimlap','http://cimlap.blogter.hu/index.php?action=suggest_link&amp;title=TITLE&amp;url=PERMALINK','blogter.png','0'),(7,'Faves','http://faves.com/Authoring.aspx?u=PERMALINK&amp;title=TITLE','bluedot.png','0'),(8,'connotea','http://www.connotea.org/addpopup?continue=confirm&amp;uri=PERMALINK&amp;title=TITLE&amp;description=EXCERPT','connotea.png','0'),(9,'Current','http://current.com/clipper.htm?url=PERMALINK&amp;title=TITLE','current.png','0'),(10,'del.icio.us','http://delicious.com/post?url=PERMALINK&amp;title=TITLE&amp;notes=EXCERPT','delicious.png','0'),(11,'Digg','http://digg.com/submit?phase=2&amp;url=PERMALINK&amp;title=TITLE&amp;bodytext=EXCERPT','digg.png','1'),(12,'Diigo','http://www.diigo.com/post?url=PERMALINK&amp;title=TITLE','diigo.png','0'),(13,'DotNetKicks','http://www.dotnetkicks.com/kick/?url=PERMALINK&amp;title=TITLE','dotnetkicks.png','0'),(14,'DZone','http://www.dzone.com/links/add.html?url=PERMALINK&amp;title=TITLE','dzone.png','0'),(15,'eKudos','http://www.ekudos.nl/artikel/nieuw?url=PERMALINK&amp;title=TITLE&amp;desc=EXCERPT','ekudos.png','0'),(16,'email','mailto:?subject=TITLE&amp;body=PERMALINK','email_link.png','0'),(17,'Facebook','http://www.facebook.com/share.php?u=PERMALINK&amp;t=TITLE','facebook.png','1'),(18,'Fark','http://cgi.fark.com/cgi/fark/farkit.pl?h=TITLE&amp;u=PERMALINK','fark.png','0'),(19,'Fleck','http://beta3.fleck.com/bookmarklet.php?url=PERMALINK&amp;title=TITLE','fleck.png','0'),(20,'FriendFeed','http://www.friendfeed.com/share?title=TITLE&amp;link=PERMALINK','friendfeed.png','0'),(21,'FSDaily','http://www.fsdaily.com/submit?url=PERMALINK&amp;title=TITLE','fsdaily.png','0'),(22,'Global Grind','http://globalgrind.com/submission/submit.aspx?url=PERMALINK&amp;type=Article&amp;title=TITLE','globalgrind.png','0'),(23,'Google','http://www.google.com/bookmarks/mark?op=edit&amp;bkmk=PERMALINK&amp;title=TITLE&amp;annotation=EXCERPT','googlebookmark.png','0'),(24,'Gwar','http://www.gwar.pl/DodajGwar.html?u=PERMALINK','gwar.png','0'),(25,'HackerNews','http://news.ycombinator.com/submitlink?u=PERMALINK&amp;t=TITLE','hackernews.png','0'),(26,'Haohao','http://www.haohaoreport.com/submit.php?url=PERMALINK&amp;title=TITLE','haohao.png','0'),(27,'HealthRanker','http://healthranker.com/submit.php?url=PERMALINK&amp;title=TITLE','healthranker.png','0'),(28,'HelloTxt','http://hellotxt.com/?status=TITLE+PERMALINK','hellotxt.png','0'),(29,'Hemidemi','http://www.hemidemi.com/user_bookmark/new?title=TITLE&amp;url=PERMALINK','hemidemi.png','0'),(30,'Hyves','http://www.hyves.nl/profilemanage/add/tips/?name=TITLE&amp;text=EXCERPT+PERMALINK&amp;rating=5','hyves.png','0'),(31,'Identi.ca','http://identi.ca/notice/new?status_textarea=PERMALINK','identica.png','0'),(32,'IndianPad','http://www.indianpad.com/submit.php?url=PERMALINK','indianpad.png','0'),(33,'Internetmedia','http://internetmedia.hu/submit.php?url=PERMALINK','im.png','0'),(34,'Kirtsy','http://www.kirtsy.com/submit.php?url=PERMALINK&amp;title=TITLE','kirtsy.png','0'),(35,'laaik.it','http://laaik.it/NewStoryCompact.aspx?uri=PERMALINK&amp;headline=TITLE&amp;cat=5e082fcc-8a3b-47e2-acec-fdf64ff19d12','laaikit.png','0'),(36,'LinkArena','http://linkarena.com/bookmarks/addlink/?url=PERMALINK&amp;title=TITLE','linkarena.png','0'),(37,'LinkaGoGo','http://www.linkagogo.com/go/AddNoPopup?url=PERMALINK&amp;title=TITLE','linkagogo.png','0'),(38,'LinkedIn','http://www.linkedin.com/shareArticle?mini=true&amp;url=PERMALINK&amp;title=TITLE&amp;source=BLOGNAME&amp;summary=EXCERPT','linkedin.png','0'),(39,'Linkter','http://www.linkter.hu/index.php?action=suggest_link&amp;url=PERMALINK&amp;title=TITLE','linkter.png','0'),(40,'Live','https://favorites.live.com/quickadd.aspx?marklet=1&amp;url=PERMALINK&amp;title=TITLE','live.png','0'),(41,'Meneame','http://meneame.net/submit.php?url=PERMALINK','meneame.png','0'),(42,'MisterWong','http://www.mister-wong.com/addurl/?bm_url=PERMALINK&amp;bm_description=TITLE&amp;plugin=soc','misterwong.png','0'),(43,'MisterWong.DE','http://www.mister-wong.de/addurl/?bm_url=PERMALINK&amp;bm_description=TITLE&amp;plugin=soc','misterwong.png','0'),(44,'Mixx','http://www.mixx.com/submit?page_url=PERMALINK&amp;title=TITLE','mixx.png','0'),(45,'muti','http://www.muti.co.za/submit?url=PERMALINK&amp;title=TITLE','muti.png','0'),(46,'MyShare','http://myshare.url.com.tw/index.php?func=newurl&amp;url=PERMALINK&amp;desc=TITLE','myshare.png','0'),(47,'MySpace','http://www.myspace.com/Modules/PostTo/Pages/?u=PERMALINK&amp;t=TITLE','myspace.png','0'),(48,'MSNReporter','http://reporter.nl.msn.com/?fn=contribute&amp;Title=TITLE&amp;URL=PERMALINK&amp;cat_id=6&amp;tag_id=31&amp;Remark=EXCERPT','msnreporter.png','0'),(49,'N4G','http://www.n4g.com/tips.aspx?url=PERMALINK&amp;title=TITLE','n4g.png','0'),(50,'Netvibes','http://www.netvibes.com/share?title=TITLE&amp;url=PERMALINK','netvibes.png','0'),(51,'NewsVine','http://www.newsvine.com/_tools/seed&amp;save?u=PERMALINK&amp;h=TITLE','newsvine.png','0'),(52,'Netvouz','http://www.netvouz.com/action/submitBookmark?url=PERMALINK&amp;title=TITLE&amp;popup=no','netvouz.png','0'),(53,'NuJIJ','http://nujij.nl/jij.lynkx?t=TITLE&amp;u=PERMALINK&amp;b=EXCERPT','nujij.png','0'),(54,'Ping.fm','http://ping.fm/ref/?link=PERMALINK&amp;title=TITLE&amp;body=EXCERPT','ping.png','0'),(55,'Posterous','http://posterous.com/share?linkto=PERMALINK&amp;title=TITLE&amp;selection=EXCERPT','posterous.png','0'),(56,'PDF','http://www.printfriendly.com/print?url=PERMALINK&amp;partner=sociable','pdf.png','0'),(57,'Print','http://www.printfriendly.com/print?url=PERMALINK&amp;partner=sociable','printfriendly.png','0'),(58,'Propeller','http://www.propeller.com/submit/?url=PERMALINK','propeller.png','0'),(59,'Ratimarks','http://ratimarks.org/bookmarks.php/?action=add&address=PERMALINK&amp;title=TITLE','ratimarks.png','0'),(60,'Rec6','http://rec6.via6.com/link.php?url=PERMALINK&amp;=TITLE','rec6.png','0'),(61,'Reddit','http://reddit.com/submit?url=PERMALINK&amp;title=TITLE','reddit.png','0'),(62,'RSS','FEEDLINK','rss.png','0'),(63,'Scoopeo','http://www.scoopeo.com/scoop/new?newurl=PERMALINK&amp;title=TITLE','scoopeo.png','0'),(64,'Segnalo','http://segnalo.alice.it/post.html.php?url=PERMALINK&amp;title=TITLE','segnalo.png','0'),(65,'Simpy','http://www.simpy.com/simpy/LinkAdd.do?href=PERMALINK&amp;title=TITLE','simpy.png','0'),(66,'Slashdot','http://slashdot.org/bookmark.pl?title=TITLE&amp;url=PERMALINK','slashdot.png','0'),(67,'Socialogs','http://socialogs.com/add_story.php?story_url=PERMALINK&amp;story_title=TITLE','socialogs.png','0'),(68,'SphereIt','http://www.sphere.com/search?q=sphereit:PERMALINK&amp;title=TITLE','sphere.png','0'),(69,'Sphinn','http://sphinn.com/index.php?c=post&amp;m=submit&amp;link=PERMALINK','sphinn.png','0'),(70,'StumbleUpon','http://www.stumbleupon.com/submit?url=PERMALINK&amp;title=TITLE','stumbleupon.png','0'),(71,'Techmeme','http://twitter.com/home/?status=tip%20@Techmeme%20PERMALINK%20TITLE','techmeme.png','0'),(72,'Technorati','http://technorati.com/faves?add=PERMALINK','technorati.png','1'),(73,'ThisNext','http://www.thisnext.com/pick/new/submit/sociable/?url=PERMALINK&amp;name=TITLE','thisnext.png','0'),(74,'Tipd','http://tipd.com/submit.php?url=PERMALINK','tipd.png','0'),(75,'Tumblr','http://www.tumblr.com/share?v=3&amp;u=PERMALINK&amp;t=TITLE&amp;s=EXCERPT','tumblr.png','0'),(76,'Twitter','http://twitter.com/home?status=TITLE%20-%20PERMALINK','twitter.png','1'),(77,'Upnews','http://www.upnews.it/submit?url=PERMALINK&amp;title=TITLE','upnews.png','0'),(78,'Webnews.de','http://www.webnews.de/einstellen?url=PERMALINK&amp;title=TITLE','webnews.png','0'),(79,'Webride','http://webride.org/discuss/split.php?uri=PERMALINK&amp;title=TITLE','webride.png','0'),(80,'Wikio','http://www.wikio.com/vote?url=PERMALINK','wikio.png','0'),(81,'Wikio FR','http://www.wikio.fr/vote?url=PERMALINK','wikio.png','0'),(82,'Wikio IT','http://www.wikio.it/vote?url=PERMALINK','wikio.png','0'),(83,'Wists','http://wists.com/s.php?c=&amp;r=PERMALINK&amp;title=TITLE','wists.png','0'),(84,'Wykop','http://www.wykop.pl/dodaj?url=PERMALINK','wykop.png','0'),(85,'Xerpi','http://www.xerpi.com/block/add_link_from_extension?url=PERMALINK&amp;title=TITLE','xerpi.png','0'),(86,'YahooBuzz','http://buzz.yahoo.com/submit/?submitUrl=PERMALINK&amp;submitHeadline=TITLE&amp;submitSummary=EXCERPT&amp;submitCategory=science&amp;submitAssetType=text','yahoobuzz.png','0'),(87,'Yahoo! Bookmarks','http://bookmarks.yahoo.com/toolbar/savebm?u=PERMALINK&amp;t=TITLE&opener=bm&amp;ei=UTF-8&amp;d=EXCERPT','yahoomyweb.png','0'),(88,'Yigg','http://yigg.de/neu?exturl=PERMALINK&amp;exttitle=TITLE','yiggit.png','0'),(89,'Blogplay','http://blogplay.com','blogplay.png','0');

--
-- Table structure for table `idx_pl_twitter_account`
--

CREATE TABLE `idx_pl_twitter_account` (
  `ck` varchar(255) character set utf8 default NULL,
  `cs` varchar(255) character set utf8 default NULL,
  `at` varchar(255) character set utf8 default NULL,
  `ats` varchar(255) character set utf8 default NULL
) ENGINE=MyISAM DEFAULT CHARSET=latin1;

--
-- Dumping data for table `idx_pl_twitter_account`
--

INSERT INTO `idx_pl_twitter_account` VALUES ('VkR6oE3QV1Y8kmaTuQ','DyP9A0s9uTmu5hLXrJEl1517MXZJrEKhzQRjmtOvNs','https://api.twitter.com/oauth/authorize','https://api.twitter.com/oauth/access_token');

--
-- Table structure for table `idx_plugin`
--

CREATE TABLE `idx_plugin` (
  `plugin_id` int(11) NOT NULL auto_increment,
  `name` varchar(255) default NULL,
  `plugin_file` varchar(255) default NULL,
  `status` enum('0','1') default NULL,
  `option_plugin` text,
  PRIMARY KEY  (`plugin_id`)
) ENGINE=MyISAM AUTO_INCREMENT=3 DEFAULT CHARSET=latin1;

--
-- Dumping data for table `idx_plugin`
--

INSERT INTO `idx_plugin` VALUES (1,'AutoTweet','twitter_auto_tweet/twitter_auto_tweet.php','1',NULL),(2,'Sociable','sociable/sociable.php','1',NULL);

--
-- Table structure for table `idx_review`
--

CREATE TABLE `idx_review` (
  `review_id` mediumint(9) unsigned NOT NULL auto_increment,
  `link_id` mediumint(9) unsigned NOT NULL default '0',
  `review` text NOT NULL,
  `rating` tinyint(3) unsigned NOT NULL default '0',
  `date` date NOT NULL default '0000-00-00',
  `subject` varchar(100) default NULL,
  `status` char(1) default NULL,
  `username` varchar(20) default NULL,
  `name` varchar(20) default NULL,
  `email` varchar(100) default NULL,
  PRIMARY KEY  (`review_id`)
) ENGINE=MyISAM DEFAULT CHARSET=latin1;

--
-- Dumping data for table `idx_review`
--


--
-- Table structure for table `idx_searchlog`
--

CREATE TABLE `idx_searchlog` (
  `keyword` varchar(100) NOT NULL default '',
  `time` datetime NOT NULL default '0000-00-00 00:00:00',
  `result` mediumint(9) unsigned default NULL,
  `ip` varchar(100) default NULL
) ENGINE=MyISAM DEFAULT CHARSET=latin1;

--
-- Dumping data for table `idx_searchlog`
--

INSERT INTO `idx_searchlog` VALUES ('bruno mars','2011-10-09 05:33:11',0,'90.191.182.119'),('elliance','2011-10-25 14:22:40',0,'199.234.68.14'),('.amsterdam-hotel.com','2011-11-01 06:50:47',92,'203.92.47.195'),('pentalog','2011-11-03 10:53:04',0,'78.97.93.3'),('pentalog','2011-11-11 05:25:12',1,'78.97.93.3'),('search...','2011-11-16 05:35:06',0,'121.96.178.81'),('diana rigg','2011-11-18 10:30:53',0,'188.221.54.154'),('jim trelvering','2011-11-20 01:52:15',0,'75.152.181.26'),('Brain May','2011-11-30 04:53:16',0,'192.87.54.162'),('steven spielberg','2011-12-04 10:10:36',0,'67.247.18.110'),('automotive','2011-12-15 05:35:08',9,'49.248.101.19'),('jack wilsher','2011-12-18 20:03:27',0,'92.23.15.20'),('rv outlet mall','2012-01-09 12:35:42',0,'24.153.216.97'),('Elisha Cuthbert','2012-01-10 05:44:17',0,'190.36.62.92'),('frankie cocozza','2012-01-12 15:22:05',0,'81.155.39.46'),('amanda holden','2012-01-30 10:45:45',0,'86.145.140.211'),('GrowingStars.com','2012-02-21 05:52:54',1,'203.92.47.195'),('http://www.carlosmcabrera.com','2012-02-28 01:50:11',1,'203.92.47.195'),('http://www.danakeithdds.com','2012-02-29 06:54:42',2,'203.92.47.195');

--
-- Table structure for table `idx_set_hook_place`
--

CREATE TABLE `idx_set_hook_place` (
  `set_hook_place_id` int(11) NOT NULL auto_increment,
  `plugin` varchar(255) default NULL,
  `set_hook_place` text,
  PRIMARY KEY  (`set_hook_place_id`)
) ENGINE=MyISAM DEFAULT CHARSET=latin1;

--
-- Dumping data for table `idx_set_hook_place`
--


--
-- Table structure for table `idx_setting`
--

CREATE TABLE `idx_setting` (
  `setting_id` int(11) NOT NULL auto_increment,
  `setting_name` varchar(255) default NULL,
  `setting_value` text,
  PRIMARY KEY  (`setting_id`)
) ENGINE=MyISAM AUTO_INCREMENT=55 DEFAULT CHARSET=latin1;

--
-- Dumping data for table `idx_setting`
--

INSERT INTO `idx_setting` VALUES (4,'site_name','stardirectory.org '),(5,'site_url','http://stardirectory.org'),(6,'email_address','babys.husson@gmail.com'),(7,'language_code','en_US'),(8,'theme_path','/home/stardire/public_html/themes/'),(9,'admin_template_path','/home/stardire/public_html/admin_tpl/'),(10,'plugin_path','/home/stardire/public_html/plugin/'),(12,'active_theme','_stardirectory'),(14,'spam_proof','1'),(15,'enable_user_validation','1'),(16,'allowed_file_extension','gif,jpg,png,pdf,zip,doc'),(17,'yahoo_appid',''),(18,'whosonline','600'),(19,'reciprocal_check','0'),(20,'urlcheck_limit','1'),(21,'pagerank_cache','30'),(22,'max_image_width','1024'),(23,'max_image_height','756'),(24,'max_file_size','500'),(25,'only_registered_can_add_link','0'),(26,'only_registered_can_add_review','0'),(27,'db_use_persistent','0'),(28,'paid_link_day_period','30,60,90,180'),(29,'paid_link_price_factor','1,1.5,2,3'),(30,'enable_html_tag','1'),(31,'allowed_html_tag','<b>,<strong>,<i>,<em>,<u>,<pre>,<blockquote>,<ol>,<ul>,<li>,<p>,<span>,<div>,<table>,<tr>,<td>'),(32,'enable_page_compression','0'),(33,'enable_category_ajax','1'),(34,'require_visit_category','0'),(35,'additional_category_price','0.5'),(36,'enable_rating_ajax','1'),(37,'service_nicecoder_avail','1'),(38,'enable_recaptcha','0'),(39,'recaptcha_publickey',''),(40,'recaptcha_privatekey',''),(41,'enable_bidding','0'),(42,'minimum_bid','5'),(43,'bid_increament','1'),(44,'charset','utf-8'),(45,'mailer','mail'),(46,'smtp_auth','0'),(47,'smtp_host',''),(48,'smtp_username',''),(49,'smtp_password',''),(50,'smtp_port','25'),(51,'emailbody_as_html','0'),(52,'indexu_version','2.4'),(53,'tos',''),(54,'submission_guidelines','');

--
-- Table structure for table `idx_tags`
--

CREATE TABLE `idx_tags` (
  `tag` varchar(64) NOT NULL default '',
  `category_id` mediumint(8) unsigned NOT NULL default '0',
  `total` int(11) NOT NULL default '0',
  `tag_path` varchar(64) NOT NULL,
  PRIMARY KEY  (`tag`,`category_id`)
) ENGINE=MyISAM DEFAULT CHARSET=latin1;

--
-- Dumping data for table `idx_tags`
--


--
-- Table structure for table `idx_unavailable`
--

CREATE TABLE `idx_unavailable` (
  `idx_unavailable` int(11) NOT NULL auto_increment,
  `link_id` int(11) default NULL,
  `url` varchar(255) default NULL,
  `who_is` varchar(255) default NULL,
  `note` text,
  `date` datetime default NULL,
  PRIMARY KEY  (`idx_unavailable`)
) ENGINE=MyISAM DEFAULT CHARSET=latin1;

--
-- Dumping data for table `idx_unavailable`
--


--
-- Table structure for table `idx_unavailable_latest`
--

CREATE TABLE `idx_unavailable_latest` (
  `idx_link` int(11) default NULL,
  `record_execution` int(11) default NULL
) ENGINE=MyISAM DEFAULT CHARSET=latin1;

--
-- Dumping data for table `idx_unavailable_latest`
--


--
-- Table structure for table `idx_votes`
--

CREATE TABLE `idx_votes` (
  `link_id` mediumint(9) NOT NULL default '0',
  `ip` varchar(100) default NULL,
  `value` tinyint(4) default NULL
) ENGINE=MyISAM DEFAULT CHARSET=latin1;

--
-- Dumping data for table `idx_votes`
--



