--
-- Host: submitza.net    Database: submid_indexu
-- ------------------------------------------------------


--
-- Not dumping tablespaces as no INFORMATION_SCHEMA.FILES table on this server
--

--
-- Table structure for table `directory_save_data`
--

CREATE TABLE `directory_save_data` (
  `id` bigint(100) NOT NULL auto_increment,
  `schedule_id` bigint(100) NOT NULL,
  `project_id` bigint(100) NOT NULL,
  `link_id` bigint(100) NOT NULL,
  `confirm_link` text NOT NULL,
  `category_id` int(10) NOT NULL,
  `category_name` varchar(150) NOT NULL,
  PRIMARY KEY  (`id`)
) ENGINE=InnoDB DEFAULT CHARSET=latin1;

--
-- Dumping data for table `directory_save_data`
--


--
-- Table structure for table `idx_admin_menu`
--

CREATE TABLE `idx_admin_menu` (
  `menu_id` int(11) NOT NULL auto_increment,
  `parent_id` int(11) default NULL,
  `menu_title` varchar(255) default NULL,
  `menu_url` varchar(255) default NULL,
  `order_number` int(11) default NULL,
  PRIMARY KEY  (`menu_id`)
) ENGINE=MyISAM AUTO_INCREMENT=85 DEFAULT CHARSET=latin1;

--
-- Dumping data for table `idx_admin_menu`
--



--
-- Table structure for table `idx_bad_link`
--

CREATE TABLE `idx_bad_link` (
  `bad_link_id` mediumint(9) unsigned NOT NULL auto_increment,
  `link_id` mediumint(9) unsigned NOT NULL default '0',
  `name` varchar(50) NOT NULL default '',
  `email` varchar(50) NOT NULL default '',
  `type` tinyint(3) unsigned NOT NULL default '0',
  `date` date NOT NULL default '0000-00-00',
  PRIMARY KEY  (`bad_link_id`)
) ENGINE=MyISAM DEFAULT CHARSET=latin1;

--
-- Dumping data for table `idx_bad_link`
--


--
-- Table structure for table `idx_badwords`
--

CREATE TABLE `idx_badwords` (
  `word` varchar(100) NOT NULL default ''
) ENGINE=MyISAM DEFAULT CHARSET=latin1;

--
-- Dumping data for table `idx_badwords`
--


--
-- Table structure for table `idx_blocked_domain`
--

CREATE TABLE `idx_blocked_domain` (
  `blocked_id` int(11) NOT NULL auto_increment,
  `blocked` varchar(255) default NULL,
  `type` enum('domain','ip') default NULL,
  PRIMARY KEY  (`blocked_id`)
) ENGINE=MyISAM AUTO_INCREMENT=6 DEFAULT CHARSET=latin1;

--
-- Dumping data for table `idx_blocked_domain`
--

INSERT INTO `idx_blocked_domain` VALUES (1,'buydomains.com','domain'),(2,'this-domain-for-sale.com ','domain'),(3,'oversee.net','domain'),(4,'eNom','domain'),(5,'sedoparking.com','domain');

--
-- Table structure for table `idx_category`
--

CREATE TABLE `idx_category` (
  `category_id` mediumint(9) unsigned NOT NULL auto_increment,
  `parent_id` mediumint(9) unsigned NOT NULL default '0',
  `name` varchar(100) NOT NULL default '',
  `description` text NOT NULL,
  `image` varchar(100) default NULL,
  `content` text,
  `visible` char(1) default NULL,
  `links` mediumint(9) default NULL,
  `meta_keyword` text,
  `meta_description` text,
  `permission` char(2) default NULL,
  `registered_only` char(1) default NULL,
  `header` text NOT NULL,
  `footer` text NOT NULL,
  `related` mediumint(6) NOT NULL default '0',
  `page_title` varchar(200) NOT NULL default '',
  `hits` int(11) NOT NULL default '0',
  `order_num` smallint(6) NOT NULL default '0',
  `basic_price` double unsigned NOT NULL default '0',
  `premium_price` double unsigned NOT NULL default '0',
  `sponsored_price` double unsigned NOT NULL default '0',
  PRIMARY KEY  (`category_id`)
) ENGINE=MyISAM AUTO_INCREMENT=36 DEFAULT CHARSET=latin1;

--
-- Dumping data for table `idx_category`
--

INSERT INTO `idx_category` VALUES (1,0,'Arts Gallery & Entertainment','','folder.gif','','1',3,'','','1','0','','',0,'',0,0,0,0,0),(2,0,'Automobiles','','folder.gif','','1',2,'','','1','0','','',0,'',0,0,0,0,0),(3,0,'Business & Investment','','folder.gif','','1',16,'','','1','0','','',0,'',0,0,0,0,0),(4,0,'Careers & Recruitment','','folder.gif','','1',0,'','','1','0','','',0,'',0,0,0,0,0),(5,0,'Clothing & Designers','','folder.gif','','1',1,'','','1','0','','',0,'',0,0,0,0,0),(6,0,'Communication','','folder.gif','','1',1,'','','1','0','','',0,'',0,0,0,0,0),(7,0,'Computers','','folder.gif','','1',3,'','','1','0','','',0,'',0,0,0,0,0),(8,0,'Construction and Remodeling','','folder.gif','','1',4,'','','1','0','','',0,'',0,0,0,0,0),(9,0,'Dental Directories','','folder.gif','','1',3,'','','1','0','','',0,'',0,0,0,0,0),(10,0,'Education & Colleges','','folder.gif','','1',0,'','','1','0','','',0,'',0,0,0,0,0),(11,0,'Employment & Staffing','','folder.gif','','1',1,'','','1','0','','',0,'',0,0,0,0,0),(12,0,'Gifts & Stationery','','folder.gif','','1',1,'','','1','0','','',0,'',0,0,0,0,0),(13,0,'Hardware & Software Systems','','folder.gif','','1',1,'','','1','0','','',0,'',0,0,0,0,0),(14,0,'Health Resources','','folder.gif','','1',0,'','','1','0','','',0,'',0,0,0,0,0),(15,0,'Healthcare Services & Products','','folder.gif','','1',18,'','','1','0','','',0,'',0,0,0,0,0),(16,0,'Air Conditioning, Heating & Ventilating','','folder.gif','','1',7,'','','1','0','','',0,'',0,0,0,0,0),(17,0,'Family ,Home & Garden','','folder.gif','','1',0,'','','1','0','','',0,'',0,0,0,0,0),(18,0,'Home Improvement & Interiors','','folder.gif','','1',177,'','','1','0','','',0,'',0,0,0,0,0),(19,0,'Hotels & Restaurants','','folder.gif','','1',1,'','','1','0','','',0,'',0,0,0,0,0),(20,0,'Insurance Agents and Companies','','folder.gif','','1',6,'','','1','0','','',0,'',0,0,0,0,0),(21,0,'Law & Legal Services','','folder.gif','','1',0,'','','1','0','','',0,'',0,0,0,0,0),(22,0,'Lawyers & Legal Consultants','','folder.gif','','1',26,'','','1','0','','',0,'',0,0,0,0,0),(23,0,'Lifestyle, Society & People','','folder.gif','','1',1,'','','1','0','','',0,'',0,0,0,0,0),(24,0,'Medicine & Medical Services','','folder.gif','','1',3,'','','1','0','','',0,'',0,0,0,0,0),(25,0,'Finance and Money','','folder.gif','','1',1,'','','1','0','','',0,'',0,0,0,0,0),(26,0,'News & Journals','','folder.gif','','1',0,'','','1','0','','',0,'',0,0,0,0,0),(27,0,'Plumbing & Fitting','','folder.gif','','1',0,'','','1','0','','',0,'',0,0,0,0,0),(28,0,'Real Estate & Agents','','folder.gif','','1',3,'','','1','0','','',0,'',0,0,0,0,0),(29,0,'Environment & Technology','','folder.gif','','1',0,'','','1','0','','',0,'',0,0,0,0,0),(30,0,'SEO & SMO Marketing','','folder.gif','','1',9,'','','1','0','','',0,'',0,0,0,0,0),(31,0,'Shopping and Sales','','folder.gif','','1',6,'','','1','0','','',0,'',0,0,0,0,0),(32,0,'Sports & Recreation','','folder.gif','','1',0,'','','1','0','','',0,'',0,0,0,0,0),(33,0,'Transportation Services','','folder.gif','','1',3,'','','1','0','','',0,'',0,0,0,0,0),(34,0,'Travel & Tour','','folder.gif','','1',2,'','','1','0','','',0,'',0,0,0,0,0),(35,0,'Weddings','','folder.gif','','1',2,'','','1','0','','',0,'',0,0,0,0,0);

--
-- Table structure for table `idx_category_path`
--

CREATE TABLE `idx_category_path` (
  `category_id` mediumint(9) NOT NULL default '0',
  `path` text,
  `path_with_url` text,
  `parents` text,
  PRIMARY KEY  (`category_id`)
) ENGINE=MyISAM DEFAULT CHARSET=latin1;

--
-- Dumping data for table `idx_category_path`
--

INSERT INTO `idx_category_path` VALUES (1,'Arts Gallery & Entertainment','<a href=\"http://submitza.net/arts-gallery-entertainment/\" name=\"cat_1\" style=\"\">Arts Gallery & Entertainment</a>',';0;'),(2,'Automobiles','<a href=\"http://submitza.net/automobiles/\" name=\"cat_2\" style=\"\">Automobiles</a>',';0;'),(3,'Business & Investment','<a href=\"http://submitza.net/business-investment/\" name=\"cat_3\" style=\"\">Business & Investment</a>',';0;'),(4,'Careers & Recruitment','<a href=\"http://submitza.net/careers-recruitment/\" name=\"cat_4\" style=\"\">Careers & Recruitment</a>',';0;'),(5,'Clothing & Designers','<a href=\"http://submitza.net/clothing-designers/\" name=\"cat_5\" style=\"\">Clothing & Designers</a>',';0;'),(6,'Communication','<a href=\"http://submitza.net/communication/\" name=\"cat_6\" style=\"\">Communication</a>',';0;'),(7,'Computers','<a href=\"http://submitza.net/computers/\" name=\"cat_7\" style=\"\">Computers</a>',';0;'),(8,'Construction and Remodeling','<a href=\"http://submitza.net/construction-and-remodeling/\" name=\"cat_8\" style=\"\">Construction and Remodeling</a>',';0;'),(9,'Dental Directories','<a href=\"http://submitza.net/dental-directories/\" name=\"cat_9\" style=\"\">Dental Directories</a>',';0;'),(10,'Education & Colleges','<a href=\"http://submitza.net/education-colleges/\" name=\"cat_10\" style=\"\">Education & Colleges</a>',';0;'),(11,'Employment & Staffing','<a href=\"http://submitza.net/employment-staffing/\" name=\"cat_11\" style=\"\">Employment & Staffing</a>',';0;'),(12,'Gifts & Stationery','<a href=\"http://submitza.net/gifts-stationery/\" name=\"cat_12\" style=\"\">Gifts & Stationery</a>',';0;'),(13,'Hardware & Software Systems','<a href=\"http://submitza.net/hardware-software-systems/\" name=\"cat_13\" style=\"\">Hardware & Software Systems</a>',';0;'),(14,'Health Resources','<a href=\"http://submitza.net/health-resources/\" name=\"cat_14\" style=\"\">Health Resources</a>',';0;'),(15,'Healthcare Services & Products','<a href=\"http://submitza.net/healthcare-services-products/\" name=\"cat_15\" style=\"\">Healthcare Services & Products</a>',';0;'),(16,'Air Conditioning, Heating & Ventilating','<a href=\"http://submitza.net/air-conditioning-heating-ventilating/\" name=\"cat_16\" style=\"\">Air Conditioning, Heating & Ventilating</a>',';0;'),(17,'Family ,Home & Garden','<a href=\"http://submitza.net/family-home-garden/\" name=\"cat_17\" style=\"\">Family ,Home & Garden</a>',';0;'),(18,'Home Improvement & Interiors','<a href=\"http://submitza.net/home-improvement-interiors/\" name=\"cat_18\" style=\"\">Home Improvement & Interiors</a>',';0;'),(19,'Hotels & Restaurants','<a href=\"http://submitza.net/hotels-restaurants/\" name=\"cat_19\" style=\"\">Hotels & Restaurants</a>',';0;'),(20,'Insurance Agents and Companies','<a href=\"http://submitza.net/insurance-agents-and-companies/\" name=\"cat_20\" style=\"\">Insurance Agents and Companies</a>',';0;'),(21,'Law & Legal Services','<a href=\"http://submitza.net/law-legal-services/\" name=\"cat_21\" style=\"\">Law & Legal Services</a>',';0;'),(22,'Lawyers & Legal Consultants','<a href=\"http://submitza.net/lawyers-legal-consultants/\" name=\"cat_22\" style=\"\">Lawyers & Legal Consultants</a>',';0;'),(23,'Lifestyle, Society & People','<a href=\"http://submitza.net/lifestyle-society-people/\" name=\"cat_23\" style=\"\">Lifestyle, Society & People</a>',';0;'),(24,'Medicine & Medical Services','<a href=\"http://submitza.net/medicine-medical-services/\" name=\"cat_24\" style=\"\">Medicine & Medical Services</a>',';0;'),(25,'Finance and Money','<a href=\"http://submitza.net/finance-and-money/\" name=\"cat_25\" style=\"\">Finance and Money</a>',';0;'),(26,'News & Journals','<a href=\"http://submitza.net/news-journals/\" name=\"cat_26\" style=\"\">News & Journals</a>',';0;'),(27,'Plumbing & Fitting','<a href=\"http://submitza.net/plumbing-fitting/\" name=\"cat_27\" style=\"\">Plumbing & Fitting</a>',';0;'),(28,'Real Estate & Agents','<a href=\"http://submitza.net/real-estate-agents/\" name=\"cat_28\" style=\"\">Real Estate & Agents</a>',';0;'),(29,'Environment & Technology','<a href=\"http://submitza.net/environment-technology/\" name=\"cat_29\" style=\"\">Environment & Technology</a>',';0;'),(30,'SEO & SMO Marketing','<a href=\"http://submitza.net/seo-smo-marketing/\" name=\"cat_30\" style=\"\">SEO & SMO Marketing</a>',';0;'),(31,'Shopping and Sales','<a href=\"http://submitza.net/shopping-and-sales/\" name=\"cat_31\" style=\"\">Shopping and Sales</a>',';0;'),(32,'Sports & Recreation','<a href=\"http://submitza.net/sports-recreation/\" name=\"cat_32\" style=\"\">Sports & Recreation</a>',';0;'),(33,'Transportation Services','<a href=\"http://submitza.net/transportation-services/\" name=\"cat_33\" style=\"\">Transportation Services</a>',';0;'),(34,'Travel & Tour','<a href=\"http://submitza.net/travel-tour/\" name=\"cat_34\" style=\"\">Travel & Tour</a>',';0;'),(35,'Weddings','<a href=\"http://submitza.net/weddings/\" name=\"cat_35\" style=\"\">Weddings</a>',';0;');

--
-- Table structure for table `idx_category_suggession`
--

CREATE TABLE `idx_category_suggession` (
  `id_cat_suggession` int(11) NOT NULL auto_increment,
  `parent_id` int(11) default NULL,
  `name` varchar(255) default NULL,
  `category_description` text,
  `date` datetime default NULL,
  PRIMARY KEY  (`id_cat_suggession`)
) ENGINE=MyISAM AUTO_INCREMENT=2 DEFAULT CHARSET=latin1;

--
-- Dumping data for table `idx_category_suggession`
--

INSERT INTO `idx_category_suggession` VALUES (1,20,'Juelzy','An ointtasdung share, I just given this onto a colleague who was doing a bit evaluation on this. And he in reality bought me breakfast due to the fact I found it for him.. smile. So allow me to reword that: Thnx for that treat! But yeah Thnkx for investing time to talk about this, I really feel strongly about this and really like studying more on this topic. If probable, when you turn out to be expertise, would you mind updating your blog with alot more particulars? It can be extremely useful for me. Massive thumb up for this weblog submit!','2012-02-25 17:05:37');

--
-- Table structure for table `idx_checkurl`
--

CREATE TABLE `idx_checkurl` (
  `link_id` mediumint(9) NOT NULL default '0',
  `date` date NOT NULL default '0000-00-00',
  `live` char(1) NOT NULL default '',
  `reciprocal_found` char(1) NOT NULL default '',
  PRIMARY KEY  (`link_id`)
) ENGINE=MyISAM DEFAULT CHARSET=latin1;

--
-- Dumping data for table `idx_checkurl`
--


--
-- Table structure for table `idx_cronjobs`
--

CREATE TABLE `idx_cronjobs` (
  `cronjobs_id` int(11) NOT NULL auto_increment,
  `cronjobs_name` varchar(255) default NULL,
  `filename` varchar(255) NOT NULL,
  `schedule` varchar(255) NOT NULL,
  `time` datetime NOT NULL,
  `execution` varchar(1) NOT NULL,
  PRIMARY KEY  (`cronjobs_id`)
) ENGINE=MyISAM AUTO_INCREMENT=4 DEFAULT CHARSET=latin1;

--
-- Dumping data for table `idx_cronjobs`
--

INSERT INTO `idx_cronjobs` VALUES (1,NULL,'clear_templates_c.php','1,*,*,*,*','0000-00-00 00:00:00',''),(2,NULL,'update_tag_cloud.php','*,24,*,*,*','0000-00-00 00:00:00',''),(3,NULL,'clear_rss_cache.php','*,24,*,*,*','0000-00-00 00:00:00','');

--
-- Table structure for table `idx_custom_field`
--

CREATE TABLE `idx_custom_field` (
  `field_name` varchar(32) NOT NULL default '',
  `field_text` varchar(64) NOT NULL default '',
  `field_type` enum('TEXT','TEXTAREA','SELECT','MULTISELECT','CHECKBOX','RADIO','FILE','IMAGE','DATE','DATETIME','RICHEDITOR') NOT NULL default 'TEXT',
  `field_option` text NOT NULL,
  `field_img_width` int(10) unsigned NOT NULL default '0',
  `field_img_height` int(10) unsigned NOT NULL default '0',
  `field_file_size` int(10) unsigned NOT NULL default '0',
  `field_file_extension` varchar(64) NOT NULL default '',
  `required` char(1) NOT NULL default '0',
  `searchable` char(1) NOT NULL default '1',
  `permission` char(1) NOT NULL default '0'
) ENGINE=MyISAM DEFAULT CHARSET=latin1;

--
-- Dumping data for table `idx_custom_field`
--

INSERT INTO `idx_custom_field` VALUES ('image','Image','IMAGE','',0,0,0,'','0','0','2'),('address','Address','TEXT','',0,0,0,'','0','0','0'),('city','City','TEXT','',0,0,0,'','0','0','0'),('state','State','TEXT','',0,0,0,'','0','0','0'),('country','Country','TEXT','',0,0,0,'','0','0','0'),('zip','Zip','TEXT','',0,0,0,'','0','0','0'),('phone','Phone','TEXT','',0,0,0,'','0','0','0'),('fax','Fax','TEXT','',0,0,0,'','0','0','0');

--
-- Table structure for table `idx_default_field`
--

CREATE TABLE `idx_default_field` (
  `field_name` varchar(64) NOT NULL,
  `required` char(1) NOT NULL,
  `visible` char(1) NOT NULL default '1',
  `searchable` char(1) NOT NULL default '1'
) ENGINE=MyISAM DEFAULT CHARSET=latin1;

--
-- Dumping data for table `idx_default_field`
--

INSERT INTO `idx_default_field` VALUES ('title','1','1','1'),('url','1','1','1'),('description','1','1','1'),('keywords','1','1','0'),('contact_name','1','1','1'),('email','1','1','1'),('reciprocal_url','0','0','1');

--
-- Table structure for table `idx_discount_coupon`
--

CREATE TABLE `idx_discount_coupon` (
  `coupon_id` int(11) NOT NULL auto_increment,
  `coupon_code` varchar(255) default NULL,
  `coupon_value` varchar(50) default NULL,
  `link_type` varchar(255) default NULL,
  `start_date` date default NULL,
  `expired_date` date default NULL,
  `expired_usage` int(11) default NULL,
  `usage_count` int(11) default NULL,
  PRIMARY KEY  (`coupon_id`)
) ENGINE=MyISAM DEFAULT CHARSET=latin1;

--
-- Dumping data for table `idx_discount_coupon`
--


--
-- Table structure for table `idx_editor`
--

CREATE TABLE `idx_editor` (
  `username` varchar(20) default NULL,
  `category_id` mediumint(9) default NULL,
  `category` char(1) default NULL,
  `link` char(1) default NULL,
  `review` char(1) default NULL,
  `pick` char(1) default NULL,
  `status` char(1) default NULL,
  `date` date default NULL
) ENGINE=MyISAM DEFAULT CHARSET=latin1;

--
-- Dumping data for table `idx_editor`
--


--
-- Table structure for table `idx_email_template`
--

CREATE TABLE `idx_email_template` (
  `email_template_id` int(10) unsigned NOT NULL auto_increment,
  `name` varchar(255) default NULL,
  `subject` varchar(255) default NULL,
  `body` text,
  `altbody` text,
  PRIMARY KEY  (`email_template_id`)
) ENGINE=MyISAM AUTO_INCREMENT=37 DEFAULT CHARSET=latin1;

--
-- Dumping data for table `idx_email_template`
--



--
-- Table structure for table `idx_favorites`
--

CREATE TABLE `idx_favorites` (
  `favorite_id` int(11) NOT NULL auto_increment,
  `username` varchar(20) default NULL,
  `date` date default NULL,
  `title` varchar(100) default NULL,
  `description` text,
  PRIMARY KEY  (`favorite_id`)
) ENGINE=MyISAM DEFAULT CHARSET=latin1;

--
-- Dumping data for table `idx_favorites`
--


--
-- Table structure for table `idx_favorites_detail`
--

CREATE TABLE `idx_favorites_detail` (
  `favorite_id` int(11) default NULL,
  `link_id` mediumint(9) default NULL
) ENGINE=MyISAM DEFAULT CHARSET=latin1;

--
-- Dumping data for table `idx_favorites_detail`
--


--
-- Table structure for table `idx_hook_place`
--

CREATE TABLE `idx_hook_place` (
  `hook_place_id` int(11) NOT NULL auto_increment,
  `filename` varchar(255) default NULL,
  `hookname` varchar(255) default NULL,
  PRIMARY KEY  (`hook_place_id`)
) ENGINE=MyISAM DEFAULT CHARSET=latin1;

--
-- Dumping data for table `idx_hook_place`
--


--
-- Table structure for table `idx_invoice`
--

CREATE TABLE `idx_invoice` (
  `invoice_id` varchar(10) NOT NULL default '',
  `invoice_date` date default NULL,
  `due_date` date default NULL,
  `invoiced_to` text,
  `service` varchar(255) default NULL,
  `description` text,
  `total` double(8,2) default NULL,
  `comment` text,
  `paid` char(1) default NULL,
  `paid_date` date default NULL,
  `email` varchar(255) default NULL,
  PRIMARY KEY  (`invoice_id`)
) ENGINE=MyISAM DEFAULT CHARSET=latin1;

--
-- Dumping data for table `idx_invoice`
--


--
-- Table structure for table `idx_invoice_config`
--

CREATE TABLE `idx_invoice_config` (
  `company` varchar(255) default NULL,
  `contact` varchar(255) default NULL,
  `address` text,
  `phone` varchar(255) default NULL,
  `email` varchar(255) default NULL,
  `currency_symbol` varchar(255) default '$',
  `currency_code` varchar(255) default 'USD'
) ENGINE=MyISAM DEFAULT CHARSET=latin1;

--
-- Dumping data for table `idx_invoice_config`
--

INSERT INTO `idx_invoice_config` VALUES ('Your website / Company','Billing Department','Your address','Your phone #','Billing<name@yourdomain.com>','$','USD');

--
-- Table structure for table `idx_link_temp`
--

CREATE TABLE `idx_link_temp` (
  `vid` mediumint(9) unsigned NOT NULL auto_increment,
  `spam` char(1) NOT NULL default '0',
  `link_id` mediumint(9) default NULL,
  `category_id` mediumint(9) unsigned NOT NULL default '0',
  `title` varchar(100) NOT NULL default '',
  `url` text NOT NULL,
  `description` text NOT NULL,
  `contact_name` varchar(100) NOT NULL default '',
  `email` varchar(100) NOT NULL default '',
  `hits` mediumint(9) default NULL,
  `votes` smallint(6) default NULL,
  `rating` float(4,2) default NULL,
  `date` datetime NOT NULL default '0000-00-00 00:00:00',
  `bid` smallint(6) NOT NULL default '0',
  `new` char(1) default NULL,
  `hot` char(1) default NULL,
  `top_rated` char(1) default NULL,
  `pick` char(1) default NULL,
  `password` varchar(20) default NULL,
  `updated` char(1) default NULL,
  `reviews` smallint(6) default NULL,
  `avg_review` float(4,2) default NULL,
  `last_updated` datetime default NULL,
  `official_review` text,
  `keywords` varchar(255) default NULL,
  `cat1` mediumint(6) NOT NULL default '0',
  `cat2` mediumint(6) NOT NULL default '0',
  `suspended` char(1) NOT NULL default '0',
  `reciprocal_url` varchar(255) default NULL,
  `address` varchar(255) default NULL,
  `city` varchar(255) default NULL,
  `state` varchar(255) default NULL,
  `country` varchar(255) default NULL,
  `zip` varchar(255) default NULL,
  `image` varchar(255) default NULL,
  `phone` varchar(255) default NULL,
  `fax` varchar(255) default NULL,
  PRIMARY KEY  (`vid`)
) ENGINE=MyISAM DEFAULT CHARSET=latin1;

--
-- Dumping data for table `idx_link_temp`
--


--
-- Table structure for table `idx_link_temp_user`
--

CREATE TABLE `idx_link_temp_user` (
  `vid` mediumint(9) unsigned NOT NULL default '0',
  `username` varchar(20) NOT NULL default '',
  PRIMARY KEY  (`vid`)
) ENGINE=MyISAM DEFAULT CHARSET=latin1;

--
-- Dumping data for table `idx_link_temp_user`
--


--
-- Table structure for table `idx_link_user`
--

CREATE TABLE `idx_link_user` (
  `link_id` mediumint(9) unsigned NOT NULL default '0',
  `username` varchar(20) NOT NULL default '',
  PRIMARY KEY  (`link_id`)
) ENGINE=MyISAM DEFAULT CHARSET=latin1;

--
-- Dumping data for table `idx_link_user`
--


--
-- Table structure for table `idx_mailing_list`
--

CREATE TABLE `idx_mailing_list` (
  `email` varchar(50) NOT NULL default '',
  `code` varchar(4) default NULL,
  `status` char(1) default NULL,
  PRIMARY KEY  (`email`)
) ENGINE=MyISAM DEFAULT CHARSET=latin1;

--
-- Dumping data for table `idx_mailing_list`
--


--
-- Table structure for table `idx_message`
--

CREATE TABLE `idx_message` (
  `message_id` smallint(6) NOT NULL auto_increment,
  `date` date default NULL,
  `body` text,
  `subject` varchar(100) default NULL,
  PRIMARY KEY  (`message_id`)
) ENGINE=MyISAM DEFAULT CHARSET=latin1;

--
-- Dumping data for table `idx_message`
--


--
-- Table structure for table `idx_notification`
--

CREATE TABLE `idx_notification` (
  `username` varchar(20) NOT NULL default '',
  `category_id` mediumint(9) NOT NULL default '0'
) ENGINE=MyISAM DEFAULT CHARSET=latin1;

--
-- Dumping data for table `idx_notification`
--


--
-- Table structure for table `idx_pagerank`
--

CREATE TABLE `idx_pagerank` (
  `link_id` mediumint(8) unsigned NOT NULL default '0',
  `engine` char(1) NOT NULL default '',
  `rank` tinyint(4) NOT NULL default '0',
  `last_update` date NOT NULL default '0000-00-00',
  PRIMARY KEY  (`link_id`,`engine`)
) ENGINE=MyISAM DEFAULT CHARSET=latin1;

--
-- Dumping data for table `idx_pagerank`
--

INSERT INTO `idx_pagerank` VALUES (2,'g',0,'2012-02-18'),(3,'g',0,'2012-02-17'),(7,'g',0,'2012-02-17'),(9,'g',0,'2012-02-18'),(8,'g',0,'2012-02-18'),(5,'g',0,'2012-02-23'),(1,'g',0,'2012-02-23'),(10,'g',0,'2012-02-23'),(49,'g',0,'2012-01-18'),(48,'g',0,'2012-02-17'),(47,'g',0,'2012-03-03'),(41,'g',0,'2012-03-03'),(40,'g',0,'2012-02-18'),(54,'g',0,'2012-01-14'),(53,'g',0,'2012-01-14'),(38,'g',0,'2012-02-21'),(42,'g',0,'2012-02-21'),(64,'g',0,'2011-12-14'),(46,'g',0,'2012-02-17'),(36,'g',0,'2012-01-18'),(88,'g',0,'2011-12-16'),(73,'g',0,'2011-12-16'),(75,'g',0,'2011-12-16'),(62,'g',0,'2011-12-16'),(74,'g',0,'2011-12-16'),(86,'g',0,'2011-12-16'),(87,'g',0,'2011-12-16'),(55,'g',0,'2012-03-02'),(61,'g',0,'2011-12-16'),(58,'g',0,'2011-12-17'),(72,'g',0,'2011-12-17'),(69,'g',0,'2011-12-17'),(50,'g',0,'2011-12-17'),(85,'g',0,'2012-02-25'),(63,'g',0,'2011-12-17'),(82,'g',0,'2012-02-16'),(89,'g',0,'2012-02-20'),(96,'g',0,'2011-12-20'),(83,'g',0,'2011-12-22'),(94,'g',0,'2012-02-13'),(39,'g',0,'2012-02-04'),(51,'g',0,'2012-02-04'),(98,'g',0,'2012-02-04'),(84,'g',0,'2012-02-04'),(99,'g',0,'2012-02-04'),(56,'g',0,'2012-02-04'),(90,'g',0,'2012-02-28'),(57,'g',0,'2012-02-04'),(45,'g',0,'2012-02-04'),(95,'g',0,'2012-02-17'),(93,'g',0,'2012-02-04'),(91,'g',0,'2012-02-13'),(97,'g',0,'2012-02-17'),(81,'g',0,'2012-02-17'),(44,'g',0,'2011-12-23'),(43,'g',0,'2012-02-04'),(104,'g',0,'2011-12-26'),(35,'g',0,'2012-02-04'),(101,'g',0,'2011-12-26'),(100,'g',0,'2011-12-26'),(109,'g',0,'2012-02-17'),(34,'g',0,'2012-02-17'),(116,'g',0,'2011-12-28'),(102,'g',0,'2011-12-30'),(110,'g',0,'2012-02-24'),(105,'g',0,'2011-12-30'),(113,'g',0,'2012-02-17'),(106,'g',0,'2012-01-01'),(117,'g',0,'2012-02-17'),(119,'g',0,'2012-02-13'),(111,'g',0,'2012-02-13'),(118,'g',0,'2012-02-16'),(114,'g',0,'2012-01-01'),(37,'g',0,'2012-01-03'),(108,'g',0,'2012-02-17'),(120,'g',0,'2012-02-13'),(112,'g',0,'2012-01-09'),(128,'g',0,'2012-01-09'),(126,'g',0,'2012-01-09'),(131,'g',0,'2012-01-11'),(14,'g',0,'2012-01-12'),(18,'g',0,'2012-01-12'),(19,'g',0,'2012-01-12'),(12,'g',0,'2012-01-12'),(13,'g',0,'2012-01-12'),(11,'g',0,'2012-01-12'),(17,'g',0,'2012-01-12'),(16,'g',0,'2012-01-12'),(20,'g',0,'2012-01-12'),(15,'g',0,'2012-01-12'),(28,'g',0,'2012-01-12'),(29,'g',0,'2012-01-12'),(26,'g',0,'2012-01-12'),(21,'g',0,'2012-01-12'),(27,'g',0,'2012-01-12'),(24,'g',0,'2012-01-12'),(25,'g',0,'2012-01-12'),(23,'g',0,'2012-01-12'),(22,'g',0,'2012-01-12'),(30,'g',0,'2012-01-12'),(31,'g',0,'2012-01-12'),(92,'g',0,'2012-01-12'),(123,'g',0,'2012-01-12'),(122,'g',0,'2012-01-12'),(121,'g',0,'2012-01-12'),(115,'g',0,'2012-01-15'),(32,'g',0,'2012-01-15'),(130,'g',0,'2012-02-17'),(124,'g',0,'2012-02-17'),(138,'g',0,'2012-02-21'),(144,'g',0,'2012-02-18'),(133,'g',0,'2012-03-02'),(134,'g',0,'2012-03-02'),(52,'g',0,'2012-03-01'),(127,'g',0,'2012-02-17'),(142,'g',0,'2012-02-17'),(159,'g',0,'2012-02-17'),(33,'g',0,'2012-02-17'),(136,'g',0,'2012-03-03'),(141,'g',0,'2012-01-18'),(4,'g',0,'2012-02-17'),(6,'g',0,'2012-02-23'),(148,'g',0,'2012-01-20'),(132,'g',0,'2012-01-21'),(155,'g',0,'2012-02-24'),(154,'g',0,'2012-02-24'),(152,'g',0,'2012-02-24'),(156,'g',0,'2012-02-24'),(160,'g',0,'2012-01-22'),(158,'g',0,'2012-01-22'),(157,'g',0,'2012-02-24'),(153,'g',0,'2012-02-24'),(149,'g',0,'2012-01-26'),(162,'g',0,'2012-02-04'),(137,'g',0,'2012-02-07'),(129,'g',0,'2012-02-07'),(125,'g',0,'2012-02-07'),(150,'g',0,'2012-02-07'),(147,'g',0,'2012-02-07'),(165,'g',0,'2012-02-07'),(164,'g',0,'2012-02-07'),(161,'g',0,'2012-02-07'),(333,'g',0,'2012-02-07'),(287,'g',0,'2012-02-09'),(139,'g',0,'2012-02-09'),(151,'g',0,'2012-02-09'),(163,'g',0,'2012-02-09'),(281,'g',0,'2012-02-09'),(282,'g',0,'2012-02-09'),(236,'g',0,'2012-02-11'),(235,'g',0,'2012-02-11'),(304,'g',0,'2012-02-13'),(140,'g',0,'2012-02-14'),(335,'g',0,'2012-02-16'),(332,'g',0,'2012-02-20'),(184,'g',0,'2012-02-20'),(276,'g',0,'2012-02-20'),(189,'g',0,'2012-02-20'),(185,'g',0,'2012-02-21'),(277,'g',0,'2012-02-21'),(186,'g',0,'2012-02-21'),(190,'g',0,'2012-02-21'),(187,'g',0,'2012-02-21'),(275,'g',0,'2012-02-21'),(188,'g',0,'2012-02-21'),(174,'g',0,'2012-02-21'),(182,'g',0,'2012-02-21'),(183,'g',0,'2012-02-22'),(177,'g',0,'2012-02-22'),(178,'g',0,'2012-02-22'),(180,'g',0,'2012-02-22'),(179,'g',0,'2012-02-22'),(181,'g',0,'2012-02-22'),(175,'g',0,'2012-02-22'),(176,'g',0,'2012-02-22'),(241,'g',0,'2012-02-22'),(243,'g',0,'2012-02-22'),(278,'g',0,'2012-02-22'),(242,'g',0,'2012-02-22'),(240,'g',0,'2012-02-22'),(238,'g',0,'2012-02-22'),(237,'g',0,'2012-02-22'),(244,'g',0,'2012-02-22'),(279,'g',0,'2012-02-22'),(239,'g',0,'2012-02-22'),(260,'g',0,'2012-02-22'),(258,'g',0,'2012-02-22'),(255,'g',0,'2012-02-22'),(259,'g',0,'2012-02-22'),(263,'g',0,'2012-02-22'),(261,'g',0,'2012-02-22'),(256,'g',0,'2012-02-22'),(262,'g',0,'2012-02-22'),(264,'g',0,'2012-02-22'),(257,'g',0,'2012-02-22'),(247,'g',0,'2012-02-23'),(251,'g',0,'2012-02-23'),(252,'g',0,'2012-02-23'),(248,'g',0,'2012-02-23'),(250,'g',0,'2012-02-23'),(249,'g',0,'2012-02-23'),(254,'g',0,'2012-02-23'),(246,'g',0,'2012-02-23'),(245,'g',0,'2012-02-23'),(253,'g',0,'2012-02-23'),(320,'g',0,'2012-02-23'),(330,'g',0,'2012-02-23'),(350,'g',0,'2012-02-24'),(331,'g',0,'2012-02-24'),(293,'g',0,'2012-02-24'),(295,'g',0,'2012-02-24'),(317,'g',0,'2012-02-24'),(291,'g',0,'2012-02-24'),(363,'g',0,'2012-02-24'),(315,'g',0,'2012-02-24'),(309,'g',0,'2012-02-24'),(305,'g',0,'2012-02-24'),(307,'g',0,'2012-02-24'),(349,'g',0,'2012-02-24'),(314,'g',0,'2012-02-24'),(290,'g',0,'2012-02-24'),(325,'g',0,'2012-02-24'),(297,'g',0,'2012-02-24'),(321,'g',0,'2012-02-24'),(316,'g',0,'2012-02-24'),(323,'g',0,'2012-02-24'),(347,'g',0,'2012-02-24'),(288,'g',0,'2012-02-24'),(312,'g',0,'2012-02-24'),(359,'g',0,'2012-02-24'),(318,'g',0,'2012-02-24'),(289,'g',0,'2012-02-24'),(308,'g',0,'2012-02-24'),(298,'g',0,'2012-02-24'),(294,'g',0,'2012-02-24'),(342,'g',0,'2012-02-24'),(327,'g',0,'2012-02-24'),(344,'g',0,'2012-02-24'),(311,'g',0,'2012-02-24'),(324,'g',0,'2012-02-24'),(329,'g',0,'2012-02-24'),(284,'g',0,'2012-02-24'),(353,'g',0,'2012-02-24'),(313,'g',0,'2012-02-24'),(299,'g',0,'2012-02-24'),(346,'g',0,'2012-02-24'),(301,'g',0,'2012-02-25'),(306,'g',0,'2012-02-25'),(292,'g',0,'2012-02-25'),(285,'g',0,'2012-02-25'),(300,'g',0,'2012-02-25'),(310,'g',0,'2012-02-25'),(286,'g',0,'2012-02-25'),(341,'g',0,'2012-02-25'),(345,'g',0,'2012-02-25'),(343,'g',0,'2012-02-25'),(296,'g',0,'2012-02-25'),(322,'g',0,'2012-02-25'),(364,'g',0,'2012-02-25'),(351,'g',0,'2012-02-25'),(326,'g',0,'2012-02-25'),(319,'g',0,'2012-02-25'),(352,'g',0,'2012-02-25'),(348,'g',0,'2012-02-25'),(334,'g',0,'2012-02-25'),(283,'g',0,'2012-02-25'),(328,'g',0,'2012-02-25'),(280,'g',0,'2012-02-25'),(361,'g',0,'2012-02-25'),(365,'g',0,'2012-03-07');

--
-- Table structure for table `idx_paid_listing`
--

CREATE TABLE `idx_paid_listing` (
  `link_id` mediumint(9) unsigned NOT NULL default '0',
  `premium` char(1) default NULL,
  `sponsored` char(1) default NULL,
  `expire` datetime default NULL,
  `paid` char(1) default NULL,
  PRIMARY KEY  (`link_id`)
) ENGINE=MyISAM DEFAULT CHARSET=latin1;

--
-- Dumping data for table `idx_paid_listing`
--


--
-- Table structure for table `idx_payment_gateway`
--

CREATE TABLE `idx_payment_gateway` (
  `payment_gateway_id` int(11) NOT NULL auto_increment,
  `name` varchar(100) default NULL,
  `enable` char(1) default NULL,
  `setting` text,
  `invoice_html` text,
  PRIMARY KEY  (`payment_gateway_id`)
) ENGINE=MyISAM AUTO_INCREMENT=9 DEFAULT CHARSET=latin1;

--
-- Dumping data for table `idx_payment_gateway`
--

INSERT INTO `idx_payment_gateway` VALUES (1,'paypal','1','a:2:{s:13:\"payment_email\";s:0:\"\";s:21:\"enable_paypal_sandbox\";s:1:\"0\";}','<p> \r\n	<a href=\'paynow.php?id={$invoice_id}&m=paypal\'><img src=\'http://www.paypal.com/images/x-click-but02.gif\' border=\'0\' alt=\'Make payments with PayPal - it is fast, free and secure!\' /></a> \r\n</p>\r\n'),(2,'2co','0','a:6:{s:6:\"co_sid\";s:5:\"84932\";s:9:\"co_secret\";s:5:\"tango\";s:12:\"co_recurring\";s:1:\"0\";s:9:\"co_prod_1\";s:6:\"100.00\";s:9:\"co_prod_2\";s:6:\"250.00\";s:9:\"co_prod_3\";s:6:\"400.00\";}','<p>\r\n<a href=\'paynow.php?id={$invoice_id}&m=2co\'><img src=\'http://www.2checkout.com/images/overview/btns/25.jpg\' alt=\'Pay Now with 2checkout...\' border=\'0\' /></a> \r\n</p>'),(3,'authorizenet','0','a:2:{s:21:\"authorizenet_login_id\";s:0:\"\";s:21:\"authorizenet_tran_key\";s:0:\"\";}','<p> \r\n<a href=\'paynow.php?id={$invoice_id}&m=authorizenet\'><img src=\'http://www.authorize.net/upload/images/Images/Header/authorizenet_logo.gif\' alt=\'Pay Now with Authorize.Net...\' width=\'99\' height=\'39\' style=\'{border : 1px solid #c0c0c0;}\' /></a>\r\n</p>'),(4,'egold','0','a:2:{s:19:\"egold_payee_account\";s:0:\"\";s:16:\"egold_payee_name\";s:0:\"\";}','<p> \r\n<a href=\'paynow.php?id={$invoice_id}&m=egold\'>\r\n<img src=\'http://www.e-gold.com/gif/paywith.gif\' border=\'0\' alt=\'Pay Now with e-gold...\' />\r\n</a>\r\n</p>'),(5,'moneybookers','0','a:1:{s:18:\"moneybookers_email\";s:0:\"\";}','<p> \r\n<a href=\'paynow.php?id={$invoice_id}&m=paypal\'><img src=\'http://www.moneybookers.com/images/banners/88_en_mb.gif\' border=\'0\' alt=\'Make payments with Moneybookers - it is fast, free and secure!\' /></a> \r\n</p>'),(6,'paypal-subscriptions','0','a:2:{s:13:\"payment_email\";s:0:\"\";s:21:\"enable_paypal_sandbox\";s:1:\"0\";}','<p> \r\n<a href=\'paynow.php?id={$invoice_id}&m=paypal\'><img src=\'https://www.paypal.com/en_US/i/btn/x-click-but20.gif\' border=\'0\' alt=\'Make payments with PayPal - it is fast, free and secure!\' /></a> \r\n</p>'),(7,'alertpay','0','a:2:{s:14:\"alertpay_email\";s:0:\"\";s:23:\"enable_alertpay_sandbox\";s:1:\"0\";}','<p> \r\n<a href=\'paynow.php?id={$invoice_id}&m=alertpay\'>\r\n<img src=\'https://www.alertpay.com/Images/BuyNow/pay_now_3.gif\' border=\'0\' alt=\'Make payments with PayPal - it is fast, free and secure!\' /></a> \r\n</p>'),(8,'alertpay-subcriptions','0','a:2:{s:14:\"alertpay_email\";s:0:\"\";s:23:\"enable_alertpay_sandbox\";s:1:\"0\";}','<p>\r\n<a href=\'paynow.php?id={$invoice_id}&m=alertpay-subcriptions\'>\r\n<img src=\'https://www.alertpay.com/Images/BuyNow/subscribe_now_15.gif\' border=\'0\' alt=\'Make payments with Alert Pay - it is fast, free and secure!\' /></a> \r\n</p>');

--
-- Table structure for table `idx_payment_history`
--

CREATE TABLE `idx_payment_history` (
  `payment_id` int(10) unsigned NOT NULL auto_increment,
  `contact_name` varchar(255) default NULL,
  `email` varchar(255) default NULL,
  `type` varchar(255) default NULL,
  `detail` text,
  `amount` double default NULL,
  `time` datetime default NULL,
  `invoice_id` varchar(10) default NULL,
  PRIMARY KEY  (`payment_id`)
) ENGINE=MyISAM DEFAULT CHARSET=latin1;

--
-- Dumping data for table `idx_payment_history`
--


--
-- Table structure for table `idx_pl_sociable`
--

CREATE TABLE `idx_pl_sociable` (
  `sb_id` int(11) NOT NULL auto_increment,
  `sb_name` varchar(255) character set utf8 default NULL,
  `sb_url` varchar(255) character set utf8 default NULL,
  `sb_icon` varchar(255) character set utf8 default NULL,
  `sb_enable` char(1) character set utf8 default '0',
  PRIMARY KEY  (`sb_id`)
) ENGINE=MyISAM AUTO_INCREMENT=90 DEFAULT CHARSET=latin1;

--
-- Dumping data for table `idx_pl_sociable`
--

INSERT INTO `idx_pl_sociable` VALUES (1,'BarraPunto','http://barrapunto.com/submit.pl?subj=TITLE&amp;story=PERMALINK','barrapunto.png','0'),(2,'Bitacoras.com','http://bitacoras.com/anotaciones/PERMALINK','bitacoras.png','0'),(3,'BlinkList','http://www.blinklist.com/index.php?Action=Blink/addblink.php&amp;Url=PERMALINK&amp;Title=TITLE','blinklist.png','0'),(4,'blogmarks','http://blogmarks.net/my/new.php?mini=1&amp;simple=1&amp;url=PERMALINK&amp;title=TITLE','blogmarks.png','0'),(5,'Blogosphere News','http://www.blogospherenews.com/submit.php?url=PERMALINK&amp;title=TITLE','blogospherenews.png','0'),(6,'blogtercimlap','http://cimlap.blogter.hu/index.php?action=suggest_link&amp;title=TITLE&amp;url=PERMALINK','blogter.png','0'),(7,'Faves','http://faves.com/Authoring.aspx?u=PERMALINK&amp;title=TITLE','bluedot.png','0'),(8,'connotea','http://www.connotea.org/addpopup?continue=confirm&amp;uri=PERMALINK&amp;title=TITLE&amp;description=EXCERPT','connotea.png','0'),(9,'Current','http://current.com/clipper.htm?url=PERMALINK&amp;title=TITLE','current.png','0'),(10,'del.icio.us','http://delicious.com/post?url=PERMALINK&amp;title=TITLE&amp;notes=EXCERPT','delicious.png','0'),(11,'Digg','http://digg.com/submit?phase=2&amp;url=PERMALINK&amp;title=TITLE&amp;bodytext=EXCERPT','digg.png','1'),(12,'Diigo','http://www.diigo.com/post?url=PERMALINK&amp;title=TITLE','diigo.png','0'),(13,'DotNetKicks','http://www.dotnetkicks.com/kick/?url=PERMALINK&amp;title=TITLE','dotnetkicks.png','0'),(14,'DZone','http://www.dzone.com/links/add.html?url=PERMALINK&amp;title=TITLE','dzone.png','0'),(15,'eKudos','http://www.ekudos.nl/artikel/nieuw?url=PERMALINK&amp;title=TITLE&amp;desc=EXCERPT','ekudos.png','0'),(16,'email','mailto:?subject=TITLE&amp;body=PERMALINK','email_link.png','0'),(17,'Facebook','http://www.facebook.com/share.php?u=PERMALINK&amp;t=TITLE','facebook.png','1'),(18,'Fark','http://cgi.fark.com/cgi/fark/farkit.pl?h=TITLE&amp;u=PERMALINK','fark.png','0'),(19,'Fleck','http://beta3.fleck.com/bookmarklet.php?url=PERMALINK&amp;title=TITLE','fleck.png','0'),(20,'FriendFeed','http://www.friendfeed.com/share?title=TITLE&amp;link=PERMALINK','friendfeed.png','0'),(21,'FSDaily','http://www.fsdaily.com/submit?url=PERMALINK&amp;title=TITLE','fsdaily.png','0'),(22,'Global Grind','http://globalgrind.com/submission/submit.aspx?url=PERMALINK&amp;type=Article&amp;title=TITLE','globalgrind.png','0'),(23,'Google','http://www.google.com/bookmarks/mark?op=edit&amp;bkmk=PERMALINK&amp;title=TITLE&amp;annotation=EXCERPT','googlebookmark.png','0'),(24,'Gwar','http://www.gwar.pl/DodajGwar.html?u=PERMALINK','gwar.png','0'),(25,'HackerNews','http://news.ycombinator.com/submitlink?u=PERMALINK&amp;t=TITLE','hackernews.png','0'),(26,'Haohao','http://www.haohaoreport.com/submit.php?url=PERMALINK&amp;title=TITLE','haohao.png','0'),(27,'HealthRanker','http://healthranker.com/submit.php?url=PERMALINK&amp;title=TITLE','healthranker.png','0'),(28,'HelloTxt','http://hellotxt.com/?status=TITLE+PERMALINK','hellotxt.png','0'),(29,'Hemidemi','http://www.hemidemi.com/user_bookmark/new?title=TITLE&amp;url=PERMALINK','hemidemi.png','0'),(30,'Hyves','http://www.hyves.nl/profilemanage/add/tips/?name=TITLE&amp;text=EXCERPT+PERMALINK&amp;rating=5','hyves.png','0'),(31,'Identi.ca','http://identi.ca/notice/new?status_textarea=PERMALINK','identica.png','0'),(32,'IndianPad','http://www.indianpad.com/submit.php?url=PERMALINK','indianpad.png','0'),(33,'Internetmedia','http://internetmedia.hu/submit.php?url=PERMALINK','im.png','0'),(34,'Kirtsy','http://www.kirtsy.com/submit.php?url=PERMALINK&amp;title=TITLE','kirtsy.png','0'),(35,'laaik.it','http://laaik.it/NewStoryCompact.aspx?uri=PERMALINK&amp;headline=TITLE&amp;cat=5e082fcc-8a3b-47e2-acec-fdf64ff19d12','laaikit.png','0'),(36,'LinkArena','http://linkarena.com/bookmarks/addlink/?url=PERMALINK&amp;title=TITLE','linkarena.png','0'),(37,'LinkaGoGo','http://www.linkagogo.com/go/AddNoPopup?url=PERMALINK&amp;title=TITLE','linkagogo.png','0'),(38,'LinkedIn','http://www.linkedin.com/shareArticle?mini=true&amp;url=PERMALINK&amp;title=TITLE&amp;source=BLOGNAME&amp;summary=EXCERPT','linkedin.png','0'),(39,'Linkter','http://www.linkter.hu/index.php?action=suggest_link&amp;url=PERMALINK&amp;title=TITLE','linkter.png','0'),(40,'Live','https://favorites.live.com/quickadd.aspx?marklet=1&amp;url=PERMALINK&amp;title=TITLE','live.png','0'),(41,'Meneame','http://meneame.net/submit.php?url=PERMALINK','meneame.png','0'),(42,'MisterWong','http://www.mister-wong.com/addurl/?bm_url=PERMALINK&amp;bm_description=TITLE&amp;plugin=soc','misterwong.png','0'),(43,'MisterWong.DE','http://www.mister-wong.de/addurl/?bm_url=PERMALINK&amp;bm_description=TITLE&amp;plugin=soc','misterwong.png','0'),(44,'Mixx','http://www.mixx.com/submit?page_url=PERMALINK&amp;title=TITLE','mixx.png','0'),(45,'muti','http://www.muti.co.za/submit?url=PERMALINK&amp;title=TITLE','muti.png','0'),(46,'MyShare','http://myshare.url.com.tw/index.php?func=newurl&amp;url=PERMALINK&amp;desc=TITLE','myshare.png','0'),(47,'MySpace','http://www.myspace.com/Modules/PostTo/Pages/?u=PERMALINK&amp;t=TITLE','myspace.png','0'),(48,'MSNReporter','http://reporter.nl.msn.com/?fn=contribute&amp;Title=TITLE&amp;URL=PERMALINK&amp;cat_id=6&amp;tag_id=31&amp;Remark=EXCERPT','msnreporter.png','0'),(49,'N4G','http://www.n4g.com/tips.aspx?url=PERMALINK&amp;title=TITLE','n4g.png','0'),(50,'Netvibes','http://www.netvibes.com/share?title=TITLE&amp;url=PERMALINK','netvibes.png','0'),(51,'NewsVine','http://www.newsvine.com/_tools/seed&amp;save?u=PERMALINK&amp;h=TITLE','newsvine.png','0'),(52,'Netvouz','http://www.netvouz.com/action/submitBookmark?url=PERMALINK&amp;title=TITLE&amp;popup=no','netvouz.png','0'),(53,'NuJIJ','http://nujij.nl/jij.lynkx?t=TITLE&amp;u=PERMALINK&amp;b=EXCERPT','nujij.png','0'),(54,'Ping.fm','http://ping.fm/ref/?link=PERMALINK&amp;title=TITLE&amp;body=EXCERPT','ping.png','0'),(55,'Posterous','http://posterous.com/share?linkto=PERMALINK&amp;title=TITLE&amp;selection=EXCERPT','posterous.png','0'),(56,'PDF','http://www.printfriendly.com/print?url=PERMALINK&amp;partner=sociable','pdf.png','0'),(57,'Print','http://www.printfriendly.com/print?url=PERMALINK&amp;partner=sociable','printfriendly.png','0'),(58,'Propeller','http://www.propeller.com/submit/?url=PERMALINK','propeller.png','0'),(59,'Ratimarks','http://ratimarks.org/bookmarks.php/?action=add&address=PERMALINK&amp;title=TITLE','ratimarks.png','0'),(60,'Rec6','http://rec6.via6.com/link.php?url=PERMALINK&amp;=TITLE','rec6.png','0'),(61,'Reddit','http://reddit.com/submit?url=PERMALINK&amp;title=TITLE','reddit.png','0'),(62,'RSS','FEEDLINK','rss.png','0'),(63,'Scoopeo','http://www.scoopeo.com/scoop/new?newurl=PERMALINK&amp;title=TITLE','scoopeo.png','0'),(64,'Segnalo','http://segnalo.alice.it/post.html.php?url=PERMALINK&amp;title=TITLE','segnalo.png','0'),(65,'Simpy','http://www.simpy.com/simpy/LinkAdd.do?href=PERMALINK&amp;title=TITLE','simpy.png','0'),(66,'Slashdot','http://slashdot.org/bookmark.pl?title=TITLE&amp;url=PERMALINK','slashdot.png','0'),(67,'Socialogs','http://socialogs.com/add_story.php?story_url=PERMALINK&amp;story_title=TITLE','socialogs.png','0'),(68,'SphereIt','http://www.sphere.com/search?q=sphereit:PERMALINK&amp;title=TITLE','sphere.png','0'),(69,'Sphinn','http://sphinn.com/index.php?c=post&amp;m=submit&amp;link=PERMALINK','sphinn.png','0'),(70,'StumbleUpon','http://www.stumbleupon.com/submit?url=PERMALINK&amp;title=TITLE','stumbleupon.png','0'),(71,'Techmeme','http://twitter.com/home/?status=tip%20@Techmeme%20PERMALINK%20TITLE','techmeme.png','0'),(72,'Technorati','http://technorati.com/faves?add=PERMALINK','technorati.png','1'),(73,'ThisNext','http://www.thisnext.com/pick/new/submit/sociable/?url=PERMALINK&amp;name=TITLE','thisnext.png','0'),(74,'Tipd','http://tipd.com/submit.php?url=PERMALINK','tipd.png','0'),(75,'Tumblr','http://www.tumblr.com/share?v=3&amp;u=PERMALINK&amp;t=TITLE&amp;s=EXCERPT','tumblr.png','0'),(76,'Twitter','http://twitter.com/home?status=TITLE%20-%20PERMALINK','twitter.png','1'),(77,'Upnews','http://www.upnews.it/submit?url=PERMALINK&amp;title=TITLE','upnews.png','0'),(78,'Webnews.de','http://www.webnews.de/einstellen?url=PERMALINK&amp;title=TITLE','webnews.png','0'),(79,'Webride','http://webride.org/discuss/split.php?uri=PERMALINK&amp;title=TITLE','webride.png','0'),(80,'Wikio','http://www.wikio.com/vote?url=PERMALINK','wikio.png','0'),(81,'Wikio FR','http://www.wikio.fr/vote?url=PERMALINK','wikio.png','0'),(82,'Wikio IT','http://www.wikio.it/vote?url=PERMALINK','wikio.png','0'),(83,'Wists','http://wists.com/s.php?c=&amp;r=PERMALINK&amp;title=TITLE','wists.png','0'),(84,'Wykop','http://www.wykop.pl/dodaj?url=PERMALINK','wykop.png','0'),(85,'Xerpi','http://www.xerpi.com/block/add_link_from_extension?url=PERMALINK&amp;title=TITLE','xerpi.png','0'),(86,'YahooBuzz','http://buzz.yahoo.com/submit/?submitUrl=PERMALINK&amp;submitHeadline=TITLE&amp;submitSummary=EXCERPT&amp;submitCategory=science&amp;submitAssetType=text','yahoobuzz.png','0'),(87,'Yahoo! Bookmarks','http://bookmarks.yahoo.com/toolbar/savebm?u=PERMALINK&amp;t=TITLE&opener=bm&amp;ei=UTF-8&amp;d=EXCERPT','yahoomyweb.png','0'),(88,'Yigg','http://yigg.de/neu?exturl=PERMALINK&amp;exttitle=TITLE','yiggit.png','0'),(89,'Blogplay','http://blogplay.com','blogplay.png','0');

--
-- Table structure for table `idx_plugin`
--

CREATE TABLE `idx_plugin` (
  `plugin_id` int(11) NOT NULL auto_increment,
  `name` varchar(255) default NULL,
  `plugin_file` varchar(255) default NULL,
  `status` enum('0','1') default NULL,
  `option_plugin` text,
  PRIMARY KEY  (`plugin_id`)
) ENGINE=MyISAM AUTO_INCREMENT=2 DEFAULT CHARSET=latin1;

--
-- Dumping data for table `idx_plugin`
--

INSERT INTO `idx_plugin` VALUES (1,'Sociable','sociable/sociable.php','1',NULL);

--
-- Table structure for table `idx_review`
--

CREATE TABLE `idx_review` (
  `review_id` mediumint(9) unsigned NOT NULL auto_increment,
  `link_id` mediumint(9) unsigned NOT NULL default '0',
  `review` text NOT NULL,
  `rating` tinyint(3) unsigned NOT NULL default '0',
  `date` date NOT NULL default '0000-00-00',
  `subject` varchar(100) default NULL,
  `status` char(1) default NULL,
  `username` varchar(20) default NULL,
  `name` varchar(20) default NULL,
  `email` varchar(100) default NULL,
  PRIMARY KEY  (`review_id`)
) ENGINE=MyISAM DEFAULT CHARSET=latin1;

--
-- Dumping data for table `idx_review`
--


--
-- Table structure for table `idx_searchlog`
--

CREATE TABLE `idx_searchlog` (
  `keyword` varchar(100) NOT NULL default '',
  `time` datetime NOT NULL default '0000-00-00 00:00:00',
  `result` mediumint(9) unsigned default NULL,
  `ip` varchar(100) default NULL
) ENGINE=MyISAM DEFAULT CHARSET=latin1;

--
-- Dumping data for table `idx_searchlog`
--


--
-- Table structure for table `idx_set_hook_place`
--

CREATE TABLE `idx_set_hook_place` (
  `set_hook_place_id` int(11) NOT NULL auto_increment,
  `plugin` varchar(255) default NULL,
  `set_hook_place` text,
  PRIMARY KEY  (`set_hook_place_id`)
) ENGINE=MyISAM DEFAULT CHARSET=latin1;

--
-- Dumping data for table `idx_set_hook_place`
--


--
-- Table structure for table `idx_setting`
--

CREATE TABLE `idx_setting` (
  `setting_id` int(11) NOT NULL auto_increment,
  `setting_name` varchar(255) default NULL,
  `setting_value` text,
  PRIMARY KEY  (`setting_id`)
) ENGINE=MyISAM AUTO_INCREMENT=55 DEFAULT CHARSET=latin1;

--
-- Dumping data for table `idx_setting`
--

INSERT INTO `idx_setting` VALUES (4,'site_name','submitza.net'),(5,'site_url','http://submitza.net'),(6,'email_address','anahi.wolstenholme@gmail.com'),(7,'language_code','en_US'),(8,'theme_path','/home/submid/public_html/themes/'),(9,'admin_template_path','/home/submid/public_html/admin_tpl/'),(10,'plugin_path','/home/submid/public_html/plugin/'),(12,'active_theme','_submitza'),(14,'spam_proof','1'),(15,'enable_user_validation','1'),(16,'allowed_file_extension','gif,jpg,png,pdf,zip,doc'),(17,'yahoo_appid',''),(18,'whosonline','600'),(19,'reciprocal_check','0'),(20,'urlcheck_limit','1'),(21,'pagerank_cache','30'),(22,'max_image_width','1024'),(23,'max_image_height','756'),(24,'max_file_size','500'),(25,'only_registered_can_add_link','0'),(26,'only_registered_can_add_review','0'),(27,'db_use_persistent','0'),(28,'paid_link_day_period','30,60,90,180'),(29,'paid_link_price_factor','1,1.5,2,3'),(30,'enable_html_tag','1'),(31,'allowed_html_tag','<b>,<strong>,<i>,<em>,<u>,<pre>,<blockquote>,<ol>,<ul>,<li>,<p>,<span>,<div>,<table>,<tr>,<td>'),(32,'enable_page_compression','0'),(33,'enable_category_ajax','1'),(34,'require_visit_category','0'),(35,'additional_category_price','0.5'),(36,'enable_rating_ajax','1'),(37,'service_nicecoder_avail','1'),(38,'enable_recaptcha','0'),(39,'recaptcha_publickey',''),(40,'recaptcha_privatekey',''),(41,'enable_bidding','0'),(42,'minimum_bid','5'),(43,'bid_increament','1'),(44,'charset','utf-8'),(45,'mailer','mail'),(46,'smtp_auth','0'),(47,'smtp_host',''),(48,'smtp_username',''),(49,'smtp_password',''),(50,'smtp_port','25'),(51,'emailbody_as_html','0'),(52,'indexu_version','2.4'),(53,'tos',''),(54,'submission_guidelines','');

--
-- Table structure for table `idx_tags`
--

CREATE TABLE `idx_tags` (
  `tag` varchar(64) NOT NULL default '',
  `category_id` mediumint(8) unsigned NOT NULL default '0',
  `total` int(11) NOT NULL default '0',
  `tag_path` varchar(64) NOT NULL,
  PRIMARY KEY  (`tag`,`category_id`)
) ENGINE=MyISAM DEFAULT CHARSET=latin1;

--
-- Dumping data for table `idx_tags`
--


--
-- Table structure for table `idx_unavailable`
--

CREATE TABLE `idx_unavailable` (
  `idx_unavailable` int(11) NOT NULL auto_increment,
  `link_id` int(11) default NULL,
  `url` varchar(255) default NULL,
  `who_is` varchar(255) default NULL,
  `note` text,
  `date` datetime default NULL,
  PRIMARY KEY  (`idx_unavailable`)
) ENGINE=MyISAM DEFAULT CHARSET=latin1;

--
-- Dumping data for table `idx_unavailable`
--


--
-- Table structure for table `idx_unavailable_latest`
--

CREATE TABLE `idx_unavailable_latest` (
  `idx_link` int(11) default NULL,
  `record_execution` int(11) default NULL
) ENGINE=MyISAM DEFAULT CHARSET=latin1;

--
-- Dumping data for table `idx_unavailable_latest`
--


--
-- Table structure for table `idx_votes`
--

CREATE TABLE `idx_votes` (
  `link_id` mediumint(9) NOT NULL default '0',
  `ip` varchar(100) default NULL,
  `value` tinyint(4) default NULL
) ENGINE=MyISAM DEFAULT CHARSET=latin1;

--
-- Dumping data for table `idx_votes`
--



