--
-- Host: supercoolpages.org    Database: supercoo_indexu
-- ------------------------------------------------------


--
-- Table structure for table `directory_save_data`
--

CREATE TABLE `directory_save_data` (
  `id` bigint(100) NOT NULL AUTO_INCREMENT,
  `schedule_id` bigint(100) NOT NULL,
  `project_id` bigint(100) NOT NULL,
  `link_id` bigint(100) NOT NULL,
  `confirm_link` text NOT NULL,
  `category_id` int(10) NOT NULL,
  `category_name` varchar(150) NOT NULL,
  PRIMARY KEY (`id`)
) ENGINE=InnoDB DEFAULT CHARSET=latin1;

--
-- Dumping data for table `directory_save_data`
--


--
-- Table structure for table `idx_admin_menu`
--

CREATE TABLE `idx_admin_menu` (
  `menu_id` int(11) NOT NULL AUTO_INCREMENT,
  `parent_id` int(11) DEFAULT NULL,
  `menu_title` varchar(255) DEFAULT NULL,
  `menu_url` varchar(255) DEFAULT NULL,
  `order_number` int(11) DEFAULT NULL,
  PRIMARY KEY (`menu_id`)
) ENGINE=MyISAM AUTO_INCREMENT=85 DEFAULT CHARSET=latin1;

--
-- Dumping data for table `idx_admin_menu`
--



--
-- Table structure for table `idx_bad_link`
--

CREATE TABLE `idx_bad_link` (
  `bad_link_id` mediumint(9) unsigned NOT NULL AUTO_INCREMENT,
  `link_id` mediumint(9) unsigned NOT NULL DEFAULT '0',
  `name` varchar(50) NOT NULL DEFAULT '',
  `email` varchar(50) NOT NULL DEFAULT '',
  `type` tinyint(3) unsigned NOT NULL DEFAULT '0',
  `date` date NOT NULL DEFAULT '0000-00-00',
  PRIMARY KEY (`bad_link_id`)
) ENGINE=MyISAM DEFAULT CHARSET=latin1;

--
-- Dumping data for table `idx_bad_link`
--


--
-- Table structure for table `idx_badwords`
--

CREATE TABLE `idx_badwords` (
  `word` varchar(100) NOT NULL DEFAULT ''
) ENGINE=MyISAM DEFAULT CHARSET=latin1;

--
-- Dumping data for table `idx_badwords`
--


--
-- Table structure for table `idx_blocked_domain`
--

CREATE TABLE `idx_blocked_domain` (
  `blocked_id` int(11) NOT NULL AUTO_INCREMENT,
  `blocked` varchar(255) DEFAULT NULL,
  `type` enum('domain','ip') DEFAULT NULL,
  PRIMARY KEY (`blocked_id`)
) ENGINE=MyISAM AUTO_INCREMENT=6 DEFAULT CHARSET=latin1;

--
-- Dumping data for table `idx_blocked_domain`
--

INSERT INTO `idx_blocked_domain` VALUES (1,'buydomains.com','domain'),(2,'this-domain-for-sale.com ','domain'),(3,'oversee.net','domain'),(4,'eNom','domain'),(5,'sedoparking.com','domain');

--
-- Table structure for table `idx_category`
--

CREATE TABLE `idx_category` (
  `category_id` mediumint(9) unsigned NOT NULL AUTO_INCREMENT,
  `parent_id` mediumint(9) unsigned NOT NULL DEFAULT '0',
  `name` varchar(100) NOT NULL DEFAULT '',
  `description` text NOT NULL,
  `image` varchar(100) DEFAULT NULL,
  `content` text,
  `visible` char(1) DEFAULT NULL,
  `links` mediumint(9) DEFAULT NULL,
  `meta_keyword` text,
  `meta_description` text,
  `permission` char(2) DEFAULT NULL,
  `registered_only` char(1) DEFAULT NULL,
  `header` text NOT NULL,
  `footer` text NOT NULL,
  `related` mediumint(6) NOT NULL DEFAULT '0',
  `page_title` varchar(200) NOT NULL DEFAULT '',
  `hits` int(11) NOT NULL DEFAULT '0',
  `order_num` smallint(6) NOT NULL DEFAULT '0',
  `basic_price` double unsigned NOT NULL DEFAULT '0',
  `premium_price` double unsigned NOT NULL DEFAULT '0',
  `sponsored_price` double unsigned NOT NULL DEFAULT '0',
  PRIMARY KEY (`category_id`)
) ENGINE=MyISAM AUTO_INCREMENT=38 DEFAULT CHARSET=latin1;

--
-- Dumping data for table `idx_category`
--

INSERT INTO `idx_category` VALUES (3,0,'Arts & Entertainment','','folder.gif','','1',26,'','','0','0','','',0,'',0,0,0,0,0),(4,0,'Automotive','','folder.gif','','1',55,'','','0','0','','',0,'',0,0,0,0,0),(5,0,'Business','','folder.gif','','1',200,'','','0','0','','',0,'',0,0,0,0,0),(6,0,'Careers & Jobs','','folder.gif','','1',2,'','','0','0','','',0,'',0,0,0,0,0),(7,0,'Clothing','','folder.gif','','1',15,'','','0','0','','',0,'',0,0,0,0,0),(8,0,'Communications','','folder.gif','','1',27,'','','0','0','','',0,'',0,0,0,0,0),(9,0,'Computer & Internet','','folder.gif','','1',37,'','','0','0','','',0,'',0,0,0,0,0),(10,0,'Construction and Maintenance','','folder.gif','','1',95,'','','0','0','','',0,'',0,0,0,0,0),(11,0,'Dental','','folder.gif','','1',81,'','','0','0','','',0,'',0,0,0,0,0),(12,0,'Education','','folder.gif','','1',32,'','','0','0','','',0,'',0,0,0,0,0),(13,0,'Employment','','folder.gif','','1',1,'','','0','0','','',0,'',0,0,0,0,0),(14,0,'Gifts','','folder.gif','','1',24,'','','0','0','','',0,'',0,0,0,0,0),(15,0,'Hardware & Software','','folder.gif','','1',12,'','','0','0','','',0,'',0,0,0,0,0),(16,0,'Health & fitness','','folder.gif','','1',62,'','','0','0','','',0,'',0,0,0,0,0),(17,0,'Healthcare','','folder.gif','','1',158,'','','0','0','','',0,'',0,0,0,0,0),(18,0,'Heating and Air Conditioning','','folder.gif','','1',95,'','','0','0','','',0,'',0,0,0,0,0),(19,0,'Home & Garden','','folder.gif','','1',250,'','','0','0','','',0,'',0,0,0,0,0),(20,0,'Home Improvement','','folder.gif','','1',109,'','','0','0','','',0,'',0,0,0,0,0),(21,0,'Hotels & Motels','','folder.gif','','1',92,'','','0','0','','',0,'',0,0,0,0,0),(22,0,'Insurance','','folder.gif','','1',34,'','','0','0','','',0,'',0,0,0,0,0),(23,0,'Law & Politics','','folder.gif','','1',3,'','','0','0','','',0,'',0,0,0,0,0),(24,0,'Lawyers','','folder.gif','','1',210,'','','0','0','','',0,'',0,0,0,0,0),(25,0,'Lifestyle & Relationships','','folder.gif','','1',7,'','','0','0','','',0,'',0,0,0,0,0),(26,0,'Medicine','','folder.gif','','1',12,'','','0','0','','',0,'',0,0,0,0,0),(27,0,'Money & Finance','','folder.gif','','1',27,'','','0','0','','',0,'',0,0,0,0,0),(28,0,'News & Issues','','folder.gif','','1',2,'','','0','0','','',0,'',0,0,0,0,0),(29,0,'Plumbing','','folder.gif','','1',50,'','','0','0','','',0,'',0,0,0,0,0),(30,0,'Real Estate','','folder.gif','','1',48,'','','0','0','','',0,'',0,0,0,0,0),(31,0,'Environment & Technology','','folder.gif','','1',17,'','','0','0','','',0,'',0,0,0,0,0),(32,0,'SEO & SMO Marketing','','folder.gif','','1',26,'','','0','0','','',0,'',0,0,0,0,0),(33,0,'Online Shopping','','folder.gif','','1',89,'','','0','0','','',0,'',0,0,0,0,0),(34,0,'Sports','','folder.gif','','1',10,'','','0','0','','',0,'',0,0,0,0,0),(35,0,'Transportation and Logistics Services','','folder.gif','','1',65,'','','0','0','','',0,'',0,0,0,0,0),(36,0,'Tours & Travel','','folder.gif','','1',31,'','','0','0','','',0,'',0,0,0,0,0),(37,0,'Wedding & Jewellery','','folder.gif','','1',18,'','','0','0','','',0,'',0,0,0,0,0);

--
-- Table structure for table `idx_category_path`
--

CREATE TABLE `idx_category_path` (
  `category_id` mediumint(9) NOT NULL DEFAULT '0',
  `path` text,
  `path_with_url` text,
  `parents` text,
  PRIMARY KEY (`category_id`)
) ENGINE=MyISAM DEFAULT CHARSET=latin1;

--
-- Dumping data for table `idx_category_path`
--

INSERT INTO `idx_category_path` VALUES (3,'Arts & Entertainment','<a href=\"http://supercoolpages.org/arts-entertainment/\" name=\"cat_3\" style=\"\">Arts & Entertainment</a>',';0;'),(4,'Automotive','<a href=\"http://supercoolpages.org/automotive/\" name=\"cat_4\" style=\"\">Automotive</a>',';0;'),(5,'Business','<a href=\"http://supercoolpages.org/business/\" name=\"cat_5\" style=\"\">Business</a>',';0;'),(6,'Careers & Jobs','<a href=\"http://supercoolpages.org/careers-jobs/\" name=\"cat_6\" style=\"\">Careers & Jobs</a>',';0;'),(7,'Clothing','<a href=\"http://supercoolpages.org/clothing/\" name=\"cat_7\" style=\"\">Clothing</a>',';0;'),(8,'Communications','<a href=\"http://supercoolpages.org/communications/\" name=\"cat_8\" style=\"\">Communications</a>',';0;'),(9,'Computer & Internet','<a href=\"http://supercoolpages.org/computer-internet/\" name=\"cat_9\" style=\"\">Computer & Internet</a>',';0;'),(10,'Construction and Maintenance','<a href=\"http://supercoolpages.org/construction-and-maintenance/\" name=\"cat_10\" style=\"\">Construction and Maintenance</a>',';0;'),(11,'Dental','<a href=\"http://supercoolpages.org/dental/\" name=\"cat_11\" style=\"\">Dental</a>',';0;'),(12,'Education','<a href=\"http://supercoolpages.org/education/\" name=\"cat_12\" style=\"\">Education</a>',';0;'),(13,'Employment','<a href=\"http://supercoolpages.org/employment/\" name=\"cat_13\" style=\"\">Employment</a>',';0;'),(14,'Gifts','<a href=\"http://supercoolpages.org/gifts/\" name=\"cat_14\" style=\"\">Gifts</a>',';0;'),(15,'Hardware & Software','<a href=\"http://supercoolpages.org/hardware-software/\" name=\"cat_15\" style=\"\">Hardware & Software</a>',';0;'),(16,'Health & fitness','<a href=\"http://supercoolpages.org/health-fitness/\" name=\"cat_16\" style=\"\">Health & fitness</a>',';0;'),(17,'Healthcare','<a href=\"http://supercoolpages.org/healthcare/\" name=\"cat_17\" style=\"\">Healthcare</a>',';0;'),(18,'Heating and Air Conditioning','<a href=\"http://supercoolpages.org/heating-and-air-conditioning/\" name=\"cat_18\" style=\"\">Heating and Air Conditioning</a>',';0;'),(19,'Home & Garden','<a href=\"http://supercoolpages.org/home-garden/\" name=\"cat_19\" style=\"\">Home & Garden</a>',';0;'),(20,'Home Improvement','<a href=\"http://supercoolpages.org/home-improvement/\" name=\"cat_20\" style=\"\">Home Improvement</a>',';0;'),(21,'Hotels & Motels','<a href=\"http://supercoolpages.org/hotels-motels/\" name=\"cat_21\" style=\"\">Hotels & Motels</a>',';0;'),(22,'Insurance','<a href=\"http://supercoolpages.org/insurance/\" name=\"cat_22\" style=\"\">Insurance</a>',';0;'),(23,'Law & Politics','<a href=\"http://supercoolpages.org/law-politics/\" name=\"cat_23\" style=\"\">Law & Politics</a>',';0;'),(24,'Lawyers','<a href=\"http://supercoolpages.org/lawyers/\" name=\"cat_24\" style=\"\">Lawyers</a>',';0;'),(25,'Lifestyle & Relationships','<a href=\"http://supercoolpages.org/lifestyle-relationships/\" name=\"cat_25\" style=\"\">Lifestyle & Relationships</a>',';0;'),(26,'Medicine','<a href=\"http://supercoolpages.org/medicine/\" name=\"cat_26\" style=\"\">Medicine</a>',';0;'),(27,'Money & Finance','<a href=\"http://supercoolpages.org/money-finance/\" name=\"cat_27\" style=\"\">Money & Finance</a>',';0;'),(28,'News & Issues','<a href=\"http://supercoolpages.org/news-issues/\" name=\"cat_28\" style=\"\">News & Issues</a>',';0;'),(29,'Plumbing','<a href=\"http://supercoolpages.org/plumbing/\" name=\"cat_29\" style=\"\">Plumbing</a>',';0;'),(30,'Real Estate','<a href=\"http://supercoolpages.org/real-estate/\" name=\"cat_30\" style=\"\">Real Estate</a>',';0;'),(31,'Environment & Technology','<a href=\"http://supercoolpages.org/environment-technology/\" name=\"cat_31\" style=\"\">Environment & Technology</a>',';0;'),(32,'SEO & SMO Marketing','<a href=\"http://supercoolpages.org/seo-smo-marketing/\" name=\"cat_32\" style=\"\">SEO & SMO Marketing</a>',';0;'),(33,'Online Shopping','<a href=\"http://supercoolpages.org/online-shopping/\" name=\"cat_33\" style=\"\">Online Shopping</a>',';0;'),(34,'Sports','<a href=\"http://supercoolpages.org/sports/\" name=\"cat_34\" style=\"\">Sports</a>',';0;'),(35,'Transportation and Logistics Services','<a href=\"http://supercoolpages.org/transportation-and-logistics-services/\" name=\"cat_35\" style=\"\">Transportation and Logistics Services</a>',';0;'),(36,'Tours & Travel','<a href=\"http://supercoolpages.org/tours-travel/\" name=\"cat_36\" style=\"\">Tours & Travel</a>',';0;'),(37,'Wedding & Jewellery','<a href=\"http://supercoolpages.org/wedding-jewellery/\" name=\"cat_37\" style=\"\">Wedding & Jewellery</a>',';0;');

--
-- Table structure for table `idx_category_suggession`
--

CREATE TABLE `idx_category_suggession` (
  `id_cat_suggession` int(11) NOT NULL AUTO_INCREMENT,
  `parent_id` int(11) DEFAULT NULL,
  `name` varchar(255) DEFAULT NULL,
  `category_description` text,
  `date` datetime DEFAULT NULL,
  PRIMARY KEY (`id_cat_suggession`)
) ENGINE=MyISAM AUTO_INCREMENT=2 DEFAULT CHARSET=latin1;

--
-- Dumping data for table `idx_category_suggession`
--

INSERT INTO `idx_category_suggession` VALUES (1,25,'Trix','I really wish there were more artciels like this on the web.','2011-11-15 15:40:31');

--
-- Table structure for table `idx_checkurl`
--

CREATE TABLE `idx_checkurl` (
  `link_id` mediumint(9) NOT NULL DEFAULT '0',
  `date` date NOT NULL DEFAULT '0000-00-00',
  `live` char(1) NOT NULL DEFAULT '',
  `reciprocal_found` char(1) NOT NULL DEFAULT '',
  PRIMARY KEY (`link_id`)
) ENGINE=MyISAM DEFAULT CHARSET=latin1;

--
-- Dumping data for table `idx_checkurl`
--


--
-- Table structure for table `idx_cronjobs`
--

CREATE TABLE `idx_cronjobs` (
  `cronjobs_id` int(11) NOT NULL AUTO_INCREMENT,
  `cronjobs_name` varchar(255) DEFAULT NULL,
  `filename` varchar(255) NOT NULL,
  `schedule` varchar(255) NOT NULL,
  `time` datetime NOT NULL,
  `execution` varchar(1) NOT NULL,
  PRIMARY KEY (`cronjobs_id`)
) ENGINE=MyISAM AUTO_INCREMENT=4 DEFAULT CHARSET=latin1;

--
-- Dumping data for table `idx_cronjobs`
--

INSERT INTO `idx_cronjobs` VALUES (1,NULL,'clear_templates_c.php','1,*,*,*,*','0000-00-00 00:00:00',''),(2,NULL,'update_tag_cloud.php','*,24,*,*,*','0000-00-00 00:00:00',''),(3,NULL,'clear_rss_cache.php','*,24,*,*,*','0000-00-00 00:00:00','');

--
-- Table structure for table `idx_custom_field`
--

CREATE TABLE `idx_custom_field` (
  `field_name` varchar(32) NOT NULL DEFAULT '',
  `field_text` varchar(64) NOT NULL DEFAULT '',
  `field_type` enum('TEXT','TEXTAREA','SELECT','MULTISELECT','CHECKBOX','RADIO','FILE','IMAGE','DATE','DATETIME','RICHEDITOR') NOT NULL DEFAULT 'TEXT',
  `field_option` text NOT NULL,
  `field_img_width` int(10) unsigned NOT NULL DEFAULT '0',
  `field_img_height` int(10) unsigned NOT NULL DEFAULT '0',
  `field_file_size` int(10) unsigned NOT NULL DEFAULT '0',
  `field_file_extension` varchar(64) NOT NULL DEFAULT '',
  `required` char(1) NOT NULL DEFAULT '0',
  `searchable` char(1) NOT NULL DEFAULT '1',
  `permission` char(1) NOT NULL DEFAULT '0'
) ENGINE=MyISAM DEFAULT CHARSET=latin1;

--
-- Dumping data for table `idx_custom_field`
--

INSERT INTO `idx_custom_field` VALUES ('image','Image','IMAGE','',0,0,0,'','0','0','2'),('address','Address','TEXT','',0,0,0,'','0','0','0'),('city','City','TEXT','',0,0,0,'','0','0','0'),('state','State','TEXT','',0,0,0,'','0','0','0'),('country','Country','TEXT','',0,0,0,'','0','0','0'),('zip','Zip','TEXT','',0,0,0,'','0','0','0'),('phone','Phone','TEXT','',0,0,0,'','0','0','0'),('fax','Fax','TEXT','',0,0,0,'','0','0','0');

--
-- Table structure for table `idx_default_field`
--

CREATE TABLE `idx_default_field` (
  `field_name` varchar(64) NOT NULL,
  `required` char(1) NOT NULL,
  `visible` char(1) NOT NULL DEFAULT '1',
  `searchable` char(1) NOT NULL DEFAULT '1'
) ENGINE=MyISAM DEFAULT CHARSET=latin1;

--
-- Dumping data for table `idx_default_field`
--

INSERT INTO `idx_default_field` VALUES ('title','1','1','1'),('url','1','1','1'),('description','1','1','1'),('keywords','1','1','0'),('contact_name','1','1','1'),('email','1','1','1'),('reciprocal_url','0','0','1');

--
-- Table structure for table `idx_discount_coupon`
--

CREATE TABLE `idx_discount_coupon` (
  `coupon_id` int(11) NOT NULL AUTO_INCREMENT,
  `coupon_code` varchar(255) DEFAULT NULL,
  `coupon_value` varchar(50) DEFAULT NULL,
  `link_type` varchar(255) DEFAULT NULL,
  `start_date` date DEFAULT NULL,
  `expired_date` date DEFAULT NULL,
  `expired_usage` int(11) DEFAULT NULL,
  `usage_count` int(11) DEFAULT NULL,
  PRIMARY KEY (`coupon_id`)
) ENGINE=MyISAM DEFAULT CHARSET=latin1;

--
-- Dumping data for table `idx_discount_coupon`
--


--
-- Table structure for table `idx_editor`
--

CREATE TABLE `idx_editor` (
  `username` varchar(20) DEFAULT NULL,
  `category_id` mediumint(9) DEFAULT NULL,
  `category` char(1) DEFAULT NULL,
  `link` char(1) DEFAULT NULL,
  `review` char(1) DEFAULT NULL,
  `pick` char(1) DEFAULT NULL,
  `status` char(1) DEFAULT NULL,
  `date` date DEFAULT NULL
) ENGINE=MyISAM DEFAULT CHARSET=latin1;

--
-- Dumping data for table `idx_editor`
--


--
-- Table structure for table `idx_email_template`
--

CREATE TABLE `idx_email_template` (
  `email_template_id` int(10) unsigned NOT NULL AUTO_INCREMENT,
  `name` varchar(255) DEFAULT NULL,
  `subject` varchar(255) DEFAULT NULL,
  `body` text,
  `altbody` text,
  PRIMARY KEY (`email_template_id`)
) ENGINE=MyISAM AUTO_INCREMENT=37 DEFAULT CHARSET=latin1;

--
-- Dumping data for table `idx_email_template`
--



--
-- Table structure for table `idx_favorites`
--

CREATE TABLE `idx_favorites` (
  `favorite_id` int(11) NOT NULL AUTO_INCREMENT,
  `username` varchar(20) DEFAULT NULL,
  `date` date DEFAULT NULL,
  `title` varchar(100) DEFAULT NULL,
  `description` text,
  PRIMARY KEY (`favorite_id`)
) ENGINE=MyISAM AUTO_INCREMENT=5 DEFAULT CHARSET=latin1;

--
-- Dumping data for table `idx_favorites`
--

INSERT INTO `idx_favorites` VALUES (1,'edgarmoseg23j63','2011-10-18','My Favorites',NULL),(2,'randellcolton67e54','2011-10-31','My Favorites',NULL),(3,'zacharyrichiy36e17','2011-11-02','My Favorites',NULL),(4,'adaptive84','2011-12-07','My Favorites',NULL);

--
-- Table structure for table `idx_favorites_detail`
--

CREATE TABLE `idx_favorites_detail` (
  `favorite_id` int(11) DEFAULT NULL,
  `link_id` mediumint(9) DEFAULT NULL
) ENGINE=MyISAM DEFAULT CHARSET=latin1;

--
-- Dumping data for table `idx_favorites_detail`
--


--
-- Table structure for table `idx_hook_place`
--

CREATE TABLE `idx_hook_place` (
  `hook_place_id` int(11) NOT NULL AUTO_INCREMENT,
  `filename` varchar(255) DEFAULT NULL,
  `hookname` varchar(255) DEFAULT NULL,
  PRIMARY KEY (`hook_place_id`)
) ENGINE=MyISAM DEFAULT CHARSET=latin1;

--
-- Dumping data for table `idx_hook_place`
--


--
-- Table structure for table `idx_invoice`
--

CREATE TABLE `idx_invoice` (
  `invoice_id` varchar(10) NOT NULL DEFAULT '',
  `invoice_date` date DEFAULT NULL,
  `due_date` date DEFAULT NULL,
  `invoiced_to` text,
  `service` varchar(255) DEFAULT NULL,
  `description` text,
  `total` double(8,2) DEFAULT NULL,
  `comment` text,
  `paid` char(1) DEFAULT NULL,
  `paid_date` date DEFAULT NULL,
  `email` varchar(255) DEFAULT NULL,
  PRIMARY KEY (`invoice_id`)
) ENGINE=MyISAM DEFAULT CHARSET=latin1;

--
-- Dumping data for table `idx_invoice`
--


--
-- Table structure for table `idx_invoice_config`
--

CREATE TABLE `idx_invoice_config` (
  `company` varchar(255) DEFAULT NULL,
  `contact` varchar(255) DEFAULT NULL,
  `address` text,
  `phone` varchar(255) DEFAULT NULL,
  `email` varchar(255) DEFAULT NULL,
  `currency_symbol` varchar(255) DEFAULT '$',
  `currency_code` varchar(255) DEFAULT 'USD'
) ENGINE=MyISAM DEFAULT CHARSET=latin1;

--
-- Dumping data for table `idx_invoice_config`
--

INSERT INTO `idx_invoice_config` VALUES ('Your website / Company','Billing Department','Your address','Your phone #','Billing<name@yourdomain.com>','$','USD');

--
-- Table structure for table `idx_link_temp`
--

CREATE TABLE `idx_link_temp` (
  `vid` mediumint(9) unsigned NOT NULL AUTO_INCREMENT,
  `spam` char(1) NOT NULL DEFAULT '0',
  `link_id` mediumint(9) DEFAULT NULL,
  `category_id` mediumint(9) unsigned NOT NULL DEFAULT '0',
  `title` varchar(100) NOT NULL DEFAULT '',
  `url` text NOT NULL,
  `description` text NOT NULL,
  `contact_name` varchar(100) NOT NULL DEFAULT '',
  `email` varchar(100) NOT NULL DEFAULT '',
  `hits` mediumint(9) DEFAULT NULL,
  `votes` smallint(6) DEFAULT NULL,
  `rating` float(4,2) DEFAULT NULL,
  `date` datetime NOT NULL DEFAULT '0000-00-00 00:00:00',
  `bid` smallint(6) NOT NULL DEFAULT '0',
  `new` char(1) DEFAULT NULL,
  `hot` char(1) DEFAULT NULL,
  `top_rated` char(1) DEFAULT NULL,
  `pick` char(1) DEFAULT NULL,
  `password` varchar(20) DEFAULT NULL,
  `updated` char(1) DEFAULT NULL,
  `reviews` smallint(6) DEFAULT NULL,
  `avg_review` float(4,2) DEFAULT NULL,
  `last_updated` datetime DEFAULT NULL,
  `official_review` text,
  `keywords` varchar(255) DEFAULT NULL,
  `cat1` mediumint(6) NOT NULL DEFAULT '0',
  `cat2` mediumint(6) NOT NULL DEFAULT '0',
  `suspended` char(1) NOT NULL DEFAULT '0',
  `reciprocal_url` varchar(255) DEFAULT NULL,
  `address` varchar(255) DEFAULT NULL,
  `city` varchar(255) DEFAULT NULL,
  `state` varchar(255) DEFAULT NULL,
  `country` varchar(255) DEFAULT NULL,
  `zip` varchar(255) DEFAULT NULL,
  `image` varchar(255) DEFAULT NULL,
  `phone` varchar(255) DEFAULT NULL,
  `fax` varchar(255) DEFAULT NULL,
  PRIMARY KEY (`vid`)
) ENGINE=MyISAM DEFAULT CHARSET=latin1;

--
-- Dumping data for table `idx_link_temp`
--


--
-- Table structure for table `idx_link_temp_user`
--

CREATE TABLE `idx_link_temp_user` (
  `vid` mediumint(9) unsigned NOT NULL DEFAULT '0',
  `username` varchar(20) NOT NULL DEFAULT '',
  PRIMARY KEY (`vid`)
) ENGINE=MyISAM DEFAULT CHARSET=latin1;

--
-- Dumping data for table `idx_link_temp_user`
--


--
-- Table structure for table `idx_link_user`
--

CREATE TABLE `idx_link_user` (
  `link_id` mediumint(9) unsigned NOT NULL DEFAULT '0',
  `username` varchar(20) NOT NULL DEFAULT '',
  PRIMARY KEY (`link_id`)
) ENGINE=MyISAM DEFAULT CHARSET=latin1;

--
-- Dumping data for table `idx_link_user`
--


--
-- Table structure for table `idx_mailing_list`
--

CREATE TABLE `idx_mailing_list` (
  `email` varchar(50) NOT NULL DEFAULT '',
  `code` varchar(4) DEFAULT NULL,
  `status` char(1) DEFAULT NULL,
  PRIMARY KEY (`email`)
) ENGINE=MyISAM DEFAULT CHARSET=latin1;

--
-- Dumping data for table `idx_mailing_list`
--


--
-- Table structure for table `idx_message`
--

CREATE TABLE `idx_message` (
  `message_id` smallint(6) NOT NULL AUTO_INCREMENT,
  `date` date DEFAULT NULL,
  `body` text,
  `subject` varchar(100) DEFAULT NULL,
  PRIMARY KEY (`message_id`)
) ENGINE=MyISAM DEFAULT CHARSET=latin1;

--
-- Dumping data for table `idx_message`
--


--
-- Table structure for table `idx_notification`
--

CREATE TABLE `idx_notification` (
  `username` varchar(20) NOT NULL DEFAULT '',
  `category_id` mediumint(9) NOT NULL DEFAULT '0'
) ENGINE=MyISAM DEFAULT CHARSET=latin1;

--
-- Dumping data for table `idx_notification`
--


--
-- Table structure for table `idx_pagerank`
--

CREATE TABLE `idx_pagerank` (
  `link_id` mediumint(8) unsigned NOT NULL DEFAULT '0',
  `engine` char(1) NOT NULL DEFAULT '',
  `rank` tinyint(4) NOT NULL DEFAULT '0',
  `last_update` date NOT NULL DEFAULT '0000-00-00',
  PRIMARY KEY (`link_id`,`engine`)
) ENGINE=MyISAM DEFAULT CHARSET=latin1;

--
-- Dumping data for table `idx_pagerank`
--

INSERT INTO `idx_pagerank` VALUES (3,'g',6,'2011-09-16'),(2,'g',6,'2011-09-16'),(1,'g',6,'2011-09-16'),(5,'g',2,'2011-09-17'),(4,'g',2,'2011-09-17'),(6,'g',2,'2011-09-17'),(7,'g',2,'2011-09-18'),(9,'g',2,'2011-09-18'),(8,'g',2,'2011-09-18'),(10,'g',2,'2011-09-18'),(121,'g',0,'2012-01-24'),(58,'g',3,'2011-10-01'),(71,'g',0,'2012-01-20'),(23,'g',0,'2012-03-02'),(53,'g',3,'2011-10-01'),(57,'g',3,'2011-10-01'),(129,'g',0,'2011-11-17'),(19,'g',0,'2012-02-21'),(18,'g',0,'2012-03-02'),(11,'g',6,'2011-10-01'),(20,'g',0,'2012-03-02'),(14,'g',1,'2011-10-01'),(12,'g',0,'2011-10-01'),(15,'g',3,'2011-10-01'),(17,'g',4,'2011-10-01'),(13,'g',0,'2011-10-01'),(16,'g',4,'2011-10-01'),(120,'g',0,'2012-01-11'),(152,'g',0,'2012-01-13'),(158,'g',0,'2012-01-23'),(84,'g',0,'2012-01-19'),(155,'g',0,'2012-01-21'),(126,'g',0,'2012-01-09'),(163,'g',0,'2012-01-09'),(55,'g',2,'2011-10-02'),(105,'g',0,'2011-10-02'),(80,'g',0,'2012-02-11'),(28,'g',0,'2012-01-19'),(82,'g',3,'2011-10-02'),(146,'g',0,'2012-03-05'),(187,'g',0,'2012-01-19'),(22,'g',0,'2012-03-02'),(86,'g',0,'2012-01-13'),(45,'g',1,'2011-10-02'),(116,'g',0,'2012-01-09'),(118,'g',0,'2012-01-20'),(94,'g',0,'2012-02-15'),(78,'g',0,'2012-01-09'),(149,'g',0,'2012-01-03'),(37,'g',0,'2012-02-11'),(119,'g',0,'2012-02-15'),(127,'g',0,'2012-01-09'),(98,'g',0,'2012-01-06'),(25,'g',0,'2012-02-11'),(151,'g',0,'2012-01-23'),(242,'g',0,'2011-12-19'),(294,'g',0,'2012-02-15'),(255,'g',2,'2011-10-05'),(233,'g',0,'2012-02-15'),(350,'g',0,'2012-01-21'),(232,'g',0,'2012-01-27'),(563,'g',0,'2011-10-06'),(305,'g',0,'2011-10-06'),(584,'g',0,'2011-10-06'),(388,'g',0,'2011-10-06'),(503,'g',0,'2011-10-06'),(420,'g',0,'2011-10-06'),(462,'g',0,'2011-10-06'),(874,'g',0,'2012-01-15'),(970,'g',0,'2012-01-19'),(839,'g',0,'2011-10-07'),(773,'g',0,'2012-02-10'),(728,'g',0,'2011-11-06'),(774,'g',0,'2011-11-06'),(49,'g',0,'2011-10-07'),(828,'g',0,'2011-10-07'),(780,'g',0,'2012-02-27'),(40,'g',0,'2012-01-16'),(95,'g',0,'2012-01-16'),(111,'g',0,'2012-01-16'),(237,'g',0,'2012-02-11'),(198,'g',0,'2012-02-11'),(148,'g',0,'2012-02-11'),(81,'g',0,'2012-01-16'),(219,'g',0,'2012-02-11'),(114,'g',0,'2012-01-22'),(67,'g',0,'2012-01-18'),(213,'g',0,'2012-01-22'),(866,'g',0,'2012-01-19'),(241,'g',0,'2012-01-17'),(115,'g',0,'2012-02-26'),(217,'g',0,'2012-01-21'),(201,'g',0,'2012-01-15'),(886,'g',0,'2012-01-13'),(106,'g',0,'2012-01-22'),(83,'g',0,'2012-01-15'),(101,'g',0,'2012-02-26'),(66,'g',0,'2012-01-16'),(76,'g',0,'2012-01-16'),(218,'g',0,'2011-12-24'),(815,'g',0,'2012-02-15'),(810,'g',0,'2012-01-26'),(783,'g',0,'2011-11-19'),(883,'g',0,'2011-10-08'),(275,'g',0,'2011-10-08'),(209,'g',0,'2011-10-08'),(210,'g',0,'2011-10-08'),(250,'g',0,'2011-10-08'),(833,'g',0,'2012-01-24'),(771,'g',0,'2012-01-19'),(247,'g',0,'2011-10-09'),(33,'g',0,'2011-10-09'),(32,'g',0,'2011-10-09'),(79,'g',0,'2012-01-21'),(100,'g',0,'2012-03-05'),(104,'g',0,'2012-03-05'),(747,'g',0,'2012-03-05'),(140,'g',0,'2012-03-05'),(133,'g',0,'2011-10-09'),(708,'g',0,'2012-01-19'),(798,'g',0,'2012-01-19'),(860,'g',0,'2012-02-29'),(891,'g',0,'2012-02-02'),(64,'g',0,'2012-01-19'),(90,'g',0,'2012-01-21'),(41,'g',0,'2012-01-24'),(39,'g',0,'2012-01-19'),(220,'g',0,'2012-01-25'),(223,'g',0,'2012-02-16'),(221,'g',0,'2012-02-16'),(226,'g',0,'2012-02-16'),(189,'g',0,'2012-01-25'),(212,'g',0,'2012-01-19'),(840,'g',0,'2012-02-10'),(202,'g',0,'2011-10-10'),(56,'g',0,'2012-01-24'),(21,'g',0,'2012-03-02'),(52,'g',0,'2011-10-12'),(59,'g',0,'2011-10-12'),(109,'g',0,'2012-01-22'),(208,'g',0,'2012-03-07'),(132,'g',0,'2012-01-24'),(768,'g',0,'2012-01-19'),(746,'g',0,'2012-01-19'),(1021,'g',0,'2012-01-19'),(61,'g',0,'2012-01-09'),(97,'g',0,'2012-01-09'),(99,'g',0,'2012-01-09'),(43,'g',0,'2012-01-09'),(62,'g',0,'2012-01-09'),(42,'g',0,'2012-01-09'),(87,'g',0,'2012-02-20'),(36,'g',0,'2012-01-09'),(112,'g',0,'2012-01-09'),(102,'g',0,'2012-01-09'),(368,'g',0,'2011-10-13'),(410,'g',0,'2011-10-13'),(452,'g',0,'2011-10-13'),(285,'g',0,'2011-10-13'),(330,'g',0,'2011-10-13'),(493,'g',0,'2011-10-13'),(543,'g',0,'2011-10-13'),(1111,'g',0,'2011-10-13'),(1004,'g',0,'2011-10-13'),(1248,'g',0,'2012-01-26'),(38,'g',0,'2012-01-24'),(587,'g',0,'2011-10-13'),(428,'g',0,'2011-10-13'),(383,'g',0,'2011-10-13'),(509,'g',0,'2011-10-13'),(333,'g',0,'2011-10-13'),(290,'g',0,'2011-12-16'),(469,'g',0,'2011-10-13'),(532,'g',0,'2011-10-13'),(253,'g',0,'2011-10-13'),(35,'g',0,'2011-10-13'),(803,'g',0,'2012-01-18'),(192,'g',0,'2012-01-24'),(847,'g',0,'2011-10-13'),(802,'g',0,'2012-02-16'),(195,'g',0,'2012-02-15'),(729,'g',0,'2012-02-16'),(194,'g',0,'2012-02-16'),(197,'g',0,'2012-02-16'),(128,'g',0,'2012-01-18'),(819,'g',0,'2011-10-15'),(1009,'g',0,'2011-10-15'),(1040,'g',0,'2011-10-15'),(998,'g',0,'2011-12-23'),(1084,'g',0,'2011-10-17'),(935,'g',0,'2012-03-05'),(834,'g',0,'2012-03-05'),(934,'g',0,'2012-03-05'),(1237,'g',0,'2012-02-21'),(1363,'g',0,'2012-01-26'),(1055,'g',0,'2012-01-24'),(1067,'g',0,'2012-01-24'),(1199,'g',0,'2012-01-30'),(1383,'g',0,'2012-01-24'),(1307,'g',0,'2012-01-30'),(24,'g',0,'2012-03-02'),(888,'g',0,'2012-03-06'),(222,'g',0,'2012-03-06'),(103,'g',0,'2011-11-18'),(1098,'g',0,'2012-03-06'),(1092,'g',0,'2012-03-06'),(1061,'g',0,'2011-10-19'),(1353,'g',0,'2012-03-06'),(1342,'g',0,'2012-01-26'),(1066,'g',0,'2012-03-06'),(829,'g',0,'2012-03-04'),(1028,'g',0,'2012-03-04'),(1333,'g',0,'2011-10-20'),(1388,'g',0,'2012-03-04'),(1189,'g',0,'2011-10-20'),(1042,'g',0,'2012-03-04'),(835,'g',0,'2011-10-20'),(826,'g',0,'2012-03-07'),(1159,'g',0,'2011-10-20'),(1184,'g',0,'2011-10-20'),(1034,'g',0,'2011-10-20'),(1002,'g',0,'2012-01-24'),(320,'g',0,'2012-02-26'),(284,'g',0,'2011-10-20'),(278,'g',0,'2011-10-20'),(1025,'g',0,'2012-01-10'),(1240,'g',0,'2011-10-21'),(1203,'g',0,'2011-10-21'),(1191,'g',0,'2011-10-21'),(775,'g',0,'2012-01-26'),(799,'g',0,'2012-02-10'),(782,'g',0,'2012-02-10'),(786,'g',0,'2012-02-10'),(1074,'g',0,'2012-02-02'),(1011,'g',0,'2012-02-02'),(1114,'g',0,'2012-02-02'),(994,'g',0,'2011-12-15'),(1173,'g',0,'2011-10-21'),(997,'g',0,'2011-12-27'),(1107,'g',0,'2011-12-27'),(1226,'g',0,'2011-12-27'),(1344,'g',0,'2012-02-02'),(850,'g',0,'2012-01-25'),(240,'g',0,'2011-12-17'),(1338,'g',0,'2011-10-22'),(1268,'g',0,'2011-10-22'),(342,'g',0,'2012-01-23'),(769,'g',0,'2012-01-25'),(274,'g',0,'2012-01-23'),(1293,'g',0,'2011-12-27'),(1324,'g',0,'2011-12-27'),(1378,'g',0,'2011-12-16'),(1318,'g',0,'2011-10-22'),(1291,'g',0,'2012-01-22'),(236,'g',0,'2011-12-15'),(312,'g',0,'2011-12-16'),(234,'g',0,'2011-12-14'),(280,'g',0,'2011-10-22'),(837,'g',0,'2011-10-22'),(762,'g',0,'2011-10-22'),(228,'g',0,'2011-12-16'),(735,'g',0,'2011-12-15'),(296,'g',0,'2011-12-15'),(752,'g',0,'2011-10-22'),(1272,'g',0,'2011-10-22'),(1062,'g',0,'2011-10-22'),(1245,'g',0,'2012-01-23'),(1298,'g',0,'2011-10-22'),(282,'g',0,'2012-03-07'),(718,'g',0,'2011-10-22'),(27,'g',0,'2012-01-09'),(238,'g',0,'2012-02-28'),(216,'g',0,'2012-01-09'),(188,'g',0,'2012-02-28'),(276,'g',0,'2012-02-28'),(108,'g',0,'2012-02-20'),(309,'g',0,'2011-10-22'),(230,'g',0,'2012-02-28'),(156,'g',0,'2012-02-28'),(147,'g',0,'2011-11-24'),(310,'g',0,'2011-10-22'),(1217,'g',0,'2011-10-22'),(1397,'g',0,'2011-10-22'),(1391,'g',0,'2011-12-15'),(286,'g',0,'2011-10-22'),(988,'g',0,'2012-02-10'),(1027,'g',0,'2011-12-26'),(1008,'g',0,'2012-02-10'),(173,'g',0,'2012-02-21'),(176,'g',0,'2011-10-23'),(175,'g',0,'2011-10-23'),(174,'g',0,'2012-02-27'),(180,'g',0,'2011-10-23'),(181,'g',0,'2011-10-23'),(177,'g',0,'2011-10-23'),(178,'g',0,'2012-02-15'),(172,'g',0,'2011-10-23'),(179,'g',0,'2011-10-23'),(75,'g',0,'2011-10-23'),(843,'g',0,'2011-10-23'),(845,'g',0,'2011-10-23'),(160,'g',0,'2011-10-23'),(292,'g',0,'2012-03-07'),(857,'g',0,'2011-10-23'),(130,'g',0,'2011-10-23'),(311,'g',0,'2011-10-23'),(1036,'g',0,'2011-10-23'),(1351,'g',0,'2011-12-16'),(1352,'g',0,'2011-12-15'),(1361,'g',0,'2011-10-23'),(1104,'g',0,'2011-10-23'),(1244,'g',0,'2011-10-23'),(1087,'g',0,'2011-10-23'),(1360,'g',0,'2011-10-23'),(1079,'g',0,'2011-10-23'),(1060,'g',0,'2012-01-24'),(1024,'g',0,'2011-12-27'),(1156,'g',0,'2012-01-24'),(1190,'g',0,'2011-12-27'),(272,'g',0,'2012-01-27'),(124,'g',0,'2012-01-26'),(313,'g',0,'2012-01-27'),(125,'g',0,'2012-01-27'),(314,'g',0,'2012-01-27'),(211,'g',0,'2012-01-27'),(193,'g',0,'2012-01-27'),(304,'g',0,'2012-01-27'),(225,'g',0,'2012-01-27'),(288,'g',0,'2012-01-26'),(1102,'g',0,'2012-01-19'),(1095,'g',0,'2012-01-19'),(1188,'g',0,'2012-01-19'),(1105,'g',0,'2012-01-19'),(1103,'g',0,'2012-01-19'),(1101,'g',0,'2012-01-19'),(1208,'g',0,'2012-01-19'),(69,'g',0,'2011-12-02'),(85,'g',0,'2011-10-24'),(72,'g',0,'2011-12-02'),(88,'g',0,'2011-10-24'),(68,'g',0,'2011-12-02'),(73,'g',0,'2012-02-10'),(63,'g',0,'2011-12-02'),(77,'g',0,'2011-12-02'),(74,'g',0,'2011-12-02'),(44,'g',0,'2012-01-07'),(26,'g',0,'2012-02-26'),(70,'g',0,'2012-01-07'),(65,'g',0,'2012-01-07'),(96,'g',0,'2012-02-10'),(157,'g',0,'2012-01-07'),(159,'g',0,'2011-10-25'),(123,'g',0,'2012-01-07'),(153,'g',0,'2012-01-07'),(167,'g',0,'2011-10-26'),(168,'g',0,'2011-10-26'),(165,'g',0,'2011-10-26'),(169,'g',0,'2011-10-26'),(171,'g',0,'2011-10-26'),(145,'g',0,'2011-10-26'),(170,'g',0,'2012-02-21'),(166,'g',0,'2012-02-19'),(138,'g',0,'2011-12-07'),(144,'g',0,'2012-03-07'),(136,'g',0,'2011-10-26'),(141,'g',0,'2011-12-07'),(143,'g',0,'2011-10-26'),(139,'g',0,'2011-12-07'),(142,'g',0,'2011-10-26'),(135,'g',0,'2011-10-26'),(137,'g',0,'2011-10-26'),(1878,'g',0,'2011-10-27'),(1884,'g',0,'2011-10-27'),(1880,'g',0,'2011-10-27'),(1488,'g',0,'2011-10-27'),(1577,'g',0,'2011-10-27'),(117,'g',0,'2011-10-27'),(122,'g',0,'2011-10-27'),(1826,'g',0,'2011-10-27'),(1837,'g',0,'2011-10-27'),(1855,'g',0,'2011-10-27'),(1866,'g',0,'2011-10-27'),(1872,'g',0,'2011-10-27'),(1864,'g',0,'2011-10-27'),(1868,'g',0,'2011-10-27'),(1870,'g',0,'2011-10-27'),(1869,'g',0,'2011-10-27'),(1683,'g',0,'2011-10-27'),(1780,'g',0,'2011-10-27'),(1603,'g',0,'2011-10-27'),(1818,'g',0,'2011-10-27'),(1681,'g',0,'2011-10-27'),(1717,'g',0,'2011-10-27'),(1782,'g',0,'2011-10-27'),(1619,'g',0,'2011-11-27'),(1844,'g',0,'2011-10-28'),(1600,'g',0,'2011-10-29'),(1447,'g',0,'2011-10-29'),(1448,'g',0,'2011-10-29'),(1525,'g',0,'2011-10-29'),(1785,'g',0,'2011-10-30'),(1566,'g',0,'2011-10-30'),(1611,'g',0,'2011-10-30'),(1517,'g',0,'2011-10-30'),(1536,'g',0,'2011-10-30'),(1469,'g',0,'2011-10-30'),(1666,'g',0,'2011-10-30'),(1601,'g',0,'2011-10-30'),(1710,'g',0,'2011-10-30'),(1706,'g',0,'2011-10-30'),(1708,'g',0,'2011-10-30'),(1610,'g',0,'2011-10-30'),(1714,'g',0,'2011-10-30'),(1612,'g',0,'2011-10-30'),(1712,'g',0,'2011-10-30'),(92,'g',0,'2012-02-21'),(91,'g',0,'2011-10-30'),(93,'g',0,'2011-10-30'),(89,'g',0,'2012-02-21'),(107,'g',0,'2011-10-30'),(110,'g',0,'2011-10-30'),(113,'g',0,'2011-10-30'),(1589,'g',0,'2011-10-30'),(1669,'g',0,'2011-10-30'),(1475,'g',0,'2011-10-30'),(1548,'g',0,'2011-10-30'),(1768,'g',0,'2011-10-30'),(1550,'g',0,'2011-10-30'),(1476,'g',0,'2011-10-30'),(1822,'g',0,'2011-10-30'),(1507,'g',0,'2011-10-30'),(1493,'g',0,'2011-10-30'),(1587,'g',0,'2011-10-30'),(1883,'g',0,'2011-10-30'),(1495,'g',0,'2011-10-30'),(1721,'g',0,'2011-10-30'),(1885,'g',0,'2011-10-30'),(1741,'g',0,'2011-10-30'),(1827,'g',0,'2011-10-30'),(1839,'g',0,'2011-10-30'),(1821,'g',0,'2011-10-31'),(1745,'g',0,'2011-10-31'),(1829,'g',0,'2011-10-31'),(1843,'g',0,'2011-10-31'),(1823,'g',0,'2011-10-31'),(1852,'g',0,'2011-10-31'),(1819,'g',0,'2011-10-31'),(1831,'g',0,'2011-10-31'),(1754,'g',0,'2011-10-31'),(1723,'g',0,'2011-10-31'),(1602,'g',0,'2011-10-31'),(1833,'g',0,'2011-10-31'),(1704,'g',0,'2011-10-31'),(1824,'g',0,'2011-10-31'),(1477,'g',0,'2011-10-31'),(1540,'g',0,'2011-10-31'),(1815,'g',0,'2011-10-31'),(1471,'g',0,'2011-10-31'),(1552,'g',0,'2011-10-31'),(1461,'g',0,'2011-10-31'),(1518,'g',0,'2011-10-31'),(1873,'g',0,'2011-10-31'),(1854,'g',0,'2011-10-31'),(1860,'g',0,'2011-10-31'),(1867,'g',0,'2011-10-31'),(1881,'g',0,'2011-10-31'),(1856,'g',0,'2011-10-31'),(1863,'g',0,'2011-10-31'),(1865,'g',0,'2011-10-31'),(1871,'g',0,'2011-10-31'),(1205,'g',0,'2011-10-31'),(1234,'g',0,'2011-10-31'),(1423,'g',0,'2011-10-31'),(1094,'g',0,'2012-02-12'),(1187,'g',0,'2012-02-12'),(1147,'g',0,'2012-02-12'),(1086,'g',0,'2011-10-31'),(1331,'g',0,'2012-02-12'),(1404,'g',0,'2011-10-31'),(1183,'g',0,'2011-10-31'),(1557,'g',0,'2011-10-31'),(1555,'g',0,'2011-10-31'),(1591,'g',0,'2011-10-31'),(1638,'g',0,'2011-10-31'),(1645,'g',0,'2011-10-31'),(1648,'g',0,'2011-10-31'),(1556,'g',0,'2011-10-31'),(1562,'g',0,'2011-10-31'),(1650,'g',0,'2011-10-31'),(1652,'g',0,'2011-10-31'),(1834,'g',0,'2011-10-31'),(1795,'g',0,'2011-10-31'),(1787,'g',0,'2011-10-31'),(1733,'g',0,'2011-10-31'),(1687,'g',0,'2011-10-31'),(1700,'g',0,'2011-10-31'),(1653,'g',0,'2011-10-31'),(1786,'g',0,'2011-10-31'),(1753,'g',0,'2011-10-31'),(1760,'g',0,'2011-11-01'),(2243,'g',0,'2011-11-01'),(2552,'g',0,'2011-11-01'),(2244,'g',0,'2011-11-01'),(1758,'g',0,'2011-11-01'),(1659,'g',0,'2011-11-01'),(1661,'g',0,'2011-11-01'),(2615,'g',0,'2011-11-01'),(2409,'g',0,'2011-11-01'),(2590,'g',0,'2011-11-01'),(2619,'g',0,'2011-11-01'),(2306,'g',0,'2011-11-01'),(2482,'g',0,'2011-11-01'),(2310,'g',0,'2011-11-01'),(2522,'g',0,'2011-11-01'),(2549,'g',0,'2011-11-01'),(2566,'g',0,'2011-11-01'),(190,'g',0,'2011-11-01'),(164,'g',0,'2011-11-01'),(162,'g',0,'2011-11-01'),(161,'g',0,'2011-11-01'),(1879,'g',0,'2011-11-01'),(1895,'g',0,'2011-11-01'),(1877,'g',0,'2011-11-01'),(1604,'g',0,'2011-11-01'),(1861,'g',0,'2011-11-01'),(1608,'g',0,'2011-11-01'),(1606,'g',0,'2011-11-01'),(969,'g',0,'2011-11-01'),(785,'g',0,'2011-11-01'),(855,'g',0,'2011-11-01'),(796,'g',0,'2012-02-26'),(968,'g',0,'2011-11-01'),(893,'g',0,'2011-11-01'),(793,'g',0,'2011-11-01'),(1828,'g',0,'2011-11-01'),(1777,'g',0,'2011-11-01'),(1479,'g',0,'2011-11-01'),(1875,'g',0,'2011-11-01'),(1882,'g',0,'2011-11-01'),(1729,'g',0,'2011-11-01'),(1449,'g',0,'2011-11-01'),(1830,'g',0,'2011-11-01'),(1886,'g',0,'2011-11-01'),(3009,'g',0,'2011-11-02'),(2789,'g',0,'2011-11-02'),(1297,'g',0,'2011-11-02'),(2475,'g',0,'2012-03-02'),(1325,'g',0,'2011-11-02'),(2121,'g',0,'2012-02-10'),(2705,'g',0,'2011-11-02'),(2166,'g',0,'2011-11-02'),(2208,'g',0,'2011-11-02'),(2517,'g',0,'2011-11-02'),(1858,'g',0,'2011-12-02'),(1859,'g',0,'2011-12-02'),(1747,'g',0,'2011-11-02'),(1742,'g',0,'2011-11-02'),(1744,'g',0,'2011-11-02'),(1746,'g',0,'2011-11-02'),(1749,'g',0,'2011-11-02'),(1769,'g',0,'2011-11-02'),(1767,'g',0,'2011-11-02'),(1748,'g',0,'2011-11-02'),(1765,'g',0,'2011-11-02'),(1750,'g',0,'2011-11-02'),(1696,'g',0,'2011-11-03'),(1862,'g',0,'2011-11-03'),(838,'g',0,'2011-12-16'),(1003,'g',0,'2011-12-16'),(1812,'g',0,'2011-11-03'),(1762,'g',0,'2011-11-03'),(1663,'g',0,'2011-11-03'),(1308,'g',0,'2011-12-16'),(1636,'g',0,'2011-11-03'),(1000,'g',0,'2011-12-16'),(1876,'g',0,'2011-11-03'),(1001,'g',0,'2011-12-15'),(1341,'g',0,'2011-12-15'),(1874,'g',0,'2011-11-04'),(1327,'g',0,'2011-12-16'),(1857,'g',0,'2011-11-04'),(1542,'g',0,'2011-11-04'),(1472,'g',0,'2011-11-04'),(869,'g',0,'2011-11-04'),(890,'g',0,'2012-02-12'),(987,'g',0,'2012-02-12'),(862,'g',0,'2012-03-01'),(985,'g',0,'2012-02-12'),(1059,'g',0,'2012-02-13'),(1033,'g',0,'2011-11-04'),(1043,'g',0,'2012-02-12'),(1022,'g',0,'2011-11-04'),(1010,'g',0,'2011-11-04'),(1759,'g',0,'2011-11-04'),(1674,'g',0,'2011-11-04'),(984,'g',0,'2011-11-04'),(990,'g',0,'2011-12-17'),(1081,'g',0,'2011-12-17'),(1143,'g',0,'2011-11-04'),(1343,'g',0,'2011-11-04'),(1082,'g',0,'2011-11-04'),(1281,'g',0,'2011-11-04'),(1337,'g',0,'2011-11-04'),(1842,'g',0,'2011-11-07'),(730,'g',0,'2011-11-07'),(1454,'g',0,'2011-11-07'),(1499,'g',0,'2011-11-07'),(1501,'g',0,'2011-11-07'),(1492,'g',0,'2011-11-07'),(1482,'g',0,'2011-11-07'),(1491,'g',0,'2011-11-07'),(1464,'g',0,'2011-11-07'),(1486,'g',0,'2011-11-07'),(1456,'g',0,'2011-11-07'),(1820,'g',0,'2011-11-07'),(992,'g',0,'2011-11-07'),(1035,'g',0,'2011-11-07'),(1085,'g',0,'2011-11-07'),(1210,'g',0,'2011-11-07'),(1083,'g',0,'2011-11-07'),(1073,'g',0,'2011-11-07'),(1049,'g',0,'2011-11-07'),(1018,'g',0,'2011-11-07'),(1137,'g',0,'2011-11-07'),(1204,'g',0,'2011-11-07'),(755,'g',0,'2011-11-09'),(336,'g',0,'2011-11-09'),(757,'g',0,'2011-11-09'),(1605,'g',0,'2011-11-09'),(1510,'g',0,'2011-11-09'),(1590,'g',0,'2011-11-09'),(1496,'g',0,'2011-11-09'),(1457,'g',0,'2011-11-09'),(1690,'g',0,'2011-11-09'),(1511,'g',0,'2011-11-09'),(760,'g',0,'2011-11-09'),(976,'g',0,'2011-11-09'),(3342,'g',0,'2011-11-09'),(1264,'g',0,'2011-11-09'),(3857,'g',0,'2011-11-09'),(1006,'g',0,'2011-11-09'),(1007,'g',0,'2011-11-09'),(4056,'g',0,'2011-11-09'),(3651,'g',0,'2011-11-09'),(1270,'g',0,'2011-11-09'),(1261,'g',0,'2011-11-09'),(4162,'g',0,'2011-11-09'),(4210,'g',0,'2011-11-09'),(1265,'g',0,'2011-11-09'),(4062,'g',0,'2011-11-09'),(4232,'g',0,'2011-11-09'),(3096,'g',0,'2011-11-09'),(1260,'g',0,'2012-03-04'),(3255,'g',0,'2011-11-09'),(1450,'g',0,'2011-11-09'),(1568,'g',0,'2011-11-09'),(1668,'g',0,'2011-11-09'),(1664,'g',0,'2011-11-09'),(1810,'g',0,'2011-11-09'),(1709,'g',0,'2011-11-09'),(1808,'g',0,'2011-11-09'),(1719,'g',0,'2011-11-09'),(1707,'g',0,'2011-11-09'),(1915,'g',0,'2011-11-10'),(1911,'g',0,'2011-11-10'),(1987,'g',0,'2011-11-10'),(1980,'g',0,'2011-11-10'),(1967,'g',0,'2011-11-10'),(4273,'g',0,'2011-11-10'),(4202,'g',0,'2011-11-10'),(4108,'g',0,'2011-11-10'),(4238,'g',0,'2011-11-10'),(1891,'g',0,'2011-11-10'),(1986,'g',0,'2011-11-10'),(1996,'g',0,'2011-11-10'),(1392,'g',0,'2011-11-10'),(1982,'g',0,'2011-11-10'),(4311,'g',0,'2011-11-10'),(4313,'g',0,'2011-11-10'),(3952,'g',0,'2011-11-10'),(4097,'g',0,'2011-11-10'),(4103,'g',0,'2011-11-10'),(4256,'g',0,'2012-01-24'),(1174,'g',0,'2011-12-25'),(1177,'g',0,'2011-12-25'),(1108,'g',0,'2011-12-25'),(1181,'g',0,'2011-12-25'),(1133,'g',0,'2011-12-25'),(2140,'g',0,'2011-11-12'),(3151,'g',0,'2011-11-12'),(2448,'g',0,'2011-11-12'),(6254,'g',0,'2011-11-12'),(1359,'g',0,'2011-11-12'),(2248,'g',0,'2011-11-12'),(2449,'g',0,'2011-11-12'),(2858,'g',0,'2011-11-12'),(2139,'g',0,'2011-11-12'),(6238,'g',0,'2011-11-12'),(1409,'g',0,'2011-12-16'),(2557,'g',0,'2011-11-12'),(1109,'g',0,'2011-11-12'),(1026,'g',0,'2011-11-12'),(1041,'g',0,'2011-11-12'),(1019,'g',0,'2011-11-12'),(1044,'g',0,'2011-12-17'),(979,'g',0,'2011-11-12'),(1220,'g',0,'2011-11-12'),(1215,'g',0,'2011-11-12'),(1284,'g',0,'2011-11-12'),(1227,'g',0,'2011-11-12'),(1296,'g',0,'2012-03-04'),(1470,'g',0,'2011-11-12'),(1481,'g',0,'2011-11-12'),(1280,'g',0,'2011-11-12'),(1538,'g',0,'2011-11-12'),(1531,'g',0,'2011-11-12'),(1242,'g',0,'2012-02-26'),(1825,'g',0,'2011-11-12'),(1301,'g',0,'2011-11-12'),(1212,'g',0,'2011-11-12'),(1294,'g',0,'2011-11-12'),(1439,'g',0,'2011-11-13'),(1369,'g',0,'2011-11-13'),(1432,'g',0,'2011-11-13'),(1315,'g',0,'2011-11-13'),(1419,'g',0,'2011-12-16'),(1382,'g',0,'2011-12-16'),(1390,'g',0,'2011-11-15'),(1263,'g',0,'2011-11-15'),(1254,'g',0,'2011-11-15'),(1389,'g',0,'2012-03-07'),(1238,'g',0,'2011-11-15'),(1339,'g',0,'2011-12-17'),(1440,'g',0,'2011-12-16'),(1386,'g',0,'2011-12-15'),(1223,'g',0,'2011-12-16'),(1253,'g',0,'2011-11-15'),(1374,'g',0,'2011-12-15'),(1430,'g',0,'2011-11-15'),(1255,'g',0,'2011-11-15'),(1575,'g',0,'2011-11-16'),(1558,'g',0,'2011-11-16'),(1560,'g',0,'2011-11-16'),(1572,'g',0,'2011-11-16'),(1535,'g',0,'2011-11-16'),(1581,'g',0,'2011-11-16'),(1579,'g',0,'2011-11-16'),(1513,'g',0,'2011-11-16'),(1547,'g',0,'2011-11-16'),(1570,'g',0,'2011-11-16'),(1532,'g',0,'2011-11-16'),(1467,'g',0,'2011-11-16'),(1727,'g',0,'2011-11-16'),(1615,'g',0,'2011-11-16'),(1626,'g',0,'2011-11-16'),(1622,'g',0,'2011-11-16'),(1559,'g',0,'2011-11-16'),(1620,'g',0,'2011-11-16'),(1494,'g',0,'2011-12-22'),(1480,'g',0,'2011-11-16'),(1521,'g',0,'2011-11-16'),(1561,'g',0,'2011-11-16'),(1624,'g',0,'2011-11-16'),(1303,'g',0,'2012-02-28'),(2142,'g',0,'2011-11-16'),(1305,'g',0,'2011-11-16'),(1312,'g',0,'2011-11-16'),(1977,'g',0,'2011-11-16'),(2074,'g',0,'2011-11-16'),(2403,'g',0,'2011-11-16'),(2212,'g',0,'2011-11-16'),(1395,'g',0,'2011-11-16'),(1304,'g',0,'2011-11-16'),(340,'g',0,'2011-11-17'),(1219,'g',0,'2011-11-17'),(1300,'g',0,'2011-11-17'),(1290,'g',0,'2011-11-17'),(1172,'g',0,'2011-11-17'),(1698,'g',0,'2011-11-17'),(1598,'g',0,'2011-11-17'),(1302,'g',0,'2011-11-17'),(1554,'g',0,'2011-11-17'),(1478,'g',0,'2011-11-17'),(1165,'g',0,'2011-11-17'),(1140,'g',0,'2011-11-17'),(1150,'g',0,'2011-11-17'),(1175,'g',0,'2011-11-17'),(1515,'g',0,'2011-11-17'),(1530,'g',0,'2011-11-17'),(1546,'g',0,'2011-11-17'),(1545,'g',0,'2011-11-17'),(1522,'g',0,'2011-11-17'),(1514,'g',0,'2011-11-17'),(1527,'g',0,'2011-11-17'),(1526,'g',0,'2011-11-17'),(1544,'g',0,'2011-11-17'),(1519,'g',0,'2011-11-17'),(764,'g',0,'2012-03-04'),(981,'g',0,'2011-11-17'),(763,'g',0,'2011-11-17'),(982,'g',0,'2011-11-17'),(824,'g',0,'2012-03-04'),(1151,'g',0,'2011-11-17'),(996,'g',0,'2011-11-17'),(971,'g',0,'2011-11-17'),(972,'g',0,'2011-11-17'),(991,'g',0,'2011-11-17'),(767,'g',0,'2012-03-04'),(1738,'g',0,'2011-11-17'),(1685,'g',0,'2011-11-17'),(1764,'g',0,'2011-11-17'),(1766,'g',0,'2011-11-17'),(1770,'g',0,'2011-11-17'),(1757,'g',0,'2011-11-17'),(1682,'g',0,'2011-11-17'),(1761,'g',0,'2011-11-17'),(1725,'g',0,'2011-11-17'),(1673,'g',0,'2011-11-17'),(1408,'g',0,'2011-11-17'),(1394,'g',0,'2012-02-26'),(1323,'g',0,'2012-03-05'),(1433,'g',0,'2011-11-17'),(1319,'g',0,'2011-11-17'),(1326,'g',0,'2011-11-17'),(1309,'g',0,'2011-11-17'),(1310,'g',0,'2011-11-17'),(1926,'g',0,'2011-11-17'),(1396,'g',0,'2011-11-17'),(1157,'g',0,'2011-11-17'),(1655,'g',0,'2011-11-17'),(1110,'g',0,'2011-11-17'),(1218,'g',0,'2011-11-17'),(1112,'g',0,'2011-11-18'),(1193,'g',0,'2011-11-18'),(3104,'g',0,'2011-11-18'),(2521,'g',0,'2011-11-18'),(2758,'g',0,'2011-11-18'),(3350,'g',0,'2011-11-18'),(3364,'g',0,'2011-11-18'),(3659,'g',0,'2011-11-18'),(2451,'g',0,'2011-11-18'),(3616,'g',0,'2011-11-18'),(3040,'g',0,'2011-11-18'),(2796,'g',0,'2011-11-18'),(6293,'g',0,'2011-11-18'),(6296,'g',0,'2011-11-18'),(6299,'g',0,'2011-11-18'),(6361,'g',0,'2011-11-18'),(6300,'g',0,'2011-11-18'),(6303,'g',0,'2011-11-18'),(6310,'g',0,'2011-11-18'),(6403,'g',0,'2011-11-18'),(1017,'g',0,'2011-11-18'),(1201,'g',0,'2011-11-18'),(1047,'g',0,'2012-03-07'),(1075,'g',0,'2011-11-18'),(1016,'g',0,'2012-03-07'),(1182,'g',0,'2011-11-18'),(1207,'g',0,'2011-11-18'),(1097,'g',0,'2011-11-18'),(1088,'g',0,'2012-03-06'),(1213,'g',0,'2011-11-18'),(1099,'g',0,'2011-11-18'),(1169,'g',0,'2011-11-18'),(1129,'g',0,'2012-02-28'),(1153,'g',0,'2011-11-18'),(1154,'g',0,'2011-11-18'),(1091,'g',0,'2011-11-18'),(1121,'g',0,'2011-11-18'),(1063,'g',0,'2011-11-18'),(1164,'g',0,'2011-11-18'),(1106,'g',0,'2011-11-18'),(1970,'g',0,'2011-11-18'),(2957,'g',0,'2011-11-18'),(2347,'g',0,'2011-11-18'),(2656,'g',0,'2011-11-18'),(3977,'g',0,'2011-11-18'),(3536,'g',0,'2011-11-18'),(5257,'g',0,'2011-11-18'),(4213,'g',0,'2011-11-18'),(4219,'g',0,'2011-11-18'),(2172,'g',0,'2011-11-18'),(1523,'g',0,'2011-11-18'),(3021,'g',0,'2011-11-18'),(2717,'g',0,'2011-11-18'),(3270,'g',0,'2011-11-18'),(3577,'g',0,'2011-11-18'),(1583,'g',0,'2011-11-18'),(2988,'g',0,'2011-11-18'),(2684,'g',0,'2011-11-18'),(6252,'g',0,'2011-11-18'),(2160,'g',0,'2011-11-18'),(2694,'g',0,'2011-11-18'),(2469,'g',0,'2012-01-13'),(1379,'g',0,'2011-11-18'),(1380,'g',0,'2011-11-18'),(2998,'g',0,'2011-11-18'),(3254,'g',0,'2011-11-18'),(5038,'g',0,'2011-11-18'),(2030,'g',0,'2011-11-18'),(2706,'g',0,'2011-11-18'),(3311,'g',0,'2011-11-18'),(2987,'g',0,'2011-11-18'),(2377,'g',0,'2011-11-18'),(5503,'g',0,'2011-11-18'),(1617,'g',0,'2011-11-18'),(4170,'g',0,'2011-11-18'),(2481,'g',0,'2011-11-18'),(4222,'g',0,'2011-11-18'),(4271,'g',0,'2011-11-18'),(4278,'g',0,'2011-11-18'),(6332,'g',0,'2011-11-18'),(270,'g',0,'2011-11-18'),(1171,'g',0,'2011-11-18'),(1585,'g',0,'2011-11-18'),(2156,'g',0,'2011-11-18'),(2465,'g',0,'2012-01-13'),(2990,'g',0,'2011-11-18'),(2464,'g',0,'2012-01-13'),(2155,'g',0,'2011-11-18'),(6397,'g',0,'2011-11-18'),(832,'g',0,'2011-11-18'),(1336,'g',0,'2011-11-18'),(326,'g',0,'2011-11-18'),(1925,'g',0,'2011-11-18'),(4251,'g',0,'2011-11-18'),(3566,'g',0,'2011-11-18'),(5284,'g',0,'2011-11-18'),(4237,'g',0,'2011-11-18'),(1340,'g',0,'2011-11-18'),(2686,'g',0,'2011-11-18'),(1817,'g',0,'2011-11-18'),(1607,'g',0,'2011-11-18'),(1660,'g',0,'2011-11-18'),(1599,'g',0,'2011-11-18'),(1672,'g',0,'2011-11-18'),(1643,'g',0,'2011-11-18'),(1670,'g',0,'2011-11-18'),(1597,'g',0,'2011-11-18'),(1631,'g',0,'2011-11-18'),(1658,'g',0,'2011-11-18'),(6380,'g',0,'2011-11-19'),(6298,'g',0,'2011-11-19'),(6379,'g',0,'2011-11-19'),(6381,'g',0,'2011-11-19'),(6297,'g',0,'2011-11-19'),(6365,'g',0,'2011-11-19'),(3034,'g',0,'2011-11-24'),(3611,'g',0,'2011-11-24'),(3358,'g',0,'2011-11-24'),(2902,'g',0,'2011-11-24'),(3481,'g',0,'2011-11-24'),(3078,'g',0,'2011-11-24'),(3195,'g',0,'2011-11-24'),(3412,'g',0,'2011-11-24'),(2807,'g',0,'2011-11-24'),(2751,'g',0,'2011-11-24'),(4521,'g',0,'2011-11-24'),(4687,'g',0,'2011-11-24'),(4667,'g',0,'2011-11-24'),(4511,'g',0,'2011-11-24'),(4585,'g',0,'2011-11-24'),(4633,'g',0,'2011-11-24'),(4709,'g',0,'2011-11-24'),(4679,'g',0,'2011-11-24'),(4620,'g',0,'2011-11-24'),(4350,'g',0,'2011-11-24'),(2021,'g',0,'2011-11-24'),(2177,'g',0,'2011-11-24'),(2073,'g',0,'2011-11-24'),(2202,'g',0,'2011-11-24'),(2242,'g',0,'2011-11-24'),(2145,'g',0,'2011-11-24'),(2134,'g',0,'2011-11-24'),(1975,'g',0,'2011-11-24'),(2096,'g',0,'2011-11-24'),(2294,'g',0,'2011-11-24'),(3743,'g',0,'2011-11-25'),(3435,'g',0,'2011-11-25'),(4214,'g',0,'2011-11-25'),(3725,'g',0,'2011-11-25'),(3176,'g',0,'2011-11-25'),(3158,'g',0,'2011-11-25'),(3462,'g',0,'2011-11-25'),(3253,'g',0,'2011-11-25'),(3433,'g',0,'2011-11-25'),(3724,'g',0,'2011-11-25'),(1497,'g',0,'2011-11-25'),(1553,'g',0,'2011-11-25'),(1551,'g',0,'2011-11-25'),(1528,'g',0,'2011-11-25'),(1516,'g',0,'2011-11-25'),(1465,'g',0,'2011-11-25'),(1541,'g',0,'2011-11-25'),(1549,'g',0,'2011-11-25'),(1460,'g',0,'2011-11-25'),(1498,'g',0,'2011-11-25'),(3046,'g',0,'2011-11-26'),(2885,'g',0,'2011-11-26'),(2702,'g',0,'2011-11-26'),(2994,'g',0,'2011-11-26'),(2690,'g',0,'2011-11-26'),(2991,'g',0,'2011-11-26'),(3178,'g',0,'2011-11-26'),(2915,'g',0,'2011-11-26'),(2763,'g',0,'2011-11-26'),(3005,'g',0,'2011-11-26'),(2614,'g',0,'2011-11-26'),(2467,'g',0,'2011-11-26'),(2305,'g',0,'2011-11-26'),(2688,'g',0,'2011-11-26'),(2466,'g',0,'2011-11-26'),(1983,'g',0,'2011-11-26'),(2164,'g',0,'2011-11-26'),(2077,'g',0,'2011-11-26'),(2158,'g',0,'2011-11-26'),(2406,'g',0,'2011-11-26'),(2157,'g',0,'2011-11-26'),(2473,'g',0,'2011-11-26'),(2275,'g',0,'2011-11-26'),(2584,'g',0,'2011-11-26'),(1888,'g',0,'2011-11-26'),(2240,'g',0,'2011-11-26'),(2080,'g',0,'2011-11-26'),(2173,'g',0,'2011-11-26'),(2213,'g',0,'2011-11-26'),(2281,'g',0,'2011-11-26'),(1896,'g',0,'2011-11-26'),(2257,'g',0,'2011-11-26'),(1989,'g',0,'2011-11-26'),(1799,'g',0,'2011-11-26'),(322,'g',0,'2011-11-26'),(328,'g',0,'2011-11-26'),(1784,'g',0,'2011-11-26'),(1772,'g',0,'2011-11-26'),(215,'g',0,'2011-11-26'),(203,'g',0,'2011-11-26'),(214,'g',0,'2011-11-26'),(154,'g',0,'2011-11-26'),(224,'g',0,'2011-11-26'),(150,'g',0,'2011-11-26'),(196,'g',0,'2011-11-26'),(204,'g',0,'2011-11-26'),(186,'g',0,'2011-11-26'),(1853,'g',0,'2011-11-26'),(2215,'g',0,'2011-11-27'),(2217,'g',0,'2011-11-27'),(2090,'g',0,'2011-11-27'),(2216,'g',0,'2011-11-27'),(2362,'g',0,'2011-11-27'),(2419,'g',0,'2011-11-27'),(2000,'g',0,'2011-11-27'),(2218,'g',0,'2011-11-27'),(2219,'g',0,'2011-11-27'),(2009,'g',0,'2011-11-27'),(6369,'g',0,'2011-11-27'),(5346,'g',0,'2011-11-27'),(5126,'g',0,'2011-11-27'),(5493,'g',0,'2011-11-27'),(5556,'g',0,'2011-11-27'),(5396,'g',0,'2011-11-27'),(5505,'g',0,'2011-11-27'),(5359,'g',0,'2011-11-27'),(5532,'g',0,'2011-11-27'),(6132,'g',0,'2011-11-27'),(2711,'g',0,'2011-11-27'),(3547,'g',0,'2011-11-27'),(2765,'g',0,'2011-11-27'),(3264,'g',0,'2011-11-27'),(3079,'g',0,'2011-11-27'),(3015,'g',0,'2011-11-27'),(3571,'g',0,'2011-11-27'),(3318,'g',0,'2011-11-27'),(3273,'g',0,'2011-11-27'),(2968,'g',0,'2011-11-27'),(3822,'g',0,'2011-11-27'),(3935,'g',0,'2011-11-27'),(4128,'g',0,'2011-11-27'),(4064,'g',0,'2011-11-27'),(4160,'g',0,'2011-11-27'),(4075,'g',0,'2011-11-27'),(4149,'g',0,'2011-11-27'),(3627,'g',0,'2011-11-27'),(3957,'g',0,'2011-11-27'),(4099,'g',0,'2011-11-27'),(4332,'g',0,'2011-11-27'),(4318,'g',0,'2011-11-27'),(4308,'g',0,'2011-11-27'),(4327,'g',0,'2011-11-27'),(4343,'g',0,'2011-11-27'),(4307,'g',0,'2011-11-27'),(4351,'g',0,'2011-11-27'),(4325,'g',0,'2011-11-27'),(4334,'g',0,'2011-11-27'),(4348,'g',0,'2011-11-27'),(2972,'g',0,'2011-11-27'),(3281,'g',0,'2011-11-27'),(2525,'g',0,'2011-11-27'),(2804,'g',0,'2011-11-27'),(2806,'g',0,'2011-11-27'),(2808,'g',0,'2011-11-27'),(2169,'g',0,'2011-11-27'),(2524,'g',0,'2011-11-27'),(2810,'g',0,'2011-11-27'),(2358,'g',0,'2011-11-27'),(2505,'g',0,'2011-11-27'),(3114,'g',0,'2011-11-27'),(2478,'g',0,'2011-11-27'),(2133,'g',0,'2011-11-27'),(2667,'g',0,'2011-11-27'),(1887,'g',0,'2011-11-27'),(2196,'g',0,'2011-11-27'),(1992,'g',0,'2011-11-27'),(2526,'g',0,'2011-11-27'),(2790,'g',0,'2011-11-27'),(2675,'g',0,'2011-11-27'),(2802,'g',0,'2011-11-27'),(2528,'g',0,'2011-11-27'),(3112,'g',0,'2011-11-27'),(2527,'g',0,'2011-11-27'),(3110,'g',0,'2011-11-27'),(3116,'g',0,'2011-11-27'),(3066,'g',0,'2011-11-27'),(3118,'g',0,'2011-11-27'),(1997,'g',0,'2011-11-29'),(1953,'g',0,'2011-11-29'),(1905,'g',0,'2011-11-29'),(1899,'g',0,'2011-11-29'),(1984,'g',0,'2011-11-29'),(1995,'g',0,'2011-11-29'),(1901,'g',0,'2011-11-29'),(1990,'g',0,'2011-11-29'),(2086,'g',0,'2011-11-29'),(2084,'g',0,'2011-11-29'),(2085,'g',0,'2011-11-29'),(2088,'g',0,'2011-11-29'),(3059,'g',0,'2011-11-29'),(2974,'g',0,'2011-11-29'),(2131,'g',0,'2011-11-29'),(2889,'g',0,'2011-11-29'),(2301,'g',0,'2011-11-29'),(2967,'g',0,'2011-11-29'),(3058,'g',0,'2011-11-29'),(3016,'g',0,'2011-11-29'),(2977,'g',0,'2011-11-29'),(2279,'g',0,'2011-11-29'),(2964,'g',0,'2011-11-29'),(2975,'g',0,'2011-11-29'),(2278,'g',0,'2011-11-29'),(2911,'g',0,'2011-11-29'),(2089,'g',0,'2011-11-29'),(2087,'g',0,'2011-11-29'),(4423,'g',0,'2011-11-29'),(4166,'g',0,'2011-11-29'),(4575,'g',0,'2011-11-29'),(3718,'g',0,'2011-11-29'),(4497,'g',0,'2011-11-29'),(4605,'g',0,'2011-11-29'),(4437,'g',0,'2011-11-29'),(3421,'g',0,'2011-11-29'),(4619,'g',0,'2011-11-29'),(4641,'g',0,'2011-11-29'),(2780,'g',0,'2011-11-29'),(2788,'g',0,'2011-11-29'),(2784,'g',0,'2011-11-29'),(2786,'g',0,'2011-11-29'),(2782,'g',0,'2011-11-29'),(2776,'g',0,'2011-11-29'),(2734,'g',0,'2011-11-29'),(2685,'g',0,'2011-11-29'),(2778,'g',0,'2011-11-29'),(2888,'g',0,'2011-11-29'),(5564,'g',0,'2011-11-29'),(5424,'g',0,'2011-11-29'),(5462,'g',0,'2011-11-29'),(2008,'g',0,'2011-11-29'),(1903,'g',0,'2011-11-29'),(5418,'g',0,'2011-11-29'),(4151,'g',0,'2011-11-29'),(2976,'g',0,'2011-11-29'),(5641,'g',0,'2011-11-29'),(2683,'g',0,'2011-11-29'),(1385,'g',0,'2011-11-29'),(5568,'g',0,'2011-11-29'),(5188,'g',0,'2011-11-29'),(5597,'g',0,'2011-11-29'),(2366,'g',0,'2011-11-29'),(3555,'g',0,'2011-11-29'),(1233,'g',0,'2011-11-29'),(6261,'g',0,'2011-11-29'),(1366,'g',0,'2011-11-29'),(3289,'g',0,'2011-11-29'),(6140,'g',0,'2011-11-29'),(6669,'g',0,'2011-11-29'),(2679,'g',0,'2011-11-29'),(2681,'g',0,'2011-11-29'),(2416,'g',0,'2011-11-29'),(2364,'g',0,'2011-11-29'),(2418,'g',0,'2011-11-29'),(2587,'g',0,'2011-11-29'),(3060,'g',0,'2011-11-29'),(2588,'g',0,'2011-11-29'),(3265,'g',0,'2011-11-29'),(3271,'g',0,'2011-11-29'),(3063,'g',0,'2011-11-29'),(3181,'g',0,'2011-11-29'),(3065,'g',0,'2011-11-29'),(3204,'g',0,'2011-11-29'),(2365,'g',0,'2011-11-29'),(3182,'g',0,'2011-11-29'),(3064,'g',0,'2011-11-29'),(2415,'g',0,'2011-11-29'),(3061,'g',0,'2011-11-29'),(2412,'g',0,'2011-11-29'),(2391,'g',0,'2011-11-29'),(2414,'g',0,'2011-11-29'),(2354,'g',0,'2011-11-29'),(2413,'g',0,'2011-11-29'),(2367,'g',0,'2011-11-29'),(2357,'g',0,'2011-11-29'),(2610,'g',0,'2011-11-29'),(2666,'g',0,'2011-11-29'),(2663,'g',0,'2011-11-29'),(2417,'g',0,'2011-11-29'),(2010,'g',0,'2011-11-29'),(2003,'g',0,'2011-11-29'),(2006,'g',0,'2011-11-29'),(2057,'g',0,'2011-11-29'),(2007,'g',0,'2011-11-29'),(1999,'g',0,'2011-11-29'),(2083,'g',0,'2011-11-29'),(2004,'g',0,'2011-11-29'),(2005,'g',0,'2011-11-29'),(2001,'g',0,'2011-11-29'),(5221,'g',0,'2011-11-30'),(6774,'g',0,'2011-11-30'),(5204,'g',0,'2011-11-30'),(5244,'g',0,'2011-11-30'),(1489,'g',0,'2011-11-30'),(2118,'g',0,'2011-11-30'),(1505,'g',0,'2011-11-30'),(2066,'g',0,'2011-11-30'),(1490,'g',0,'2011-11-30'),(1503,'g',0,'2011-11-30'),(1487,'g',0,'2011-11-30'),(2051,'g',0,'2011-11-30'),(2151,'g',0,'2011-11-30'),(2109,'g',0,'2011-11-30'),(2059,'g',0,'2011-11-30'),(2055,'g',0,'2011-11-30'),(2053,'g',0,'2011-11-30'),(2054,'g',0,'2011-11-30'),(1387,'g',0,'2011-11-30'),(1425,'g',0,'2011-11-30'),(1916,'g',0,'2011-11-30'),(1435,'g',0,'2011-11-30'),(1161,'g',0,'2011-11-30'),(1918,'g',0,'2011-11-30'),(2141,'g',0,'2011-11-30'),(1930,'g',0,'2011-11-30'),(2135,'g',0,'2011-11-30'),(1931,'g',0,'2011-11-30'),(2125,'g',0,'2011-11-30'),(2320,'g',0,'2011-11-30'),(1922,'g',0,'2011-11-30'),(1441,'g',0,'2011-11-30'),(2450,'g',0,'2011-11-30'),(1933,'g',0,'2011-11-30'),(1924,'g',0,'2011-11-30'),(1929,'g',0,'2011-11-30'),(1928,'g',0,'2011-11-30'),(1243,'g',0,'2011-11-30'),(1932,'g',0,'2011-11-30'),(1927,'g',0,'2011-11-30'),(1920,'g',0,'2011-11-30'),(4828,'g',0,'2011-11-30'),(5069,'g',0,'2011-11-30'),(2629,'g',0,'2011-11-30'),(3223,'g',0,'2011-11-30'),(3509,'g',0,'2011-11-30'),(5088,'g',0,'2011-11-30'),(3809,'g',0,'2011-11-30'),(2930,'g',0,'2011-11-30'),(5200,'g',0,'2011-11-30'),(5037,'g',0,'2011-11-30'),(2112,'g',0,'2011-11-30'),(1138,'g',0,'2011-12-01'),(1124,'g',0,'2011-12-01'),(1145,'g',0,'2011-12-01'),(1119,'g',0,'2011-12-01'),(1148,'g',0,'2011-12-01'),(1158,'g',0,'2011-12-01'),(1160,'g',0,'2011-12-01'),(1128,'g',0,'2011-12-01'),(4785,'g',0,'2011-12-01'),(6007,'g',0,'2011-12-01'),(4741,'g',0,'2011-12-01'),(4842,'g',0,'2011-12-01'),(4773,'g',0,'2011-12-01'),(2402,'g',0,'2011-12-01'),(2486,'g',0,'2011-12-01'),(2454,'g',0,'2011-12-01'),(2425,'g',0,'2011-12-01'),(2551,'g',0,'2011-12-01'),(2303,'g',0,'2011-12-01'),(2603,'g',0,'2011-12-01'),(2325,'g',0,'2011-12-01'),(2511,'g',0,'2011-12-01'),(2302,'g',0,'2011-12-01'),(6771,'g',0,'2011-12-01'),(5959,'g',0,'2011-12-04'),(4734,'g',0,'2011-12-04'),(4678,'g',0,'2011-12-04'),(5125,'g',0,'2011-12-04'),(5017,'g',0,'2011-12-04'),(4571,'g',0,'2011-12-04'),(5148,'g',0,'2011-12-04'),(4992,'g',0,'2011-12-04'),(5753,'g',0,'2011-12-04'),(5168,'g',0,'2011-12-04'),(5082,'g',0,'2011-12-04'),(5937,'g',0,'2011-12-04'),(4716,'g',0,'2011-12-04'),(4963,'g',0,'2011-12-04'),(5116,'g',0,'2011-12-04'),(6183,'g',0,'2011-12-04'),(5137,'g',0,'2011-12-04'),(4916,'g',0,'2011-12-04'),(5531,'g',0,'2011-12-04'),(5812,'g',0,'2011-12-04'),(4781,'g',0,'2011-12-04'),(4660,'g',0,'2011-12-04'),(4951,'g',0,'2011-12-04'),(6240,'g',0,'2011-12-04'),(5090,'g',0,'2011-12-04'),(5913,'g',0,'2011-12-04'),(4747,'g',0,'2011-12-04'),(5763,'g',0,'2011-12-04'),(4578,'g',0,'2011-12-04'),(4933,'g',0,'2011-12-04'),(4912,'g',0,'2011-12-04'),(3056,'g',0,'2011-12-04'),(3163,'g',0,'2011-12-04'),(3166,'g',0,'2011-12-04'),(2923,'g',0,'2011-12-04'),(3033,'g',0,'2011-12-04'),(2795,'g',0,'2011-12-04'),(2870,'g',0,'2011-12-04'),(2872,'g',0,'2011-12-04'),(2875,'g',0,'2011-12-04'),(2876,'g',0,'2011-12-04'),(3029,'g',0,'2011-12-04'),(2874,'g',0,'2011-12-04'),(3068,'g',0,'2011-12-04'),(2873,'g',0,'2011-12-04'),(3006,'g',0,'2011-12-04'),(2877,'g',0,'2011-12-04'),(4599,'g',0,'2011-12-04'),(4612,'g',0,'2011-12-04'),(4613,'g',0,'2011-12-04'),(4713,'g',0,'2011-12-04'),(4987,'g',0,'2011-12-04'),(5872,'g',0,'2011-12-04'),(4455,'g',0,'2011-12-04'),(4421,'g',0,'2011-12-04'),(4380,'g',0,'2011-12-04'),(4824,'g',0,'2011-12-04'),(4876,'g',0,'2011-12-04'),(4834,'g',0,'2011-12-04'),(4794,'g',0,'2011-12-04'),(5146,'g',0,'2011-12-04'),(4342,'g',0,'2011-12-04'),(4812,'g',0,'2011-12-04'),(4857,'g',0,'2011-12-04'),(4157,'g',0,'2011-12-04'),(4169,'g',0,'2011-12-04'),(4937,'g',0,'2011-12-04'),(4802,'g',0,'2011-12-04'),(4816,'g',0,'2011-12-05'),(4337,'g',0,'2011-12-05'),(3944,'g',0,'2011-12-05'),(4868,'g',0,'2011-12-05'),(4666,'g',0,'2011-12-05'),(4688,'g',0,'2011-12-05'),(4879,'g',0,'2011-12-05'),(4701,'g',0,'2011-12-05'),(6239,'g',0,'2011-12-05'),(2774,'g',0,'2011-12-05'),(4655,'g',0,'2011-12-05'),(4624,'g',0,'2011-12-05'),(4671,'g',0,'2011-12-05'),(2954,'g',0,'2011-12-05'),(3042,'g',0,'2011-12-05'),(3165,'g',0,'2011-12-05'),(5110,'g',0,'2011-12-05'),(4072,'g',0,'2011-12-06'),(4055,'g',0,'2011-12-06'),(4136,'g',0,'2011-12-06'),(4107,'g',0,'2011-12-06'),(4766,'g',0,'2011-12-06'),(4091,'g',0,'2011-12-06'),(4150,'g',0,'2011-12-06'),(4672,'g',0,'2011-12-06'),(3964,'g',0,'2011-12-06'),(4762,'g',0,'2011-12-06'),(4771,'g',0,'2011-12-06'),(4776,'g',0,'2011-12-06'),(4712,'g',0,'2011-12-06'),(4116,'g',0,'2011-12-06'),(4142,'g',0,'2011-12-06'),(3388,'g',0,'2011-12-06'),(3455,'g',0,'2011-12-06'),(3556,'g',0,'2011-12-06'),(3748,'g',0,'2011-12-06'),(3454,'g',0,'2011-12-06'),(4139,'g',0,'2011-12-06'),(3339,'g',0,'2011-12-06'),(3543,'g',0,'2011-12-06'),(4557,'g',0,'2011-12-06'),(4566,'g',0,'2011-12-06'),(3553,'g',0,'2011-12-06'),(3282,'g',0,'2011-12-06'),(3277,'g',0,'2011-12-06'),(3384,'g',0,'2011-12-06'),(3380,'g',0,'2011-12-06'),(3456,'g',0,'2011-12-06'),(4375,'g',0,'2011-12-06'),(3490,'g',0,'2011-12-06'),(3644,'g',0,'2011-12-06'),(3329,'g',0,'2011-12-06'),(3772,'g',0,'2011-12-06'),(3502,'g',0,'2011-12-06'),(3467,'g',0,'2011-12-06'),(3749,'g',0,'2011-12-06'),(3453,'g',0,'2011-12-06'),(4425,'g',0,'2011-12-06'),(3386,'g',0,'2011-12-06'),(3390,'g',0,'2011-12-06'),(3400,'g',0,'2011-12-06'),(3636,'g',0,'2011-12-06'),(4045,'g',0,'2011-12-06'),(3287,'g',0,'2011-12-06'),(3167,'g',0,'2011-12-06'),(3642,'g',0,'2011-12-06'),(3248,'g',0,'2011-12-06'),(3169,'g',0,'2011-12-06'),(4416,'g',0,'2011-12-06'),(3449,'g',0,'2011-12-06'),(3382,'g',0,'2011-12-06'),(3451,'g',0,'2011-12-06'),(3291,'g',0,'2011-12-06'),(3468,'g',0,'2011-12-06'),(3366,'g',0,'2011-12-06'),(3646,'g',0,'2011-12-06'),(3394,'g',0,'2011-12-06'),(3170,'g',0,'2011-12-06'),(3634,'g',0,'2011-12-06'),(3546,'g',0,'2011-12-06'),(3216,'g',0,'2011-12-06'),(3638,'g',0,'2011-12-06'),(3168,'g',0,'2011-12-06'),(4066,'g',0,'2011-12-06'),(4159,'g',0,'2011-12-06'),(3445,'g',0,'2011-12-06'),(3286,'g',0,'2011-12-06'),(3594,'g',0,'2011-12-06'),(4131,'g',0,'2011-12-06'),(3640,'g',0,'2011-12-06'),(3554,'g',0,'2011-12-06'),(3392,'g',0,'2011-12-06'),(766,'g',0,'2011-12-06'),(784,'g',0,'2011-12-06'),(772,'g',0,'2011-12-06'),(776,'g',0,'2011-12-06'),(814,'g',0,'2011-12-06'),(787,'g',0,'2011-12-06'),(812,'g',0,'2011-12-06'),(797,'g',0,'2011-12-06'),(800,'g',0,'2011-12-06'),(804,'g',0,'2011-12-06'),(809,'g',0,'2011-12-06'),(789,'g',0,'2011-12-06'),(791,'g',0,'2011-12-06'),(844,'g',0,'2011-12-06'),(811,'g',0,'2011-12-06'),(759,'g',0,'2011-12-06'),(781,'g',0,'2011-12-06'),(790,'g',0,'2011-12-06'),(807,'g',0,'2011-12-06'),(795,'g',0,'2011-12-06'),(765,'g',0,'2011-12-06'),(818,'g',0,'2011-12-06'),(794,'g',0,'2011-12-06'),(777,'g',0,'2011-12-06'),(788,'g',0,'2011-12-06'),(820,'g',0,'2011-12-06'),(823,'g',0,'2011-12-06'),(805,'g',0,'2011-12-06'),(761,'g',0,'2011-12-06'),(846,'g',0,'2011-12-06'),(842,'g',0,'2011-12-06'),(816,'g',0,'2011-12-06'),(779,'g',0,'2011-12-06'),(836,'g',0,'2011-12-06'),(831,'g',0,'2011-12-06'),(827,'g',0,'2011-12-06'),(817,'g',0,'2011-12-06'),(801,'g',0,'2011-12-06'),(770,'g',0,'2011-12-06'),(2432,'g',0,'2011-12-07'),(2341,'g',0,'2011-12-07'),(2340,'g',0,'2011-12-07'),(2333,'g',0,'2011-12-07'),(2337,'g',0,'2011-12-07'),(2543,'g',0,'2011-12-07'),(2314,'g',0,'2011-12-07'),(2332,'g',0,'2011-12-07'),(2309,'g',0,'2011-12-07'),(2462,'g',0,'2011-12-07'),(2392,'g',0,'2011-12-07'),(2471,'g',0,'2011-12-07'),(2441,'g',0,'2011-12-07'),(1259,'g',0,'2011-12-07'),(1136,'g',0,'2011-12-07'),(2604,'g',0,'2011-12-07'),(2544,'g',0,'2011-12-07'),(2548,'g',0,'2011-12-07'),(2596,'g',0,'2011-12-07'),(2547,'g',0,'2011-12-07'),(2580,'g',0,'2011-12-07'),(2546,'g',0,'2011-12-07'),(2581,'g',0,'2011-12-07'),(2545,'g',0,'2011-12-07'),(2595,'g',0,'2011-12-07'),(1149,'g',0,'2011-12-07'),(1162,'g',0,'2011-12-07'),(1152,'g',0,'2011-12-07'),(1146,'g',0,'2011-12-07'),(6037,'g',0,'2011-12-07'),(6193,'g',0,'2011-12-07'),(6136,'g',0,'2011-12-07'),(4363,'g',0,'2011-12-07'),(5429,'g',0,'2011-12-07'),(5526,'g',0,'2011-12-07'),(4617,'g',0,'2011-12-07'),(4359,'g',0,'2011-12-07'),(5384,'g',0,'2011-12-07'),(4354,'g',0,'2011-12-07'),(4378,'g',0,'2011-12-07'),(5154,'g',0,'2011-12-07'),(1142,'g',0,'2011-12-07'),(1139,'g',0,'2011-12-08'),(1134,'g',0,'2011-12-08'),(1166,'g',0,'2011-12-08'),(1249,'g',0,'2011-12-08'),(1241,'g',0,'2011-12-08'),(1232,'g',0,'2011-12-08'),(1228,'g',0,'2011-12-08'),(1211,'g',0,'2011-12-08'),(1269,'g',0,'2011-12-08'),(1267,'g',0,'2011-12-08'),(1236,'g',0,'2011-12-08'),(1225,'g',0,'2011-12-08'),(2300,'g',0,'2011-12-08'),(2542,'g',0,'2011-12-08'),(2447,'g',0,'2011-12-08'),(2463,'g',0,'2011-12-08'),(2438,'g',0,'2011-12-08'),(2390,'g',0,'2011-12-08'),(2472,'g',0,'2011-12-08'),(2460,'g',0,'2011-12-08'),(1178,'g',0,'2011-12-08'),(1170,'g',0,'2011-12-08'),(1180,'g',0,'2011-12-08'),(1179,'g',0,'2011-12-08'),(1198,'g',0,'2011-12-08'),(1186,'g',0,'2011-12-08'),(1202,'g',0,'2011-12-08'),(4161,'g',0,'2011-12-08'),(4088,'g',0,'2011-12-08'),(4094,'g',0,'2011-12-08'),(4187,'g',0,'2011-12-08'),(4138,'g',0,'2011-12-08'),(4183,'g',0,'2011-12-08'),(4236,'g',0,'2011-12-08'),(4259,'g',0,'2011-12-08'),(4137,'g',0,'2011-12-08'),(4193,'g',0,'2011-12-08'),(1192,'g',0,'2011-12-08'),(1206,'g',0,'2011-12-08'),(1168,'g',0,'2011-12-08'),(2316,'g',0,'2011-12-08'),(2317,'g',0,'2011-12-08'),(2308,'g',0,'2011-12-08'),(2304,'g',0,'2011-12-08'),(2307,'g',0,'2011-12-08'),(2315,'g',0,'2011-12-08'),(2452,'g',0,'2011-12-08'),(2408,'g',0,'2011-12-08'),(2372,'g',0,'2011-12-08'),(6733,'g',0,'2011-12-08'),(2398,'g',0,'2011-12-09'),(6412,'g',0,'2011-12-09'),(6911,'g',0,'2011-12-09'),(2360,'g',0,'2011-12-09'),(2355,'g',0,'2011-12-09'),(2353,'g',0,'2011-12-09'),(2420,'g',0,'2011-12-09'),(2352,'g',0,'2011-12-09'),(2370,'g',0,'2011-12-09'),(5834,'g',0,'2011-12-09'),(5982,'g',0,'2011-12-09'),(5606,'g',0,'2011-12-09'),(5888,'g',0,'2011-12-09'),(6003,'g',0,'2011-12-09'),(5604,'g',0,'2011-12-09'),(5534,'g',0,'2011-12-09'),(5938,'g',0,'2011-12-09'),(5840,'g',0,'2011-12-09'),(5390,'g',0,'2011-12-09'),(5569,'g',0,'2011-12-09'),(1132,'g',0,'2011-12-09'),(2272,'g',0,'2011-12-09'),(2295,'g',0,'2011-12-09'),(2271,'g',0,'2011-12-09'),(6415,'g',0,'2011-12-09'),(2287,'g',0,'2011-12-09'),(2296,'g',0,'2011-12-09'),(2299,'g',0,'2011-12-09'),(2238,'g',0,'2011-12-09'),(2239,'g',0,'2011-12-09'),(2297,'g',0,'2011-12-09'),(2286,'g',0,'2011-12-09'),(1117,'g',0,'2011-12-09'),(1115,'g',0,'2011-12-09'),(1125,'g',0,'2011-12-09'),(1131,'g',0,'2011-12-09'),(2343,'g',0,'2011-12-09'),(2338,'g',0,'2011-12-09'),(1118,'g',0,'2011-12-09'),(1130,'g',0,'2011-12-09'),(2541,'g',0,'2011-12-09'),(1122,'g',0,'2011-12-09'),(1123,'g',0,'2011-12-09'),(1120,'g',0,'2011-12-09'),(1126,'g',0,'2011-12-09'),(6824,'g',0,'2012-01-09'),(6906,'g',0,'2012-01-09'),(999,'g',0,'2011-12-10'),(1054,'g',0,'2011-12-10'),(1071,'g',0,'2011-12-10'),(1013,'g',0,'2011-12-10'),(1072,'g',0,'2011-12-10'),(1039,'g',0,'2011-12-10'),(1048,'g',0,'2011-12-10'),(1113,'g',0,'2011-12-10'),(1078,'g',0,'2011-12-10'),(1100,'g',0,'2011-12-10'),(191,'g',0,'2011-12-12'),(185,'g',0,'2011-12-12'),(184,'g',0,'2011-12-12'),(306,'g',0,'2011-12-12'),(2120,'g',0,'2011-12-12'),(1418,'g',0,'2011-12-12'),(1415,'g',0,'2011-12-12'),(1393,'g',0,'2011-12-12'),(1384,'g',0,'2011-12-12'),(2128,'g',0,'2011-12-12'),(1424,'g',0,'2011-12-12'),(1431,'g',0,'2011-12-12'),(2455,'g',0,'2011-12-12'),(5545,'g',0,'2011-12-12'),(6278,'g',0,'2011-12-12'),(6258,'g',0,'2011-12-12'),(5775,'g',0,'2011-12-12'),(6256,'g',0,'2011-12-12'),(5620,'g',0,'2012-03-07'),(6250,'g',0,'2011-12-12'),(6257,'g',0,'2011-12-12'),(5618,'g',0,'2011-12-12'),(1371,'g',0,'2011-12-13'),(1306,'g',0,'2011-12-13'),(6507,'g',0,'2011-12-13'),(6532,'g',0,'2011-12-13'),(1367,'g',0,'2011-12-13'),(1089,'g',0,'2011-12-13'),(1364,'g',0,'2011-12-13'),(1349,'g',0,'2011-12-13'),(5129,'g',0,'2011-12-13'),(1346,'g',0,'2011-12-13'),(1065,'g',0,'2011-12-13'),(1350,'g',0,'2011-12-13'),(1289,'g',0,'2011-12-13'),(1057,'g',0,'2012-02-10'),(1335,'g',0,'2011-12-13'),(6470,'g',0,'2011-12-13'),(1347,'g',0,'2011-12-13'),(6504,'g',0,'2011-12-13'),(1348,'g',0,'2011-12-13'),(1345,'g',0,'2011-12-13'),(6251,'g',0,'2011-12-13'),(5759,'g',0,'2011-12-13'),(5662,'g',0,'2011-12-13'),(1376,'g',0,'2011-12-13'),(6420,'g',0,'2011-12-13'),(6271,'g',0,'2011-12-13'),(1357,'g',0,'2011-12-13'),(778,'g',0,'2011-12-13'),(822,'g',0,'2011-12-13'),(813,'g',0,'2011-12-13'),(316,'g',0,'2011-12-13'),(199,'g',0,'2011-12-13'),(200,'g',0,'2011-12-13'),(300,'g',0,'2011-12-13'),(808,'g',0,'2011-12-13'),(830,'g',0,'2011-12-13'),(841,'g',0,'2011-12-13'),(821,'g',0,'2011-12-13'),(332,'g',0,'2011-12-13'),(1504,'g',0,'2011-12-13'),(6590,'g',0,'2011-12-13'),(6591,'g',0,'2011-12-13'),(6904,'g',0,'2011-12-13'),(6538,'g',0,'2011-12-13'),(6624,'g',0,'2011-12-13'),(4451,'g',0,'2011-12-13'),(4458,'g',0,'2011-12-13'),(6589,'g',0,'2011-12-13'),(1080,'g',0,'2011-12-13'),(1069,'g',0,'2012-02-15'),(1077,'g',0,'2012-02-15'),(1058,'g',0,'2011-12-13'),(1064,'g',0,'2011-12-13'),(1271,'g',0,'2011-12-14'),(1299,'g',0,'2011-12-14'),(1288,'g',0,'2011-12-14'),(1279,'g',0,'2011-12-14'),(1292,'g',0,'2011-12-14'),(1287,'g',0,'2011-12-14'),(743,'g',0,'2011-12-14'),(749,'g',0,'2011-12-14'),(742,'g',0,'2011-12-14'),(745,'g',0,'2011-12-14'),(751,'g',0,'2011-12-14'),(748,'g',0,'2011-12-14'),(753,'g',0,'2011-12-14'),(750,'g',0,'2011-12-14'),(744,'g',0,'2011-12-14'),(1406,'g',0,'2011-12-14'),(1214,'g',0,'2011-12-14'),(1414,'g',0,'2011-12-14'),(1417,'g',0,'2011-12-14'),(4370,'g',0,'2011-12-14'),(1230,'g',0,'2011-12-14'),(1231,'g',0,'2011-12-14'),(1239,'g',0,'2011-12-14'),(1401,'g',0,'2011-12-14'),(1266,'g',0,'2011-12-14'),(1276,'g',0,'2011-12-14'),(1411,'g',0,'2011-12-14'),(1273,'g',0,'2011-12-14'),(4362,'g',0,'2011-12-14'),(1422,'g',0,'2011-12-14'),(1247,'g',0,'2011-12-14'),(1416,'g',0,'2011-12-14'),(1413,'g',0,'2011-12-14'),(732,'g',0,'2011-12-14'),(739,'g',0,'2011-12-14'),(733,'g',0,'2011-12-14'),(740,'g',0,'2011-12-14'),(741,'g',0,'2011-12-14'),(737,'g',0,'2011-12-14'),(726,'g',0,'2011-12-14'),(727,'g',0,'2011-12-14'),(738,'g',0,'2011-12-14'),(736,'g',0,'2011-12-14'),(4192,'g',0,'2011-12-15'),(4772,'g',0,'2011-12-15'),(5175,'g',0,'2011-12-15'),(5078,'g',0,'2011-12-15'),(4815,'g',0,'2011-12-15'),(4608,'g',0,'2011-12-15'),(4182,'g',0,'2011-12-15'),(4926,'g',0,'2011-12-15'),(6923,'g',0,'2011-12-15'),(4274,'g',0,'2011-12-15'),(6414,'g',0,'2011-12-15'),(6408,'g',0,'2011-12-15'),(6426,'g',0,'2011-12-15'),(6424,'g',0,'2011-12-15'),(6428,'g',0,'2011-12-15'),(6425,'g',0,'2011-12-15'),(6464,'g',0,'2011-12-15'),(6427,'g',0,'2011-12-15'),(6279,'g',0,'2011-12-15'),(6459,'g',0,'2011-12-15'),(5166,'g',0,'2012-02-02'),(1399,'g',0,'2012-02-02'),(4266,'g',0,'2012-02-02'),(4730,'g',0,'2012-02-02'),(1370,'g',0,'2011-12-15'),(1368,'g',0,'2011-12-15'),(1362,'g',0,'2011-12-15'),(1381,'g',0,'2011-12-15'),(1372,'g',0,'2011-12-15'),(1398,'g',0,'2011-12-15'),(1377,'g',0,'2011-12-15'),(1373,'g',0,'2011-12-15'),(1365,'g',0,'2011-12-15'),(1375,'g',0,'2011-12-15'),(6881,'g',0,'2011-12-16'),(6231,'g',0,'2012-02-01'),(6890,'g',0,'2011-12-16'),(6892,'g',0,'2011-12-16'),(6873,'g',0,'2011-12-16'),(6888,'g',0,'2011-12-16'),(6874,'g',0,'2011-12-16'),(854,'g',0,'2011-12-16'),(852,'g',0,'2011-12-16'),(6418,'g',0,'2011-12-17'),(6535,'g',0,'2011-12-17'),(6429,'g',0,'2011-12-17'),(6422,'g',0,'2011-12-17'),(6505,'g',0,'2011-12-17'),(6534,'g',0,'2011-12-17'),(6419,'g',0,'2011-12-17'),(4721,'g',0,'2011-12-18'),(3909,'g',0,'2012-01-24'),(4426,'g',0,'2012-02-17'),(6919,'g',0,'2011-12-19'),(6907,'g',0,'2011-12-19'),(6900,'g',0,'2011-12-19'),(6648,'g',0,'2011-12-19'),(6486,'g',0,'2011-12-19'),(6628,'g',0,'2011-12-19'),(6731,'g',0,'2011-12-19'),(6526,'g',0,'2011-12-19'),(6544,'g',0,'2011-12-19'),(6837,'g',0,'2011-12-19'),(6878,'g',0,'2011-12-19'),(6681,'g',0,'2011-12-19'),(5736,'g',0,'2011-12-19'),(2474,'g',0,'2011-12-19'),(4631,'g',0,'2011-12-19'),(4643,'g',0,'2011-12-19'),(6575,'g',0,'2011-12-19'),(6579,'g',0,'2011-12-19'),(6583,'g',0,'2011-12-19'),(6549,'g',0,'2011-12-19'),(6554,'g',0,'2011-12-19'),(6584,'g',0,'2011-12-19'),(6570,'g',0,'2011-12-19'),(6580,'g',0,'2011-12-19'),(6569,'g',0,'2011-12-19'),(6536,'g',0,'2011-12-19'),(792,'g',0,'2011-12-19'),(806,'g',0,'2011-12-19'),(858,'g',0,'2011-12-19'),(825,'g',0,'2011-12-19'),(894,'g',0,'2011-12-19'),(977,'g',0,'2011-12-19'),(6657,'g',0,'2011-12-19'),(6649,'g',0,'2011-12-19'),(6550,'g',0,'2011-12-19'),(6553,'g',0,'2011-12-19'),(6666,'g',0,'2011-12-19'),(6689,'g',0,'2011-12-19'),(6645,'g',0,'2011-12-19'),(6813,'g',0,'2011-12-19'),(6836,'g',0,'2011-12-19'),(6838,'g',0,'2011-12-19'),(6523,'g',0,'2011-12-19'),(6685,'g',0,'2011-12-19'),(6651,'g',0,'2011-12-19'),(6561,'g',0,'2011-12-19'),(6693,'g',0,'2011-12-19'),(6492,'g',0,'2011-12-19'),(6600,'g',0,'2011-12-19'),(6706,'g',0,'2011-12-19'),(6712,'g',0,'2011-12-19'),(6650,'g',0,'2011-12-19'),(1015,'g',0,'2011-12-19'),(989,'g',0,'2011-12-19'),(1012,'g',0,'2011-12-19'),(1014,'g',0,'2011-12-19'),(2461,'g',0,'2011-12-19'),(6933,'g',0,'2011-12-19'),(2126,'g',0,'2011-12-19'),(6615,'g',0,'2011-12-20'),(6609,'g',0,'2011-12-20'),(6613,'g',0,'2011-12-20'),(6512,'g',0,'2011-12-20'),(6531,'g',0,'2011-12-20'),(6611,'g',0,'2011-12-20'),(6547,'g',0,'2011-12-20'),(6620,'g',0,'2011-12-20'),(6546,'g',0,'2011-12-20'),(6627,'g',0,'2011-12-20'),(6832,'g',0,'2011-12-20'),(6863,'g',0,'2011-12-20'),(6662,'g',0,'2011-12-20'),(6698,'g',0,'2011-12-20'),(6664,'g',0,'2011-12-20'),(6871,'g',0,'2011-12-20'),(6663,'g',0,'2011-12-20'),(6699,'g',0,'2011-12-20'),(6665,'g',0,'2011-12-20'),(6953,'g',0,'2011-12-20'),(182,'g',0,'2011-12-20'),(183,'g',0,'2011-12-20'),(986,'g',0,'2011-12-20'),(1056,'g',0,'2011-12-20'),(1221,'g',0,'2011-12-20'),(1053,'g',0,'2011-12-20'),(1090,'g',0,'2011-12-20'),(1155,'g',0,'2011-12-20'),(1076,'g',0,'2011-12-20'),(1070,'g',0,'2011-12-20'),(1135,'g',0,'2011-12-20'),(1093,'g',0,'2011-12-20'),(710,'g',0,'2011-12-20'),(709,'g',0,'2011-12-20'),(711,'g',0,'2011-12-20'),(338,'g',0,'2011-12-20'),(712,'g',0,'2011-12-20'),(346,'g',0,'2011-12-20'),(713,'g',0,'2011-12-20'),(714,'g',0,'2011-12-20'),(348,'g',0,'2011-12-20'),(1500,'g',0,'2011-12-20'),(725,'g',0,'2011-12-20'),(721,'g',0,'2011-12-20'),(722,'g',0,'2011-12-20'),(723,'g',0,'2011-12-20'),(716,'g',0,'2011-12-20'),(717,'g',0,'2011-12-20'),(720,'g',0,'2011-12-20'),(724,'g',0,'2011-12-20'),(715,'g',0,'2011-12-20'),(754,'g',0,'2011-12-20'),(719,'g',0,'2011-12-20'),(6976,'g',0,'2011-12-21'),(334,'g',0,'2012-02-28'),(6548,'g',0,'2011-12-23'),(6607,'g',0,'2011-12-23'),(6705,'g',0,'2011-12-23'),(6608,'g',0,'2011-12-23'),(6925,'g',0,'2011-12-23'),(6606,'g',0,'2011-12-23'),(6517,'g',0,'2011-12-23'),(1216,'g',0,'2011-12-23'),(6540,'g',0,'2011-12-24'),(6416,'g',0,'2011-12-24'),(6530,'g',0,'2011-12-24'),(6513,'g',0,'2011-12-24'),(6529,'g',0,'2011-12-24'),(6541,'g',0,'2011-12-24'),(6539,'g',0,'2011-12-24'),(6528,'g',0,'2011-12-24'),(6417,'g',0,'2011-12-24'),(4284,'g',0,'2011-12-25'),(6962,'g',0,'2011-12-26'),(6630,'g',0,'2011-12-26'),(6885,'g',0,'2011-12-26'),(4289,'g',0,'2011-12-26'),(1031,'g',0,'2012-02-10'),(4300,'g',0,'2011-12-26'),(5600,'g',0,'2011-12-29'),(5453,'g',0,'2011-12-29'),(5859,'g',0,'2011-12-29'),(5470,'g',0,'2011-12-30'),(5658,'g',0,'2011-12-30'),(5846,'g',0,'2011-12-30'),(5838,'g',0,'2011-12-30'),(5867,'g',0,'2011-12-30'),(5874,'g',0,'2011-12-30'),(5852,'g',0,'2011-12-30'),(6661,'g',0,'2011-12-31'),(6982,'g',0,'2012-01-01'),(7002,'g',0,'2012-01-01'),(6988,'g',0,'2012-01-01'),(5307,'g',0,'2012-01-01'),(6980,'g',0,'2012-01-01'),(5298,'g',0,'2012-01-01'),(6994,'g',0,'2012-01-01'),(7003,'g',0,'2012-01-01'),(5227,'g',0,'2012-01-01'),(6985,'g',0,'2012-01-01'),(6996,'g',0,'2012-01-02'),(6990,'g',0,'2012-01-02'),(6981,'g',0,'2012-01-03'),(6668,'g',0,'2012-01-04'),(6655,'g',0,'2012-01-04'),(6710,'g',0,'2012-01-04'),(6714,'g',0,'2012-01-04'),(6691,'g',0,'2012-01-04'),(6692,'g',0,'2012-01-05'),(6684,'g',0,'2012-01-05'),(6642,'g',0,'2012-01-05'),(6730,'g',0,'2012-01-05'),(6729,'g',0,'2012-01-05'),(4639,'g',0,'2012-01-06'),(4626,'g',0,'2012-01-06'),(3947,'g',0,'2012-01-06'),(7005,'g',0,'2012-01-06'),(4651,'g',0,'2012-01-06'),(4635,'g',0,'2012-01-06'),(3927,'g',0,'2012-01-06'),(4616,'g',0,'2012-01-06'),(6979,'g',0,'2012-01-06'),(7037,'g',0,'2012-01-06'),(7040,'g',0,'2012-01-06'),(903,'g',0,'2012-01-07'),(908,'g',0,'2012-01-07'),(907,'g',0,'2012-01-07'),(904,'g',0,'2012-01-07'),(910,'g',0,'2012-01-07'),(912,'g',0,'2012-01-07'),(4158,'g',0,'2012-01-07'),(7034,'g',0,'2012-01-07'),(3934,'g',0,'2012-01-07'),(7042,'g',0,'2012-01-07'),(4510,'g',0,'2012-01-07'),(913,'g',0,'2012-01-07'),(914,'g',0,'2012-01-07'),(915,'g',0,'2012-01-07'),(918,'g',0,'2012-01-07'),(916,'g',0,'2012-01-07'),(922,'g',0,'2012-01-07'),(917,'g',0,'2012-01-07'),(921,'g',0,'2012-01-07'),(920,'g',0,'2012-01-07'),(919,'g',0,'2012-01-07'),(909,'g',0,'2012-01-07'),(911,'g',0,'2012-01-07'),(906,'g',0,'2012-01-07'),(956,'g',0,'2012-01-07'),(958,'g',0,'2012-01-07'),(962,'g',0,'2012-01-07'),(953,'g',0,'2012-01-07'),(960,'g',0,'2012-01-07'),(954,'g',0,'2012-01-07'),(957,'g',0,'2012-01-07'),(959,'g',0,'2012-01-07'),(955,'g',0,'2012-01-07'),(961,'g',0,'2012-01-07'),(7055,'g',0,'2012-01-07'),(7028,'g',0,'2012-01-07'),(7032,'g',0,'2012-01-07'),(7022,'g',0,'2012-01-07'),(7052,'g',0,'2012-01-07'),(7013,'g',0,'2012-01-07'),(7018,'g',0,'2012-01-07'),(930,'g',0,'2012-01-07'),(924,'g',0,'2012-01-07'),(931,'g',0,'2012-01-07'),(932,'g',0,'2012-01-07'),(927,'g',0,'2012-01-07'),(929,'g',0,'2012-01-07'),(925,'g',0,'2012-01-07'),(926,'g',0,'2012-01-07'),(923,'g',0,'2012-01-07'),(928,'g',0,'2012-01-07'),(947,'g',0,'2012-01-07'),(948,'g',0,'2012-01-07'),(951,'g',0,'2012-01-07'),(950,'g',0,'2012-01-07'),(949,'g',0,'2012-01-07'),(952,'g',0,'2012-01-07'),(944,'g',0,'2012-01-07'),(946,'g',0,'2012-01-07'),(945,'g',0,'2012-01-07'),(943,'g',0,'2012-01-07'),(942,'g',0,'2012-01-07'),(937,'g',0,'2012-01-07'),(941,'g',0,'2012-01-07'),(939,'g',0,'2012-01-07'),(936,'g',0,'2012-01-07'),(938,'g',0,'2012-01-07'),(940,'g',0,'2012-03-05'),(933,'g',0,'2012-01-07'),(1400,'g',0,'2012-02-14'),(298,'g',0,'2012-01-10'),(3968,'g',0,'2012-01-10'),(1275,'g',0,'2012-01-10'),(1246,'g',0,'2012-01-10'),(7064,'g',0,'2012-01-10'),(324,'g',0,'2012-01-10'),(7069,'g',0,'2012-02-17'),(307,'g',0,'2012-01-10'),(318,'g',0,'2012-01-10'),(308,'g',0,'2012-01-11'),(6742,'g',0,'2012-01-11'),(302,'g',0,'2012-01-11'),(6828,'g',0,'2012-01-11'),(6814,'g',0,'2012-01-11'),(6833,'g',0,'2012-01-11'),(6709,'g',0,'2012-01-11'),(6905,'g',0,'2012-01-11'),(3959,'g',0,'2012-01-13'),(2459,'g',0,'2012-01-13'),(3902,'g',0,'2012-02-28'),(7073,'g',0,'2012-01-13'),(2470,'g',0,'2012-01-13'),(7053,'g',0,'2012-01-13'),(7054,'g',0,'2012-01-13'),(7057,'g',0,'2012-01-13'),(7026,'g',0,'2012-01-13'),(7021,'g',0,'2012-01-13'),(7050,'g',0,'2012-01-13'),(7072,'g',0,'2012-01-13'),(6922,'g',0,'2012-01-13'),(6986,'g',0,'2012-01-13'),(7007,'g',0,'2012-01-13'),(7044,'g',0,'2012-01-13'),(6909,'g',0,'2012-01-13'),(4247,'g',0,'2012-01-13'),(5767,'g',0,'2012-01-13'),(6235,'g',0,'2012-01-13'),(6226,'g',0,'2012-01-13'),(7038,'g',0,'2012-01-13'),(6230,'g',0,'2012-01-13'),(6228,'g',0,'2012-01-13'),(4146,'g',0,'2012-01-13'),(7061,'g',0,'2012-01-13'),(6237,'g',0,'2012-01-13'),(6227,'g',0,'2012-01-13'),(7066,'g',0,'2012-01-13'),(7067,'g',0,'2012-01-13'),(6229,'g',0,'2012-01-13'),(7043,'g',0,'2012-01-13'),(6236,'g',0,'2012-01-13'),(6225,'g',0,'2012-01-13'),(4165,'g',0,'2012-01-13'),(6474,'g',0,'2012-02-26'),(6473,'g',0,'2012-01-13'),(6545,'g',0,'2012-01-13'),(6482,'g',0,'2012-01-13'),(6556,'g',0,'2012-01-13'),(6456,'g',0,'2012-02-27'),(6475,'g',0,'2012-01-13'),(6476,'g',0,'2012-01-13'),(6515,'g',0,'2012-01-13'),(6516,'g',0,'2012-01-13'),(731,'g',0,'2012-01-14'),(734,'g',0,'2012-01-14'),(1502,'g',0,'2012-01-14'),(6999,'g',0,'2012-01-14'),(7051,'g',0,'2012-01-15'),(6478,'g',0,'2012-01-20'),(6280,'g',0,'2012-01-20'),(6458,'g',0,'2012-01-20'),(6275,'g',0,'2012-01-20'),(6273,'g',0,'2012-01-20'),(6411,'g',0,'2012-01-20'),(7140,'g',0,'2012-01-20'),(7081,'g',0,'2012-01-21'),(7076,'g',0,'2012-01-21'),(7075,'g',0,'2012-01-21'),(7136,'g',0,'2012-01-21'),(7087,'g',0,'2012-01-22'),(7099,'g',0,'2012-01-22'),(5050,'g',0,'2012-01-22'),(5072,'g',0,'2012-01-22'),(5042,'g',0,'2012-01-22'),(5048,'g',0,'2012-01-22'),(5070,'g',0,'2012-01-22'),(5063,'g',0,'2012-01-22'),(5058,'g',0,'2012-01-22'),(5056,'g',0,'2012-01-22'),(5085,'g',0,'2012-01-22'),(5666,'g',0,'2012-01-22'),(5631,'g',0,'2012-01-22'),(5588,'g',0,'2012-01-22'),(5636,'g',0,'2012-01-22'),(5595,'g',0,'2012-01-22'),(5610,'g',0,'2012-01-22'),(5651,'g',0,'2012-01-22'),(5580,'g',0,'2012-01-22'),(5602,'g',0,'2012-01-22'),(5645,'g',0,'2012-01-22'),(7107,'g',0,'2012-01-22'),(7096,'g',0,'2012-01-22'),(7113,'g',0,'2012-01-22'),(6466,'g',0,'2012-01-22'),(6469,'g',0,'2012-01-22'),(6468,'g',0,'2012-01-22'),(6465,'g',0,'2012-01-22'),(6472,'g',0,'2012-01-22'),(6467,'g',0,'2012-01-22'),(6471,'g',0,'2012-01-22'),(7111,'g',0,'2012-01-22'),(227,'g',0,'2012-01-24'),(6597,'g',0,'2012-01-25'),(6481,'g',0,'2012-01-25'),(6457,'g',0,'2012-01-25'),(6488,'g',0,'2012-01-25'),(6574,'g',0,'2012-01-25'),(6612,'g',0,'2012-01-25'),(6572,'g',0,'2012-01-25'),(6491,'g',0,'2012-01-25'),(6483,'g',0,'2012-01-25'),(6647,'g',0,'2012-01-25'),(7071,'g',0,'2012-01-26'),(7046,'g',0,'2012-01-26'),(7049,'g',0,'2012-01-26'),(7033,'g',0,'2012-01-26'),(7062,'g',0,'2012-01-26'),(7035,'g',0,'2012-01-26'),(875,'g',0,'2012-01-26'),(867,'g',0,'2012-01-26'),(896,'g',0,'2012-01-26'),(6558,'g',0,'2012-01-26'),(6563,'g',0,'2012-01-26'),(6596,'g',0,'2012-01-26'),(6587,'g',0,'2012-01-26'),(6601,'g',0,'2012-01-26'),(6632,'g',0,'2012-01-26'),(6629,'g',0,'2012-01-26'),(6557,'g',0,'2012-01-26'),(6625,'g',0,'2012-01-26'),(6614,'g',0,'2012-01-26'),(849,'g',0,'2012-01-26'),(879,'g',0,'2012-01-26'),(859,'g',0,'2012-01-26'),(865,'g',0,'2012-01-26'),(892,'g',0,'2012-01-26'),(880,'g',0,'2012-01-26'),(872,'g',0,'2012-01-26'),(877,'g',0,'2012-01-26'),(848,'g',0,'2012-01-26'),(853,'g',0,'2012-01-26'),(861,'g',0,'2012-01-26'),(868,'g',0,'2012-01-26'),(851,'g',0,'2012-01-26'),(873,'g',0,'2012-01-26'),(895,'g',0,'2012-01-26'),(889,'g',0,'2012-01-26'),(871,'g',0,'2012-01-26'),(878,'g',0,'2012-01-26'),(885,'g',0,'2012-01-26'),(876,'g',0,'2012-01-26'),(882,'g',0,'2012-01-26'),(870,'g',0,'2012-01-26'),(864,'g',0,'2012-01-26'),(863,'g',0,'2012-01-26'),(856,'g',0,'2012-01-26'),(6690,'g',0,'2012-01-26'),(6677,'g',0,'2012-01-26'),(6711,'g',0,'2012-01-26'),(6678,'g',0,'2012-01-26'),(6856,'g',0,'2012-01-26'),(6823,'g',0,'2012-01-26'),(6928,'g',0,'2012-01-26'),(6749,'g',0,'2012-01-26'),(6717,'g',0,'2012-01-26'),(6853,'g',0,'2012-01-26'),(6955,'g',0,'2012-01-26'),(6829,'g',0,'2012-01-27'),(6686,'g',0,'2012-01-27'),(6720,'g',0,'2012-01-27'),(6679,'g',0,'2012-01-27'),(6687,'g',0,'2012-01-27'),(6935,'g',0,'2012-01-27'),(6934,'g',0,'2012-01-27'),(6893,'g',0,'2012-01-27'),(6975,'g',0,'2012-01-27'),(6654,'g',0,'2012-01-27'),(6968,'g',0,'2012-01-27'),(6972,'g',0,'2012-01-27'),(6808,'g',0,'2012-01-27'),(6822,'g',0,'2012-01-27'),(6421,'g',0,'2012-01-27'),(6423,'g',0,'2012-01-27'),(6865,'g',0,'2012-01-27'),(6566,'g',0,'2012-01-27'),(6567,'g',0,'2012-01-27'),(6931,'g',0,'2012-01-27'),(6708,'g',0,'2012-01-28'),(6713,'g',0,'2012-01-28'),(6616,'g',0,'2012-01-28'),(6644,'g',0,'2012-01-28'),(6593,'g',0,'2012-01-28'),(6511,'g',0,'2012-01-28'),(6241,'g',0,'2012-01-28'),(6843,'g',0,'2012-01-28'),(7144,'g',0,'2012-01-28'),(7029,'g',0,'2012-01-28'),(4586,'g',0,'2012-01-28'),(4795,'g',0,'2012-01-28'),(4740,'g',0,'2012-01-28'),(7015,'g',0,'2012-01-28'),(4886,'g',0,'2012-01-29'),(4596,'g',0,'2012-01-29'),(4870,'g',0,'2012-01-29'),(6978,'g',0,'2012-01-29'),(7027,'g',0,'2012-01-29'),(5351,'g',0,'2012-01-29'),(4846,'g',0,'2012-01-29'),(7023,'g',0,'2012-01-29'),(6973,'g',0,'2012-01-29'),(4374,'g',0,'2012-01-29'),(7006,'g',0,'2012-01-29'),(2453,'g',0,'2012-01-29'),(3895,'g',0,'2012-01-29'),(4381,'g',0,'2012-01-29'),(4405,'g',0,'2012-01-29'),(4856,'g',0,'2012-01-29'),(7031,'g',0,'2012-01-29'),(6997,'g',0,'2012-01-29'),(4328,'g',0,'2012-01-29'),(4346,'g',0,'2012-01-29'),(7039,'g',0,'2012-01-29'),(4366,'g',0,'2012-01-29'),(4344,'g',0,'2012-01-29'),(7060,'g',0,'2012-01-29'),(4357,'g',0,'2012-01-29'),(7063,'g',0,'2012-01-29'),(4352,'g',0,'2012-01-29'),(7106,'g',0,'2012-01-29'),(6260,'g',0,'2012-01-29'),(5413,'g',0,'2012-01-29'),(5612,'g',0,'2012-01-29'),(5358,'g',0,'2012-01-29'),(5714,'g',0,'2012-01-29'),(6224,'g',0,'2012-01-29'),(5804,'g',0,'2012-01-29'),(5374,'g',0,'2012-01-29'),(6264,'g',0,'2012-01-29'),(5496,'g',0,'2012-01-29'),(7115,'g',0,'2012-01-29'),(7112,'g',0,'2012-01-29'),(6446,'g',0,'2012-01-29'),(7090,'g',0,'2012-01-29'),(6409,'g',0,'2012-01-29'),(7123,'g',0,'2012-01-29'),(7091,'g',0,'2012-01-29'),(7088,'g',0,'2012-01-29'),(6447,'g',0,'2012-01-29'),(7116,'g',0,'2012-01-29'),(6603,'g',0,'2012-01-30'),(6673,'g',0,'2012-01-30'),(6675,'g',0,'2012-01-30'),(6688,'g',0,'2012-01-30'),(6715,'g',0,'2012-01-30'),(6728,'g',0,'2012-01-30'),(6674,'g',0,'2012-01-30'),(6667,'g',0,'2012-01-30'),(6701,'g',0,'2012-01-30'),(6658,'g',0,'2012-01-30'),(6989,'g',0,'2012-01-30'),(7001,'g',0,'2012-01-31'),(7191,'g',0,'2012-02-01'),(6270,'g',0,'2012-02-01'),(6233,'g',0,'2012-02-01'),(6262,'g',0,'2012-02-01'),(5905,'g',0,'2012-02-01'),(5691,'g',0,'2012-02-01'),(4326,'g',0,'2012-02-01'),(4315,'g',0,'2012-02-01'),(4228,'g',0,'2012-02-01'),(5640,'g',0,'2012-02-01'),(4864,'g',0,'2012-02-01'),(4336,'g',0,'2012-02-01'),(5543,'g',0,'2012-02-01'),(6757,'g',0,'2012-02-02'),(6745,'g',0,'2012-02-02'),(6732,'g',0,'2012-02-02'),(6741,'g',0,'2012-02-02'),(6747,'g',0,'2012-02-02'),(6735,'g',0,'2012-02-02'),(6760,'g',0,'2012-02-02'),(6954,'g',0,'2012-02-02'),(6847,'g',0,'2012-02-02'),(6826,'g',0,'2012-02-02'),(6816,'g',0,'2012-02-02'),(6810,'g',0,'2012-02-02'),(6825,'g',0,'2012-02-02'),(6929,'g',0,'2012-02-02'),(6969,'g',0,'2012-02-02'),(6846,'g',0,'2012-02-02'),(6586,'g',0,'2012-02-02'),(6595,'g',0,'2012-02-02'),(887,'g',0,'2012-02-02'),(881,'g',0,'2012-02-02'),(884,'g',0,'2012-02-02'),(5217,'g',0,'2012-02-02'),(1127,'g',0,'2012-02-02'),(1314,'g',0,'2012-02-02'),(1277,'g',0,'2012-02-02'),(7047,'g',0,'2012-02-02'),(1282,'g',0,'2012-02-02'),(7079,'g',0,'2012-02-02'),(7086,'g',0,'2012-02-02'),(7142,'g',0,'2012-02-02'),(7095,'g',0,'2012-02-02'),(7155,'g',0,'2012-02-02'),(7152,'g',0,'2012-02-02'),(7205,'g',0,'2012-02-02'),(7189,'g',0,'2012-02-02'),(7164,'g',0,'2012-02-02'),(7124,'g',0,'2012-02-02'),(7167,'g',0,'2012-02-02'),(6480,'g',0,'2012-02-03'),(6605,'g',0,'2012-02-03'),(6721,'g',0,'2012-02-03'),(6527,'g',0,'2012-02-03'),(6602,'g',0,'2012-02-03'),(1020,'g',0,'2012-02-03'),(1096,'g',0,'2012-02-03'),(6659,'g',0,'2012-02-06'),(6652,'g',0,'2012-02-06'),(6656,'g',0,'2012-02-06'),(6653,'g',0,'2012-02-06'),(4203,'g',0,'2012-02-06'),(4173,'g',0,'2012-02-06'),(4570,'g',0,'2012-02-07'),(4549,'g',0,'2012-02-07'),(7030,'g',0,'2012-02-07'),(6959,'g',0,'2012-02-07'),(6958,'g',0,'2012-02-07'),(6957,'g',0,'2012-02-07'),(6960,'g',0,'2012-02-07'),(6964,'g',0,'2012-02-07'),(6956,'g',0,'2012-02-07'),(6963,'g',0,'2012-02-07'),(6961,'g',0,'2012-02-07'),(231,'g',0,'2012-02-07'),(239,'g',0,'2012-02-07'),(229,'g',0,'2012-02-07'),(235,'g',0,'2012-02-07'),(1405,'g',0,'2012-02-07'),(7224,'g',0,'2012-02-09'),(993,'g',0,'2012-02-09'),(344,'g',0,'2012-02-09'),(995,'g',0,'2012-02-09'),(1030,'g',0,'2012-02-09'),(7011,'g',0,'2012-02-09'),(1050,'g',0,'2012-02-09'),(4893,'g',0,'2012-02-09'),(7014,'g',0,'2012-02-09'),(7161,'g',0,'2012-02-09'),(7114,'g',0,'2012-02-09'),(7126,'g',0,'2012-02-09'),(7227,'g',0,'2012-02-09'),(6951,'g',0,'2012-02-09'),(1443,'g',0,'2012-02-10'),(6840,'g',0,'2012-02-10'),(6695,'g',0,'2012-02-10'),(6594,'g',0,'2012-02-10'),(6703,'g',0,'2012-02-10'),(6835,'g',0,'2012-02-10'),(1427,'g',0,'2012-02-10'),(7036,'g',0,'2012-02-11'),(6966,'g',0,'2012-02-11'),(7263,'g',0,'2012-02-11'),(6830,'g',0,'2012-02-11'),(6821,'g',0,'2012-02-11'),(6744,'g',0,'2012-02-11'),(6877,'g',0,'2012-02-11'),(6974,'g',0,'2012-02-11'),(6719,'g',0,'2012-02-11'),(6930,'g',0,'2012-02-11'),(6924,'g',0,'2012-02-11'),(6998,'g',0,'2012-02-11'),(6759,'g',0,'2012-02-11'),(6896,'g',0,'2012-02-11'),(7084,'g',0,'2012-02-11'),(7255,'g',0,'2012-02-11'),(6410,'g',0,'2012-02-11'),(6463,'g',0,'2012-02-11'),(6413,'g',0,'2012-02-11'),(6461,'g',0,'2012-02-11'),(6405,'g',0,'2012-02-11'),(6834,'g',0,'2012-02-11'),(6831,'g',0,'2012-02-11'),(6819,'g',0,'2012-02-11'),(6858,'g',0,'2012-02-11'),(6585,'g',0,'2012-02-11'),(6857,'g',0,'2012-02-12'),(6860,'g',0,'2012-02-12'),(6859,'g',0,'2012-02-12'),(7121,'g',0,'2012-02-12'),(7085,'g',0,'2012-02-12'),(7212,'g',0,'2012-02-12'),(6817,'g',0,'2012-02-12'),(6882,'g',0,'2012-02-12'),(6902,'g',0,'2012-02-12'),(6977,'g',0,'2012-02-12'),(6852,'g',0,'2012-02-12'),(6868,'g',0,'2012-02-12'),(6876,'g',0,'2012-02-12'),(6845,'g',0,'2012-02-12'),(6895,'g',0,'2012-02-12'),(6839,'g',0,'2012-02-12'),(6562,'g',0,'2012-02-12'),(6818,'g',0,'2012-02-12'),(6861,'g',0,'2012-02-12'),(6844,'g',0,'2012-02-12'),(6841,'g',0,'2012-02-12'),(6850,'g',0,'2012-02-12'),(6851,'g',0,'2012-02-12'),(6867,'g',0,'2012-02-12'),(6970,'g',0,'2012-02-12'),(7196,'g',0,'2012-02-12'),(7198,'g',0,'2012-02-12'),(7218,'g',0,'2012-02-12'),(7236,'g',0,'2012-02-12'),(7239,'g',0,'2012-02-12'),(7219,'g',0,'2012-02-12'),(7238,'g',0,'2012-02-12'),(7243,'g',0,'2012-02-12'),(6623,'g',0,'2012-02-13'),(7237,'g',0,'2012-02-13'),(7223,'g',0,'2012-02-13'),(7235,'g',0,'2012-02-13'),(6266,'g',0,'2012-02-13'),(6245,'g',0,'2012-02-13'),(6277,'g',0,'2012-02-13'),(6577,'g',0,'2012-02-13'),(6571,'g',0,'2012-02-13'),(7156,'g',0,'2012-02-13'),(5721,'g',0,'2012-02-13'),(6576,'g',0,'2012-02-13'),(6578,'g',0,'2012-02-13'),(5283,'g',0,'2012-02-13'),(7058,'g',0,'2012-02-13'),(1200,'g',0,'2012-02-13'),(5445,'g',0,'2012-02-13'),(7253,'g',0,'2012-02-13'),(1194,'g',0,'2012-02-13'),(1224,'g',0,'2012-02-13'),(1196,'g',0,'2012-02-13'),(1209,'g',0,'2012-02-13'),(5387,'g',0,'2012-02-13'),(1251,'g',0,'2012-02-13'),(2124,'g',0,'2012-02-13'),(1320,'g',0,'2012-02-13'),(1274,'g',0,'2012-02-13'),(1356,'g',0,'2012-02-13'),(7080,'g',0,'2012-02-13'),(7077,'g',0,'2012-02-13'),(7082,'g',0,'2012-02-13'),(7252,'g',0,'2012-02-13'),(7078,'g',0,'2012-02-13'),(5326,'g',0,'2012-02-13'),(7163,'g',0,'2012-02-13'),(7261,'g',0,'2012-02-13'),(7184,'g',0,'2012-02-13'),(7233,'g',0,'2012-02-13'),(7244,'g',0,'2012-02-13'),(5313,'g',0,'2012-02-13'),(5320,'g',0,'2012-02-13'),(5507,'g',0,'2012-02-13'),(6883,'g',0,'2012-02-13'),(5403,'g',0,'2012-02-14'),(7254,'g',0,'2012-02-14'),(1412,'g',0,'2012-02-14'),(5669,'g',0,'2012-02-14'),(5554,'g',0,'2012-02-14'),(6551,'g',0,'2012-02-14'),(5421,'g',0,'2012-02-14'),(7245,'g',0,'2012-02-14'),(5798,'g',0,'2012-02-14'),(5692,'g',0,'2012-02-14'),(6451,'g',0,'2012-02-14'),(5683,'g',0,'2012-02-14'),(2130,'g',0,'2012-02-14'),(3569,'g',0,'2012-02-14'),(5782,'g',0,'2012-02-14'),(1354,'g',0,'2012-02-14'),(6872,'g',0,'2012-02-14'),(6450,'g',0,'2012-02-14'),(6495,'g',0,'2012-02-14'),(6449,'g',0,'2012-02-14'),(2137,'g',0,'2012-02-14'),(6448,'g',0,'2012-02-14'),(5275,'g',0,'2012-02-14'),(5530,'g',0,'2012-02-14'),(5523,'g',0,'2012-02-14'),(5779,'g',0,'2012-02-14'),(1322,'g',0,'2012-02-14'),(5762,'g',0,'2012-02-14'),(1410,'g',0,'2012-02-14'),(1328,'g',0,'2012-02-14'),(6021,'g',0,'2012-02-14'),(1313,'g',0,'2012-02-14'),(6222,'g',0,'2012-02-14'),(1403,'g',0,'2012-02-14'),(5740,'g',0,'2012-02-14'),(5682,'g',0,'2012-02-14'),(5729,'g',0,'2012-02-14'),(3922,'g',0,'2012-02-14'),(7262,'g',0,'2012-02-14'),(6247,'g',0,'2012-02-14'),(5035,'g',0,'2012-02-14'),(5487,'g',0,'2012-02-14'),(4487,'g',0,'2012-02-14'),(5835,'g',0,'2012-02-14'),(6014,'g',0,'2012-02-14'),(5787,'g',0,'2012-02-14'),(5699,'g',0,'2012-02-14'),(3917,'g',0,'2012-02-14'),(1428,'g',0,'2012-02-14'),(1334,'g',0,'2012-02-14'),(2138,'g',0,'2012-02-14'),(3996,'g',0,'2012-02-14'),(6232,'g',0,'2012-02-14'),(7012,'g',0,'2012-02-14'),(7259,'g',0,'2012-02-14'),(6259,'g',0,'2012-02-14'),(7159,'g',0,'2012-02-14'),(6272,'g',0,'2012-02-14'),(7132,'g',0,'2012-02-14'),(7143,'g',0,'2012-02-14'),(7225,'g',0,'2012-02-14'),(6283,'g',0,'2012-02-14'),(6274,'g',0,'2012-02-14'),(6255,'g',0,'2012-02-14'),(7160,'g',0,'2012-02-14'),(6267,'g',0,'2012-02-14'),(7182,'g',0,'2012-02-14'),(6952,'g',0,'2012-02-14'),(7127,'g',0,'2012-02-14'),(7278,'g',0,'2012-02-15'),(2129,'g',0,'2012-02-15'),(2468,'g',0,'2012-02-15'),(3975,'g',0,'2012-02-15'),(6592,'g',0,'2012-02-16'),(6588,'g',0,'2012-02-16'),(7280,'g',0,'2012-02-16'),(7269,'g',0,'2012-02-17'),(7273,'g',0,'2012-02-17'),(7286,'g',0,'2012-02-17'),(4377,'g',0,'2012-02-17'),(4693,'g',0,'2012-02-17'),(4475,'g',0,'2012-02-17'),(4686,'g',0,'2012-02-17'),(4839,'g',0,'2012-02-17'),(4832,'g',0,'2012-02-17'),(4386,'g',0,'2012-02-17'),(6984,'g',0,'2012-02-17'),(4417,'g',0,'2012-02-17'),(4400,'g',0,'2012-02-17'),(4394,'g',0,'2012-02-17'),(7208,'g',0,'2012-02-18'),(6582,'g',0,'2012-02-18'),(5790,'g',0,'2012-02-18'),(6542,'g',0,'2012-02-18'),(6265,'g',0,'2012-02-18'),(6875,'g',0,'2012-02-18'),(6565,'g',0,'2012-02-18'),(7258,'g',0,'2012-02-18'),(6901,'g',0,'2012-02-19'),(6903,'g',0,'2012-02-19'),(6519,'g',0,'2012-02-20'),(7268,'g',0,'2012-02-20'),(7109,'g',0,'2012-02-21'),(6518,'g',0,'2012-02-21'),(6522,'g',0,'2012-02-21'),(6514,'g',0,'2012-02-21'),(6803,'g',0,'2012-02-21'),(6756,'g',0,'2012-02-21'),(6521,'g',0,'2012-02-21'),(6734,'g',0,'2012-02-21'),(6621,'g',0,'2012-02-21'),(6898,'g',0,'2012-02-21'),(6967,'g',0,'2012-02-21'),(7256,'g',0,'2012-02-21'),(7083,'g',0,'2012-02-21'),(7129,'g',0,'2012-02-21'),(6738,'g',0,'2012-02-21'),(6520,'g',0,'2012-02-21'),(7297,'g',0,'2012-02-21'),(6991,'g',0,'2012-02-21'),(6993,'g',0,'2012-02-21'),(6992,'g',0,'2012-02-21'),(6995,'g',0,'2012-02-21'),(7267,'g',0,'2012-02-21'),(6524,'g',0,'2012-02-21'),(6879,'g',0,'2012-02-21'),(6971,'g',0,'2012-02-21'),(7000,'g',0,'2012-02-23'),(6454,'g',0,'2012-02-26'),(6433,'g',0,'2012-02-26'),(7209,'g',0,'2012-02-26'),(7119,'g',0,'2012-02-26'),(6910,'g',0,'2012-02-26'),(7093,'g',0,'2012-02-26'),(4042,'g',0,'2012-02-26'),(5803,'g',0,'2012-02-26'),(6920,'g',0,'2012-02-26'),(4083,'g',0,'2012-02-26'),(6880,'g',0,'2012-02-26'),(6889,'g',0,'2012-02-26'),(6432,'g',0,'2012-02-26'),(7309,'g',0,'2012-02-26'),(7265,'g',0,'2012-02-26'),(7284,'g',0,'2012-02-26'),(7303,'g',0,'2012-02-26'),(6436,'g',0,'2012-02-26'),(4904,'g',0,'2012-02-26'),(6431,'g',0,'2012-02-26'),(5249,'g',0,'2012-02-26'),(1402,'g',0,'2012-02-26'),(4032,'g',0,'2012-02-26'),(5675,'g',0,'2012-02-26'),(4595,'g',0,'2012-02-26'),(4049,'g',0,'2012-02-26'),(7117,'g',0,'2012-02-26'),(6444,'g',0,'2012-02-26'),(6452,'g',0,'2012-02-26'),(7141,'g',0,'2012-02-26'),(7214,'g',0,'2012-02-26'),(6443,'g',0,'2012-02-26'),(7125,'g',0,'2012-02-26'),(6438,'g',0,'2012-02-26'),(7131,'g',0,'2012-02-26'),(6439,'g',0,'2012-02-26'),(7100,'g',0,'2012-02-26'),(7186,'g',0,'2012-02-26'),(7154,'g',0,'2012-02-26'),(7173,'g',0,'2012-02-26'),(7162,'g',0,'2012-02-26'),(6435,'g',0,'2012-02-26'),(6434,'g',0,'2012-02-26'),(6407,'g',0,'2012-02-26'),(4940,'g',0,'2012-02-26'),(1005,'g',0,'2012-02-26'),(4023,'g',0,'2012-02-27'),(6453,'g',0,'2012-02-27'),(6234,'g',0,'2012-02-27'),(5727,'g',0,'2012-02-27'),(6442,'g',0,'2012-02-27'),(6445,'g',0,'2012-02-27'),(7217,'g',0,'2012-02-27'),(6441,'g',0,'2012-02-27'),(7193,'g',0,'2012-02-27'),(6440,'g',0,'2012-02-27'),(7148,'g',0,'2012-02-27'),(6437,'g',0,'2012-02-27'),(7299,'g',0,'2012-02-27'),(7293,'g',0,'2012-02-27'),(5120,'g',0,'2012-02-27'),(7108,'g',0,'2012-02-27'),(5734,'g',0,'2012-02-27'),(6568,'g',0,'2012-02-27'),(7019,'g',0,'2012-02-27'),(7300,'g',0,'2012-02-27'),(4057,'g',0,'2012-02-27'),(4015,'g',0,'2012-02-27'),(7185,'g',0,'2012-02-27'),(6430,'g',0,'2012-02-27'),(4913,'g',0,'2012-02-27'),(4934,'g',0,'2012-02-27'),(6455,'g',0,'2012-02-27'),(6406,'g',0,'2012-02-27'),(7266,'g',0,'2012-02-27'),(6564,'g',0,'2012-02-27'),(6559,'g',0,'2012-02-27'),(6560,'g',0,'2012-02-27'),(7010,'g',0,'2012-02-27'),(4683,'g',0,'2012-02-27'),(6244,'g',0,'2012-02-27'),(6242,'g',0,'2012-02-27'),(6493,'g',0,'2012-02-27'),(4657,'g',0,'2012-02-28'),(7295,'g',0,'2012-02-28'),(6697,'g',0,'2012-02-28'),(6610,'g',0,'2012-02-28'),(5711,'g',0,'2012-02-28'),(7257,'g',0,'2012-02-28'),(6638,'g',0,'2012-02-28'),(7294,'g',0,'2012-02-28'),(6646,'g',0,'2012-02-28'),(6696,'g',0,'2012-02-28'),(7292,'g',0,'2012-02-29'),(6494,'g',0,'2012-02-29'),(7332,'g',0,'2012-02-29'),(1332,'g',0,'2012-02-29'),(6855,'g',0,'2012-03-02'),(6848,'g',0,'2012-03-02'),(6849,'g',0,'2012-03-02'),(6869,'g',0,'2012-03-02'),(6870,'g',0,'2012-03-02'),(6854,'g',0,'2012-03-02'),(7264,'g',0,'2012-03-03'),(6643,'g',0,'2012-03-03'),(6581,'g',0,'2012-03-03'),(6622,'g',0,'2012-03-03'),(6676,'g',0,'2012-03-03'),(6573,'g',0,'2012-03-03'),(6604,'g',0,'2012-03-03'),(7324,'g',0,'2012-03-04'),(4878,'g',0,'2012-03-04'),(7344,'g',0,'2012-03-04'),(7020,'g',0,'2012-03-04'),(7070,'g',0,'2012-03-06'),(7342,'g',0,'2012-03-06'),(7370,'g',0,'2012-03-06'),(7301,'g',0,'2012-03-06'),(7336,'g',0,'2012-03-06'),(7211,'g',0,'2012-03-06'),(7374,'g',0,'2012-03-06'),(7271,'g',0,'2012-03-06'),(7364,'g',0,'2012-03-06'),(7135,'g',0,'2012-03-06'),(7365,'g',0,'2012-03-06'),(7105,'g',0,'2012-03-06'),(7302,'g',0,'2012-03-06'),(7276,'g',0,'2012-03-06'),(7313,'g',0,'2012-03-06'),(7274,'g',0,'2012-03-06'),(7304,'g',0,'2012-03-06'),(7325,'g',0,'2012-03-06'),(7311,'g',0,'2012-03-07'),(1321,'g',0,'2012-03-07'),(7380,'g',0,'2012-03-07'),(7322,'g',0,'2012-03-07'),(7151,'g',0,'2012-03-07');

--
-- Table structure for table `idx_paid_listing`
--

CREATE TABLE `idx_paid_listing` (
  `link_id` mediumint(9) unsigned NOT NULL DEFAULT '0',
  `premium` char(1) DEFAULT NULL,
  `sponsored` char(1) DEFAULT NULL,
  `expire` datetime DEFAULT NULL,
  `paid` char(1) DEFAULT NULL,
  PRIMARY KEY (`link_id`)
) ENGINE=MyISAM DEFAULT CHARSET=latin1;

--
-- Dumping data for table `idx_paid_listing`
--


--
-- Table structure for table `idx_payment_gateway`
--

CREATE TABLE `idx_payment_gateway` (
  `payment_gateway_id` int(11) NOT NULL AUTO_INCREMENT,
  `name` varchar(100) DEFAULT NULL,
  `enable` char(1) DEFAULT NULL,
  `setting` text,
  `invoice_html` text,
  PRIMARY KEY (`payment_gateway_id`)
) ENGINE=MyISAM AUTO_INCREMENT=9 DEFAULT CHARSET=latin1;

--
-- Dumping data for table `idx_payment_gateway`
--

INSERT INTO `idx_payment_gateway` VALUES (1,'paypal','1','a:2:{s:13:\"payment_email\";s:0:\"\";s:21:\"enable_paypal_sandbox\";s:1:\"0\";}','<p> \r\n	<a href=\'paynow.php?id={$invoice_id}&m=paypal\'><img src=\'http://www.paypal.com/images/x-click-but02.gif\' border=\'0\' alt=\'Make payments with PayPal - it is fast, free and secure!\' /></a> \r\n</p>\r\n'),(2,'2co','0','a:6:{s:6:\"co_sid\";s:5:\"84932\";s:9:\"co_secret\";s:5:\"tango\";s:12:\"co_recurring\";s:1:\"0\";s:9:\"co_prod_1\";s:6:\"100.00\";s:9:\"co_prod_2\";s:6:\"250.00\";s:9:\"co_prod_3\";s:6:\"400.00\";}','<p>\r\n<a href=\'paynow.php?id={$invoice_id}&m=2co\'><img src=\'http://www.2checkout.com/images/overview/btns/25.jpg\' alt=\'Pay Now with 2checkout...\' border=\'0\' /></a> \r\n</p>'),(3,'authorizenet','0','a:2:{s:21:\"authorizenet_login_id\";s:0:\"\";s:21:\"authorizenet_tran_key\";s:0:\"\";}','<p> \r\n<a href=\'paynow.php?id={$invoice_id}&m=authorizenet\'><img src=\'http://www.authorize.net/upload/images/Images/Header/authorizenet_logo.gif\' alt=\'Pay Now with Authorize.Net...\' width=\'99\' height=\'39\' style=\'{border : 1px solid #c0c0c0;}\' /></a>\r\n</p>'),(4,'egold','0','a:2:{s:19:\"egold_payee_account\";s:0:\"\";s:16:\"egold_payee_name\";s:0:\"\";}','<p> \r\n<a href=\'paynow.php?id={$invoice_id}&m=egold\'>\r\n<img src=\'http://www.e-gold.com/gif/paywith.gif\' border=\'0\' alt=\'Pay Now with e-gold...\' />\r\n</a>\r\n</p>'),(5,'moneybookers','0','a:1:{s:18:\"moneybookers_email\";s:0:\"\";}','<p> \r\n<a href=\'paynow.php?id={$invoice_id}&m=paypal\'><img src=\'http://www.moneybookers.com/images/banners/88_en_mb.gif\' border=\'0\' alt=\'Make payments with Moneybookers - it is fast, free and secure!\' /></a> \r\n</p>'),(6,'paypal-subscriptions','0','a:2:{s:13:\"payment_email\";s:0:\"\";s:21:\"enable_paypal_sandbox\";s:1:\"0\";}','<p> \r\n<a href=\'paynow.php?id={$invoice_id}&m=paypal\'><img src=\'https://www.paypal.com/en_US/i/btn/x-click-but20.gif\' border=\'0\' alt=\'Make payments with PayPal - it is fast, free and secure!\' /></a> \r\n</p>'),(7,'alertpay','0','a:2:{s:14:\"alertpay_email\";s:0:\"\";s:23:\"enable_alertpay_sandbox\";s:1:\"0\";}','<p> \r\n<a href=\'paynow.php?id={$invoice_id}&m=alertpay\'>\r\n<img src=\'https://www.alertpay.com/Images/BuyNow/pay_now_3.gif\' border=\'0\' alt=\'Make payments with PayPal - it is fast, free and secure!\' /></a> \r\n</p>'),(8,'alertpay-subcriptions','0','a:2:{s:14:\"alertpay_email\";s:0:\"\";s:23:\"enable_alertpay_sandbox\";s:1:\"0\";}','<p>\r\n<a href=\'paynow.php?id={$invoice_id}&m=alertpay-subcriptions\'>\r\n<img src=\'https://www.alertpay.com/Images/BuyNow/subscribe_now_15.gif\' border=\'0\' alt=\'Make payments with Alert Pay - it is fast, free and secure!\' /></a> \r\n</p>');

--
-- Table structure for table `idx_payment_history`
--

CREATE TABLE `idx_payment_history` (
  `payment_id` int(10) unsigned NOT NULL AUTO_INCREMENT,
  `contact_name` varchar(255) DEFAULT NULL,
  `email` varchar(255) DEFAULT NULL,
  `type` varchar(255) DEFAULT NULL,
  `detail` text,
  `amount` double DEFAULT NULL,
  `time` datetime DEFAULT NULL,
  `invoice_id` varchar(10) DEFAULT NULL,
  PRIMARY KEY (`payment_id`)
) ENGINE=MyISAM DEFAULT CHARSET=latin1;

--
-- Dumping data for table `idx_payment_history`
--


--
-- Table structure for table `idx_pl_sociable`
--

CREATE TABLE `idx_pl_sociable` (
  `sb_id` int(11) NOT NULL AUTO_INCREMENT,
  `sb_name` varchar(255) CHARACTER SET utf8 DEFAULT NULL,
  `sb_url` varchar(255) CHARACTER SET utf8 DEFAULT NULL,
  `sb_icon` varchar(255) CHARACTER SET utf8 DEFAULT NULL,
  `sb_enable` char(1) CHARACTER SET utf8 DEFAULT '0',
  PRIMARY KEY (`sb_id`)
) ENGINE=MyISAM AUTO_INCREMENT=90 DEFAULT CHARSET=latin1;

--
-- Dumping data for table `idx_pl_sociable`
--

INSERT INTO `idx_pl_sociable` VALUES (1,'BarraPunto','http://barrapunto.com/submit.pl?subj=TITLE&amp;story=PERMALINK','barrapunto.png','0'),(2,'Bitacoras.com','http://bitacoras.com/anotaciones/PERMALINK','bitacoras.png','0'),(3,'BlinkList','http://www.blinklist.com/index.php?Action=Blink/addblink.php&amp;Url=PERMALINK&amp;Title=TITLE','blinklist.png','0'),(4,'blogmarks','http://blogmarks.net/my/new.php?mini=1&amp;simple=1&amp;url=PERMALINK&amp;title=TITLE','blogmarks.png','0'),(5,'Blogosphere News','http://www.blogospherenews.com/submit.php?url=PERMALINK&amp;title=TITLE','blogospherenews.png','0'),(6,'blogtercimlap','http://cimlap.blogter.hu/index.php?action=suggest_link&amp;title=TITLE&amp;url=PERMALINK','blogter.png','0'),(7,'Faves','http://faves.com/Authoring.aspx?u=PERMALINK&amp;title=TITLE','bluedot.png','0'),(8,'connotea','http://www.connotea.org/addpopup?continue=confirm&amp;uri=PERMALINK&amp;title=TITLE&amp;description=EXCERPT','connotea.png','0'),(9,'Current','http://current.com/clipper.htm?url=PERMALINK&amp;title=TITLE','current.png','0'),(10,'del.icio.us','http://delicious.com/post?url=PERMALINK&amp;title=TITLE&amp;notes=EXCERPT','delicious.png','0'),(11,'Digg','http://digg.com/submit?phase=2&amp;url=PERMALINK&amp;title=TITLE&amp;bodytext=EXCERPT','digg.png','1'),(12,'Diigo','http://www.diigo.com/post?url=PERMALINK&amp;title=TITLE','diigo.png','0'),(13,'DotNetKicks','http://www.dotnetkicks.com/kick/?url=PERMALINK&amp;title=TITLE','dotnetkicks.png','0'),(14,'DZone','http://www.dzone.com/links/add.html?url=PERMALINK&amp;title=TITLE','dzone.png','0'),(15,'eKudos','http://www.ekudos.nl/artikel/nieuw?url=PERMALINK&amp;title=TITLE&amp;desc=EXCERPT','ekudos.png','0'),(16,'email','mailto:?subject=TITLE&amp;body=PERMALINK','email_link.png','0'),(17,'Facebook','http://www.facebook.com/share.php?u=PERMALINK&amp;t=TITLE','facebook.png','1'),(18,'Fark','http://cgi.fark.com/cgi/fark/farkit.pl?h=TITLE&amp;u=PERMALINK','fark.png','0'),(19,'Fleck','http://beta3.fleck.com/bookmarklet.php?url=PERMALINK&amp;title=TITLE','fleck.png','0'),(20,'FriendFeed','http://www.friendfeed.com/share?title=TITLE&amp;link=PERMALINK','friendfeed.png','0'),(21,'FSDaily','http://www.fsdaily.com/submit?url=PERMALINK&amp;title=TITLE','fsdaily.png','0'),(22,'Global Grind','http://globalgrind.com/submission/submit.aspx?url=PERMALINK&amp;type=Article&amp;title=TITLE','globalgrind.png','0'),(23,'Google','http://www.google.com/bookmarks/mark?op=edit&amp;bkmk=PERMALINK&amp;title=TITLE&amp;annotation=EXCERPT','googlebookmark.png','0'),(24,'Gwar','http://www.gwar.pl/DodajGwar.html?u=PERMALINK','gwar.png','0'),(25,'HackerNews','http://news.ycombinator.com/submitlink?u=PERMALINK&amp;t=TITLE','hackernews.png','0'),(26,'Haohao','http://www.haohaoreport.com/submit.php?url=PERMALINK&amp;title=TITLE','haohao.png','0'),(27,'HealthRanker','http://healthranker.com/submit.php?url=PERMALINK&amp;title=TITLE','healthranker.png','0'),(28,'HelloTxt','http://hellotxt.com/?status=TITLE+PERMALINK','hellotxt.png','0'),(29,'Hemidemi','http://www.hemidemi.com/user_bookmark/new?title=TITLE&amp;url=PERMALINK','hemidemi.png','0'),(30,'Hyves','http://www.hyves.nl/profilemanage/add/tips/?name=TITLE&amp;text=EXCERPT+PERMALINK&amp;rating=5','hyves.png','0'),(31,'Identi.ca','http://identi.ca/notice/new?status_textarea=PERMALINK','identica.png','0'),(32,'IndianPad','http://www.indianpad.com/submit.php?url=PERMALINK','indianpad.png','0'),(33,'Internetmedia','http://internetmedia.hu/submit.php?url=PERMALINK','im.png','0'),(34,'Kirtsy','http://www.kirtsy.com/submit.php?url=PERMALINK&amp;title=TITLE','kirtsy.png','0'),(35,'laaik.it','http://laaik.it/NewStoryCompact.aspx?uri=PERMALINK&amp;headline=TITLE&amp;cat=5e082fcc-8a3b-47e2-acec-fdf64ff19d12','laaikit.png','0'),(36,'LinkArena','http://linkarena.com/bookmarks/addlink/?url=PERMALINK&amp;title=TITLE','linkarena.png','0'),(37,'LinkaGoGo','http://www.linkagogo.com/go/AddNoPopup?url=PERMALINK&amp;title=TITLE','linkagogo.png','0'),(38,'LinkedIn','http://www.linkedin.com/shareArticle?mini=true&amp;url=PERMALINK&amp;title=TITLE&amp;source=BLOGNAME&amp;summary=EXCERPT','linkedin.png','0'),(39,'Linkter','http://www.linkter.hu/index.php?action=suggest_link&amp;url=PERMALINK&amp;title=TITLE','linkter.png','0'),(40,'Live','https://favorites.live.com/quickadd.aspx?marklet=1&amp;url=PERMALINK&amp;title=TITLE','live.png','0'),(41,'Meneame','http://meneame.net/submit.php?url=PERMALINK','meneame.png','0'),(42,'MisterWong','http://www.mister-wong.com/addurl/?bm_url=PERMALINK&amp;bm_description=TITLE&amp;plugin=soc','misterwong.png','0'),(43,'MisterWong.DE','http://www.mister-wong.de/addurl/?bm_url=PERMALINK&amp;bm_description=TITLE&amp;plugin=soc','misterwong.png','0'),(44,'Mixx','http://www.mixx.com/submit?page_url=PERMALINK&amp;title=TITLE','mixx.png','0'),(45,'muti','http://www.muti.co.za/submit?url=PERMALINK&amp;title=TITLE','muti.png','0'),(46,'MyShare','http://myshare.url.com.tw/index.php?func=newurl&amp;url=PERMALINK&amp;desc=TITLE','myshare.png','0'),(47,'MySpace','http://www.myspace.com/Modules/PostTo/Pages/?u=PERMALINK&amp;t=TITLE','myspace.png','0'),(48,'MSNReporter','http://reporter.nl.msn.com/?fn=contribute&amp;Title=TITLE&amp;URL=PERMALINK&amp;cat_id=6&amp;tag_id=31&amp;Remark=EXCERPT','msnreporter.png','0'),(49,'N4G','http://www.n4g.com/tips.aspx?url=PERMALINK&amp;title=TITLE','n4g.png','0'),(50,'Netvibes','http://www.netvibes.com/share?title=TITLE&amp;url=PERMALINK','netvibes.png','0'),(51,'NewsVine','http://www.newsvine.com/_tools/seed&amp;save?u=PERMALINK&amp;h=TITLE','newsvine.png','0'),(52,'Netvouz','http://www.netvouz.com/action/submitBookmark?url=PERMALINK&amp;title=TITLE&amp;popup=no','netvouz.png','0'),(53,'NuJIJ','http://nujij.nl/jij.lynkx?t=TITLE&amp;u=PERMALINK&amp;b=EXCERPT','nujij.png','0'),(54,'Ping.fm','http://ping.fm/ref/?link=PERMALINK&amp;title=TITLE&amp;body=EXCERPT','ping.png','0'),(55,'Posterous','http://posterous.com/share?linkto=PERMALINK&amp;title=TITLE&amp;selection=EXCERPT','posterous.png','0'),(56,'PDF','http://www.printfriendly.com/print?url=PERMALINK&amp;partner=sociable','pdf.png','0'),(57,'Print','http://www.printfriendly.com/print?url=PERMALINK&amp;partner=sociable','printfriendly.png','0'),(58,'Propeller','http://www.propeller.com/submit/?url=PERMALINK','propeller.png','0'),(59,'Ratimarks','http://ratimarks.org/bookmarks.php/?action=add&address=PERMALINK&amp;title=TITLE','ratimarks.png','0'),(60,'Rec6','http://rec6.via6.com/link.php?url=PERMALINK&amp;=TITLE','rec6.png','0'),(61,'Reddit','http://reddit.com/submit?url=PERMALINK&amp;title=TITLE','reddit.png','0'),(62,'RSS','FEEDLINK','rss.png','0'),(63,'Scoopeo','http://www.scoopeo.com/scoop/new?newurl=PERMALINK&amp;title=TITLE','scoopeo.png','0'),(64,'Segnalo','http://segnalo.alice.it/post.html.php?url=PERMALINK&amp;title=TITLE','segnalo.png','0'),(65,'Simpy','http://www.simpy.com/simpy/LinkAdd.do?href=PERMALINK&amp;title=TITLE','simpy.png','0'),(66,'Slashdot','http://slashdot.org/bookmark.pl?title=TITLE&amp;url=PERMALINK','slashdot.png','0'),(67,'Socialogs','http://socialogs.com/add_story.php?story_url=PERMALINK&amp;story_title=TITLE','socialogs.png','0'),(68,'SphereIt','http://www.sphere.com/search?q=sphereit:PERMALINK&amp;title=TITLE','sphere.png','0'),(69,'Sphinn','http://sphinn.com/index.php?c=post&amp;m=submit&amp;link=PERMALINK','sphinn.png','0'),(70,'StumbleUpon','http://www.stumbleupon.com/submit?url=PERMALINK&amp;title=TITLE','stumbleupon.png','0'),(71,'Techmeme','http://twitter.com/home/?status=tip%20@Techmeme%20PERMALINK%20TITLE','techmeme.png','0'),(72,'Technorati','http://technorati.com/faves?add=PERMALINK','technorati.png','1'),(73,'ThisNext','http://www.thisnext.com/pick/new/submit/sociable/?url=PERMALINK&amp;name=TITLE','thisnext.png','0'),(74,'Tipd','http://tipd.com/submit.php?url=PERMALINK','tipd.png','0'),(75,'Tumblr','http://www.tumblr.com/share?v=3&amp;u=PERMALINK&amp;t=TITLE&amp;s=EXCERPT','tumblr.png','0'),(76,'Twitter','http://twitter.com/home?status=TITLE%20-%20PERMALINK','twitter.png','1'),(77,'Upnews','http://www.upnews.it/submit?url=PERMALINK&amp;title=TITLE','upnews.png','0'),(78,'Webnews.de','http://www.webnews.de/einstellen?url=PERMALINK&amp;title=TITLE','webnews.png','0'),(79,'Webride','http://webride.org/discuss/split.php?uri=PERMALINK&amp;title=TITLE','webride.png','0'),(80,'Wikio','http://www.wikio.com/vote?url=PERMALINK','wikio.png','0'),(81,'Wikio FR','http://www.wikio.fr/vote?url=PERMALINK','wikio.png','0'),(82,'Wikio IT','http://www.wikio.it/vote?url=PERMALINK','wikio.png','0'),(83,'Wists','http://wists.com/s.php?c=&amp;r=PERMALINK&amp;title=TITLE','wists.png','0'),(84,'Wykop','http://www.wykop.pl/dodaj?url=PERMALINK','wykop.png','0'),(85,'Xerpi','http://www.xerpi.com/block/add_link_from_extension?url=PERMALINK&amp;title=TITLE','xerpi.png','0'),(86,'YahooBuzz','http://buzz.yahoo.com/submit/?submitUrl=PERMALINK&amp;submitHeadline=TITLE&amp;submitSummary=EXCERPT&amp;submitCategory=science&amp;submitAssetType=text','yahoobuzz.png','0'),(87,'Yahoo! Bookmarks','http://bookmarks.yahoo.com/toolbar/savebm?u=PERMALINK&amp;t=TITLE&opener=bm&amp;ei=UTF-8&amp;d=EXCERPT','yahoomyweb.png','0'),(88,'Yigg','http://yigg.de/neu?exturl=PERMALINK&amp;exttitle=TITLE','yiggit.png','0'),(89,'Blogplay','http://blogplay.com','blogplay.png','0');

--
-- Table structure for table `idx_pl_twitter_account`
--

CREATE TABLE `idx_pl_twitter_account` (
  `ck` varchar(255) CHARACTER SET utf8 DEFAULT NULL,
  `cs` varchar(255) CHARACTER SET utf8 DEFAULT NULL,
  `at` varchar(255) CHARACTER SET utf8 DEFAULT NULL,
  `ats` varchar(255) CHARACTER SET utf8 DEFAULT NULL
) ENGINE=MyISAM DEFAULT CHARSET=latin1;

--
-- Dumping data for table `idx_pl_twitter_account`
--

INSERT INTO `idx_pl_twitter_account` VALUES ('A2i8aEcPO10dqJzrQV31gQ','hxaeNoa9vhd2mjMTytmDfO944DlJkx0nVVL5jl7kU','356947202-7bkrC1H3h6cHSJo3TZtMZzkMhhKbnt9PMw3kuwu0','1yVsXuLC5MRlAOYqeQafXtiZWEgaGEViRjUBViddY');

--
-- Table structure for table `idx_plugin`
--

CREATE TABLE `idx_plugin` (
  `plugin_id` int(11) NOT NULL AUTO_INCREMENT,
  `name` varchar(255) DEFAULT NULL,
  `plugin_file` varchar(255) DEFAULT NULL,
  `status` enum('0','1') DEFAULT NULL,
  `option_plugin` text,
  PRIMARY KEY (`plugin_id`)
) ENGINE=MyISAM AUTO_INCREMENT=3 DEFAULT CHARSET=latin1;

--
-- Dumping data for table `idx_plugin`
--

INSERT INTO `idx_plugin` VALUES (1,'AutoTweet','twitter_auto_tweet/twitter_auto_tweet.php','1',NULL),(2,'Sociable','sociable/sociable.php','1',NULL);

--
-- Table structure for table `idx_review`
--

CREATE TABLE `idx_review` (
  `review_id` mediumint(9) unsigned NOT NULL AUTO_INCREMENT,
  `link_id` mediumint(9) unsigned NOT NULL DEFAULT '0',
  `review` text NOT NULL,
  `rating` tinyint(3) unsigned NOT NULL DEFAULT '0',
  `date` date NOT NULL DEFAULT '0000-00-00',
  `subject` varchar(100) DEFAULT NULL,
  `status` char(1) DEFAULT NULL,
  `username` varchar(20) DEFAULT NULL,
  `name` varchar(20) DEFAULT NULL,
  `email` varchar(100) DEFAULT NULL,
  PRIMARY KEY (`review_id`)
) ENGINE=MyISAM DEFAULT CHARSET=latin1;

--
-- Dumping data for table `idx_review`
--


--
-- Table structure for table `idx_searchlog`
--

CREATE TABLE `idx_searchlog` (
  `keyword` varchar(100) NOT NULL DEFAULT '',
  `time` datetime NOT NULL DEFAULT '0000-00-00 00:00:00',
  `result` mediumint(9) unsigned DEFAULT NULL,
  `ip` varchar(100) DEFAULT NULL
) ENGINE=MyISAM DEFAULT CHARSET=latin1;

--
-- Dumping data for table `idx_searchlog`
--

INSERT INTO `idx_searchlog` VALUES ('glasscastleinc.com','2011-12-16 09:29:41',1,'203.92.47.195'),('charliescollisionandautorepair.com','2011-12-16 09:30:13',1,'203.92.47.195'),('Dayandschiszik.net','2011-12-16 09:30:54',1,'203.92.47.195'),('Myglasspros.com','2011-12-16 09:32:19',0,'203.92.47.195'),('windscreens4u.co.uk','2012-01-11 13:18:05',1,'203.92.47.195'),('http://www.simonsandsimonslaw.com','2012-02-23 08:46:47',1,'203.92.47.195'),('http://www.adcoheatingandair.com','2012-03-07 08:38:42',1,'203.92.47.195');

--
-- Table structure for table `idx_set_hook_place`
--

CREATE TABLE `idx_set_hook_place` (
  `set_hook_place_id` int(11) NOT NULL AUTO_INCREMENT,
  `plugin` varchar(255) DEFAULT NULL,
  `set_hook_place` text,
  PRIMARY KEY (`set_hook_place_id`)
) ENGINE=MyISAM DEFAULT CHARSET=latin1;

--
-- Dumping data for table `idx_set_hook_place`
--


--
-- Table structure for table `idx_setting`
--

CREATE TABLE `idx_setting` (
  `setting_id` int(11) NOT NULL AUTO_INCREMENT,
  `setting_name` varchar(255) DEFAULT NULL,
  `setting_value` text,
  PRIMARY KEY (`setting_id`)
) ENGINE=MyISAM AUTO_INCREMENT=55 DEFAULT CHARSET=latin1;

--
-- Dumping data for table `idx_setting`
--

INSERT INTO `idx_setting` VALUES (4,'site_name','supercoolpages.org'),(5,'site_url','http://supercoolpages.org'),(6,'email_address','amani.domingos@gmail.com'),(7,'language_code','en_US'),(8,'theme_path','/home/supercoo/public_html/themes/'),(9,'admin_template_path','/home/supercoo/public_html/admin_tpl/'),(10,'plugin_path','/home/supercoo/public_html/plugin/'),(12,'active_theme','_supercoolpages'),(14,'spam_proof','1'),(15,'enable_user_validation','1'),(16,'allowed_file_extension','gif,jpg,png,pdf,zip,doc'),(17,'yahoo_appid',''),(18,'whosonline','600'),(19,'reciprocal_check','0'),(20,'urlcheck_limit','1'),(21,'pagerank_cache','30'),(22,'max_image_width','1024'),(23,'max_image_height','756'),(24,'max_file_size','500'),(25,'only_registered_can_add_link','0'),(26,'only_registered_can_add_review','0'),(27,'db_use_persistent','0'),(28,'paid_link_day_period','30,60,90,180'),(29,'paid_link_price_factor','1,1.5,2,3'),(30,'enable_html_tag','1'),(31,'allowed_html_tag','<b>,<strong>,<i>,<em>,<u>,<pre>,<blockquote>,<ol>,<ul>,<li>,<p>,<span>,<div>,<table>,<tr>,<td>'),(32,'enable_page_compression','0'),(33,'enable_category_ajax','1'),(34,'require_visit_category','0'),(35,'additional_category_price','0.5'),(36,'enable_rating_ajax','1'),(37,'service_nicecoder_avail','1'),(38,'enable_recaptcha','0'),(39,'recaptcha_publickey',''),(40,'recaptcha_privatekey',''),(41,'enable_bidding','0'),(42,'minimum_bid','5'),(43,'bid_increament','1'),(44,'charset','utf-8'),(45,'mailer','mail'),(46,'smtp_auth','0'),(47,'smtp_host',''),(48,'smtp_username',''),(49,'smtp_password',''),(50,'smtp_port','25'),(51,'emailbody_as_html','0'),(52,'indexu_version','2.4'),(53,'tos',''),(54,'submission_guidelines','');

--
-- Table structure for table `idx_tags`
--

CREATE TABLE `idx_tags` (
  `tag` varchar(64) NOT NULL DEFAULT '',
  `category_id` mediumint(8) unsigned NOT NULL DEFAULT '0',
  `total` int(11) NOT NULL DEFAULT '0',
  `tag_path` varchar(64) NOT NULL,
  PRIMARY KEY (`tag`,`category_id`)
) ENGINE=MyISAM DEFAULT CHARSET=latin1;

--
-- Dumping data for table `idx_tags`
--


--
-- Table structure for table `idx_unavailable`
--

CREATE TABLE `idx_unavailable` (
  `idx_unavailable` int(11) NOT NULL AUTO_INCREMENT,
  `link_id` int(11) DEFAULT NULL,
  `url` varchar(255) DEFAULT NULL,
  `who_is` varchar(255) DEFAULT NULL,
  `note` text,
  `date` datetime DEFAULT NULL,
  PRIMARY KEY (`idx_unavailable`)
) ENGINE=MyISAM DEFAULT CHARSET=latin1;

--
-- Dumping data for table `idx_unavailable`
--


--
-- Table structure for table `idx_unavailable_latest`
--

CREATE TABLE `idx_unavailable_latest` (
  `idx_link` int(11) DEFAULT NULL,
  `record_execution` int(11) DEFAULT NULL
) ENGINE=MyISAM DEFAULT CHARSET=latin1;

--
-- Dumping data for table `idx_unavailable_latest`
--


--
-- Table structure for table `idx_votes`
--

CREATE TABLE `idx_votes` (
  `link_id` mediumint(9) NOT NULL DEFAULT '0',
  `ip` varchar(100) DEFAULT NULL,
  `value` tinyint(4) DEFAULT NULL
) ENGINE=MyISAM DEFAULT CHARSET=latin1;

--
-- Dumping data for table `idx_votes`
--



