--
-- Host: webmubarak.com    Database: webmubar_indedxu
-- ------------------------------------------------------


--
-- Not dumping tablespaces as no INFORMATION_SCHEMA.FILES table on this server
--

--
-- Table structure for table `directory_save_data`
--

CREATE TABLE `directory_save_data` (
  `id` bigint(100) NOT NULL auto_increment,
  `schedule_id` bigint(100) NOT NULL,
  `project_id` bigint(100) NOT NULL,
  `link_id` bigint(100) NOT NULL,
  `confirm_link` text NOT NULL,
  `category_id` int(10) NOT NULL,
  `category_name` varchar(150) NOT NULL,
  PRIMARY KEY  (`id`)
) ENGINE=MyISAM DEFAULT CHARSET=latin1;

--
-- Dumping data for table `directory_save_data`
--


--
-- Table structure for table `idx_admin_menu`
--

CREATE TABLE `idx_admin_menu` (
  `menu_id` int(11) NOT NULL auto_increment,
  `parent_id` int(11) default NULL,
  `menu_title` varchar(255) default NULL,
  `menu_url` varchar(255) default NULL,
  `order_number` int(11) default NULL,
  PRIMARY KEY  (`menu_id`)
) ENGINE=MyISAM AUTO_INCREMENT=85 DEFAULT CHARSET=latin1;

--
-- Dumping data for table `idx_admin_menu`
--

INSERT INTO `idx_admin_menu` VALUES (1,0,'Dashboard','summary.php',0),(3,0,'Categories','cat_view.php',0),(4,3,'View/ Edit/ Delete','cat_view.php',1),(5,3,'Add New Category','cat_add.php',2),(2,1,'Summary','summary.php',1),(7,3,'Check Category Structure','cat_struc.php',4),(8,3,'Update Category Path','cat_path_update.php',5),(6,3,'Pending Category','cat_pending_suggestion.php',3),(9,3,'Set Default Price','cat_set_default_price.php',6),(10,3,'Hidden Category','cat_view_hidden.php',7),(11,3,'Registered Users Only','cat_view_registered_only.php',8),(12,3,'Search Category','cat_search.php',9),(13,0,'Links','link_search.php',0),(14,13,'Search/ Edit/ Delete','link_search.php',1),(15,13,'Add New Link','link_add.php',2),(16,13,'Validate Link','link_validate.php',3),(17,13,'Premium Listing','link_premium_listing.php',4),(18,13,'Sponsored Listing','link_sponsored_listing.php',5),(19,13,'Suspended Listing','link_suspended_listing.php',6),(20,13,'Spam Links','link_validate.php?spam=1',7),(22,13,'Update Number of Links','app_update_nol.php',9),(23,13,'Update Tag Clouds','tag_cloud_update.php',10),(21,13,'Editor Pick Links','link_editor_pick.php',8),(25,13,'Validate Reviews','review_validate.php',11),(26,13,'Discount Coupon','coupon.php',12),(27,13,'Default Field','link_default_field.php',13),(28,13,'Custom Field','link_custom_field.php',14),(29,0,'Users','user_active.php',0),(30,29,'View All','user_active.php',1),(31,29,'Add New User','user_add.php',2),(32,29,'View Suspend','user_suspend.php',3),(33,29,'View Unactive','user_active.php?pflag=Unactive',4),(34,29,'Search User','user_search.php',5),(35,0,'Editors','editor_add.php',0),(36,35,'Add New Editor','editor_add.php',1),(37,35,'Validate Editors','editor_validate.php',2),(38,0,'Invoices','inv_config.php',0),(39,38,'Configure','inv_config.php',1),(40,38,'Create An Invoice','inv_create.php',2),(41,38,'Paid Invoice','inv_paid.php',3),(42,38,'Unpaid Invoice','inv_unpaid.php',4),(43,38,'Overdue Invoice','inv_overdue.php',5),(44,38,'Payment History','pay_history.php',6),(45,0,'Mailling Systems','message_view.php',0),(46,45,'Send/ Edit/ Delete','message_view.php',1),(47,45,'Create Template','message_create.php',2),(48,45,'Mailing List Subscribers','message_subscriber.php',3),(49,0,'Templates','template_manager.php',0),(50,49,'Site Templates Manager','template_manager.php',1),(51,49,'Import Site Template','template_import.php',2),(52,49,'Export Site Template','template_export.php',3),(53,49,'Email Templates','email_template.php',4),(54,49,'Export Email Template','email_template_export.php',5),(55,49,'Import Email Template','email_template_import.php',6),(56,0,'Tools','link_duplicate.php',0),(57,56,'Find Duplicate Link','link_duplicate.php',1),(58,56,'Broken Link Report','link_bad.php',2),(59,56,'Spider Link CheckUrl','checkurl_web.php',3),(60,56,'Block Name server Domain','blocked_domain_list.php',4),(61,56,'Add Block Name server Domain','add_blocked_domain.php',5),(62,56,'Unavailable domain listing','unavailable_link_list.php',6),(63,56,'Clear Template Cache','clear_templates_c.php',7),(64,56,'PHP Configuration','phpinfo.php',8),(65,56,'Sitemap Generator','sitemap.php',9),(66,56,'Cronjobs','cronjobs.php',10),(67,56,'Fetch Meta','fetch_meta.php',11),(68,56,'Hook Place','hook_place.php',12),(69,56,'CheckUrl Result','link_checkurl.php',13),(70,56,'View Search Log','log_search.php',14),(71,56,'Bad Words Filter','badword_filter.php',15),(72,0,'Options','app_setup.php',0),(73,72,'Setup','app_setup.php',1),(74,72,'Page Caching','app_page_caching.php',2),(75,72,'Mod-rewrite','app_mod_rewrite.php',3),(76,72,'Change Password','app_change_pwd.php',4),(77,0,'Database','db_import.php',0),(78,77,'Import','db_import.php',1),(79,77,'Export','db_export.php',2),(80,77,'Backup','db_backup.php',3),(81,77,'Query','db_query.php',4),(82,77,'Find Replace','db_find_replace.php',5),(83,0,'Plugins','plugin_listing.php',0),(84,83,'View All','plugin_listing.php',1);

--
-- Table structure for table `idx_bad_link`
--

CREATE TABLE `idx_bad_link` (
  `bad_link_id` mediumint(9) unsigned NOT NULL auto_increment,
  `link_id` mediumint(9) unsigned NOT NULL default '0',
  `name` varchar(50) NOT NULL default '',
  `email` varchar(50) NOT NULL default '',
  `type` tinyint(3) unsigned NOT NULL default '0',
  `date` date NOT NULL default '0000-00-00',
  PRIMARY KEY  (`bad_link_id`)
) ENGINE=MyISAM DEFAULT CHARSET=latin1;

--
-- Dumping data for table `idx_bad_link`
--


--
-- Table structure for table `idx_badwords`
--

CREATE TABLE `idx_badwords` (
  `word` varchar(100) NOT NULL default ''
) ENGINE=MyISAM DEFAULT CHARSET=latin1;

--
-- Dumping data for table `idx_badwords`
--


--
-- Table structure for table `idx_blocked_domain`
--

CREATE TABLE `idx_blocked_domain` (
  `blocked_id` int(11) NOT NULL auto_increment,
  `blocked` varchar(255) default NULL,
  `type` enum('domain','ip') default NULL,
  PRIMARY KEY  (`blocked_id`)
) ENGINE=MyISAM AUTO_INCREMENT=6 DEFAULT CHARSET=latin1;

--
-- Dumping data for table `idx_blocked_domain`
--

INSERT INTO `idx_blocked_domain` VALUES (1,'buydomains.com','domain'),(2,'this-domain-for-sale.com ','domain'),(3,'oversee.net','domain'),(4,'eNom','domain'),(5,'sedoparking.com','domain');

--
-- Table structure for table `idx_category`
--

CREATE TABLE `idx_category` (
  `category_id` mediumint(9) unsigned NOT NULL auto_increment,
  `parent_id` mediumint(9) unsigned NOT NULL default '0',
  `name` varchar(100) NOT NULL default '',
  `description` text NOT NULL,
  `image` varchar(100) default NULL,
  `content` text,
  `visible` char(1) default NULL,
  `links` mediumint(9) default NULL,
  `meta_keyword` text,
  `meta_description` text,
  `permission` char(2) default NULL,
  `registered_only` char(1) default NULL,
  `header` text NOT NULL,
  `footer` text NOT NULL,
  `related` mediumint(6) NOT NULL default '0',
  `page_title` varchar(200) NOT NULL default '',
  `hits` int(11) NOT NULL default '0',
  `order_num` smallint(6) NOT NULL default '0',
  `basic_price` double unsigned NOT NULL default '0',
  `premium_price` double unsigned NOT NULL default '0',
  `sponsored_price` double unsigned NOT NULL default '0',
  PRIMARY KEY  (`category_id`)
) ENGINE=MyISAM AUTO_INCREMENT=36 DEFAULT CHARSET=latin1;

--
-- Dumping data for table `idx_category`
--

INSERT INTO `idx_category` VALUES (1,0,'Arts & Humanities','','folder.gif','','1',0,'','','1','0','','',0,'',0,0,0,0,0),(2,0,'Automobile industry','','folder.gif','','1',0,'','','1','0','','',0,'',0,0,0,0,0),(3,0,'Business & Economy','','folder.gif','','1',1,'','','1','0','','',0,'',0,0,0,0,0),(4,0,'Careers','','folder.gif','','1',0,'','','1','0','','',0,'',0,0,0,0,0),(5,0,'Clothing & Fashion','','folder.gif','','1',0,'','','1','0','','',0,'',0,0,0,0,0),(6,0,'Mass Communications','','folder.gif','','1',0,'','','1','0','','',0,'',0,0,0,0,0),(7,0,'Computers & IT','','folder.gif','','1',1,'','','1','0','','',0,'',0,0,0,0,0),(8,0,'Construction Services','','folder.gif','','1',0,'','','1','0','','',0,'',0,0,0,0,0),(9,0,'Dental Health','','folder.gif','','1',0,'','','1','0','','',0,'',0,0,0,0,0),(10,0,'Education & Training','','folder.gif','','1',0,'','','1','0','','',0,'',0,0,0,0,0),(11,0,'Employment & Recruitment','','folder.gif','','1',0,'','','1','0','','',0,'',0,0,0,0,0),(12,0,'Gifts & Novelties','','folder.gif','','1',0,'','','1','0','','',0,'',0,0,0,0,0),(13,0,'Software & Hardware','','folder.gif','','1',0,'','','1','0','','',0,'',0,0,0,0,0),(14,0,'Health Services','','folder.gif','','1',0,'','','1','0','','',0,'',0,0,0,0,0),(15,0,'Healthcare Industry','','folder.gif','','1',1,'','','1','0','','',0,'',0,0,0,0,0),(16,0,'Air Conditioning & Heating','','folder.gif','','1',1,'','','1','0','','',0,'',0,0,0,0,0),(17,0,'Home & Garden Decor','','folder.gif','','1',0,'','','1','0','','',0,'',0,0,0,0,0),(18,0,'Home Improvement Services','','folder.gif','','1',0,'','','1','0','','',0,'',0,0,0,0,0),(19,0,'Hotels & Resorts','','folder.gif','','1',0,'','','1','0','','',0,'',0,0,0,0,0),(20,0,'Insurance Services','','folder.gif','','1',1,'','','1','0','','',0,'',0,0,0,0,0),(21,0,'Law Services','','folder.gif','','1',0,'','','1','0','','',0,'',0,0,0,0,0),(22,0,'Lawyers and Law Firms','','folder.gif','','1',6,'','','1','0','','',0,'',0,0,0,0,0),(23,0,'Lifestyle & People','','folder.gif','','1',0,'','','1','0','','',0,'',0,0,0,0,0),(24,0,'Medicine  Facilities','','folder.gif','','1',0,'','','1','0','','',0,'',0,0,0,0,0),(25,0,'Financial Services','','folder.gif','','1',0,'','','1','0','','',0,'',0,0,0,0,0),(26,0,'News & Media','','folder.gif','','1',0,'','','1','0','','',0,'',0,0,0,0,0),(27,0,'Plumbing Contractors','','folder.gif','','1',0,'','','1','0','','',0,'',0,0,0,0,0),(28,0,'Real Estate & Property','','folder.gif','','1',1,'','','1','0','','',0,'',0,0,0,0,0),(29,0,'Science','','folder.gif','','1',0,'','','1','0','','',0,'',0,0,0,0,0),(30,0,'SEO & SMO Services','','folder.gif','','1',0,'','','1','0','','',0,'',0,0,0,0,0),(31,0,'Shopping and Sales','','folder.gif','','1',2,'','','1','0','','',0,'',0,0,0,0,0),(32,0,'Sports & Recreation','','folder.gif','','1',0,'','','1','0','','',0,'',0,0,0,0,0),(33,0,'Transportation Services','','folder.gif','','1',0,'','','1','0','','',0,'',0,0,0,0,0),(34,0,'Travel & Tour','','folder.gif','','1',0,'','','1','0','','',0,'',0,0,0,0,0),(35,0,'Weddings','','folder.gif','','1',1,'','','1','0','','',0,'',0,0,0,0,0);

--
-- Table structure for table `idx_category_path`
--

CREATE TABLE `idx_category_path` (
  `category_id` mediumint(9) NOT NULL default '0',
  `path` text,
  `path_with_url` text,
  `parents` text,
  PRIMARY KEY  (`category_id`)
) ENGINE=MyISAM DEFAULT CHARSET=latin1;

--
-- Dumping data for table `idx_category_path`
--

INSERT INTO `idx_category_path` VALUES (1,'Arts & Humanities','<a href=\"http://webmubarak.com/arts-humanities/\" name=\"cat_1\" style=\"\">Arts & Humanities</a>',';0;'),(2,'Automobile industry','<a href=\"http://webmubarak.com/automobile-industry/\" name=\"cat_2\" style=\"\">Automobile industry</a>',';0;'),(3,'Business & Economy','<a href=\"http://webmubarak.com/business-economy/\" name=\"cat_3\" style=\"\">Business & Economy</a>',';0;'),(4,'Careers','<a href=\"http://webmubarak.com/careers/\" name=\"cat_4\" style=\"\">Careers</a>',';0;'),(5,'Clothing & Fashion','<a href=\"http://webmubarak.com/clothing-fashion/\" name=\"cat_5\" style=\"\">Clothing & Fashion</a>',';0;'),(6,'Mass Communications','<a href=\"http://webmubarak.com/mass-communications/\" name=\"cat_6\" style=\"\">Mass Communications</a>',';0;'),(7,'Computers & IT','<a href=\"http://webmubarak.com/computers-it/\" name=\"cat_7\" style=\"\">Computers & IT</a>',';0;'),(8,'Construction Services','<a href=\"http://webmubarak.com/construction-services/\" name=\"cat_8\" style=\"\">Construction Services</a>',';0;'),(9,'Dental Health','<a href=\"http://webmubarak.com/dental-health/\" name=\"cat_9\" style=\"\">Dental Health</a>',';0;'),(10,'Education & Training','<a href=\"http://webmubarak.com/education-training/\" name=\"cat_10\" style=\"\">Education & Training</a>',';0;'),(11,'Employment & Recruitment','<a href=\"http://webmubarak.com/employment-recruitment/\" name=\"cat_11\" style=\"\">Employment & Recruitment</a>',';0;'),(12,'Gifts & Novelties','<a href=\"http://webmubarak.com/gifts-novelties/\" name=\"cat_12\" style=\"\">Gifts & Novelties</a>',';0;'),(13,'Software & Hardware','<a href=\"http://webmubarak.com/software-hardware/\" name=\"cat_13\" style=\"\">Software & Hardware</a>',';0;'),(14,'Health Services','<a href=\"http://webmubarak.com/health-services/\" name=\"cat_14\" style=\"\">Health Services</a>',';0;'),(15,'Healthcare Industry','<a href=\"http://webmubarak.com/healthcare-industry/\" name=\"cat_15\" style=\"\">Healthcare Industry</a>',';0;'),(16,'Air Conditioning & Heating','<a href=\"http://webmubarak.com/air-conditioning-heating/\" name=\"cat_16\" style=\"\">Air Conditioning & Heating</a>',';0;'),(17,'Home & Garden Decor','<a href=\"http://webmubarak.com/home-garden-decor/\" name=\"cat_17\" style=\"\">Home & Garden Decor</a>',';0;'),(18,'Home Improvement Services','<a href=\"http://webmubarak.com/home-improvement-services/\" name=\"cat_18\" style=\"\">Home Improvement Services</a>',';0;'),(19,'Hotels & Resorts','<a href=\"http://webmubarak.com/hotels-resorts/\" name=\"cat_19\" style=\"\">Hotels & Resorts</a>',';0;'),(20,'Insurance Services','<a href=\"http://webmubarak.com/insurance-services/\" name=\"cat_20\" style=\"\">Insurance Services</a>',';0;'),(21,'Law Services','<a href=\"http://webmubarak.com/law-services/\" name=\"cat_21\" style=\"\">Law Services</a>',';0;'),(22,'Lawyers and Law Firms','<a href=\"http://webmubarak.com/lawyers-and-law-firms/\" name=\"cat_22\" style=\"\">Lawyers and Law Firms</a>',';0;'),(23,'Lifestyle & People','<a href=\"http://webmubarak.com/lifestyle-people/\" name=\"cat_23\" style=\"\">Lifestyle & People</a>',';0;'),(24,'Medicine  Facilities','<a href=\"http://webmubarak.com/medicine-facilities/\" name=\"cat_24\" style=\"\">Medicine  Facilities</a>',';0;'),(25,'Financial Services','<a href=\"http://webmubarak.com/financial-services/\" name=\"cat_25\" style=\"\">Financial Services</a>',';0;'),(26,'News & Media','<a href=\"http://webmubarak.com/news-media/\" name=\"cat_26\" style=\"\">News & Media</a>',';0;'),(27,'Plumbing Contractors','<a href=\"http://webmubarak.com/plumbing-contractors/\" name=\"cat_27\" style=\"\">Plumbing Contractors</a>',';0;'),(28,'Real Estate & Property','<a href=\"http://webmubarak.com/real-estate-property/\" name=\"cat_28\" style=\"\">Real Estate & Property</a>',';0;'),(29,'Science','<a href=\"http://webmubarak.com/science/\" name=\"cat_29\" style=\"\">Science</a>',';0;'),(30,'SEO & SMO Services','<a href=\"http://webmubarak.com/seo-smo-services/\" name=\"cat_30\" style=\"\">SEO & SMO Services</a>',';0;'),(31,'Shopping and Sales','<a href=\"http://webmubarak.com/shopping-and-sales/\" name=\"cat_31\" style=\"\">Shopping and Sales</a>',';0;'),(32,'Sports & Recreation','<a href=\"http://webmubarak.com/sports-recreation/\" name=\"cat_32\" style=\"\">Sports & Recreation</a>',';0;'),(33,'Transportation Services','<a href=\"http://webmubarak.com/transportation-services/\" name=\"cat_33\" style=\"\">Transportation Services</a>',';0;'),(34,'Travel & Tour','<a href=\"http://webmubarak.com/travel-tour/\" name=\"cat_34\" style=\"\">Travel & Tour</a>',';0;'),(35,'Weddings','<a href=\"http://webmubarak.com/weddings/\" name=\"cat_35\" style=\"\">Weddings</a>',';0;');

--
-- Table structure for table `idx_category_suggession`
--

CREATE TABLE `idx_category_suggession` (
  `id_cat_suggession` int(11) NOT NULL auto_increment,
  `parent_id` int(11) default NULL,
  `name` varchar(255) default NULL,
  `category_description` text,
  `date` datetime default NULL,
  PRIMARY KEY  (`id_cat_suggession`)
) ENGINE=MyISAM DEFAULT CHARSET=latin1;

--
-- Dumping data for table `idx_category_suggession`
--


--
-- Table structure for table `idx_checkurl`
--

CREATE TABLE `idx_checkurl` (
  `link_id` mediumint(9) NOT NULL default '0',
  `date` date NOT NULL default '0000-00-00',
  `live` char(1) NOT NULL default '',
  `reciprocal_found` char(1) NOT NULL default '',
  PRIMARY KEY  (`link_id`)
) ENGINE=MyISAM DEFAULT CHARSET=latin1;

--
-- Dumping data for table `idx_checkurl`
--


--
-- Table structure for table `idx_cronjobs`
--

CREATE TABLE `idx_cronjobs` (
  `cronjobs_id` int(11) NOT NULL auto_increment,
  `cronjobs_name` varchar(255) default NULL,
  `filename` varchar(255) NOT NULL,
  `schedule` varchar(255) NOT NULL,
  `time` datetime NOT NULL,
  `execution` varchar(1) NOT NULL,
  PRIMARY KEY  (`cronjobs_id`)
) ENGINE=MyISAM AUTO_INCREMENT=4 DEFAULT CHARSET=latin1;

--
-- Dumping data for table `idx_cronjobs`
--

INSERT INTO `idx_cronjobs` VALUES (1,NULL,'clear_templates_c.php','1,*,*,*,*','0000-00-00 00:00:00',''),(2,NULL,'update_tag_cloud.php','*,24,*,*,*','0000-00-00 00:00:00',''),(3,NULL,'clear_rss_cache.php','*,24,*,*,*','0000-00-00 00:00:00','');

--
-- Table structure for table `idx_custom_field`
--

CREATE TABLE `idx_custom_field` (
  `field_name` varchar(32) NOT NULL default '',
  `field_text` varchar(64) NOT NULL default '',
  `field_type` enum('TEXT','TEXTAREA','SELECT','MULTISELECT','CHECKBOX','RADIO','FILE','IMAGE','DATE','DATETIME','RICHEDITOR') NOT NULL default 'TEXT',
  `field_option` text NOT NULL,
  `field_img_width` int(10) unsigned NOT NULL default '0',
  `field_img_height` int(10) unsigned NOT NULL default '0',
  `field_file_size` int(10) unsigned NOT NULL default '0',
  `field_file_extension` varchar(64) NOT NULL default '',
  `required` char(1) NOT NULL default '0',
  `searchable` char(1) NOT NULL default '1',
  `permission` char(1) NOT NULL default '0'
) ENGINE=MyISAM DEFAULT CHARSET=latin1;

--
-- Dumping data for table `idx_custom_field`
--

INSERT INTO `idx_custom_field` VALUES ('image','Image','IMAGE','',0,0,0,'','0','0','2'),('address','Address','TEXT','',0,0,0,'','0','0','0'),('city','City','TEXT','',0,0,0,'','0','0','0'),('state','State','TEXT','',0,0,0,'','0','0','0'),('country','Country','TEXT','',0,0,0,'','0','0','0'),('zip','Zip','TEXT','',0,0,0,'','0','0','0'),('phone','Phone','TEXT','',0,0,0,'','0','0','0'),('fax','Fax','TEXT','',0,0,0,'','0','0','0');

--
-- Table structure for table `idx_default_field`
--

CREATE TABLE `idx_default_field` (
  `field_name` varchar(64) NOT NULL,
  `required` char(1) NOT NULL,
  `visible` char(1) NOT NULL default '1',
  `searchable` char(1) NOT NULL default '1'
) ENGINE=MyISAM DEFAULT CHARSET=latin1;

--
-- Dumping data for table `idx_default_field`
--

INSERT INTO `idx_default_field` VALUES ('title','1','1','1'),('url','1','1','1'),('description','1','1','1'),('keywords','1','1','0'),('contact_name','1','1','1'),('email','1','1','1'),('reciprocal_url','0','0','1');

--
-- Table structure for table `idx_discount_coupon`
--

CREATE TABLE `idx_discount_coupon` (
  `coupon_id` int(11) NOT NULL auto_increment,
  `coupon_code` varchar(255) default NULL,
  `coupon_value` varchar(50) default NULL,
  `link_type` varchar(255) default NULL,
  `start_date` date default NULL,
  `expired_date` date default NULL,
  `expired_usage` int(11) default NULL,
  `usage_count` int(11) default NULL,
  PRIMARY KEY  (`coupon_id`)
) ENGINE=MyISAM DEFAULT CHARSET=latin1;

--
-- Dumping data for table `idx_discount_coupon`
--


--
-- Table structure for table `idx_editor`
--

CREATE TABLE `idx_editor` (
  `username` varchar(20) default NULL,
  `category_id` mediumint(9) default NULL,
  `category` char(1) default NULL,
  `link` char(1) default NULL,
  `review` char(1) default NULL,
  `pick` char(1) default NULL,
  `status` char(1) default NULL,
  `date` date default NULL
) ENGINE=MyISAM DEFAULT CHARSET=latin1;

--
-- Dumping data for table `idx_editor`
--


--
-- Table structure for table `idx_email_template`
--

CREATE TABLE `idx_email_template` (
  `email_template_id` int(10) unsigned NOT NULL auto_increment,
  `name` varchar(255) default NULL,
  `subject` varchar(255) default NULL,
  `body` text,
  `altbody` text,
  PRIMARY KEY  (`email_template_id`)
) ENGINE=MyISAM AUTO_INCREMENT=37 DEFAULT CHARSET=latin1;

--
-- Dumping data for table `idx_email_template`
--

INSERT INTO `idx_email_template` VALUES (1,'add_ok','Resource Added','<div style=\"font-weight:bold;\">Thank you for your submission to <%$site_name%></div>\r\n<p>\r\n<div style=\"float:left;width:200px;\">Resource ID</div>\r\n<div style=\"float:left;width:10px;\"> : </div>\r\n<div style=\"float:left;width:200px;\"><%$link_id%></div>\r\n<div style=\"float:left;width:200px;\">Title</div>\r\n<div style=\"float:left;width:10px;\"> : </div>\r\n<div style=\"float:left;width:200px;\"><%$title%></div>\r\n<div style=\"float:left;width:200px;\">Url</div>\r\n<div style=\"float:left;width:10px;\">  : </div>\r\n<div style=\"float:left;width:200px;\"><%$url%></div>\r\n<div style=\"float:left;width:200px;\">Description </div>\r\n<div style=\"float:left;width:10px;\"> : </div>\r\n<div style=\"float:left;width:200px;\"><%$description%></div>\r\n<div style=\"float:left;width:200px;\">Category </div>\r\n<div style=\"float:left;width:10px;\"> : </div>\r\n<div style=\"float:left;width:200px;\"><%$category%></div>\r\n<div style=\"float:left;width:200px;\">Contact name</div>\r\n<div style=\"float:left;width:10px;\"> : </div>\r\n<div style=\"float:left;width:200px;\"><%$contact_name%></div>\r\n<div style=\"float:left;width:200px;\">Email</div>\r\n<div style=\"float:left;width:10px;\">  : </div>\r\n<div style=\"float:left;width:200px;\"><%$email%></div>\r\n<div style=\"float:left;width:200px;\">Password </div>\r\n<div style=\"float:left;width:10px;\"> : </div>\r\n<div style=\"float:left;width:200px;\"><%$password%></div>\r\n<p>\r\nYour link has been added.\r\n<p>\r\n<p>\r\nRegards,\r\n<p>\r\n<%$site_name%> Team\r\n','Thank you for your submission to <%$site_name%>\r\nResource ID  : <%$link_id%>\r\nTitle        : <%$title%>\r\nUrl          : <%$url%>\r\nDescription  : <%$description%>\r\nCategory     : <%$category%>\r\nContact name : <%$contact_name%>\r\nEmail        : <%$email%>\r\nPassword     : <%$password%>\r\nYour link has been added.\r\nRegards,\r\n<%$site_name%> Team'),(2,'add_ok_editor','Resource Added','<div style=\"font-family:arial;font-size:12px;\">\r\nThere\'s a new submission to <b><%$site_name%></b>.\r\n<p>\r\n<p>\r\n<table cellspacing=0 cellpadding=0>\r\n<tr><td style=\"width:100px;\">Resource ID</td><td style=\"width:10px;\">:</td><td ><%$link_id%></td></tr>\r\n<tr><td style=\"width:100px;\">Title</td><td style=\"width:10px;\">:</td><td ><%$title%></td></tr>\r\n<tr><td style=\"width:100px;\">Url</td><td style=\"width:10px;\">:</td><td ><%$url%></td></tr>\r\n<tr><td style=\"width:100px;\">Description</td><td style=\"width:10px;\">:</td><td ><%$description%></td></tr>\r\n<tr><td style=\"width:100px;\">Category</td><td style=\"width:10px;\">:</td><td ><%$category%></td></tr>\r\n<tr><td style=\"width:100px;\">Contact name</td><td style=\"width:10px;\">:</td><td ><%$contact_name%></td></tr>\r\n<tr><td style=\"width:100px;\">Email/td><td style=\"width:10px;\">:</td><td ><%$email%></td></tr>\r\n</table>\r\n<p>\r\nThe category permissions allow webmasters to add/modify links without needing approval.\r\nThe link has been added.\r\n<p>\r\n<p>\r\nRegards,\r\n<p>\r\n<%$site_name%> Team\r\n</div>','There\'s a new submission to <%$site_name%>.\r\nResource ID  : <%$link_id%>\r\nTitle        : <%$title%>\r\nUrl          : <%$url%>\r\nDescription  : <%$description%>\r\nCategory     : <%$category%>\r\nContact name : <%$contact_name%>\r\nEmail        : <%$email%>\r\nThe category permissions allow webmasters to add/modify links without needing approval.\r\nThe link has beed added.\r\nRegards,\r\n<%$site_name%> Team\r\n'),(3,'add_ok_subscriber','Resource Added','<div style=\"font-family:arial;font-size:12px;\">\r\nYou are receiving this email because you have a subscription for update notifications in <b><%$category%></b> category.\r\n<p>\r\nThere\'s a new submission to <b><%$site_name%><b>.\r\n<p>\r\n<table cellspacing=0 cellpadding=0>\r\n<tr><td style=\"width:100px;\">Resource ID</td><td style=\"width:10px;\">:</td><td ><%$link_id%></td></tr>\r\n<tr><td style=\"width:100px;\">Title</td><td style=\"width:10px;\">:</td><td ><%$title%></td></tr>\r\n<tr><td style=\"width:100px;\">Url</td><td style=\"width:10px;\">:</td><td ><%$url%></td></tr>\r\n<tr><td style=\"width:100px;\">Description</td><td style=\"width:10px;\">:</td><td ><%$description%></td></tr>\r\n<tr><td style=\"width:100px;\">Category</td><td style=\"width:10px;\">:</td><td ><%$category%></td></tr>\r\n<tr><td style=\"width:100px;\">Contact name</td><td style=\"width:10px;\">:</td><td ><%$contact_name%></td></tr>\r\n</table>\r\n<p>\r\n<p>\r\nRegards,\r\n<p>\r\n<b><%$site_name%></b> Team\r\n</div>','You are receiving this email because you have a subscription for update notifications in <%$category%> category.\r\nThere\'s a new submission to <%$site_name%>.\r\nResource ID  : <%$link_id%>\r\nTitle        : <%$title%>\r\nUrl          : <%$url%>\r\nDescription  : <%$description%>\r\nCategory     : <%$category%>\r\nContact name : <%$contact_name%>\r\nRegards,\r\n<%$site_name%> Team\r\n'),(4,'add_pending','Pending Resource','<div style=\"font-family:arial;font-size:12px;\">\r\nThank you for your submission to <b><%$site_name%></b>.\r\n<p>\r\n<table cellspacing=0 cellpadding=0>\r\n<tr><td style=\"width:100px;\">Title</td><td style=\"width:10px;\">:</td><td ><%$title%></td></tr>\r\n<tr><td style=\"width:100px;\">Url</td><td style=\"width:10px;\">:</td><td ><%$url%></td></tr>\r\n<tr><td style=\"width:100px;\">Description</td><td style=\"width:10px;\">:</td><td ><%$description%></td></tr>\r\n<tr><td style=\"width:100px;\">Category</td><td style=\"width:10px;\">:</td><td ><%$category%></td></tr>\r\n<tr><td style=\"width:100px;\">Contact name</td><td style=\"width:10px;\">:</td><td ><%$contact_name%></td></tr>\r\n<tr><td style=\"width:100px;\">Email</td><td style=\"width:10px;\">:</td><td ><%$email%></td></tr>\r\n</table>\r\n<p>\r\n<p>\r\nYour link will be reviewed by our team. We will contact you as soon <br>\r\nas we have reviewed your link.\r\n<p>\r\n<p>\r\nRegards,\r\n<p>\r\n<b><%$site_name%></b> Team\r\n</div>','Thank you for your submission to <%$site_name%>.\r\nTitle        : <%$title%>\r\nUrl          : <%$url%>\r\nDescription  : <%$description%>\r\nCategory     : <%$category%>\r\nContact name : <%$contact_name%>\r\nEmail        : <%$email%>\r\nYour link will be reviewed by our team. We will contact you as soon \r\nas we have reviewed your link.\r\nRegards,\r\n<%$site_name%> Team\r\n'),(5,'add_pending_editor','Pending Resource','<div style=\"font-family:arial;font-size:12px;\">\r\nThere\'s a new submission to <b><%$site_name%></b>.\r\n<p>\r\n<table cellspacing=0 cellpadding=0>\r\n<tr><td style=\"width:100px;\">Title</td><td style=\"width:10px;\">:</td><td ><%$title%></td></tr>\r\n<tr><td style=\"width:100px;\">Url</td><td style=\"width:10px;\">:</td><td ><%$url%></td></tr>\r\n<tr><td style=\"width:100px;\">Description</td><td style=\"width:10px;\">:</td><td ><%$description%></td></tr>\r\n<tr><td style=\"width:100px;\">Category</td><td style=\"width:10px;\">:</td><td ><%$category%></td></tr>\r\n<tr><td style=\"width:100px;\">Contact name</td><td style=\"width:10px;\">:</td><td ><%$contact_name%></td></tr>\r\n<tr><td style=\"width:100px;\">Email</td><td style=\"width:10px;\">:</td><td ><%$email%></td></tr>\r\n</table>\r\n<p>\r\n<p>\r\nYou need to review this link here:<br>\r\n<label style=\"margin-left:10px;\"><a href=\"<%$site_url%>/cp/editor_link_validate.php\"><%$site_url%>/cp/editor_link_validate.php</a></label><br>\r\nYou can approve this submission by clicking here:<br>\r\n<label style=\"margin-left:10px;\"><a href=\"<%$approve_notice%>\"><%$approve_notice%></a></label><br>\r\nYou can reject this submission by clicking here:<br>\r\n<label style=\"margin-left:10px;\"><a href=\"<%$reject_notice%>\"><%$reject_notice%></a></label><br>\r\nSilent reject here:<br>\r\n<label style=\"margin-left:10px;\"><a href=\"<%$reject_silent%>\"><%$reject_silent%></a></label><br>\r\n\r\n<p>\r\n<p>\r\nRegards,\r\n<p>\r\n<b><%$site_name%></b> Team\r\n</div>\r\n','There\'s a new submission to <%$site_name%>.\r\nTitle        : <%$title%>\r\nUrl          : <%$url%>\r\nDescription  : <%$description%>\r\nCategory     : <%$category%>\r\nContact name : <%$contact_name%>\r\nEmail        : <%$email%>\r\nYou need to review this link here:\r\n<%$site_url%>/cp/editor_link_validate.php\r\nYou can approve this submission by clicking here:\r\n<%$approve_notice%>\r\nYou can reject this submission by clicking here:\r\n<%$reject_notice%>\r\nSilent reject here:\r\n<%$reject_silent%>\r\n\r\nRegards,\r\n<%$site_name%> Team\r\n'),(6,'approved','Editor Approved.','<div style=\"font-family:arial;font-size:12px;\">\r\nYour submission at <b><%$site_name%></b> has been approved.\r\n<p>\r\n<table cellspacing=0 cellpadding=0>\r\n<tr><td style=\"width:100px;\">Resource ID</td><td style=\"width:10px;\">:</td><td ><%$link_id%></td></tr>\r\n<tr><td style=\"width:100px;\">Title</td><td style=\"width:10px;\">:</td><td ><%$title%></td></tr>\r\n<tr><td style=\"width:100px;\">Url</td><td style=\"width:10px;\">:</td><td ><%$url%></td></tr>\r\n<tr><td style=\"width:100px;\">Description</td><td style=\"width:10px;\">:</td><td ><%$description%></td></tr>\r\n<tr><td style=\"width:100px;\">Category</td><td style=\"width:10px;\">:</td><td ><%$category%></td></tr>\r\n<tr><td style=\"width:100px;\">Contact name</td><td style=\"width:10px;\">:</td><td ><%$contact_name%></td></tr>\r\n<tr><td style=\"width:100px;\">Email</td><td style=\"width:10px;\">:</td><td ><%$email%></td></tr>\r\n<tr><td style=\"width:100px;\">Password </td><td style=\"width:10px;\">:</td><td ><%$password%></td></tr>\r\n</table>\r\n<p>\r\n<p>\r\nRegards,\r\n<p>\r\n<b><%$site_name%></b> Team\r\n</div>','Your submission at <%$site_name%> has been approved.\r\nResource ID  : <%$link_id%>\r\nTitle        : <%$title%>\r\nUrl          : <%$url%>\r\nDescription  : <%$description%>\r\nCategory     : <%$category%>\r\nContact name : <%$contact_name%>\r\nEmail        : <%$email%>\r\nPassword     : <%$password%>\r\nRegards,\r\n<%$site_name%> Team\r\n'),(7,'approved_editor','Link approved','<div style=\"font-family:arial;font-size:12px;\">\r\nThe following submission has been approved.\r\n<p>\r\n<table cellspacing=0 cellpadding=0>\r\n<tr><td style=\"width:100px;\">Resource ID</td><td style=\"width:10px;\">:</td><td ><%$link_id%></td></tr>\r\n<tr><td style=\"width:100px;\">Title</td><td style=\"width:10px;\">:</td><td ><%$title%></td></tr>\r\n<tr><td style=\"width:100px;\">Url</td><td style=\"width:10px;\">:</td><td ><%$url%></td></tr>\r\n<tr><td style=\"width:100px;\">Description</td><td style=\"width:10px;\">:</td><td ><%$description%></td></tr>\r\n<tr><td style=\"width:100px;\">Category</td><td style=\"width:10px;\">:</td><td ><%$category%></td></tr>\r\n<tr><td style=\"width:100px;\">Contact name</td><td style=\"width:10px;\">:</td><td ><%$contact_name%></td></tr>\r\n<tr><td style=\"width:100px;\">Email</td><td style=\"width:10px;\">:</td><td ><%$email%></td></tr>\r\n</table>\r\n<p>\r\n<p>\r\nRegards,\r\n<p>\r\n<b><%$site_name%></b> Team\r\n</div>','The following submission has been approved.\r\nResource ID  : <%$link_id%>\r\nTitle        : <%$title%>\r\nUrl          : <%$url%>\r\nDescription  : <%$description%>\r\nCategory     : <%$category%>\r\nContact name : <%$contact_name%>\r\nEmail        : <%$email%>\r\nRegards,\r\n<%$site_name%> Team\r\n'),(8,'approved_subscriber','link_approved','<div style=\"font-family:arial;font-size:12px;\">\r\nYou are receiving this email because you have a subscription for update notifications in <b><%$category%></b> category.\r\n<p>\r\nThe following submission has been approved.\r\n<p>\r\n<table cellspacing=0 cellpadding=0>\r\n<tr><td style=\"width:100px;\">Resource ID</td><td style=\"width:10px;\">:</td><td ><%$link_id%></td></tr>\r\n<tr><td style=\"width:100px;\">Title</td><td style=\"width:10px;\">:</td><td ><%$title%></td></tr>\r\n<tr><td style=\"width:100px;\">Url</td><td style=\"width:10px;\">:</td><td ><%$url%></td></tr>\r\n<tr><td style=\"width:100px;\">Description</td><td style=\"width:10px;\">:</td><td ><%$description%></td></tr>\r\n<tr><td style=\"width:100px;\">Category</td><td style=\"width:10px;\">:</td><td ><%$category%></td></tr>\r\n<tr><td style=\"width:100px;\">Contact name</td><td style=\"width:10px;\">:</td><td ><%$contact_name%></td></tr>\r\n</table>\r\n<p>\r\n<p>\r\nRegards,\r\n<p>\r\n<b><%$site_name%></b> Team\r\n</div>','You are receiving this email because you have a subscription for update notifications in <%$category%> category.\r\nThe following submission has been approved.\r\nResource ID  : <%$link_id%>\r\nTitle        : <%$title%>\r\nUrl          : <%$url%>\r\nDescription  : <%$description%>\r\nCategory     : <%$category%>\r\nContact name : <%$contact_name%>\r\nRegards,\r\n<%$site_name%> Team\r\n'),(9,'bad_link_editor','Broken link report','<div style=\"font-family:arial;font-size:12px;\">\r\nThere\'s a new bad link report submission to <b><%$site_name%></b>.\r\n<p>\r\n<table cellspacing=0 cellpadding=0>\r\n<tr><td style=\"width:100px;\">Title</td><td style=\"width:10px;\">:</td><td ><%$title%></td></tr>\r\n<tr><td style=\"width:100px;\">Url</td><td style=\"width:10px;\">:</td><td ><%$url%></td></tr>\r\n<tr><td style=\"width:100px;\">Description</td><td style=\"width:10px;\">:</td><td ><%$description%></td></tr>\r\n<tr><td style=\"width:100px;\">Category</td><td style=\"width:10px;\">:</td><td ><%$category%></td></tr>\r\n<tr><td style=\"width:100px;\">Name</td><td style=\"width:10px;\">:</td><td ><%$r_name%></td></tr>\r\n<tr><td style=\"width:100px;\">Email</td><td style=\"width:10px;\">:</td><td ><%$email%></td></tr>\r\n<tr><td style=\"width:100px;\">Error type</td><td style=\"width:10px;\">:</td><td ><%$type_val%></td></tr>\r\n</table>\r\n<p>\r\nThis report has been added in your administrator area.<br>\r\nPlease review this report here:<br>\r\n<a href=\"<%$site_url%>/admin/link_bad.php\"><%$site_url%>/admin/link_bad.php</a>\r\n<p>\r\n<p>\r\nRegards,\r\n<p>\r\n<b><%$site_name%></b> Team\r\n</div>','There\'s a new bad link report submission to <%$site_name%>.\r\nTitle       : <%$title%>\r\nUrl         : <%$url%>\r\nDescription : <%$description%>\r\nCategory    : <%$category%>\r\nName        : <%$r_name%>\r\nEmail       : <%$r_email%>\r\nError type  : <%$type_val%>\r\nThis report has been added in your administrator area.\r\nPlease review this report here:\r\n<%$site_url%>/admin/link_bad.php\r\nRegards,\r\n<%$site_name%> Team\r\n'),(10,'become_editor_approved','Editor Approved.','<div style=\"font-family:arial;font-size:12px;\">\r\nYour request to become an editor at <b><%$site_name%></b> has been approved.\r\n<p>\r\n<table cellspacing=0 cellpadding=0>\r\n<tr><td style=\"width:100px;\">Username</td><td style=\"width:10px;\">:</td><td ><%$username%></td></tr>\r\n<tr><td style=\"width:100px;\">Name </td><td style=\"width:10px;\">:</td><td ><%$name%></td></tr>\r\n<tr><td style=\"width:100px;\">Email</td><td style=\"width:10px;\">:</td><td ><%$email%></td></tr>\r\n<tr><td style=\"width:100px;\">Category </td><td style=\"width:10px;\">:</td><td ><%$category%></td></tr>\r\n</table>\r\n<p>\r\n<p>\r\nRegards,\r\n<p>\r\n<b><%$site_name%></b> Team\r\n</div>','Your request to become an editor at <%$site_name%> has been approved.\r\nUsername  : <%$username%>\r\nName      : <%$name%>\r\nEmail     : <%$email%>\r\nCategory  : <%$category%>\r\nRegards,\r\n<%$site_name%> Team\r\n'),(11,'become_editor_pending','Request to become an editor','<div style=\"font-family:arial;font-size:12px;\">\r\nThank you for your request to become an editor at <b><%$site_name%></b>.\r\n<p>\r\n<table cellspacing=0 cellpadding=0>\r\n<tr><td style=\"width:100px;\">Username</td><td style=\"width:10px;\">:</td><td ><%$username%></td></tr>\r\n<tr><td style=\"width:100px;\">Name </td><td style=\"width:10px;\">:</td><td ><%$name%></td></tr>\r\n<tr><td style=\"width:100px;\">Email</td><td style=\"width:10px;\">:</td><td ><%$email%></td></tr>\r\n<tr><td style=\"width:100px;\">Category </td><td style=\"width:10px;\">:</td><td ><%$category%></td></tr>\r\n</table>\r\n<p>\r\nYour request will be processed soon.\r\n<p>\r\n<p>\r\nRegards,\r\n<p>\r\n<b><%$site_name%></b> Team\r\n</div>','Thank you for your request to become an editor at <%$site_name%>.\r\nUsername  : <%$username%>\r\nName      : <%$name%>\r\nEmail     : <%$email%>\r\nCategory  : <%$category%>\r\nYour request will be processed soon.\r\nRegards,\r\n<%$site_name%> Team\r\n'),(12,'become_editor_pending_admin','Request to become an editor','<div style=\"font-family:arial;font-size:12px;\">\r\nThere\'s a new request to become an editor at <b><%$site_name%></b>.\r\n<p>\r\n<table cellspacing=0 cellpadding=0>\r\n<tr><td style=\"width:100px;\">Username</td><td style=\"width:10px;\">:</td><td ><%$username%></td></tr>\r\n<tr><td style=\"width:100px;\">Name </td><td style=\"width:10px;\">:</td><td ><%$name%></td></tr>\r\n<tr><td style=\"width:100px;\">Email</td><td style=\"width:10px;\">:</td><td ><%$email%></td></tr>\r\n<tr><td style=\"width:100px;\">Category </td><td style=\"width:10px;\">:</td><td ><%$category%></td></tr>\r\n</table>\r\n<p>\r\nPlease review editor request here:\r\n  <label style=\"margin-left:10px;\"><a href=\"<%$site_url%>/admin/index.php\"><%$site_url%>/admin/index.php</a></label>\r\n<p>\r\n<p>\r\nRegards,\r\n<p>\r\n<b><%$site_name%></b> Team\r\n</div>','There\'s a new request to become an editor at <%$site_name%>.\r\nUsername  : <%$username%>\r\nName      : <%$name%>\r\nEmail     : <%$email%>\r\nCategory  : <%$category%>\r\nPlease review editor requests here:\r\n<%$site_url%>/admin/index.php\r\nRegards,\r\n<%$site_name%> Team\r\n'),(13,'become_editor_rejected','Editor Rejected.','<div style=\"font-family:arial;font-size:12px;\">\r\nYour request to become an editor at <b><%$site_name%></b> has been rejected.\r\n<p>\r\n<table cellspacing=0 cellpadding=0>\r\n<tr><td style=\"width:100px;\">Username</td><td style=\"width:10px;\">:</td><td ><%$username%></td></tr>\r\n<tr><td style=\"width:100px;\">Name </td><td style=\"width:10px;\">:</td><td ><%$name%></td></tr>\r\n<tr><td style=\"width:100px;\">Email</td><td style=\"width:10px;\">:</td><td ><%$email%></td></tr>\r\n<tr><td style=\"width:100px;\">Category </td><td style=\"width:10px;\">:</td><td ><%$category%></td></tr>\r\n</table>\r\n<p>\r\n<p>\r\nRegards,\r\n<p>\r\n<b><%$site_name%></b> Team\r\n</div>','Your request to become an editor at <%$site_name%> has been rejected.\r\nUsername  : <%$username%>\r\nName      : <%$name%>\r\nEmail     : <%$email%>\r\nCategory  : <%$category%>\r\nRegards,\r\n<%$site_name%> Team\r\n'),(14,'inv_ask_payment','<%$company%>, Invoice #<%$invoice_id%>','<div style=\"font-family:arial;font-size:12px;\">\r\nAn invoice has been created, and is available for viewing at the following URL:<br>\r\n<label><a href=\"<%$site_url%>/invoice.php?id=<%$invoice_id%>\"><%$site_url%>/invoice.php?id=<%$invoice_id%></a></label>\r\n<p>\r\nIf you should have any questions, please do not hesitate to contact us.<br>\r\nThank you for your business.\r\n<p>\r\n<p>\r\nRegards,\r\n<p>\r\n<b><%$site_name%></b> Team\r\n</div>','An invoice has been created, and is available for viewing at the following URL:\r\n<%$site_url%>/invoice.php?id=<%$invoice_id%>\r\nIf you should have any questions, please do not hesitate to contact us.\r\nThank you for your business.\r\nRegards,\r\n<%$site_name%> Team\r\n'),(15,'mailing_list_sub','Mailing list subscription','<div style=\"font-family:arial;font-size:12px;\">\r\nThank you. Your email address, <b><%$email%></b> has been added to our mailing list.\r\n<p>\r\n<p>\r\nRegards,\r\n<p>\r\n<%$site_name%> Team\r\n</div>','Thank you. Your email address, <%$email%> has been added to our mailing list.\r\nRegards,\r\n<%$site_name%> Team\r\n'),(16,'mailing_list_sub_confirm','Mailing list validation code','<div style=\"font-family:arial;font-size:12px;\">\r\nWe received your subscription request onto our mailing list.<br>\r\nPlease confirm your subscription here:<br>\r\n<label style=\"margin-left:50px;\"><a href=\"<%$confirm_url%>\"><%$confirm_url%></a></label>\r\n<p>\r\n<p>\r\nRegards,\r\n<p>\r\n<b><%$site_name%></b> Team\r\n</div>','We received your subscription request onto our mailing list.\r\nPlease confirm your subscription here:\r\n<%$confirm_url%>\r\nRegards,\r\n<%$site_name%> Team\r\n'),(17,'modify_ok','Resource Modified','<div style=\"font-family:arial;font-size:12px;\">\r\nThank you for your submission to <b><%$site_name%></b>.\r\n<table cellspacing=0 cellpadding=0>\r\n<tr><td style=\"width:100px;\">Title</td><td style=\"width:10px;\">:</td><td ><%$title%></td></tr>\r\n<tr><td style=\"width:100px;\">Url</td><td style=\"width:10px;\">:</td><td ><%$url%></td></tr>\r\n<tr><td style=\"width:100px;\">Description</td><td style=\"width:10px;\">:</td><td ><%$description%></td></tr>\r\n<tr><td style=\"width:100px;\">Category</td><td style=\"width:10px;\">:</td><td ><%$category%></td></tr>\r\n<tr><td style=\"width:100px;\">Contact name</td><td style=\"width:10px;\">:</td><td ><%$contact_name%></td></tr>\r\n<tr><td style=\"width:100px;\">Email/td><td style=\"width:10px;\">:</td><td ><%$email%></td></tr>\r\n</table>\r\n<p>\r\nYour link has been changed.\r\n<p>\r\n<p>\r\nRegards,\r\n<p>\r\n<b><%$site_name%></b> Team\r\n</div>','Thank you for your submission to <%$site_name%>.\r\nTitle        : <%$title%>\r\nUrl          : <%$url%>\r\nDescription  : <%$description%>\r\nCategory     : <%$category%>\r\nContact name : <%$contact_name%>\r\nEmail        : <%$email%>\r\nYour link has been changed.\r\nRegards,\r\n<%$site_name%> Team\r\n'),(18,'modify_ok_editor','Resource Modified','<div style=\"font-family:arial;font-size:12px;\">\r\nThere\'s a new submission to <%$site_name%>.\r\nTitle        : <%$title%>\r\nUrl          : <%$url%>\r\nDescription  : <%$description%>\r\nCategory     : <%$category%>\r\nContact name : <%$contact_name%>\r\nEmail        : <%$email%>\r\nThe category permissions allow webmasters to add/modify links without approval.\r\nThe link has been modified.\r\n<p>\r\n<p>\r\nRegards,\r\n<p>\r\n<b><%$site_name%></b> Team\r\n</div>','There\'s a new submission to <%$site_name%>.\r\nTitle        : <%$title%>\r\nUrl          : <%$url%>\r\nDescription  : <%$description%>\r\nCategory     : <%$category%>\r\nContact name : <%$contact_name%>\r\nEmail        : <%$email%>\r\nThe category permissions allow webmasters to add/modify links without approval.\r\nThe link has been modified.\r\nRegards,\r\n<%$site_name%> Team\r\n'),(19,'modify_ok_subscriber','Resource Modified','<div style=\"font-family:arial;font-size:12px;\">\r\nYou are receiving this email because you have a subscription for update notifications in <b><%$category%></b> category.\r\n<p>\r\nThere\'s a new submission to <b><%$site_name%></b>.\r\n<p>\r\n<table cellspacing=0 cellpadding=0>\r\n<tr><td style=\"width:100px;\">Title</td><td style=\"width:10px;\">:</td><td ><%$title%></td></tr>\r\n<tr><td style=\"width:100px;\">Url</td><td style=\"width:10px;\">:</td><td ><%$url%></td></tr>\r\n<tr><td style=\"width:100px;\">Description</td><td style=\"width:10px;\">:</td><td ><%$description%></td></tr>\r\n<tr><td style=\"width:100px;\">Category</td><td style=\"width:10px;\">:</td><td ><%$category%></td></tr>\r\n<tr><td style=\"width:100px;\">Contact name</td><td style=\"width:10px;\">:</td><td ><%$contact_name%></td></tr>\r\n</table>\r\n<p>\r\n<p>\r\nRegards,\r\n<p>\r\n<b><%$site_name%></b> Team\r\n</div>','You are receiving this email because you have a subscription for update notifications in <%$category%> category.\r\nThere\'s a new submission to <%$site_name%>.\r\nTitle        : <%$title%>\r\nUrl          : <%$url%>\r\nDescription  : <%$description%>\r\nCategory     : <%$category%>\r\nContact name : <%$contact_name%>\r\nRegards,\r\n<%$site_name%> Team\r\n'),(20,'modify_pending','Resource Modified','<div style=\"font-family:arial;font-size:12px;\">\r\nThank you for your submission to <b><%$site_name%><b>.\r\n<p>\r\n<table cellspacing=0 cellpadding=0>\r\n<tr><td style=\"width:100px;\">Title</td><td style=\"width:10px;\">:</td><td ><%$title%></td></tr>\r\n<tr><td style=\"width:100px;\">Url</td><td style=\"width:10px;\">:</td><td ><%$url%></td></tr>\r\n<tr><td style=\"width:100px;\">Description</td><td style=\"width:10px;\">:</td><td ><%$description%></td></tr>\r\n<tr><td style=\"width:100px;\">Category</td><td style=\"width:10px;\">:</td><td ><%$category%></td></tr>\r\n<tr><td style=\"width:100px;\">Contact name</td><td style=\"width:10px;\">:</td><td ><%$contact_name%></td></tr>\r\n<tr><td style=\"width:100px;\">Email</td><td style=\"width:10px;\">:</td><td ><%$email%></td></tr>\r\n</table>\r\n<p>\r\nYour link will be reviewed by our team. We will contact you as soon <br>\r\nas we have reviewed your link.\r\n<p>\r\n<p>\r\nRegards,\r\n<p>\r\n<b><%$site_name%></b> Team\r\n</div>','Thank you for your submission to <%$site_name%>.\r\nTitle        : <%$title%>\r\nUrl          : <%$url%>\r\nDescription  : <%$description%>\r\nCategory     : <%$category%>\r\nContact name : <%$contact_name%>\r\nEmail        : <%$email%>\r\nYour link will be reviewed by our team. We will contact you as soon \r\nas we have reviewed your link.\r\nRegards,\r\n<%$site_name%> Team\r\n'),(21,'modify_pending_editor','Resource Modified','<div style=\"font-family:arial;font-size:12px;\">\r\nThere\'s a new submission to <b><%$site_name%></b>.\r\n<p>\r\n<table cellspacing=0 cellpadding=0>\r\n<tr><td style=\"width:100px;\">Title</td><td style=\"width:10px;\">:</td><td ><%$title%></td></tr>\r\n<tr><td style=\"width:100px;\">Url</td><td style=\"width:10px;\">:</td><td ><%$url%></td></tr>\r\n<tr><td style=\"width:100px;\">Description</td><td style=\"width:10px;\">:</td><td ><%$description%></td></tr>\r\n<tr><td style=\"width:100px;\">Category</td><td style=\"width:10px;\">:</td><td ><%$category%></td></tr>\r\n<tr><td style=\"width:100px;\">Contact name</td><td style=\"width:10px;\">:</td><td ><%$contact_name%></td></tr>\r\n<tr><td style=\"width:100px;\">Email</td><td style=\"width:10px;\">:</td><td ><%$email%></td></tr>\r\n</table>\r\n<p>\r\n<p>\r\nYou need to review this link here:<br>\r\n<label style=\"margin-left:10px;\"><a href=\"<%$site_url%>/cp/editor_link_validate.php\"><%$site_url%>/cp/editor_link_validate.php</a></label>\r\n<p>\r\n<p>\r\nRegards,\r\n<p>\r\n<b><%$site_name%></b> Team\r\n</div>\r\n','There\'s a new submission to <%$site_name%>.\r\nTitle        : <%$title%>\r\nUrl          : <%$url%>\r\nDescription  : <%$description%>\r\nCategory     : <%$category%>\r\nContact name : <%$contact_name%>\r\nEmail        : <%$email%>\r\nYou need to review this link here:\r\n<%$site_url%>/cp/editor_link_validate.php\r\nRegards,\r\n<%$site_name%> Team\r\n'),(22,'register_confirm','Registration','<div style=\"font-family:arial;font-size:12px;\">\r\nThanks for joining <b><%$site_name%><b>.\r\n<p>\r\n<table cellspacing=0 cellpadding=0>\r\n<tr><td style=\"width:100px;\">Username</td><td style=\"width:10px;\">:</td><td ><%$username%></td></tr>\r\n<tr><td style=\"width:100px;\">Password</td><td style=\"width:10px;\">:</td><td ><%$password%></td></tr>\r\n</table>\r\n<p>\r\n<p>\r\nPlease confirm your registration here:<br>\r\n<label style=\"margin-left:10px;\"><A href=\"<%$site_url%>/register.php?u=<%$username%>&v=<%$vcode%>&pflag=cf\"><%$site_url%>/register.php?u=<%$username%>&v=<%$vcode%>&pflag=cf</a></label>\r\n<p>\r\n<p>\r\nSincerely,\r\n<p>\r\n<b><%$site_name%></b> Team\r\n</div>','Thanks for joining <%$site_name%>.\r\nUsername : <%$username%>\r\nPassword : <%$password%>\r\nPlease confirm your registration here:\r\n<%$site_url%>/register.php?u=<%$username%>&v=<%$vcode%>&pflag=cf\r\nSincerely,\r\n<%$site_name%> Team\r\n'),(23,'register_ok','Registration','<div style=\"font-family:arial;font-size:12px;\">\r\nThanks for joining <b><%$site_name%></b>.\r\n<p>\r\n<table cellspacing=0 cellpadding=0>\r\n<tr><td style=\"width:100px;\">Username</td><td style=\"width:10px;\">:</td><td ><%$username%></td></tr>\r\n<tr><td style=\"width:100px;\">Password</td><td style=\"width:10px;\">:</td><td ><%$password%></td></tr>\r\n</table>\r\n<p>\r\nSincerely,\r\n<p>\r\n<p>\r\n<b><%$site_name%></b> Team\r\n</div>','Thanks for joining <%$site_name%>.\r\nUsername : <%$username%>\r\nPassword : <%$password%>\r\nSincerely,\r\n<%$site_name%> Team\r\n'),(24,'rejected','Your submission has been rejected','<div style=\"font-family:arial;font-size:12px;\">\r\nYour submission has been rejected.<br>\r\nThis may be caused by one of the following reason:\r\n<p>\r\n<ul>\r\n<li>adult material</li>\r\n<li>the site is under construction</li>\r\n<li>the topic is not related with our directory</li>\r\n</ul>\r\n</p>\r\n<table cellspacing=0 cellpadding=0>\r\n<tr><td style=\"width:100px;\">Title</td><td style=\"width:10px;\">:</td><td ><%$title%></td></tr>\r\n<tr><td style=\"width:100px;\">Url</td><td style=\"width:10px;\">:</td><td ><%$url%></td></tr>\r\n<tr><td style=\"width:100px;\">Description</td><td style=\"width:10px;\">:</td><td ><%$description%></td></tr>\r\n<tr><td style=\"width:100px;\">Category</td><td style=\"width:10px;\">:</td><td ><%$category%></td></tr>\r\n<tr><td style=\"width:100px;\">Contact name</td><td style=\"width:10px;\">:</td><td ><%$contact_name%></td></tr>\r\n<tr><td style=\"width:100px;\">Email/td><td style=\"width:10px;\">:</td><td ><%$email%></td></tr>\r\n</table>\r\n<p>\r\n<p>\r\nRegards,\r\n<p>\r\n<b><%$site_name%></b> Team\r\n</div>','Your submission has been rejected.\r\nThis may caused by one of the following reasons:\r\n- adult material\r\n- the site is under construction\r\n- the topic is not related with our directory\r\nTitle        : <%$title%>\r\nUrl          : <%$url%>\r\nDescription  : <%$description%>\r\nCategory     : <%$category%>\r\nContact name : <%$contact_name%>\r\nEmail        : <%$email%>\r\nRegards,\r\n<%$site_name%> Team\r\n'),(25,'rejected_editor','Link rejected','<div style=\"font-family:arial;font-size:12px;\">\r\nThe following submission has been rejected.\r\n<p>\r\n<table cellspacing=0 cellpadding=0>\r\n<tr><td style=\"width:100px;\">Title</td><td style=\"width:10px;\">:</td><td ><%$title%></td></tr>\r\n<tr><td style=\"width:100px;\">Url</td><td style=\"width:10px;\">:</td><td ><%$url%></td></tr>\r\n<tr><td style=\"width:100px;\">Description</td><td style=\"width:10px;\">:</td><td ><%$description%></td></tr>\r\n<tr><td style=\"width:100px;\">Category</td><td style=\"width:10px;\">:</td><td ><%$category%></td></tr>\r\n<tr><td style=\"width:100px;\">Contact name</td><td style=\"width:10px;\">:</td><td ><%$contact_name%></td></tr>\r\n<tr><td style=\"width:100px;\">Email</td><td style=\"width:10px;\">:</td><td ><%$email%></td></tr>\r\n</table>\r\n<p>\r\n<p>\r\nRegards,\r\n<p>\r\n<b><%$site_name%></b> Team\r\n</div>\r\n','The following submission has been rejected.\r\nTitle        : <%$title%>\r\nUrl          : <%$url%>\r\nDescription  : <%$description%>\r\nCategory     : <%$category%>\r\nContact name : <%$contact_name%>\r\nEmail        : <%$email%>\r\nRegards,\r\n<%$site_name%> Team\r\n'),(26,'review_pending_editor','Pending Review','<div style=\"font-family:arial;font-size:12px;\">\r\nThere\'s a new review to <b><%$site_name%></b>.\r\n<p>\r\n<table cellspacing=0 cellpadding=0>\r\n<tr><td style=\"width:100px;\">Title</td><td style=\"width:10px;\">:</td><td ><%$title%></td></tr>\r\n<tr><td style=\"width:100px;\">Url</td><td style=\"width:10px;\">:</td><td ><%$url%></td></tr>\r\n<tr><td style=\"width:100px;\">Description</td><td style=\"width:10px;\">:</td><td ><%$description%></td></tr>\r\n<tr><td style=\"width:100px;\">Category</td><td style=\"width:10px;\">:</td><td ><%$category%></td></tr>\r\n</table>\r\n<p>\r\n<table cellspacing=0 cellpadding=0>\r\n<tr><td style=\"width:100px;\">Username</td><td style=\"width:10px;\">:</td><td ><%$username%></td></tr>\r\n<tr><td style=\"width:100px;\">Subject</td><td style=\"width:10px;\">:</td><td ><%$rev_subject%></td></tr>\r\n<tr><td style=\"width:100px;\">Rating</td><td style=\"width:10px;\">:</td><td ><%$rev_rating%></td></tr>\r\n<tr><td style=\"width:100px;\">Review</td><td style=\"width:10px;\">:</td><td ><%$rev_review%></td></tr>\r\n</table>\r\n<p>\r\n<p>\r\nPlease review it here:<br>\r\n<label style=\"margin-left:10px;\"><a href=\"<%$site_url%>/cp/\"><%$site_url%>/cp/</a></label>\r\n<p>\r\n<p>\r\nRegards,\r\n<p>\r\n<b><%$site_name%></b> Team\r\n</div>\r\n','There\'s new review to <%$site_name%>.\r\nTitle       : <%$title%>\r\nUrl         : <%$url%>\r\nDescription : <%$description%>\r\nCategory    : <%$category%>\r\nUsername    : <%$username%>\r\nSubject     : <%$rev_subject%>\r\nRating      : <%$rev_rating%>\r\nReview      : <%$rev_review%>\r\nPlease review it here:\r\n<%$site_url%>/cp/\r\nRegards,\r\n<%$site_name%> Team\r\n'),(27,'send_pwd_link','Your resource password','<div style=\"font-family:arial;font-size:12px;\">\r\nHere is your password for <b><%$title%></b> (<a href=\"<%$url%>\"><%$url%></a>)\r\n<p>\r\nPassword : <%$password%>\r\n<p>\r\n<p>\r\nRegards,\r\n<p>\r\n<b><%$site_name%></b> Team\r\n</div>','Here is your password for <%$title%> (<%$url%>)\r\nPassword : <%$password%>\r\nRegards,\r\n<%$site_name%> Team\r\n'),(28,'send_pwd_login','Your login password','<div style=\"font-family:arial;font-size:12px;\">\r\nHere is your username and password:\r\n<p>\r\n<table cellspacing=0 cellpadding=0>\r\n<tr><td style=\"width:100px;\">Username</td><td style=\"width:10px;\">:</td><td ><%$username%></td></tr>\r\n<tr><td style=\"width:100px;\">Password</td><td style=\"width:10px;\">:</td><td ><%$password%></td></tr>\r\n</table>\r\n<p>\r\n<p>\r\nRegards,\r\n<p>\r\n<b><%$site_name%></b> Team\r\n</div>','Here is your username and password:\r\nUsername : <%$username%>\r\nPassword : <%$password%>\r\nRegards,\r\n<%$site_name%> Team\r\n'),(29,'send_pwd_reset','Password reset request','<div style=\"font-family:arial;font-size:12px;\">\r\nWe received a request to reset your password.<br>\r\nPlease visit this URL to proceed:<br>\r\n<label style=\"margin-left:10px;\"><a href=\"<%$site_url%>/reset_pwd.php?u=<%$username%>&hash=<%$hash%>\"><%$site_url%>/reset_pwd.php?u=<%$username%>&hash=<%$hash%></a></label>\r\n<p>\r\n<p>\r\nRegards,\r\n<p>\r\n<b><%$site_name%></b> Team\r\n</div>','We received a request to reset your password.\r\nPlease visit this URL to proceed:\r\n<%$site_url%>/reset_pwd.php?u=<%$username%>&hash=<%$hash%>\r\nRegards,\r\n<%$site_name%> Team\r\n'),(30,'suggest_category','Category suggestion','<div style=\"font-family:arial;font-size:12px;\">\r\nCategory suggestion for <b><%$site_name%></b>.\r\n<p>\r\nParent               : <%$parent%>\r\nCategory Name        : <%$cat_name%>\r\nCategory Description : <%$cat_desc%>\r\n<p>\r\n<p>\r\nRegards,\r\n<p>\r\n<b><%$site_name%></b> Team\r\n</div>','Category suggestion for <%$site_name%>.\r\nParent               : <%$parent%>\r\nCategory Name        : <%$cat_name%>\r\nCategory Description : <%$cat_desc%>\r\nRegards,\r\n<%$site_name%> Team\r\n'),(31,'tell_friend_favorite','Your friend has shared his/her favorite listing','<div style=\"font-family:arial;font-size:12px;\">\r\nHi <%$friend_name%>,\r\n<p>\r\nI\'d like to share my favorite listing at <b><%$site_name%></b> (<a href=\"<%$site_url%>\"><%$site_url%></a>).<br>\r\nI hope you like them and find them useful.\r\n<p>\r\n<p>\r\n<%$fav_item%>\r\n<p>\r\n<p>\r\nSincerely,\r\n<p>\r\n<p>\r\n<%$my_name%> <<%$my_email%>>\r\n</div>','Hi <%$friend_name%>,\r\nI\'d like to share my favorite listings at <%$site_name%> (<%$site_url%>).\r\nI hope you like them and find them useful.\r\n<%$fav_item%>\r\nSincerely,\r\n<%$my_name%> <<%$my_email%>>\r\n'),(32,'tell_friend_favorite_rows',NULL,'<div style=\"font-family:arial;font-size:12px;\">\r\n<table cellspacing=0 cellpadding=0>\r\n<tr><td style=\"width:100px;\">Title</td><td style=\"width:10px;\">:</td><td ><%$title%></td></tr>\r\n<tr><td style=\"width:100px;\">Url</td><td style=\"width:10px;\">:</td><td ><%$url%></td></tr>\r\n<tr><td style=\"width:100px;\">Description</td><td style=\"width:10px;\">:</td><td ><%$description%></td></tr>\r\n</table>\r\n</div>\r\n','Title       : <%$title%>\r\nUrl         : <%$url%>\r\nDescription : <%$description%>\r\n'),(33,'tell_friend_link','Your friend recommended a link','<div style=\"font-family:arial;font-size:12px;\">\r\nHi <b><%$friend_name%></b>,\r\n<p>\r\nI found a good website that you may find interesting.\r\n<p>\r\n<div>\r\n<label style=\"float:left;width:100px;\">Website</label><label style=\"float:left;\"> : <b><%$title%></b></label>\r\n</div>\r\n<div style=\"clear:both;\">\r\n<label style=\"clear:both;float:left;width:100px;\">Url </label><label style=\"float:left;\"> : <a href=\"<%$url%>\"><%$url%></a></label>\r\n</div>\r\n<p style=\"clear:both;\">\r\nI found this website from <%$site_name%> (<a href=\"<%$site_url%>\"><%$site_url%></a>).\r\n<p>\r\n<p>\r\nSincerely,\r\n<p>\r\n<%$my_name%> <<%$my_email%>>\r\n</div>\r\n','Hi <%$friend_name%>,\r\nI found a good website that you may find interesting.\r\nWebsite : <%$title%>\r\nUrl     : <%$url%>\r\nI found this website from <%$site_name%> (<%$site_url%>).\r\nSincerely,\r\n<%$my_name%> <<%$my_email%>>\r\n'),(34,'tell_friend_website','hi <%$friend_name%>, I found a good website that you may find interesting','<div style=\"font-family:arial;font-size:12px;\">\r\nHi <b><%$friend_name%></b>,\r\n<p>\r\nI found good website that you may find interesting. The website is <b><%$site_name%></b> (<a href=\"<%$site_url%>\"><%$site_url%></a>).\r\n<p>\r\n<p>\r\nSincerely,\r\n<p>\r\n<%$my_name%> <<%$my_email%>>\r\n</div>','Hi <%$friend_name%>,\r\nI found a good website that you may find interesting. The website is <%$site_name%> (<%$site_url%>).\r\nSincerely,\r\n<%$my_name%> <<%$my_email%>>\r\n'),(35,'send_activation_link','Your activation link','<div style=\"font-family:arial;font-size:12px;\">\r\nHere is your activation link\r\n<p>\r\nActivation Link  : <A href=\"<%$activation_link%>\"><%$activation_link%></a>\r\n<p>\r\n<p>\r\nRegards,\r\n<p>\r\n<b><%$site_name%></b> Team\r\n</div>','Here is your activation link\r\nActivation Link  : <%$activation_link%>\r\nRegards,\r\n<%$site_name%> Team\r\n'),(36,'send_activated_account','Your account had been activated','<div style=\"font-family:arial;font-size:12px;\">\r\nYour account had been activated. Now you can login.\r\n<p>\r\nRegards,\r\n<p>\r\n<b><%$site_name%></b> Team\r\n</div>','Your account had been activated. Now you can login.\r\n\r\nRegards,\r\n<%$site_name%> Team\r\n');

--
-- Table structure for table `idx_favorites`
--

CREATE TABLE `idx_favorites` (
  `favorite_id` int(11) NOT NULL auto_increment,
  `username` varchar(20) default NULL,
  `date` date default NULL,
  `title` varchar(100) default NULL,
  `description` text,
  PRIMARY KEY  (`favorite_id`)
) ENGINE=MyISAM DEFAULT CHARSET=latin1;

--
-- Dumping data for table `idx_favorites`
--


--
-- Table structure for table `idx_favorites_detail`
--

CREATE TABLE `idx_favorites_detail` (
  `favorite_id` int(11) default NULL,
  `link_id` mediumint(9) default NULL
) ENGINE=MyISAM DEFAULT CHARSET=latin1;

--
-- Dumping data for table `idx_favorites_detail`
--


--
-- Table structure for table `idx_hook_place`
--

CREATE TABLE `idx_hook_place` (
  `hook_place_id` int(11) NOT NULL auto_increment,
  `filename` varchar(255) default NULL,
  `hookname` varchar(255) default NULL,
  PRIMARY KEY  (`hook_place_id`)
) ENGINE=MyISAM DEFAULT CHARSET=latin1;

--
-- Dumping data for table `idx_hook_place`
--


--
-- Table structure for table `idx_invoice`
--

CREATE TABLE `idx_invoice` (
  `invoice_id` varchar(10) NOT NULL default '',
  `invoice_date` date default NULL,
  `due_date` date default NULL,
  `invoiced_to` text,
  `service` varchar(255) default NULL,
  `description` text,
  `total` double(8,2) default NULL,
  `comment` text,
  `paid` char(1) default NULL,
  `paid_date` date default NULL,
  `email` varchar(255) default NULL,
  PRIMARY KEY  (`invoice_id`)
) ENGINE=MyISAM DEFAULT CHARSET=latin1;

--
-- Dumping data for table `idx_invoice`
--


--
-- Table structure for table `idx_invoice_config`
--

CREATE TABLE `idx_invoice_config` (
  `company` varchar(255) default NULL,
  `contact` varchar(255) default NULL,
  `address` text,
  `phone` varchar(255) default NULL,
  `email` varchar(255) default NULL,
  `currency_symbol` varchar(255) default '$',
  `currency_code` varchar(255) default 'USD'
) ENGINE=MyISAM DEFAULT CHARSET=latin1;

--
-- Dumping data for table `idx_invoice_config`
--

INSERT INTO `idx_invoice_config` VALUES ('Your website / Company','Billing Department','Your address','Your phone #','Billing<name@yourdomain.com>','$','USD');

--
-- Table structure for table `idx_link`
--

CREATE TABLE `idx_link` (
  `link_id` mediumint(9) unsigned NOT NULL auto_increment,
  `category_id` mediumint(9) unsigned NOT NULL default '0',
  `title` varchar(100) NOT NULL default '',
  `url` text NOT NULL,
  `description` text NOT NULL,
  `contact_name` varchar(100) NOT NULL default '',
  `email` varchar(100) NOT NULL default '',
  `hits` mediumint(9) NOT NULL default '0',
  `votes` smallint(6) NOT NULL default '0',
  `rating` float(4,2) NOT NULL default '0.00',
  `date` datetime NOT NULL default '0000-00-00 00:00:00',
  `bid` smallint(6) NOT NULL default '0',
  `new` char(1) default NULL,
  `hot` char(1) default NULL,
  `top_rated` char(1) default NULL,
  `pick` char(1) default NULL,
  `password` varchar(20) default NULL,
  `updated` char(1) default NULL,
  `reviews` smallint(6) default NULL,
  `avg_review` float(4,2) default NULL,
  `last_updated` datetime default NULL,
  `official_review` text,
  `keywords` varchar(255) default NULL,
  `cat1` mediumint(6) NOT NULL default '0',
  `cat2` mediumint(6) NOT NULL default '0',
  `suspended` char(1) NOT NULL default '0',
  `reciprocal_url` varchar(255) default NULL,
  `address` varchar(255) default NULL,
  `city` varchar(255) default NULL,
  `state` varchar(255) default NULL,
  `country` varchar(255) default NULL,
  `zip` varchar(255) default NULL,
  `image` varchar(255) default NULL,
  `phone` varchar(255) default NULL,
  `fax` varchar(255) default NULL,
  PRIMARY KEY  (`link_id`)
) ENGINE=MyISAM AUTO_INCREMENT=16 DEFAULT CHARSET=latin1;

--
-- Dumping data for table `idx_link`
--

INSERT INTO `idx_link` VALUES (1,31,'Cigar Ashtray','http://www.habanosyhermanos.com','At Habanos & Hermanos, we offer discount cigars, the best cigar prices, cigar deals, and cheapest cigar accessories on the internet. We handle international cigars delivery, cigar humidors, cigar samplers, and more. We carry all premium cigars and boutique cigars, Arturo Fuente, Padron, Gurkha, Rocky Patel, Montecristo, Macanudo, Romeo and Juliet and more. Free shipping, low prices, the best online cigar prices available!','simon peterson','1simonpeterson1@gmail.com',0,0,0.00,'2012-02-10 20:19:23',0,NULL,'0',NULL,NULL,NULL,NULL,NULL,NULL,NULL,NULL,'cheap cigars, cheap humidors, cigar accessories, cigar ashtray, cigar cabinets, cigar cases, cigar cutters, cigar gifts, cigar lighters, custom humidors, gurkha cigars, humidor solutions, humidors for cigars, travel humidors, wholesale cigars',0,0,'0',NULL,NULL,NULL,NULL,NULL,NULL,NULL,NULL,NULL),(2,22,'Car Accident Lawyer NJ','http://www.workerscompaccident.com','Adam M Kotlar Attorney at Law provides legal representation for work accidents cases in Cherry Hill, Mt Laurel, New Jersey (NJ) and surrounding areas. We take an aggressive and thorough approach to the law, and handle all sorts of work related legal claims. Call us at 856-751-7676 for free consultation.','Stuart','stuart@smwebmarketing.com',0,0,0.00,'2012-02-10 15:40:46',0,NULL,'0',NULL,NULL,NULL,NULL,NULL,NULL,NULL,NULL,'workmans compensation cherry hill, car accident lawyer cherry hill, workers comp mt laurel, workers comp lawyer mt laurel, workers compensation new jersey, car accident lawyer new jersey, workmans comp lawyer nj, workers comp nj',0,0,'0',NULL,NULL,NULL,NULL,NULL,NULL,NULL,NULL,NULL),(3,35,'Kankotri','http://www.parekhcards.com','Parekh Cards offers traditional and modern Indian Wedding Cards in a large selection of designs, colors, and styles. To shop check us out online!','Nilesh Parekh','weddingcards@vsnl.net',0,0,0.00,'2012-02-15 18:03:24',0,NULL,'0',NULL,NULL,NULL,NULL,NULL,NULL,NULL,NULL,'indian wedding favours, wedding program scroll, scroll wedding invitations, wedding shopping india, kankotri',0,0,'0',NULL,NULL,NULL,NULL,NULL,NULL,NULL,NULL,NULL),(4,7,'Web Hosting Solutions','http://www.24shells.net','24Shells provides affordable Virtual Private Server Hosting and Web Hosting Solutions. Visit us online for more information!','Tushit','tushit@24shells.net',0,0,0.00,'2012-03-05 11:27:22',0,NULL,NULL,NULL,NULL,NULL,NULL,NULL,NULL,NULL,NULL,'24 shells, managed web hosting, virtual private servers, web hosting, web hosting solutions, windows hosting, windows web hosting, virtual private server hosting, virtual server hosting',0,0,'0',NULL,NULL,NULL,NULL,NULL,NULL,NULL,NULL,NULL),(5,31,'Silver Buyers Washington MO','http://www.stoneledgeguns.com','Stone Ledge Gun and Pawn offers the largest selection of new and used guns, professional gold, silver, and jewelry trading services in St Louis MO, Washington. We will deal in any items of value, and specialize in pawning and trading new, used, and antique guns & Jewelry with an experience of over 10 years.','Stuart','stuart@smwebmarketing.com',0,0,0.00,'2012-03-05 17:44:14',0,NULL,NULL,NULL,NULL,NULL,NULL,NULL,NULL,NULL,NULL,'gun shop st louis mo, 9mm guns st louis, gold buyers st louis mo,  local gun shop st louis, gun shops st louis mo, silver buyers washington mo, pawn shop washington mo',0,0,'0',NULL,NULL,NULL,NULL,NULL,NULL,NULL,NULL,NULL),(6,16,'Plumber Birmingham','http://www.levineandsons.com','Levine & Sons has been servicing residential and commercial plumbing, heating & air conditioning systems for over 80 years in West Bloomfield, Farmington Hills, Bloomfield Hills & Birmingham. Our fully trained, factory-Certified technicians do complete diagnosis of problem and provide a complete price estimate before we start the work.','Stuart','stuart@smwebmarketing.com',0,0,0.00,'2012-03-05 18:01:45',0,NULL,NULL,NULL,NULL,NULL,NULL,NULL,NULL,NULL,NULL,' plumbing farmington hills, plumbing bloomfield hills,plumber bloomfield hills, plumbing repair bloomfield hills, drain cleaning bloomfield hills, air conditioning birmingham, air conditioning repair birmingham, air conditioning royal oak,',0,0,'0',NULL,NULL,NULL,NULL,NULL,NULL,NULL,NULL,NULL),(7,22,'DUI Lawyer Berkeley Springs WV','http://www.westvirginiaduilawyers.com','Wagner is an experienced and the only law firm in Martinsburg, Morgantown, Charles Town in West Virginia which solely focuses on DUI and DWI defense. From first offense misdemeanor cases to more serious DUI homicide cases, the Wagner Law Firm is fully capable of defending you effectively in court.','Stuart','stuart@smwebmarketing.com',0,0,0.00,'2012-03-05 18:27:21',0,NULL,NULL,NULL,NULL,NULL,NULL,NULL,NULL,NULL,NULL,'dui attorneys martinsburg wv, dui attorneys morgantown wv, dui defense lawyer charles town wv, dui defense lawyer martinsburg wv, dui lawyer martinsburg wv, dui lawyer morgantown wv, dwi attorneys charles town wv, dwi attorneys martinsburg wv',0,0,'0',NULL,NULL,NULL,NULL,NULL,NULL,NULL,NULL,NULL),(8,3,'Electricians Wichita','http://www.tracyelectricinc.com','Tracy Electric, Inc. is an electrical contractor which specializes in the design and installation of electrical systems for industrial plants, commercial buildings, and residential projects.  We provide 24 hour design and on-site services, electrical engineering, construction, instrumentation and control system services in Wichita & Houston to help tailor to our customers’ needs.','Yellow Book','stuart@ebrandz.com',0,0,0.00,'2012-03-05 19:19:07',0,NULL,NULL,NULL,NULL,NULL,NULL,NULL,NULL,NULL,NULL,' electricians wichita, electrical contractor houston,  electrical contractor wichita, electricians  houston',0,0,'0',NULL,NULL,NULL,NULL,NULL,NULL,NULL,NULL,NULL),(9,22,'Injury Attorneys Riverside','http://www.sweeneyattorneys.com','We are a family of lawyers that care and can assist you if you have been injured in a accident. We are experienced Riverside County personal injury attorneys that have serviced thousands of injury claims throughout our combined 45 years of service.','Stuart','stuart@smwebmarketing.com',0,0,0.00,'2012-03-05 19:27:40',0,NULL,NULL,NULL,NULL,NULL,NULL,NULL,NULL,NULL,NULL,'personal injury attorneys riverside, personal injury lawyers riverside, injury attorneys riverside, accident attorneys riverside, car accident attorney riverside, accident lawyer riverside',0,0,'0',NULL,NULL,NULL,NULL,NULL,NULL,NULL,NULL,NULL),(10,22,'Bankruptcy Attorneys Hudson NY','http://www.mspinaclaw.com','Whether you’re seeking compensation for a workplace injury or to discharge debt  in Kingston & Hudson Ny,  our attorneys believe in giving every client the attention and dedication they deserve. Call 845-331-5777 and get a free consultation today.','Stuart','stuart@smwebmarketing.com',0,0,0.00,'2012-03-05 19:35:02',0,NULL,NULL,NULL,NULL,NULL,NULL,NULL,NULL,NULL,NULL,'accident lawyers kingston ny, accident attorneys hudson ny, Bankruptcy lawyers hudson ny, bankruptcy attorneys kingston ny, workers  compensation hudson ny, social security disability kingston ny, traffic  lawyers hudson ny',0,0,'0',NULL,NULL,NULL,NULL,NULL,NULL,NULL,NULL,NULL),(11,15,'TMJ Grove City PA','http://www.quadcountyoralsurgery.com','Do you have problems biting or chewing? When you\'re eating, do your lower teeth hit the roof of your mouth, causing discomfort? The Oral surgeon at Quad County will help you overcome your pain with the help of dental surgery such as Dental implants, TMJ & painless extraction of wisdom tooth in Butler & Kittanning PA area.','Stuart','stuart@smwebmarketing.com',0,0,0.00,'2012-03-05 19:46:10',0,NULL,NULL,NULL,NULL,NULL,NULL,NULL,NULL,NULL,NULL,'dental implants kittanning pa, oral surgeon butler pa, dental oral surgery grove city pa, tmj  kittanning pa, wisdom teeth butler pa, oral surgeon kittanning pa, dental oral surgery butler pa,  Tmj grove city pa, dental oral surgery kittanning pa, dental ',0,0,'0',NULL,NULL,NULL,NULL,NULL,NULL,NULL,NULL,NULL),(12,22,'Bail Bondsman Colorado Springs','http://www.dennisblackwellbailbonds.com','Dennis Blackwell Bail Bonds is a family owned business serving Colorado springs, Pubelo and the entire United States for 18 years. With our office located on the same street as the El Paso County Criminal Justice Center (CJC), we guarantee that you have chosen the fastest and most convenient bail bond service in Colorado Springs.','Stuart','stuart@smwebmarketing.com',0,0,0.00,'2012-03-05 19:53:30',0,NULL,NULL,NULL,NULL,NULL,NULL,NULL,NULL,NULL,NULL,'bail bonds colorado springs, bail bondsmen pueblo, bail bondsman colorado springs, bail bond man pueblo, bail bond colorado springs, bail bonds pueblo, bail bondsman colorado springs',0,0,'0',NULL,NULL,NULL,NULL,NULL,NULL,NULL,NULL,NULL),(13,28,'Homes for rent Lubbock','http://','Lynnwood Townhomes were designed with students in mind.  It is a student housing in Lubbock where every bedroom is a master suite with a luxurious walk in closet and full private bathroom. The town homes are zoned as apartments where more than two unrelated people can live legally.','Stuart','stuart@smwebmarketing.com',0,0,0.00,'2012-03-05 19:58:09',0,NULL,NULL,NULL,NULL,NULL,NULL,NULL,NULL,NULL,NULL,'town homes for rent lubbock, student housing lubbock, rental properties lubbock, houses for  rent lubbock, homes for rent lubbock, rental homes lubbock, apartments for rent lubbock, town  homes lubbock',0,0,'0',NULL,NULL,NULL,NULL,NULL,NULL,NULL,NULL,NULL),(14,22,'Bankruptcy Attorneys Fontana CA','http://www.DLBKlaw.com','Our bankruptcy law firm’s goal is to protect all of your possessions and get you back on track to financial security by guiding you through the bankruptcy process. With our no-interest monthly payment plan everyone can afford our bankruptcy firm, and with our friendly and experienced staff we can quickly and easily get you through the system so that you can return to a normal lifestyle.','Yellow Book','stuart@ebrandz.com',0,0,0.00,'2012-03-05 20:08:28',0,NULL,NULL,NULL,NULL,NULL,NULL,NULL,NULL,NULL,NULL,'bankruptcy questions fontana, bankruptcy attorneys lancaster  ca, bankruptcy lawyers fontana  ca, bankruptcy lawyer lancaster ca, bankruptcy attorney fontana ca, bankruptcy lawyers lancaster  ca, bankruptcy questions lancaster ca',0,0,'0',NULL,NULL,NULL,NULL,NULL,NULL,NULL,NULL,NULL),(15,20,'Auto Insurance Lancaster PA','http://www.unruhinsurance.com','Unruh Insurance Agency, Inc. is a professional organization dedicated to providing the best insurance protection and service possible. We Offer homeowners,car,auto & health insurance and services in Lancaster PA & Berks County. Contact us today at 1-877-854-3309 for more information.','Yellow Book','stuart@ebrandz.com',0,0,0.00,'2012-03-05 20:12:07',0,NULL,NULL,NULL,NULL,NULL,NULL,NULL,NULL,NULL,NULL,'insurance berks county, homeowners insurance berks county, health insurance lancaster pa, health insurance berks county, car insurance berks county, auto insurance berks county, insurance lancaster pa, auto insurance lancaster pa',0,0,'0',NULL,NULL,NULL,NULL,NULL,NULL,NULL,NULL,NULL);

--
-- Table structure for table `idx_link_temp`
--

CREATE TABLE `idx_link_temp` (
  `vid` mediumint(9) unsigned NOT NULL auto_increment,
  `spam` char(1) NOT NULL default '0',
  `link_id` mediumint(9) default NULL,
  `category_id` mediumint(9) unsigned NOT NULL default '0',
  `title` varchar(100) NOT NULL default '',
  `url` text NOT NULL,
  `description` text NOT NULL,
  `contact_name` varchar(100) NOT NULL default '',
  `email` varchar(100) NOT NULL default '',
  `hits` mediumint(9) default NULL,
  `votes` smallint(6) default NULL,
  `rating` float(4,2) default NULL,
  `date` datetime NOT NULL default '0000-00-00 00:00:00',
  `bid` smallint(6) NOT NULL default '0',
  `new` char(1) default NULL,
  `hot` char(1) default NULL,
  `top_rated` char(1) default NULL,
  `pick` char(1) default NULL,
  `password` varchar(20) default NULL,
  `updated` char(1) default NULL,
  `reviews` smallint(6) default NULL,
  `avg_review` float(4,2) default NULL,
  `last_updated` datetime default NULL,
  `official_review` text,
  `keywords` varchar(255) default NULL,
  `cat1` mediumint(6) NOT NULL default '0',
  `cat2` mediumint(6) NOT NULL default '0',
  `suspended` char(1) NOT NULL default '0',
  `reciprocal_url` varchar(255) default NULL,
  `address` varchar(255) default NULL,
  `city` varchar(255) default NULL,
  `state` varchar(255) default NULL,
  `country` varchar(255) default NULL,
  `zip` varchar(255) default NULL,
  `image` varchar(255) default NULL,
  `phone` varchar(255) default NULL,
  `fax` varchar(255) default NULL,
  PRIMARY KEY  (`vid`)
) ENGINE=MyISAM DEFAULT CHARSET=latin1;

--
-- Dumping data for table `idx_link_temp`
--


--
-- Table structure for table `idx_link_temp_user`
--

CREATE TABLE `idx_link_temp_user` (
  `vid` mediumint(9) unsigned NOT NULL default '0',
  `username` varchar(20) NOT NULL default '',
  PRIMARY KEY  (`vid`)
) ENGINE=MyISAM DEFAULT CHARSET=latin1;

--
-- Dumping data for table `idx_link_temp_user`
--


--
-- Table structure for table `idx_link_user`
--

CREATE TABLE `idx_link_user` (
  `link_id` mediumint(9) unsigned NOT NULL default '0',
  `username` varchar(20) NOT NULL default '',
  PRIMARY KEY  (`link_id`)
) ENGINE=MyISAM DEFAULT CHARSET=latin1;

--
-- Dumping data for table `idx_link_user`
--


--
-- Table structure for table `idx_mailing_list`
--

CREATE TABLE `idx_mailing_list` (
  `email` varchar(50) NOT NULL default '',
  `code` varchar(4) default NULL,
  `status` char(1) default NULL,
  PRIMARY KEY  (`email`)
) ENGINE=MyISAM DEFAULT CHARSET=latin1;

--
-- Dumping data for table `idx_mailing_list`
--


--
-- Table structure for table `idx_message`
--

CREATE TABLE `idx_message` (
  `message_id` smallint(6) NOT NULL auto_increment,
  `date` date default NULL,
  `body` text,
  `subject` varchar(100) default NULL,
  PRIMARY KEY  (`message_id`)
) ENGINE=MyISAM DEFAULT CHARSET=latin1;

--
-- Dumping data for table `idx_message`
--


--
-- Table structure for table `idx_notification`
--

CREATE TABLE `idx_notification` (
  `username` varchar(20) NOT NULL default '',
  `category_id` mediumint(9) NOT NULL default '0'
) ENGINE=MyISAM DEFAULT CHARSET=latin1;

--
-- Dumping data for table `idx_notification`
--


--
-- Table structure for table `idx_pagerank`
--

CREATE TABLE `idx_pagerank` (
  `link_id` mediumint(8) unsigned NOT NULL default '0',
  `engine` char(1) NOT NULL default '',
  `rank` tinyint(4) NOT NULL default '0',
  `last_update` date NOT NULL default '0000-00-00',
  PRIMARY KEY  (`link_id`,`engine`)
) ENGINE=MyISAM DEFAULT CHARSET=latin1;

--
-- Dumping data for table `idx_pagerank`
--

INSERT INTO `idx_pagerank` VALUES (3,'g',0,'2012-03-02'),(1,'g',0,'2012-03-02'),(4,'g',0,'2012-03-07');

--
-- Table structure for table `idx_paid_listing`
--

CREATE TABLE `idx_paid_listing` (
  `link_id` mediumint(9) unsigned NOT NULL default '0',
  `premium` char(1) default NULL,
  `sponsored` char(1) default NULL,
  `expire` datetime default NULL,
  `paid` char(1) default NULL,
  PRIMARY KEY  (`link_id`)
) ENGINE=MyISAM DEFAULT CHARSET=latin1;

--
-- Dumping data for table `idx_paid_listing`
--


--
-- Table structure for table `idx_payment_gateway`
--

CREATE TABLE `idx_payment_gateway` (
  `payment_gateway_id` int(11) NOT NULL auto_increment,
  `name` varchar(100) default NULL,
  `enable` char(1) default NULL,
  `setting` text,
  `invoice_html` text,
  PRIMARY KEY  (`payment_gateway_id`)
) ENGINE=MyISAM AUTO_INCREMENT=9 DEFAULT CHARSET=latin1;

--
-- Dumping data for table `idx_payment_gateway`
--

INSERT INTO `idx_payment_gateway` VALUES (1,'paypal','1','a:2:{s:13:\"payment_email\";s:0:\"\";s:21:\"enable_paypal_sandbox\";s:1:\"0\";}','<p> \r\n	<a href=\'paynow.php?id={$invoice_id}&m=paypal\'><img src=\'http://www.paypal.com/images/x-click-but02.gif\' border=\'0\' alt=\'Make payments with PayPal - it is fast, free and secure!\' /></a> \r\n</p>\r\n'),(2,'2co','0','a:6:{s:6:\"co_sid\";s:5:\"84932\";s:9:\"co_secret\";s:5:\"tango\";s:12:\"co_recurring\";s:1:\"0\";s:9:\"co_prod_1\";s:6:\"100.00\";s:9:\"co_prod_2\";s:6:\"250.00\";s:9:\"co_prod_3\";s:6:\"400.00\";}','<p>\r\n<a href=\'paynow.php?id={$invoice_id}&m=2co\'><img src=\'http://www.2checkout.com/images/overview/btns/25.jpg\' alt=\'Pay Now with 2checkout...\' border=\'0\' /></a> \r\n</p>'),(3,'authorizenet','0','a:2:{s:21:\"authorizenet_login_id\";s:0:\"\";s:21:\"authorizenet_tran_key\";s:0:\"\";}','<p> \r\n<a href=\'paynow.php?id={$invoice_id}&m=authorizenet\'><img src=\'http://www.authorize.net/upload/images/Images/Header/authorizenet_logo.gif\' alt=\'Pay Now with Authorize.Net...\' width=\'99\' height=\'39\' style=\'{border : 1px solid #c0c0c0;}\' /></a>\r\n</p>'),(4,'egold','0','a:2:{s:19:\"egold_payee_account\";s:0:\"\";s:16:\"egold_payee_name\";s:0:\"\";}','<p> \r\n<a href=\'paynow.php?id={$invoice_id}&m=egold\'>\r\n<img src=\'http://www.e-gold.com/gif/paywith.gif\' border=\'0\' alt=\'Pay Now with e-gold...\' />\r\n</a>\r\n</p>'),(5,'moneybookers','0','a:1:{s:18:\"moneybookers_email\";s:0:\"\";}','<p> \r\n<a href=\'paynow.php?id={$invoice_id}&m=paypal\'><img src=\'http://www.moneybookers.com/images/banners/88_en_mb.gif\' border=\'0\' alt=\'Make payments with Moneybookers - it is fast, free and secure!\' /></a> \r\n</p>'),(6,'paypal-subscriptions','0','a:2:{s:13:\"payment_email\";s:0:\"\";s:21:\"enable_paypal_sandbox\";s:1:\"0\";}','<p> \r\n<a href=\'paynow.php?id={$invoice_id}&m=paypal\'><img src=\'https://www.paypal.com/en_US/i/btn/x-click-but20.gif\' border=\'0\' alt=\'Make payments with PayPal - it is fast, free and secure!\' /></a> \r\n</p>'),(7,'alertpay','0','a:2:{s:14:\"alertpay_email\";s:0:\"\";s:23:\"enable_alertpay_sandbox\";s:1:\"0\";}','<p> \r\n<a href=\'paynow.php?id={$invoice_id}&m=alertpay\'>\r\n<img src=\'https://www.alertpay.com/Images/BuyNow/pay_now_3.gif\' border=\'0\' alt=\'Make payments with PayPal - it is fast, free and secure!\' /></a> \r\n</p>'),(8,'alertpay-subcriptions','0','a:2:{s:14:\"alertpay_email\";s:0:\"\";s:23:\"enable_alertpay_sandbox\";s:1:\"0\";}','<p>\r\n<a href=\'paynow.php?id={$invoice_id}&m=alertpay-subcriptions\'>\r\n<img src=\'https://www.alertpay.com/Images/BuyNow/subscribe_now_15.gif\' border=\'0\' alt=\'Make payments with Alert Pay - it is fast, free and secure!\' /></a> \r\n</p>');

--
-- Table structure for table `idx_payment_history`
--

CREATE TABLE `idx_payment_history` (
  `payment_id` int(10) unsigned NOT NULL auto_increment,
  `contact_name` varchar(255) default NULL,
  `email` varchar(255) default NULL,
  `type` varchar(255) default NULL,
  `detail` text,
  `amount` double default NULL,
  `time` datetime default NULL,
  `invoice_id` varchar(10) default NULL,
  PRIMARY KEY  (`payment_id`)
) ENGINE=MyISAM DEFAULT CHARSET=latin1;

--
-- Dumping data for table `idx_payment_history`
--


--
-- Table structure for table `idx_pl_sociable`
--

CREATE TABLE `idx_pl_sociable` (
  `sb_id` int(11) NOT NULL auto_increment,
  `sb_name` varchar(255) character set utf8 default NULL,
  `sb_url` varchar(255) character set utf8 default NULL,
  `sb_icon` varchar(255) character set utf8 default NULL,
  `sb_enable` char(1) character set utf8 default '0',
  PRIMARY KEY  (`sb_id`)
) ENGINE=MyISAM AUTO_INCREMENT=90 DEFAULT CHARSET=latin1;

--
-- Dumping data for table `idx_pl_sociable`
--

INSERT INTO `idx_pl_sociable` VALUES (1,'BarraPunto','http://barrapunto.com/submit.pl?subj=TITLE&amp;story=PERMALINK','barrapunto.png','0'),(2,'Bitacoras.com','http://bitacoras.com/anotaciones/PERMALINK','bitacoras.png','0'),(3,'BlinkList','http://www.blinklist.com/index.php?Action=Blink/addblink.php&amp;Url=PERMALINK&amp;Title=TITLE','blinklist.png','0'),(4,'blogmarks','http://blogmarks.net/my/new.php?mini=1&amp;simple=1&amp;url=PERMALINK&amp;title=TITLE','blogmarks.png','0'),(5,'Blogosphere News','http://www.blogospherenews.com/submit.php?url=PERMALINK&amp;title=TITLE','blogospherenews.png','0'),(6,'blogtercimlap','http://cimlap.blogter.hu/index.php?action=suggest_link&amp;title=TITLE&amp;url=PERMALINK','blogter.png','0'),(7,'Faves','http://faves.com/Authoring.aspx?u=PERMALINK&amp;title=TITLE','bluedot.png','0'),(8,'connotea','http://www.connotea.org/addpopup?continue=confirm&amp;uri=PERMALINK&amp;title=TITLE&amp;description=EXCERPT','connotea.png','0'),(9,'Current','http://current.com/clipper.htm?url=PERMALINK&amp;title=TITLE','current.png','0'),(10,'del.icio.us','http://delicious.com/post?url=PERMALINK&amp;title=TITLE&amp;notes=EXCERPT','delicious.png','0'),(11,'Digg','http://digg.com/submit?phase=2&amp;url=PERMALINK&amp;title=TITLE&amp;bodytext=EXCERPT','digg.png','1'),(12,'Diigo','http://www.diigo.com/post?url=PERMALINK&amp;title=TITLE','diigo.png','0'),(13,'DotNetKicks','http://www.dotnetkicks.com/kick/?url=PERMALINK&amp;title=TITLE','dotnetkicks.png','0'),(14,'DZone','http://www.dzone.com/links/add.html?url=PERMALINK&amp;title=TITLE','dzone.png','0'),(15,'eKudos','http://www.ekudos.nl/artikel/nieuw?url=PERMALINK&amp;title=TITLE&amp;desc=EXCERPT','ekudos.png','0'),(16,'email','mailto:?subject=TITLE&amp;body=PERMALINK','email_link.png','0'),(17,'Facebook','http://www.facebook.com/share.php?u=PERMALINK&amp;t=TITLE','facebook.png','1'),(18,'Fark','http://cgi.fark.com/cgi/fark/farkit.pl?h=TITLE&amp;u=PERMALINK','fark.png','0'),(19,'Fleck','http://beta3.fleck.com/bookmarklet.php?url=PERMALINK&amp;title=TITLE','fleck.png','0'),(20,'FriendFeed','http://www.friendfeed.com/share?title=TITLE&amp;link=PERMALINK','friendfeed.png','0'),(21,'FSDaily','http://www.fsdaily.com/submit?url=PERMALINK&amp;title=TITLE','fsdaily.png','0'),(22,'Global Grind','http://globalgrind.com/submission/submit.aspx?url=PERMALINK&amp;type=Article&amp;title=TITLE','globalgrind.png','0'),(23,'Google','http://www.google.com/bookmarks/mark?op=edit&amp;bkmk=PERMALINK&amp;title=TITLE&amp;annotation=EXCERPT','googlebookmark.png','0'),(24,'Gwar','http://www.gwar.pl/DodajGwar.html?u=PERMALINK','gwar.png','0'),(25,'HackerNews','http://news.ycombinator.com/submitlink?u=PERMALINK&amp;t=TITLE','hackernews.png','0'),(26,'Haohao','http://www.haohaoreport.com/submit.php?url=PERMALINK&amp;title=TITLE','haohao.png','0'),(27,'HealthRanker','http://healthranker.com/submit.php?url=PERMALINK&amp;title=TITLE','healthranker.png','0'),(28,'HelloTxt','http://hellotxt.com/?status=TITLE+PERMALINK','hellotxt.png','0'),(29,'Hemidemi','http://www.hemidemi.com/user_bookmark/new?title=TITLE&amp;url=PERMALINK','hemidemi.png','0'),(30,'Hyves','http://www.hyves.nl/profilemanage/add/tips/?name=TITLE&amp;text=EXCERPT+PERMALINK&amp;rating=5','hyves.png','0'),(31,'Identi.ca','http://identi.ca/notice/new?status_textarea=PERMALINK','identica.png','0'),(32,'IndianPad','http://www.indianpad.com/submit.php?url=PERMALINK','indianpad.png','0'),(33,'Internetmedia','http://internetmedia.hu/submit.php?url=PERMALINK','im.png','0'),(34,'Kirtsy','http://www.kirtsy.com/submit.php?url=PERMALINK&amp;title=TITLE','kirtsy.png','0'),(35,'laaik.it','http://laaik.it/NewStoryCompact.aspx?uri=PERMALINK&amp;headline=TITLE&amp;cat=5e082fcc-8a3b-47e2-acec-fdf64ff19d12','laaikit.png','0'),(36,'LinkArena','http://linkarena.com/bookmarks/addlink/?url=PERMALINK&amp;title=TITLE','linkarena.png','0'),(37,'LinkaGoGo','http://www.linkagogo.com/go/AddNoPopup?url=PERMALINK&amp;title=TITLE','linkagogo.png','0'),(38,'LinkedIn','http://www.linkedin.com/shareArticle?mini=true&amp;url=PERMALINK&amp;title=TITLE&amp;source=BLOGNAME&amp;summary=EXCERPT','linkedin.png','0'),(39,'Linkter','http://www.linkter.hu/index.php?action=suggest_link&amp;url=PERMALINK&amp;title=TITLE','linkter.png','0'),(40,'Live','https://favorites.live.com/quickadd.aspx?marklet=1&amp;url=PERMALINK&amp;title=TITLE','live.png','0'),(41,'Meneame','http://meneame.net/submit.php?url=PERMALINK','meneame.png','0'),(42,'MisterWong','http://www.mister-wong.com/addurl/?bm_url=PERMALINK&amp;bm_description=TITLE&amp;plugin=soc','misterwong.png','0'),(43,'MisterWong.DE','http://www.mister-wong.de/addurl/?bm_url=PERMALINK&amp;bm_description=TITLE&amp;plugin=soc','misterwong.png','0'),(44,'Mixx','http://www.mixx.com/submit?page_url=PERMALINK&amp;title=TITLE','mixx.png','0'),(45,'muti','http://www.muti.co.za/submit?url=PERMALINK&amp;title=TITLE','muti.png','0'),(46,'MyShare','http://myshare.url.com.tw/index.php?func=newurl&amp;url=PERMALINK&amp;desc=TITLE','myshare.png','0'),(47,'MySpace','http://www.myspace.com/Modules/PostTo/Pages/?u=PERMALINK&amp;t=TITLE','myspace.png','0'),(48,'MSNReporter','http://reporter.nl.msn.com/?fn=contribute&amp;Title=TITLE&amp;URL=PERMALINK&amp;cat_id=6&amp;tag_id=31&amp;Remark=EXCERPT','msnreporter.png','0'),(49,'N4G','http://www.n4g.com/tips.aspx?url=PERMALINK&amp;title=TITLE','n4g.png','0'),(50,'Netvibes','http://www.netvibes.com/share?title=TITLE&amp;url=PERMALINK','netvibes.png','0'),(51,'NewsVine','http://www.newsvine.com/_tools/seed&amp;save?u=PERMALINK&amp;h=TITLE','newsvine.png','0'),(52,'Netvouz','http://www.netvouz.com/action/submitBookmark?url=PERMALINK&amp;title=TITLE&amp;popup=no','netvouz.png','0'),(53,'NuJIJ','http://nujij.nl/jij.lynkx?t=TITLE&amp;u=PERMALINK&amp;b=EXCERPT','nujij.png','0'),(54,'Ping.fm','http://ping.fm/ref/?link=PERMALINK&amp;title=TITLE&amp;body=EXCERPT','ping.png','0'),(55,'Posterous','http://posterous.com/share?linkto=PERMALINK&amp;title=TITLE&amp;selection=EXCERPT','posterous.png','0'),(56,'PDF','http://www.printfriendly.com/print?url=PERMALINK&amp;partner=sociable','pdf.png','0'),(57,'Print','http://www.printfriendly.com/print?url=PERMALINK&amp;partner=sociable','printfriendly.png','0'),(58,'Propeller','http://www.propeller.com/submit/?url=PERMALINK','propeller.png','0'),(59,'Ratimarks','http://ratimarks.org/bookmarks.php/?action=add&address=PERMALINK&amp;title=TITLE','ratimarks.png','0'),(60,'Rec6','http://rec6.via6.com/link.php?url=PERMALINK&amp;=TITLE','rec6.png','0'),(61,'Reddit','http://reddit.com/submit?url=PERMALINK&amp;title=TITLE','reddit.png','0'),(62,'RSS','FEEDLINK','rss.png','0'),(63,'Scoopeo','http://www.scoopeo.com/scoop/new?newurl=PERMALINK&amp;title=TITLE','scoopeo.png','0'),(64,'Segnalo','http://segnalo.alice.it/post.html.php?url=PERMALINK&amp;title=TITLE','segnalo.png','0'),(65,'Simpy','http://www.simpy.com/simpy/LinkAdd.do?href=PERMALINK&amp;title=TITLE','simpy.png','0'),(66,'Slashdot','http://slashdot.org/bookmark.pl?title=TITLE&amp;url=PERMALINK','slashdot.png','0'),(67,'Socialogs','http://socialogs.com/add_story.php?story_url=PERMALINK&amp;story_title=TITLE','socialogs.png','0'),(68,'SphereIt','http://www.sphere.com/search?q=sphereit:PERMALINK&amp;title=TITLE','sphere.png','0'),(69,'Sphinn','http://sphinn.com/index.php?c=post&amp;m=submit&amp;link=PERMALINK','sphinn.png','0'),(70,'StumbleUpon','http://www.stumbleupon.com/submit?url=PERMALINK&amp;title=TITLE','stumbleupon.png','0'),(71,'Techmeme','http://twitter.com/home/?status=tip%20@Techmeme%20PERMALINK%20TITLE','techmeme.png','0'),(72,'Technorati','http://technorati.com/faves?add=PERMALINK','technorati.png','1'),(73,'ThisNext','http://www.thisnext.com/pick/new/submit/sociable/?url=PERMALINK&amp;name=TITLE','thisnext.png','0'),(74,'Tipd','http://tipd.com/submit.php?url=PERMALINK','tipd.png','0'),(75,'Tumblr','http://www.tumblr.com/share?v=3&amp;u=PERMALINK&amp;t=TITLE&amp;s=EXCERPT','tumblr.png','0'),(76,'Twitter','http://twitter.com/home?status=TITLE%20-%20PERMALINK','twitter.png','1'),(77,'Upnews','http://www.upnews.it/submit?url=PERMALINK&amp;title=TITLE','upnews.png','0'),(78,'Webnews.de','http://www.webnews.de/einstellen?url=PERMALINK&amp;title=TITLE','webnews.png','0'),(79,'Webride','http://webride.org/discuss/split.php?uri=PERMALINK&amp;title=TITLE','webride.png','0'),(80,'Wikio','http://www.wikio.com/vote?url=PERMALINK','wikio.png','0'),(81,'Wikio FR','http://www.wikio.fr/vote?url=PERMALINK','wikio.png','0'),(82,'Wikio IT','http://www.wikio.it/vote?url=PERMALINK','wikio.png','0'),(83,'Wists','http://wists.com/s.php?c=&amp;r=PERMALINK&amp;title=TITLE','wists.png','0'),(84,'Wykop','http://www.wykop.pl/dodaj?url=PERMALINK','wykop.png','0'),(85,'Xerpi','http://www.xerpi.com/block/add_link_from_extension?url=PERMALINK&amp;title=TITLE','xerpi.png','0'),(86,'YahooBuzz','http://buzz.yahoo.com/submit/?submitUrl=PERMALINK&amp;submitHeadline=TITLE&amp;submitSummary=EXCERPT&amp;submitCategory=science&amp;submitAssetType=text','yahoobuzz.png','0'),(87,'Yahoo! Bookmarks','http://bookmarks.yahoo.com/toolbar/savebm?u=PERMALINK&amp;t=TITLE&opener=bm&amp;ei=UTF-8&amp;d=EXCERPT','yahoomyweb.png','0'),(88,'Yigg','http://yigg.de/neu?exturl=PERMALINK&amp;exttitle=TITLE','yiggit.png','0'),(89,'Blogplay','http://blogplay.com','blogplay.png','0');

--
-- Table structure for table `idx_plugin`
--

CREATE TABLE `idx_plugin` (
  `plugin_id` int(11) NOT NULL auto_increment,
  `name` varchar(255) default NULL,
  `plugin_file` varchar(255) default NULL,
  `status` enum('0','1') default NULL,
  `option_plugin` text,
  PRIMARY KEY  (`plugin_id`)
) ENGINE=MyISAM AUTO_INCREMENT=2 DEFAULT CHARSET=latin1;

--
-- Dumping data for table `idx_plugin`
--

INSERT INTO `idx_plugin` VALUES (1,'Sociable','sociable/sociable.php','1',NULL);

--
-- Table structure for table `idx_review`
--

CREATE TABLE `idx_review` (
  `review_id` mediumint(9) unsigned NOT NULL auto_increment,
  `link_id` mediumint(9) unsigned NOT NULL default '0',
  `review` text NOT NULL,
  `rating` tinyint(3) unsigned NOT NULL default '0',
  `date` date NOT NULL default '0000-00-00',
  `subject` varchar(100) default NULL,
  `status` char(1) default NULL,
  `username` varchar(20) default NULL,
  `name` varchar(20) default NULL,
  `email` varchar(100) default NULL,
  PRIMARY KEY  (`review_id`)
) ENGINE=MyISAM DEFAULT CHARSET=latin1;

--
-- Dumping data for table `idx_review`
--


--
-- Table structure for table `idx_searchlog`
--

CREATE TABLE `idx_searchlog` (
  `keyword` varchar(100) NOT NULL default '',
  `time` datetime NOT NULL default '0000-00-00 00:00:00',
  `result` mediumint(9) unsigned default NULL,
  `ip` varchar(100) default NULL
) ENGINE=MyISAM DEFAULT CHARSET=latin1;

--
-- Dumping data for table `idx_searchlog`
--


--
-- Table structure for table `idx_sessions`
--

CREATE TABLE `idx_sessions` (
  `SESSKEY` varchar(32) NOT NULL default '',
  `EXPIRY` int(11) unsigned NOT NULL default '0',
  `EXPIREREF` varchar(64) default NULL,
  `DATA` text NOT NULL,
  PRIMARY KEY  (`SESSKEY`)
) ENGINE=MyISAM DEFAULT CHARSET=latin1;

--
-- Dumping data for table `idx_sessions`
--

INSERT INTO `idx_sessions` VALUES ('e269020ce768207205545cd0b035ae2b',1330964122,NULL,'ituvUtgcNrI3e-jKoa8jeettawN_oRptCgg7fBVB_cw9Czoq0sOfiO5IRnTR9Q49R0sZnaH-9ejqvNjnF9f6OUg-IGedvR9EJGqC2V-M-UGddQWEMROcj8DM7CiOwAiqHuIN3jhLUEcxwB2C_Fl5oa__t-SHDQf9VFt4nlHsU0xV10yW9nfoA_KqgZJQs0mD'),('7ccb3da3587f3dff66883f587cbc0371',1330964126,NULL,'2rE7SPOH2_PSzkqKp9t43uRdtkBbteO9Ndy6EoE2img4KeWKEvcmWLeN5ThAbN3YwxQR0zyboAsPEPwxh4ABKALcwfdw1Jco_TRPWC4Y47IZFT0__AuNc5CLRS-asuv_a66bahIo-yRUnFP-M-yTC9wfVKjh1mlmWN5rjb7hYYeSSWjKJXWVP2d5U2XIiOqw'),('6c4ee2961e4c03acffccf48a23bae14a',1330964128,NULL,'LA541J7xyE21zSDYihqghV5fSJMYXsek0GVlC62F-m4bOsEQhYh9BiJvjDcHMjk09tzPl9hhVRGHQJKmrSS5o0dfKLJics66LVHT68lpFuP3f4v5U_rvqvOlFZbIWBjcSKmYWsGCtzC-b7YfEhTn3ujkqEmrrGAROP6_pMUwTIusJDT7-6ZOPhDYjLVCnNtp'),('98513c9078365f2f861907a79a529565',1330964129,NULL,'ituvUtgcNrI3e-jKoa8jeettawN_oRptCgg7fBVB_cw9Czoq0sOfiO5IRnTR9Q49R0sZnaH-9ejqvNjnF9f6OUg-IGedvR9EJGqC2V-M-UGddQWEMROcj8DM7CiOwAiqHuIN3jhLUEcxwB2C_Fl5oa__t-SHDQf9VFt4nlHsU0xV10yW9nfoA_KqgZJQs0mD'),('c85033baeb0078e53b69e7c3e8502ea6',1330964130,NULL,'yeDBXMpIITac6a1_vmeH26dAnB4DImV2N9RC-mzSCOU5Xe8B5amd_JX_3-6QvTxgzik5H4TQ4KPmtJwNfN3Ki7vLseNsVBQYdZWahwVssnmCSHnepmGWLiYD7YMEEgWQAihmaJKqG9nQQZ3z_Vtp5i-Gvvcprm1mKl63QKp0GtCMMcOHYcEvHAppKFuRwetK'),('d6d7b0d54e702f14040a8d4306237b40',1330964132,NULL,'ituvUtgcNrI3e-jKoa8jeettawN_oRptCgg7fBVB_cw9Czoq0sOfiO5IRnTR9Q49R0sZnaH-9ejqvNjnF9f6OUg-IGedvR9EJGqC2V-M-UGddQWEMROcj8DM7CiOwAiqHuIN3jhLUEcxwB2C_Fl5oa__t-SHDQf9VFt4nlHsU0xV10yW9nfoA_KqgZJQs0mD'),('579149058d79a1b8ca702bb4db135476',1330964133,NULL,'p8HVOAhQbV5u511yyg6uiRhVB7foG0rquGH_-AeTxxj3RnFq2yZhOINblA9cRFZvLIsa20rstAwMYHOx880EzgpQiVK5f-50g4zzMY1XGSJ6Wve7s5g4PegbAmiVCU4bdSfRXlV8JTDrlQ9bXnH0qYGsTWad1G8qt2eLCrT4zqrfNy_43Plq1ZBvHcdGxTUR'),('8995c2646dfbee1511060e968f8b066b',1330964134,NULL,'ituvUtgcNrI3e-jKoa8jeettawN_oRptCgg7fBVB_cw9Czoq0sOfiO5IRnTR9Q49R0sZnaH-9ejqvNjnF9f6OUg-IGedvR9EJGqC2V-M-UGddQWEMROcj8DM7CiOwAiqHuIN3jhLUEcxwB2C_Fl5oa__t-SHDQf9VFt4nlHsU0xV10yW9nfoA_KqgZJQs0mD'),('7a0dffa65ecffeb5d5866b259f75ee42',1330964135,NULL,'tuAdMm1KBpLgklCjX90hOZfqF2vvUcOCYe41dozv5Hw1dKTIFqh4tvdDU_O8dHZLFWDu3U5hfHOaCCBZ5fwEoYLDwABSxd7jcZLDLBLhgL18l8pzi0_1-yajeiwKMfjhiRwj5TVJKXTq1ThcNL6963iiTJfp_lufrbF2vuADsbBDp2KXy9rcPoBceqp2GkjK'),('cfe4b1f4aac119f100a70a8afe1b6136',1330964136,NULL,'ituvUtgcNrI3e-jKoa8jeettawN_oRptCgg7fBVB_cw9Czoq0sOfiO5IRnTR9Q49R0sZnaH-9ejqvNjnF9f6OUg-IGedvR9EJGqC2V-M-UGddQWEMROcj8DM7CiOwAiqHuIN3jhLUEcxwB2C_Fl5oa__t-SHDQf9VFt4nlHsU0xV10yW9nfoA_KqgZJQs0mD'),('5966f13650caec79ccceb9ed2ed1cc99',1330964138,NULL,'Jdyell8q4-TPwb41577yxA6DRo4FCoiOcgyOFYreZ3mbQCHorX77OwZkRHH09jRWBfoMN0_u0PLVVrCXmd3bAQEOZjd0LIowbbCEB6Alma6T5U4NBOE8-VXzrE73Yw45KvW0NV4UkCT0ZevJOCDnw0uBFTZH7ONR_PgMlbJTdZKsaAOkNbm6FTFlrdhh3-0H'),('72101edc8d47d9e063aeac9d6c92a89d',1330964142,NULL,'ituvUtgcNrI3e-jKoa8jeettawN_oRptCgg7fBVB_cw9Czoq0sOfiO5IRnTR9Q49R0sZnaH-9ejqvNjnF9f6OUg-IGedvR9EJGqC2V-M-UGddQWEMROcj8DM7CiOwAiqHuIN3jhLUEcxwB2C_Fl5oa__t-SHDQf9VFt4nlHsU0xV10yW9nfoA_KqgZJQs0mD'),('44c12b820868f14aa34083a9e721bd96',1330966624,NULL,'IwgsUAaOGPmy5eF2Fj44EG1uIZxxLNv2ENq-vQhoPD0GeqDzBvMlYR0hJB2zOmVT5bSRUTnZM8kIyMRL9Wp4H1jX6c7StLMRAK5kMqPwJiKNEPsR7dboq5eh-9v4U9xP_gczdORHYu3uowFUlQAjkg..'),('d3eaf299ddcd55c17903156d30180fa4',1330973754,NULL,'otU9aHmu3SEqe4DuYzg0VRabYsQPebFNPHuKN2OQgNhzYZX_-iRFyd1lHS1Lyvn80y4uLP0vFCopf3fxrkaxq7S49h_OOMuEBV8-NWNLzowlYlXewH4BTPz_7N6DpPi68tZpVRoioyk3iSZvCP0q7g..'),('8c4732ccf1d5b952165e60bbc11b79c7',1330980866,NULL,'HK99zWzwBVFuSUGb3OjvkUVWvL5tA3tWIoy0OG6LNJj1PLWOjqUKQfeCZz1rdVlRRLgA_t9_h2g4D5mrY6CuCqHoqbDGm0BEKFRWU0Wh-BsruQrfxl3Oj7VFaJXS3TqJcdejbsVwwXQRkITN2tvLkw..'),('8341096be239d33d498f4bfe5df5a06c',1330987702,NULL,'_INVRjYLp04kUfD5OukQq5bdD0ZFDEkNwfh6VVuTLzugzG7m2plOtbowRxak-42BnoLuPCkHiTq1t_Y7Ov4jXB1r1H4EfwwcjJ4cJQDoP5p26N60wREtruO_eI6eUgYaT6Y-LE2ty8gGLH6tFiP4eHkvg9eYvqPBM2uF1TA_eao.'),('1c3e2ee838e4a4897abe88c6bd4037a8',1330987703,NULL,'AU0KbYQRkUra-thxdYpmO6Lfp5HnvPvdjsiqkpoGcUyuE_Gq_hagw8EKbiYo7r00jrdI0iHIOVNKSfi_1AcZTouFql8n7bjtgxjSccZNRyXyyH2VauV-kQABgq90KSITSHPYY7joECdrBiDUgbxo8Q..'),('654e5bb1b8fda5dc5d72eed4b07ad0aa',1330995389,NULL,'wqMXfmYUvBZJShlqD4sC_KUImmPM4_n3HeeU36uIrSrY7JF9EJZz00wbiEeEMbqjELm3a_NxrSUsdm9qWegQulI8Ou3GzyyTIw4i8yxAe1ohNXpzbX2ce3SCZboDbEUfOsDIOKAAifivfMZSBJOj6A..'),('74809b8c3d7c3316cf7797444c2b87bf',1330995710,NULL,'wSiZKRH5YLSdtGc6o6YulWD76yaZC1Y1_Z_lPgS0ErfKJJ4wGJ8PT5rSH1dWTlyCShjgD69CDLyUrhvycGEn-gJhK5veqLBdjMnpAmjJWUZyLq3YhkaYw-GpsJ0xZsGHoeluxbQh5P0OFWoLqFox3dj0-EdnxOack4Dti1os-rg.'),('addcf6545b3305908d7ee299fccc8c87',1331002354,NULL,'KjjwTTiygnEEBRaBoZM8cLymgjrlHRaam6k1hs5HZ5cQWTRSCAirXHhvbvNtyTUxeX3sDeGodcpzt5ITnpOSGr9clXf34NjfF7NhRJSSAL17nDQc5VuYSB91J-xk1WdCmcAc1tgltBTs1u2hecUDPQ..'),('ceffda25575f7c5cc1326ef9b8eefee6',1331008218,NULL,'HkMcX_NlarfhodcDz6vVK__T8q1cgMXlQLhrkrjsJrJaJUCGVcbDIIFaIiV9ps-mUroUzPky2a_l2QI62FCLXKZjLfi2Bzh2tzj6AENsczQ2xcmGrW9fSmiVzYZRCp8GRtxJCd85LjsPszZVgWAAsD_y8yhwrocADLKd4aUn1jI.'),('22d560a154dbc545657a59ab281e0cde',1331008218,NULL,'HkMcX_NlarfhodcDz6vVK__T8q1cgMXlQLhrkrjsJrJaJUCGVcbDIIFaIiV9ps-mUroUzPky2a_l2QI62FCLXKZjLfi2Bzh2tzj6AENsczQ2xcmGrW9fSmiVzYZRCp8GRtxJCd85LjsPszZVgWAAsD_y8yhwrocADLKd4aUn1jI.'),('d2099f6d4a3b940731bc6d83ab742f60',1331008219,NULL,'HkMcX_NlarfhodcDz6vVK__T8q1cgMXlQLhrkrjsJrJaJUCGVcbDIIFaIiV9ps-mUroUzPky2a_l2QI62FCLXKZjLfi2Bzh2tzj6AENsczQ2xcmGrW9fSmiVzYZRCp8GRtxJCd85LjsPszZVgWAAsD_y8yhwrocADLKd4aUn1jI.'),('67fc0ba73b8b53bcd5cd9e08a51813ac',1331008219,NULL,'HkMcX_NlarfhodcDz6vVK__T8q1cgMXlQLhrkrjsJrJaJUCGVcbDIIFaIiV9ps-mUroUzPky2a_l2QI62FCLXKZjLfi2Bzh2tzj6AENsczQ2xcmGrW9fSmiVzYZRCp8GRtxJCd85LjsPszZVgWAAsD_y8yhwrocADLKd4aUn1jI.'),('dd8eeebfbd15fa6349efb4aa165e4c61',1331009817,NULL,'Y8qjUAh09QbhH0We7cOyqdGapm5zNAiNcNnsVqEezWPjFLXjI1dA3HVk8-Mc-fuDpiThH0NJ6KmbPNWncyWOngVFQ9XzkkXGAAWsqRfEARYvOs0KroEVGj0bCvdGGRVQilYrtDLVZZ6IatoJIS2JoQ..'),('e4c6d5040f3d46c9a95976eaadb6fb62',1331016941,NULL,'Xok31aBYNHW1eOllFOct06E523-tm0tTWHepYaWf_IvSIVEFaioABUDRF_JoynJaEZW5ma7p-OAqIYebvJyUldMWrIS2nwX4Zq9LuhPZjY2oGB665AQz242tNiy1XOlksp9o9Gmm2r0hKu1Pnk2xlg..'),('ac7d38d69e6acdf796a0c58a92940fcf',1331021100,NULL,'xT3MPS3gWm3K6v5NAj64YO3irvw6TorMtjRhMjLwKcUo1CHAFBMhfxsPJBNqhod_avs5P69lCGqKJafhd5ojmO59UuNBGUkUOx40xwb6WQ_8d8HvlKTRAoIcdUt6EYYX20NjK7NoJPwlZefafFMoOV7CXriRnPg-NayIJLtxYcY.'),('c0b6119f91965fd1ff8ee50c5ed42e4a',1331021101,NULL,'xT3MPS3gWm3K6v5NAj64YO3irvw6TorMtjRhMjLwKcUo1CHAFBMhfxsPJBNqhod_avs5P69lCGqKJafhd5ojmO59UuNBGUkUOx40xwb6WQ_8d8HvlKTRAoIcdUt6EYYX20NjK7NoJPwlZefafFMoOV7CXriRnPg-NayIJLtxYcY.'),('1118e4b823e8b14cdadf5b679ecdb963',1331024079,NULL,'f836OYVOcsytHDuKv4iVwLoe6gmKsYKUH_PEREoTzgpEB0azyafC0DGVQQdyn-H0Z-IGA3hwlSSTB2PfJEUjE4gK4JaaiNnmEEYdoB1pIOIPQZYQSCCj-VMi9FOV4MDPAgEcMzA1Yx8OwGAPJEccxA..'),('e32d3f1d7cb6d699555d2f27c7bfc77b',1331031269,NULL,'D79sbQYJR8qYAseEDx44GUHliVtN2OkpPizHGbJu9cgWXVgWHk9lqaG4ba1W08cBkgiAHOp6BJrZRtsM-FQSUHIvrhAfWxZY2hkKGX5BY_oEcyhP2eAy8wqUokFejGfLr0Ei6Jgly-gpPesGLVgCWQ..'),('5b094eed34ade05143859d440cbc05eb',1331034602,NULL,'5PgFh1ypM4nLchuuyNIZ4Fbm04IB3FmeencSBZqmlWoFcsSfVr7SgIRqMw7aCjeX4o9F5iNvonGmqwabdE9CQ3Glk14j9EczTyoZ7VsrlMuvfkuWzLzLFpGgyTC0QhrW0bEYfdDiaRSpFOS4sTl75cjcaX8yiB7G5VUdBGiBEo4xDpTJFlIPchuvXHEYwpID'),('2d1c7edbd87c490d819ec903ef4cbc1b',1331038680,NULL,'NK43FR19jFreQyuCgAkFodJHt0sQJB7WDdzeGaZDeWyC3Dj25D6QXULuORDMBXoNb1zpSJkNs_UUBnDk7apOT90YVTfGvekj4qlZuMsLF-wRWY7ryb7m5f3HmZVROX12VyKqV0YzW8N6Ph46RIf8wA..'),('7674b97aece0364094263c25d8c89baa',1331040784,NULL,'OGCOBnWnThSNZ02ZoLI_LqtazLwPMCH1F38cVRHBN30BXE5fKCNpeZdgVC2RPyPh9ROIVK42VOsZ5XYDrfoWH5A1yII63oixp67OPo2uA5xF30QPxJs4guBOj8HBPPIoTENSlsjelCfm3zLbL9WUyiOc2VXeNW3XBW2q-yORmYM.'),('f383220a2d20d9bff4674174641c169c',1331040785,NULL,'_l24S7RWlJrJlxADf6ZuiGtfgQ8wp8ayWRpr5FFwpcuJ5swQf4fTBRufG5WfM2E7zthLdscJsd4fjIlPyLjQqkG5ApJIY_5WIFQbjJV8tFBZmJ5aXsqwgLwMaF8CJYgLUEu-k7tsoVQ50hdUPbboLAjYq14WfZrooedvsXtAsAc.'),('f9347ba0f70650eaac27c01d1023208a',1331040786,NULL,'m3ZWmHIcl65OzWYwKCkQ-9-RR_SXiP-mnNb-usu5cIO9X2mkhODE4v-xsk8Chm3EZQ8ChVsVr6OTw4ue1PFbOmRQIM2zpRHiz__7uTwORfdX2Vp7QeS7Wo_EFC6beOp7nQooH1RWhfBcmBX_qMtWZQ..'),('3a2e4b967096aa6a2fc10c660352e5d1',1331045532,NULL,'UyPuuNHFMggsCUxx18wUUyjr6B5iEjYpF-nawNTbtCdmFEfUiHoj4OZMuN3lnTBt-9t9ElC5gunlMNWeBGSUOfozw_1l-WU93R4Ht2ZXn6-1oEMp9s4SrX4sUApuTpzl0y9M9w6laaYOiXFmXuU-eA..'),('0ab32b065f94b9de817c366c3f20173c',1331052981,NULL,'rOtatoTCYjv97F6YFc8456Vb7oztXnhpFhvwGZeKRuNqBsxFA7eYgcBN5DwwzwaT5mFZoFnR88l-L-5kxeBIXht2kFKFxPFwkQVg1hBidGW8MypbXt1D1mw-5rgX0kvS6kLBakrqfFGPxWKLGUlUmNw47vLrH6DNqHz5-3B9phT3TaSA6oLThQ-78x1bqKQy'),('4332155efd751a8110f3542ae8119551',1331053005,NULL,'pf-rFq5tY7V7HSjyT1wTorB1jrs3YZcdBDh8OuMjWhE38QrTT_eXcyvINxbaVmZxh1DrPzjj1HKvVf7FbV-Mp2Qz-BttCRt6OYRqYxwyGBPiDAsC-7-O6SD3sgA2IlXb0HvMXuzgufKnJqnGLDiyQw..'),('535a3f462e804a3302988cac53fa2201',1331053229,NULL,'8Dy79vr2VRpayFfxqB5bTsAUvF8j7POZlhQsH7-Tx7fU89KpfJ06jtp7gxBuPfRQm-T920umzzWeOjp0Qd0v3cOybflonBd-5PbWdErUTYXhTXF6ClSMzLS201oBc1CW-eYkgRuJ6mHetH7lejdIyHNzm84h23VW62FwbkrENowwutls1w93dhBqb21Kv_si'),('d42d2bc6e6a0ee2d3494c9d4f74c802f',1331053291,NULL,'6POOT1M91gXHGhF3YQSiFUWzZfHKUg7p8ciZxqKjZ0IjUit6kHQ-oPBii7ZSdRT6AMhT3t68oekark8sKd63jO3z42x4MSZl8z8Ij3iTNzMsDBinKjPThSBvs15n_bwsNdmAlBqGshLmfI-mbJNpAgH8wvTC2sb5D8oOgRH0beA.'),('273ba24ceecb9a37ac6d171a93b405ec',1331053446,NULL,'FjO_gc_cHjRQbqaekxwQfUaL-5Vc1ARwvm6OcQktgQIfncbNxrk0Tgotmy5bzRam2bjlOVpndujd8_ACs2icgQ4nrL2Em49G1Xoo_HKenB49wVjF7Cjpgjx5QGFhx9yjidHHAxk4RRMp9ARJyJ9mXiUPTUxrrvtR57EySS4ARk20eFm6GNbbfvbqyVzj821n'),('f8b931446dfe252efb17dc9e39117bdf',1331055837,NULL,'kwxpmGuxiZmy4qwmg70Nwxp7EM4tqmCtrdyBKFxCk6f4HAIYWSGCVgasypbZ5ai0wVsAKmK_EprPCkX0PVusmtFFMfH-7IwDNjLZdpX8ROAOSfZ0RG0MR85jIpgQdDECjCR6wgG2SEgvE7HEbpMbraVwwwLcXUoLsNq10kUwM1k.'),('08cdec9ce27a851c90c24b163785f876',1331055845,NULL,'xQuvHGF-5qOzl745yZaWhkcLaLYC-dgfmT3Ta1BEXjCqlGsc4NsQd662FR9R0UtyU7y_u53-S90MiUGVV1kat-hmWepId0Miksuybl3g5qm3fuqB52YTqBAQF3R67JcV00knT2FBzpKrqKTocmTJayho3xZ--fn0wLxh-5_H-Yo.'),('91ad85ba416132612da3438ca8e5dee8',1331055857,NULL,'6W9_Nh33DM-oHrO1srm84v_cpjkMu6J_fjr4UaFSeGRjaASLXaCdwoY1MUlHzQd22tpRzitJaU9ue6bKTrV7Q-PQ213OF2I0yK1cU0r8sZVHny8wA5G-DKEFSN-cGNVvwnwViNm_hzeNCzmOqq2j77sIIlwh5raBXwiAJy_mW8g.'),('efa5bac0c247a4ea34ea192ca627be07',1331055870,NULL,'IIPNDlpKIQ1SfKRkf8XWVojkvj1nDVxX5TQyQWoo8CuAMjRUk-8mz6vl4lagotGrDELp6Nfct_mllXWijAH7oXySitSskfwhIpmnQ0x4tVOhtr1ABKeDSBYXfHRhUarn1WUQWAZr7PV-QDp4A9OaymnWyOQZYintfqpADEY6_J5MbPLkegt_uNQTmYDShQ2O'),('e0c1d63870ab124104244bde7ebbb598',1331055873,NULL,'Rvg6EzncjHe7FefDOhMaQpfneh62rJ54Ttzk7tWXNcYtSGtPIpknFuav5Fsb71avN64u2pMvJdgRj6xAO_ioBw8ZjA6w2d_7BF2yBc0ydSeqN31GEMO8K_zHSLM_IZ6GMfsMl5_Q_ttf7C-8rmoSmQCfeL__btXjkBCRg_zVHuc.'),('f8b4e473791dc6cea96ea95512638e48',1331055886,NULL,'TUZlGPNX8ZHIavK5-lQOzF1XiHe61jZe-H9dlhPT5ZYa7f9H2BnuFijsMon3UdZeAaWO9skt0rrwCxipZsjzerKZcPgs6TMBTu2tCQn_Wz98D6kGUDmNkbL285IR19tOpoO4wEELc3ONO5M3ts0dpD_RiEtmzzjHcpR_Y8KFEYw3xnXtyYkuuCC7u0vVEDh8'),('673ae0233c85f7b1340f448676ee21b4',1331060160,NULL,'3AwwpJbVYeZRM00zo3pcbajmUxmM-neYyHUFco45kH-o1Fw5W2_z5k_YE6C0xM9ac9Sr-H8Pn77y6X3_RNxTred_S5CUpUMDQL-JrF7fYDaNOyrf-pKMZlpcRmv-JBeRNB-DUhrxoVxQcaz-kZX3XQ..'),('ad97a5c5b332919da2fe82d22439479a',1331060181,NULL,'Ic6Ggn39RVWRGutT9ObTdv9lym-3U--xV3kIui89MWDu7U4c7DOv4mCa-05GQmT90JAlLLwgpV7e1-Yxxqcc_PZX1ezbsjmv3OsuWckoGJAoJ1k3o8Y_mmH9Hku0F21uIg3gcdsGhSDWAcvfA2IfgxkaMQKTlBA5BmMA5NfSkUCVQJG_jsWwZW0y4F8JfNcy'),('9126121a21472e2a9e51f9b4396017ba',1331067293,NULL,'tn5W-jfCmxMuan20sVfFQwm13fH4a5CEZJvFDPa1LVu66pUO3mTybuEV-D8yWEqR0p6H46C8Fju5t71Th0j514JdAcH3r6zOjXMczFrnyEJby84UX2eB6BTFFLHg6EFXH8dxeygupGUbSMhu1enkuw..'),('71e6287e89dd350d4e35b533d5754a5c',1331074447,NULL,'ulnW-gx4grxulcRktdDOa2aSsu0nsLStW7fQ5saDRXr7wt7C-8Xx8BIQHnx-g3vCY5GO9-_knIrJexKLvXnpOvwBvqao4UD_6t3q4d9zYLIAmv6Kw_tFDwD3P1k425zaFEUSUA0hTlKD0FXgLlgf4Q..'),('4817f524275a3b28982d8af924eb772a',1331081828,NULL,'_CQyg-ru9FCLPFjpJiyo_N-svYfXP4NUPuKcBBCM0qHI4tqH5lHvxERsEkmVBxMtISaIrA7DIKPLDKuCW_FQh9LgwYW_zb5LRvIxITis1j2TH6_VzZ2dAAP_g0WpU727ftQIC18XdERu99eolzFZMw..'),('6cb5ee0cc7e60754de37be1e63013d71',1331088904,NULL,'MYC20lvLiXjmk4x4Hb6jJsooqI_vOxFpOy0kOTObuax1bqZEJkEm4upXZV0tKivHlE3Q7Dv6m-Pgl54V9_i2wI9WhsAaSZk5YPmDgy3yqO0lAAQFuEFvl7Exn-RV_NDb41kXOWh4J-Vv-Xg5iOloog..'),('1e2b1da767a074b49464372b4e563fec',1331089361,NULL,'ihSO-46lQqVv3ddQoO_HXIl8qYMfF4JeXIR5G3Qa2j57pdJw4gQYFX5WP74fS5ugLO7luECgbpe3mrP50elDKJ6kKFkmekZLGUrqwKgB9mI2K6BuyhXf-DJitsVWLC0YHdvEgXtmz8mzyZAJ1RaEIA..'),('86cd5b3b8470acf63386f1a92de4a469',1331089592,NULL,'Szok92OmEfB_aAEEw-oFjbXhku2qtqQEK9qUmDyXZp9TENDQI-HqXHQtdl6sqfc4yQTsDlSkDnXpUcS2tXFvvX5NjzefTSi8SRLr000BYVfxvGHDpIm6bFmpaH9sNkPYLPrXoXITXd5ukloFoBgwN-lMw3XpQnPbwn-8gcxjkWAI-bTI2ltnH4-X2WIODxecTNxGpNaBeCjtKW_40u97MA..'),('edde9ab859020db3a0c610f71ab15213',1331094123,NULL,'Wwmfqa2dYk-mjpTrO8Ic3mrY0ltpmAEnNkEGF6a0N-tt0gs9jdK3nnoJDMU6dGodwDr7cl2sMPKS-WeixWoyvKrmUzXMxZq6VQuPvtSbx6LuvG6WXglbWGZBmEjzJINpAIEi3kcUNfklrh3POBW6Y70IDDNmgW3fZKL1Q_o_NNsF0smTeMF63zOfp22hqMRUuEkpg2ZtLY2r9LD3rTzYjg..'),('ecc43075f39fcc5dedb89637776cca91',1331095700,NULL,'FYuH2hox1jlea9YU8Uhsq0h4regtUPfaAASqVR81QqKybkr2IIj6wHgVcO8019dQR4QiaEJQpjM0fiettiud7M5kxksL1cnKvYOG0rFBir2qqGK3DCPsmfM5XeAonE3zJARbB4oAIo2oZVLyclcKCA..'),('aadd264c6f0bd34e74801f2757695999',1331098767,NULL,'YU-HHdaDpxkNLiWSqwzXCPgSZL67Ws1yiKb2oO8HpQ_x5AADCqUz8XmEFFhQ12V1eBtUURbNWHQcAD456iAIpbf1n8cxRPgwBE9mKZc3-MlstUAcRA_AtC3vYtbjn4PvR0RB51OhCqY1m1Z2Dle83rGqeVdEcot7pKJbnfgOgbn2t-uBQJa2E2pkN2R-8svCNxrkp0IndMchkMTrAC4pTw..'),('1d50027797dbec783de987f0d5b7f93a',1331103384,NULL,'41zgDPYeCSrkrMBEh-qDv2BUq_tdhlhA-edcHoX-zrSJg0bfWrRmd_4-3E9I1dpQZbmeE0q-9LKbDJ950EsHQ6p-Rrvf0MRLCWjuFnWy0naDQzDO68y6vuUyu_NXjPvdMaoaOTEiL7WNmJ14u_zXGA..'),('ed22741b1e31299bd983fae0c8908281',1331103588,NULL,'EQigjdcnufVk3EOR14teGy1dvhwNOAn4VE-jHga0Hn33F4eT2lLSRU0TrfC3485ePdCvzzV0aeHJd5Xcp2ZWKNrAQuHXcrm_jo1hMzHkj2jebMuSoQiBgkUpRj1cz9TbhF-6CXIfrcmVjzKOVyFHCj7IwrFDV0nmdb-HGPwPUbQ9g3moCXnOIROFZOPtw6wtlixcnrhlxkowx4pmh7mz3g..'),('3cec19986d8767126fd845c2c010307f',1331108337,NULL,'Ou3XxZfLDgSmat47xjewMuPJCtB-_z_G84yDCTv5lY1spKZ111UC5WK5iddJz9Ua67lFSrB8RS7UCpVhShokAbdblQDTI0g1Fv8TZncj07g9imIURTEeO5qQ7Ghxffv-uQjUdcuth2sqQgEbBTdKinIAMVoRLl5WOIQJzVDSR403y1rpCMZcgquV2MRSwc6T'),('2de424f645306f81f24861a08ed20ff3',1331110427,NULL,'p1tDFy9g20yCmsJDm8d76u7fZKprYsg1ozo2YNMMpUXNGexUQqiZEDVQMCOLsQzobvWyY1S-L-oJbn_lfaUvdERb7ITh3JJms3DaNDq35vKUoOiOCEcPjMK7ARhznQfJhAZ4vQETWY4yfXRcXEUC0A..'),('afb8843b84711de7cb791f51271b55f2',1331112958,NULL,'m99Ie981UDWfhkdhGkRayBmrLNG0Ph_a_esOLY6mP_zB4s0OQ0PjENN0n5NTwUcT2MWxZ89JYhBSlG8LMekRVDrI7WE91g0dCrwQBMnH6Qg36YVA-nnTd_Q_1P8knlhaUcL2hgh6vRYGjMCbwtIMGewtJ9ylndE10Doa0t6HkrxglMtQ0atCVL8Gx0d26buo'),('988de16524b522df17784de6dd5e93ea',1331123375,NULL,'3OBP4IQ0nl1Y7M0QenzAxDFQBtlink_pfyf8hS2cYLFPasJ6kSp3hOlobWPriu7N-9Qz-JZH83BaRmwasHhH34PpBM4UAhlCiANARcXFR62jfs3gW1nXTcDG0hV4lN4ddx4BKuchH95nZO70z-u_YSB_D_T3MrTtLXt8EEfc5gbaWHGKnVJRcUJhyB0hcxNS'),('c86513d60cdd9889a438bd138bdf7137',1331125088,NULL,'otU9aHmu3SEqe4DuYzg0VRabYsQPebFNPHuKN2OQgNhzYZX_-iRFyd1lHS1Lyvn80y4uLP0vFCopf3fxrkaxq7S49h_OOMuEBV8-NWNLzowlYlXewH4BTPz_7N6DpPi68tZpVRoioyk3iSZvCP0q7g..'),('a379efb0eabe365d3775da79256df5ff',1331125929,NULL,'OR7JA3EXXiqXwY3VAjJfwZ4DWQFBYHRFgRMfxtgTf_cisH9kdPkbOJDOkY2MAEfA6Tb-ruFtq8BmtfL2ZUNpbYyd9ngfTZ4tDY3TRlCcr6rb8WYmyZdl4MMLBtE50qqGTW9AAp1cqZIqEaqP4Z5HGACcAAYWA7EhvQ7Y96Cw_mo.'),('b71eb4f321a47aa4dfa3c0eb430f79db',1331127297,NULL,'Pl1Fkqv514qmKv_NkTlu7dqtCtSXfZB26fRr_AjHaWFyH8tucFw6YU4FPGxJK7tCegSENw7nK5317c1HgPM2K8wOrkLlYOkLSUoL9hMKyJL2bw7Oo2GgFr6glh7xPvAY5qlG8sLQyHoLw6vIBLhJn7FImrBfWb1ZIB5TzF5TGC8ClCzGaJACca_HmsrB2Sp4'),('0f1d955c4747b87805f48650a2e1c3d6',1331131333,NULL,'YNmIaGhUG1dwoL3D-NVLRwVvEAjRqul3p1cG9T3NlQ_lGbK9K_i9avzJO25-j56E6ZOH5kbgyTLyZ0JsuK4ek7rpeBM8pWV9HsoIU7M_5rp5hW_l2b37IUTi6meLVSlopkXkxXXIJ7mq0v_Cey8WIQ..'),('c5c1f4f952ec02fd09f5da42b44ae586',1331133517,NULL,'VaNuQaOYa0w1nQky-3hJaunU4XRORm-v55SzNuyRQ2oT5Oa6MBlV1_rH8Zq7DhNaqeLG1IF7kXn4XR7ThzJ2hHcf5CmvGrZpH6DOtif0mMPM9GXVJXr_2etiWK005G93h7vm6XcKN07BlXYemvhowCHtVZcJfV0v6ypy702osfM.'),('567d60e976078e390f297bfc874587aa',1331133689,NULL,'ZeLqE91NeckBNErZgnoXHY_6vF3CvO2Ho8TkEGzwmesQWWJdDKkPu-uAuSHNTAiKAy3vsgUkQS6lKHWp92Ip1hbHYbTl4XZ9KWGK7VXEXNpCM2lbkJEVgnOGZ0n2CjozgHMz3ZzMIDSSEOeoK4U0SnTyA9l6vphJUFLGxt12Gug.'),('a3d28ca9f93bd6897851fd8f8531c1b9',1331133837,NULL,'I_tpZdH47SVcyf6bqVOV2qCeJNahc6kZV5hwdYvuTnRZdjT8Lg5Y9aV-fNC0-VRXofur5pu_3dTK4S0vDcsHrup_2GvGReQ3NLGUbhRTjFFbqBB2WGDYLLgdPVou-SHCjZ68Rmhoie1vkCzfrW5JqkhCuvGCRL4h4N35X46ll0Y.'),('c4f73ca091367137689b89c291aa4856',1331135161,NULL,'orTlOEenhakwmUOT4aNTXemxFvHoo9-i3Di1hJxkgMTMP_d3tW9_E8dLkHG6WxzCr5eNThXZQScxAYDyjEw089yUcS33Qg7TSYQiODaxCxGM0tsIjEMoSf4CP3JvQA8lgLcLIMzIfsA8GRZM48zndMz744XtTPlJ1hHWnO10u9jP6Bpek7zC48CH_d5XefcfH_BCKl4FuHghYigDYyFzHQ..'),('f420d534027437384a0d2aba257b5563',1331135389,NULL,'W1__IdDDM6lgdup22MKjzQYlqmcQe1hFV7UqTl7ETM8gysgsiwTCyBDn9trqp6LdLXAbqiqrID0h9DCEnOoDxtwkbRMVTHldAHUMLRPYBxheeijJJIYeyCab5CD47UHpfUjYfvSyPjrtXoujqbDqQU5W81KZstfylzfFki0DFzPv1_4uagNg8Rzg2ECobJ5cqiE4V10pEigR4uf2Iw3fAQ..'),('ec00f78f00a3fb971ba9eba286fb9a87',1331138707,NULL,'Y2wmQBE-Dbl0txRpd_B_xeR7_vyeVfq18SxTc5x5LXGhIyKmQdo8JQXa5CgUswJWSU0oBWUbX-oHfn_JtSwnfZVeCDxnD4DExA1t7Zq0d7faYwUulvcVqHY2G1hIW66k5aD44-JqxF9g1w0uMtwucA..'),('984eef1d367e5caf2b20e579dd7a5103',1331146153,NULL,'GR66peIMCOoVr9s2Dxh2fYxLSBAz8TXOpA5R1VlrzmtkJzya2o_crFh6B8nz8_F1pez5A4ByyZK5WLBCJpcw6um1KHQnWHzpDuTF_6CoWV94fmquqj_CHemtDiBO9JQ33JlKE5c-GkRcuaxDJ4PwBw..'),('d857fd0000cb6c892a490b50c161df71',1331147091,NULL,'2VaE2QJcyz0HMBhzEIFaNLey0QlyuL2ct0_4WeIMn_wxRVok9IPtH43RXZw9XukjZqn9pLvv_J5pzzuf0IMGyD-zV9o4N2t0THPTYzUC_BlJfxeI1qzww1cuOKJ8OYQSkOgE7_Y0Ue6kXADI_WKDLVMh-eRSzY-rYg-5jESsnJXYt5pclYddsWohD1_hKBSdtYrY0eGx9EyWnN4BRyQx5A..'),('2f79228acf9d03b4cce47180257c8b98',1331153030,NULL,'jdHVRHGjl8UoQU-CitSr1a09FcIWT0wHYJYlg9faCHuoXicHqk3qsIa1OzBH-JtWHQcLZuF8ugP2CQ3XXKQIjz4ltLFDBhJO4hxR43iLN--XXOU_z3PfQDg0lF6bbhLPsnn_ADz37iQXFX_pdava9A..'),('524be1f34b2913319833a8a896140dd7',1331153257,NULL,'0NKKZsBzByvcX9nRnAEBuCBMPbnOZpGmdwjwkDRn5lYnHAZ2cyfgnDDH7etK50pqs0rEk5EYBcqJmtJyNe_FJW9tuL291IxABTH0-nh6Fh1vCxfwgzDnp2WswX2JwNwEJHxG52x4i9hOH0pgqv6CYg5_S3VocIKAUf4NaE2t0Xo.'),('9ff65ffbad95ac1710c307a12180778d',1331159640,NULL,'WoSiy2maW65s7zWhv5333GFwqCEEainYcro_96ULv1nJMQSKY4SAOmQCc2yth1j7Wdg-SiMTFyo-egYNLZNH6GANWdsYlRdMPmX5xQqQJEwgGOv4P3UJHwKKR_byQ-KaKAl12a5iy3J7mMmZv5kxe01RJgtYqAvew0y3guoqgWYYk6txwWH0PsYbh4AGs1Xc79Gpy6TRz5wfHxI-w93TwQ..'),('f65c6cfc968ec577fb763859bbbc8d81',1331160226,NULL,'GSCbNOBAWAYaOrIKx7_c9Ofy-ex0Z9V5LKPJ0Ma95oR8yDp3Xh_UQ40l2VQ8X0mUhWAHAmmc4EZz6HBPCouezZTL--4QGi6zM02kP3PpLvP1ooCEPty85uTR3xmRjWt6UDeDU_gJrUJtVptKUfNkUQ..'),('5cab24771e7ec7a26313d2c2d166a260',1331162066,NULL,'88GQoOQGR1lIwKM-d2BtyQybTLBzn3CAhOfoBEmx3PV0pQlbenvN60Ty-F3yh8gQHB6Xg0-LL8QO2g8_eNyMc0um9zalpZQaAvHgisgEvdGPKXprubJ3Hz2tevM4uIUFC8Xxg-H-X5kC6VSTWSc_QQtNu_FTHAMKwK943svMpAw.'),('edbaba087c34f8265ff75b0b8c248728',1331165805,NULL,'IhhqTTTx8kyOC7SR7waXr_sncWX20bgttKcIJI4IS7-EubGAZDEUWvvMig16BqsbUmAgMJmp_VwuSCqZtqgKSB85JEaQAxD7ajZUlYCUDCYMC7quwEp5mgDrbwUI7sRZobLf1Zfi4W2PjBUPbBykELLXTYkUIc7xyoARYjpJqt0.'),('10eacc26e662a062f03fe29fb6f0e3a9',1331167503,NULL,'hxlETYGZJ50Bba_qLMHaxOpA44M9KGRzUf_-NiBReqZaD29RtJwedT2fwUnynwkwipOSqMcW354qzT5yl-GfN3zVUJZp10zjCSkpaMB_iaot4ZRhjWJArnOo5XNO_UCe_rs04xkT7PGaoyZIV4D_Ow..'),('4a7815b61c8593d14fb6fed7540bf01f',1331171849,NULL,'7E3qi9SQjP9jRjPgJGaRBZ6-XLPt_nAUnVKPx0GOJb5WzGqORC1_bg9xFp6tEr_1AvGWr7vzbq0UncB050scUeTVIiQqJiATfJ5V69Z899VF1lMRxx_83o-pKtA_T-O8ilvWN9HdEDQW_Mrddc-bIBPT0HUER7UegZgkD4i4h9lXaw0vgDEpLsAS3Skhu-vWaCAzQVw7zoVZ5x3Zx4QPZw..'),('c8370344a99a164aeb5339a7509b5fdf',1331173701,NULL,'KjjwTTiygnEEBRaBoZM8cLymgjrlHRaam6k1hs5HZ5cQWTRSCAirXHhvbvNtyTUxeX3sDeGodcpzt5ITnpOSGr9clXf34NjfF7NhRJSSAL17nDQc5VuYSB91J-xk1WdCmcAc1tgltBTs1u2hecUDPQ..'),('263cd890556a8baea6ae9bc35c808208',1331173932,NULL,'Cl2r-lzVj0qOphSgcyzZkcwulDQH_--aTGCzc7Tc-hNsk-bNIW0kGcBelkVyk-FzAj8GeX7ci88YUCWb0sEqkxyrwDz5bwe8zwQNoCsEzjVag0Tl2yUasoByShlsdt8JRmskTDhw4yQIBDlh2_rv77vcrjsz7iaSit8VFIuDRnRhb2qAfme6SL2cjiH5rLU_'),('f20dba1f99e8a2b43fa17d4f69924f34',1331174544,NULL,'tGEErTc69jCQVPExwbcLECFy26UcEcU289UkT_CEvhFoZcRzzjaAT_CFYLPHxwAovIyznuAXmHzFGH2Fa4QOVQqAkvO-EDvu4gSaFZPmEqqGVG3YBdaNkt7UbHLc8FgqoAsYhPSIUG_w3V5HBl2TNg..');

--
-- Table structure for table `idx_set_hook_place`
--

CREATE TABLE `idx_set_hook_place` (
  `set_hook_place_id` int(11) NOT NULL auto_increment,
  `plugin` varchar(255) default NULL,
  `set_hook_place` text,
  PRIMARY KEY  (`set_hook_place_id`)
) ENGINE=MyISAM DEFAULT CHARSET=latin1;

--
-- Dumping data for table `idx_set_hook_place`
--


--
-- Table structure for table `idx_setting`
--

CREATE TABLE `idx_setting` (
  `setting_id` int(11) NOT NULL auto_increment,
  `setting_name` varchar(255) default NULL,
  `setting_value` text,
  PRIMARY KEY  (`setting_id`)
) ENGINE=MyISAM AUTO_INCREMENT=55 DEFAULT CHARSET=latin1;

--
-- Dumping data for table `idx_setting`
--

INSERT INTO `idx_setting` VALUES (4,'site_name','webmubarak.com'),(5,'site_url','http://webmubarak.com'),(6,'email_address','amy.seever@gmail.com'),(7,'language_code','en_US'),(8,'theme_path','/home/webmubar/public_html/themes/'),(9,'admin_template_path','/home/webmubar/public_html/admin_tpl/'),(10,'plugin_path','/home/webmubar/public_html/plugin/'),(12,'active_theme','_webmubarak'),(14,'spam_proof','1'),(15,'enable_user_validation','1'),(16,'allowed_file_extension','gif,jpg,png,pdf,zip,doc'),(17,'yahoo_appid',''),(18,'whosonline','600'),(19,'reciprocal_check','0'),(20,'urlcheck_limit','1'),(21,'pagerank_cache','30'),(22,'max_image_width','1024'),(23,'max_image_height','756'),(24,'max_file_size','500'),(25,'only_registered_can_add_link','0'),(26,'only_registered_can_add_review','0'),(27,'db_use_persistent','0'),(28,'paid_link_day_period','30,60,90,180'),(29,'paid_link_price_factor','1,1.5,2,3'),(30,'enable_html_tag','1'),(31,'allowed_html_tag','<b>,<strong>,<i>,<em>,<u>,<pre>,<blockquote>,<ol>,<ul>,<li>,<p>,<span>,<div>,<table>,<tr>,<td>'),(32,'enable_page_compression','0'),(33,'enable_category_ajax','1'),(34,'require_visit_category','0'),(35,'additional_category_price','0.5'),(36,'enable_rating_ajax','1'),(37,'service_nicecoder_avail','1'),(38,'enable_recaptcha','0'),(39,'recaptcha_publickey',''),(40,'recaptcha_privatekey',''),(41,'enable_bidding','0'),(42,'minimum_bid','5'),(43,'bid_increament','1'),(44,'charset','utf-8'),(45,'mailer','mail'),(46,'smtp_auth','0'),(47,'smtp_host',''),(48,'smtp_username',''),(49,'smtp_password',''),(50,'smtp_port','25'),(51,'emailbody_as_html','0'),(52,'indexu_version','2.4'),(53,'tos',''),(54,'submission_guidelines','');

--
-- Table structure for table `idx_tags`
--

CREATE TABLE `idx_tags` (
  `tag` varchar(64) NOT NULL default '',
  `category_id` mediumint(8) unsigned NOT NULL default '0',
  `total` int(11) NOT NULL default '0',
  `tag_path` varchar(64) NOT NULL,
  PRIMARY KEY  (`tag`,`category_id`)
) ENGINE=MyISAM DEFAULT CHARSET=latin1;

--
-- Dumping data for table `idx_tags`
--


--
-- Table structure for table `idx_unavailable`
--

CREATE TABLE `idx_unavailable` (
  `idx_unavailable` int(11) NOT NULL auto_increment,
  `link_id` int(11) default NULL,
  `url` varchar(255) default NULL,
  `who_is` varchar(255) default NULL,
  `note` text,
  `date` datetime default NULL,
  PRIMARY KEY  (`idx_unavailable`)
) ENGINE=MyISAM DEFAULT CHARSET=latin1;

--
-- Dumping data for table `idx_unavailable`
--


--
-- Table structure for table `idx_unavailable_latest`
--

CREATE TABLE `idx_unavailable_latest` (
  `idx_link` int(11) default NULL,
  `record_execution` int(11) default NULL
) ENGINE=MyISAM DEFAULT CHARSET=latin1;

--
-- Dumping data for table `idx_unavailable_latest`
--


--
-- Table structure for table `idx_users`
--

CREATE TABLE `idx_users` (
  `username` varchar(20) NOT NULL default '',
  `password` varchar(50) NOT NULL,
  `name` varchar(50) default NULL,
  `email` varchar(50) default NULL,
  `date` date default NULL,
  `status` char(1) default NULL,
  `vcode` varchar(4) default NULL,
  `group_id` tinyint(4) default NULL,
  `homepage` varchar(100) default NULL,
  `icq` varchar(20) default NULL,
  `aol` varchar(20) default NULL,
  `yahoo` varchar(20) default NULL,
  `biography` text,
  `location` varchar(50) default NULL,
  `interest` varchar(50) default NULL,
  `occupation` varchar(50) default NULL,
  PRIMARY KEY  (`username`)
) ENGINE=MyISAM DEFAULT CHARSET=latin1;

--
-- Dumping data for table `idx_users`
--

INSERT INTO `idx_users` VALUES ('admin','8cb4bac0319dfd062af9a8000aa5f6b1','Administrator','amy.seever@gmail.com','2011-11-29','1','',0,'','','','','','','','');

--
-- Table structure for table `idx_votes`
--

CREATE TABLE `idx_votes` (
  `link_id` mediumint(9) NOT NULL default '0',
  `ip` varchar(100) default NULL,
  `value` tinyint(4) default NULL
) ENGINE=MyISAM DEFAULT CHARSET=latin1;

--
-- Dumping data for table `idx_votes`
--



