--
-- Host: websnoop.org    Database: websnoop_indexu
-- ------------------------------------------------------


--
-- Table structure for table `directory_save_data`
--

CREATE TABLE `directory_save_data` (
  `id` bigint(100) NOT NULL AUTO_INCREMENT,
  `schedule_id` bigint(100) NOT NULL,
  `project_id` bigint(100) NOT NULL,
  `link_id` bigint(100) NOT NULL,
  `confirm_link` text NOT NULL,
  `category_id` int(10) NOT NULL,
  `category_name` varchar(150) NOT NULL,
  PRIMARY KEY (`id`)
) ENGINE=InnoDB DEFAULT CHARSET=latin1;

--
-- Dumping data for table `directory_save_data`
--


--
-- Table structure for table `idx_admin_menu`
--

CREATE TABLE `idx_admin_menu` (
  `menu_id` int(11) NOT NULL AUTO_INCREMENT,
  `parent_id` int(11) DEFAULT NULL,
  `menu_title` varchar(255) DEFAULT NULL,
  `menu_url` varchar(255) DEFAULT NULL,
  `order_number` int(11) DEFAULT NULL,
  PRIMARY KEY (`menu_id`)
) ENGINE=MyISAM AUTO_INCREMENT=85 DEFAULT CHARSET=latin1;

--
-- Dumping data for table `idx_admin_menu`
--



--
-- Table structure for table `idx_bad_link`
--

CREATE TABLE `idx_bad_link` (
  `bad_link_id` mediumint(9) unsigned NOT NULL AUTO_INCREMENT,
  `link_id` mediumint(9) unsigned NOT NULL DEFAULT '0',
  `name` varchar(50) NOT NULL DEFAULT '',
  `email` varchar(50) NOT NULL DEFAULT '',
  `type` tinyint(3) unsigned NOT NULL DEFAULT '0',
  `date` date NOT NULL DEFAULT '0000-00-00',
  PRIMARY KEY (`bad_link_id`)
) ENGINE=MyISAM DEFAULT CHARSET=latin1;

--
-- Dumping data for table `idx_bad_link`
--


--
-- Table structure for table `idx_badwords`
--

CREATE TABLE `idx_badwords` (
  `word` varchar(100) NOT NULL DEFAULT ''
) ENGINE=MyISAM DEFAULT CHARSET=latin1;

--
-- Dumping data for table `idx_badwords`
--


--
-- Table structure for table `idx_blocked_domain`
--

CREATE TABLE `idx_blocked_domain` (
  `blocked_id` int(11) NOT NULL AUTO_INCREMENT,
  `blocked` varchar(255) DEFAULT NULL,
  `type` enum('domain','ip') DEFAULT NULL,
  PRIMARY KEY (`blocked_id`)
) ENGINE=MyISAM AUTO_INCREMENT=6 DEFAULT CHARSET=latin1;

--
-- Dumping data for table `idx_blocked_domain`
--

INSERT INTO `idx_blocked_domain` VALUES (1,'buydomains.com','domain'),(2,'this-domain-for-sale.com ','domain'),(3,'oversee.net','domain'),(4,'eNom','domain'),(5,'sedoparking.com','domain');

--
-- Table structure for table `idx_category`
--

CREATE TABLE `idx_category` (
  `category_id` mediumint(9) unsigned NOT NULL AUTO_INCREMENT,
  `parent_id` mediumint(9) unsigned NOT NULL DEFAULT '0',
  `name` varchar(100) NOT NULL DEFAULT '',
  `description` text NOT NULL,
  `image` varchar(100) DEFAULT NULL,
  `content` text,
  `visible` char(1) DEFAULT NULL,
  `links` mediumint(9) DEFAULT NULL,
  `meta_keyword` text,
  `meta_description` text,
  `permission` char(2) DEFAULT NULL,
  `registered_only` char(1) DEFAULT NULL,
  `header` text NOT NULL,
  `footer` text NOT NULL,
  `related` mediumint(6) NOT NULL DEFAULT '0',
  `page_title` varchar(200) NOT NULL DEFAULT '',
  `hits` int(11) NOT NULL DEFAULT '0',
  `order_num` smallint(6) NOT NULL DEFAULT '0',
  `basic_price` double unsigned NOT NULL DEFAULT '0',
  `premium_price` double unsigned NOT NULL DEFAULT '0',
  `sponsored_price` double unsigned NOT NULL DEFAULT '0',
  PRIMARY KEY (`category_id`)
) ENGINE=MyISAM AUTO_INCREMENT=36 DEFAULT CHARSET=latin1;

--
-- Dumping data for table `idx_category`
--

INSERT INTO `idx_category` VALUES (1,0,'Arts & Music','','folder.gif','','1',9,'','','1','0','','',0,'',53,0,0,0,0),(2,0,'Auto Industry','','folder.gif','','1',20,'','','1','0','','',0,'',27,0,0,0,0),(3,0,'Economy & Business','','folder.gif','','1',56,'','','1','0','','',0,'',4,0,0,0,0),(4,0,'Careers & Job Search','','folder.gif','','1',1,'','','1','0','','',0,'',9,0,0,0,0),(5,0,'Clothing Accessories','','folder.gif','','1',5,'','','1','0','','',0,'',11,0,0,0,0),(6,0,'Communications Services','','folder.gif','','1',11,'','','1','0','','',0,'',3,0,0,0,0),(7,0,'Computer Services','','folder.gif','','1',9,'','','1','0','','',0,'',11,0,0,0,0),(8,0,'Building & Construction','','folder.gif','','1',47,'','','1','0','','',0,'',5,0,0,0,0),(9,0,'Dental','','folder.gif','','1',14,'','','1','0','','',0,'',4,0,0,0,0),(10,0,'Educational Resources','','folder.gif','','1',9,'','','1','0','','',0,'',1,0,0,0,0),(11,0,'Employment','','folder.gif','','1',1,'','','1','0','','',0,'',3,0,0,0,0),(12,0,'Gifts','','folder.gif','','1',7,'','','1','0','','',0,'',4,0,0,0,0),(13,0,'Hardware & Software','','folder.gif','','1',2,'','','1','0','','',0,'',1,0,0,0,0),(14,0,'Health & fitness','','folder.gif','','1',0,'','','1','0','','',0,'',3,0,0,0,0),(15,0,'Healthcare ','','folder.gif','','1',82,'','','1','0','','',0,'',1,0,0,0,0),(16,0,'Heating and Air Conditioning','','folder.gif','','1',23,'','','1','0','','',0,'',3,0,0,0,0),(17,0,'Home & Garden','','folder.gif','','1',0,'','','1','0','','',0,'',10,0,0,0,0),(18,0,'Home Improvement ','','folder.gif','','1',256,'','','1','0','','',0,'',4,0,0,0,0),(19,0,'Hotels & Motels','','folder.gif','','1',8,'','','1','0','','',0,'',18,0,0,0,0),(20,0,'Insurance','','folder.gif','','1',20,'','','1','0','','',0,'',4,0,0,0,0),(21,0,'Law','','folder.gif','','1',0,'','','1','0','','',0,'',3,0,0,0,0),(22,0,'Lawyers & Judges','','folder.gif','','1',100,'','','1','0','','',0,'',4,0,0,0,0),(23,0,'Lifestyle , Dating & Relationships ','','folder.gif','','1',1,'','','1','0','','',0,'',2,0,0,0,0),(24,0,'Medicine & Hospitals ','','folder.gif','','1',4,'','','1','0','','',0,'',2,0,0,0,0),(25,0,'Finance & Investment Services','','folder.gif','','1',10,'','','1','0','','',0,'',0,0,0,0,0),(26,0,'News & Magazines','','folder.gif','','1',1,'','','1','0','','',0,'',6,0,0,0,0),(27,0,'Plumbing Services','','folder.gif','','1',23,'','','1','0','','',0,'',1,0,0,0,0),(28,0,'Real Estate Development','','folder.gif','','1',15,'','','1','0','','',0,'',0,0,0,0,0),(29,0,'Energy & Science ','','folder.gif','','1',7,'','','1','0','','',0,'',0,0,0,0,0),(30,0,'SEO ,SMO & PPC','','folder.gif','','1',15,'','','1','0','','',0,'',0,0,0,0,0),(31,0,'Shopping and Retail','','folder.gif','','1',27,'','','1','0','','',0,'',1,0,0,0,0),(32,0,'Recreation & Sports','','folder.gif','','1',0,'','','1','0','','',0,'',1,0,0,0,0),(33,0,'Transport & Moving Services','','folder.gif','','1',28,'','','1','0','','',0,'',0,0,0,0,0),(34,0,'Travel Industry','','folder.gif','','1',8,'','','1','0','','',0,'',3,0,0,0,0),(35,0,'Wedding & Events','','folder.gif','','1',6,'','','1','0','','',0,'',5,0,0,0,0);

--
-- Table structure for table `idx_category_path`
--

CREATE TABLE `idx_category_path` (
  `category_id` mediumint(9) NOT NULL DEFAULT '0',
  `path` text,
  `path_with_url` text,
  `parents` text,
  PRIMARY KEY (`category_id`)
) ENGINE=MyISAM DEFAULT CHARSET=latin1;

--
-- Dumping data for table `idx_category_path`
--

INSERT INTO `idx_category_path` VALUES (1,'Arts & Music','<a href=\"http://websnoop.org/arts-music/\" name=\"cat_1\" style=\"\">Arts & Music</a>',';0;'),(2,'Auto Industry','<a href=\"http://websnoop.org/auto-industry/\" name=\"cat_2\" style=\"\">Auto Industry</a>',';0;'),(3,'Economy & Business','<a href=\"http://websnoop.org/economy-business/\" name=\"cat_3\" style=\"\">Economy & Business</a>',';0;'),(4,'Careers & Job Search','<a href=\"http://websnoop.org/careers-job-search/\" name=\"cat_4\" style=\"\">Careers & Job Search</a>',';0;'),(5,'Clothing Accessories','<a href=\"http://websnoop.org/clothing-accessories/\" name=\"cat_5\" style=\"\">Clothing Accessories</a>',';0;'),(6,'Communications Services','<a href=\"http://websnoop.org/communications-services/\" name=\"cat_6\" style=\"\">Communications Services</a>',';0;'),(7,'Computer Services','<a href=\"http://websnoop.org/computer-services/\" name=\"cat_7\" style=\"\">Computer Services</a>',';0;'),(8,'Building & Construction','<a href=\"http://websnoop.org/building-construction/\" name=\"cat_8\" style=\"\">Building & Construction</a>',';0;'),(9,'Dental','<a href=\"http://websnoop.org/dental/\" name=\"cat_9\" style=\"\">Dental</a>',';0;'),(10,'Educational Resources','<a href=\"http://websnoop.org/educational-resources/\" name=\"cat_10\" style=\"\">Educational Resources</a>',';0;'),(11,'Employment','<a href=\"http://websnoop.org/employment/\" name=\"cat_11\" style=\"\">Employment</a>',';0;'),(12,'Gifts','<a href=\"http://websnoop.org/gifts/\" name=\"cat_12\" style=\"\">Gifts</a>',';0;'),(13,'Hardware & Software','<a href=\"http://websnoop.org/hardware-software/\" name=\"cat_13\" style=\"\">Hardware & Software</a>',';0;'),(14,'Health & fitness','<a href=\"http://websnoop.org/health-fitness/\" name=\"cat_14\" style=\"\">Health & fitness</a>',';0;'),(15,'Healthcare ','<a href=\"http://websnoop.org/healthcare/\" name=\"cat_15\" style=\"\">Healthcare </a>',';0;'),(16,'Heating and Air Conditioning','<a href=\"http://websnoop.org/heating-and-air-conditioning/\" name=\"cat_16\" style=\"\">Heating and Air Conditioning</a>',';0;'),(17,'Home & Garden','<a href=\"http://websnoop.org/home-garden/\" name=\"cat_17\" style=\"\">Home & Garden</a>',';0;'),(18,'Home Improvement ','<a href=\"http://websnoop.org/home-improvement/\" name=\"cat_18\" style=\"\">Home Improvement </a>',';0;'),(19,'Hotels & Motels','<a href=\"http://websnoop.org/hotels-motels/\" name=\"cat_19\" style=\"\">Hotels & Motels</a>',';0;'),(20,'Insurance','<a href=\"http://websnoop.org/insurance/\" name=\"cat_20\" style=\"\">Insurance</a>',';0;'),(21,'Law','<a href=\"http://websnoop.org/law/\" name=\"cat_21\" style=\"\">Law</a>',';0;'),(22,'Lawyers & Judges','<a href=\"http://websnoop.org/lawyers-judges/\" name=\"cat_22\" style=\"\">Lawyers & Judges</a>',';0;'),(23,'Lifestyle , Dating & Relationships ','<a href=\"http://websnoop.org/lifestyle-dating-relationships/\" name=\"cat_23\" style=\"\">Lifestyle , Dating & Relationships </a>',';0;'),(24,'Medicine & Hospitals ','<a href=\"http://websnoop.org/medicine-hospitals/\" name=\"cat_24\" style=\"\">Medicine & Hospitals </a>',';0;'),(25,'Finance & Investment Services','<a href=\"http://websnoop.org/finance-investment-services/\" name=\"cat_25\" style=\"\">Finance & Investment Services</a>',';0;'),(26,'News & Magazines','<a href=\"http://websnoop.org/news-magazines/\" name=\"cat_26\" style=\"\">News & Magazines</a>',';0;'),(27,'Plumbing Services','<a href=\"http://websnoop.org/plumbing-services/\" name=\"cat_27\" style=\"\">Plumbing Services</a>',';0;'),(28,'Real Estate Development','<a href=\"http://websnoop.org/real-estate-development/\" name=\"cat_28\" style=\"\">Real Estate Development</a>',';0;'),(29,'Energy & Science ','<a href=\"http://websnoop.org/energy-science/\" name=\"cat_29\" style=\"\">Energy & Science </a>',';0;'),(30,'SEO ,SMO & PPC','<a href=\"http://websnoop.org/seo-smo-ppc/\" name=\"cat_30\" style=\"\">SEO ,SMO & PPC</a>',';0;'),(31,'Shopping and Retail','<a href=\"http://websnoop.org/shopping-and-retail/\" name=\"cat_31\" style=\"\">Shopping and Retail</a>',';0;'),(32,'Recreation & Sports','<a href=\"http://websnoop.org/recreation-sports/\" name=\"cat_32\" style=\"\">Recreation & Sports</a>',';0;'),(33,'Transport & Moving Services','<a href=\"http://websnoop.org/transport-moving-services/\" name=\"cat_33\" style=\"\">Transport & Moving Services</a>',';0;'),(34,'Travel Industry','<a href=\"http://websnoop.org/travel-industry/\" name=\"cat_34\" style=\"\">Travel Industry</a>',';0;'),(35,'Wedding & Events','<a href=\"http://websnoop.org/wedding-events/\" name=\"cat_35\" style=\"\">Wedding & Events</a>',';0;');

--
-- Table structure for table `idx_category_suggession`
--

CREATE TABLE `idx_category_suggession` (
  `id_cat_suggession` int(11) NOT NULL AUTO_INCREMENT,
  `parent_id` int(11) DEFAULT NULL,
  `name` varchar(255) DEFAULT NULL,
  `category_description` text,
  `date` datetime DEFAULT NULL,
  PRIMARY KEY (`id_cat_suggession`)
) ENGINE=MyISAM AUTO_INCREMENT=3 DEFAULT CHARSET=latin1;

--
-- Dumping data for table `idx_category_suggession`
--

INSERT INTO `idx_category_suggession` VALUES (1,9,'www.lcidentist.com','We provide comprehensive dental care for the entire family in Leesburg VA, all while making your visit as comfortable and pain-free as possible. Our office is equipped with the latest in oral healthcare technology and our staff is not only friendly but expertly trained. For a family with bright smiles and care you can trust, call us.','2011-12-21 14:36:53'),(2,13,'lenovo','','2012-02-14 14:23:28');

--
-- Table structure for table `idx_checkurl`
--

CREATE TABLE `idx_checkurl` (
  `link_id` mediumint(9) NOT NULL DEFAULT '0',
  `date` date NOT NULL DEFAULT '0000-00-00',
  `live` char(1) NOT NULL DEFAULT '',
  `reciprocal_found` char(1) NOT NULL DEFAULT '',
  PRIMARY KEY (`link_id`)
) ENGINE=MyISAM DEFAULT CHARSET=latin1;

--
-- Dumping data for table `idx_checkurl`
--


--
-- Table structure for table `idx_cronjobs`
--

CREATE TABLE `idx_cronjobs` (
  `cronjobs_id` int(11) NOT NULL AUTO_INCREMENT,
  `cronjobs_name` varchar(255) DEFAULT NULL,
  `filename` varchar(255) NOT NULL,
  `schedule` varchar(255) NOT NULL,
  `time` datetime NOT NULL,
  `execution` varchar(1) NOT NULL,
  PRIMARY KEY (`cronjobs_id`)
) ENGINE=MyISAM AUTO_INCREMENT=4 DEFAULT CHARSET=latin1;

--
-- Dumping data for table `idx_cronjobs`
--

INSERT INTO `idx_cronjobs` VALUES (1,NULL,'clear_templates_c.php','1,*,*,*,*','0000-00-00 00:00:00',''),(2,NULL,'update_tag_cloud.php','*,24,*,*,*','0000-00-00 00:00:00',''),(3,NULL,'clear_rss_cache.php','*,24,*,*,*','0000-00-00 00:00:00','');

--
-- Table structure for table `idx_custom_field`
--

CREATE TABLE `idx_custom_field` (
  `field_name` varchar(32) NOT NULL DEFAULT '',
  `field_text` varchar(64) NOT NULL DEFAULT '',
  `field_type` enum('TEXT','TEXTAREA','SELECT','MULTISELECT','CHECKBOX','RADIO','FILE','IMAGE','DATE','DATETIME','RICHEDITOR') NOT NULL DEFAULT 'TEXT',
  `field_option` text NOT NULL,
  `field_img_width` int(10) unsigned NOT NULL DEFAULT '0',
  `field_img_height` int(10) unsigned NOT NULL DEFAULT '0',
  `field_file_size` int(10) unsigned NOT NULL DEFAULT '0',
  `field_file_extension` varchar(64) NOT NULL DEFAULT '',
  `required` char(1) NOT NULL DEFAULT '0',
  `searchable` char(1) NOT NULL DEFAULT '1',
  `permission` char(1) NOT NULL DEFAULT '0'
) ENGINE=MyISAM DEFAULT CHARSET=latin1;

--
-- Dumping data for table `idx_custom_field`
--

INSERT INTO `idx_custom_field` VALUES ('image','Image','IMAGE','',0,0,0,'','0','0','2'),('address','Address','TEXT','',0,0,0,'','0','0','0'),('city','City','TEXT','',0,0,0,'','0','0','0'),('state','State','TEXT','',0,0,0,'','0','0','0'),('country','Country','TEXT','',0,0,0,'','0','0','0'),('zip','Zip','TEXT','',0,0,0,'','0','0','0'),('phone','Phone','TEXT','',0,0,0,'','0','0','0'),('fax','Fax','TEXT','',0,0,0,'','0','0','0');

--
-- Table structure for table `idx_default_field`
--

CREATE TABLE `idx_default_field` (
  `field_name` varchar(64) NOT NULL,
  `required` char(1) NOT NULL,
  `visible` char(1) NOT NULL DEFAULT '1',
  `searchable` char(1) NOT NULL DEFAULT '1'
) ENGINE=MyISAM DEFAULT CHARSET=latin1;

--
-- Dumping data for table `idx_default_field`
--

INSERT INTO `idx_default_field` VALUES ('title','1','1','1'),('url','1','1','1'),('description','1','1','1'),('keywords','1','1','0'),('contact_name','1','1','1'),('email','1','1','1'),('reciprocal_url','0','0','1');

--
-- Table structure for table `idx_discount_coupon`
--

CREATE TABLE `idx_discount_coupon` (
  `coupon_id` int(11) NOT NULL AUTO_INCREMENT,
  `coupon_code` varchar(255) DEFAULT NULL,
  `coupon_value` varchar(50) DEFAULT NULL,
  `link_type` varchar(255) DEFAULT NULL,
  `start_date` date DEFAULT NULL,
  `expired_date` date DEFAULT NULL,
  `expired_usage` int(11) DEFAULT NULL,
  `usage_count` int(11) DEFAULT NULL,
  PRIMARY KEY (`coupon_id`)
) ENGINE=MyISAM DEFAULT CHARSET=latin1;

--
-- Dumping data for table `idx_discount_coupon`
--


--
-- Table structure for table `idx_editor`
--

CREATE TABLE `idx_editor` (
  `username` varchar(20) DEFAULT NULL,
  `category_id` mediumint(9) DEFAULT NULL,
  `category` char(1) DEFAULT NULL,
  `link` char(1) DEFAULT NULL,
  `review` char(1) DEFAULT NULL,
  `pick` char(1) DEFAULT NULL,
  `status` char(1) DEFAULT NULL,
  `date` date DEFAULT NULL
) ENGINE=MyISAM DEFAULT CHARSET=latin1;

--
-- Dumping data for table `idx_editor`
--


--
-- Table structure for table `idx_email_template`
--

CREATE TABLE `idx_email_template` (
  `email_template_id` int(10) unsigned NOT NULL AUTO_INCREMENT,
  `name` varchar(255) DEFAULT NULL,
  `subject` varchar(255) DEFAULT NULL,
  `body` text,
  `altbody` text,
  PRIMARY KEY (`email_template_id`)
) ENGINE=MyISAM AUTO_INCREMENT=37 DEFAULT CHARSET=latin1;

--
-- Dumping data for table `idx_email_template`
--



--
-- Table structure for table `idx_favorites`
--

CREATE TABLE `idx_favorites` (
  `favorite_id` int(11) NOT NULL AUTO_INCREMENT,
  `username` varchar(20) DEFAULT NULL,
  `date` date DEFAULT NULL,
  `title` varchar(100) DEFAULT NULL,
  `description` text,
  PRIMARY KEY (`favorite_id`)
) ENGINE=MyISAM DEFAULT CHARSET=latin1;

--
-- Dumping data for table `idx_favorites`
--


--
-- Table structure for table `idx_favorites_detail`
--

CREATE TABLE `idx_favorites_detail` (
  `favorite_id` int(11) DEFAULT NULL,
  `link_id` mediumint(9) DEFAULT NULL
) ENGINE=MyISAM DEFAULT CHARSET=latin1;

--
-- Dumping data for table `idx_favorites_detail`
--


--
-- Table structure for table `idx_hook_place`
--

CREATE TABLE `idx_hook_place` (
  `hook_place_id` int(11) NOT NULL AUTO_INCREMENT,
  `filename` varchar(255) DEFAULT NULL,
  `hookname` varchar(255) DEFAULT NULL,
  PRIMARY KEY (`hook_place_id`)
) ENGINE=MyISAM DEFAULT CHARSET=latin1;

--
-- Dumping data for table `idx_hook_place`
--


--
-- Table structure for table `idx_invoice`
--

CREATE TABLE `idx_invoice` (
  `invoice_id` varchar(10) NOT NULL DEFAULT '',
  `invoice_date` date DEFAULT NULL,
  `due_date` date DEFAULT NULL,
  `invoiced_to` text,
  `service` varchar(255) DEFAULT NULL,
  `description` text,
  `total` double(8,2) DEFAULT NULL,
  `comment` text,
  `paid` char(1) DEFAULT NULL,
  `paid_date` date DEFAULT NULL,
  `email` varchar(255) DEFAULT NULL,
  PRIMARY KEY (`invoice_id`)
) ENGINE=MyISAM DEFAULT CHARSET=latin1;

--
-- Dumping data for table `idx_invoice`
--


--
-- Table structure for table `idx_invoice_config`
--

CREATE TABLE `idx_invoice_config` (
  `company` varchar(255) DEFAULT NULL,
  `contact` varchar(255) DEFAULT NULL,
  `address` text,
  `phone` varchar(255) DEFAULT NULL,
  `email` varchar(255) DEFAULT NULL,
  `currency_symbol` varchar(255) DEFAULT '$',
  `currency_code` varchar(255) DEFAULT 'USD'
) ENGINE=MyISAM DEFAULT CHARSET=latin1;

--
-- Dumping data for table `idx_invoice_config`
--

INSERT INTO `idx_invoice_config` VALUES ('Your website / Company','Billing Department','Your address','Your phone #','Billing<name@yourdomain.com>','$','USD');

--
-- Table structure for table `idx_link_temp`
--

CREATE TABLE `idx_link_temp` (
  `vid` mediumint(9) unsigned NOT NULL AUTO_INCREMENT,
  `spam` char(1) NOT NULL DEFAULT '0',
  `link_id` mediumint(9) DEFAULT NULL,
  `category_id` mediumint(9) unsigned NOT NULL DEFAULT '0',
  `title` varchar(100) NOT NULL DEFAULT '',
  `url` text NOT NULL,
  `description` text NOT NULL,
  `contact_name` varchar(100) NOT NULL DEFAULT '',
  `email` varchar(100) NOT NULL DEFAULT '',
  `hits` mediumint(9) DEFAULT NULL,
  `votes` smallint(6) DEFAULT NULL,
  `rating` float(4,2) DEFAULT NULL,
  `date` datetime NOT NULL DEFAULT '0000-00-00 00:00:00',
  `bid` smallint(6) NOT NULL DEFAULT '0',
  `new` char(1) DEFAULT NULL,
  `hot` char(1) DEFAULT NULL,
  `top_rated` char(1) DEFAULT NULL,
  `pick` char(1) DEFAULT NULL,
  `password` varchar(20) DEFAULT NULL,
  `updated` char(1) DEFAULT NULL,
  `reviews` smallint(6) DEFAULT NULL,
  `avg_review` float(4,2) DEFAULT NULL,
  `last_updated` datetime DEFAULT NULL,
  `official_review` text,
  `keywords` varchar(255) DEFAULT NULL,
  `cat1` mediumint(6) NOT NULL DEFAULT '0',
  `cat2` mediumint(6) NOT NULL DEFAULT '0',
  `suspended` char(1) NOT NULL DEFAULT '0',
  `reciprocal_url` varchar(255) DEFAULT NULL,
  `address` varchar(255) DEFAULT NULL,
  `city` varchar(255) DEFAULT NULL,
  `state` varchar(255) DEFAULT NULL,
  `country` varchar(255) DEFAULT NULL,
  `zip` varchar(255) DEFAULT NULL,
  `image` varchar(255) DEFAULT NULL,
  `phone` varchar(255) DEFAULT NULL,
  `fax` varchar(255) DEFAULT NULL,
  PRIMARY KEY (`vid`)
) ENGINE=MyISAM DEFAULT CHARSET=latin1;

--
-- Dumping data for table `idx_link_temp`
--


--
-- Table structure for table `idx_link_temp_user`
--

CREATE TABLE `idx_link_temp_user` (
  `vid` mediumint(9) unsigned NOT NULL DEFAULT '0',
  `username` varchar(20) NOT NULL DEFAULT '',
  PRIMARY KEY (`vid`)
) ENGINE=MyISAM DEFAULT CHARSET=latin1;

--
-- Dumping data for table `idx_link_temp_user`
--


--
-- Table structure for table `idx_link_user`
--

CREATE TABLE `idx_link_user` (
  `link_id` mediumint(9) unsigned NOT NULL DEFAULT '0',
  `username` varchar(20) NOT NULL DEFAULT '',
  PRIMARY KEY (`link_id`)
) ENGINE=MyISAM DEFAULT CHARSET=latin1;

--
-- Dumping data for table `idx_link_user`
--


--
-- Table structure for table `idx_mailing_list`
--

CREATE TABLE `idx_mailing_list` (
  `email` varchar(50) NOT NULL DEFAULT '',
  `code` varchar(4) DEFAULT NULL,
  `status` char(1) DEFAULT NULL,
  PRIMARY KEY (`email`)
) ENGINE=MyISAM DEFAULT CHARSET=latin1;

--
-- Dumping data for table `idx_mailing_list`
--


--
-- Table structure for table `idx_message`
--

CREATE TABLE `idx_message` (
  `message_id` smallint(6) NOT NULL AUTO_INCREMENT,
  `date` date DEFAULT NULL,
  `body` text,
  `subject` varchar(100) DEFAULT NULL,
  PRIMARY KEY (`message_id`)
) ENGINE=MyISAM DEFAULT CHARSET=latin1;

--
-- Dumping data for table `idx_message`
--


--
-- Table structure for table `idx_notification`
--

CREATE TABLE `idx_notification` (
  `username` varchar(20) NOT NULL DEFAULT '',
  `category_id` mediumint(9) NOT NULL DEFAULT '0'
) ENGINE=MyISAM DEFAULT CHARSET=latin1;

--
-- Dumping data for table `idx_notification`
--


--
-- Table structure for table `idx_pagerank`
--

CREATE TABLE `idx_pagerank` (
  `link_id` mediumint(8) unsigned NOT NULL DEFAULT '0',
  `engine` char(1) NOT NULL DEFAULT '',
  `rank` tinyint(4) NOT NULL DEFAULT '0',
  `last_update` date NOT NULL DEFAULT '0000-00-00',
  PRIMARY KEY (`link_id`,`engine`)
) ENGINE=MyISAM DEFAULT CHARSET=latin1;

--
-- Dumping data for table `idx_pagerank`
--

INSERT INTO `idx_pagerank` VALUES (8,'g',0,'2012-02-14'),(42,'g',0,'2012-02-14'),(48,'g',0,'2012-01-12'),(59,'g',0,'2012-02-13'),(24,'g',0,'2012-02-13'),(21,'g',0,'2012-02-14'),(44,'g',0,'2012-02-13'),(13,'g',0,'2012-02-13'),(66,'g',0,'2012-01-12'),(43,'g',0,'2012-02-13'),(68,'g',0,'2012-02-15'),(37,'g',0,'2012-02-13'),(27,'g',0,'2012-02-13'),(28,'g',0,'2012-02-15'),(34,'g',0,'2012-02-16'),(17,'g',0,'2012-02-15'),(36,'g',0,'2012-02-17'),(40,'g',0,'2012-02-13'),(15,'g',0,'2012-02-13'),(80,'g',0,'2012-02-13'),(5,'g',0,'2012-02-13'),(75,'g',0,'2012-02-13'),(78,'g',0,'2012-02-13'),(58,'g',0,'2012-02-13'),(4,'g',0,'2012-02-13'),(64,'g',0,'2012-01-12'),(45,'g',0,'2012-02-14'),(29,'g',0,'2012-02-14'),(26,'g',0,'2012-02-14'),(117,'g',0,'2011-11-28'),(140,'g',0,'2011-11-28'),(149,'g',0,'2011-11-28'),(10,'g',0,'2012-02-13'),(102,'g',0,'2011-11-28'),(16,'g',0,'2012-02-15'),(3,'g',0,'2012-02-14'),(51,'g',0,'2012-02-14'),(175,'g',0,'2011-11-29'),(99,'g',0,'2011-11-29'),(9,'g',0,'2012-02-14'),(143,'g',0,'2011-12-01'),(243,'g',0,'2011-12-01'),(134,'g',0,'2011-12-01'),(128,'g',0,'2011-12-01'),(230,'g',0,'2011-12-01'),(219,'g',0,'2011-12-01'),(60,'g',0,'2012-01-10'),(323,'g',0,'2012-02-13'),(12,'g',0,'2012-02-13'),(165,'g',0,'2011-12-10'),(265,'g',0,'2011-12-10'),(378,'g',0,'2012-02-13'),(463,'g',0,'2012-02-13'),(485,'g',0,'2012-02-13'),(443,'g',0,'2012-01-12'),(445,'g',0,'2012-02-13'),(334,'g',0,'2011-12-12'),(441,'g',0,'2012-02-13'),(554,'g',0,'2012-01-27'),(768,'g',0,'2011-12-13'),(387,'g',0,'2012-02-13'),(801,'g',0,'2012-02-03'),(796,'g',0,'2012-02-13'),(594,'g',0,'2012-02-13'),(290,'g',0,'2012-02-03'),(484,'g',0,'2012-02-15'),(336,'g',0,'2012-02-03'),(449,'g',0,'2012-02-13'),(809,'g',0,'2012-02-03'),(807,'g',0,'2012-02-03'),(62,'g',0,'2012-02-14'),(462,'g',0,'2011-12-14'),(368,'g',0,'2012-02-14'),(367,'g',0,'2012-02-14'),(357,'g',0,'2012-02-15'),(291,'g',0,'2012-02-15'),(76,'g',0,'2012-03-01'),(421,'g',0,'2012-01-19'),(345,'g',0,'2012-03-01'),(344,'g',0,'2012-03-01'),(805,'g',0,'2012-02-01'),(543,'g',0,'2012-02-14'),(454,'g',0,'2012-01-29'),(465,'g',0,'2012-01-29'),(471,'g',0,'2012-01-29'),(475,'g',0,'2012-01-29'),(472,'g',0,'2012-02-15'),(821,'g',0,'2012-02-14'),(822,'g',0,'2011-12-16'),(833,'g',0,'2012-02-14'),(811,'g',0,'2012-02-14'),(837,'g',0,'2012-02-14'),(79,'g',0,'2012-02-14'),(294,'g',0,'2012-02-16'),(826,'g',0,'2012-01-27'),(847,'g',0,'2011-12-17'),(61,'g',0,'2012-02-15'),(14,'g',0,'2012-02-28'),(802,'g',0,'2012-02-15'),(23,'g',0,'2012-02-13'),(844,'g',0,'2012-02-13'),(7,'g',0,'2012-02-13'),(770,'g',0,'2011-12-18'),(828,'g',0,'2012-01-23'),(749,'g',0,'2011-12-18'),(842,'g',0,'2012-02-13'),(804,'g',0,'2012-02-16'),(747,'g',0,'2011-12-18'),(77,'g',0,'2012-02-13'),(85,'g',0,'2012-02-16'),(301,'g',0,'2012-02-13'),(84,'g',0,'2012-02-13'),(30,'g',0,'2012-02-13'),(839,'g',0,'2012-02-16'),(816,'g',0,'2012-02-16'),(834,'g',0,'2012-02-13'),(817,'g',0,'2012-02-13'),(82,'g',0,'2012-02-13'),(31,'g',0,'2012-02-17'),(305,'g',0,'2012-02-16'),(32,'g',0,'2012-02-13'),(361,'g',0,'2012-02-13'),(70,'g',0,'2012-02-15'),(53,'g',0,'2012-02-16'),(601,'g',0,'2012-02-18'),(285,'g',0,'2012-02-13'),(287,'g',0,'2012-02-13'),(797,'g',0,'2012-02-13'),(286,'g',0,'2012-02-14'),(780,'g',0,'2012-02-15'),(81,'g',0,'2012-02-14'),(550,'g',0,'2012-02-13'),(284,'g',0,'2012-02-14'),(288,'g',0,'2012-02-13'),(599,'g',0,'2012-02-13'),(595,'g',0,'2012-02-15'),(773,'g',0,'2012-02-15'),(776,'g',0,'2012-02-13'),(772,'g',0,'2012-02-15'),(787,'g',0,'2012-02-10'),(612,'g',0,'2012-02-16'),(856,'g',0,'2012-01-27'),(859,'g',0,'2012-01-27'),(312,'g',0,'2012-02-13'),(427,'g',0,'2012-02-13'),(414,'g',0,'2012-02-13'),(502,'g',0,'2012-02-15'),(434,'g',0,'2012-02-15'),(506,'g',0,'2012-02-13'),(499,'g',0,'2012-02-15'),(418,'g',0,'2012-02-16'),(425,'g',0,'2012-02-13'),(415,'g',0,'2012-02-16'),(429,'g',0,'2012-02-15'),(505,'g',0,'2012-02-16'),(417,'g',0,'2012-02-13'),(433,'g',0,'2012-02-15'),(416,'g',0,'2012-02-13'),(428,'g',0,'2012-02-13'),(501,'g',0,'2012-02-15'),(442,'g',0,'2012-02-13'),(20,'g',0,'2012-01-29'),(86,'g',0,'2012-01-29'),(39,'g',0,'2012-01-29'),(18,'g',0,'2012-01-29'),(35,'g',0,'2012-01-29'),(2,'g',0,'2012-01-29'),(83,'g',0,'2012-01-29'),(25,'g',0,'2012-01-29'),(47,'g',0,'2012-01-29'),(1,'g',0,'2012-01-29'),(304,'g',0,'2011-12-22'),(41,'g',0,'2012-02-13'),(815,'g',0,'2012-02-15'),(321,'g',0,'2012-02-15'),(327,'g',0,'2012-02-13'),(46,'g',0,'2012-02-13'),(831,'g',0,'2012-02-13'),(818,'g',0,'2012-02-16'),(295,'g',0,'2012-02-15'),(353,'g',0,'2012-02-15'),(461,'g',0,'2012-02-16'),(419,'g',0,'2012-02-16'),(504,'g',0,'2012-02-15'),(645,'g',0,'2011-12-23'),(488,'g',0,'2011-12-23'),(571,'g',0,'2011-12-23'),(497,'g',0,'2011-12-23'),(451,'g',0,'2012-02-13'),(413,'g',0,'2012-02-13'),(430,'g',0,'2012-02-13'),(426,'g',0,'2012-02-16'),(431,'g',0,'2012-02-13'),(450,'g',0,'2012-02-15'),(500,'g',0,'2012-02-15'),(503,'g',0,'2012-02-13'),(423,'g',0,'2012-02-20'),(432,'g',0,'2012-02-15'),(401,'g',0,'2012-02-15'),(394,'g',0,'2012-02-16'),(393,'g',0,'2012-02-15'),(398,'g',0,'2012-02-16'),(396,'g',0,'2012-02-13'),(402,'g',0,'2012-02-15'),(399,'g',0,'2012-02-20'),(395,'g',0,'2012-02-16'),(400,'g',0,'2012-02-15'),(397,'g',0,'2012-02-13'),(52,'g',0,'2012-01-22'),(56,'g',0,'2012-01-22'),(57,'g',0,'2012-01-22'),(38,'g',0,'2012-01-22'),(74,'g',0,'2012-01-22'),(69,'g',0,'2012-01-22'),(50,'g',0,'2012-01-22'),(63,'g',0,'2012-01-22'),(49,'g',0,'2012-01-22'),(72,'g',0,'2012-01-22'),(310,'g',0,'2011-12-24'),(478,'g',0,'2011-12-24'),(841,'g',0,'2012-02-15'),(299,'g',0,'2011-12-24'),(825,'g',0,'2011-12-24'),(11,'g',0,'2012-02-15'),(325,'g',0,'2011-12-24'),(6,'g',0,'2012-02-15'),(835,'g',0,'2011-12-24'),(460,'g',0,'2011-12-24'),(520,'g',0,'2012-02-13'),(356,'g',0,'2012-03-03'),(853,'g',0,'2012-03-03'),(526,'g',0,'2012-02-13'),(521,'g',0,'2012-02-15'),(524,'g',0,'2012-02-15'),(518,'g',0,'2012-02-13'),(523,'g',0,'2012-02-15'),(525,'g',0,'2012-02-13'),(517,'g',0,'2012-02-15'),(863,'g',0,'2011-12-24'),(481,'g',0,'2012-03-03'),(860,'g',0,'2012-03-01'),(836,'g',0,'2012-02-15'),(824,'g',0,'2012-02-13'),(810,'g',0,'2012-02-13'),(838,'g',0,'2012-02-13'),(832,'g',0,'2012-02-15'),(808,'g',0,'2012-02-15'),(519,'g',0,'2012-02-15'),(812,'g',0,'2012-02-16'),(522,'g',0,'2012-02-16'),(840,'g',0,'2012-02-15'),(297,'g',0,'2012-02-15'),(348,'g',0,'2012-02-28'),(391,'g',0,'2012-01-28'),(866,'g',0,'2012-02-03'),(22,'g',0,'2012-03-04'),(55,'g',0,'2011-12-26'),(473,'g',0,'2012-03-04'),(392,'g',0,'2012-03-04'),(466,'g',0,'2012-03-04'),(786,'g',0,'2011-12-26'),(609,'g',0,'2012-02-15'),(783,'g',0,'2012-02-13'),(318,'g',0,'2012-02-15'),(376,'g',0,'2012-02-15'),(379,'g',0,'2012-02-13'),(875,'g',0,'2012-02-13'),(865,'g',0,'2012-02-15'),(885,'g',0,'2012-02-15'),(893,'g',0,'2012-02-20'),(880,'g',0,'2012-02-13'),(477,'g',0,'2012-02-13'),(615,'g',0,'2012-02-14'),(492,'g',0,'2011-12-30'),(490,'g',0,'2011-12-30'),(489,'g',0,'2011-12-30'),(596,'g',0,'2012-02-16'),(785,'g',0,'2011-12-30'),(493,'g',0,'2011-12-30'),(597,'g',0,'2012-02-15'),(494,'g',0,'2011-12-30'),(592,'g',0,'2012-02-13'),(491,'g',0,'2011-12-30'),(424,'g',0,'2012-02-13'),(456,'g',0,'2012-02-13'),(897,'g',0,'2012-03-03'),(819,'g',0,'2012-02-13'),(482,'g',0,'2012-02-15'),(458,'g',0,'2012-02-13'),(377,'g',0,'2012-02-13'),(784,'g',0,'2011-12-30'),(358,'g',0,'2012-02-13'),(435,'g',0,'2012-02-13'),(483,'g',0,'2012-02-13'),(390,'g',0,'2012-02-15'),(439,'g',0,'2012-02-15'),(813,'g',0,'2011-12-30'),(298,'g',0,'2012-02-15'),(790,'g',0,'2012-02-13'),(549,'g',0,'2012-02-15'),(469,'g',0,'2012-02-13'),(438,'g',0,'2012-02-13'),(496,'g',0,'2012-02-20'),(486,'g',0,'2012-02-16'),(794,'g',0,'2012-02-17'),(898,'g',0,'2012-02-16'),(404,'g',0,'2012-02-15'),(340,'g',0,'2012-02-15'),(406,'g',0,'2012-02-16'),(513,'g',0,'2012-02-15'),(411,'g',0,'2012-02-15'),(412,'g',0,'2012-02-13'),(889,'g',0,'2012-02-13'),(902,'g',0,'2011-12-30'),(317,'g',0,'2012-02-15'),(337,'g',0,'2012-02-16'),(407,'g',0,'2012-02-13'),(332,'g',0,'2012-02-16'),(405,'g',0,'2012-02-13'),(370,'g',0,'2012-02-16'),(319,'g',0,'2012-02-16'),(383,'g',0,'2012-02-13'),(87,'g',0,'2012-02-14'),(891,'g',0,'2012-02-15'),(508,'g',0,'2012-02-15'),(882,'g',0,'2012-02-15'),(869,'g',0,'2012-02-15'),(890,'g',0,'2012-02-13'),(507,'g',0,'2012-02-13'),(509,'g',0,'2012-02-16'),(511,'g',0,'2012-02-17'),(512,'g',0,'2012-02-13'),(510,'g',0,'2012-02-15'),(514,'g',0,'2012-02-15'),(868,'g',0,'2012-02-13'),(409,'g',0,'2012-02-13'),(892,'g',0,'2012-02-13'),(408,'g',0,'2012-02-13'),(328,'g',0,'2012-02-13'),(410,'g',0,'2012-02-13'),(380,'g',0,'2012-02-15'),(403,'g',0,'2012-02-13'),(872,'g',0,'2012-02-15'),(874,'g',0,'2012-02-13'),(614,'g',0,'2012-02-16'),(861,'g',0,'2012-02-13'),(774,'g',0,'2012-02-13'),(862,'g',0,'2012-02-15'),(608,'g',0,'2012-02-16'),(901,'g',0,'2011-12-30'),(915,'g',0,'2012-02-14'),(886,'g',0,'2012-02-15'),(331,'g',0,'2012-02-15'),(352,'g',0,'2012-02-13'),(806,'g',0,'2012-02-15'),(904,'g',0,'2011-12-31'),(851,'g',0,'2011-12-31'),(888,'g',0,'2012-02-03'),(444,'g',0,'2012-02-15'),(895,'g',0,'2012-02-15'),(900,'g',0,'2012-02-15'),(887,'g',0,'2012-02-13'),(351,'g',0,'2012-02-20'),(610,'g',0,'2012-02-13'),(843,'g',0,'2012-02-13'),(311,'g',0,'2012-02-13'),(907,'g',0,'2012-01-01'),(912,'g',0,'2012-02-14'),(647,'g',0,'2012-02-13'),(389,'g',0,'2012-02-15'),(388,'g',0,'2012-02-15'),(899,'g',0,'2012-02-13'),(307,'g',0,'2012-02-15'),(362,'g',0,'2012-01-01'),(303,'g',0,'2012-02-13'),(803,'g',0,'2012-02-20'),(604,'g',0,'2012-02-13'),(894,'g',0,'2012-02-13'),(830,'g',0,'2012-01-02'),(909,'g',0,'2012-02-13'),(611,'g',0,'2012-02-15'),(792,'g',0,'2012-02-15'),(910,'g',0,'2012-02-03'),(771,'g',0,'2012-01-03'),(798,'g',0,'2012-02-13'),(917,'g',0,'2012-02-15'),(452,'g',0,'2012-02-13'),(775,'g',0,'2012-02-20'),(914,'g',0,'2012-02-14'),(933,'g',0,'2012-02-15'),(857,'g',0,'2012-02-13'),(873,'g',0,'2012-02-15'),(870,'g',0,'2012-02-13'),(871,'g',0,'2012-02-16'),(71,'g',0,'2012-02-13'),(33,'g',0,'2012-02-13'),(65,'g',0,'2012-02-20'),(73,'g',0,'2012-02-13'),(67,'g',0,'2012-01-05'),(19,'g',0,'2012-02-15'),(951,'g',0,'2012-02-15'),(854,'g',0,'2012-02-15'),(867,'g',0,'2012-02-13'),(911,'g',0,'2012-02-13'),(913,'g',0,'2012-02-15'),(864,'g',0,'2012-02-13'),(876,'g',0,'2012-02-15'),(820,'g',0,'2012-01-05'),(858,'g',0,'2012-02-17'),(941,'g',0,'2012-02-13'),(942,'g',0,'2012-02-17'),(919,'g',0,'2012-02-13'),(374,'g',0,'2012-02-15'),(382,'g',0,'2012-02-15'),(606,'g',0,'2012-02-13'),(949,'g',0,'2012-02-15'),(948,'g',0,'2012-02-13'),(932,'g',0,'2012-02-13'),(918,'g',0,'2012-02-13'),(938,'g',0,'2012-02-15'),(946,'g',0,'2012-02-13'),(945,'g',0,'2012-02-13'),(955,'g',0,'2012-02-14'),(959,'g',0,'2012-02-13'),(958,'g',0,'2012-02-14'),(930,'g',0,'2012-02-15'),(929,'g',0,'2012-02-15'),(923,'g',0,'2012-02-15'),(943,'g',0,'2012-02-14'),(996,'g',0,'2012-02-14'),(1006,'g',0,'2012-02-13'),(967,'g',0,'2012-02-13'),(974,'g',0,'2012-02-13'),(987,'g',0,'2012-02-13'),(972,'g',0,'2012-02-13'),(939,'g',0,'2012-02-14'),(306,'g',0,'2012-02-13'),(988,'g',0,'2012-02-15'),(968,'g',0,'2012-02-15'),(953,'g',0,'2012-02-13'),(969,'g',0,'2012-02-13'),(977,'g',0,'2012-02-13'),(966,'g',0,'2012-02-13'),(960,'g',0,'2012-02-13'),(944,'g',0,'2012-02-15'),(990,'g',0,'2012-02-13'),(991,'g',0,'2012-02-20'),(940,'g',0,'2012-02-13'),(850,'g',0,'2012-01-13'),(954,'g',0,'2012-02-16'),(985,'g',0,'2012-01-13'),(973,'g',0,'2012-02-15'),(515,'g',0,'2012-02-15'),(516,'g',0,'2012-02-16'),(791,'g',0,'2012-02-13'),(789,'g',0,'2012-01-14'),(551,'g',0,'2012-02-16'),(528,'g',0,'2012-02-13'),(548,'g',0,'2012-02-16'),(545,'g',0,'2012-02-16'),(793,'g',0,'2012-02-15'),(795,'g',0,'2012-02-13'),(546,'g',0,'2012-02-20'),(527,'g',0,'2012-02-15'),(565,'g',0,'2012-02-15'),(566,'g',0,'2012-02-15'),(570,'g',0,'2012-02-15'),(564,'g',0,'2012-02-13'),(569,'g',0,'2012-02-13'),(567,'g',0,'2012-02-15'),(568,'g',0,'2012-02-15'),(573,'g',0,'2012-02-13'),(572,'g',0,'2012-02-15'),(563,'g',0,'2012-02-13'),(555,'g',0,'2012-02-13'),(559,'g',0,'2012-02-20'),(552,'g',0,'2012-02-13'),(562,'g',0,'2012-02-13'),(553,'g',0,'2012-02-15'),(560,'g',0,'2012-02-15'),(558,'g',0,'2012-02-15'),(561,'g',0,'2012-02-16'),(557,'g',0,'2012-02-13'),(556,'g',0,'2012-02-13'),(634,'g',0,'2012-01-14'),(630,'g',0,'2012-01-14'),(637,'g',0,'2012-01-14'),(629,'g',0,'2012-01-14'),(632,'g',0,'2012-01-14'),(633,'g',0,'2012-01-14'),(636,'g',0,'2012-01-14'),(631,'g',0,'2012-01-14'),(635,'g',0,'2012-01-14'),(638,'g',0,'2012-01-14'),(578,'g',0,'2012-02-13'),(582,'g',0,'2012-02-20'),(580,'g',0,'2012-02-20'),(579,'g',0,'2012-02-15'),(576,'g',0,'2012-02-13'),(575,'g',0,'2012-02-15'),(581,'g',0,'2012-02-20'),(574,'g',0,'2012-02-15'),(577,'g',0,'2012-02-15'),(583,'g',0,'2012-02-15'),(600,'g',0,'2012-02-13'),(618,'g',0,'2012-02-13'),(587,'g',0,'2012-02-15'),(591,'g',0,'2012-02-16'),(586,'g',0,'2012-02-16'),(590,'g',0,'2012-02-16'),(584,'g',0,'2012-02-16'),(616,'g',0,'2012-02-16'),(617,'g',0,'2012-02-15'),(585,'g',0,'2012-02-15'),(621,'g',0,'2012-01-14'),(626,'g',0,'2012-01-14'),(623,'g',0,'2012-01-14'),(627,'g',0,'2012-01-14'),(622,'g',0,'2012-01-14'),(628,'g',0,'2012-01-14'),(619,'g',0,'2012-01-14'),(620,'g',0,'2012-01-14'),(625,'g',0,'2012-01-14'),(624,'g',0,'2012-01-14'),(1022,'g',0,'2012-02-14'),(316,'g',0,'2012-02-15'),(646,'g',0,'2012-02-15'),(999,'g',0,'2012-02-20'),(308,'g',0,'2012-01-15'),(957,'g',0,'2012-02-15'),(965,'g',0,'2012-01-15'),(962,'g',0,'2012-02-15'),(920,'g',0,'2012-01-16'),(480,'g',0,'2012-02-15'),(54,'g',0,'2012-02-20'),(329,'g',0,'2012-02-15'),(603,'g',0,'2012-01-16'),(366,'g',0,'2012-02-15'),(330,'g',0,'2012-01-17'),(354,'g',0,'2012-02-16'),(613,'g',0,'2012-01-17'),(992,'g',0,'2012-01-17'),(995,'g',0,'2012-01-21'),(1035,'g',0,'2012-01-22'),(924,'g',0,'2012-01-23'),(979,'g',0,'2012-01-23'),(980,'g',0,'2012-01-23'),(916,'g',0,'2012-01-23'),(978,'g',0,'2012-01-23'),(952,'g',0,'2012-01-23'),(931,'g',0,'2012-01-23'),(1008,'g',0,'2012-01-24'),(1084,'g',0,'2012-03-03'),(1073,'g',0,'2012-01-26'),(342,'g',0,'2012-01-27'),(313,'g',0,'2012-01-27'),(347,'g',0,'2012-01-27'),(300,'g',0,'2012-01-27'),(385,'g',0,'2012-01-27'),(371,'g',0,'2012-01-27'),(346,'g',0,'2012-01-27'),(326,'g',0,'2012-01-27'),(375,'g',0,'2012-01-27'),(341,'g',0,'2012-01-27'),(1074,'g',0,'2012-01-27'),(547,'g',0,'2012-01-27'),(544,'g',0,'2012-01-27'),(598,'g',0,'2012-01-27'),(777,'g',0,'2012-01-27'),(459,'g',0,'2012-01-27'),(446,'g',0,'2012-01-27'),(605,'g',0,'2012-01-27'),(778,'g',0,'2012-01-27'),(593,'g',0,'2012-01-27'),(1000,'g',0,'2012-01-27'),(1077,'g',0,'2012-01-27'),(1065,'g',0,'2012-01-27'),(1057,'g',0,'2012-02-27'),(1028,'g',0,'2012-01-28'),(457,'g',0,'2012-01-29'),(468,'g',0,'2012-01-29'),(453,'g',0,'2012-01-29'),(381,'g',0,'2012-01-29'),(369,'g',0,'2012-01-29'),(437,'g',0,'2012-01-29'),(455,'g',0,'2012-01-29'),(373,'g',0,'2012-01-29'),(386,'g',0,'2012-01-29'),(384,'g',0,'2012-01-29'),(963,'g',0,'2012-01-31'),(1014,'g',0,'2012-01-31'),(1026,'g',0,'2012-01-31'),(1111,'g',0,'2012-02-01'),(1036,'g',0,'2012-02-06'),(333,'g',0,'2012-02-07'),(293,'g',0,'2012-02-07'),(315,'g',0,'2012-02-07'),(799,'g',0,'2012-02-07'),(359,'g',0,'2012-02-07'),(292,'g',0,'2012-02-07'),(360,'g',0,'2012-02-07'),(1132,'g',0,'2012-02-08'),(1117,'g',0,'2012-02-08'),(1102,'g',0,'2012-02-08'),(602,'g',0,'2012-02-08'),(788,'g',0,'2012-02-08'),(588,'g',0,'2012-02-08'),(476,'g',0,'2012-02-08'),(782,'g',0,'2012-02-08'),(589,'g',0,'2012-02-08'),(781,'g',0,'2012-02-08'),(495,'g',0,'2012-02-08'),(479,'g',0,'2012-02-08'),(498,'g',0,'2012-02-08'),(877,'g',0,'2012-02-13'),(422,'g',0,'2012-02-13'),(827,'g',0,'2012-02-13'),(467,'g',0,'2012-02-13'),(881,'g',0,'2012-02-13'),(989,'g',0,'2012-02-13'),(1062,'g',0,'2012-02-13'),(1019,'g',0,'2012-02-13'),(879,'g',0,'2012-02-13'),(343,'g',0,'2012-02-13'),(464,'g',0,'2012-02-13'),(309,'g',0,'2012-02-13'),(1009,'g',0,'2012-02-13'),(956,'g',0,'2012-02-13'),(1024,'g',0,'2012-02-13'),(961,'g',0,'2012-02-13'),(350,'g',0,'2012-02-13'),(641,'g',0,'2012-02-13'),(440,'g',0,'2012-02-13'),(984,'g',0,'2012-02-13'),(1046,'g',0,'2012-02-13'),(639,'g',0,'2012-02-13'),(320,'g',0,'2012-02-13'),(878,'g',0,'2012-02-13'),(1030,'g',0,'2012-02-13'),(1001,'g',0,'2012-02-13'),(296,'g',0,'2012-02-13'),(1045,'g',0,'2012-02-13'),(975,'g',0,'2012-02-13'),(283,'g',0,'2012-02-13'),(436,'g',0,'2012-02-13'),(355,'g',0,'2012-02-13'),(1031,'g',0,'2012-02-13'),(1025,'g',0,'2012-02-13'),(976,'g',0,'2012-02-13'),(1013,'g',0,'2012-02-13'),(302,'g',0,'2012-02-13'),(926,'g',0,'2012-02-13'),(921,'g',0,'2012-02-13'),(1004,'g',0,'2012-02-13'),(896,'g',0,'2012-02-13'),(983,'g',0,'2012-02-13'),(1002,'g',0,'2012-02-13'),(324,'g',0,'2012-02-13'),(1011,'g',0,'2012-02-13'),(1058,'g',0,'2012-02-13'),(981,'g',0,'2012-02-13'),(922,'g',0,'2012-02-13'),(644,'g',0,'2012-02-13'),(1189,'g',0,'2012-02-13'),(1136,'g',0,'2012-02-13'),(1078,'g',0,'2012-02-13'),(852,'g',0,'2012-02-14'),(855,'g',0,'2012-02-14'),(1068,'g',0,'2012-02-14'),(1067,'g',0,'2012-02-14'),(1202,'g',0,'2012-02-14'),(1194,'g',0,'2012-02-15'),(1055,'g',0,'2012-02-15'),(1054,'g',0,'2012-02-15'),(1005,'g',0,'2012-02-15'),(1038,'g',0,'2012-02-15'),(1048,'g',0,'2012-02-15'),(640,'g',0,'2012-02-15'),(1016,'g',0,'2012-02-15'),(1007,'g',0,'2012-02-15'),(908,'g',0,'2012-02-15'),(1049,'g',0,'2012-02-15'),(982,'g',0,'2012-02-15'),(935,'g',0,'2012-02-15'),(1015,'g',0,'2012-02-15'),(1029,'g',0,'2012-02-15'),(643,'g',0,'2012-02-15'),(1044,'g',0,'2012-02-15'),(800,'g',0,'2012-02-15'),(420,'g',0,'2012-02-15'),(934,'g',0,'2012-02-15'),(335,'g',0,'2012-02-15'),(1072,'g',0,'2012-02-15'),(363,'g',0,'2012-02-15'),(372,'g',0,'2012-02-15'),(1003,'g',0,'2012-02-15'),(447,'g',0,'2012-02-15'),(349,'g',0,'2012-02-15'),(1071,'g',0,'2012-02-15'),(1020,'g',0,'2012-02-15'),(1050,'g',0,'2012-02-15'),(947,'g',0,'2012-02-15'),(1037,'g',0,'2012-02-15'),(1023,'g',0,'2012-02-15'),(1052,'g',0,'2012-02-15'),(1034,'g',0,'2012-02-15'),(1041,'g',0,'2012-02-15'),(1033,'g',0,'2012-02-15'),(928,'g',0,'2012-02-15'),(1021,'g',0,'2012-02-15'),(289,'g',0,'2012-02-15'),(1039,'g',0,'2012-02-15'),(937,'g',0,'2012-02-15'),(1063,'g',0,'2012-02-16'),(282,'g',0,'2012-02-16'),(986,'g',0,'2012-02-16'),(964,'g',0,'2012-02-16'),(1069,'g',0,'2012-02-16'),(925,'g',0,'2012-02-16'),(1042,'g',0,'2012-02-16'),(1076,'g',0,'2012-02-16'),(365,'g',0,'2012-02-16'),(322,'g',0,'2012-02-16'),(970,'g',0,'2012-02-16'),(1017,'g',0,'2012-02-16'),(950,'g',0,'2012-02-16'),(779,'g',0,'2012-02-16'),(1040,'g',0,'2012-02-16'),(1193,'g',0,'2012-02-16'),(993,'g',0,'2012-02-16'),(1047,'g',0,'2012-02-16'),(448,'g',0,'2012-02-16'),(1056,'g',0,'2012-02-17'),(1051,'g',0,'2012-02-17'),(642,'g',0,'2012-02-17'),(998,'g',0,'2012-02-20'),(883,'g',0,'2012-02-20'),(997,'g',0,'2012-02-20'),(971,'g',0,'2012-02-20'),(314,'g',0,'2012-02-20'),(1043,'g',0,'2012-02-20'),(927,'g',0,'2012-02-20'),(1208,'g',0,'2012-02-21'),(1110,'g',0,'2012-02-23'),(1191,'g',0,'2012-02-23'),(1125,'g',0,'2012-02-23'),(1126,'g',0,'2012-02-23'),(1130,'g',0,'2012-02-23'),(1131,'g',0,'2012-02-23'),(1144,'g',0,'2012-02-23'),(1129,'g',0,'2012-02-23'),(1151,'g',0,'2012-02-24'),(1064,'g',0,'2012-02-26'),(1135,'g',0,'2012-02-26'),(1081,'g',0,'2012-02-26'),(1082,'g',0,'2012-02-26'),(1225,'g',0,'2012-02-28'),(1222,'g',0,'2012-02-28'),(1207,'g',0,'2012-02-29'),(1215,'g',0,'2012-02-29'),(1227,'g',0,'2012-03-02'),(1229,'g',0,'2012-03-02'),(1214,'g',0,'2012-03-02'),(1224,'g',0,'2012-03-04'),(1238,'g',0,'2012-03-05'),(1061,'g',0,'2012-03-07'),(1134,'g',0,'2012-03-07'),(1240,'g',0,'2012-03-07'),(1075,'g',0,'2012-03-07'),(1241,'g',0,'2012-03-07'),(1060,'g',0,'2012-03-07'),(1059,'g',0,'2012-03-07'),(1127,'g',0,'2012-03-07'),(1103,'g',0,'2012-03-07');

--
-- Table structure for table `idx_paid_listing`
--

CREATE TABLE `idx_paid_listing` (
  `link_id` mediumint(9) unsigned NOT NULL DEFAULT '0',
  `premium` char(1) DEFAULT NULL,
  `sponsored` char(1) DEFAULT NULL,
  `expire` datetime DEFAULT NULL,
  `paid` char(1) DEFAULT NULL,
  PRIMARY KEY (`link_id`)
) ENGINE=MyISAM DEFAULT CHARSET=latin1;

--
-- Dumping data for table `idx_paid_listing`
--


--
-- Table structure for table `idx_payment_gateway`
--

CREATE TABLE `idx_payment_gateway` (
  `payment_gateway_id` int(11) NOT NULL AUTO_INCREMENT,
  `name` varchar(100) DEFAULT NULL,
  `enable` char(1) DEFAULT NULL,
  `setting` text,
  `invoice_html` text,
  PRIMARY KEY (`payment_gateway_id`)
) ENGINE=MyISAM AUTO_INCREMENT=9 DEFAULT CHARSET=latin1;

--
-- Dumping data for table `idx_payment_gateway`
--

INSERT INTO `idx_payment_gateway` VALUES (1,'paypal','1','a:2:{s:13:\"payment_email\";s:0:\"\";s:21:\"enable_paypal_sandbox\";s:1:\"0\";}','<p> \r\n	<a href=\'paynow.php?id={$invoice_id}&m=paypal\'><img src=\'http://www.paypal.com/images/x-click-but02.gif\' border=\'0\' alt=\'Make payments with PayPal - it is fast, free and secure!\' /></a> \r\n</p>\r\n'),(2,'2co','0','a:6:{s:6:\"co_sid\";s:5:\"84932\";s:9:\"co_secret\";s:5:\"tango\";s:12:\"co_recurring\";s:1:\"0\";s:9:\"co_prod_1\";s:6:\"100.00\";s:9:\"co_prod_2\";s:6:\"250.00\";s:9:\"co_prod_3\";s:6:\"400.00\";}','<p>\r\n<a href=\'paynow.php?id={$invoice_id}&m=2co\'><img src=\'http://www.2checkout.com/images/overview/btns/25.jpg\' alt=\'Pay Now with 2checkout...\' border=\'0\' /></a> \r\n</p>'),(3,'authorizenet','0','a:2:{s:21:\"authorizenet_login_id\";s:0:\"\";s:21:\"authorizenet_tran_key\";s:0:\"\";}','<p> \r\n<a href=\'paynow.php?id={$invoice_id}&m=authorizenet\'><img src=\'http://www.authorize.net/upload/images/Images/Header/authorizenet_logo.gif\' alt=\'Pay Now with Authorize.Net...\' width=\'99\' height=\'39\' style=\'{border : 1px solid #c0c0c0;}\' /></a>\r\n</p>'),(4,'egold','0','a:2:{s:19:\"egold_payee_account\";s:0:\"\";s:16:\"egold_payee_name\";s:0:\"\";}','<p> \r\n<a href=\'paynow.php?id={$invoice_id}&m=egold\'>\r\n<img src=\'http://www.e-gold.com/gif/paywith.gif\' border=\'0\' alt=\'Pay Now with e-gold...\' />\r\n</a>\r\n</p>'),(5,'moneybookers','0','a:1:{s:18:\"moneybookers_email\";s:0:\"\";}','<p> \r\n<a href=\'paynow.php?id={$invoice_id}&m=paypal\'><img src=\'http://www.moneybookers.com/images/banners/88_en_mb.gif\' border=\'0\' alt=\'Make payments with Moneybookers - it is fast, free and secure!\' /></a> \r\n</p>'),(6,'paypal-subscriptions','0','a:2:{s:13:\"payment_email\";s:0:\"\";s:21:\"enable_paypal_sandbox\";s:1:\"0\";}','<p> \r\n<a href=\'paynow.php?id={$invoice_id}&m=paypal\'><img src=\'https://www.paypal.com/en_US/i/btn/x-click-but20.gif\' border=\'0\' alt=\'Make payments with PayPal - it is fast, free and secure!\' /></a> \r\n</p>'),(7,'alertpay','0','a:2:{s:14:\"alertpay_email\";s:0:\"\";s:23:\"enable_alertpay_sandbox\";s:1:\"0\";}','<p> \r\n<a href=\'paynow.php?id={$invoice_id}&m=alertpay\'>\r\n<img src=\'https://www.alertpay.com/Images/BuyNow/pay_now_3.gif\' border=\'0\' alt=\'Make payments with PayPal - it is fast, free and secure!\' /></a> \r\n</p>'),(8,'alertpay-subcriptions','0','a:2:{s:14:\"alertpay_email\";s:0:\"\";s:23:\"enable_alertpay_sandbox\";s:1:\"0\";}','<p>\r\n<a href=\'paynow.php?id={$invoice_id}&m=alertpay-subcriptions\'>\r\n<img src=\'https://www.alertpay.com/Images/BuyNow/subscribe_now_15.gif\' border=\'0\' alt=\'Make payments with Alert Pay - it is fast, free and secure!\' /></a> \r\n</p>');

--
-- Table structure for table `idx_payment_history`
--

CREATE TABLE `idx_payment_history` (
  `payment_id` int(10) unsigned NOT NULL AUTO_INCREMENT,
  `contact_name` varchar(255) DEFAULT NULL,
  `email` varchar(255) DEFAULT NULL,
  `type` varchar(255) DEFAULT NULL,
  `detail` text,
  `amount` double DEFAULT NULL,
  `time` datetime DEFAULT NULL,
  `invoice_id` varchar(10) DEFAULT NULL,
  PRIMARY KEY (`payment_id`)
) ENGINE=MyISAM DEFAULT CHARSET=latin1;

--
-- Dumping data for table `idx_payment_history`
--


--
-- Table structure for table `idx_pl_sociable`
--

CREATE TABLE `idx_pl_sociable` (
  `sb_id` int(11) NOT NULL AUTO_INCREMENT,
  `sb_name` varchar(255) CHARACTER SET utf8 DEFAULT NULL,
  `sb_url` varchar(255) CHARACTER SET utf8 DEFAULT NULL,
  `sb_icon` varchar(255) CHARACTER SET utf8 DEFAULT NULL,
  `sb_enable` char(1) CHARACTER SET utf8 DEFAULT '0',
  PRIMARY KEY (`sb_id`)
) ENGINE=MyISAM AUTO_INCREMENT=90 DEFAULT CHARSET=latin1;

--
-- Dumping data for table `idx_pl_sociable`
--

INSERT INTO `idx_pl_sociable` VALUES (1,'BarraPunto','http://barrapunto.com/submit.pl?subj=TITLE&amp;story=PERMALINK','barrapunto.png','0'),(2,'Bitacoras.com','http://bitacoras.com/anotaciones/PERMALINK','bitacoras.png','0'),(3,'BlinkList','http://www.blinklist.com/index.php?Action=Blink/addblink.php&amp;Url=PERMALINK&amp;Title=TITLE','blinklist.png','0'),(4,'blogmarks','http://blogmarks.net/my/new.php?mini=1&amp;simple=1&amp;url=PERMALINK&amp;title=TITLE','blogmarks.png','0'),(5,'Blogosphere News','http://www.blogospherenews.com/submit.php?url=PERMALINK&amp;title=TITLE','blogospherenews.png','0'),(6,'blogtercimlap','http://cimlap.blogter.hu/index.php?action=suggest_link&amp;title=TITLE&amp;url=PERMALINK','blogter.png','0'),(7,'Faves','http://faves.com/Authoring.aspx?u=PERMALINK&amp;title=TITLE','bluedot.png','0'),(8,'connotea','http://www.connotea.org/addpopup?continue=confirm&amp;uri=PERMALINK&amp;title=TITLE&amp;description=EXCERPT','connotea.png','0'),(9,'Current','http://current.com/clipper.htm?url=PERMALINK&amp;title=TITLE','current.png','0'),(10,'del.icio.us','http://delicious.com/post?url=PERMALINK&amp;title=TITLE&amp;notes=EXCERPT','delicious.png','0'),(11,'Digg','http://digg.com/submit?phase=2&amp;url=PERMALINK&amp;title=TITLE&amp;bodytext=EXCERPT','digg.png','1'),(12,'Diigo','http://www.diigo.com/post?url=PERMALINK&amp;title=TITLE','diigo.png','0'),(13,'DotNetKicks','http://www.dotnetkicks.com/kick/?url=PERMALINK&amp;title=TITLE','dotnetkicks.png','0'),(14,'DZone','http://www.dzone.com/links/add.html?url=PERMALINK&amp;title=TITLE','dzone.png','0'),(15,'eKudos','http://www.ekudos.nl/artikel/nieuw?url=PERMALINK&amp;title=TITLE&amp;desc=EXCERPT','ekudos.png','0'),(16,'email','mailto:?subject=TITLE&amp;body=PERMALINK','email_link.png','0'),(17,'Facebook','http://www.facebook.com/share.php?u=PERMALINK&amp;t=TITLE','facebook.png','1'),(18,'Fark','http://cgi.fark.com/cgi/fark/farkit.pl?h=TITLE&amp;u=PERMALINK','fark.png','0'),(19,'Fleck','http://beta3.fleck.com/bookmarklet.php?url=PERMALINK&amp;title=TITLE','fleck.png','0'),(20,'FriendFeed','http://www.friendfeed.com/share?title=TITLE&amp;link=PERMALINK','friendfeed.png','0'),(21,'FSDaily','http://www.fsdaily.com/submit?url=PERMALINK&amp;title=TITLE','fsdaily.png','0'),(22,'Global Grind','http://globalgrind.com/submission/submit.aspx?url=PERMALINK&amp;type=Article&amp;title=TITLE','globalgrind.png','0'),(23,'Google','http://www.google.com/bookmarks/mark?op=edit&amp;bkmk=PERMALINK&amp;title=TITLE&amp;annotation=EXCERPT','googlebookmark.png','0'),(24,'Gwar','http://www.gwar.pl/DodajGwar.html?u=PERMALINK','gwar.png','0'),(25,'HackerNews','http://news.ycombinator.com/submitlink?u=PERMALINK&amp;t=TITLE','hackernews.png','0'),(26,'Haohao','http://www.haohaoreport.com/submit.php?url=PERMALINK&amp;title=TITLE','haohao.png','0'),(27,'HealthRanker','http://healthranker.com/submit.php?url=PERMALINK&amp;title=TITLE','healthranker.png','0'),(28,'HelloTxt','http://hellotxt.com/?status=TITLE+PERMALINK','hellotxt.png','0'),(29,'Hemidemi','http://www.hemidemi.com/user_bookmark/new?title=TITLE&amp;url=PERMALINK','hemidemi.png','0'),(30,'Hyves','http://www.hyves.nl/profilemanage/add/tips/?name=TITLE&amp;text=EXCERPT+PERMALINK&amp;rating=5','hyves.png','0'),(31,'Identi.ca','http://identi.ca/notice/new?status_textarea=PERMALINK','identica.png','0'),(32,'IndianPad','http://www.indianpad.com/submit.php?url=PERMALINK','indianpad.png','0'),(33,'Internetmedia','http://internetmedia.hu/submit.php?url=PERMALINK','im.png','0'),(34,'Kirtsy','http://www.kirtsy.com/submit.php?url=PERMALINK&amp;title=TITLE','kirtsy.png','0'),(35,'laaik.it','http://laaik.it/NewStoryCompact.aspx?uri=PERMALINK&amp;headline=TITLE&amp;cat=5e082fcc-8a3b-47e2-acec-fdf64ff19d12','laaikit.png','0'),(36,'LinkArena','http://linkarena.com/bookmarks/addlink/?url=PERMALINK&amp;title=TITLE','linkarena.png','0'),(37,'LinkaGoGo','http://www.linkagogo.com/go/AddNoPopup?url=PERMALINK&amp;title=TITLE','linkagogo.png','0'),(38,'LinkedIn','http://www.linkedin.com/shareArticle?mini=true&amp;url=PERMALINK&amp;title=TITLE&amp;source=BLOGNAME&amp;summary=EXCERPT','linkedin.png','0'),(39,'Linkter','http://www.linkter.hu/index.php?action=suggest_link&amp;url=PERMALINK&amp;title=TITLE','linkter.png','0'),(40,'Live','https://favorites.live.com/quickadd.aspx?marklet=1&amp;url=PERMALINK&amp;title=TITLE','live.png','0'),(41,'Meneame','http://meneame.net/submit.php?url=PERMALINK','meneame.png','0'),(42,'MisterWong','http://www.mister-wong.com/addurl/?bm_url=PERMALINK&amp;bm_description=TITLE&amp;plugin=soc','misterwong.png','0'),(43,'MisterWong.DE','http://www.mister-wong.de/addurl/?bm_url=PERMALINK&amp;bm_description=TITLE&amp;plugin=soc','misterwong.png','0'),(44,'Mixx','http://www.mixx.com/submit?page_url=PERMALINK&amp;title=TITLE','mixx.png','0'),(45,'muti','http://www.muti.co.za/submit?url=PERMALINK&amp;title=TITLE','muti.png','0'),(46,'MyShare','http://myshare.url.com.tw/index.php?func=newurl&amp;url=PERMALINK&amp;desc=TITLE','myshare.png','0'),(47,'MySpace','http://www.myspace.com/Modules/PostTo/Pages/?u=PERMALINK&amp;t=TITLE','myspace.png','0'),(48,'MSNReporter','http://reporter.nl.msn.com/?fn=contribute&amp;Title=TITLE&amp;URL=PERMALINK&amp;cat_id=6&amp;tag_id=31&amp;Remark=EXCERPT','msnreporter.png','0'),(49,'N4G','http://www.n4g.com/tips.aspx?url=PERMALINK&amp;title=TITLE','n4g.png','0'),(50,'Netvibes','http://www.netvibes.com/share?title=TITLE&amp;url=PERMALINK','netvibes.png','0'),(51,'NewsVine','http://www.newsvine.com/_tools/seed&amp;save?u=PERMALINK&amp;h=TITLE','newsvine.png','0'),(52,'Netvouz','http://www.netvouz.com/action/submitBookmark?url=PERMALINK&amp;title=TITLE&amp;popup=no','netvouz.png','0'),(53,'NuJIJ','http://nujij.nl/jij.lynkx?t=TITLE&amp;u=PERMALINK&amp;b=EXCERPT','nujij.png','0'),(54,'Ping.fm','http://ping.fm/ref/?link=PERMALINK&amp;title=TITLE&amp;body=EXCERPT','ping.png','0'),(55,'Posterous','http://posterous.com/share?linkto=PERMALINK&amp;title=TITLE&amp;selection=EXCERPT','posterous.png','0'),(56,'PDF','http://www.printfriendly.com/print?url=PERMALINK&amp;partner=sociable','pdf.png','0'),(57,'Print','http://www.printfriendly.com/print?url=PERMALINK&amp;partner=sociable','printfriendly.png','0'),(58,'Propeller','http://www.propeller.com/submit/?url=PERMALINK','propeller.png','0'),(59,'Ratimarks','http://ratimarks.org/bookmarks.php/?action=add&address=PERMALINK&amp;title=TITLE','ratimarks.png','0'),(60,'Rec6','http://rec6.via6.com/link.php?url=PERMALINK&amp;=TITLE','rec6.png','0'),(61,'Reddit','http://reddit.com/submit?url=PERMALINK&amp;title=TITLE','reddit.png','0'),(62,'RSS','FEEDLINK','rss.png','0'),(63,'Scoopeo','http://www.scoopeo.com/scoop/new?newurl=PERMALINK&amp;title=TITLE','scoopeo.png','0'),(64,'Segnalo','http://segnalo.alice.it/post.html.php?url=PERMALINK&amp;title=TITLE','segnalo.png','0'),(65,'Simpy','http://www.simpy.com/simpy/LinkAdd.do?href=PERMALINK&amp;title=TITLE','simpy.png','0'),(66,'Slashdot','http://slashdot.org/bookmark.pl?title=TITLE&amp;url=PERMALINK','slashdot.png','0'),(67,'Socialogs','http://socialogs.com/add_story.php?story_url=PERMALINK&amp;story_title=TITLE','socialogs.png','0'),(68,'SphereIt','http://www.sphere.com/search?q=sphereit:PERMALINK&amp;title=TITLE','sphere.png','0'),(69,'Sphinn','http://sphinn.com/index.php?c=post&amp;m=submit&amp;link=PERMALINK','sphinn.png','0'),(70,'StumbleUpon','http://www.stumbleupon.com/submit?url=PERMALINK&amp;title=TITLE','stumbleupon.png','0'),(71,'Techmeme','http://twitter.com/home/?status=tip%20@Techmeme%20PERMALINK%20TITLE','techmeme.png','0'),(72,'Technorati','http://technorati.com/faves?add=PERMALINK','technorati.png','1'),(73,'ThisNext','http://www.thisnext.com/pick/new/submit/sociable/?url=PERMALINK&amp;name=TITLE','thisnext.png','0'),(74,'Tipd','http://tipd.com/submit.php?url=PERMALINK','tipd.png','0'),(75,'Tumblr','http://www.tumblr.com/share?v=3&amp;u=PERMALINK&amp;t=TITLE&amp;s=EXCERPT','tumblr.png','0'),(76,'Twitter','http://twitter.com/home?status=TITLE%20-%20PERMALINK','twitter.png','1'),(77,'Upnews','http://www.upnews.it/submit?url=PERMALINK&amp;title=TITLE','upnews.png','0'),(78,'Webnews.de','http://www.webnews.de/einstellen?url=PERMALINK&amp;title=TITLE','webnews.png','0'),(79,'Webride','http://webride.org/discuss/split.php?uri=PERMALINK&amp;title=TITLE','webride.png','0'),(80,'Wikio','http://www.wikio.com/vote?url=PERMALINK','wikio.png','0'),(81,'Wikio FR','http://www.wikio.fr/vote?url=PERMALINK','wikio.png','0'),(82,'Wikio IT','http://www.wikio.it/vote?url=PERMALINK','wikio.png','0'),(83,'Wists','http://wists.com/s.php?c=&amp;r=PERMALINK&amp;title=TITLE','wists.png','0'),(84,'Wykop','http://www.wykop.pl/dodaj?url=PERMALINK','wykop.png','0'),(85,'Xerpi','http://www.xerpi.com/block/add_link_from_extension?url=PERMALINK&amp;title=TITLE','xerpi.png','0'),(86,'YahooBuzz','http://buzz.yahoo.com/submit/?submitUrl=PERMALINK&amp;submitHeadline=TITLE&amp;submitSummary=EXCERPT&amp;submitCategory=science&amp;submitAssetType=text','yahoobuzz.png','0'),(87,'Yahoo! Bookmarks','http://bookmarks.yahoo.com/toolbar/savebm?u=PERMALINK&amp;t=TITLE&opener=bm&amp;ei=UTF-8&amp;d=EXCERPT','yahoomyweb.png','0'),(88,'Yigg','http://yigg.de/neu?exturl=PERMALINK&amp;exttitle=TITLE','yiggit.png','0'),(89,'Blogplay','http://blogplay.com','blogplay.png','0');

--
-- Table structure for table `idx_plugin`
--

CREATE TABLE `idx_plugin` (
  `plugin_id` int(11) NOT NULL AUTO_INCREMENT,
  `name` varchar(255) DEFAULT NULL,
  `plugin_file` varchar(255) DEFAULT NULL,
  `status` enum('0','1') DEFAULT NULL,
  `option_plugin` text,
  PRIMARY KEY (`plugin_id`)
) ENGINE=MyISAM AUTO_INCREMENT=2 DEFAULT CHARSET=latin1;

--
-- Dumping data for table `idx_plugin`
--

INSERT INTO `idx_plugin` VALUES (1,'Sociable','sociable/sociable.php','1',NULL);

--
-- Table structure for table `idx_review`
--

CREATE TABLE `idx_review` (
  `review_id` mediumint(9) unsigned NOT NULL AUTO_INCREMENT,
  `link_id` mediumint(9) unsigned NOT NULL DEFAULT '0',
  `review` text NOT NULL,
  `rating` tinyint(3) unsigned NOT NULL DEFAULT '0',
  `date` date NOT NULL DEFAULT '0000-00-00',
  `subject` varchar(100) DEFAULT NULL,
  `status` char(1) DEFAULT NULL,
  `username` varchar(20) DEFAULT NULL,
  `name` varchar(20) DEFAULT NULL,
  `email` varchar(100) DEFAULT NULL,
  PRIMARY KEY (`review_id`)
) ENGINE=MyISAM DEFAULT CHARSET=latin1;

--
-- Dumping data for table `idx_review`
--


--
-- Table structure for table `idx_searchlog`
--

CREATE TABLE `idx_searchlog` (
  `keyword` varchar(100) NOT NULL DEFAULT '',
  `time` datetime NOT NULL DEFAULT '0000-00-00 00:00:00',
  `result` mediumint(9) unsigned DEFAULT NULL,
  `ip` varchar(100) DEFAULT NULL
) ENGINE=MyISAM DEFAULT CHARSET=latin1;

--
-- Dumping data for table `idx_searchlog`
--


--
-- Table structure for table `idx_set_hook_place`
--

CREATE TABLE `idx_set_hook_place` (
  `set_hook_place_id` int(11) NOT NULL AUTO_INCREMENT,
  `plugin` varchar(255) DEFAULT NULL,
  `set_hook_place` text,
  PRIMARY KEY (`set_hook_place_id`)
) ENGINE=MyISAM DEFAULT CHARSET=latin1;

--
-- Dumping data for table `idx_set_hook_place`
--


--
-- Table structure for table `idx_setting`
--

CREATE TABLE `idx_setting` (
  `setting_id` int(11) NOT NULL AUTO_INCREMENT,
  `setting_name` varchar(255) DEFAULT NULL,
  `setting_value` text,
  PRIMARY KEY (`setting_id`)
) ENGINE=MyISAM AUTO_INCREMENT=55 DEFAULT CHARSET=latin1;

--
-- Dumping data for table `idx_setting`
--

INSERT INTO `idx_setting` VALUES (4,'site_name','websnoop.org '),(5,'site_url','http://websnoop.org'),(6,'email_address','alyssa.haberland1@gmail.com'),(7,'language_code','en_US'),(8,'theme_path','/home/websnoop/public_html/themes/'),(9,'admin_template_path','/home/websnoop/public_html/admin_tpl/'),(10,'plugin_path','/home/websnoop/public_html/plugin/'),(12,'active_theme','_websnoop'),(14,'spam_proof','1'),(15,'enable_user_validation','1'),(16,'allowed_file_extension','gif,jpg,png,pdf,zip,doc'),(17,'yahoo_appid',''),(18,'whosonline','600'),(19,'reciprocal_check','0'),(20,'urlcheck_limit','1'),(21,'pagerank_cache','30'),(22,'max_image_width','1024'),(23,'max_image_height','756'),(24,'max_file_size','500'),(25,'only_registered_can_add_link','0'),(26,'only_registered_can_add_review','0'),(27,'db_use_persistent','0'),(28,'paid_link_day_period','30,60,90,180'),(29,'paid_link_price_factor','1,1.5,2,3'),(30,'enable_html_tag','1'),(31,'allowed_html_tag','<b>,<strong>,<i>,<em>,<u>,<pre>,<blockquote>,<ol>,<ul>,<li>,<p>,<span>,<div>,<table>,<tr>,<td>'),(32,'enable_page_compression','0'),(33,'enable_category_ajax','1'),(34,'require_visit_category','0'),(35,'additional_category_price','0.5'),(36,'enable_rating_ajax','1'),(37,'service_nicecoder_avail','1'),(38,'enable_recaptcha','0'),(39,'recaptcha_publickey',''),(40,'recaptcha_privatekey',''),(41,'enable_bidding','0'),(42,'minimum_bid','5'),(43,'bid_increament','1'),(44,'charset','utf-8'),(45,'mailer','mail'),(46,'smtp_auth','0'),(47,'smtp_host',''),(48,'smtp_username',''),(49,'smtp_password',''),(50,'smtp_port','25'),(51,'emailbody_as_html','0'),(52,'indexu_version','2.4'),(53,'tos',''),(54,'submission_guidelines','');

--
-- Table structure for table `idx_tags`
--

CREATE TABLE `idx_tags` (
  `tag` varchar(64) NOT NULL DEFAULT '',
  `category_id` mediumint(8) unsigned NOT NULL DEFAULT '0',
  `total` int(11) NOT NULL DEFAULT '0',
  `tag_path` varchar(64) NOT NULL,
  PRIMARY KEY (`tag`,`category_id`)
) ENGINE=MyISAM DEFAULT CHARSET=latin1;

--
-- Dumping data for table `idx_tags`
--


--
-- Table structure for table `idx_unavailable`
--

CREATE TABLE `idx_unavailable` (
  `idx_unavailable` int(11) NOT NULL AUTO_INCREMENT,
  `link_id` int(11) DEFAULT NULL,
  `url` varchar(255) DEFAULT NULL,
  `who_is` varchar(255) DEFAULT NULL,
  `note` text,
  `date` datetime DEFAULT NULL,
  PRIMARY KEY (`idx_unavailable`)
) ENGINE=MyISAM DEFAULT CHARSET=latin1;

--
-- Dumping data for table `idx_unavailable`
--


--
-- Table structure for table `idx_unavailable_latest`
--

CREATE TABLE `idx_unavailable_latest` (
  `idx_link` int(11) DEFAULT NULL,
  `record_execution` int(11) DEFAULT NULL
) ENGINE=MyISAM DEFAULT CHARSET=latin1;

--
-- Dumping data for table `idx_unavailable_latest`
--


--
-- Table structure for table `idx_votes`
--

CREATE TABLE `idx_votes` (
  `link_id` mediumint(9) NOT NULL DEFAULT '0',
  `ip` varchar(100) DEFAULT NULL,
  `value` tinyint(4) DEFAULT NULL
) ENGINE=MyISAM DEFAULT CHARSET=latin1;

--
-- Dumping data for table `idx_votes`
--



