--
-- Host: webworldindex.org    Database: webworld_indexu
-- ------------------------------------------------------


--
-- Not dumping tablespaces as no INFORMATION_SCHEMA.FILES table on this server
--

--
-- Table structure for table `directory_save_data`
--

CREATE TABLE `directory_save_data` (
  `id` bigint(100) NOT NULL auto_increment,
  `schedule_id` bigint(100) NOT NULL,
  `project_id` bigint(100) NOT NULL,
  `link_id` bigint(100) NOT NULL,
  `confirm_link` text NOT NULL,
  `category_id` int(10) NOT NULL,
  `category_name` varchar(150) NOT NULL,
  PRIMARY KEY  (`id`)
) ENGINE=InnoDB DEFAULT CHARSET=latin1;

--
-- Dumping data for table `directory_save_data`
--


--
-- Table structure for table `idx_admin_menu`
--

CREATE TABLE `idx_admin_menu` (
  `menu_id` int(11) NOT NULL auto_increment,
  `parent_id` int(11) default NULL,
  `menu_title` varchar(255) default NULL,
  `menu_url` varchar(255) default NULL,
  `order_number` int(11) default NULL,
  PRIMARY KEY  (`menu_id`)
) ENGINE=MyISAM AUTO_INCREMENT=85 DEFAULT CHARSET=latin1;

--
-- Dumping data for table `idx_admin_menu`
--



--
-- Table structure for table `idx_bad_link`
--

CREATE TABLE `idx_bad_link` (
  `bad_link_id` mediumint(9) unsigned NOT NULL auto_increment,
  `link_id` mediumint(9) unsigned NOT NULL default '0',
  `name` varchar(50) NOT NULL default '',
  `email` varchar(50) NOT NULL default '',
  `type` tinyint(3) unsigned NOT NULL default '0',
  `date` date NOT NULL default '0000-00-00',
  PRIMARY KEY  (`bad_link_id`)
) ENGINE=MyISAM DEFAULT CHARSET=latin1;

--
-- Dumping data for table `idx_bad_link`
--


--
-- Table structure for table `idx_badwords`
--

CREATE TABLE `idx_badwords` (
  `word` varchar(100) NOT NULL default ''
) ENGINE=MyISAM DEFAULT CHARSET=latin1;

--
-- Dumping data for table `idx_badwords`
--


--
-- Table structure for table `idx_blocked_domain`
--

CREATE TABLE `idx_blocked_domain` (
  `blocked_id` int(11) NOT NULL auto_increment,
  `blocked` varchar(255) default NULL,
  `type` enum('domain','ip') default NULL,
  PRIMARY KEY  (`blocked_id`)
) ENGINE=MyISAM AUTO_INCREMENT=6 DEFAULT CHARSET=latin1;

--
-- Dumping data for table `idx_blocked_domain`
--

INSERT INTO `idx_blocked_domain` VALUES (1,'buydomains.com','domain'),(2,'this-domain-for-sale.com ','domain'),(3,'oversee.net','domain'),(4,'eNom','domain'),(5,'sedoparking.com','domain');

--
-- Table structure for table `idx_category`
--

CREATE TABLE `idx_category` (
  `category_id` mediumint(9) unsigned NOT NULL auto_increment,
  `parent_id` mediumint(9) unsigned NOT NULL default '0',
  `name` varchar(100) NOT NULL default '',
  `description` text NOT NULL,
  `image` varchar(100) default NULL,
  `content` text,
  `visible` char(1) default NULL,
  `links` mediumint(9) default NULL,
  `meta_keyword` text,
  `meta_description` text,
  `permission` char(2) default NULL,
  `registered_only` char(1) default NULL,
  `header` text NOT NULL,
  `footer` text NOT NULL,
  `related` mediumint(6) NOT NULL default '0',
  `page_title` varchar(200) NOT NULL default '',
  `hits` int(11) NOT NULL default '0',
  `order_num` smallint(6) NOT NULL default '0',
  `basic_price` double unsigned NOT NULL default '0',
  `premium_price` double unsigned NOT NULL default '0',
  `sponsored_price` double unsigned NOT NULL default '0',
  PRIMARY KEY  (`category_id`)
) ENGINE=MyISAM AUTO_INCREMENT=36 DEFAULT CHARSET=latin1;

--
-- Dumping data for table `idx_category`
--

INSERT INTO `idx_category` VALUES (1,0,'Arts ','','folder.gif','','1',8,'','','1','0','','',0,'',0,0,0,0,0),(2,0,'Automotive Services','','folder.gif','','1',21,'','','1','0','','',0,'',0,0,0,0,0),(3,0,'Business Services','','folder.gif','','1',53,'','','1','0','','',0,'',0,0,0,0,0),(4,0,'Jobs & Careers','','folder.gif','','1',1,'','','1','0','','',0,'',0,0,0,0,0),(5,0,'Clothing & Style','','folder.gif','','1',5,'','','1','0','','',0,'',0,0,0,0,0),(6,0,'Communication & Technology','','folder.gif','','1',11,'','','1','0','','',0,'',0,0,0,0,0),(7,0,'Internet & Computer Services','','folder.gif','','1',11,'','','1','0','','',0,'',0,0,0,0,0),(8,0,'Construction and Contractors','','folder.gif','','1',49,'','','1','0','','',0,'',0,0,0,0,0),(9,0,'Dental Care','','folder.gif','','1',15,'','','1','0','','',0,'',0,0,0,0,0),(10,0,'Education & Research','','folder.gif','','1',11,'','','1','0','','',0,'',0,0,0,0,0),(11,0,'Employment Services','','folder.gif','','1',0,'','','1','0','','',0,'',0,0,0,0,0),(12,0,'Gift Baskets','','folder.gif','','1',7,'','','1','0','','',0,'',0,0,0,0,0),(13,0,'Hardware & Software Services','','folder.gif','','1',2,'','','1','0','','',0,'',0,0,0,0,0),(14,0,'Health & Medical','','folder.gif','','1',0,'','','1','0','','',0,'',0,0,0,0,0),(15,0,'Healthcare Related','','folder.gif','','1',82,'','','1','0','','',0,'',0,0,0,0,0),(16,0,'Air Conditioning & Heating','','folder.gif','','1',20,'','','1','0','','',0,'',0,0,0,0,0),(17,0,'Home & Garden Decor','','folder.gif','','1',0,'','','1','0','','',0,'',0,0,0,0,0),(18,0,'Home Improvement Services','','folder.gif','','1',258,'','','1','0','','',0,'',0,0,0,0,0),(19,0,'Hotels & Resorts','','folder.gif','','1',7,'','','1','0','','',0,'',0,0,0,0,0),(20,0,'Insurance Services','','folder.gif','','1',22,'','','1','0','','',0,'',0,0,0,0,0),(21,0,'Law Services','','folder.gif','','1',0,'','','1','0','','',0,'',0,0,0,0,0),(22,0,'Lawyers and Law Firms','','folder.gif','','1',100,'','','1','0','','',0,'',0,0,0,0,0),(23,0,'Lifestyle & People','','folder.gif','','1',2,'','','1','0','','',0,'',0,0,0,0,0),(24,0,'Medicine  Facilities','','folder.gif','','1',6,'','','1','0','','',0,'',0,0,0,0,0),(25,0,'Financial Services','','folder.gif','','1',8,'','','1','0','','',0,'',0,0,0,0,0),(26,0,'News','','folder.gif','','1',1,'','','1','0','','',0,'',0,0,0,0,0),(27,0,'Plumbing & Plumbers','','folder.gif','','1',23,'','','1','0','','',0,'',0,0,0,0,0),(28,0,'Real Estate Services','','folder.gif','','1',15,'','','1','0','','',0,'',0,0,0,0,0),(29,0,'Technology & Science','','folder.gif','','1',6,'','','1','0','','',0,'',0,0,0,0,0),(30,0,'SEO Services','','folder.gif','','1',15,'','','1','0','','',0,'',0,0,0,0,0),(31,0,'Online Shopping','','folder.gif','','1',25,'','','1','0','','',0,'',0,0,0,0,0),(32,0,'Sports','','folder.gif','','1',0,'','','1','0','','',0,'',0,0,0,0,0),(33,0,'Transportation and Logistics Services','','folder.gif','','1',29,'','','1','0','','',0,'',0,0,0,0,0),(34,0,'Tours & Travel','','folder.gif','','1',8,'','','1','0','','',0,'',0,0,0,0,0),(35,0,'Wedding & Jewellery','','folder.gif','','1',5,'','','1','0','','',0,'',0,0,0,0,0);

--
-- Table structure for table `idx_category_path`
--

CREATE TABLE `idx_category_path` (
  `category_id` mediumint(9) NOT NULL default '0',
  `path` text,
  `path_with_url` text,
  `parents` text,
  PRIMARY KEY  (`category_id`)
) ENGINE=MyISAM DEFAULT CHARSET=latin1;

--
-- Dumping data for table `idx_category_path`
--

INSERT INTO `idx_category_path` VALUES (1,'Arts ','<a href=\"http://webworldindex.org/arts/\" name=\"cat_1\" style=\"\">Arts </a>',';0;'),(2,'Automotive Services','<a href=\"http://webworldindex.org/automotive-services/\" name=\"cat_2\" style=\"\">Automotive Services</a>',';0;'),(3,'Business Services','<a href=\"http://webworldindex.org/business-services/\" name=\"cat_3\" style=\"\">Business Services</a>',';0;'),(4,'Jobs & Careers','<a href=\"http://webworldindex.org/jobs-careers/\" name=\"cat_4\" style=\"\">Jobs & Careers</a>',';0;'),(5,'Clothing & Style','<a href=\"http://webworldindex.org/clothing-style/\" name=\"cat_5\" style=\"\">Clothing & Style</a>',';0;'),(6,'Communication & Technology','<a href=\"http://webworldindex.org/communication-technology/\" name=\"cat_6\" style=\"\">Communication & Technology</a>',';0;'),(7,'Internet & Computer Services','<a href=\"http://webworldindex.org/internet-computer-services/\" name=\"cat_7\" style=\"\">Internet & Computer Services</a>',';0;'),(8,'Construction and Contractors','<a href=\"http://webworldindex.org/construction-and-contractors/\" name=\"cat_8\" style=\"\">Construction and Contractors</a>',';0;'),(9,'Dental Care','<a href=\"http://webworldindex.org/dental-care/\" name=\"cat_9\" style=\"\">Dental Care</a>',';0;'),(10,'Education & Research','<a href=\"http://webworldindex.org/education-research/\" name=\"cat_10\" style=\"\">Education & Research</a>',';0;'),(11,'Employment Services','<a href=\"http://webworldindex.org/employment-services/\" name=\"cat_11\" style=\"\">Employment Services</a>',';0;'),(12,'Gift Baskets','<a href=\"http://webworldindex.org/gift-baskets/\" name=\"cat_12\" style=\"\">Gift Baskets</a>',';0;'),(13,'Hardware & Software Services','<a href=\"http://webworldindex.org/hardware-software-services/\" name=\"cat_13\" style=\"\">Hardware & Software Services</a>',';0;'),(14,'Health & Medical','<a href=\"http://webworldindex.org/health-medical/\" name=\"cat_14\" style=\"\">Health & Medical</a>',';0;'),(15,'Healthcare Related','<a href=\"http://webworldindex.org/healthcare-related/\" name=\"cat_15\" style=\"\">Healthcare Related</a>',';0;'),(16,'Air Conditioning & Heating','<a href=\"http://webworldindex.org/air-conditioning-heating/\" name=\"cat_16\" style=\"\">Air Conditioning & Heating</a>',';0;'),(17,'Home & Garden Decor','<a href=\"http://webworldindex.org/home-garden-decor/\" name=\"cat_17\" style=\"\">Home & Garden Decor</a>',';0;'),(18,'Home Improvement Services','<a href=\"http://webworldindex.org/home-improvement-services/\" name=\"cat_18\" style=\"\">Home Improvement Services</a>',';0;'),(19,'Hotels & Resorts','<a href=\"http://webworldindex.org/hotels-resorts/\" name=\"cat_19\" style=\"\">Hotels & Resorts</a>',';0;'),(20,'Insurance Services','<a href=\"http://webworldindex.org/insurance-services/\" name=\"cat_20\" style=\"\">Insurance Services</a>',';0;'),(21,'Law Services','<a href=\"http://webworldindex.org/law-services/\" name=\"cat_21\" style=\"\">Law Services</a>',';0;'),(22,'Lawyers and Law Firms','<a href=\"http://webworldindex.org/lawyers-and-law-firms/\" name=\"cat_22\" style=\"\">Lawyers and Law Firms</a>',';0;'),(23,'Lifestyle & People','<a href=\"http://webworldindex.org/lifestyle-people/\" name=\"cat_23\" style=\"\">Lifestyle & People</a>',';0;'),(24,'Medicine  Facilities','<a href=\"http://webworldindex.org/medicine-facilities/\" name=\"cat_24\" style=\"\">Medicine  Facilities</a>',';0;'),(25,'Financial Services','<a href=\"http://webworldindex.org/financial-services/\" name=\"cat_25\" style=\"\">Financial Services</a>',';0;'),(26,'News','<a href=\"http://webworldindex.org/news/\" name=\"cat_26\" style=\"\">News</a>',';0;'),(27,'Plumbing & Plumbers','<a href=\"http://webworldindex.org/plumbing-plumbers/\" name=\"cat_27\" style=\"\">Plumbing & Plumbers</a>',';0;'),(28,'Real Estate Services','<a href=\"http://webworldindex.org/real-estate-services/\" name=\"cat_28\" style=\"\">Real Estate Services</a>',';0;'),(29,'Technology & Science','<a href=\"http://webworldindex.org/technology-science/\" name=\"cat_29\" style=\"\">Technology & Science</a>',';0;'),(30,'SEO Services','<a href=\"http://webworldindex.org/seo-services/\" name=\"cat_30\" style=\"\">SEO Services</a>',';0;'),(31,'Online Shopping','<a href=\"http://webworldindex.org/online-shopping/\" name=\"cat_31\" style=\"\">Online Shopping</a>',';0;'),(32,'Sports','<a href=\"http://webworldindex.org/sports/\" name=\"cat_32\" style=\"\">Sports</a>',';0;'),(33,'Transportation and Logistics Services','<a href=\"http://webworldindex.org/transportation-and-logistics-services/\" name=\"cat_33\" style=\"\">Transportation and Logistics Services</a>',';0;'),(34,'Tours & Travel','<a href=\"http://webworldindex.org/tours-travel/\" name=\"cat_34\" style=\"\">Tours & Travel</a>',';0;'),(35,'Wedding & Jewellery','<a href=\"http://webworldindex.org/wedding-jewellery/\" name=\"cat_35\" style=\"\">Wedding & Jewellery</a>',';0;');

--
-- Table structure for table `idx_category_suggession`
--

CREATE TABLE `idx_category_suggession` (
  `id_cat_suggession` int(11) NOT NULL auto_increment,
  `parent_id` int(11) default NULL,
  `name` varchar(255) default NULL,
  `category_description` text,
  `date` datetime default NULL,
  PRIMARY KEY  (`id_cat_suggession`)
) ENGINE=MyISAM AUTO_INCREMENT=2 DEFAULT CHARSET=latin1;

--
-- Dumping data for table `idx_category_suggession`
--

INSERT INTO `idx_category_suggession` VALUES (1,7,'web hosting','Cloud Claim provides virtual servers in the cloud instantly. With CloudClaim\'s unique Virtual Machine Services you can have a machine delivered to you over any internet connection. Purchase your Virtual Machine online and only pay for what resources you need when you need them.','2012-01-06 05:57:49');

--
-- Table structure for table `idx_checkurl`
--

CREATE TABLE `idx_checkurl` (
  `link_id` mediumint(9) NOT NULL default '0',
  `date` date NOT NULL default '0000-00-00',
  `live` char(1) NOT NULL default '',
  `reciprocal_found` char(1) NOT NULL default '',
  PRIMARY KEY  (`link_id`)
) ENGINE=MyISAM DEFAULT CHARSET=latin1;

--
-- Dumping data for table `idx_checkurl`
--


--
-- Table structure for table `idx_cronjobs`
--

CREATE TABLE `idx_cronjobs` (
  `cronjobs_id` int(11) NOT NULL auto_increment,
  `cronjobs_name` varchar(255) default NULL,
  `filename` varchar(255) NOT NULL,
  `schedule` varchar(255) NOT NULL,
  `time` datetime NOT NULL,
  `execution` varchar(1) NOT NULL,
  PRIMARY KEY  (`cronjobs_id`)
) ENGINE=MyISAM AUTO_INCREMENT=4 DEFAULT CHARSET=latin1;

--
-- Dumping data for table `idx_cronjobs`
--

INSERT INTO `idx_cronjobs` VALUES (1,NULL,'clear_templates_c.php','1,*,*,*,*','0000-00-00 00:00:00',''),(2,NULL,'update_tag_cloud.php','*,24,*,*,*','0000-00-00 00:00:00',''),(3,NULL,'clear_rss_cache.php','*,24,*,*,*','0000-00-00 00:00:00','');

--
-- Table structure for table `idx_custom_field`
--

CREATE TABLE `idx_custom_field` (
  `field_name` varchar(32) NOT NULL default '',
  `field_text` varchar(64) NOT NULL default '',
  `field_type` enum('TEXT','TEXTAREA','SELECT','MULTISELECT','CHECKBOX','RADIO','FILE','IMAGE','DATE','DATETIME','RICHEDITOR') NOT NULL default 'TEXT',
  `field_option` text NOT NULL,
  `field_img_width` int(10) unsigned NOT NULL default '0',
  `field_img_height` int(10) unsigned NOT NULL default '0',
  `field_file_size` int(10) unsigned NOT NULL default '0',
  `field_file_extension` varchar(64) NOT NULL default '',
  `required` char(1) NOT NULL default '0',
  `searchable` char(1) NOT NULL default '1',
  `permission` char(1) NOT NULL default '0'
) ENGINE=MyISAM DEFAULT CHARSET=latin1;

--
-- Dumping data for table `idx_custom_field`
--

INSERT INTO `idx_custom_field` VALUES ('image','Image','IMAGE','',0,0,0,'','0','0','2'),('address','Address','TEXT','',0,0,0,'','0','0','0'),('city','City','TEXT','',0,0,0,'','0','0','0'),('state','State','TEXT','',0,0,0,'','0','0','0'),('country','Country','TEXT','',0,0,0,'','0','0','0'),('zip','Zip','TEXT','',0,0,0,'','0','0','0'),('phone','Phone','TEXT','',0,0,0,'','0','0','0'),('fax','Fax','TEXT','',0,0,0,'','0','0','0');

--
-- Table structure for table `idx_default_field`
--

CREATE TABLE `idx_default_field` (
  `field_name` varchar(64) NOT NULL,
  `required` char(1) NOT NULL,
  `visible` char(1) NOT NULL default '1',
  `searchable` char(1) NOT NULL default '1'
) ENGINE=MyISAM DEFAULT CHARSET=latin1;

--
-- Dumping data for table `idx_default_field`
--

INSERT INTO `idx_default_field` VALUES ('title','1','1','1'),('url','1','1','1'),('description','1','1','1'),('keywords','1','1','0'),('contact_name','1','1','1'),('email','1','1','1'),('reciprocal_url','0','0','1');

--
-- Table structure for table `idx_discount_coupon`
--

CREATE TABLE `idx_discount_coupon` (
  `coupon_id` int(11) NOT NULL auto_increment,
  `coupon_code` varchar(255) default NULL,
  `coupon_value` varchar(50) default NULL,
  `link_type` varchar(255) default NULL,
  `start_date` date default NULL,
  `expired_date` date default NULL,
  `expired_usage` int(11) default NULL,
  `usage_count` int(11) default NULL,
  PRIMARY KEY  (`coupon_id`)
) ENGINE=MyISAM DEFAULT CHARSET=latin1;

--
-- Dumping data for table `idx_discount_coupon`
--


--
-- Table structure for table `idx_editor`
--

CREATE TABLE `idx_editor` (
  `username` varchar(20) default NULL,
  `category_id` mediumint(9) default NULL,
  `category` char(1) default NULL,
  `link` char(1) default NULL,
  `review` char(1) default NULL,
  `pick` char(1) default NULL,
  `status` char(1) default NULL,
  `date` date default NULL
) ENGINE=MyISAM DEFAULT CHARSET=latin1;

--
-- Dumping data for table `idx_editor`
--


--
-- Table structure for table `idx_email_template`
--

CREATE TABLE `idx_email_template` (
  `email_template_id` int(10) unsigned NOT NULL auto_increment,
  `name` varchar(255) default NULL,
  `subject` varchar(255) default NULL,
  `body` text,
  `altbody` text,
  PRIMARY KEY  (`email_template_id`)
) ENGINE=MyISAM AUTO_INCREMENT=37 DEFAULT CHARSET=latin1;

--
-- Dumping data for table `idx_email_template`
--



--
-- Table structure for table `idx_favorites`
--

CREATE TABLE `idx_favorites` (
  `favorite_id` int(11) NOT NULL auto_increment,
  `username` varchar(20) default NULL,
  `date` date default NULL,
  `title` varchar(100) default NULL,
  `description` text,
  PRIMARY KEY  (`favorite_id`)
) ENGINE=MyISAM DEFAULT CHARSET=latin1;

--
-- Dumping data for table `idx_favorites`
--


--
-- Table structure for table `idx_favorites_detail`
--

CREATE TABLE `idx_favorites_detail` (
  `favorite_id` int(11) default NULL,
  `link_id` mediumint(9) default NULL
) ENGINE=MyISAM DEFAULT CHARSET=latin1;

--
-- Dumping data for table `idx_favorites_detail`
--


--
-- Table structure for table `idx_hook_place`
--

CREATE TABLE `idx_hook_place` (
  `hook_place_id` int(11) NOT NULL auto_increment,
  `filename` varchar(255) default NULL,
  `hookname` varchar(255) default NULL,
  PRIMARY KEY  (`hook_place_id`)
) ENGINE=MyISAM DEFAULT CHARSET=latin1;

--
-- Dumping data for table `idx_hook_place`
--


--
-- Table structure for table `idx_invoice`
--

CREATE TABLE `idx_invoice` (
  `invoice_id` varchar(10) NOT NULL default '',
  `invoice_date` date default NULL,
  `due_date` date default NULL,
  `invoiced_to` text,
  `service` varchar(255) default NULL,
  `description` text,
  `total` double(8,2) default NULL,
  `comment` text,
  `paid` char(1) default NULL,
  `paid_date` date default NULL,
  `email` varchar(255) default NULL,
  PRIMARY KEY  (`invoice_id`)
) ENGINE=MyISAM DEFAULT CHARSET=latin1;

--
-- Dumping data for table `idx_invoice`
--


--
-- Table structure for table `idx_invoice_config`
--

CREATE TABLE `idx_invoice_config` (
  `company` varchar(255) default NULL,
  `contact` varchar(255) default NULL,
  `address` text,
  `phone` varchar(255) default NULL,
  `email` varchar(255) default NULL,
  `currency_symbol` varchar(255) default '$',
  `currency_code` varchar(255) default 'USD'
) ENGINE=MyISAM DEFAULT CHARSET=latin1;

--
-- Dumping data for table `idx_invoice_config`
--

INSERT INTO `idx_invoice_config` VALUES ('Your website / Company','Billing Department','Your address','Your phone #','Billing<name@yourdomain.com>','$','USD');

--
-- Table structure for table `idx_link_temp`
--

CREATE TABLE `idx_link_temp` (
  `vid` mediumint(9) unsigned NOT NULL auto_increment,
  `spam` char(1) NOT NULL default '0',
  `link_id` mediumint(9) default NULL,
  `category_id` mediumint(9) unsigned NOT NULL default '0',
  `title` varchar(100) NOT NULL default '',
  `url` text NOT NULL,
  `description` text NOT NULL,
  `contact_name` varchar(100) NOT NULL default '',
  `email` varchar(100) NOT NULL default '',
  `hits` mediumint(9) default NULL,
  `votes` smallint(6) default NULL,
  `rating` float(4,2) default NULL,
  `date` datetime NOT NULL default '0000-00-00 00:00:00',
  `bid` smallint(6) NOT NULL default '0',
  `new` char(1) default NULL,
  `hot` char(1) default NULL,
  `top_rated` char(1) default NULL,
  `pick` char(1) default NULL,
  `password` varchar(20) default NULL,
  `updated` char(1) default NULL,
  `reviews` smallint(6) default NULL,
  `avg_review` float(4,2) default NULL,
  `last_updated` datetime default NULL,
  `official_review` text,
  `keywords` varchar(255) default NULL,
  `cat1` mediumint(6) NOT NULL default '0',
  `cat2` mediumint(6) NOT NULL default '0',
  `suspended` char(1) NOT NULL default '0',
  `reciprocal_url` varchar(255) default NULL,
  `address` varchar(255) default NULL,
  `city` varchar(255) default NULL,
  `state` varchar(255) default NULL,
  `country` varchar(255) default NULL,
  `zip` varchar(255) default NULL,
  `image` varchar(255) default NULL,
  `phone` varchar(255) default NULL,
  `fax` varchar(255) default NULL,
  PRIMARY KEY  (`vid`)
) ENGINE=MyISAM DEFAULT CHARSET=latin1;

--
-- Dumping data for table `idx_link_temp`
--


--
-- Table structure for table `idx_link_temp_user`
--

CREATE TABLE `idx_link_temp_user` (
  `vid` mediumint(9) unsigned NOT NULL default '0',
  `username` varchar(20) NOT NULL default '',
  PRIMARY KEY  (`vid`)
) ENGINE=MyISAM DEFAULT CHARSET=latin1;

--
-- Dumping data for table `idx_link_temp_user`
--


--
-- Table structure for table `idx_link_user`
--

CREATE TABLE `idx_link_user` (
  `link_id` mediumint(9) unsigned NOT NULL default '0',
  `username` varchar(20) NOT NULL default '',
  PRIMARY KEY  (`link_id`)
) ENGINE=MyISAM DEFAULT CHARSET=latin1;

--
-- Dumping data for table `idx_link_user`
--


--
-- Table structure for table `idx_mailing_list`
--

CREATE TABLE `idx_mailing_list` (
  `email` varchar(50) NOT NULL default '',
  `code` varchar(4) default NULL,
  `status` char(1) default NULL,
  PRIMARY KEY  (`email`)
) ENGINE=MyISAM DEFAULT CHARSET=latin1;

--
-- Dumping data for table `idx_mailing_list`
--


--
-- Table structure for table `idx_message`
--

CREATE TABLE `idx_message` (
  `message_id` smallint(6) NOT NULL auto_increment,
  `date` date default NULL,
  `body` text,
  `subject` varchar(100) default NULL,
  PRIMARY KEY  (`message_id`)
) ENGINE=MyISAM DEFAULT CHARSET=latin1;

--
-- Dumping data for table `idx_message`
--


--
-- Table structure for table `idx_notification`
--

CREATE TABLE `idx_notification` (
  `username` varchar(20) NOT NULL default '',
  `category_id` mediumint(9) NOT NULL default '0'
) ENGINE=MyISAM DEFAULT CHARSET=latin1;

--
-- Dumping data for table `idx_notification`
--


--
-- Table structure for table `idx_pagerank`
--

CREATE TABLE `idx_pagerank` (
  `link_id` mediumint(8) unsigned NOT NULL default '0',
  `engine` char(1) NOT NULL default '',
  `rank` tinyint(4) NOT NULL default '0',
  `last_update` date NOT NULL default '0000-00-00',
  PRIMARY KEY  (`link_id`,`engine`)
) ENGINE=MyISAM DEFAULT CHARSET=latin1;

--
-- Dumping data for table `idx_pagerank`
--

INSERT INTO `idx_pagerank` VALUES (17,'g',0,'2011-11-29'),(129,'g',0,'2011-11-29'),(203,'g',0,'2011-11-29'),(95,'g',0,'2011-11-29'),(86,'g',0,'2011-11-29'),(23,'g',0,'2012-02-17'),(79,'g',0,'2012-02-13'),(108,'g',0,'2011-11-29'),(133,'g',0,'2011-11-29'),(119,'g',0,'2011-11-29'),(57,'g',0,'2012-01-30'),(45,'g',0,'2012-03-02'),(30,'g',0,'2012-01-07'),(73,'g',0,'2012-03-02'),(13,'g',0,'2012-03-02'),(49,'g',0,'2012-03-02'),(26,'g',0,'2012-01-30'),(88,'g',0,'2011-11-29'),(128,'g',0,'2011-11-29'),(81,'g',0,'2012-02-27'),(83,'g',0,'2011-11-29'),(136,'g',0,'2011-11-29'),(210,'g',0,'2011-11-29'),(299,'g',0,'2011-11-29'),(243,'g',0,'2011-11-29'),(120,'g',0,'2011-11-29'),(174,'g',0,'2011-11-29'),(97,'g',0,'2011-11-29'),(219,'g',0,'2011-11-29'),(225,'g',0,'2011-11-29'),(103,'g',0,'2011-11-29'),(51,'g',0,'2012-02-13'),(131,'g',0,'2011-11-29'),(1,'g',0,'2012-03-02'),(28,'g',0,'2012-03-02'),(35,'g',0,'2012-03-02'),(8,'g',0,'2011-11-29'),(87,'g',0,'2011-11-29'),(76,'g',0,'2011-11-29'),(67,'g',0,'2011-11-29'),(72,'g',0,'2011-11-29'),(48,'g',0,'2011-11-29'),(137,'g',0,'2011-11-30'),(262,'g',0,'2011-11-30'),(141,'g',0,'2011-11-30'),(60,'g',0,'2012-02-27'),(157,'g',0,'2011-11-30'),(58,'g',0,'2012-01-11'),(117,'g',0,'2011-11-30'),(145,'g',0,'2011-11-30'),(100,'g',0,'2011-11-30'),(114,'g',0,'2011-11-30'),(69,'g',0,'2012-03-01'),(259,'g',0,'2011-11-30'),(62,'g',0,'2011-11-30'),(29,'g',0,'2011-11-30'),(77,'g',0,'2011-11-30'),(148,'g',0,'2011-11-30'),(271,'g',0,'2011-11-30'),(152,'g',0,'2011-11-30'),(146,'g',0,'2011-11-30'),(154,'g',0,'2011-11-30'),(170,'g',0,'2011-11-30'),(56,'g',0,'2011-11-30'),(93,'g',0,'2011-11-30'),(3,'g',0,'2011-11-30'),(7,'g',0,'2011-11-30'),(6,'g',0,'2011-11-30'),(161,'g',0,'2011-11-30'),(286,'g',0,'2011-11-30'),(20,'g',0,'2011-11-30'),(54,'g',0,'2012-01-07'),(53,'g',0,'2012-01-07'),(15,'g',0,'2012-01-07'),(52,'g',0,'2012-01-07'),(55,'g',0,'2011-11-30'),(34,'g',0,'2011-11-30'),(75,'g',0,'2012-01-07'),(70,'g',0,'2012-03-04'),(143,'g',0,'2011-11-30'),(9,'g',0,'2012-01-11'),(65,'g',0,'2011-11-30'),(39,'g',0,'2011-11-30'),(24,'g',0,'2012-03-02'),(132,'g',0,'2011-11-30'),(50,'g',0,'2012-01-02'),(27,'g',0,'2012-01-02'),(25,'g',0,'2012-01-30'),(63,'g',0,'2012-01-02'),(22,'g',0,'2012-01-02'),(44,'g',0,'2012-01-02'),(46,'g',0,'2012-01-02'),(38,'g',0,'2012-01-02'),(47,'g',0,'2012-01-02'),(37,'g',0,'2012-01-30'),(21,'g',0,'2012-01-22'),(61,'g',0,'2012-01-12'),(158,'g',0,'2011-11-30'),(160,'g',0,'2011-11-30'),(110,'g',0,'2011-11-30'),(156,'g',0,'2011-11-30'),(2,'g',0,'2012-02-27'),(66,'g',0,'2011-11-30'),(82,'g',0,'2011-11-30'),(59,'g',0,'2012-01-12'),(36,'g',0,'2011-11-30'),(4,'g',0,'2011-11-30'),(292,'g',0,'2011-11-30'),(167,'g',0,'2011-11-30'),(268,'g',0,'2011-11-30'),(227,'g',0,'2011-11-30'),(5,'g',0,'2011-11-30'),(71,'g',0,'2012-03-04'),(214,'g',0,'2011-11-30'),(261,'g',0,'2011-11-30'),(287,'g',0,'2011-11-30'),(10,'g',0,'2012-01-22'),(19,'g',0,'2012-01-10'),(92,'g',0,'2011-11-30'),(32,'g',0,'2011-12-31'),(40,'g',0,'2011-12-01'),(289,'g',0,'2011-12-01'),(105,'g',0,'2011-12-01'),(162,'g',0,'2011-12-01'),(302,'g',0,'2011-12-01'),(134,'g',0,'2011-12-01'),(208,'g',0,'2011-12-01'),(31,'g',0,'2011-12-01'),(43,'g',0,'2011-12-01'),(41,'g',0,'2011-12-01'),(164,'g',0,'2011-12-01'),(282,'g',0,'2011-12-01'),(251,'g',0,'2011-12-01'),(252,'g',0,'2011-12-01'),(330,'g',0,'2011-12-02'),(370,'g',0,'2011-12-03'),(363,'g',0,'2011-12-03'),(419,'g',0,'2012-03-04'),(544,'g',0,'2012-01-07'),(381,'g',0,'2012-01-25'),(382,'g',0,'2012-01-25'),(413,'g',0,'2012-01-25'),(417,'g',0,'2012-01-25'),(425,'g',0,'2012-03-04'),(449,'g',0,'2012-01-10'),(563,'g',0,'2011-12-06'),(352,'g',0,'2012-01-30'),(329,'g',0,'2011-12-06'),(327,'g',0,'2011-12-06'),(333,'g',0,'2011-12-06'),(335,'g',0,'2011-12-06'),(332,'g',0,'2011-12-06'),(328,'g',0,'2011-12-06'),(331,'g',0,'2011-12-06'),(326,'g',0,'2011-12-06'),(337,'g',0,'2011-12-06'),(266,'g',0,'2011-12-07'),(669,'g',0,'2011-12-07'),(465,'g',0,'2011-12-07'),(662,'g',0,'2011-12-07'),(68,'g',0,'2012-01-07'),(418,'g',0,'2012-01-14'),(404,'g',0,'2011-12-08'),(658,'g',0,'2011-12-08'),(457,'g',0,'2012-03-04'),(390,'g',0,'2012-03-04'),(462,'g',0,'2012-01-09'),(640,'g',0,'2011-12-09'),(676,'g',0,'2012-01-25'),(659,'g',0,'2012-01-10'),(684,'g',0,'2012-01-10'),(80,'g',0,'2011-12-10'),(12,'g',0,'2011-12-10'),(42,'g',0,'2011-12-10'),(89,'g',0,'2011-12-10'),(14,'g',0,'2011-12-10'),(122,'g',0,'2011-12-10'),(204,'g',0,'2011-12-10'),(151,'g',0,'2011-12-10'),(142,'g',0,'2011-12-10'),(567,'g',0,'2011-12-10'),(701,'g',0,'2011-12-10'),(794,'g',0,'2011-12-13'),(805,'g',0,'2011-12-13'),(650,'g',0,'2011-12-13'),(16,'g',0,'2011-12-13'),(661,'g',0,'2011-12-13'),(667,'g',0,'2011-12-14'),(671,'g',0,'2011-12-14'),(412,'g',0,'2011-12-15'),(405,'g',0,'2011-12-15'),(350,'g',0,'2012-03-02'),(359,'g',0,'2012-01-24'),(375,'g',0,'2012-01-19'),(389,'g',0,'2012-01-24'),(904,'g',0,'2011-12-15'),(902,'g',0,'2011-12-15'),(918,'g',0,'2011-12-15'),(855,'g',0,'2011-12-15'),(889,'g',0,'2011-12-15'),(893,'g',0,'2011-12-15'),(885,'g',0,'2011-12-16'),(931,'g',0,'2011-12-16'),(446,'g',0,'2011-12-16'),(912,'g',0,'2011-12-16'),(444,'g',0,'2011-12-16'),(871,'g',0,'2011-12-16'),(841,'g',0,'2011-12-16'),(890,'g',0,'2011-12-16'),(495,'g',0,'2011-12-16'),(343,'g',0,'2011-12-16'),(351,'g',0,'2011-12-16'),(18,'g',0,'2011-12-16'),(365,'g',0,'2011-12-16'),(915,'g',0,'2011-12-16'),(866,'g',0,'2011-12-16'),(674,'g',0,'2011-12-16'),(545,'g',0,'2011-12-16'),(807,'g',0,'2011-12-18'),(673,'g',0,'2011-12-18'),(788,'g',0,'2011-12-18'),(353,'g',0,'2011-12-18'),(416,'g',0,'2011-12-18'),(424,'g',0,'2011-12-18'),(392,'g',0,'2011-12-18'),(408,'g',0,'2012-02-23'),(677,'g',0,'2012-01-30'),(442,'g',0,'2011-12-21'),(438,'g',0,'2012-01-22'),(440,'g',0,'2011-12-21'),(387,'g',0,'2011-12-21'),(399,'g',0,'2012-02-08'),(400,'g',0,'2012-02-08'),(439,'g',0,'2012-02-24'),(647,'g',0,'2011-12-23'),(897,'g',0,'2011-12-23'),(409,'g',0,'2011-12-23'),(406,'g',0,'2011-12-23'),(952,'g',0,'2011-12-23'),(383,'g',0,'2011-12-23'),(920,'g',0,'2011-12-24'),(921,'g',0,'2011-12-24'),(934,'g',0,'2011-12-24'),(430,'g',0,'2011-12-24'),(428,'g',0,'2011-12-24'),(453,'g',0,'2011-12-24'),(436,'g',0,'2011-12-24'),(954,'g',0,'2012-03-04'),(950,'g',0,'2011-12-24'),(936,'g',0,'2011-12-25'),(916,'g',0,'2012-02-25'),(423,'g',0,'2011-12-25'),(434,'g',0,'2011-12-25'),(944,'g',0,'2011-12-25'),(452,'g',0,'2011-12-26'),(391,'g',0,'2011-12-26'),(373,'g',0,'2011-12-26'),(956,'g',0,'2011-12-26'),(384,'g',0,'2011-12-26'),(398,'g',0,'2011-12-26'),(371,'g',0,'2011-12-26'),(362,'g',0,'2011-12-26'),(511,'g',0,'2011-12-26'),(506,'g',0,'2011-12-26'),(499,'g',0,'2011-12-26'),(500,'g',0,'2011-12-26'),(501,'g',0,'2011-12-26'),(504,'g',0,'2011-12-26'),(503,'g',0,'2011-12-26'),(374,'g',0,'2011-12-26'),(393,'g',0,'2011-12-26'),(388,'g',0,'2011-12-26'),(378,'g',0,'2011-12-26'),(361,'g',0,'2011-12-26'),(364,'g',0,'2011-12-26'),(376,'g',0,'2011-12-26'),(472,'g',0,'2011-12-26'),(468,'g',0,'2011-12-26'),(474,'g',0,'2011-12-26'),(475,'g',0,'2011-12-26'),(469,'g',0,'2011-12-26'),(466,'g',0,'2011-12-26'),(467,'g',0,'2011-12-26'),(473,'g',0,'2011-12-26'),(887,'g',0,'2011-12-26'),(476,'g',0,'2011-12-26'),(483,'g',0,'2011-12-26'),(478,'g',0,'2011-12-26'),(477,'g',0,'2011-12-26'),(485,'g',0,'2011-12-26'),(482,'g',0,'2011-12-26'),(480,'g',0,'2011-12-26'),(484,'g',0,'2011-12-26'),(481,'g',0,'2011-12-26'),(445,'g',0,'2011-12-26'),(459,'g',0,'2011-12-26'),(447,'g',0,'2011-12-26'),(451,'g',0,'2011-12-26'),(448,'g',0,'2011-12-26'),(464,'g',0,'2011-12-26'),(454,'g',0,'2011-12-26'),(496,'g',0,'2011-12-26'),(530,'g',0,'2011-12-26'),(524,'g',0,'2011-12-26'),(528,'g',0,'2011-12-26'),(525,'g',0,'2011-12-26'),(532,'g',0,'2011-12-26'),(529,'g',0,'2011-12-26'),(523,'g',0,'2011-12-26'),(895,'g',0,'2011-12-26'),(905,'g',0,'2011-12-26'),(907,'g',0,'2011-12-26'),(892,'g',0,'2011-12-26'),(898,'g',0,'2011-12-26'),(903,'g',0,'2011-12-26'),(670,'g',0,'2011-12-26'),(896,'g',0,'2011-12-26'),(901,'g',0,'2011-12-26'),(402,'g',0,'2011-12-26'),(420,'g',0,'2011-12-26'),(426,'g',0,'2011-12-26'),(414,'g',0,'2011-12-26'),(923,'g',0,'2011-12-26'),(486,'g',0,'2012-02-09'),(488,'g',0,'2012-02-09'),(691,'g',0,'2011-12-26'),(455,'g',0,'2011-12-26'),(510,'g',0,'2011-12-26'),(437,'g',0,'2011-12-26'),(933,'g',0,'2011-12-26'),(917,'g',0,'2011-12-26'),(924,'g',0,'2011-12-26'),(534,'g',0,'2011-12-26'),(692,'g',0,'2011-12-26'),(463,'g',0,'2011-12-26'),(651,'g',0,'2011-12-26'),(687,'g',0,'2011-12-27'),(781,'g',0,'2011-12-27'),(778,'g',0,'2011-12-27'),(787,'g',0,'2011-12-27'),(546,'g',0,'2011-12-27'),(513,'g',0,'2011-12-27'),(533,'g',0,'2011-12-27'),(880,'g',0,'2011-12-27'),(683,'g',0,'2011-12-27'),(874,'g',0,'2011-12-27'),(542,'g',0,'2011-12-27'),(539,'g',0,'2011-12-27'),(541,'g',0,'2011-12-27'),(535,'g',0,'2011-12-27'),(403,'g',0,'2011-12-27'),(367,'g',0,'2011-12-27'),(355,'g',0,'2011-12-27'),(74,'g',0,'2011-12-27'),(349,'g',0,'2011-12-27'),(78,'g',0,'2011-12-27'),(932,'g',0,'2011-12-27'),(809,'g',0,'2011-12-27'),(422,'g',0,'2011-12-27'),(935,'g',0,'2011-12-27'),(441,'g',0,'2011-12-27'),(660,'g',0,'2011-12-27'),(891,'g',0,'2011-12-27'),(797,'g',0,'2011-12-27'),(780,'g',0,'2011-12-27'),(369,'g',0,'2011-12-27'),(656,'g',0,'2012-03-05'),(11,'g',0,'2012-02-25'),(354,'g',0,'2012-03-05'),(509,'g',0,'2011-12-27'),(429,'g',0,'2011-12-27'),(806,'g',0,'2011-12-27'),(653,'g',0,'2011-12-27'),(645,'g',0,'2011-12-27'),(695,'g',0,'2011-12-27'),(693,'g',0,'2011-12-27'),(415,'g',0,'2011-12-27'),(872,'g',0,'2011-12-27'),(694,'g',0,'2011-12-27'),(808,'g',0,'2011-12-27'),(666,'g',0,'2011-12-27'),(649,'g',0,'2011-12-27'),(689,'g',0,'2011-12-27'),(679,'g',0,'2011-12-27'),(899,'g',0,'2011-12-27'),(943,'g',0,'2011-12-27'),(543,'g',0,'2011-12-27'),(64,'g',0,'2011-12-27'),(493,'g',0,'2011-12-27'),(705,'g',0,'2011-12-27'),(773,'g',0,'2011-12-27'),(702,'g',0,'2011-12-27'),(672,'g',0,'2011-12-27'),(675,'g',0,'2011-12-27'),(347,'g',0,'2011-12-27'),(699,'g',0,'2011-12-27'),(739,'g',0,'2011-12-27'),(663,'g',0,'2011-12-27'),(696,'g',0,'2011-12-27'),(505,'g',0,'2011-12-27'),(531,'g',0,'2011-12-27'),(512,'g',0,'2011-12-27'),(479,'g',0,'2011-12-27'),(527,'g',0,'2011-12-27'),(908,'g',0,'2011-12-27'),(774,'g',0,'2011-12-27'),(810,'g',0,'2011-12-27'),(776,'g',0,'2011-12-27'),(878,'g',0,'2011-12-27'),(648,'g',0,'2011-12-27'),(461,'g',0,'2011-12-27'),(697,'g',0,'2011-12-27'),(665,'g',0,'2011-12-27'),(703,'g',0,'2011-12-27'),(508,'g',0,'2011-12-27'),(922,'g',0,'2011-12-27'),(686,'g',0,'2011-12-27'),(919,'g',0,'2011-12-27'),(868,'g',0,'2012-01-30'),(681,'g',0,'2011-12-27'),(883,'g',0,'2011-12-27'),(654,'g',0,'2011-12-27'),(790,'g',0,'2011-12-27'),(407,'g',0,'2011-12-27'),(498,'g',0,'2012-02-09'),(487,'g',0,'2012-02-09'),(344,'g',0,'2011-12-27'),(494,'g',0,'2012-02-09'),(497,'g',0,'2012-02-09'),(358,'g',0,'2011-12-27'),(394,'g',0,'2011-12-27'),(489,'g',0,'2012-02-09'),(396,'g',0,'2011-12-27'),(458,'g',0,'2011-12-27'),(949,'g',0,'2011-12-27'),(397,'g',0,'2011-12-27'),(450,'g',0,'2011-12-27'),(927,'g',0,'2011-12-27'),(772,'g',0,'2011-12-27'),(960,'g',0,'2011-12-27'),(770,'g',0,'2011-12-27'),(549,'g',0,'2011-12-27'),(959,'g',0,'2011-12-27'),(782,'g',0,'2011-12-27'),(879,'g',0,'2011-12-27'),(706,'g',0,'2011-12-27'),(492,'g',0,'2012-02-09'),(678,'g',0,'2011-12-27'),(888,'g',0,'2011-12-27'),(731,'g',0,'2011-12-27'),(700,'g',0,'2011-12-27'),(713,'g',0,'2011-12-27'),(712,'g',0,'2011-12-27'),(726,'g',0,'2011-12-27'),(709,'g',0,'2011-12-27'),(704,'g',0,'2011-12-27'),(715,'g',0,'2011-12-27'),(707,'g',0,'2011-12-27'),(716,'g',0,'2011-12-27'),(728,'g',0,'2011-12-27'),(711,'g',0,'2011-12-27'),(719,'g',0,'2011-12-27'),(718,'g',0,'2011-12-27'),(725,'g',0,'2011-12-27'),(900,'g',0,'2011-12-27'),(729,'g',0,'2011-12-27'),(882,'g',0,'2011-12-27'),(722,'g',0,'2011-12-27'),(724,'g',0,'2011-12-27'),(930,'g',0,'2011-12-27'),(940,'g',0,'2011-12-27'),(877,'g',0,'2011-12-27'),(727,'g',0,'2011-12-27'),(926,'g',0,'2011-12-27'),(721,'g',0,'2011-12-27'),(925,'g',0,'2011-12-27'),(708,'g',0,'2011-12-27'),(906,'g',0,'2011-12-27'),(765,'g',0,'2011-12-27'),(757,'g',0,'2011-12-27'),(762,'g',0,'2011-12-27'),(766,'g',0,'2011-12-27'),(759,'g',0,'2011-12-27'),(791,'g',0,'2011-12-27'),(756,'g',0,'2011-12-27'),(746,'g',0,'2011-12-27'),(752,'g',0,'2011-12-27'),(736,'g',0,'2011-12-27'),(763,'g',0,'2011-12-27'),(760,'g',0,'2011-12-27'),(744,'g',0,'2011-12-27'),(733,'g',0,'2011-12-27'),(735,'g',0,'2011-12-27'),(749,'g',0,'2011-12-27'),(742,'g',0,'2011-12-27'),(798,'g',0,'2011-12-27'),(792,'g',0,'2011-12-27'),(767,'g',0,'2011-12-27'),(755,'g',0,'2011-12-27'),(741,'g',0,'2011-12-27'),(734,'g',0,'2011-12-27'),(747,'g',0,'2011-12-27'),(793,'g',0,'2011-12-27'),(410,'g',0,'2011-12-27'),(786,'g',0,'2011-12-27'),(802,'g',0,'2011-12-27'),(685,'g',0,'2011-12-28'),(456,'g',0,'2011-12-28'),(875,'g',0,'2011-12-28'),(771,'g',0,'2011-12-28'),(876,'g',0,'2011-12-28'),(643,'g',0,'2011-12-28'),(431,'g',0,'2011-12-28'),(655,'g',0,'2011-12-28'),(965,'g',0,'2011-12-28'),(427,'g',0,'2011-12-28'),(460,'g',0,'2011-12-28'),(972,'g',0,'2012-01-30'),(967,'g',0,'2011-12-29'),(968,'g',0,'2011-12-29'),(962,'g',0,'2011-12-29'),(973,'g',0,'2011-12-29'),(785,'g',0,'2011-12-29'),(958,'g',0,'2011-12-30'),(974,'g',0,'2012-02-27'),(969,'g',0,'2011-12-30'),(978,'g',0,'2011-12-31'),(970,'g',0,'2011-12-31'),(938,'g',0,'2011-12-31'),(870,'g',0,'2012-01-01'),(928,'g',0,'2012-01-01'),(800,'g',0,'2012-01-01'),(869,'g',0,'2012-01-01'),(951,'g',0,'2012-01-01'),(966,'g',0,'2012-01-01'),(913,'g',0,'2012-01-01'),(955,'g',0,'2012-01-01'),(873,'g',0,'2012-01-02'),(946,'g',0,'2012-01-02'),(953,'g',0,'2012-01-02'),(803,'g',0,'2012-01-02'),(801,'g',0,'2012-01-02'),(977,'g',0,'2012-01-03'),(957,'g',0,'2012-01-03'),(1002,'g',0,'2012-01-04'),(983,'g',0,'2012-01-05'),(987,'g',0,'2012-01-05'),(997,'g',0,'2012-01-05'),(986,'g',0,'2012-01-05'),(982,'g',0,'2012-01-05'),(980,'g',0,'2012-01-06'),(1009,'g',0,'2012-03-01'),(1012,'g',0,'2012-01-07'),(1017,'g',0,'2012-01-07'),(988,'g',0,'2012-01-07'),(994,'g',0,'2012-01-08'),(1014,'g',0,'2012-01-09'),(345,'g',0,'2012-02-25'),(1018,'g',0,'2012-03-04'),(1010,'g',0,'2012-01-10'),(1019,'g',0,'2012-01-11'),(668,'g',0,'2012-01-11'),(995,'g',0,'2012-01-11'),(1057,'g',0,'2012-01-11'),(979,'g',0,'2012-01-11'),(1058,'g',0,'2012-01-11'),(1077,'g',0,'2012-01-11'),(1069,'g',0,'2012-01-11'),(1035,'g',0,'2012-01-11'),(1013,'g',0,'2012-01-11'),(1036,'g',0,'2012-01-11'),(1015,'g',0,'2012-01-11'),(1001,'g',0,'2012-01-11'),(1041,'g',0,'2012-01-11'),(1079,'g',0,'2012-01-12'),(1081,'g',0,'2012-01-12'),(411,'g',0,'2012-03-04'),(379,'g',0,'2012-03-05'),(1000,'g',0,'2012-01-12'),(989,'g',0,'2012-01-12'),(996,'g',0,'2012-01-12'),(1016,'g',0,'2012-01-12'),(1020,'g',0,'2012-01-12'),(1051,'g',0,'2012-02-13'),(1039,'g',0,'2012-01-13'),(1029,'g',0,'2012-01-13'),(1061,'g',0,'2012-01-13'),(1007,'g',0,'2012-01-14'),(947,'g',0,'2012-01-14'),(1063,'g',0,'2012-03-04'),(1066,'g',0,'2012-01-14'),(1064,'g',0,'2012-01-14'),(1030,'g',0,'2012-01-14'),(1068,'g',0,'2012-01-15'),(1075,'g',0,'2012-01-15'),(1083,'g',0,'2012-01-15'),(948,'g',0,'2012-03-01'),(1062,'g',0,'2012-01-15'),(1055,'g',0,'2012-01-15'),(1052,'g',0,'2012-01-15'),(1065,'g',0,'2012-01-15'),(1026,'g',0,'2012-01-15'),(985,'g',0,'2012-01-15'),(1048,'g',0,'2012-01-15'),(1080,'g',0,'2012-01-16'),(1045,'g',0,'2012-03-04'),(1044,'g',0,'2012-03-04'),(1056,'g',0,'2012-01-16'),(519,'g',0,'2012-01-16'),(518,'g',0,'2012-01-16'),(520,'g',0,'2012-01-16'),(517,'g',0,'2012-01-16'),(514,'g',0,'2012-01-16'),(516,'g',0,'2012-01-16'),(515,'g',0,'2012-01-16'),(1043,'g',0,'2012-03-04'),(1084,'g',0,'2012-01-17'),(1082,'g',0,'2012-01-17'),(1053,'g',0,'2012-03-04'),(1104,'g',0,'2012-03-02'),(1098,'g',0,'2012-01-19'),(1102,'g',0,'2012-01-19'),(1092,'g',0,'2012-01-19'),(1114,'g',0,'2012-01-19'),(1095,'g',0,'2012-01-19'),(521,'g',0,'2012-01-19'),(1099,'g',0,'2012-01-19'),(1094,'g',0,'2012-01-19'),(1093,'g',0,'2012-01-19'),(1117,'g',0,'2012-01-19'),(1004,'g',0,'2012-01-19'),(998,'g',0,'2012-01-19'),(1011,'g',0,'2012-01-19'),(999,'g',0,'2012-01-19'),(1097,'g',0,'2012-01-20'),(1121,'g',0,'2012-01-20'),(1073,'g',0,'2012-01-21'),(1074,'g',0,'2012-01-21'),(1112,'g',0,'2012-01-21'),(1067,'g',0,'2012-01-21'),(1086,'g',0,'2012-01-21'),(1059,'g',0,'2012-01-21'),(1111,'g',0,'2012-01-21'),(1103,'g',0,'2012-01-21'),(1115,'g',0,'2012-01-22'),(1049,'g',0,'2012-01-22'),(1090,'g',0,'2012-01-22'),(522,'g',0,'2012-01-22'),(526,'g',0,'2012-02-29'),(377,'g',0,'2012-03-04'),(1076,'g',0,'2012-01-23'),(1054,'g',0,'2012-01-23'),(1120,'g',0,'2012-01-23'),(1078,'g',0,'2012-01-23'),(1119,'g',0,'2012-01-23'),(1122,'g',0,'2012-01-23'),(1006,'g',0,'2012-01-23'),(1046,'g',0,'2012-01-23'),(981,'g',0,'2012-01-23'),(1107,'g',0,'2012-01-23'),(1106,'g',0,'2012-01-23'),(1003,'g',0,'2012-01-23'),(963,'g',0,'2012-01-23'),(964,'g',0,'2012-01-23'),(992,'g',0,'2012-01-23'),(991,'g',0,'2012-01-23'),(993,'g',0,'2012-01-23'),(976,'g',0,'2012-01-23'),(1008,'g',0,'2012-01-23'),(990,'g',0,'2012-01-23'),(1005,'g',0,'2012-01-23'),(1128,'g',0,'2012-01-23'),(975,'g',0,'2012-01-23'),(1109,'g',0,'2012-01-23'),(1105,'g',0,'2012-01-23'),(1118,'g',0,'2012-01-23'),(1101,'g',0,'2012-01-23'),(1050,'g',0,'2012-01-23'),(1126,'g',0,'2012-01-23'),(1127,'g',0,'2012-01-23'),(1087,'g',0,'2012-01-23'),(1088,'g',0,'2012-01-23'),(1116,'g',0,'2012-01-23'),(1110,'g',0,'2012-01-23'),(1071,'g',0,'2012-01-23'),(1150,'g',0,'2012-01-23'),(1091,'g',0,'2012-01-23'),(1070,'g',0,'2012-01-23'),(1113,'g',0,'2012-01-23'),(961,'g',0,'2012-01-23'),(1072,'g',0,'2012-01-23'),(1060,'g',0,'2012-01-23'),(1129,'g',0,'2012-01-23'),(971,'g',0,'2012-01-24'),(1125,'g',0,'2012-01-24'),(1131,'g',0,'2012-01-24'),(1147,'g',0,'2012-01-24'),(1145,'g',0,'2012-01-24'),(1144,'g',0,'2012-01-24'),(1151,'g',0,'2012-01-24'),(1143,'g',0,'2012-01-24'),(1047,'g',0,'2012-01-24'),(1146,'g',0,'2012-01-24'),(1100,'g',0,'2012-01-24'),(1154,'g',0,'2012-01-24'),(984,'g',0,'2012-01-24'),(1130,'g',0,'2012-01-24'),(1149,'g',0,'2012-01-24'),(1096,'g',0,'2012-01-25'),(1132,'g',0,'2012-01-25'),(688,'g',0,'2012-01-25'),(1153,'g',0,'2012-01-25'),(1158,'g',0,'2012-01-25'),(1156,'g',0,'2012-03-04'),(1157,'g',0,'2012-03-04'),(795,'g',0,'2012-01-30'),(1134,'g',0,'2012-01-30'),(1089,'g',0,'2012-01-30'),(1108,'g',0,'2012-01-30'),(1135,'g',0,'2012-01-30'),(1133,'g',0,'2012-01-30'),(1155,'g',0,'2012-03-04'),(1140,'g',0,'2012-01-30'),(1137,'g',0,'2012-01-30'),(1141,'g',0,'2012-01-30'),(1142,'g',0,'2012-01-30'),(1139,'g',0,'2012-01-30'),(1138,'g',0,'2012-01-30'),(1136,'g',0,'2012-01-30'),(1175,'g',0,'2012-01-31'),(1173,'g',0,'2012-01-31'),(1148,'g',0,'2012-01-31'),(1152,'g',0,'2012-01-31'),(1166,'g',0,'2012-02-01'),(1179,'g',0,'2012-02-01'),(540,'g',0,'2012-02-01'),(537,'g',0,'2012-02-01'),(538,'g',0,'2012-02-01'),(1177,'g',0,'2012-02-01'),(777,'g',0,'2012-02-03'),(1181,'g',0,'2012-02-03'),(1182,'g',0,'2012-02-03'),(1213,'g',0,'2012-03-04'),(1196,'g',0,'2012-03-04'),(1192,'g',0,'2012-02-03'),(1183,'g',0,'2012-02-03'),(1185,'g',0,'2012-02-04'),(1178,'g',0,'2012-02-04'),(1180,'g',0,'2012-02-04'),(1174,'g',0,'2012-02-05'),(796,'g',0,'2012-02-05'),(789,'g',0,'2012-02-05'),(1216,'g',0,'2012-02-05'),(799,'g',0,'2012-02-07'),(764,'g',0,'2012-02-07'),(768,'g',0,'2012-02-07'),(753,'g',0,'2012-02-09'),(1188,'g',0,'2012-02-09'),(1198,'g',0,'2012-02-09'),(1165,'g',0,'2012-02-09'),(1197,'g',0,'2012-02-09'),(1191,'g',0,'2012-02-09'),(1200,'g',0,'2012-02-09'),(1163,'g',0,'2012-02-09'),(1194,'g',0,'2012-02-09'),(1202,'g',0,'2012-02-09'),(1193,'g',0,'2012-02-09'),(1199,'g',0,'2012-02-09'),(490,'g',0,'2012-02-09'),(491,'g',0,'2012-02-09'),(1159,'g',0,'2012-02-09'),(646,'g',0,'2012-02-10'),(664,'g',0,'2012-02-10'),(680,'g',0,'2012-02-10'),(910,'g',0,'2012-02-10'),(909,'g',0,'2012-02-10'),(1218,'g',0,'2012-02-11'),(1264,'g',0,'2012-02-11'),(1195,'g',0,'2012-02-11'),(1203,'g',0,'2012-02-11'),(1265,'g',0,'2012-02-11'),(1254,'g',0,'2012-02-11'),(1212,'g',0,'2012-02-11'),(1255,'g',0,'2012-02-12'),(1259,'g',0,'2012-02-12'),(1247,'g',0,'2012-02-12'),(1253,'g',0,'2012-02-12'),(1228,'g',0,'2012-02-12'),(1233,'g',0,'2012-02-12'),(1164,'g',0,'2012-02-12'),(1124,'g',0,'2012-02-12'),(1235,'g',0,'2012-02-12'),(1227,'g',0,'2012-02-12'),(1230,'g',0,'2012-02-12'),(1232,'g',0,'2012-02-12'),(1256,'g',0,'2012-02-12'),(1205,'g',0,'2012-02-12'),(1206,'g',0,'2012-02-12'),(1211,'g',0,'2012-02-12'),(1217,'g',0,'2012-02-12'),(1207,'g',0,'2012-02-12'),(1204,'g',0,'2012-02-12'),(1221,'g',0,'2012-02-12'),(1215,'g',0,'2012-02-12'),(1176,'g',0,'2012-02-12'),(1184,'g',0,'2012-02-12'),(1219,'g',0,'2012-02-12'),(1222,'g',0,'2012-02-12'),(1260,'g',0,'2012-02-12'),(1231,'g',0,'2012-02-12'),(1223,'g',0,'2012-02-12'),(1257,'g',0,'2012-02-12'),(1249,'g',0,'2012-02-12'),(758,'g',0,'2012-02-12'),(761,'g',0,'2012-02-12'),(754,'g',0,'2012-02-12'),(1229,'g',0,'2012-02-12'),(1225,'g',0,'2012-02-12'),(1226,'g',0,'2012-02-12'),(1162,'g',0,'2012-02-12'),(1224,'g',0,'2012-02-12'),(1160,'g',0,'2012-02-12'),(1248,'g',0,'2012-02-12'),(1123,'g',0,'2012-02-12'),(1252,'g',0,'2012-02-12'),(1258,'g',0,'2012-02-13'),(1161,'g',0,'2012-02-13'),(1250,'g',0,'2012-02-13'),(1251,'g',0,'2012-02-13'),(1266,'g',0,'2012-02-13'),(1262,'g',0,'2012-02-13'),(1220,'g',0,'2012-02-13'),(1234,'g',0,'2012-02-13'),(1261,'g',0,'2012-02-13'),(1208,'g',0,'2012-02-13'),(1189,'g',0,'2012-02-13'),(1190,'g',0,'2012-02-13'),(1214,'g',0,'2012-02-13'),(1263,'g',0,'2012-02-13'),(1246,'g',0,'2012-02-13'),(1236,'g',0,'2012-02-13'),(1238,'g',0,'2012-02-13'),(1244,'g',0,'2012-02-13'),(1241,'g',0,'2012-02-13'),(1242,'g',0,'2012-02-13'),(1243,'g',0,'2012-02-13'),(1240,'g',0,'2012-02-13'),(1239,'g',0,'2012-02-13'),(1237,'g',0,'2012-02-13'),(1245,'g',0,'2012-02-13'),(1186,'g',0,'2012-02-14'),(1271,'g',0,'2012-02-15'),(1267,'g',0,'2012-02-15'),(1270,'g',0,'2012-02-15'),(1268,'g',0,'2012-02-15'),(1269,'g',0,'2012-02-15'),(1272,'g',0,'2012-02-16'),(1273,'g',0,'2012-02-16'),(33,'g',0,'2012-02-17'),(360,'g',0,'2012-02-26'),(372,'g',0,'2012-02-26'),(356,'g',0,'2012-02-26'),(433,'g',0,'2012-02-27'),(939,'g',0,'2012-02-27'),(929,'g',0,'2012-02-27'),(1279,'g',0,'2012-02-28'),(1274,'g',0,'2012-02-28'),(1286,'g',0,'2012-02-28'),(1281,'g',0,'2012-02-28'),(1277,'g',0,'2012-02-29'),(911,'g',0,'2012-02-29'),(1282,'g',0,'2012-02-29'),(1275,'g',0,'2012-02-29'),(1276,'g',0,'2012-02-29'),(1283,'g',0,'2012-03-01'),(1292,'g',0,'2012-03-01'),(1278,'g',0,'2012-03-01'),(443,'g',0,'2012-03-01'),(368,'g',0,'2012-03-01'),(1293,'g',0,'2012-03-01'),(1289,'g',0,'2012-03-01'),(1280,'g',0,'2012-03-02'),(1290,'g',0,'2012-03-02'),(1291,'g',0,'2012-03-02'),(1288,'g',0,'2012-03-02'),(1287,'g',0,'2012-03-02'),(1285,'g',0,'2012-03-02'),(1284,'g',0,'2012-03-03'),(386,'g',0,'2012-03-03'),(366,'g',0,'2012-03-03'),(644,'g',0,'2012-03-03'),(682,'g',0,'2012-03-05'),(1299,'g',0,'2012-03-06'),(421,'g',0,'2012-03-06'),(432,'g',0,'2012-03-06'),(435,'g',0,'2012-03-06'),(548,'g',0,'2012-03-06'),(1295,'g',0,'2012-03-06'),(1302,'g',0,'2012-03-06'),(470,'g',0,'2012-03-07'),(471,'g',0,'2012-03-07'),(1296,'g',0,'2012-03-07'),(1297,'g',0,'2012-03-07');

--
-- Table structure for table `idx_paid_listing`
--

CREATE TABLE `idx_paid_listing` (
  `link_id` mediumint(9) unsigned NOT NULL default '0',
  `premium` char(1) default NULL,
  `sponsored` char(1) default NULL,
  `expire` datetime default NULL,
  `paid` char(1) default NULL,
  PRIMARY KEY  (`link_id`)
) ENGINE=MyISAM DEFAULT CHARSET=latin1;

--
-- Dumping data for table `idx_paid_listing`
--


--
-- Table structure for table `idx_payment_gateway`
--

CREATE TABLE `idx_payment_gateway` (
  `payment_gateway_id` int(11) NOT NULL auto_increment,
  `name` varchar(100) default NULL,
  `enable` char(1) default NULL,
  `setting` text,
  `invoice_html` text,
  PRIMARY KEY  (`payment_gateway_id`)
) ENGINE=MyISAM AUTO_INCREMENT=9 DEFAULT CHARSET=latin1;

--
-- Dumping data for table `idx_payment_gateway`
--

INSERT INTO `idx_payment_gateway` VALUES (1,'paypal','1','a:2:{s:13:\"payment_email\";s:0:\"\";s:21:\"enable_paypal_sandbox\";s:1:\"0\";}','<p> \r\n	<a href=\'paynow.php?id={$invoice_id}&m=paypal\'><img src=\'http://www.paypal.com/images/x-click-but02.gif\' border=\'0\' alt=\'Make payments with PayPal - it is fast, free and secure!\' /></a> \r\n</p>\r\n'),(2,'2co','0','a:6:{s:6:\"co_sid\";s:5:\"84932\";s:9:\"co_secret\";s:5:\"tango\";s:12:\"co_recurring\";s:1:\"0\";s:9:\"co_prod_1\";s:6:\"100.00\";s:9:\"co_prod_2\";s:6:\"250.00\";s:9:\"co_prod_3\";s:6:\"400.00\";}','<p>\r\n<a href=\'paynow.php?id={$invoice_id}&m=2co\'><img src=\'http://www.2checkout.com/images/overview/btns/25.jpg\' alt=\'Pay Now with 2checkout...\' border=\'0\' /></a> \r\n</p>'),(3,'authorizenet','0','a:2:{s:21:\"authorizenet_login_id\";s:0:\"\";s:21:\"authorizenet_tran_key\";s:0:\"\";}','<p> \r\n<a href=\'paynow.php?id={$invoice_id}&m=authorizenet\'><img src=\'http://www.authorize.net/upload/images/Images/Header/authorizenet_logo.gif\' alt=\'Pay Now with Authorize.Net...\' width=\'99\' height=\'39\' style=\'{border : 1px solid #c0c0c0;}\' /></a>\r\n</p>'),(4,'egold','0','a:2:{s:19:\"egold_payee_account\";s:0:\"\";s:16:\"egold_payee_name\";s:0:\"\";}','<p> \r\n<a href=\'paynow.php?id={$invoice_id}&m=egold\'>\r\n<img src=\'http://www.e-gold.com/gif/paywith.gif\' border=\'0\' alt=\'Pay Now with e-gold...\' />\r\n</a>\r\n</p>'),(5,'moneybookers','0','a:1:{s:18:\"moneybookers_email\";s:0:\"\";}','<p> \r\n<a href=\'paynow.php?id={$invoice_id}&m=paypal\'><img src=\'http://www.moneybookers.com/images/banners/88_en_mb.gif\' border=\'0\' alt=\'Make payments with Moneybookers - it is fast, free and secure!\' /></a> \r\n</p>'),(6,'paypal-subscriptions','0','a:2:{s:13:\"payment_email\";s:0:\"\";s:21:\"enable_paypal_sandbox\";s:1:\"0\";}','<p> \r\n<a href=\'paynow.php?id={$invoice_id}&m=paypal\'><img src=\'https://www.paypal.com/en_US/i/btn/x-click-but20.gif\' border=\'0\' alt=\'Make payments with PayPal - it is fast, free and secure!\' /></a> \r\n</p>'),(7,'alertpay','0','a:2:{s:14:\"alertpay_email\";s:0:\"\";s:23:\"enable_alertpay_sandbox\";s:1:\"0\";}','<p> \r\n<a href=\'paynow.php?id={$invoice_id}&m=alertpay\'>\r\n<img src=\'https://www.alertpay.com/Images/BuyNow/pay_now_3.gif\' border=\'0\' alt=\'Make payments with PayPal - it is fast, free and secure!\' /></a> \r\n</p>'),(8,'alertpay-subcriptions','0','a:2:{s:14:\"alertpay_email\";s:0:\"\";s:23:\"enable_alertpay_sandbox\";s:1:\"0\";}','<p>\r\n<a href=\'paynow.php?id={$invoice_id}&m=alertpay-subcriptions\'>\r\n<img src=\'https://www.alertpay.com/Images/BuyNow/subscribe_now_15.gif\' border=\'0\' alt=\'Make payments with Alert Pay - it is fast, free and secure!\' /></a> \r\n</p>');

--
-- Table structure for table `idx_payment_history`
--

CREATE TABLE `idx_payment_history` (
  `payment_id` int(10) unsigned NOT NULL auto_increment,
  `contact_name` varchar(255) default NULL,
  `email` varchar(255) default NULL,
  `type` varchar(255) default NULL,
  `detail` text,
  `amount` double default NULL,
  `time` datetime default NULL,
  `invoice_id` varchar(10) default NULL,
  PRIMARY KEY  (`payment_id`)
) ENGINE=MyISAM DEFAULT CHARSET=latin1;

--
-- Dumping data for table `idx_payment_history`
--


--
-- Table structure for table `idx_pl_sociable`
--

CREATE TABLE `idx_pl_sociable` (
  `sb_id` int(11) NOT NULL auto_increment,
  `sb_name` varchar(255) character set utf8 default NULL,
  `sb_url` varchar(255) character set utf8 default NULL,
  `sb_icon` varchar(255) character set utf8 default NULL,
  `sb_enable` char(1) character set utf8 default '0',
  PRIMARY KEY  (`sb_id`)
) ENGINE=MyISAM AUTO_INCREMENT=90 DEFAULT CHARSET=latin1;

--
-- Dumping data for table `idx_pl_sociable`
--

INSERT INTO `idx_pl_sociable` VALUES (1,'BarraPunto','http://barrapunto.com/submit.pl?subj=TITLE&amp;story=PERMALINK','barrapunto.png','0'),(2,'Bitacoras.com','http://bitacoras.com/anotaciones/PERMALINK','bitacoras.png','0'),(3,'BlinkList','http://www.blinklist.com/index.php?Action=Blink/addblink.php&amp;Url=PERMALINK&amp;Title=TITLE','blinklist.png','0'),(4,'blogmarks','http://blogmarks.net/my/new.php?mini=1&amp;simple=1&amp;url=PERMALINK&amp;title=TITLE','blogmarks.png','0'),(5,'Blogosphere News','http://www.blogospherenews.com/submit.php?url=PERMALINK&amp;title=TITLE','blogospherenews.png','0'),(6,'blogtercimlap','http://cimlap.blogter.hu/index.php?action=suggest_link&amp;title=TITLE&amp;url=PERMALINK','blogter.png','0'),(7,'Faves','http://faves.com/Authoring.aspx?u=PERMALINK&amp;title=TITLE','bluedot.png','0'),(8,'connotea','http://www.connotea.org/addpopup?continue=confirm&amp;uri=PERMALINK&amp;title=TITLE&amp;description=EXCERPT','connotea.png','0'),(9,'Current','http://current.com/clipper.htm?url=PERMALINK&amp;title=TITLE','current.png','0'),(10,'del.icio.us','http://delicious.com/post?url=PERMALINK&amp;title=TITLE&amp;notes=EXCERPT','delicious.png','0'),(11,'Digg','http://digg.com/submit?phase=2&amp;url=PERMALINK&amp;title=TITLE&amp;bodytext=EXCERPT','digg.png','1'),(12,'Diigo','http://www.diigo.com/post?url=PERMALINK&amp;title=TITLE','diigo.png','0'),(13,'DotNetKicks','http://www.dotnetkicks.com/kick/?url=PERMALINK&amp;title=TITLE','dotnetkicks.png','0'),(14,'DZone','http://www.dzone.com/links/add.html?url=PERMALINK&amp;title=TITLE','dzone.png','0'),(15,'eKudos','http://www.ekudos.nl/artikel/nieuw?url=PERMALINK&amp;title=TITLE&amp;desc=EXCERPT','ekudos.png','0'),(16,'email','mailto:?subject=TITLE&amp;body=PERMALINK','email_link.png','0'),(17,'Facebook','http://www.facebook.com/share.php?u=PERMALINK&amp;t=TITLE','facebook.png','1'),(18,'Fark','http://cgi.fark.com/cgi/fark/farkit.pl?h=TITLE&amp;u=PERMALINK','fark.png','0'),(19,'Fleck','http://beta3.fleck.com/bookmarklet.php?url=PERMALINK&amp;title=TITLE','fleck.png','0'),(20,'FriendFeed','http://www.friendfeed.com/share?title=TITLE&amp;link=PERMALINK','friendfeed.png','0'),(21,'FSDaily','http://www.fsdaily.com/submit?url=PERMALINK&amp;title=TITLE','fsdaily.png','0'),(22,'Global Grind','http://globalgrind.com/submission/submit.aspx?url=PERMALINK&amp;type=Article&amp;title=TITLE','globalgrind.png','0'),(23,'Google','http://www.google.com/bookmarks/mark?op=edit&amp;bkmk=PERMALINK&amp;title=TITLE&amp;annotation=EXCERPT','googlebookmark.png','0'),(24,'Gwar','http://www.gwar.pl/DodajGwar.html?u=PERMALINK','gwar.png','0'),(25,'HackerNews','http://news.ycombinator.com/submitlink?u=PERMALINK&amp;t=TITLE','hackernews.png','0'),(26,'Haohao','http://www.haohaoreport.com/submit.php?url=PERMALINK&amp;title=TITLE','haohao.png','0'),(27,'HealthRanker','http://healthranker.com/submit.php?url=PERMALINK&amp;title=TITLE','healthranker.png','0'),(28,'HelloTxt','http://hellotxt.com/?status=TITLE+PERMALINK','hellotxt.png','0'),(29,'Hemidemi','http://www.hemidemi.com/user_bookmark/new?title=TITLE&amp;url=PERMALINK','hemidemi.png','0'),(30,'Hyves','http://www.hyves.nl/profilemanage/add/tips/?name=TITLE&amp;text=EXCERPT+PERMALINK&amp;rating=5','hyves.png','0'),(31,'Identi.ca','http://identi.ca/notice/new?status_textarea=PERMALINK','identica.png','0'),(32,'IndianPad','http://www.indianpad.com/submit.php?url=PERMALINK','indianpad.png','0'),(33,'Internetmedia','http://internetmedia.hu/submit.php?url=PERMALINK','im.png','0'),(34,'Kirtsy','http://www.kirtsy.com/submit.php?url=PERMALINK&amp;title=TITLE','kirtsy.png','0'),(35,'laaik.it','http://laaik.it/NewStoryCompact.aspx?uri=PERMALINK&amp;headline=TITLE&amp;cat=5e082fcc-8a3b-47e2-acec-fdf64ff19d12','laaikit.png','0'),(36,'LinkArena','http://linkarena.com/bookmarks/addlink/?url=PERMALINK&amp;title=TITLE','linkarena.png','0'),(37,'LinkaGoGo','http://www.linkagogo.com/go/AddNoPopup?url=PERMALINK&amp;title=TITLE','linkagogo.png','0'),(38,'LinkedIn','http://www.linkedin.com/shareArticle?mini=true&amp;url=PERMALINK&amp;title=TITLE&amp;source=BLOGNAME&amp;summary=EXCERPT','linkedin.png','0'),(39,'Linkter','http://www.linkter.hu/index.php?action=suggest_link&amp;url=PERMALINK&amp;title=TITLE','linkter.png','0'),(40,'Live','https://favorites.live.com/quickadd.aspx?marklet=1&amp;url=PERMALINK&amp;title=TITLE','live.png','0'),(41,'Meneame','http://meneame.net/submit.php?url=PERMALINK','meneame.png','0'),(42,'MisterWong','http://www.mister-wong.com/addurl/?bm_url=PERMALINK&amp;bm_description=TITLE&amp;plugin=soc','misterwong.png','0'),(43,'MisterWong.DE','http://www.mister-wong.de/addurl/?bm_url=PERMALINK&amp;bm_description=TITLE&amp;plugin=soc','misterwong.png','0'),(44,'Mixx','http://www.mixx.com/submit?page_url=PERMALINK&amp;title=TITLE','mixx.png','0'),(45,'muti','http://www.muti.co.za/submit?url=PERMALINK&amp;title=TITLE','muti.png','0'),(46,'MyShare','http://myshare.url.com.tw/index.php?func=newurl&amp;url=PERMALINK&amp;desc=TITLE','myshare.png','0'),(47,'MySpace','http://www.myspace.com/Modules/PostTo/Pages/?u=PERMALINK&amp;t=TITLE','myspace.png','0'),(48,'MSNReporter','http://reporter.nl.msn.com/?fn=contribute&amp;Title=TITLE&amp;URL=PERMALINK&amp;cat_id=6&amp;tag_id=31&amp;Remark=EXCERPT','msnreporter.png','0'),(49,'N4G','http://www.n4g.com/tips.aspx?url=PERMALINK&amp;title=TITLE','n4g.png','0'),(50,'Netvibes','http://www.netvibes.com/share?title=TITLE&amp;url=PERMALINK','netvibes.png','0'),(51,'NewsVine','http://www.newsvine.com/_tools/seed&amp;save?u=PERMALINK&amp;h=TITLE','newsvine.png','0'),(52,'Netvouz','http://www.netvouz.com/action/submitBookmark?url=PERMALINK&amp;title=TITLE&amp;popup=no','netvouz.png','0'),(53,'NuJIJ','http://nujij.nl/jij.lynkx?t=TITLE&amp;u=PERMALINK&amp;b=EXCERPT','nujij.png','0'),(54,'Ping.fm','http://ping.fm/ref/?link=PERMALINK&amp;title=TITLE&amp;body=EXCERPT','ping.png','0'),(55,'Posterous','http://posterous.com/share?linkto=PERMALINK&amp;title=TITLE&amp;selection=EXCERPT','posterous.png','0'),(56,'PDF','http://www.printfriendly.com/print?url=PERMALINK&amp;partner=sociable','pdf.png','0'),(57,'Print','http://www.printfriendly.com/print?url=PERMALINK&amp;partner=sociable','printfriendly.png','0'),(58,'Propeller','http://www.propeller.com/submit/?url=PERMALINK','propeller.png','0'),(59,'Ratimarks','http://ratimarks.org/bookmarks.php/?action=add&address=PERMALINK&amp;title=TITLE','ratimarks.png','0'),(60,'Rec6','http://rec6.via6.com/link.php?url=PERMALINK&amp;=TITLE','rec6.png','0'),(61,'Reddit','http://reddit.com/submit?url=PERMALINK&amp;title=TITLE','reddit.png','0'),(62,'RSS','FEEDLINK','rss.png','0'),(63,'Scoopeo','http://www.scoopeo.com/scoop/new?newurl=PERMALINK&amp;title=TITLE','scoopeo.png','0'),(64,'Segnalo','http://segnalo.alice.it/post.html.php?url=PERMALINK&amp;title=TITLE','segnalo.png','0'),(65,'Simpy','http://www.simpy.com/simpy/LinkAdd.do?href=PERMALINK&amp;title=TITLE','simpy.png','0'),(66,'Slashdot','http://slashdot.org/bookmark.pl?title=TITLE&amp;url=PERMALINK','slashdot.png','0'),(67,'Socialogs','http://socialogs.com/add_story.php?story_url=PERMALINK&amp;story_title=TITLE','socialogs.png','0'),(68,'SphereIt','http://www.sphere.com/search?q=sphereit:PERMALINK&amp;title=TITLE','sphere.png','0'),(69,'Sphinn','http://sphinn.com/index.php?c=post&amp;m=submit&amp;link=PERMALINK','sphinn.png','0'),(70,'StumbleUpon','http://www.stumbleupon.com/submit?url=PERMALINK&amp;title=TITLE','stumbleupon.png','0'),(71,'Techmeme','http://twitter.com/home/?status=tip%20@Techmeme%20PERMALINK%20TITLE','techmeme.png','0'),(72,'Technorati','http://technorati.com/faves?add=PERMALINK','technorati.png','1'),(73,'ThisNext','http://www.thisnext.com/pick/new/submit/sociable/?url=PERMALINK&amp;name=TITLE','thisnext.png','0'),(74,'Tipd','http://tipd.com/submit.php?url=PERMALINK','tipd.png','0'),(75,'Tumblr','http://www.tumblr.com/share?v=3&amp;u=PERMALINK&amp;t=TITLE&amp;s=EXCERPT','tumblr.png','0'),(76,'Twitter','http://twitter.com/home?status=TITLE%20-%20PERMALINK','twitter.png','1'),(77,'Upnews','http://www.upnews.it/submit?url=PERMALINK&amp;title=TITLE','upnews.png','0'),(78,'Webnews.de','http://www.webnews.de/einstellen?url=PERMALINK&amp;title=TITLE','webnews.png','0'),(79,'Webride','http://webride.org/discuss/split.php?uri=PERMALINK&amp;title=TITLE','webride.png','0'),(80,'Wikio','http://www.wikio.com/vote?url=PERMALINK','wikio.png','0'),(81,'Wikio FR','http://www.wikio.fr/vote?url=PERMALINK','wikio.png','0'),(82,'Wikio IT','http://www.wikio.it/vote?url=PERMALINK','wikio.png','0'),(83,'Wists','http://wists.com/s.php?c=&amp;r=PERMALINK&amp;title=TITLE','wists.png','0'),(84,'Wykop','http://www.wykop.pl/dodaj?url=PERMALINK','wykop.png','0'),(85,'Xerpi','http://www.xerpi.com/block/add_link_from_extension?url=PERMALINK&amp;title=TITLE','xerpi.png','0'),(86,'YahooBuzz','http://buzz.yahoo.com/submit/?submitUrl=PERMALINK&amp;submitHeadline=TITLE&amp;submitSummary=EXCERPT&amp;submitCategory=science&amp;submitAssetType=text','yahoobuzz.png','0'),(87,'Yahoo! Bookmarks','http://bookmarks.yahoo.com/toolbar/savebm?u=PERMALINK&amp;t=TITLE&opener=bm&amp;ei=UTF-8&amp;d=EXCERPT','yahoomyweb.png','0'),(88,'Yigg','http://yigg.de/neu?exturl=PERMALINK&amp;exttitle=TITLE','yiggit.png','0'),(89,'Blogplay','http://blogplay.com','blogplay.png','0');

--
-- Table structure for table `idx_plugin`
--

CREATE TABLE `idx_plugin` (
  `plugin_id` int(11) NOT NULL auto_increment,
  `name` varchar(255) default NULL,
  `plugin_file` varchar(255) default NULL,
  `status` enum('0','1') default NULL,
  `option_plugin` text,
  PRIMARY KEY  (`plugin_id`)
) ENGINE=MyISAM AUTO_INCREMENT=2 DEFAULT CHARSET=latin1;

--
-- Dumping data for table `idx_plugin`
--

INSERT INTO `idx_plugin` VALUES (1,'Sociable','sociable/sociable.php','1',NULL);

--
-- Table structure for table `idx_review`
--

CREATE TABLE `idx_review` (
  `review_id` mediumint(9) unsigned NOT NULL auto_increment,
  `link_id` mediumint(9) unsigned NOT NULL default '0',
  `review` text NOT NULL,
  `rating` tinyint(3) unsigned NOT NULL default '0',
  `date` date NOT NULL default '0000-00-00',
  `subject` varchar(100) default NULL,
  `status` char(1) default NULL,
  `username` varchar(20) default NULL,
  `name` varchar(20) default NULL,
  `email` varchar(100) default NULL,
  PRIMARY KEY  (`review_id`)
) ENGINE=MyISAM DEFAULT CHARSET=latin1;

--
-- Dumping data for table `idx_review`
--


--
-- Table structure for table `idx_searchlog`
--

CREATE TABLE `idx_searchlog` (
  `keyword` varchar(100) NOT NULL default '',
  `time` datetime NOT NULL default '0000-00-00 00:00:00',
  `result` mediumint(9) unsigned default NULL,
  `ip` varchar(100) default NULL
) ENGINE=MyISAM DEFAULT CHARSET=latin1;

--
-- Dumping data for table `idx_searchlog`
--


--
-- Table structure for table `idx_set_hook_place`
--

CREATE TABLE `idx_set_hook_place` (
  `set_hook_place_id` int(11) NOT NULL auto_increment,
  `plugin` varchar(255) default NULL,
  `set_hook_place` text,
  PRIMARY KEY  (`set_hook_place_id`)
) ENGINE=MyISAM DEFAULT CHARSET=latin1;

--
-- Dumping data for table `idx_set_hook_place`
--


--
-- Table structure for table `idx_setting`
--

CREATE TABLE `idx_setting` (
  `setting_id` int(11) NOT NULL auto_increment,
  `setting_name` varchar(255) default NULL,
  `setting_value` text,
  PRIMARY KEY  (`setting_id`)
) ENGINE=MyISAM AUTO_INCREMENT=55 DEFAULT CHARSET=latin1;

--
-- Dumping data for table `idx_setting`
--

INSERT INTO `idx_setting` VALUES (4,'site_name','webworldindex.org'),(5,'site_url','http://webworldindex.org'),(6,'email_address','lauren.tejera@gmail.com'),(7,'language_code','en_US'),(8,'theme_path','/home/webworld/public_html/themes/'),(9,'admin_template_path','/home/webworld/public_html/admin_tpl/'),(10,'plugin_path','/home/webworld/public_html/plugin/'),(12,'active_theme','_webworldindex'),(14,'spam_proof','1'),(15,'enable_user_validation','1'),(16,'allowed_file_extension','gif,jpg,png,pdf,zip,doc'),(17,'yahoo_appid',''),(18,'whosonline','600'),(19,'reciprocal_check','0'),(20,'urlcheck_limit','1'),(21,'pagerank_cache','30'),(22,'max_image_width','1024'),(23,'max_image_height','756'),(24,'max_file_size','500'),(25,'only_registered_can_add_link','0'),(26,'only_registered_can_add_review','0'),(27,'db_use_persistent','0'),(28,'paid_link_day_period','30,60,90,180'),(29,'paid_link_price_factor','1,1.5,2,3'),(30,'enable_html_tag','1'),(31,'allowed_html_tag','<b>,<strong>,<i>,<em>,<u>,<pre>,<blockquote>,<ol>,<ul>,<li>,<p>,<span>,<div>,<table>,<tr>,<td>'),(32,'enable_page_compression','0'),(33,'enable_category_ajax','1'),(34,'require_visit_category','0'),(35,'additional_category_price','0.5'),(36,'enable_rating_ajax','1'),(37,'service_nicecoder_avail','1'),(38,'enable_recaptcha','0'),(39,'recaptcha_publickey',''),(40,'recaptcha_privatekey',''),(41,'enable_bidding','0'),(42,'minimum_bid','5'),(43,'bid_increament','1'),(44,'charset','utf-8'),(45,'mailer','mail'),(46,'smtp_auth','0'),(47,'smtp_host',''),(48,'smtp_username',''),(49,'smtp_password',''),(50,'smtp_port','25'),(51,'emailbody_as_html','0'),(52,'indexu_version','2.4'),(53,'tos',''),(54,'submission_guidelines','');

--
-- Table structure for table `idx_tags`
--

CREATE TABLE `idx_tags` (
  `tag` varchar(64) NOT NULL default '',
  `category_id` mediumint(8) unsigned NOT NULL default '0',
  `total` int(11) NOT NULL default '0',
  `tag_path` varchar(64) NOT NULL,
  PRIMARY KEY  (`tag`,`category_id`)
) ENGINE=MyISAM DEFAULT CHARSET=latin1;

--
-- Dumping data for table `idx_tags`
--


--
-- Table structure for table `idx_unavailable`
--

CREATE TABLE `idx_unavailable` (
  `idx_unavailable` int(11) NOT NULL auto_increment,
  `link_id` int(11) default NULL,
  `url` varchar(255) default NULL,
  `who_is` varchar(255) default NULL,
  `note` text,
  `date` datetime default NULL,
  PRIMARY KEY  (`idx_unavailable`)
) ENGINE=MyISAM DEFAULT CHARSET=latin1;

--
-- Dumping data for table `idx_unavailable`
--


--
-- Table structure for table `idx_unavailable_latest`
--

CREATE TABLE `idx_unavailable_latest` (
  `idx_link` int(11) default NULL,
  `record_execution` int(11) default NULL
) ENGINE=MyISAM DEFAULT CHARSET=latin1;

--
-- Dumping data for table `idx_unavailable_latest`
--


--
-- Table structure for table `idx_votes`
--

CREATE TABLE `idx_votes` (
  `link_id` mediumint(9) NOT NULL default '0',
  `ip` varchar(100) default NULL,
  `value` tinyint(4) default NULL
) ENGINE=MyISAM DEFAULT CHARSET=latin1;

--
-- Dumping data for table `idx_votes`
--



