--
-- Host: webxplore.net    Database: webxplor_web
-- ------------------------------------------------------


--
-- Table structure for table `directory_save_data`
--

CREATE TABLE `directory_save_data` (
  `id` bigint(100) NOT NULL AUTO_INCREMENT,
  `schedule_id` bigint(100) NOT NULL,
  `project_id` bigint(100) NOT NULL,
  `link_id` bigint(100) NOT NULL,
  `confirm_link` text NOT NULL,
  `category_id` int(10) NOT NULL,
  `category_name` varchar(150) NOT NULL,
  PRIMARY KEY (`id`)
) ENGINE=InnoDB DEFAULT CHARSET=latin1;

--
-- Dumping data for table `directory_save_data`
--


--
-- Table structure for table `idx_admin_menu`
--

CREATE TABLE `idx_admin_menu` (
  `menu_id` int(11) NOT NULL AUTO_INCREMENT,
  `parent_id` int(11) DEFAULT NULL,
  `menu_title` varchar(255) DEFAULT NULL,
  `menu_url` varchar(255) DEFAULT NULL,
  `order_number` int(11) DEFAULT NULL,
  PRIMARY KEY (`menu_id`)
) ENGINE=MyISAM AUTO_INCREMENT=85 DEFAULT CHARSET=latin1;

--
-- Dumping data for table `idx_admin_menu`
--



--
-- Table structure for table `idx_bad_link`
--

CREATE TABLE `idx_bad_link` (
  `bad_link_id` mediumint(9) unsigned NOT NULL AUTO_INCREMENT,
  `link_id` mediumint(9) unsigned NOT NULL DEFAULT '0',
  `name` varchar(50) NOT NULL DEFAULT '',
  `email` varchar(50) NOT NULL DEFAULT '',
  `type` tinyint(3) unsigned NOT NULL DEFAULT '0',
  `date` date NOT NULL DEFAULT '0000-00-00',
  PRIMARY KEY (`bad_link_id`)
) ENGINE=MyISAM DEFAULT CHARSET=latin1;

--
-- Dumping data for table `idx_bad_link`
--


--
-- Table structure for table `idx_badwords`
--

CREATE TABLE `idx_badwords` (
  `word` varchar(100) NOT NULL DEFAULT ''
) ENGINE=MyISAM DEFAULT CHARSET=latin1;

--
-- Dumping data for table `idx_badwords`
--


--
-- Table structure for table `idx_blocked_domain`
--

CREATE TABLE `idx_blocked_domain` (
  `blocked_id` int(11) NOT NULL AUTO_INCREMENT,
  `blocked` varchar(255) DEFAULT NULL,
  `type` enum('domain','ip') DEFAULT NULL,
  PRIMARY KEY (`blocked_id`)
) ENGINE=MyISAM AUTO_INCREMENT=6 DEFAULT CHARSET=latin1;

--
-- Dumping data for table `idx_blocked_domain`
--

INSERT INTO `idx_blocked_domain` VALUES (1,'buydomains.com','domain'),(2,'this-domain-for-sale.com ','domain'),(3,'oversee.net','domain'),(4,'eNom','domain'),(5,'sedoparking.com','domain');

--
-- Table structure for table `idx_category`
--

CREATE TABLE `idx_category` (
  `category_id` mediumint(9) unsigned NOT NULL AUTO_INCREMENT,
  `parent_id` mediumint(9) unsigned NOT NULL DEFAULT '0',
  `name` varchar(100) NOT NULL DEFAULT '',
  `description` text NOT NULL,
  `image` varchar(100) DEFAULT NULL,
  `content` text,
  `visible` char(1) DEFAULT NULL,
  `links` mediumint(9) DEFAULT NULL,
  `meta_keyword` text,
  `meta_description` text,
  `permission` char(2) DEFAULT NULL,
  `registered_only` char(1) DEFAULT NULL,
  `header` text NOT NULL,
  `footer` text NOT NULL,
  `related` mediumint(6) NOT NULL DEFAULT '0',
  `page_title` varchar(200) NOT NULL DEFAULT '',
  `hits` int(11) NOT NULL DEFAULT '0',
  `order_num` smallint(6) NOT NULL DEFAULT '0',
  `basic_price` double unsigned NOT NULL DEFAULT '0',
  `premium_price` double unsigned NOT NULL DEFAULT '0',
  `sponsored_price` double unsigned NOT NULL DEFAULT '0',
  PRIMARY KEY (`category_id`)
) ENGINE=MyISAM AUTO_INCREMENT=36 DEFAULT CHARSET=latin1;

--
-- Dumping data for table `idx_category`
--

INSERT INTO `idx_category` VALUES (1,0,'Arts & Entertainment','','folder.gif','','1',9,'','','1','0','','',0,'',0,0,0,0,0),(2,0,'Automotive','','folder.gif','','1',18,'','','1','0','','',0,'',0,0,0,0,0),(3,0,'Business','','folder.gif','','1',57,'','','1','0','','',0,'',0,0,0,0,0),(4,0,'Careers & Jobs','','folder.gif','','1',1,'','','1','0','','',0,'',0,0,0,0,0),(5,0,'Clothing','','folder.gif','','1',6,'','','1','0','','',0,'',0,0,0,0,0),(6,0,'Communications','','folder.gif','','1',11,'','','1','0','','',0,'',0,0,0,0,0),(7,0,'Computer & Internet','','folder.gif','','1',10,'','','1','0','','',0,'',0,0,0,0,0),(8,0,'Construction and Maintenance','','folder.gif','','1',49,'','','1','0','','',0,'',0,0,0,0,0),(9,0,'Dental Services','','folder.gif','','1',20,'','','1','0','','',0,'',0,0,0,0,0),(10,0,'Education','','folder.gif','','1',9,'','','1','0','','',0,'',0,0,0,0,0),(11,0,'Employment & Recruitment','','folder.gif','','1',0,'','','1','0','','',0,'',0,0,0,0,0),(12,0,'Gifts & Novelties','','folder.gif','','1',7,'','','1','0','','',0,'',0,0,0,0,0),(13,0,'Software & Hardware','','folder.gif','','1',2,'','','1','0','','',0,'',0,0,0,0,0),(14,0,'Health Services','','folder.gif','','1',0,'','','1','0','','',0,'',0,0,0,0,0),(15,0,'Healthcare Industry','','folder.gif','','1',83,'','','1','0','','',0,'',0,0,0,0,0),(16,0,'Heating, Ventilating and Air Conditioning','','folder.gif','','1',28,'','','1','0','','',0,'',0,0,0,0,0),(17,0,'Home & Garden Making','','folder.gif','','1',0,'','','1','0','','',0,'',0,0,0,0,0),(18,0,'Home Improvement & Appliances ','','folder.gif','','1',254,'','','1','0','','',0,'',0,0,0,0,0),(19,0,'Hotels ','','folder.gif','','1',17,'','','1','0','','',0,'',0,0,0,0,0),(20,0,'Insurance Providers','','folder.gif','','1',21,'','','1','0','','',0,'',0,0,0,0,0),(21,0,'Law & Legal','','folder.gif','','1',0,'','','1','0','','',0,'',0,0,0,0,0),(22,0,'Lawyers & Attorneys','','folder.gif','','1',105,'','','1','0','','',0,'',0,0,0,0,0),(23,0,'Lifestyle & Society','','folder.gif','','1',1,'','','1','0','','',0,'',0,0,0,0,0),(24,0,'Medicine & Surgery','','folder.gif','','1',4,'','','1','0','','',0,'',0,0,0,0,0),(25,0,'Finance & Investment','','folder.gif','','1',10,'','','1','0','','',0,'',0,0,0,0,0),(26,0,'News & Media','','folder.gif','','1',1,'','','1','0','','',0,'',0,0,0,0,0),(27,0,'Plumbing Contractors','','folder.gif','','1',33,'','','1','0','','',0,'',0,0,0,0,0),(28,0,'Real Estate & Property','','folder.gif','','1',17,'','','1','0','','',0,'',0,0,0,0,0),(29,0,'Science ','','folder.gif','','1',7,'','','1','0','','',0,'',0,0,0,0,0),(30,0,'SEO & SMO Services','','folder.gif','','1',14,'','','1','0','','',0,'',0,0,0,0,0),(31,0,'Shopping and Sales','','folder.gif','','1',27,'','','1','0','','',0,'',0,0,0,0,0),(32,0,'Sports & Recreation','','folder.gif','','1',0,'','','1','0','','',0,'',0,0,0,0,0),(33,0,'Transportation Services','','folder.gif','','1',24,'','','1','0','','',0,'',0,0,0,0,0),(34,0,'Travel & Tour','','folder.gif','','1',9,'','','1','0','','',0,'',0,0,0,0,0),(35,0,'Weddings','','folder.gif','','1',5,'','','1','0','','',0,'',0,0,0,0,0);

--
-- Table structure for table `idx_category_path`
--

CREATE TABLE `idx_category_path` (
  `category_id` mediumint(9) NOT NULL DEFAULT '0',
  `path` text,
  `path_with_url` text,
  `parents` text,
  PRIMARY KEY (`category_id`)
) ENGINE=MyISAM DEFAULT CHARSET=latin1;

--
-- Dumping data for table `idx_category_path`
--

INSERT INTO `idx_category_path` VALUES (1,'Arts & Entertainment','<a href=\"http://webxplore.net/arts-entertainment/\" name=\"cat_1\" style=\"\">Arts & Entertainment</a>',';0;'),(2,'Automotive','<a href=\"http://webxplore.net/automotive/\" name=\"cat_2\" style=\"\">Automotive</a>',';0;'),(3,'Business','<a href=\"http://webxplore.net/business/\" name=\"cat_3\" style=\"\">Business</a>',';0;'),(4,'Careers & Jobs','<a href=\"http://webxplore.net/careers-jobs/\" name=\"cat_4\" style=\"\">Careers & Jobs</a>',';0;'),(5,'Clothing','<a href=\"http://webxplore.net/clothing/\" name=\"cat_5\" style=\"\">Clothing</a>',';0;'),(6,'Communications','<a href=\"http://webxplore.net/communications/\" name=\"cat_6\" style=\"\">Communications</a>',';0;'),(7,'Computer & Internet','<a href=\"http://webxplore.net/computer-internet/\" name=\"cat_7\" style=\"\">Computer & Internet</a>',';0;'),(8,'Construction and Maintenance','<a href=\"http://webxplore.net/construction-and-maintenance/\" name=\"cat_8\" style=\"\">Construction and Maintenance</a>',';0;'),(9,'Dental Services','<a href=\"http://webxplore.net/dental-services/\" name=\"cat_9\" style=\"\">Dental Services</a>',';0;'),(10,'Education','<a href=\"http://webxplore.net/education/\" name=\"cat_10\" style=\"\">Education</a>',';0;'),(11,'Employment & Recruitment','<a href=\"http://webxplore.net/employment-recruitment/\" name=\"cat_11\" style=\"\">Employment & Recruitment</a>',';0;'),(12,'Gifts & Novelties','<a href=\"http://webxplore.net/gifts-novelties/\" name=\"cat_12\" style=\"\">Gifts & Novelties</a>',';0;'),(13,'Software & Hardware','<a href=\"http://webxplore.net/software-hardware/\" name=\"cat_13\" style=\"\">Software & Hardware</a>',';0;'),(14,'Health Services','<a href=\"http://webxplore.net/health-services/\" name=\"cat_14\" style=\"\">Health Services</a>',';0;'),(15,'Healthcare Industry','<a href=\"http://webxplore.net/healthcare-industry/\" name=\"cat_15\" style=\"\">Healthcare Industry</a>',';0;'),(16,'Heating, Ventilating and Air Conditioning','<a href=\"http://webxplore.net/heating-ventilating-and-air-conditioning/\" name=\"cat_16\" style=\"\">Heating, Ventilating and Air Conditioning</a>',';0;'),(17,'Home & Garden Making','<a href=\"http://webxplore.net/home-garden-making/\" name=\"cat_17\" style=\"\">Home & Garden Making</a>',';0;'),(18,'Home Improvement & Appliances ','<a href=\"http://webxplore.net/home-improvement-appliances/\" name=\"cat_18\" style=\"\">Home Improvement & Appliances </a>',';0;'),(19,'Hotels ','<a href=\"http://webxplore.net/hotels/\" name=\"cat_19\" style=\"\">Hotels </a>',';0;'),(20,'Insurance Providers','<a href=\"http://webxplore.net/insurance-providers/\" name=\"cat_20\" style=\"\">Insurance Providers</a>',';0;'),(21,'Law & Legal','<a href=\"http://webxplore.net/law-legal/\" name=\"cat_21\" style=\"\">Law & Legal</a>',';0;'),(22,'Lawyers & Attorneys','<a href=\"http://webxplore.net/lawyers-attorneys/\" name=\"cat_22\" style=\"\">Lawyers & Attorneys</a>',';0;'),(23,'Lifestyle & Society','<a href=\"http://webxplore.net/lifestyle-society/\" name=\"cat_23\" style=\"\">Lifestyle & Society</a>',';0;'),(24,'Medicine & Surgery','<a href=\"http://webxplore.net/medicine-surgery/\" name=\"cat_24\" style=\"\">Medicine & Surgery</a>',';0;'),(25,'Finance & Investment','<a href=\"http://webxplore.net/finance-investment/\" name=\"cat_25\" style=\"\">Finance & Investment</a>',';0;'),(26,'News & Media','<a href=\"http://webxplore.net/news-media/\" name=\"cat_26\" style=\"\">News & Media</a>',';0;'),(27,'Plumbing Contractors','<a href=\"http://webxplore.net/plumbing-contractors/\" name=\"cat_27\" style=\"\">Plumbing Contractors</a>',';0;'),(28,'Real Estate & Property','<a href=\"http://webxplore.net/real-estate-property/\" name=\"cat_28\" style=\"\">Real Estate & Property</a>',';0;'),(29,'Science ','<a href=\"http://webxplore.net/science/\" name=\"cat_29\" style=\"\">Science </a>',';0;'),(30,'SEO & SMO Services','<a href=\"http://webxplore.net/seo-smo-services/\" name=\"cat_30\" style=\"\">SEO & SMO Services</a>',';0;'),(31,'Shopping and Sales','<a href=\"http://webxplore.net/shopping-and-sales/\" name=\"cat_31\" style=\"\">Shopping and Sales</a>',';0;'),(32,'Sports & Recreation','<a href=\"http://webxplore.net/sports-recreation/\" name=\"cat_32\" style=\"\">Sports & Recreation</a>',';0;'),(33,'Transportation Services','<a href=\"http://webxplore.net/transportation-services/\" name=\"cat_33\" style=\"\">Transportation Services</a>',';0;'),(34,'Travel & Tour','<a href=\"http://webxplore.net/travel-tour/\" name=\"cat_34\" style=\"\">Travel & Tour</a>',';0;'),(35,'Weddings','<a href=\"http://webxplore.net/weddings/\" name=\"cat_35\" style=\"\">Weddings</a>',';0;');

--
-- Table structure for table `idx_category_suggession`
--

CREATE TABLE `idx_category_suggession` (
  `id_cat_suggession` int(11) NOT NULL AUTO_INCREMENT,
  `parent_id` int(11) DEFAULT NULL,
  `name` varchar(255) DEFAULT NULL,
  `category_description` text,
  `date` datetime DEFAULT NULL,
  PRIMARY KEY (`id_cat_suggession`)
) ENGINE=MyISAM AUTO_INCREMENT=4 DEFAULT CHARSET=latin1;

--
-- Dumping data for table `idx_category_suggession`
--

INSERT INTO `idx_category_suggession` VALUES (1,9,'Dentist Leesburg VA','LCI Dentistry provides comprehensive dental care in the Leesburg VA area as well as the surrounding communities in Loudoun County. Focusing on cosmetic and general dentistry as well as providing an on-site oral surgeon. Call 703-729-1818','2012-01-24 15:03:51'),(2,9,'Dentist Leesburg VA','LCI Dentistry provides comprehensive dental care in the Leesburg VA area as well as the surrounding communities in Loudoun County. Focusing on cosmetic and general dentistry as well as providing an on-site oral surgeon to create the most convenient and comfortable environment for our patients. Call 703-729-1818','2012-01-24 15:17:19'),(3,31,'Hurricane shutters','South Florida based company offers Hurricane Shutters, Accordion Shutters, Storm Shutters and Hurricane Proof Windows. Our Hurricane Shutters are approved by the Florida Building Code.','2012-02-06 04:23:14');

--
-- Table structure for table `idx_checkurl`
--

CREATE TABLE `idx_checkurl` (
  `link_id` mediumint(9) NOT NULL DEFAULT '0',
  `date` date NOT NULL DEFAULT '0000-00-00',
  `live` char(1) NOT NULL DEFAULT '',
  `reciprocal_found` char(1) NOT NULL DEFAULT '',
  PRIMARY KEY (`link_id`)
) ENGINE=MyISAM DEFAULT CHARSET=latin1;

--
-- Dumping data for table `idx_checkurl`
--


--
-- Table structure for table `idx_cronjobs`
--

CREATE TABLE `idx_cronjobs` (
  `cronjobs_id` int(11) NOT NULL AUTO_INCREMENT,
  `cronjobs_name` varchar(255) DEFAULT NULL,
  `filename` varchar(255) NOT NULL,
  `schedule` varchar(255) NOT NULL,
  `time` datetime NOT NULL,
  `execution` varchar(1) NOT NULL,
  PRIMARY KEY (`cronjobs_id`)
) ENGINE=MyISAM AUTO_INCREMENT=4 DEFAULT CHARSET=latin1;

--
-- Dumping data for table `idx_cronjobs`
--

INSERT INTO `idx_cronjobs` VALUES (1,NULL,'clear_templates_c.php','1,*,*,*,*','0000-00-00 00:00:00',''),(2,NULL,'update_tag_cloud.php','*,24,*,*,*','0000-00-00 00:00:00',''),(3,NULL,'clear_rss_cache.php','*,24,*,*,*','0000-00-00 00:00:00','');

--
-- Table structure for table `idx_custom_field`
--

CREATE TABLE `idx_custom_field` (
  `field_name` varchar(32) NOT NULL DEFAULT '',
  `field_text` varchar(64) NOT NULL DEFAULT '',
  `field_type` enum('TEXT','TEXTAREA','SELECT','MULTISELECT','CHECKBOX','RADIO','FILE','IMAGE','DATE','DATETIME','RICHEDITOR') NOT NULL DEFAULT 'TEXT',
  `field_option` text NOT NULL,
  `field_img_width` int(10) unsigned NOT NULL DEFAULT '0',
  `field_img_height` int(10) unsigned NOT NULL DEFAULT '0',
  `field_file_size` int(10) unsigned NOT NULL DEFAULT '0',
  `field_file_extension` varchar(64) NOT NULL DEFAULT '',
  `required` char(1) NOT NULL DEFAULT '0',
  `searchable` char(1) NOT NULL DEFAULT '1',
  `permission` char(1) NOT NULL DEFAULT '0'
) ENGINE=MyISAM DEFAULT CHARSET=latin1;

--
-- Dumping data for table `idx_custom_field`
--

INSERT INTO `idx_custom_field` VALUES ('image','Image','IMAGE','',0,0,0,'','0','0','2'),('address','Address','TEXT','',0,0,0,'','0','0','0'),('city','City','TEXT','',0,0,0,'','0','0','0'),('state','State','TEXT','',0,0,0,'','0','0','0'),('country','Country','TEXT','',0,0,0,'','0','0','0'),('zip','Zip','TEXT','',0,0,0,'','0','0','0'),('phone','Phone','TEXT','',0,0,0,'','0','0','0'),('fax','Fax','TEXT','',0,0,0,'','0','0','0');

--
-- Table structure for table `idx_default_field`
--

CREATE TABLE `idx_default_field` (
  `field_name` varchar(64) NOT NULL,
  `required` char(1) NOT NULL,
  `visible` char(1) NOT NULL DEFAULT '1',
  `searchable` char(1) NOT NULL DEFAULT '1'
) ENGINE=MyISAM DEFAULT CHARSET=latin1;

--
-- Dumping data for table `idx_default_field`
--

INSERT INTO `idx_default_field` VALUES ('title','1','1','1'),('url','1','1','1'),('description','1','1','1'),('keywords','1','1','0'),('contact_name','1','1','1'),('email','1','1','1'),('reciprocal_url','0','0','1');

--
-- Table structure for table `idx_discount_coupon`
--

CREATE TABLE `idx_discount_coupon` (
  `coupon_id` int(11) NOT NULL AUTO_INCREMENT,
  `coupon_code` varchar(255) DEFAULT NULL,
  `coupon_value` varchar(50) DEFAULT NULL,
  `link_type` varchar(255) DEFAULT NULL,
  `start_date` date DEFAULT NULL,
  `expired_date` date DEFAULT NULL,
  `expired_usage` int(11) DEFAULT NULL,
  `usage_count` int(11) DEFAULT NULL,
  PRIMARY KEY (`coupon_id`)
) ENGINE=MyISAM DEFAULT CHARSET=latin1;

--
-- Dumping data for table `idx_discount_coupon`
--


--
-- Table structure for table `idx_editor`
--

CREATE TABLE `idx_editor` (
  `username` varchar(20) DEFAULT NULL,
  `category_id` mediumint(9) DEFAULT NULL,
  `category` char(1) DEFAULT NULL,
  `link` char(1) DEFAULT NULL,
  `review` char(1) DEFAULT NULL,
  `pick` char(1) DEFAULT NULL,
  `status` char(1) DEFAULT NULL,
  `date` date DEFAULT NULL
) ENGINE=MyISAM DEFAULT CHARSET=latin1;

--
-- Dumping data for table `idx_editor`
--


--
-- Table structure for table `idx_email_template`
--

CREATE TABLE `idx_email_template` (
  `email_template_id` int(10) unsigned NOT NULL AUTO_INCREMENT,
  `name` varchar(255) DEFAULT NULL,
  `subject` varchar(255) DEFAULT NULL,
  `body` text,
  `altbody` text,
  PRIMARY KEY (`email_template_id`)
) ENGINE=MyISAM AUTO_INCREMENT=37 DEFAULT CHARSET=latin1;

--
-- Dumping data for table `idx_email_template`
--



--
-- Table structure for table `idx_favorites`
--

CREATE TABLE `idx_favorites` (
  `favorite_id` int(11) NOT NULL AUTO_INCREMENT,
  `username` varchar(20) DEFAULT NULL,
  `date` date DEFAULT NULL,
  `title` varchar(100) DEFAULT NULL,
  `description` text,
  PRIMARY KEY (`favorite_id`)
) ENGINE=MyISAM DEFAULT CHARSET=latin1;

--
-- Dumping data for table `idx_favorites`
--


--
-- Table structure for table `idx_favorites_detail`
--

CREATE TABLE `idx_favorites_detail` (
  `favorite_id` int(11) DEFAULT NULL,
  `link_id` mediumint(9) DEFAULT NULL
) ENGINE=MyISAM DEFAULT CHARSET=latin1;

--
-- Dumping data for table `idx_favorites_detail`
--


--
-- Table structure for table `idx_hook_place`
--

CREATE TABLE `idx_hook_place` (
  `hook_place_id` int(11) NOT NULL AUTO_INCREMENT,
  `filename` varchar(255) DEFAULT NULL,
  `hookname` varchar(255) DEFAULT NULL,
  PRIMARY KEY (`hook_place_id`)
) ENGINE=MyISAM DEFAULT CHARSET=latin1;

--
-- Dumping data for table `idx_hook_place`
--


--
-- Table structure for table `idx_invoice`
--

CREATE TABLE `idx_invoice` (
  `invoice_id` varchar(10) NOT NULL DEFAULT '',
  `invoice_date` date DEFAULT NULL,
  `due_date` date DEFAULT NULL,
  `invoiced_to` text,
  `service` varchar(255) DEFAULT NULL,
  `description` text,
  `total` double(8,2) DEFAULT NULL,
  `comment` text,
  `paid` char(1) DEFAULT NULL,
  `paid_date` date DEFAULT NULL,
  `email` varchar(255) DEFAULT NULL,
  PRIMARY KEY (`invoice_id`)
) ENGINE=MyISAM DEFAULT CHARSET=latin1;

--
-- Dumping data for table `idx_invoice`
--


--
-- Table structure for table `idx_invoice_config`
--

CREATE TABLE `idx_invoice_config` (
  `company` varchar(255) DEFAULT NULL,
  `contact` varchar(255) DEFAULT NULL,
  `address` text,
  `phone` varchar(255) DEFAULT NULL,
  `email` varchar(255) DEFAULT NULL,
  `currency_symbol` varchar(255) DEFAULT '$',
  `currency_code` varchar(255) DEFAULT 'USD'
) ENGINE=MyISAM DEFAULT CHARSET=latin1;

--
-- Dumping data for table `idx_invoice_config`
--

INSERT INTO `idx_invoice_config` VALUES ('Your website / Company','Billing Department','Your address','Your phone #','Billing<name@yourdomain.com>','$','USD');

--
-- Table structure for table `idx_link_temp`
--

CREATE TABLE `idx_link_temp` (
  `vid` mediumint(9) unsigned NOT NULL AUTO_INCREMENT,
  `spam` char(1) NOT NULL DEFAULT '0',
  `link_id` mediumint(9) DEFAULT NULL,
  `category_id` mediumint(9) unsigned NOT NULL DEFAULT '0',
  `title` varchar(100) NOT NULL DEFAULT '',
  `url` text NOT NULL,
  `description` text NOT NULL,
  `contact_name` varchar(100) NOT NULL DEFAULT '',
  `email` varchar(100) NOT NULL DEFAULT '',
  `hits` mediumint(9) DEFAULT NULL,
  `votes` smallint(6) DEFAULT NULL,
  `rating` float(4,2) DEFAULT NULL,
  `date` datetime NOT NULL DEFAULT '0000-00-00 00:00:00',
  `bid` smallint(6) NOT NULL DEFAULT '0',
  `new` char(1) DEFAULT NULL,
  `hot` char(1) DEFAULT NULL,
  `top_rated` char(1) DEFAULT NULL,
  `pick` char(1) DEFAULT NULL,
  `password` varchar(20) DEFAULT NULL,
  `updated` char(1) DEFAULT NULL,
  `reviews` smallint(6) DEFAULT NULL,
  `avg_review` float(4,2) DEFAULT NULL,
  `last_updated` datetime DEFAULT NULL,
  `official_review` text,
  `keywords` varchar(255) DEFAULT NULL,
  `cat1` mediumint(6) NOT NULL DEFAULT '0',
  `cat2` mediumint(6) NOT NULL DEFAULT '0',
  `suspended` char(1) NOT NULL DEFAULT '0',
  `reciprocal_url` varchar(255) DEFAULT NULL,
  `address` varchar(255) DEFAULT NULL,
  `city` varchar(255) DEFAULT NULL,
  `state` varchar(255) DEFAULT NULL,
  `country` varchar(255) DEFAULT NULL,
  `zip` varchar(255) DEFAULT NULL,
  `image` varchar(255) DEFAULT NULL,
  `phone` varchar(255) DEFAULT NULL,
  `fax` varchar(255) DEFAULT NULL,
  PRIMARY KEY (`vid`)
) ENGINE=MyISAM DEFAULT CHARSET=latin1;

--
-- Dumping data for table `idx_link_temp`
--


--
-- Table structure for table `idx_link_temp_user`
--

CREATE TABLE `idx_link_temp_user` (
  `vid` mediumint(9) unsigned NOT NULL DEFAULT '0',
  `username` varchar(20) NOT NULL DEFAULT '',
  PRIMARY KEY (`vid`)
) ENGINE=MyISAM DEFAULT CHARSET=latin1;

--
-- Dumping data for table `idx_link_temp_user`
--


--
-- Table structure for table `idx_link_user`
--

CREATE TABLE `idx_link_user` (
  `link_id` mediumint(9) unsigned NOT NULL DEFAULT '0',
  `username` varchar(20) NOT NULL DEFAULT '',
  PRIMARY KEY (`link_id`)
) ENGINE=MyISAM DEFAULT CHARSET=latin1;

--
-- Dumping data for table `idx_link_user`
--


--
-- Table structure for table `idx_mailing_list`
--

CREATE TABLE `idx_mailing_list` (
  `email` varchar(50) NOT NULL DEFAULT '',
  `code` varchar(4) DEFAULT NULL,
  `status` char(1) DEFAULT NULL,
  PRIMARY KEY (`email`)
) ENGINE=MyISAM DEFAULT CHARSET=latin1;

--
-- Dumping data for table `idx_mailing_list`
--


--
-- Table structure for table `idx_message`
--

CREATE TABLE `idx_message` (
  `message_id` smallint(6) NOT NULL AUTO_INCREMENT,
  `date` date DEFAULT NULL,
  `body` text,
  `subject` varchar(100) DEFAULT NULL,
  PRIMARY KEY (`message_id`)
) ENGINE=MyISAM DEFAULT CHARSET=latin1;

--
-- Dumping data for table `idx_message`
--


--
-- Table structure for table `idx_notification`
--

CREATE TABLE `idx_notification` (
  `username` varchar(20) NOT NULL DEFAULT '',
  `category_id` mediumint(9) NOT NULL DEFAULT '0'
) ENGINE=MyISAM DEFAULT CHARSET=latin1;

--
-- Dumping data for table `idx_notification`
--


--
-- Table structure for table `idx_pagerank`
--

CREATE TABLE `idx_pagerank` (
  `link_id` mediumint(8) unsigned NOT NULL DEFAULT '0',
  `engine` char(1) NOT NULL DEFAULT '',
  `rank` tinyint(4) NOT NULL DEFAULT '0',
  `last_update` date NOT NULL DEFAULT '0000-00-00',
  PRIMARY KEY (`link_id`,`engine`)
) ENGINE=MyISAM DEFAULT CHARSET=latin1;

--
-- Dumping data for table `idx_pagerank`
--

INSERT INTO `idx_pagerank` VALUES (113,'g',0,'2012-03-05'),(3,'g',0,'2012-01-16'),(123,'g',0,'2012-01-16'),(124,'g',0,'2012-01-16'),(157,'g',0,'2011-12-01'),(244,'g',0,'2011-12-01'),(105,'g',0,'2012-01-27'),(136,'g',0,'2012-01-09'),(6,'g',0,'2012-01-09'),(5,'g',0,'2012-01-09'),(215,'g',0,'2011-12-02'),(184,'g',0,'2011-12-02'),(176,'g',0,'2011-12-02'),(217,'g',0,'2011-12-02'),(185,'g',0,'2011-12-02'),(146,'g',0,'2011-12-02'),(216,'g',0,'2011-12-02'),(68,'g',0,'2012-03-04'),(312,'g',0,'2011-12-02'),(126,'g',0,'2012-01-27'),(160,'g',0,'2011-12-02'),(131,'g',0,'2012-01-27'),(23,'g',0,'2012-01-21'),(112,'g',0,'2012-01-02'),(257,'g',0,'2011-12-02'),(116,'g',0,'2012-03-06'),(100,'g',0,'2011-12-02'),(170,'g',0,'2011-12-02'),(79,'g',0,'2012-01-27'),(35,'g',0,'2012-03-06'),(89,'g',0,'2012-03-06'),(162,'g',0,'2011-12-02'),(115,'g',0,'2012-03-06'),(36,'g',0,'2011-12-02'),(104,'g',0,'2012-01-27'),(37,'g',0,'2012-01-27'),(56,'g',0,'2012-01-21'),(114,'g',0,'2012-03-05'),(88,'g',0,'2012-03-06'),(41,'g',0,'2012-03-06'),(20,'g',0,'2012-01-21'),(263,'g',0,'2012-02-22'),(165,'g',0,'2011-12-02'),(111,'g',0,'2012-02-13'),(50,'g',0,'2012-01-24'),(25,'g',0,'2012-01-24'),(48,'g',0,'2012-01-24'),(310,'g',0,'2012-02-22'),(150,'g',0,'2011-12-02'),(9,'g',0,'2012-02-13'),(122,'g',0,'2012-02-13'),(169,'g',0,'2011-12-02'),(29,'g',0,'2011-12-02'),(156,'g',0,'2011-12-02'),(237,'g',0,'2011-12-02'),(7,'g',0,'2012-01-24'),(60,'g',0,'2012-02-13'),(26,'g',0,'2011-12-02'),(71,'g',0,'2012-01-24'),(66,'g',0,'2012-01-24'),(117,'g',0,'2012-01-30'),(27,'g',0,'2012-02-22'),(151,'g',0,'2011-12-02'),(54,'g',0,'2012-01-13'),(28,'g',0,'2012-01-13'),(30,'g',0,'2012-01-24'),(58,'g',0,'2012-01-12'),(14,'g',0,'2012-03-03'),(10,'g',0,'2012-03-03'),(44,'g',0,'2012-03-03'),(12,'g',0,'2012-01-09'),(46,'g',0,'2012-01-15'),(24,'g',0,'2012-03-03'),(94,'g',0,'2012-01-09'),(17,'g',0,'2012-03-03'),(13,'g',0,'2012-01-09'),(181,'g',0,'2011-12-02'),(276,'g',0,'2012-01-09'),(53,'g',0,'2012-03-03'),(45,'g',0,'2012-03-03'),(51,'g',0,'2012-03-03'),(32,'g',0,'2012-03-03'),(21,'g',0,'2012-03-04'),(246,'g',0,'2012-02-13'),(77,'g',0,'2012-03-06'),(69,'g',0,'2012-03-04'),(42,'g',0,'2012-02-13'),(92,'g',0,'2011-12-02'),(63,'g',0,'2012-03-04'),(174,'g',0,'2011-12-03'),(38,'g',0,'2012-02-24'),(22,'g',0,'2012-02-22'),(8,'g',0,'2012-01-24'),(52,'g',0,'2011-12-03'),(270,'g',0,'2011-12-03'),(265,'g',0,'2012-02-22'),(43,'g',0,'2012-03-04'),(78,'g',0,'2012-03-04'),(73,'g',0,'2012-03-04'),(62,'g',0,'2012-02-24'),(76,'g',0,'2012-02-22'),(11,'g',0,'2012-02-13'),(159,'g',0,'2011-12-03'),(19,'g',0,'2012-03-04'),(47,'g',0,'2012-01-12'),(269,'g',0,'2011-12-03'),(118,'g',0,'2012-02-13'),(72,'g',0,'2012-02-13'),(40,'g',0,'2011-12-03'),(90,'g',0,'2012-03-06'),(70,'g',0,'2012-03-06'),(96,'g',0,'2011-12-03'),(61,'g',0,'2012-03-04'),(80,'g',0,'2012-03-04'),(262,'g',0,'2011-12-03'),(31,'g',0,'2012-01-12'),(81,'g',0,'2012-01-24'),(175,'g',0,'2011-12-03'),(133,'g',0,'2011-12-03'),(171,'g',0,'2011-12-03'),(64,'g',0,'2012-01-24'),(39,'g',0,'2012-01-21'),(18,'g',0,'2012-02-24'),(4,'g',0,'2012-03-04'),(110,'g',0,'2012-03-04'),(59,'g',0,'2012-02-13'),(2,'g',0,'2012-03-04'),(172,'g',0,'2011-12-03'),(16,'g',0,'2011-12-03'),(242,'g',0,'2012-01-07'),(266,'g',0,'2012-01-30'),(74,'g',0,'2012-03-04'),(67,'g',0,'2012-03-06'),(106,'g',0,'2012-01-13'),(87,'g',0,'2011-12-03'),(108,'g',0,'2012-02-13'),(49,'g',0,'2012-02-22'),(258,'g',0,'2012-01-30'),(1,'g',0,'2012-01-13'),(134,'g',0,'2012-01-02'),(102,'g',0,'2012-01-13'),(15,'g',0,'2012-03-04'),(57,'g',0,'2012-03-04'),(34,'g',0,'2012-03-04'),(155,'g',0,'2011-12-03'),(75,'g',0,'2012-02-13'),(478,'g',0,'2012-01-09'),(465,'g',0,'2012-01-09'),(383,'g',0,'2012-01-09'),(502,'g',0,'2011-12-05'),(461,'g',0,'2012-01-09'),(337,'g',0,'2011-12-06'),(343,'g',0,'2011-12-07'),(339,'g',0,'2011-12-07'),(361,'g',0,'2011-12-07'),(384,'g',0,'2011-12-07'),(33,'g',0,'2012-01-21'),(107,'g',0,'2012-01-27'),(65,'g',0,'2012-01-27'),(248,'g',0,'2011-12-12'),(129,'g',0,'2011-12-12'),(121,'g',0,'2011-12-12'),(227,'g',0,'2011-12-12'),(226,'g',0,'2011-12-12'),(241,'g',0,'2011-12-12'),(224,'g',0,'2011-12-12'),(223,'g',0,'2011-12-12'),(220,'g',0,'2011-12-12'),(222,'g',0,'2011-12-12'),(463,'g',0,'2011-12-12'),(546,'g',0,'2011-12-12'),(544,'g',0,'2011-12-12'),(453,'g',0,'2011-12-12'),(401,'g',0,'2011-12-12'),(394,'g',0,'2011-12-12'),(309,'g',0,'2011-12-12'),(400,'g',0,'2011-12-12'),(365,'g',0,'2011-12-12'),(375,'g',0,'2011-12-12'),(260,'g',0,'2011-12-12'),(362,'g',0,'2011-12-12'),(378,'g',0,'2011-12-12'),(399,'g',0,'2011-12-12'),(349,'g',0,'2011-12-12'),(452,'g',0,'2011-12-12'),(447,'g',0,'2011-12-12'),(473,'g',0,'2011-12-12'),(440,'g',0,'2011-12-12'),(308,'g',0,'2011-12-12'),(261,'g',0,'2011-12-12'),(503,'g',0,'2011-12-12'),(332,'g',0,'2011-12-12'),(334,'g',0,'2011-12-12'),(521,'g',0,'2011-12-13'),(513,'g',0,'2011-12-14'),(252,'g',0,'2011-12-14'),(464,'g',0,'2011-12-14'),(391,'g',0,'2011-12-14'),(278,'g',0,'2011-12-14'),(316,'g',0,'2011-12-14'),(445,'g',0,'2011-12-14'),(511,'g',0,'2011-12-14'),(392,'g',0,'2011-12-15'),(320,'g',0,'2011-12-15'),(243,'g',0,'2011-12-15'),(516,'g',0,'2011-12-15'),(403,'g',0,'2011-12-15'),(402,'g',0,'2011-12-15'),(533,'g',0,'2011-12-15'),(390,'g',0,'2011-12-15'),(531,'g',0,'2011-12-15'),(536,'g',0,'2012-01-20'),(324,'g',0,'2011-12-15'),(360,'g',0,'2011-12-15'),(480,'g',0,'2011-12-15'),(321,'g',0,'2011-12-15'),(535,'g',0,'2011-12-16'),(604,'g',0,'2011-12-16'),(358,'g',0,'2011-12-16'),(389,'g',0,'2011-12-16'),(548,'g',0,'2011-12-16'),(599,'g',0,'2011-12-16'),(605,'g',0,'2011-12-16'),(534,'g',0,'2011-12-16'),(393,'g',0,'2011-12-16'),(518,'g',0,'2011-12-16'),(591,'g',0,'2011-12-16'),(592,'g',0,'2011-12-16'),(613,'g',0,'2011-12-16'),(672,'g',0,'2012-01-20'),(655,'g',0,'2012-01-20'),(639,'g',0,'2011-12-17'),(659,'g',0,'2011-12-17'),(633,'g',0,'2011-12-17'),(355,'g',0,'2011-12-17'),(347,'g',0,'2011-12-17'),(620,'g',0,'2011-12-17'),(664,'g',0,'2011-12-17'),(632,'g',0,'2011-12-17'),(441,'g',0,'2011-12-17'),(250,'g',0,'2011-12-18'),(619,'g',0,'2011-12-18'),(625,'g',0,'2011-12-18'),(229,'g',0,'2011-12-18'),(228,'g',0,'2011-12-18'),(304,'g',0,'2011-12-18'),(649,'g',0,'2011-12-18'),(85,'g',0,'2011-12-18'),(307,'g',0,'2011-12-18'),(301,'g',0,'2011-12-18'),(302,'g',0,'2011-12-18'),(303,'g',0,'2011-12-18'),(99,'g',0,'2011-12-18'),(322,'g',0,'2011-12-18'),(127,'g',0,'2011-12-18'),(323,'g',0,'2011-12-18'),(656,'g',0,'2011-12-18'),(325,'g',0,'2011-12-18'),(670,'g',0,'2011-12-18'),(306,'g',0,'2011-12-19'),(645,'g',0,'2011-12-19'),(305,'g',0,'2011-12-19'),(668,'g',0,'2011-12-19'),(95,'g',0,'2011-12-19'),(614,'g',0,'2011-12-19'),(666,'g',0,'2011-12-19'),(647,'g',0,'2011-12-19'),(505,'g',0,'2012-01-24'),(542,'g',0,'2012-01-24'),(635,'g',0,'2012-01-24'),(380,'g',0,'2012-01-24'),(652,'g',0,'2011-12-22'),(648,'g',0,'2011-12-22'),(646,'g',0,'2011-12-22'),(83,'g',0,'2011-12-22'),(98,'g',0,'2011-12-22'),(128,'g',0,'2011-12-22'),(97,'g',0,'2011-12-22'),(82,'g',0,'2011-12-22'),(132,'g',0,'2011-12-22'),(86,'g',0,'2011-12-22'),(631,'g',0,'2011-12-22'),(630,'g',0,'2011-12-22'),(268,'g',0,'2011-12-22'),(287,'g',0,'2011-12-22'),(272,'g',0,'2011-12-22'),(285,'g',0,'2011-12-22'),(290,'g',0,'2011-12-22'),(274,'g',0,'2011-12-22'),(284,'g',0,'2011-12-22'),(289,'g',0,'2011-12-22'),(267,'g',0,'2011-12-22'),(233,'g',0,'2011-12-22'),(264,'g',0,'2011-12-22'),(286,'g',0,'2011-12-22'),(277,'g',0,'2011-12-23'),(283,'g',0,'2011-12-23'),(443,'g',0,'2011-12-23'),(552,'g',0,'2011-12-23'),(540,'g',0,'2011-12-23'),(288,'g',0,'2011-12-23'),(281,'g',0,'2011-12-23'),(282,'g',0,'2011-12-23'),(381,'g',0,'2011-12-23'),(557,'g',0,'2011-12-23'),(368,'g',0,'2011-12-23'),(354,'g',0,'2011-12-23'),(382,'g',0,'2011-12-23'),(551,'g',0,'2011-12-23'),(674,'g',0,'2011-12-23'),(700,'g',0,'2011-12-23'),(471,'g',0,'2012-01-30'),(529,'g',0,'2012-01-30'),(466,'g',0,'2012-01-30'),(654,'g',0,'2012-01-27'),(663,'g',0,'2012-01-27'),(328,'g',0,'2011-12-25'),(327,'g',0,'2011-12-25'),(326,'g',0,'2011-12-25'),(344,'g',0,'2011-12-25'),(329,'g',0,'2011-12-25'),(331,'g',0,'2011-12-25'),(330,'g',0,'2011-12-25'),(333,'g',0,'2011-12-25'),(338,'g',0,'2011-12-25'),(346,'g',0,'2011-12-25'),(254,'g',0,'2011-12-25'),(618,'g',0,'2011-12-25'),(450,'g',0,'2011-12-25'),(364,'g',0,'2012-03-04'),(372,'g',0,'2012-03-04'),(348,'g',0,'2012-03-04'),(247,'g',0,'2011-12-26'),(504,'g',0,'2011-12-26'),(249,'g',0,'2011-12-26'),(487,'g',0,'2012-02-22'),(501,'g',0,'2011-12-26'),(640,'g',0,'2011-12-26'),(356,'g',0,'2012-02-06'),(367,'g',0,'2011-12-26'),(637,'g',0,'2012-02-06'),(650,'g',0,'2011-12-27'),(671,'g',0,'2012-02-24'),(442,'g',0,'2012-02-13'),(457,'g',0,'2012-02-22'),(644,'g',0,'2011-12-27'),(462,'g',0,'2011-12-27'),(641,'g',0,'2011-12-27'),(396,'g',0,'2012-02-06'),(279,'g',0,'2011-12-27'),(314,'g',0,'2011-12-27'),(280,'g',0,'2011-12-27'),(235,'g',0,'2011-12-27'),(315,'g',0,'2011-12-27'),(271,'g',0,'2011-12-27'),(230,'g',0,'2011-12-27'),(642,'g',0,'2011-12-27'),(377,'g',0,'2012-02-06'),(387,'g',0,'2012-02-06'),(342,'g',0,'2011-12-27'),(643,'g',0,'2011-12-27'),(623,'g',0,'2011-12-27'),(651,'g',0,'2012-02-13'),(379,'g',0,'2012-02-13'),(693,'g',0,'2012-02-23'),(483,'g',0,'2012-02-13'),(658,'g',0,'2012-02-23'),(669,'g',0,'2011-12-28'),(335,'g',0,'2011-12-28'),(317,'g',0,'2011-12-28'),(369,'g',0,'2011-12-28'),(373,'g',0,'2011-12-28'),(313,'g',0,'2011-12-28'),(366,'g',0,'2011-12-28'),(341,'g',0,'2011-12-28'),(352,'g',0,'2011-12-28'),(350,'g',0,'2011-12-28'),(371,'g',0,'2011-12-28'),(741,'g',0,'2011-12-28'),(679,'g',0,'2011-12-29'),(351,'g',0,'2011-12-29'),(446,'g',0,'2011-12-29'),(680,'g',0,'2011-12-29'),(704,'g',0,'2011-12-29'),(376,'g',0,'2011-12-29'),(730,'g',0,'2011-12-29'),(740,'g',0,'2012-02-24'),(734,'g',0,'2012-02-24'),(359,'g',0,'2011-12-29'),(745,'g',0,'2011-12-29'),(708,'g',0,'2011-12-29'),(353,'g',0,'2011-12-29'),(318,'g',0,'2011-12-29'),(319,'g',0,'2011-12-29'),(232,'g',0,'2011-12-29'),(682,'g',0,'2011-12-29'),(661,'g',0,'2011-12-29'),(695,'g',0,'2011-12-29'),(221,'g',0,'2011-12-29'),(628,'g',0,'2011-12-29'),(225,'g',0,'2011-12-29'),(634,'g',0,'2011-12-29'),(657,'g',0,'2011-12-29'),(231,'g',0,'2011-12-29'),(699,'g',0,'2011-12-29'),(673,'g',0,'2011-12-29'),(662,'g',0,'2011-12-29'),(698,'g',0,'2011-12-29'),(697,'g',0,'2011-12-29'),(130,'g',0,'2011-12-29'),(135,'g',0,'2011-12-29'),(678,'g',0,'2011-12-29'),(701,'g',0,'2011-12-29'),(703,'g',0,'2011-12-29'),(239,'g',0,'2011-12-29'),(251,'g',0,'2011-12-29'),(275,'g',0,'2011-12-29'),(255,'g',0,'2011-12-29'),(253,'g',0,'2011-12-29'),(273,'g',0,'2011-12-29'),(311,'g',0,'2011-12-29'),(245,'g',0,'2011-12-29'),(240,'g',0,'2011-12-29'),(236,'g',0,'2011-12-29'),(93,'g',0,'2011-12-29'),(84,'g',0,'2011-12-29'),(55,'g',0,'2012-02-10'),(91,'g',0,'2011-12-29'),(125,'g',0,'2011-12-29'),(103,'g',0,'2011-12-29'),(120,'g',0,'2011-12-29'),(101,'g',0,'2011-12-29'),(119,'g',0,'2011-12-29'),(109,'g',0,'2011-12-29'),(617,'g',0,'2011-12-30'),(616,'g',0,'2011-12-30'),(238,'g',0,'2011-12-30'),(728,'g',0,'2011-12-30'),(234,'g',0,'2011-12-30'),(755,'g',0,'2011-12-30'),(705,'g',0,'2011-12-30'),(696,'g',0,'2011-12-30'),(374,'g',0,'2011-12-30'),(507,'g',0,'2011-12-31'),(681,'g',0,'2011-12-31'),(665,'g',0,'2011-12-31'),(558,'g',0,'2011-12-31'),(363,'g',0,'2011-12-31'),(724,'g',0,'2012-03-04'),(667,'g',0,'2012-01-01'),(716,'g',0,'2012-01-01'),(388,'g',0,'2012-01-02'),(386,'g',0,'2012-01-02'),(720,'g',0,'2012-02-22'),(747,'g',0,'2012-01-02'),(493,'g',0,'2012-01-02'),(723,'g',0,'2012-02-23'),(481,'g',0,'2012-01-02'),(370,'g',0,'2012-01-02'),(725,'g',0,'2012-01-02'),(758,'g',0,'2012-01-02'),(744,'g',0,'2012-02-23'),(750,'g',0,'2012-01-03'),(763,'g',0,'2012-01-05'),(785,'g',0,'2012-02-23'),(771,'g',0,'2012-01-09'),(795,'g',0,'2012-01-09'),(783,'g',0,'2012-01-09'),(768,'g',0,'2012-02-24'),(788,'g',0,'2012-01-12'),(769,'g',0,'2012-01-12'),(824,'g',0,'2012-01-13'),(256,'g',0,'2012-01-13'),(812,'g',0,'2012-01-13'),(784,'g',0,'2012-01-13'),(805,'g',0,'2012-01-13'),(777,'g',0,'2012-01-14'),(832,'g',0,'2012-01-14'),(772,'g',0,'2012-01-14'),(735,'g',0,'2012-01-14'),(742,'g',0,'2012-01-14'),(776,'g',0,'2012-01-14'),(775,'g',0,'2012-01-14'),(800,'g',0,'2012-02-24'),(851,'g',0,'2012-02-24'),(833,'g',0,'2012-01-19'),(826,'g',0,'2012-01-19'),(687,'g',0,'2012-01-19'),(686,'g',0,'2012-01-19'),(689,'g',0,'2012-01-19'),(691,'g',0,'2012-01-19'),(660,'g',0,'2012-01-19'),(726,'g',0,'2012-01-21'),(748,'g',0,'2012-01-21'),(719,'g',0,'2012-01-21'),(718,'g',0,'2012-01-21'),(894,'g',0,'2012-01-21'),(767,'g',0,'2012-01-21'),(751,'g',0,'2012-01-21'),(729,'g',0,'2012-01-21'),(743,'g',0,'2012-01-21'),(727,'g',0,'2012-01-21'),(541,'g',0,'2012-01-21'),(813,'g',0,'2012-01-21'),(556,'g',0,'2012-01-21'),(880,'g',0,'2012-01-21'),(449,'g',0,'2012-01-21'),(404,'g',0,'2012-01-22'),(459,'g',0,'2012-01-22'),(451,'g',0,'2012-01-22'),(455,'g',0,'2012-01-22'),(395,'g',0,'2012-01-22'),(385,'g',0,'2012-01-22'),(835,'g',0,'2012-01-22'),(882,'g',0,'2012-01-22'),(821,'g',0,'2012-01-22'),(759,'g',0,'2012-01-22'),(707,'g',0,'2012-01-22'),(778,'g',0,'2012-01-22'),(779,'g',0,'2012-01-22'),(844,'g',0,'2012-01-22'),(836,'g',0,'2012-01-22'),(774,'g',0,'2012-01-22'),(749,'g',0,'2012-01-22'),(537,'g',0,'2012-01-22'),(796,'g',0,'2012-01-22'),(809,'g',0,'2012-01-22'),(806,'g',0,'2012-01-22'),(492,'g',0,'2012-01-22'),(811,'g',0,'2012-01-22'),(398,'g',0,'2012-01-22'),(300,'g',0,'2012-01-22'),(298,'g',0,'2012-01-22'),(299,'g',0,'2012-01-22'),(904,'g',0,'2012-01-23'),(753,'g',0,'2012-01-24'),(760,'g',0,'2012-01-24'),(773,'g',0,'2012-01-24'),(895,'g',0,'2012-03-06'),(807,'g',0,'2012-01-27'),(850,'g',0,'2012-01-27'),(764,'g',0,'2012-01-27'),(765,'g',0,'2012-01-27'),(820,'g',0,'2012-01-28'),(907,'g',0,'2012-01-29'),(906,'g',0,'2012-01-29'),(905,'g',0,'2012-01-29'),(908,'g',0,'2012-01-29'),(914,'g',0,'2012-01-29'),(928,'g',0,'2012-01-31'),(923,'g',0,'2012-01-31'),(934,'g',0,'2012-02-02'),(947,'g',0,'2012-02-03'),(926,'g',0,'2012-02-05'),(953,'g',0,'2012-02-05'),(955,'g',0,'2012-02-05'),(550,'g',0,'2012-02-05'),(532,'g',0,'2012-02-05'),(259,'g',0,'2012-02-07'),(611,'g',0,'2012-02-07'),(702,'g',0,'2012-02-09'),(692,'g',0,'2012-02-09'),(653,'g',0,'2012-02-09'),(690,'g',0,'2012-02-09'),(683,'g',0,'2012-02-10'),(626,'g',0,'2012-02-10'),(715,'g',0,'2012-02-10'),(688,'g',0,'2012-02-10'),(685,'g',0,'2012-02-10'),(684,'g',0,'2012-02-10'),(1025,'g',0,'2012-02-11'),(939,'g',0,'2012-02-12'),(930,'g',0,'2012-02-12'),(485,'g',0,'2012-02-13'),(488,'g',0,'2012-02-13'),(474,'g',0,'2012-02-13'),(475,'g',0,'2012-02-13'),(935,'g',0,'2012-02-13'),(932,'g',0,'2012-02-13'),(892,'g',0,'2012-02-13'),(482,'g',0,'2012-02-13'),(862,'g',0,'2012-02-13'),(925,'g',0,'2012-02-13'),(476,'g',0,'2012-02-13'),(863,'g',0,'2012-02-13'),(903,'g',0,'2012-02-13'),(861,'g',0,'2012-02-13'),(931,'g',0,'2012-02-13'),(860,'g',0,'2012-02-13'),(484,'g',0,'2012-02-13'),(477,'g',0,'2012-02-13'),(479,'g',0,'2012-02-13'),(486,'g',0,'2012-02-13'),(495,'g',0,'2012-02-13'),(489,'g',0,'2012-02-13'),(500,'g',0,'2012-02-13'),(431,'g',0,'2012-02-13'),(491,'g',0,'2012-02-13'),(499,'g',0,'2012-02-13'),(508,'g',0,'2012-02-13'),(437,'g',0,'2012-02-13'),(434,'g',0,'2012-02-13'),(435,'g',0,'2012-02-13'),(433,'g',0,'2012-02-13'),(436,'g',0,'2012-02-13'),(438,'g',0,'2012-02-13'),(432,'g',0,'2012-02-13'),(429,'g',0,'2012-02-13'),(494,'g',0,'2012-02-13'),(430,'g',0,'2012-02-13'),(498,'g',0,'2012-02-13'),(497,'g',0,'2012-02-13'),(496,'g',0,'2012-02-13'),(444,'g',0,'2012-02-14'),(470,'g',0,'2012-02-14'),(469,'g',0,'2012-02-14'),(527,'g',0,'2012-02-14'),(490,'g',0,'2012-02-14'),(448,'g',0,'2012-02-14'),(336,'g',0,'2012-02-14'),(340,'g',0,'2012-02-14'),(345,'g',0,'2012-02-14'),(538,'g',0,'2012-02-14'),(439,'g',0,'2012-02-14'),(1009,'g',0,'2012-02-14'),(472,'g',0,'2012-02-14'),(467,'g',0,'2012-02-14'),(959,'g',0,'2012-02-14'),(946,'g',0,'2012-02-14'),(943,'g',0,'2012-02-14'),(987,'g',0,'2012-02-14'),(937,'g',0,'2012-02-14'),(960,'g',0,'2012-02-14'),(1010,'g',0,'2012-02-14'),(460,'g',0,'2012-02-14'),(468,'g',0,'2012-02-14'),(721,'g',0,'2012-02-14'),(530,'g',0,'2012-02-14'),(1021,'g',0,'2012-02-14'),(1020,'g',0,'2012-02-14'),(510,'g',0,'2012-02-14'),(1019,'g',0,'2012-02-14'),(706,'g',0,'2012-02-14'),(456,'g',0,'2012-02-14'),(458,'g',0,'2012-02-14'),(539,'g',0,'2012-02-14'),(543,'g',0,'2012-02-14'),(545,'g',0,'2012-02-14'),(515,'g',0,'2012-02-14'),(514,'g',0,'2012-02-14'),(512,'g',0,'2012-02-14'),(999,'g',0,'2012-02-14'),(997,'g',0,'2012-02-14'),(612,'g',0,'2012-02-14'),(1002,'g',0,'2012-02-14'),(986,'g',0,'2012-02-14'),(1024,'g',0,'2012-02-14'),(756,'g',0,'2012-02-14'),(1012,'g',0,'2012-02-14'),(782,'g',0,'2012-02-14'),(757,'g',0,'2012-02-14'),(1017,'g',0,'2012-02-14'),(770,'g',0,'2012-02-14'),(1015,'g',0,'2012-02-14'),(786,'g',0,'2012-02-14'),(994,'g',0,'2012-02-14'),(989,'g',0,'2012-02-14'),(996,'g',0,'2012-02-14'),(840,'g',0,'2012-02-14'),(803,'g',0,'2012-02-14'),(950,'g',0,'2012-02-14'),(899,'g',0,'2012-02-14'),(998,'g',0,'2012-02-14'),(738,'g',0,'2012-02-14'),(978,'g',0,'2012-02-14'),(966,'g',0,'2012-02-14'),(984,'g',0,'2012-02-14'),(891,'g',0,'2012-02-14'),(941,'g',0,'2012-02-14'),(992,'g',0,'2012-02-14'),(746,'g',0,'2012-02-14'),(967,'g',0,'2012-02-14'),(736,'g',0,'2012-02-14'),(983,'g',0,'2012-02-14'),(893,'g',0,'2012-02-14'),(948,'g',0,'2012-02-14'),(969,'g',0,'2012-02-14'),(528,'g',0,'2012-02-14'),(554,'g',0,'2012-02-14'),(549,'g',0,'2012-02-15'),(559,'g',0,'2012-02-15'),(524,'g',0,'2012-02-15'),(814,'g',0,'2012-02-15'),(737,'g',0,'2012-02-15'),(975,'g',0,'2012-02-15'),(968,'g',0,'2012-02-15'),(522,'g',0,'2012-02-15'),(526,'g',0,'2012-02-15'),(1003,'g',0,'2012-02-15'),(979,'g',0,'2012-02-15'),(964,'g',0,'2012-02-15'),(798,'g',0,'2012-02-15'),(876,'g',0,'2012-02-15'),(520,'g',0,'2012-02-15'),(818,'g',0,'2012-02-15'),(608,'g',0,'2012-02-15'),(877,'g',0,'2012-02-15'),(553,'g',0,'2012-02-15'),(951,'g',0,'2012-02-15'),(827,'g',0,'2012-02-15'),(971,'g',0,'2012-02-15'),(1001,'g',0,'2012-02-15'),(956,'g',0,'2012-02-15'),(970,'g',0,'2012-02-15'),(922,'g',0,'2012-02-15'),(981,'g',0,'2012-02-15'),(995,'g',0,'2012-02-15'),(974,'g',0,'2012-02-15'),(991,'g',0,'2012-02-15'),(525,'g',0,'2012-02-15'),(961,'g',0,'2012-02-15'),(1013,'g',0,'2012-02-15'),(949,'g',0,'2012-02-15'),(963,'g',0,'2012-02-15'),(1004,'g',0,'2012-02-15'),(1007,'g',0,'2012-02-15'),(523,'g',0,'2012-02-15'),(965,'g',0,'2012-02-15'),(1006,'g',0,'2012-02-15'),(519,'g',0,'2012-02-15'),(972,'g',0,'2012-02-15'),(980,'g',0,'2012-02-15'),(1005,'g',0,'2012-02-15'),(547,'g',0,'2012-02-15'),(985,'g',0,'2012-02-15'),(990,'g',0,'2012-02-15'),(1000,'g',0,'2012-02-15'),(1011,'g',0,'2012-02-15'),(977,'g',0,'2012-02-15'),(976,'g',0,'2012-02-15'),(739,'g',0,'2012-02-15'),(988,'g',0,'2012-02-15'),(993,'g',0,'2012-02-15'),(517,'g',0,'2012-02-15'),(962,'g',0,'2012-02-15'),(982,'g',0,'2012-02-15'),(952,'g',0,'2012-02-15'),(900,'g',0,'2012-02-15'),(973,'g',0,'2012-02-15'),(555,'g',0,'2012-02-15'),(915,'g',0,'2012-02-15'),(1014,'g',0,'2012-02-15'),(1027,'g',0,'2012-02-15'),(897,'g',0,'2012-02-15'),(1032,'g',0,'2012-02-15'),(957,'g',0,'2012-02-15'),(506,'g',0,'2012-02-16'),(509,'g',0,'2012-02-16'),(838,'g',0,'2012-02-16'),(887,'g',0,'2012-02-16'),(815,'g',0,'2012-02-16'),(828,'g',0,'2012-02-16'),(837,'g',0,'2012-02-16'),(766,'g',0,'2012-02-16'),(841,'g',0,'2012-02-16'),(847,'g',0,'2012-02-16'),(834,'g',0,'2012-02-16'),(829,'g',0,'2012-02-16'),(901,'g',0,'2012-02-16'),(731,'g',0,'2012-02-16'),(830,'g',0,'2012-02-16'),(888,'g',0,'2012-02-16'),(794,'g',0,'2012-02-17'),(1028,'g',0,'2012-02-17'),(799,'g',0,'2012-02-17'),(913,'g',0,'2012-02-17'),(945,'g',0,'2012-02-17'),(843,'g',0,'2012-02-17'),(761,'g',0,'2012-02-17'),(722,'g',0,'2012-02-17'),(793,'g',0,'2012-02-17'),(792,'g',0,'2012-02-17'),(801,'g',0,'2012-02-17'),(791,'g',0,'2012-02-17'),(823,'g',0,'2012-02-17'),(790,'g',0,'2012-02-17'),(846,'g',0,'2012-02-17'),(848,'g',0,'2012-02-17'),(924,'g',0,'2012-02-17'),(942,'g',0,'2012-02-17'),(938,'g',0,'2012-02-17'),(954,'g',0,'2012-02-17'),(944,'g',0,'2012-02-17'),(1023,'g',0,'2012-02-18'),(1031,'g',0,'2012-02-18'),(1033,'g',0,'2012-02-18'),(881,'g',0,'2012-02-18'),(1040,'g',0,'2012-02-18'),(1022,'g',0,'2012-02-18'),(958,'g',0,'2012-02-20'),(936,'g',0,'2012-02-20'),(808,'g',0,'2012-02-20'),(1030,'g',0,'2012-02-20'),(1037,'g',0,'2012-02-20'),(1044,'g',0,'2012-02-22'),(1034,'g',0,'2012-02-22'),(1035,'g',0,'2012-02-23'),(1036,'g',0,'2012-02-23'),(1038,'g',0,'2012-02-25'),(1050,'g',0,'2012-02-26'),(1049,'g',0,'2012-02-26'),(1029,'g',0,'2012-02-27'),(1051,'g',0,'2012-02-27'),(1048,'g',0,'2012-02-27'),(810,'g',0,'2012-02-27'),(817,'g',0,'2012-02-27'),(787,'g',0,'2012-02-28'),(1043,'g',0,'2012-02-28'),(780,'g',0,'2012-02-28'),(1063,'g',0,'2012-03-02'),(1060,'g',0,'2012-03-04');

--
-- Table structure for table `idx_paid_listing`
--

CREATE TABLE `idx_paid_listing` (
  `link_id` mediumint(9) unsigned NOT NULL DEFAULT '0',
  `premium` char(1) DEFAULT NULL,
  `sponsored` char(1) DEFAULT NULL,
  `expire` datetime DEFAULT NULL,
  `paid` char(1) DEFAULT NULL,
  PRIMARY KEY (`link_id`)
) ENGINE=MyISAM DEFAULT CHARSET=latin1;

--
-- Dumping data for table `idx_paid_listing`
--


--
-- Table structure for table `idx_payment_gateway`
--

CREATE TABLE `idx_payment_gateway` (
  `payment_gateway_id` int(11) NOT NULL AUTO_INCREMENT,
  `name` varchar(100) DEFAULT NULL,
  `enable` char(1) DEFAULT NULL,
  `setting` text,
  `invoice_html` text,
  PRIMARY KEY (`payment_gateway_id`)
) ENGINE=MyISAM AUTO_INCREMENT=9 DEFAULT CHARSET=latin1;

--
-- Dumping data for table `idx_payment_gateway`
--

INSERT INTO `idx_payment_gateway` VALUES (1,'paypal','1','a:2:{s:13:\"payment_email\";s:0:\"\";s:21:\"enable_paypal_sandbox\";s:1:\"0\";}','<p> \r\n	<a href=\'paynow.php?id={$invoice_id}&m=paypal\'><img src=\'http://www.paypal.com/images/x-click-but02.gif\' border=\'0\' alt=\'Make payments with PayPal - it is fast, free and secure!\' /></a> \r\n</p>\r\n'),(2,'2co','0','a:6:{s:6:\"co_sid\";s:5:\"84932\";s:9:\"co_secret\";s:5:\"tango\";s:12:\"co_recurring\";s:1:\"0\";s:9:\"co_prod_1\";s:6:\"100.00\";s:9:\"co_prod_2\";s:6:\"250.00\";s:9:\"co_prod_3\";s:6:\"400.00\";}','<p>\r\n<a href=\'paynow.php?id={$invoice_id}&m=2co\'><img src=\'http://www.2checkout.com/images/overview/btns/25.jpg\' alt=\'Pay Now with 2checkout...\' border=\'0\' /></a> \r\n</p>'),(3,'authorizenet','0','a:2:{s:21:\"authorizenet_login_id\";s:0:\"\";s:21:\"authorizenet_tran_key\";s:0:\"\";}','<p> \r\n<a href=\'paynow.php?id={$invoice_id}&m=authorizenet\'><img src=\'http://www.authorize.net/upload/images/Images/Header/authorizenet_logo.gif\' alt=\'Pay Now with Authorize.Net...\' width=\'99\' height=\'39\' style=\'{border : 1px solid #c0c0c0;}\' /></a>\r\n</p>'),(4,'egold','0','a:2:{s:19:\"egold_payee_account\";s:0:\"\";s:16:\"egold_payee_name\";s:0:\"\";}','<p> \r\n<a href=\'paynow.php?id={$invoice_id}&m=egold\'>\r\n<img src=\'http://www.e-gold.com/gif/paywith.gif\' border=\'0\' alt=\'Pay Now with e-gold...\' />\r\n</a>\r\n</p>'),(5,'moneybookers','0','a:1:{s:18:\"moneybookers_email\";s:0:\"\";}','<p> \r\n<a href=\'paynow.php?id={$invoice_id}&m=paypal\'><img src=\'http://www.moneybookers.com/images/banners/88_en_mb.gif\' border=\'0\' alt=\'Make payments with Moneybookers - it is fast, free and secure!\' /></a> \r\n</p>'),(6,'paypal-subscriptions','0','a:2:{s:13:\"payment_email\";s:0:\"\";s:21:\"enable_paypal_sandbox\";s:1:\"0\";}','<p> \r\n<a href=\'paynow.php?id={$invoice_id}&m=paypal\'><img src=\'https://www.paypal.com/en_US/i/btn/x-click-but20.gif\' border=\'0\' alt=\'Make payments with PayPal - it is fast, free and secure!\' /></a> \r\n</p>'),(7,'alertpay','0','a:2:{s:14:\"alertpay_email\";s:0:\"\";s:23:\"enable_alertpay_sandbox\";s:1:\"0\";}','<p> \r\n<a href=\'paynow.php?id={$invoice_id}&m=alertpay\'>\r\n<img src=\'https://www.alertpay.com/Images/BuyNow/pay_now_3.gif\' border=\'0\' alt=\'Make payments with PayPal - it is fast, free and secure!\' /></a> \r\n</p>'),(8,'alertpay-subcriptions','0','a:2:{s:14:\"alertpay_email\";s:0:\"\";s:23:\"enable_alertpay_sandbox\";s:1:\"0\";}','<p>\r\n<a href=\'paynow.php?id={$invoice_id}&m=alertpay-subcriptions\'>\r\n<img src=\'https://www.alertpay.com/Images/BuyNow/subscribe_now_15.gif\' border=\'0\' alt=\'Make payments with Alert Pay - it is fast, free and secure!\' /></a> \r\n</p>');

--
-- Table structure for table `idx_payment_history`
--

CREATE TABLE `idx_payment_history` (
  `payment_id` int(10) unsigned NOT NULL AUTO_INCREMENT,
  `contact_name` varchar(255) DEFAULT NULL,
  `email` varchar(255) DEFAULT NULL,
  `type` varchar(255) DEFAULT NULL,
  `detail` text,
  `amount` double DEFAULT NULL,
  `time` datetime DEFAULT NULL,
  `invoice_id` varchar(10) DEFAULT NULL,
  PRIMARY KEY (`payment_id`)
) ENGINE=MyISAM DEFAULT CHARSET=latin1;

--
-- Dumping data for table `idx_payment_history`
--


--
-- Table structure for table `idx_plugin`
--

CREATE TABLE `idx_plugin` (
  `plugin_id` int(11) NOT NULL AUTO_INCREMENT,
  `name` varchar(255) DEFAULT NULL,
  `plugin_file` varchar(255) DEFAULT NULL,
  `status` enum('0','1') DEFAULT NULL,
  `option_plugin` text,
  PRIMARY KEY (`plugin_id`)
) ENGINE=MyISAM DEFAULT CHARSET=latin1;

--
-- Dumping data for table `idx_plugin`
--


--
-- Table structure for table `idx_review`
--

CREATE TABLE `idx_review` (
  `review_id` mediumint(9) unsigned NOT NULL AUTO_INCREMENT,
  `link_id` mediumint(9) unsigned NOT NULL DEFAULT '0',
  `review` text NOT NULL,
  `rating` tinyint(3) unsigned NOT NULL DEFAULT '0',
  `date` date NOT NULL DEFAULT '0000-00-00',
  `subject` varchar(100) DEFAULT NULL,
  `status` char(1) DEFAULT NULL,
  `username` varchar(20) DEFAULT NULL,
  `name` varchar(20) DEFAULT NULL,
  `email` varchar(100) DEFAULT NULL,
  PRIMARY KEY (`review_id`)
) ENGINE=MyISAM DEFAULT CHARSET=latin1;

--
-- Dumping data for table `idx_review`
--


--
-- Table structure for table `idx_searchlog`
--

CREATE TABLE `idx_searchlog` (
  `keyword` varchar(100) NOT NULL DEFAULT '',
  `time` datetime NOT NULL DEFAULT '0000-00-00 00:00:00',
  `result` mediumint(9) unsigned DEFAULT NULL,
  `ip` varchar(100) DEFAULT NULL
) ENGINE=MyISAM DEFAULT CHARSET=latin1;

--
-- Dumping data for table `idx_searchlog`
--


--
-- Table structure for table `idx_set_hook_place`
--

CREATE TABLE `idx_set_hook_place` (
  `set_hook_place_id` int(11) NOT NULL AUTO_INCREMENT,
  `plugin` varchar(255) DEFAULT NULL,
  `set_hook_place` text,
  PRIMARY KEY (`set_hook_place_id`)
) ENGINE=MyISAM DEFAULT CHARSET=latin1;

--
-- Dumping data for table `idx_set_hook_place`
--


--
-- Table structure for table `idx_setting`
--

CREATE TABLE `idx_setting` (
  `setting_id` int(11) NOT NULL AUTO_INCREMENT,
  `setting_name` varchar(255) DEFAULT NULL,
  `setting_value` text,
  PRIMARY KEY (`setting_id`)
) ENGINE=MyISAM AUTO_INCREMENT=55 DEFAULT CHARSET=latin1;

--
-- Dumping data for table `idx_setting`
--

INSERT INTO `idx_setting` VALUES (4,'site_name','webxplore.net'),(5,'site_url','http://webxplore.net'),(6,'email_address','hope.quiggle@gmail.com'),(7,'language_code','en_US'),(8,'theme_path','/home/webxplor/public_html/themes/'),(9,'admin_template_path','/home/webxplor/public_html/admin_tpl/'),(10,'plugin_path','/home/webxplor/public_html/plugin/'),(12,'active_theme','_webxplore'),(14,'spam_proof','1'),(15,'enable_user_validation','1'),(16,'allowed_file_extension','gif,jpg,png,pdf,zip,doc'),(17,'yahoo_appid',''),(18,'whosonline','600'),(19,'reciprocal_check','0'),(20,'urlcheck_limit','1'),(21,'pagerank_cache','30'),(22,'max_image_width','1024'),(23,'max_image_height','756'),(24,'max_file_size','500'),(25,'only_registered_can_add_link','0'),(26,'only_registered_can_add_review','0'),(27,'db_use_persistent','0'),(28,'paid_link_day_period','30,60,90,180'),(29,'paid_link_price_factor','1,1.5,2,3'),(30,'enable_html_tag','1'),(31,'allowed_html_tag','<b>,<strong>,<i>,<em>,<u>,<pre>,<blockquote>,<ol>,<ul>,<li>,<p>,<span>,<div>,<table>,<tr>,<td>'),(32,'enable_page_compression','0'),(33,'enable_category_ajax','1'),(34,'require_visit_category','0'),(35,'additional_category_price','0.5'),(36,'enable_rating_ajax','1'),(37,'service_nicecoder_avail','1'),(38,'enable_recaptcha','0'),(39,'recaptcha_publickey',''),(40,'recaptcha_privatekey',''),(41,'enable_bidding','0'),(42,'minimum_bid','5'),(43,'bid_increament','1'),(44,'charset','utf-8'),(45,'mailer','mail'),(46,'smtp_auth','0'),(47,'smtp_host',''),(48,'smtp_username',''),(49,'smtp_password',''),(50,'smtp_port','25'),(51,'emailbody_as_html','0'),(52,'indexu_version','2.4'),(53,'tos',''),(54,'submission_guidelines','');

--
-- Table structure for table `idx_tags`
--

CREATE TABLE `idx_tags` (
  `tag` varchar(64) NOT NULL DEFAULT '',
  `category_id` mediumint(8) unsigned NOT NULL DEFAULT '0',
  `total` int(11) NOT NULL DEFAULT '0',
  `tag_path` varchar(64) NOT NULL,
  PRIMARY KEY (`tag`,`category_id`)
) ENGINE=MyISAM DEFAULT CHARSET=latin1;

--
-- Dumping data for table `idx_tags`
--


--
-- Table structure for table `idx_unavailable`
--

CREATE TABLE `idx_unavailable` (
  `idx_unavailable` int(11) NOT NULL AUTO_INCREMENT,
  `link_id` int(11) DEFAULT NULL,
  `url` varchar(255) DEFAULT NULL,
  `who_is` varchar(255) DEFAULT NULL,
  `note` text,
  `date` datetime DEFAULT NULL,
  PRIMARY KEY (`idx_unavailable`)
) ENGINE=MyISAM DEFAULT CHARSET=latin1;

--
-- Dumping data for table `idx_unavailable`
--


--
-- Table structure for table `idx_unavailable_latest`
--

CREATE TABLE `idx_unavailable_latest` (
  `idx_link` int(11) DEFAULT NULL,
  `record_execution` int(11) DEFAULT NULL
) ENGINE=MyISAM DEFAULT CHARSET=latin1;

--
-- Dumping data for table `idx_unavailable_latest`
--


--
-- Table structure for table `idx_votes`
--

CREATE TABLE `idx_votes` (
  `link_id` mediumint(9) NOT NULL DEFAULT '0',
  `ip` varchar(100) DEFAULT NULL,
  `value` tinyint(4) DEFAULT NULL
) ENGINE=MyISAM DEFAULT CHARSET=latin1;

--
-- Dumping data for table `idx_votes`
--



