--
-- Host: xclusivesites.net    Database: xclusi_xl
-- ------------------------------------------------------


--
-- Table structure for table `directory_save_data`
--

CREATE TABLE `directory_save_data` (
  `id` bigint(100) NOT NULL AUTO_INCREMENT,
  `schedule_id` bigint(100) NOT NULL,
  `project_id` bigint(100) NOT NULL,
  `link_id` bigint(100) NOT NULL,
  `confirm_link` text NOT NULL,
  `category_id` int(10) NOT NULL,
  `category_name` varchar(150) NOT NULL,
  PRIMARY KEY (`id`)
) ENGINE=InnoDB DEFAULT CHARSET=latin1;

--
-- Dumping data for table `directory_save_data`
--


--
-- Table structure for table `idx_admin_menu`
--

CREATE TABLE `idx_admin_menu` (
  `menu_id` int(11) NOT NULL AUTO_INCREMENT,
  `parent_id` int(11) DEFAULT NULL,
  `menu_title` varchar(255) DEFAULT NULL,
  `menu_url` varchar(255) DEFAULT NULL,
  `order_number` int(11) DEFAULT NULL,
  PRIMARY KEY (`menu_id`)
) ENGINE=MyISAM AUTO_INCREMENT=85 DEFAULT CHARSET=latin1;

--
-- Dumping data for table `idx_admin_menu`
--



--
-- Table structure for table `idx_bad_link`
--

CREATE TABLE `idx_bad_link` (
  `bad_link_id` mediumint(9) unsigned NOT NULL AUTO_INCREMENT,
  `link_id` mediumint(9) unsigned NOT NULL DEFAULT '0',
  `name` varchar(50) NOT NULL DEFAULT '',
  `email` varchar(50) NOT NULL DEFAULT '',
  `type` tinyint(3) unsigned NOT NULL DEFAULT '0',
  `date` date NOT NULL DEFAULT '0000-00-00',
  PRIMARY KEY (`bad_link_id`)
) ENGINE=MyISAM DEFAULT CHARSET=latin1;

--
-- Dumping data for table `idx_bad_link`
--


--
-- Table structure for table `idx_badwords`
--

CREATE TABLE `idx_badwords` (
  `word` varchar(100) NOT NULL DEFAULT ''
) ENGINE=MyISAM DEFAULT CHARSET=latin1;

--
-- Dumping data for table `idx_badwords`
--


--
-- Table structure for table `idx_blocked_domain`
--

CREATE TABLE `idx_blocked_domain` (
  `blocked_id` int(11) NOT NULL AUTO_INCREMENT,
  `blocked` varchar(255) DEFAULT NULL,
  `type` enum('domain','ip') DEFAULT NULL,
  PRIMARY KEY (`blocked_id`)
) ENGINE=MyISAM AUTO_INCREMENT=6 DEFAULT CHARSET=latin1;

--
-- Dumping data for table `idx_blocked_domain`
--

INSERT INTO `idx_blocked_domain` VALUES (1,'buydomains.com','domain'),(2,'this-domain-for-sale.com ','domain'),(3,'oversee.net','domain'),(4,'eNom','domain'),(5,'sedoparking.com','domain');

--
-- Table structure for table `idx_category`
--

CREATE TABLE `idx_category` (
  `category_id` mediumint(9) unsigned NOT NULL AUTO_INCREMENT,
  `parent_id` mediumint(9) unsigned NOT NULL DEFAULT '0',
  `name` varchar(100) NOT NULL DEFAULT '',
  `description` text NOT NULL,
  `image` varchar(100) DEFAULT NULL,
  `content` text,
  `visible` char(1) DEFAULT NULL,
  `links` mediumint(9) DEFAULT NULL,
  `meta_keyword` text,
  `meta_description` text,
  `permission` char(2) DEFAULT NULL,
  `registered_only` char(1) DEFAULT NULL,
  `header` text NOT NULL,
  `footer` text NOT NULL,
  `related` mediumint(6) NOT NULL DEFAULT '0',
  `page_title` varchar(200) NOT NULL DEFAULT '',
  `hits` int(11) NOT NULL DEFAULT '0',
  `order_num` smallint(6) NOT NULL DEFAULT '0',
  `basic_price` double unsigned NOT NULL DEFAULT '0',
  `premium_price` double unsigned NOT NULL DEFAULT '0',
  `sponsored_price` double unsigned NOT NULL DEFAULT '0',
  PRIMARY KEY (`category_id`)
) ENGINE=MyISAM AUTO_INCREMENT=36 DEFAULT CHARSET=latin1;

--
-- Dumping data for table `idx_category`
--

INSERT INTO `idx_category` VALUES (1,0,'Arts & Humanities','','folder.gif','','1',7,'','','1','0','','',0,'',0,0,0,0,0),(2,0,'Automobile industry','','folder.gif','','1',19,'','','1','0','','',0,'',0,0,0,0,0),(3,0,'Business & Economy','','folder.gif','','1',54,'','','1','0','','',0,'',0,0,0,0,0),(4,0,'Careers','','folder.gif','','1',1,'','','1','0','','',0,'',0,0,0,0,0),(5,0,'Clothing & Fashion','','folder.gif','','1',6,'','','1','0','','',0,'',0,0,0,0,0),(6,0,'Mass Communications','','folder.gif','','1',5,'','','1','0','','',0,'',0,0,0,0,0),(7,0,'Computers & IT','','folder.gif','','1',10,'','','1','0','','',0,'',0,0,0,0,0),(8,0,'Construction Services','','folder.gif','','1',50,'','','1','0','','',0,'',0,0,0,0,0),(9,0,'Dental Health','','folder.gif','','1',14,'','','1','0','','',0,'',0,0,0,0,0),(10,0,'Education & Training','','folder.gif','','1',8,'','','1','0','','',0,'',0,0,0,0,0),(11,0,'Employment & Recruitment','','folder.gif','','1',0,'','','1','0','','',0,'',0,0,0,0,0),(12,0,'Gifts & Novelties','','folder.gif','','1',5,'','','1','0','','',0,'',0,0,0,0,0),(13,0,'Software & Hardware','','folder.gif','','1',2,'','','1','0','','',0,'',0,0,0,0,0),(14,0,'Health Services','','folder.gif','','1',0,'','','1','0','','',0,'',0,0,0,0,0),(15,0,'Healthcare Industry','','folder.gif','','1',82,'','','1','0','','',0,'',0,0,0,0,0),(16,0,'Heating, Ventilating and Air Conditioning','','folder.gif','','1',21,'','','1','0','','',0,'',0,0,0,0,0),(17,0,'Home & Garden Making','','folder.gif','','1',0,'','','1','0','','',0,'',0,0,0,0,0),(18,0,'Home Improvement & Appliances ','','folder.gif','','1',258,'','','1','0','','',0,'',0,0,0,0,0),(19,0,'Hotels ','','folder.gif','','1',10,'','','1','0','','',0,'',0,0,0,0,0),(20,0,'Insurance Providers','','folder.gif','','1',21,'','','1','0','','',0,'',0,0,0,0,0),(21,0,'Law & Legal Services','','folder.gif','','1',0,'','','1','0','','',0,'',0,0,0,0,0),(22,0,'Lawyers & Legal Consultants','','folder.gif','','1',92,'','','1','0','','',0,'',0,0,0,0,0),(23,0,'Lifestyle, Society & People  ','','folder.gif','','1',1,'','','1','0','','',0,'',0,0,0,0,0),(24,0,'Medicine & Medical Services','','folder.gif','','1',4,'','','1','0','','',0,'',0,0,0,0,0),(25,0,'Finance and Money','','folder.gif','','1',9,'','','1','0','','',0,'',0,0,0,0,0),(26,0,'News & Journals','','folder.gif','','1',1,'','','1','0','','',0,'',0,0,0,0,0),(27,0,'Plumbing & Fitting ','','folder.gif','','1',22,'','','1','0','','',0,'',0,0,0,0,0),(28,0,'Real Estate & Agents ','','folder.gif','','1',15,'','','1','0','','',0,'',0,0,0,0,0),(29,0,'Environment & Technology','','folder.gif','','1',6,'','','1','0','','',0,'',0,0,0,0,0),(30,0,'SEO & SMO Marketing','','folder.gif','','1',15,'','','1','0','','',0,'',0,0,0,0,0),(31,0,'Online Shopping','','folder.gif','','1',27,'','','1','0','','',0,'',0,0,0,0,0),(32,0,'Sports','','folder.gif','','1',0,'','','1','0','','',0,'',0,0,0,0,0),(33,0,'Transportation and Logistics Services','','folder.gif','','1',27,'','','1','0','','',0,'',0,0,0,0,0),(34,0,'Tours & Travel','','folder.gif','','1',9,'','','1','0','','',0,'',0,0,0,0,0),(35,0,'Wedding & Jewellery','','folder.gif','','1',6,'','','1','0','','',0,'',0,0,0,0,0);

--
-- Table structure for table `idx_category_path`
--

CREATE TABLE `idx_category_path` (
  `category_id` mediumint(9) NOT NULL DEFAULT '0',
  `path` text,
  `path_with_url` text,
  `parents` text,
  PRIMARY KEY (`category_id`)
) ENGINE=MyISAM DEFAULT CHARSET=latin1;

--
-- Dumping data for table `idx_category_path`
--

INSERT INTO `idx_category_path` VALUES (1,'Arts & Humanities','<a href=\"http://xclusivesites.net/arts-humanities/\" name=\"cat_1\" style=\"\">Arts & Humanities</a>',';0;'),(2,'Automobile industry','<a href=\"http://xclusivesites.net/automobile-industry/\" name=\"cat_2\" style=\"\">Automobile industry</a>',';0;'),(3,'Business & Economy','<a href=\"http://xclusivesites.net/business-economy/\" name=\"cat_3\" style=\"\">Business & Economy</a>',';0;'),(4,'Careers','<a href=\"http://xclusivesites.net/careers/\" name=\"cat_4\" style=\"\">Careers</a>',';0;'),(5,'Clothing & Fashion','<a href=\"http://xclusivesites.net/clothing-fashion/\" name=\"cat_5\" style=\"\">Clothing & Fashion</a>',';0;'),(6,'Mass Communications','<a href=\"http://xclusivesites.net/mass-communications/\" name=\"cat_6\" style=\"\">Mass Communications</a>',';0;'),(7,'Computers & IT','<a href=\"http://xclusivesites.net/computers-it/\" name=\"cat_7\" style=\"\">Computers & IT</a>',';0;'),(8,'Construction Services','<a href=\"http://xclusivesites.net/construction-services/\" name=\"cat_8\" style=\"\">Construction Services</a>',';0;'),(9,'Dental Health','<a href=\"http://xclusivesites.net/dental-health/\" name=\"cat_9\" style=\"\">Dental Health</a>',';0;'),(10,'Education & Training','<a href=\"http://xclusivesites.net/education-training/\" name=\"cat_10\" style=\"\">Education & Training</a>',';0;'),(11,'Employment & Recruitment','<a href=\"http://xclusivesites.net/employment-recruitment/\" name=\"cat_11\" style=\"\">Employment & Recruitment</a>',';0;'),(12,'Gifts & Novelties','<a href=\"http://xclusivesites.net/gifts-novelties/\" name=\"cat_12\" style=\"\">Gifts & Novelties</a>',';0;'),(13,'Software & Hardware','<a href=\"http://xclusivesites.net/software-hardware/\" name=\"cat_13\" style=\"\">Software & Hardware</a>',';0;'),(14,'Health Services','<a href=\"http://xclusivesites.net/health-services/\" name=\"cat_14\" style=\"\">Health Services</a>',';0;'),(15,'Healthcare Industry','<a href=\"http://xclusivesites.net/healthcare-industry/\" name=\"cat_15\" style=\"\">Healthcare Industry</a>',';0;'),(16,'Heating, Ventilating and Air Conditioning','<a href=\"http://xclusivesites.net/heating-ventilating-and-air-conditioning/\" name=\"cat_16\" style=\"\">Heating, Ventilating and Air Conditioning</a>',';0;'),(17,'Home & Garden Making','<a href=\"http://xclusivesites.net/home-garden-making/\" name=\"cat_17\" style=\"\">Home & Garden Making</a>',';0;'),(18,'Home Improvement & Appliances ','<a href=\"http://xclusivesites.net/home-improvement-appliances/\" name=\"cat_18\" style=\"\">Home Improvement & Appliances </a>',';0;'),(19,'Hotels ','<a href=\"http://xclusivesites.net/hotels/\" name=\"cat_19\" style=\"\">Hotels </a>',';0;'),(20,'Insurance Providers','<a href=\"http://xclusivesites.net/insurance-providers/\" name=\"cat_20\" style=\"\">Insurance Providers</a>',';0;'),(21,'Law & Legal Services','<a href=\"http://xclusivesites.net/law-legal-services/\" name=\"cat_21\" style=\"\">Law & Legal Services</a>',';0;'),(22,'Lawyers & Legal Consultants','<a href=\"http://xclusivesites.net/lawyers-legal-consultants/\" name=\"cat_22\" style=\"\">Lawyers & Legal Consultants</a>',';0;'),(23,'Lifestyle, Society & People  ','<a href=\"http://xclusivesites.net/lifestyle-society-people/\" name=\"cat_23\" style=\"\">Lifestyle, Society & People  </a>',';0;'),(24,'Medicine & Medical Services','<a href=\"http://xclusivesites.net/medicine-medical-services/\" name=\"cat_24\" style=\"\">Medicine & Medical Services</a>',';0;'),(25,'Finance and Money','<a href=\"http://xclusivesites.net/finance-and-money/\" name=\"cat_25\" style=\"\">Finance and Money</a>',';0;'),(26,'News & Journals','<a href=\"http://xclusivesites.net/news-journals/\" name=\"cat_26\" style=\"\">News & Journals</a>',';0;'),(27,'Plumbing & Fitting ','<a href=\"http://xclusivesites.net/plumbing-fitting/\" name=\"cat_27\" style=\"\">Plumbing & Fitting </a>',';0;'),(28,'Real Estate & Agents ','<a href=\"http://xclusivesites.net/real-estate-agents/\" name=\"cat_28\" style=\"\">Real Estate & Agents </a>',';0;'),(29,'Environment & Technology','<a href=\"http://xclusivesites.net/environment-technology/\" name=\"cat_29\" style=\"\">Environment & Technology</a>',';0;'),(30,'SEO & SMO Marketing','<a href=\"http://xclusivesites.net/seo-smo-marketing/\" name=\"cat_30\" style=\"\">SEO & SMO Marketing</a>',';0;'),(31,'Online Shopping','<a href=\"http://xclusivesites.net/online-shopping/\" name=\"cat_31\" style=\"\">Online Shopping</a>',';0;'),(32,'Sports','<a href=\"http://xclusivesites.net/sports/\" name=\"cat_32\" style=\"\">Sports</a>',';0;'),(33,'Transportation and Logistics Services','<a href=\"http://xclusivesites.net/transportation-and-logistics-services/\" name=\"cat_33\" style=\"\">Transportation and Logistics Services</a>',';0;'),(34,'Tours & Travel','<a href=\"http://xclusivesites.net/tours-travel/\" name=\"cat_34\" style=\"\">Tours & Travel</a>',';0;'),(35,'Wedding & Jewellery','<a href=\"http://xclusivesites.net/wedding-jewellery/\" name=\"cat_35\" style=\"\">Wedding & Jewellery</a>',';0;');

--
-- Table structure for table `idx_category_suggession`
--

CREATE TABLE `idx_category_suggession` (
  `id_cat_suggession` int(11) NOT NULL AUTO_INCREMENT,
  `parent_id` int(11) DEFAULT NULL,
  `name` varchar(255) DEFAULT NULL,
  `category_description` text,
  `date` datetime DEFAULT NULL,
  PRIMARY KEY (`id_cat_suggession`)
) ENGINE=MyISAM DEFAULT CHARSET=latin1;

--
-- Dumping data for table `idx_category_suggession`
--


--
-- Table structure for table `idx_checkurl`
--

CREATE TABLE `idx_checkurl` (
  `link_id` mediumint(9) NOT NULL DEFAULT '0',
  `date` date NOT NULL DEFAULT '0000-00-00',
  `live` char(1) NOT NULL DEFAULT '',
  `reciprocal_found` char(1) NOT NULL DEFAULT '',
  PRIMARY KEY (`link_id`)
) ENGINE=MyISAM DEFAULT CHARSET=latin1;

--
-- Dumping data for table `idx_checkurl`
--


--
-- Table structure for table `idx_cronjobs`
--

CREATE TABLE `idx_cronjobs` (
  `cronjobs_id` int(11) NOT NULL AUTO_INCREMENT,
  `cronjobs_name` varchar(255) DEFAULT NULL,
  `filename` varchar(255) NOT NULL,
  `schedule` varchar(255) NOT NULL,
  `time` datetime NOT NULL,
  `execution` varchar(1) NOT NULL,
  PRIMARY KEY (`cronjobs_id`)
) ENGINE=MyISAM AUTO_INCREMENT=4 DEFAULT CHARSET=latin1;

--
-- Dumping data for table `idx_cronjobs`
--

INSERT INTO `idx_cronjobs` VALUES (1,NULL,'clear_templates_c.php','1,*,*,*,*','0000-00-00 00:00:00',''),(2,NULL,'update_tag_cloud.php','*,24,*,*,*','0000-00-00 00:00:00',''),(3,NULL,'clear_rss_cache.php','*,24,*,*,*','0000-00-00 00:00:00','');

--
-- Table structure for table `idx_custom_field`
--

CREATE TABLE `idx_custom_field` (
  `field_name` varchar(32) NOT NULL DEFAULT '',
  `field_text` varchar(64) NOT NULL DEFAULT '',
  `field_type` enum('TEXT','TEXTAREA','SELECT','MULTISELECT','CHECKBOX','RADIO','FILE','IMAGE','DATE','DATETIME','RICHEDITOR') NOT NULL DEFAULT 'TEXT',
  `field_option` text NOT NULL,
  `field_img_width` int(10) unsigned NOT NULL DEFAULT '0',
  `field_img_height` int(10) unsigned NOT NULL DEFAULT '0',
  `field_file_size` int(10) unsigned NOT NULL DEFAULT '0',
  `field_file_extension` varchar(64) NOT NULL DEFAULT '',
  `required` char(1) NOT NULL DEFAULT '0',
  `searchable` char(1) NOT NULL DEFAULT '1',
  `permission` char(1) NOT NULL DEFAULT '0'
) ENGINE=MyISAM DEFAULT CHARSET=latin1;

--
-- Dumping data for table `idx_custom_field`
--

INSERT INTO `idx_custom_field` VALUES ('image','Image','IMAGE','',0,0,0,'','0','0','2'),('address','Address','TEXT','',0,0,0,'','0','0','0'),('city','City','TEXT','',0,0,0,'','0','0','0'),('state','State','TEXT','',0,0,0,'','0','0','0'),('country','Country','TEXT','',0,0,0,'','0','0','0'),('zip','Zip','TEXT','',0,0,0,'','0','0','0'),('phone','Phone','TEXT','',0,0,0,'','0','0','0'),('fax','Fax','TEXT','',0,0,0,'','0','0','0');

--
-- Table structure for table `idx_default_field`
--

CREATE TABLE `idx_default_field` (
  `field_name` varchar(64) NOT NULL,
  `required` char(1) NOT NULL,
  `visible` char(1) NOT NULL DEFAULT '1',
  `searchable` char(1) NOT NULL DEFAULT '1'
) ENGINE=MyISAM DEFAULT CHARSET=latin1;

--
-- Dumping data for table `idx_default_field`
--

INSERT INTO `idx_default_field` VALUES ('title','1','1','1'),('url','1','1','1'),('description','1','1','1'),('keywords','1','1','0'),('contact_name','1','1','1'),('email','1','1','1'),('reciprocal_url','0','0','1');

--
-- Table structure for table `idx_discount_coupon`
--

CREATE TABLE `idx_discount_coupon` (
  `coupon_id` int(11) NOT NULL AUTO_INCREMENT,
  `coupon_code` varchar(255) DEFAULT NULL,
  `coupon_value` varchar(50) DEFAULT NULL,
  `link_type` varchar(255) DEFAULT NULL,
  `start_date` date DEFAULT NULL,
  `expired_date` date DEFAULT NULL,
  `expired_usage` int(11) DEFAULT NULL,
  `usage_count` int(11) DEFAULT NULL,
  PRIMARY KEY (`coupon_id`)
) ENGINE=MyISAM DEFAULT CHARSET=latin1;

--
-- Dumping data for table `idx_discount_coupon`
--


--
-- Table structure for table `idx_editor`
--

CREATE TABLE `idx_editor` (
  `username` varchar(20) DEFAULT NULL,
  `category_id` mediumint(9) DEFAULT NULL,
  `category` char(1) DEFAULT NULL,
  `link` char(1) DEFAULT NULL,
  `review` char(1) DEFAULT NULL,
  `pick` char(1) DEFAULT NULL,
  `status` char(1) DEFAULT NULL,
  `date` date DEFAULT NULL
) ENGINE=MyISAM DEFAULT CHARSET=latin1;

--
-- Dumping data for table `idx_editor`
--


--
-- Table structure for table `idx_email_template`
--

CREATE TABLE `idx_email_template` (
  `email_template_id` int(10) unsigned NOT NULL AUTO_INCREMENT,
  `name` varchar(255) DEFAULT NULL,
  `subject` varchar(255) DEFAULT NULL,
  `body` text,
  `altbody` text,
  PRIMARY KEY (`email_template_id`)
) ENGINE=MyISAM AUTO_INCREMENT=37 DEFAULT CHARSET=latin1;

--
-- Dumping data for table `idx_email_template`
--



--
-- Table structure for table `idx_favorites`
--

CREATE TABLE `idx_favorites` (
  `favorite_id` int(11) NOT NULL AUTO_INCREMENT,
  `username` varchar(20) DEFAULT NULL,
  `date` date DEFAULT NULL,
  `title` varchar(100) DEFAULT NULL,
  `description` text,
  PRIMARY KEY (`favorite_id`)
) ENGINE=MyISAM DEFAULT CHARSET=latin1;

--
-- Dumping data for table `idx_favorites`
--


--
-- Table structure for table `idx_favorites_detail`
--

CREATE TABLE `idx_favorites_detail` (
  `favorite_id` int(11) DEFAULT NULL,
  `link_id` mediumint(9) DEFAULT NULL
) ENGINE=MyISAM DEFAULT CHARSET=latin1;

--
-- Dumping data for table `idx_favorites_detail`
--


--
-- Table structure for table `idx_hook_place`
--

CREATE TABLE `idx_hook_place` (
  `hook_place_id` int(11) NOT NULL AUTO_INCREMENT,
  `filename` varchar(255) DEFAULT NULL,
  `hookname` varchar(255) DEFAULT NULL,
  PRIMARY KEY (`hook_place_id`)
) ENGINE=MyISAM DEFAULT CHARSET=latin1;

--
-- Dumping data for table `idx_hook_place`
--


--
-- Table structure for table `idx_invoice`
--

CREATE TABLE `idx_invoice` (
  `invoice_id` varchar(10) NOT NULL DEFAULT '',
  `invoice_date` date DEFAULT NULL,
  `due_date` date DEFAULT NULL,
  `invoiced_to` text,
  `service` varchar(255) DEFAULT NULL,
  `description` text,
  `total` double(8,2) DEFAULT NULL,
  `comment` text,
  `paid` char(1) DEFAULT NULL,
  `paid_date` date DEFAULT NULL,
  `email` varchar(255) DEFAULT NULL,
  PRIMARY KEY (`invoice_id`)
) ENGINE=MyISAM DEFAULT CHARSET=latin1;

--
-- Dumping data for table `idx_invoice`
--


--
-- Table structure for table `idx_invoice_config`
--

CREATE TABLE `idx_invoice_config` (
  `company` varchar(255) DEFAULT NULL,
  `contact` varchar(255) DEFAULT NULL,
  `address` text,
  `phone` varchar(255) DEFAULT NULL,
  `email` varchar(255) DEFAULT NULL,
  `currency_symbol` varchar(255) DEFAULT '$',
  `currency_code` varchar(255) DEFAULT 'USD'
) ENGINE=MyISAM DEFAULT CHARSET=latin1;

--
-- Dumping data for table `idx_invoice_config`
--

INSERT INTO `idx_invoice_config` VALUES ('Your website / Company','Billing Department','Your address','Your phone #','Billing<name@yourdomain.com>','$','USD');

--
-- Table structure for table `idx_link_temp`
--

CREATE TABLE `idx_link_temp` (
  `vid` mediumint(9) unsigned NOT NULL AUTO_INCREMENT,
  `spam` char(1) NOT NULL DEFAULT '0',
  `link_id` mediumint(9) DEFAULT NULL,
  `category_id` mediumint(9) unsigned NOT NULL DEFAULT '0',
  `title` varchar(100) NOT NULL DEFAULT '',
  `url` text NOT NULL,
  `description` text NOT NULL,
  `contact_name` varchar(100) NOT NULL DEFAULT '',
  `email` varchar(100) NOT NULL DEFAULT '',
  `hits` mediumint(9) DEFAULT NULL,
  `votes` smallint(6) DEFAULT NULL,
  `rating` float(4,2) DEFAULT NULL,
  `date` datetime NOT NULL DEFAULT '0000-00-00 00:00:00',
  `bid` smallint(6) NOT NULL DEFAULT '0',
  `new` char(1) DEFAULT NULL,
  `hot` char(1) DEFAULT NULL,
  `top_rated` char(1) DEFAULT NULL,
  `pick` char(1) DEFAULT NULL,
  `password` varchar(20) DEFAULT NULL,
  `updated` char(1) DEFAULT NULL,
  `reviews` smallint(6) DEFAULT NULL,
  `avg_review` float(4,2) DEFAULT NULL,
  `last_updated` datetime DEFAULT NULL,
  `official_review` text,
  `keywords` varchar(255) DEFAULT NULL,
  `cat1` mediumint(6) NOT NULL DEFAULT '0',
  `cat2` mediumint(6) NOT NULL DEFAULT '0',
  `suspended` char(1) NOT NULL DEFAULT '0',
  `reciprocal_url` varchar(255) DEFAULT NULL,
  `address` varchar(255) DEFAULT NULL,
  `city` varchar(255) DEFAULT NULL,
  `state` varchar(255) DEFAULT NULL,
  `country` varchar(255) DEFAULT NULL,
  `zip` varchar(255) DEFAULT NULL,
  `image` varchar(255) DEFAULT NULL,
  `phone` varchar(255) DEFAULT NULL,
  `fax` varchar(255) DEFAULT NULL,
  PRIMARY KEY (`vid`)
) ENGINE=MyISAM DEFAULT CHARSET=latin1;

--
-- Dumping data for table `idx_link_temp`
--


--
-- Table structure for table `idx_link_temp_user`
--

CREATE TABLE `idx_link_temp_user` (
  `vid` mediumint(9) unsigned NOT NULL DEFAULT '0',
  `username` varchar(20) NOT NULL DEFAULT '',
  PRIMARY KEY (`vid`)
) ENGINE=MyISAM DEFAULT CHARSET=latin1;

--
-- Dumping data for table `idx_link_temp_user`
--


--
-- Table structure for table `idx_link_user`
--

CREATE TABLE `idx_link_user` (
  `link_id` mediumint(9) unsigned NOT NULL DEFAULT '0',
  `username` varchar(20) NOT NULL DEFAULT '',
  PRIMARY KEY (`link_id`)
) ENGINE=MyISAM DEFAULT CHARSET=latin1;

--
-- Dumping data for table `idx_link_user`
--


--
-- Table structure for table `idx_mailing_list`
--

CREATE TABLE `idx_mailing_list` (
  `email` varchar(50) NOT NULL DEFAULT '',
  `code` varchar(4) DEFAULT NULL,
  `status` char(1) DEFAULT NULL,
  PRIMARY KEY (`email`)
) ENGINE=MyISAM DEFAULT CHARSET=latin1;

--
-- Dumping data for table `idx_mailing_list`
--


--
-- Table structure for table `idx_message`
--

CREATE TABLE `idx_message` (
  `message_id` smallint(6) NOT NULL AUTO_INCREMENT,
  `date` date DEFAULT NULL,
  `body` text,
  `subject` varchar(100) DEFAULT NULL,
  PRIMARY KEY (`message_id`)
) ENGINE=MyISAM DEFAULT CHARSET=latin1;

--
-- Dumping data for table `idx_message`
--


--
-- Table structure for table `idx_notification`
--

CREATE TABLE `idx_notification` (
  `username` varchar(20) NOT NULL DEFAULT '',
  `category_id` mediumint(9) NOT NULL DEFAULT '0'
) ENGINE=MyISAM DEFAULT CHARSET=latin1;

--
-- Dumping data for table `idx_notification`
--

INSERT INTO `idx_notification` VALUES ('admin',1);

--
-- Table structure for table `idx_pagerank`
--

CREATE TABLE `idx_pagerank` (
  `link_id` mediumint(8) unsigned NOT NULL DEFAULT '0',
  `engine` char(1) NOT NULL DEFAULT '',
  `rank` tinyint(4) NOT NULL DEFAULT '0',
  `last_update` date NOT NULL DEFAULT '0000-00-00',
  PRIMARY KEY (`link_id`,`engine`)
) ENGINE=MyISAM DEFAULT CHARSET=latin1;

--
-- Dumping data for table `idx_pagerank`
--

INSERT INTO `idx_pagerank` VALUES (49,'g',0,'2012-02-02'),(32,'g',0,'2012-02-02'),(61,'g',0,'2012-02-17'),(19,'g',0,'2012-02-17'),(39,'g',0,'2012-02-17'),(51,'g',0,'2012-03-02'),(75,'g',0,'2011-12-28'),(24,'g',0,'2011-12-28'),(150,'g',0,'2011-12-28'),(148,'g',0,'2011-12-28'),(6,'g',0,'2011-11-27'),(8,'g',0,'2011-11-27'),(18,'g',0,'2011-11-27'),(53,'g',0,'2011-11-27'),(30,'g',0,'2011-11-27'),(26,'g',0,'2011-11-27'),(46,'g',0,'2011-11-27'),(33,'g',0,'2011-11-27'),(48,'g',0,'2011-11-27'),(47,'g',0,'2011-11-27'),(38,'g',0,'2011-11-28'),(108,'g',0,'2011-11-28'),(125,'g',0,'2011-11-28'),(126,'g',0,'2011-11-28'),(115,'g',0,'2011-11-28'),(2,'g',0,'2011-11-28'),(127,'g',0,'2011-11-28'),(112,'g',0,'2012-01-09'),(100,'g',0,'2011-11-28'),(130,'g',0,'2011-11-28'),(140,'g',0,'2011-11-28'),(37,'g',0,'2011-11-29'),(106,'g',0,'2011-11-29'),(64,'g',0,'2011-11-29'),(133,'g',0,'2011-11-29'),(78,'g',0,'2011-11-29'),(118,'g',0,'2011-11-29'),(99,'g',0,'2011-11-29'),(190,'g',0,'2011-11-29'),(77,'g',0,'2011-11-29'),(4,'g',0,'2012-03-03'),(94,'g',0,'2011-11-29'),(29,'g',0,'2011-11-29'),(35,'g',0,'2011-11-29'),(20,'g',0,'2011-11-29'),(68,'g',0,'2011-11-29'),(109,'g',0,'2011-11-29'),(146,'g',0,'2011-11-29'),(113,'g',0,'2011-11-29'),(28,'g',0,'2012-01-03'),(86,'g',0,'2012-02-20'),(17,'g',0,'2012-02-20'),(54,'g',0,'2012-02-20'),(200,'g',0,'2011-11-30'),(144,'g',0,'2012-02-20'),(256,'g',0,'2011-11-30'),(181,'g',0,'2011-11-30'),(236,'g',0,'2011-11-30'),(107,'g',0,'2012-02-20'),(243,'g',0,'2011-11-30'),(189,'g',0,'2011-11-30'),(245,'g',0,'2011-11-30'),(117,'g',0,'2012-02-03'),(52,'g',0,'2012-02-21'),(80,'g',0,'2012-01-03'),(198,'g',0,'2011-11-30'),(103,'g',0,'2012-02-03'),(74,'g',0,'2012-02-03'),(104,'g',0,'2012-02-03'),(70,'g',0,'2012-01-03'),(242,'g',0,'2011-12-01'),(65,'g',0,'2012-01-03'),(44,'g',0,'2012-02-03'),(71,'g',0,'2012-02-03'),(9,'g',0,'2012-01-03'),(120,'g',0,'2012-02-03'),(31,'g',0,'2012-02-21'),(42,'g',0,'2012-02-21'),(187,'g',0,'2011-12-01'),(50,'g',0,'2012-01-03'),(63,'g',0,'2012-02-21'),(27,'g',0,'2012-02-21'),(138,'g',0,'2012-02-17'),(114,'g',0,'2012-02-17'),(232,'g',0,'2011-12-01'),(177,'g',0,'2011-12-01'),(246,'g',0,'2011-12-02'),(11,'g',0,'2012-02-24'),(199,'g',0,'2011-12-02'),(76,'g',0,'2012-02-01'),(56,'g',0,'2012-02-03'),(90,'g',0,'2012-01-03'),(102,'g',0,'2012-02-03'),(110,'g',0,'2012-02-03'),(136,'g',0,'2012-02-03'),(145,'g',0,'2012-02-03'),(193,'g',0,'2011-12-02'),(41,'g',0,'2012-02-24'),(16,'g',0,'2011-12-02'),(207,'g',0,'2011-12-02'),(255,'g',0,'2011-12-02'),(45,'g',0,'2011-12-02'),(60,'g',0,'2011-12-02'),(59,'g',0,'2011-12-02'),(98,'g',0,'2012-02-03'),(72,'g',0,'2011-12-02'),(73,'g',0,'2011-12-02'),(81,'g',0,'2011-12-02'),(142,'g',0,'2012-02-03'),(13,'g',0,'2011-12-02'),(14,'g',0,'2011-12-02'),(1,'g',0,'2011-12-02'),(23,'g',0,'2011-12-02'),(15,'g',0,'2011-12-02'),(36,'g',0,'2011-12-02'),(66,'g',0,'2011-12-02'),(69,'g',0,'2011-12-02'),(88,'g',0,'2011-12-02'),(62,'g',0,'2011-12-02'),(87,'g',0,'2011-12-02'),(79,'g',0,'2011-12-02'),(218,'g',0,'2011-12-02'),(43,'g',0,'2011-12-02'),(137,'g',0,'2011-12-02'),(275,'g',0,'2011-12-02'),(5,'g',0,'2012-01-10'),(7,'g',0,'2012-01-10'),(10,'g',0,'2012-01-10'),(184,'g',0,'2011-12-02'),(239,'g',0,'2011-12-02'),(12,'g',0,'2011-12-02'),(204,'g',0,'2011-12-02'),(92,'g',0,'2011-12-02'),(147,'g',0,'2012-02-03'),(260,'g',0,'2011-12-02'),(3,'g',0,'2012-01-10'),(206,'g',0,'2011-12-02'),(158,'g',0,'2012-01-10'),(67,'g',0,'2012-03-04'),(25,'g',0,'2011-12-02'),(22,'g',0,'2011-12-02'),(21,'g',0,'2012-02-26'),(34,'g',0,'2011-12-02'),(58,'g',0,'2011-12-02'),(40,'g',0,'2011-12-02'),(262,'g',0,'2011-12-02'),(82,'g',0,'2012-01-22'),(263,'g',0,'2011-12-02'),(95,'g',0,'2012-01-22'),(96,'g',0,'2012-01-22'),(183,'g',0,'2011-12-02'),(105,'g',0,'2012-01-22'),(188,'g',0,'2011-12-02'),(235,'g',0,'2011-12-02'),(134,'g',0,'2012-01-22'),(141,'g',0,'2012-01-22'),(237,'g',0,'2011-12-02'),(249,'g',0,'2011-12-02'),(238,'g',0,'2011-12-02'),(85,'g',0,'2012-01-22'),(182,'g',0,'2011-12-02'),(180,'g',0,'2011-12-02'),(258,'g',0,'2011-12-02'),(97,'g',0,'2011-12-02'),(111,'g',0,'2011-12-02'),(124,'g',0,'2012-01-22'),(119,'g',0,'2011-12-02'),(202,'g',0,'2011-12-02'),(135,'g',0,'2011-12-02'),(123,'g',0,'2011-12-02'),(179,'g',0,'2011-12-02'),(194,'g',0,'2011-12-02'),(209,'g',0,'2011-12-02'),(244,'g',0,'2011-12-02'),(89,'g',0,'2011-12-02'),(210,'g',0,'2011-12-02'),(211,'g',0,'2011-12-02'),(212,'g',0,'2011-12-02'),(214,'g',0,'2011-12-02'),(213,'g',0,'2011-12-02'),(217,'g',0,'2011-12-02'),(143,'g',0,'2011-12-02'),(170,'g',0,'2012-01-22'),(225,'g',0,'2011-12-02'),(208,'g',0,'2011-12-02'),(171,'g',0,'2012-01-22'),(172,'g',0,'2012-01-22'),(174,'g',0,'2012-01-22'),(175,'g',0,'2012-01-22'),(215,'g',0,'2011-12-02'),(176,'g',0,'2011-12-02'),(197,'g',0,'2011-12-02'),(178,'g',0,'2011-12-02'),(159,'g',0,'2012-01-22'),(216,'g',0,'2011-12-02'),(160,'g',0,'2012-01-22'),(169,'g',0,'2012-01-22'),(161,'g',0,'2012-01-22'),(164,'g',0,'2012-01-22'),(162,'g',0,'2012-01-22'),(173,'g',0,'2012-01-22'),(166,'g',0,'2012-01-22'),(163,'g',0,'2012-01-22'),(167,'g',0,'2012-01-22'),(168,'g',0,'2012-01-22'),(286,'g',0,'2011-12-02'),(285,'g',0,'2011-12-02'),(272,'g',0,'2011-12-02'),(273,'g',0,'2011-12-02'),(276,'g',0,'2011-12-02'),(279,'g',0,'2011-12-02'),(278,'g',0,'2011-12-02'),(165,'g',0,'2012-01-22'),(283,'g',0,'2011-12-02'),(284,'g',0,'2011-12-02'),(219,'g',0,'2011-12-02'),(220,'g',0,'2011-12-02'),(223,'g',0,'2011-12-02'),(222,'g',0,'2011-12-02'),(224,'g',0,'2011-12-02'),(277,'g',0,'2011-12-02'),(228,'g',0,'2011-12-02'),(280,'g',0,'2011-12-02'),(281,'g',0,'2011-12-02'),(233,'g',0,'2011-12-02'),(227,'g',0,'2011-12-02'),(231,'g',0,'2011-12-02'),(264,'g',0,'2011-12-02'),(266,'g',0,'2011-12-02'),(221,'g',0,'2011-12-02'),(267,'g',0,'2011-12-02'),(268,'g',0,'2011-12-02'),(269,'g',0,'2011-12-02'),(270,'g',0,'2011-12-02'),(271,'g',0,'2011-12-02'),(226,'g',0,'2011-12-02'),(241,'g',0,'2011-12-02'),(248,'g',0,'2011-12-02'),(253,'g',0,'2011-12-02'),(247,'g',0,'2011-12-02'),(252,'g',0,'2011-12-02'),(55,'g',0,'2012-01-22'),(259,'g',0,'2011-12-02'),(265,'g',0,'2011-12-02'),(116,'g',0,'2012-01-22'),(83,'g',0,'2012-01-22'),(91,'g',0,'2012-01-22'),(121,'g',0,'2012-01-22'),(122,'g',0,'2012-01-22'),(132,'g',0,'2012-01-22'),(128,'g',0,'2012-01-22'),(139,'g',0,'2012-01-22'),(185,'g',0,'2011-12-02'),(129,'g',0,'2012-01-22'),(154,'g',0,'2012-01-22'),(57,'g',0,'2012-01-22'),(186,'g',0,'2011-12-02'),(192,'g',0,'2011-12-02'),(196,'g',0,'2011-12-02'),(203,'g',0,'2011-12-02'),(201,'g',0,'2011-12-02'),(257,'g',0,'2011-12-02'),(156,'g',0,'2012-01-22'),(191,'g',0,'2011-12-02'),(240,'g',0,'2011-12-02'),(195,'g',0,'2011-12-02'),(251,'g',0,'2011-12-02'),(355,'g',0,'2011-12-04'),(372,'g',0,'2011-12-04'),(366,'g',0,'2011-12-04'),(376,'g',0,'2011-12-04'),(296,'g',0,'2012-02-02'),(386,'g',0,'2012-02-24'),(364,'g',0,'2012-02-24'),(331,'g',0,'2012-02-24'),(479,'g',0,'2011-12-05'),(480,'g',0,'2011-12-05'),(385,'g',0,'2011-12-05'),(307,'g',0,'2012-01-10'),(336,'g',0,'2011-12-06'),(381,'g',0,'2011-12-06'),(319,'g',0,'2011-12-06'),(298,'g',0,'2011-12-06'),(299,'g',0,'2011-12-06'),(378,'g',0,'2011-12-07'),(498,'g',0,'2011-12-07'),(379,'g',0,'2011-12-07'),(406,'g',0,'2011-12-08'),(485,'g',0,'2012-02-03'),(507,'g',0,'2012-02-17'),(361,'g',0,'2011-12-08'),(389,'g',0,'2011-12-08'),(510,'g',0,'2012-02-17'),(503,'g',0,'2012-02-03'),(339,'g',0,'2012-03-04'),(320,'g',0,'2012-01-09'),(374,'g',0,'2012-03-04'),(367,'g',0,'2012-03-04'),(321,'g',0,'2012-01-10'),(382,'g',0,'2012-01-10'),(484,'g',0,'2012-01-10'),(314,'g',0,'2011-12-09'),(522,'g',0,'2011-12-09'),(353,'g',0,'2011-12-10'),(352,'g',0,'2011-12-10'),(322,'g',0,'2011-12-10'),(373,'g',0,'2011-12-10'),(363,'g',0,'2011-12-10'),(292,'g',0,'2011-12-10'),(496,'g',0,'2011-12-10'),(502,'g',0,'2011-12-11'),(483,'g',0,'2011-12-11'),(515,'g',0,'2011-12-12'),(506,'g',0,'2011-12-12'),(533,'g',0,'2012-02-17'),(325,'g',0,'2012-02-03'),(291,'g',0,'2012-02-03'),(619,'g',0,'2011-12-14'),(509,'g',0,'2011-12-15'),(520,'g',0,'2011-12-15'),(516,'g',0,'2011-12-15'),(511,'g',0,'2011-12-15'),(628,'g',0,'2011-12-15'),(518,'g',0,'2011-12-15'),(615,'g',0,'2011-12-15'),(638,'g',0,'2011-12-16'),(297,'g',0,'2012-02-20'),(302,'g',0,'2012-02-20'),(332,'g',0,'2012-02-20'),(526,'g',0,'2011-12-17'),(369,'g',0,'2011-12-17'),(356,'g',0,'2011-12-17'),(328,'g',0,'2011-12-17'),(324,'g',0,'2011-12-17'),(375,'g',0,'2011-12-17'),(358,'g',0,'2011-12-17'),(335,'g',0,'2011-12-17'),(354,'g',0,'2011-12-17'),(543,'g',0,'2011-12-17'),(525,'g',0,'2011-12-17'),(388,'g',0,'2011-12-17'),(371,'g',0,'2011-12-17'),(301,'g',0,'2012-01-30'),(620,'g',0,'2012-01-30'),(311,'g',0,'2011-12-18'),(622,'g',0,'2012-02-03'),(398,'g',0,'2011-12-18'),(400,'g',0,'2011-12-18'),(390,'g',0,'2011-12-18'),(396,'g',0,'2011-12-18'),(497,'g',0,'2011-12-18'),(392,'g',0,'2011-12-18'),(508,'g',0,'2011-12-18'),(505,'g',0,'2011-12-18'),(412,'g',0,'2011-12-18'),(395,'g',0,'2011-12-18'),(631,'g',0,'2011-12-19'),(650,'g',0,'2012-02-20'),(632,'g',0,'2011-12-20'),(626,'g',0,'2011-12-21'),(656,'g',0,'2011-12-24'),(657,'g',0,'2011-12-24'),(333,'g',0,'2011-12-26'),(640,'g',0,'2011-12-26'),(327,'g',0,'2011-12-26'),(313,'g',0,'2011-12-26'),(491,'g',0,'2011-12-26'),(492,'g',0,'2011-12-26'),(652,'g',0,'2011-12-26'),(528,'g',0,'2011-12-26'),(494,'g',0,'2011-12-26'),(655,'g',0,'2011-12-26'),(667,'g',0,'2011-12-26'),(659,'g',0,'2011-12-26'),(665,'g',0,'2011-12-26'),(624,'g',0,'2011-12-26'),(351,'g',0,'2011-12-26'),(625,'g',0,'2011-12-26'),(300,'g',0,'2011-12-26'),(365,'g',0,'2011-12-26'),(627,'g',0,'2011-12-26'),(649,'g',0,'2011-12-26'),(635,'g',0,'2011-12-26'),(326,'g',0,'2011-12-26'),(294,'g',0,'2011-12-26'),(639,'g',0,'2012-02-02'),(658,'g',0,'2011-12-27'),(683,'g',0,'2012-02-17'),(689,'g',0,'2012-02-17'),(663,'g',0,'2011-12-28'),(675,'g',0,'2011-12-28'),(512,'g',0,'2011-12-29'),(529,'g',0,'2011-12-29'),(495,'g',0,'2011-12-29'),(340,'g',0,'2011-12-29'),(538,'g',0,'2011-12-29'),(590,'g',0,'2011-12-29'),(680,'g',0,'2011-12-29'),(514,'g',0,'2011-12-29'),(541,'g',0,'2011-12-29'),(535,'g',0,'2011-12-30'),(660,'g',0,'2011-12-30'),(672,'g',0,'2011-12-30'),(678,'g',0,'2011-12-30'),(534,'g',0,'2011-12-31'),(537,'g',0,'2011-12-31'),(317,'g',0,'2011-12-31'),(305,'g',0,'2011-12-31'),(308,'g',0,'2012-01-01'),(668,'g',0,'2012-01-01'),(588,'g',0,'2012-01-01'),(530,'g',0,'2012-01-01'),(581,'g',0,'2012-01-01'),(531,'g',0,'2012-01-01'),(481,'g',0,'2012-01-01'),(690,'g',0,'2012-01-01'),(677,'g',0,'2012-03-04'),(671,'g',0,'2012-01-01'),(310,'g',0,'2012-01-01'),(696,'g',0,'2012-01-02'),(676,'g',0,'2012-02-17'),(703,'g',0,'2012-01-02'),(695,'g',0,'2012-01-02'),(697,'g',0,'2012-02-17'),(368,'g',0,'2012-01-03'),(380,'g',0,'2012-01-03'),(377,'g',0,'2012-01-03'),(666,'g',0,'2012-01-03'),(323,'g',0,'2012-01-03'),(716,'g',0,'2012-02-17'),(662,'g',0,'2012-01-05'),(737,'g',0,'2012-01-05'),(711,'g',0,'2012-01-05'),(517,'g',0,'2012-01-05'),(587,'g',0,'2012-01-05'),(582,'g',0,'2012-01-05'),(585,'g',0,'2012-01-05'),(547,'g',0,'2012-01-05'),(536,'g',0,'2012-01-05'),(527,'g',0,'2012-01-05'),(549,'g',0,'2012-01-05'),(617,'g',0,'2012-01-05'),(734,'g',0,'2012-01-06'),(733,'g',0,'2012-01-06'),(721,'g',0,'2012-02-17'),(744,'g',0,'2012-01-08'),(760,'g',0,'2012-01-08'),(746,'g',0,'2012-01-08'),(751,'g',0,'2012-01-08'),(713,'g',0,'2012-01-08'),(712,'g',0,'2012-01-08'),(717,'g',0,'2012-02-17'),(722,'g',0,'2012-01-09'),(637,'g',0,'2012-02-17'),(629,'g',0,'2012-02-17'),(758,'g',0,'2012-01-09'),(726,'g',0,'2012-01-09'),(740,'g',0,'2012-01-09'),(774,'g',0,'2012-02-17'),(787,'g',0,'2012-02-17'),(763,'g',0,'2012-02-17'),(764,'g',0,'2012-02-17'),(765,'g',0,'2012-02-17'),(779,'g',0,'2012-01-12'),(710,'g',0,'2012-01-13'),(796,'g',0,'2012-01-16'),(762,'g',0,'2012-02-17'),(402,'g',0,'2012-01-19'),(411,'g',0,'2012-01-19'),(539,'g',0,'2012-01-19'),(410,'g',0,'2012-01-19'),(654,'g',0,'2012-01-19'),(488,'g',0,'2012-01-19'),(504,'g',0,'2012-01-19'),(757,'g',0,'2012-01-19'),(521,'g',0,'2012-01-19'),(742,'g',0,'2012-01-19'),(728,'g',0,'2012-01-20'),(795,'g',0,'2012-01-20'),(651,'g',0,'2012-01-20'),(741,'g',0,'2012-01-20'),(820,'g',0,'2012-01-20'),(743,'g',0,'2012-01-20'),(804,'g',0,'2012-01-20'),(823,'g',0,'2012-01-20'),(783,'g',0,'2012-01-22'),(797,'g',0,'2012-01-22'),(684,'g',0,'2012-01-22'),(157,'g',0,'2012-01-22'),(794,'g',0,'2012-01-22'),(727,'g',0,'2012-01-22'),(780,'g',0,'2012-01-22'),(500,'g',0,'2012-01-22'),(735,'g',0,'2012-01-22'),(748,'g',0,'2012-01-22'),(802,'g',0,'2012-01-22'),(674,'g',0,'2012-01-22'),(707,'g',0,'2012-01-22'),(682,'g',0,'2012-01-22'),(699,'g',0,'2012-01-22'),(714,'g',0,'2012-01-22'),(698,'g',0,'2012-01-22'),(661,'g',0,'2012-01-22'),(681,'g',0,'2012-01-22'),(673,'g',0,'2012-01-22'),(93,'g',0,'2012-01-22'),(84,'g',0,'2012-01-22'),(852,'g',0,'2012-01-22'),(153,'g',0,'2012-01-22'),(151,'g',0,'2012-01-22'),(101,'g',0,'2012-01-22'),(152,'g',0,'2012-01-22'),(155,'g',0,'2012-01-22'),(131,'g',0,'2012-01-22'),(149,'g',0,'2012-01-22'),(812,'g',0,'2012-01-23'),(845,'g',0,'2012-01-23'),(825,'g',0,'2012-01-23'),(670,'g',0,'2012-01-23'),(705,'g',0,'2012-01-24'),(706,'g',0,'2012-01-24'),(679,'g',0,'2012-01-24'),(715,'g',0,'2012-01-24'),(700,'g',0,'2012-01-24'),(701,'g',0,'2012-01-24'),(623,'g',0,'2012-01-24'),(357,'g',0,'2012-01-24'),(851,'g',0,'2012-01-24'),(648,'g',0,'2012-01-24'),(318,'g',0,'2012-01-24'),(636,'g',0,'2012-01-24'),(645,'g',0,'2012-01-24'),(664,'g',0,'2012-01-24'),(338,'g',0,'2012-01-24'),(415,'g',0,'2012-01-24'),(414,'g',0,'2012-01-24'),(401,'g',0,'2012-01-24'),(407,'g',0,'2012-01-24'),(405,'g',0,'2012-01-24'),(399,'g',0,'2012-01-24'),(413,'g',0,'2012-01-24'),(408,'g',0,'2012-01-24'),(397,'g',0,'2012-01-24'),(404,'g',0,'2012-01-24'),(424,'g',0,'2012-01-24'),(421,'g',0,'2012-01-24'),(425,'g',0,'2012-01-24'),(416,'g',0,'2012-01-24'),(418,'g',0,'2012-01-24'),(422,'g',0,'2012-01-24'),(423,'g',0,'2012-01-24'),(417,'g',0,'2012-01-24'),(419,'g',0,'2012-01-24'),(420,'g',0,'2012-01-24'),(633,'g',0,'2012-01-24'),(708,'g',0,'2012-01-24'),(688,'g',0,'2012-01-24'),(702,'g',0,'2012-01-24'),(687,'g',0,'2012-01-24'),(686,'g',0,'2012-01-24'),(718,'g',0,'2012-01-24'),(685,'g',0,'2012-01-24'),(290,'g',0,'2012-01-24'),(709,'g',0,'2012-01-24'),(789,'g',0,'2012-01-24'),(548,'g',0,'2012-01-24'),(524,'g',0,'2012-01-24'),(747,'g',0,'2012-01-24'),(330,'g',0,'2012-01-24'),(589,'g',0,'2012-01-24'),(341,'g',0,'2012-01-24'),(344,'g',0,'2012-01-24'),(309,'g',0,'2012-01-24'),(337,'g',0,'2012-01-24'),(293,'g',0,'2012-01-24'),(312,'g',0,'2012-01-24'),(342,'g',0,'2012-01-24'),(303,'g',0,'2012-01-24'),(343,'g',0,'2012-01-24'),(329,'g',0,'2012-01-24'),(349,'g',0,'2012-01-24'),(362,'g',0,'2012-01-24'),(348,'g',0,'2012-01-24'),(347,'g',0,'2012-01-24'),(350,'g',0,'2012-01-24'),(346,'g',0,'2012-01-24'),(391,'g',0,'2012-01-24'),(393,'g',0,'2012-01-24'),(394,'g',0,'2012-01-24'),(345,'g',0,'2012-01-24'),(669,'g',0,'2012-01-26'),(647,'g',0,'2012-01-26'),(634,'g',0,'2012-01-26'),(646,'g',0,'2012-01-26'),(704,'g',0,'2012-01-26'),(334,'g',0,'2012-01-26'),(360,'g',0,'2012-01-26'),(295,'g',0,'2012-01-26'),(306,'g',0,'2012-01-26'),(316,'g',0,'2012-01-26'),(315,'g',0,'2012-01-26'),(641,'g',0,'2012-01-26'),(304,'g',0,'2012-01-26'),(805,'g',0,'2012-01-27'),(775,'g',0,'2012-01-27'),(732,'g',0,'2012-01-28'),(730,'g',0,'2012-01-28'),(731,'g',0,'2012-01-28'),(752,'g',0,'2012-01-28'),(761,'g',0,'2012-01-28'),(724,'g',0,'2012-01-28'),(428,'g',0,'2012-01-28'),(431,'g',0,'2012-01-28'),(426,'g',0,'2012-01-28'),(429,'g',0,'2012-01-28'),(432,'g',0,'2012-01-28'),(430,'g',0,'2012-01-28'),(433,'g',0,'2012-01-28'),(434,'g',0,'2012-01-28'),(435,'g',0,'2012-01-28'),(427,'g',0,'2012-01-28'),(893,'g',0,'2012-02-02'),(584,'g',0,'2012-02-02'),(756,'g',0,'2012-02-02'),(583,'g',0,'2012-02-02'),(755,'g',0,'2012-02-02'),(754,'g',0,'2012-02-02'),(753,'g',0,'2012-02-02'),(725,'g',0,'2012-02-02'),(370,'g',0,'2012-02-03'),(403,'g',0,'2012-02-03'),(384,'g',0,'2012-02-03'),(387,'g',0,'2012-02-03'),(383,'g',0,'2012-02-03'),(409,'g',0,'2012-02-03'),(359,'g',0,'2012-02-03'),(486,'g',0,'2012-02-03'),(499,'g',0,'2012-02-03'),(478,'g',0,'2012-02-03'),(879,'g',0,'2012-02-03'),(882,'g',0,'2012-02-07'),(881,'g',0,'2012-02-07'),(872,'g',0,'2012-02-07'),(917,'g',0,'2012-02-12'),(960,'g',0,'2012-02-12'),(965,'g',0,'2012-02-12'),(963,'g',0,'2012-02-14'),(949,'g',0,'2012-02-14'),(947,'g',0,'2012-02-14'),(941,'g',0,'2012-02-14'),(948,'g',0,'2012-02-14'),(970,'g',0,'2012-02-14'),(959,'g',0,'2012-02-15'),(971,'g',0,'2012-02-15'),(972,'g',0,'2012-02-15'),(952,'g',0,'2012-02-16'),(835,'g',0,'2012-02-16'),(807,'g',0,'2012-02-16'),(836,'g',0,'2012-02-16'),(806,'g',0,'2012-02-16'),(837,'g',0,'2012-02-16'),(826,'g',0,'2012-02-16'),(833,'g',0,'2012-02-16'),(859,'g',0,'2012-02-16'),(956,'g',0,'2012-02-16'),(829,'g',0,'2012-02-16'),(830,'g',0,'2012-02-16'),(832,'g',0,'2012-02-16'),(828,'g',0,'2012-02-17'),(827,'g',0,'2012-02-17'),(951,'g',0,'2012-02-17'),(834,'g',0,'2012-02-17'),(831,'g',0,'2012-02-17'),(969,'g',0,'2012-02-17'),(719,'g',0,'2012-02-17'),(444,'g',0,'2012-02-21'),(450,'g',0,'2012-02-21'),(445,'g',0,'2012-02-21'),(451,'g',0,'2012-02-21'),(446,'g',0,'2012-02-21'),(452,'g',0,'2012-02-21'),(449,'g',0,'2012-02-21'),(448,'g',0,'2012-02-21'),(462,'g',0,'2012-02-21'),(461,'g',0,'2012-02-21'),(463,'g',0,'2012-02-21'),(459,'g',0,'2012-02-21'),(458,'g',0,'2012-02-21'),(454,'g',0,'2012-02-21'),(460,'g',0,'2012-02-21'),(456,'g',0,'2012-02-21'),(455,'g',0,'2012-02-21'),(457,'g',0,'2012-02-21'),(472,'g',0,'2012-02-21'),(466,'g',0,'2012-02-21'),(465,'g',0,'2012-02-21'),(473,'g',0,'2012-02-21'),(469,'g',0,'2012-02-21'),(464,'g',0,'2012-02-21'),(468,'g',0,'2012-02-21'),(467,'g',0,'2012-02-21'),(471,'g',0,'2012-02-21'),(470,'g',0,'2012-02-21'),(447,'g',0,'2012-02-21'),(453,'g',0,'2012-02-21'),(442,'g',0,'2012-02-26'),(443,'g',0,'2012-02-26'),(441,'g',0,'2012-02-26'),(440,'g',0,'2012-02-27'),(438,'g',0,'2012-02-27'),(977,'g',0,'2012-02-27'),(436,'g',0,'2012-02-27'),(439,'g',0,'2012-02-27'),(437,'g',0,'2012-02-27'),(981,'g',0,'2012-02-27'),(968,'g',0,'2012-02-28'),(915,'g',0,'2012-02-28'),(916,'g',0,'2012-02-28'),(883,'g',0,'2012-02-28'),(874,'g',0,'2012-02-28'),(873,'g',0,'2012-02-28'),(870,'g',0,'2012-02-28'),(976,'g',0,'2012-02-28'),(861,'g',0,'2012-02-28'),(885,'g',0,'2012-02-29'),(988,'g',0,'2012-03-01'),(979,'g',0,'2012-03-01'),(992,'g',0,'2012-03-03'),(997,'g',0,'2012-03-05'),(993,'g',0,'2012-03-05'),(994,'g',0,'2012-03-06');

--
-- Table structure for table `idx_paid_listing`
--

CREATE TABLE `idx_paid_listing` (
  `link_id` mediumint(9) unsigned NOT NULL DEFAULT '0',
  `premium` char(1) DEFAULT NULL,
  `sponsored` char(1) DEFAULT NULL,
  `expire` datetime DEFAULT NULL,
  `paid` char(1) DEFAULT NULL,
  PRIMARY KEY (`link_id`)
) ENGINE=MyISAM DEFAULT CHARSET=latin1;

--
-- Dumping data for table `idx_paid_listing`
--


--
-- Table structure for table `idx_payment_gateway`
--

CREATE TABLE `idx_payment_gateway` (
  `payment_gateway_id` int(11) NOT NULL AUTO_INCREMENT,
  `name` varchar(100) DEFAULT NULL,
  `enable` char(1) DEFAULT NULL,
  `setting` text,
  `invoice_html` text,
  PRIMARY KEY (`payment_gateway_id`)
) ENGINE=MyISAM AUTO_INCREMENT=9 DEFAULT CHARSET=latin1;

--
-- Dumping data for table `idx_payment_gateway`
--

INSERT INTO `idx_payment_gateway` VALUES (1,'paypal','1','a:2:{s:13:\"payment_email\";s:0:\"\";s:21:\"enable_paypal_sandbox\";s:1:\"0\";}','<p> \r\n	<a href=\'paynow.php?id={$invoice_id}&m=paypal\'><img src=\'http://www.paypal.com/images/x-click-but02.gif\' border=\'0\' alt=\'Make payments with PayPal - it is fast, free and secure!\' /></a> \r\n</p>\r\n'),(2,'2co','0','a:6:{s:6:\"co_sid\";s:5:\"84932\";s:9:\"co_secret\";s:5:\"tango\";s:12:\"co_recurring\";s:1:\"0\";s:9:\"co_prod_1\";s:6:\"100.00\";s:9:\"co_prod_2\";s:6:\"250.00\";s:9:\"co_prod_3\";s:6:\"400.00\";}','<p>\r\n<a href=\'paynow.php?id={$invoice_id}&m=2co\'><img src=\'http://www.2checkout.com/images/overview/btns/25.jpg\' alt=\'Pay Now with 2checkout...\' border=\'0\' /></a> \r\n</p>'),(3,'authorizenet','0','a:2:{s:21:\"authorizenet_login_id\";s:0:\"\";s:21:\"authorizenet_tran_key\";s:0:\"\";}','<p> \r\n<a href=\'paynow.php?id={$invoice_id}&m=authorizenet\'><img src=\'http://www.authorize.net/upload/images/Images/Header/authorizenet_logo.gif\' alt=\'Pay Now with Authorize.Net...\' width=\'99\' height=\'39\' style=\'{border : 1px solid #c0c0c0;}\' /></a>\r\n</p>'),(4,'egold','0','a:2:{s:19:\"egold_payee_account\";s:0:\"\";s:16:\"egold_payee_name\";s:0:\"\";}','<p> \r\n<a href=\'paynow.php?id={$invoice_id}&m=egold\'>\r\n<img src=\'http://www.e-gold.com/gif/paywith.gif\' border=\'0\' alt=\'Pay Now with e-gold...\' />\r\n</a>\r\n</p>'),(5,'moneybookers','0','a:1:{s:18:\"moneybookers_email\";s:0:\"\";}','<p> \r\n<a href=\'paynow.php?id={$invoice_id}&m=paypal\'><img src=\'http://www.moneybookers.com/images/banners/88_en_mb.gif\' border=\'0\' alt=\'Make payments with Moneybookers - it is fast, free and secure!\' /></a> \r\n</p>'),(6,'paypal-subscriptions','0','a:2:{s:13:\"payment_email\";s:0:\"\";s:21:\"enable_paypal_sandbox\";s:1:\"0\";}','<p> \r\n<a href=\'paynow.php?id={$invoice_id}&m=paypal\'><img src=\'https://www.paypal.com/en_US/i/btn/x-click-but20.gif\' border=\'0\' alt=\'Make payments with PayPal - it is fast, free and secure!\' /></a> \r\n</p>'),(7,'alertpay','0','a:2:{s:14:\"alertpay_email\";s:0:\"\";s:23:\"enable_alertpay_sandbox\";s:1:\"0\";}','<p> \r\n<a href=\'paynow.php?id={$invoice_id}&m=alertpay\'>\r\n<img src=\'https://www.alertpay.com/Images/BuyNow/pay_now_3.gif\' border=\'0\' alt=\'Make payments with PayPal - it is fast, free and secure!\' /></a> \r\n</p>'),(8,'alertpay-subcriptions','0','a:2:{s:14:\"alertpay_email\";s:0:\"\";s:23:\"enable_alertpay_sandbox\";s:1:\"0\";}','<p>\r\n<a href=\'paynow.php?id={$invoice_id}&m=alertpay-subcriptions\'>\r\n<img src=\'https://www.alertpay.com/Images/BuyNow/subscribe_now_15.gif\' border=\'0\' alt=\'Make payments with Alert Pay - it is fast, free and secure!\' /></a> \r\n</p>');

--
-- Table structure for table `idx_payment_history`
--

CREATE TABLE `idx_payment_history` (
  `payment_id` int(10) unsigned NOT NULL AUTO_INCREMENT,
  `contact_name` varchar(255) DEFAULT NULL,
  `email` varchar(255) DEFAULT NULL,
  `type` varchar(255) DEFAULT NULL,
  `detail` text,
  `amount` double DEFAULT NULL,
  `time` datetime DEFAULT NULL,
  `invoice_id` varchar(10) DEFAULT NULL,
  PRIMARY KEY (`payment_id`)
) ENGINE=MyISAM DEFAULT CHARSET=latin1;

--
-- Dumping data for table `idx_payment_history`
--


--
-- Table structure for table `idx_pl_sociable`
--

CREATE TABLE `idx_pl_sociable` (
  `sb_id` int(11) NOT NULL AUTO_INCREMENT,
  `sb_name` varchar(255) CHARACTER SET utf8 DEFAULT NULL,
  `sb_url` varchar(255) CHARACTER SET utf8 DEFAULT NULL,
  `sb_icon` varchar(255) CHARACTER SET utf8 DEFAULT NULL,
  `sb_enable` char(1) CHARACTER SET utf8 DEFAULT '0',
  PRIMARY KEY (`sb_id`)
) ENGINE=MyISAM AUTO_INCREMENT=90 DEFAULT CHARSET=latin1;

--
-- Dumping data for table `idx_pl_sociable`
--

INSERT INTO `idx_pl_sociable` VALUES (1,'BarraPunto','http://barrapunto.com/submit.pl?subj=TITLE&amp;story=PERMALINK','barrapunto.png','0'),(2,'Bitacoras.com','http://bitacoras.com/anotaciones/PERMALINK','bitacoras.png','0'),(3,'BlinkList','http://www.blinklist.com/index.php?Action=Blink/addblink.php&amp;Url=PERMALINK&amp;Title=TITLE','blinklist.png','0'),(4,'blogmarks','http://blogmarks.net/my/new.php?mini=1&amp;simple=1&amp;url=PERMALINK&amp;title=TITLE','blogmarks.png','0'),(5,'Blogosphere News','http://www.blogospherenews.com/submit.php?url=PERMALINK&amp;title=TITLE','blogospherenews.png','0'),(6,'blogtercimlap','http://cimlap.blogter.hu/index.php?action=suggest_link&amp;title=TITLE&amp;url=PERMALINK','blogter.png','0'),(7,'Faves','http://faves.com/Authoring.aspx?u=PERMALINK&amp;title=TITLE','bluedot.png','0'),(8,'connotea','http://www.connotea.org/addpopup?continue=confirm&amp;uri=PERMALINK&amp;title=TITLE&amp;description=EXCERPT','connotea.png','0'),(9,'Current','http://current.com/clipper.htm?url=PERMALINK&amp;title=TITLE','current.png','0'),(10,'del.icio.us','http://delicious.com/post?url=PERMALINK&amp;title=TITLE&amp;notes=EXCERPT','delicious.png','0'),(11,'Digg','http://digg.com/submit?phase=2&amp;url=PERMALINK&amp;title=TITLE&amp;bodytext=EXCERPT','digg.png','1'),(12,'Diigo','http://www.diigo.com/post?url=PERMALINK&amp;title=TITLE','diigo.png','0'),(13,'DotNetKicks','http://www.dotnetkicks.com/kick/?url=PERMALINK&amp;title=TITLE','dotnetkicks.png','0'),(14,'DZone','http://www.dzone.com/links/add.html?url=PERMALINK&amp;title=TITLE','dzone.png','0'),(15,'eKudos','http://www.ekudos.nl/artikel/nieuw?url=PERMALINK&amp;title=TITLE&amp;desc=EXCERPT','ekudos.png','0'),(16,'email','mailto:?subject=TITLE&amp;body=PERMALINK','email_link.png','0'),(17,'Facebook','http://www.facebook.com/share.php?u=PERMALINK&amp;t=TITLE','facebook.png','1'),(18,'Fark','http://cgi.fark.com/cgi/fark/farkit.pl?h=TITLE&amp;u=PERMALINK','fark.png','0'),(19,'Fleck','http://beta3.fleck.com/bookmarklet.php?url=PERMALINK&amp;title=TITLE','fleck.png','0'),(20,'FriendFeed','http://www.friendfeed.com/share?title=TITLE&amp;link=PERMALINK','friendfeed.png','0'),(21,'FSDaily','http://www.fsdaily.com/submit?url=PERMALINK&amp;title=TITLE','fsdaily.png','0'),(22,'Global Grind','http://globalgrind.com/submission/submit.aspx?url=PERMALINK&amp;type=Article&amp;title=TITLE','globalgrind.png','0'),(23,'Google','http://www.google.com/bookmarks/mark?op=edit&amp;bkmk=PERMALINK&amp;title=TITLE&amp;annotation=EXCERPT','googlebookmark.png','0'),(24,'Gwar','http://www.gwar.pl/DodajGwar.html?u=PERMALINK','gwar.png','0'),(25,'HackerNews','http://news.ycombinator.com/submitlink?u=PERMALINK&amp;t=TITLE','hackernews.png','0'),(26,'Haohao','http://www.haohaoreport.com/submit.php?url=PERMALINK&amp;title=TITLE','haohao.png','0'),(27,'HealthRanker','http://healthranker.com/submit.php?url=PERMALINK&amp;title=TITLE','healthranker.png','0'),(28,'HelloTxt','http://hellotxt.com/?status=TITLE+PERMALINK','hellotxt.png','0'),(29,'Hemidemi','http://www.hemidemi.com/user_bookmark/new?title=TITLE&amp;url=PERMALINK','hemidemi.png','0'),(30,'Hyves','http://www.hyves.nl/profilemanage/add/tips/?name=TITLE&amp;text=EXCERPT+PERMALINK&amp;rating=5','hyves.png','0'),(31,'Identi.ca','http://identi.ca/notice/new?status_textarea=PERMALINK','identica.png','0'),(32,'IndianPad','http://www.indianpad.com/submit.php?url=PERMALINK','indianpad.png','0'),(33,'Internetmedia','http://internetmedia.hu/submit.php?url=PERMALINK','im.png','0'),(34,'Kirtsy','http://www.kirtsy.com/submit.php?url=PERMALINK&amp;title=TITLE','kirtsy.png','0'),(35,'laaik.it','http://laaik.it/NewStoryCompact.aspx?uri=PERMALINK&amp;headline=TITLE&amp;cat=5e082fcc-8a3b-47e2-acec-fdf64ff19d12','laaikit.png','0'),(36,'LinkArena','http://linkarena.com/bookmarks/addlink/?url=PERMALINK&amp;title=TITLE','linkarena.png','0'),(37,'LinkaGoGo','http://www.linkagogo.com/go/AddNoPopup?url=PERMALINK&amp;title=TITLE','linkagogo.png','0'),(38,'LinkedIn','http://www.linkedin.com/shareArticle?mini=true&amp;url=PERMALINK&amp;title=TITLE&amp;source=BLOGNAME&amp;summary=EXCERPT','linkedin.png','0'),(39,'Linkter','http://www.linkter.hu/index.php?action=suggest_link&amp;url=PERMALINK&amp;title=TITLE','linkter.png','0'),(40,'Live','https://favorites.live.com/quickadd.aspx?marklet=1&amp;url=PERMALINK&amp;title=TITLE','live.png','0'),(41,'Meneame','http://meneame.net/submit.php?url=PERMALINK','meneame.png','0'),(42,'MisterWong','http://www.mister-wong.com/addurl/?bm_url=PERMALINK&amp;bm_description=TITLE&amp;plugin=soc','misterwong.png','0'),(43,'MisterWong.DE','http://www.mister-wong.de/addurl/?bm_url=PERMALINK&amp;bm_description=TITLE&amp;plugin=soc','misterwong.png','0'),(44,'Mixx','http://www.mixx.com/submit?page_url=PERMALINK&amp;title=TITLE','mixx.png','0'),(45,'muti','http://www.muti.co.za/submit?url=PERMALINK&amp;title=TITLE','muti.png','0'),(46,'MyShare','http://myshare.url.com.tw/index.php?func=newurl&amp;url=PERMALINK&amp;desc=TITLE','myshare.png','0'),(47,'MySpace','http://www.myspace.com/Modules/PostTo/Pages/?u=PERMALINK&amp;t=TITLE','myspace.png','0'),(48,'MSNReporter','http://reporter.nl.msn.com/?fn=contribute&amp;Title=TITLE&amp;URL=PERMALINK&amp;cat_id=6&amp;tag_id=31&amp;Remark=EXCERPT','msnreporter.png','0'),(49,'N4G','http://www.n4g.com/tips.aspx?url=PERMALINK&amp;title=TITLE','n4g.png','0'),(50,'Netvibes','http://www.netvibes.com/share?title=TITLE&amp;url=PERMALINK','netvibes.png','0'),(51,'NewsVine','http://www.newsvine.com/_tools/seed&amp;save?u=PERMALINK&amp;h=TITLE','newsvine.png','0'),(52,'Netvouz','http://www.netvouz.com/action/submitBookmark?url=PERMALINK&amp;title=TITLE&amp;popup=no','netvouz.png','0'),(53,'NuJIJ','http://nujij.nl/jij.lynkx?t=TITLE&amp;u=PERMALINK&amp;b=EXCERPT','nujij.png','0'),(54,'Ping.fm','http://ping.fm/ref/?link=PERMALINK&amp;title=TITLE&amp;body=EXCERPT','ping.png','0'),(55,'Posterous','http://posterous.com/share?linkto=PERMALINK&amp;title=TITLE&amp;selection=EXCERPT','posterous.png','0'),(56,'PDF','http://www.printfriendly.com/print?url=PERMALINK&amp;partner=sociable','pdf.png','0'),(57,'Print','http://www.printfriendly.com/print?url=PERMALINK&amp;partner=sociable','printfriendly.png','0'),(58,'Propeller','http://www.propeller.com/submit/?url=PERMALINK','propeller.png','0'),(59,'Ratimarks','http://ratimarks.org/bookmarks.php/?action=add&address=PERMALINK&amp;title=TITLE','ratimarks.png','0'),(60,'Rec6','http://rec6.via6.com/link.php?url=PERMALINK&amp;=TITLE','rec6.png','0'),(61,'Reddit','http://reddit.com/submit?url=PERMALINK&amp;title=TITLE','reddit.png','0'),(62,'RSS','FEEDLINK','rss.png','0'),(63,'Scoopeo','http://www.scoopeo.com/scoop/new?newurl=PERMALINK&amp;title=TITLE','scoopeo.png','0'),(64,'Segnalo','http://segnalo.alice.it/post.html.php?url=PERMALINK&amp;title=TITLE','segnalo.png','0'),(65,'Simpy','http://www.simpy.com/simpy/LinkAdd.do?href=PERMALINK&amp;title=TITLE','simpy.png','0'),(66,'Slashdot','http://slashdot.org/bookmark.pl?title=TITLE&amp;url=PERMALINK','slashdot.png','0'),(67,'Socialogs','http://socialogs.com/add_story.php?story_url=PERMALINK&amp;story_title=TITLE','socialogs.png','0'),(68,'SphereIt','http://www.sphere.com/search?q=sphereit:PERMALINK&amp;title=TITLE','sphere.png','0'),(69,'Sphinn','http://sphinn.com/index.php?c=post&amp;m=submit&amp;link=PERMALINK','sphinn.png','0'),(70,'StumbleUpon','http://www.stumbleupon.com/submit?url=PERMALINK&amp;title=TITLE','stumbleupon.png','0'),(71,'Techmeme','http://twitter.com/home/?status=tip%20@Techmeme%20PERMALINK%20TITLE','techmeme.png','0'),(72,'Technorati','http://technorati.com/faves?add=PERMALINK','technorati.png','1'),(73,'ThisNext','http://www.thisnext.com/pick/new/submit/sociable/?url=PERMALINK&amp;name=TITLE','thisnext.png','0'),(74,'Tipd','http://tipd.com/submit.php?url=PERMALINK','tipd.png','0'),(75,'Tumblr','http://www.tumblr.com/share?v=3&amp;u=PERMALINK&amp;t=TITLE&amp;s=EXCERPT','tumblr.png','0'),(76,'Twitter','http://twitter.com/home?status=TITLE%20-%20PERMALINK','twitter.png','1'),(77,'Upnews','http://www.upnews.it/submit?url=PERMALINK&amp;title=TITLE','upnews.png','0'),(78,'Webnews.de','http://www.webnews.de/einstellen?url=PERMALINK&amp;title=TITLE','webnews.png','0'),(79,'Webride','http://webride.org/discuss/split.php?uri=PERMALINK&amp;title=TITLE','webride.png','0'),(80,'Wikio','http://www.wikio.com/vote?url=PERMALINK','wikio.png','0'),(81,'Wikio FR','http://www.wikio.fr/vote?url=PERMALINK','wikio.png','0'),(82,'Wikio IT','http://www.wikio.it/vote?url=PERMALINK','wikio.png','0'),(83,'Wists','http://wists.com/s.php?c=&amp;r=PERMALINK&amp;title=TITLE','wists.png','0'),(84,'Wykop','http://www.wykop.pl/dodaj?url=PERMALINK','wykop.png','0'),(85,'Xerpi','http://www.xerpi.com/block/add_link_from_extension?url=PERMALINK&amp;title=TITLE','xerpi.png','0'),(86,'YahooBuzz','http://buzz.yahoo.com/submit/?submitUrl=PERMALINK&amp;submitHeadline=TITLE&amp;submitSummary=EXCERPT&amp;submitCategory=science&amp;submitAssetType=text','yahoobuzz.png','0'),(87,'Yahoo! Bookmarks','http://bookmarks.yahoo.com/toolbar/savebm?u=PERMALINK&amp;t=TITLE&opener=bm&amp;ei=UTF-8&amp;d=EXCERPT','yahoomyweb.png','0'),(88,'Yigg','http://yigg.de/neu?exturl=PERMALINK&amp;exttitle=TITLE','yiggit.png','0'),(89,'Blogplay','http://blogplay.com','blogplay.png','0');

--
-- Table structure for table `idx_plugin`
--

CREATE TABLE `idx_plugin` (
  `plugin_id` int(11) NOT NULL AUTO_INCREMENT,
  `name` varchar(255) DEFAULT NULL,
  `plugin_file` varchar(255) DEFAULT NULL,
  `status` enum('0','1') DEFAULT NULL,
  `option_plugin` text,
  PRIMARY KEY (`plugin_id`)
) ENGINE=MyISAM AUTO_INCREMENT=2 DEFAULT CHARSET=latin1;

--
-- Dumping data for table `idx_plugin`
--

INSERT INTO `idx_plugin` VALUES (1,'Sociable','sociable/sociable.php','1',NULL);

--
-- Table structure for table `idx_review`
--

CREATE TABLE `idx_review` (
  `review_id` mediumint(9) unsigned NOT NULL AUTO_INCREMENT,
  `link_id` mediumint(9) unsigned NOT NULL DEFAULT '0',
  `review` text NOT NULL,
  `rating` tinyint(3) unsigned NOT NULL DEFAULT '0',
  `date` date NOT NULL DEFAULT '0000-00-00',
  `subject` varchar(100) DEFAULT NULL,
  `status` char(1) DEFAULT NULL,
  `username` varchar(20) DEFAULT NULL,
  `name` varchar(20) DEFAULT NULL,
  `email` varchar(100) DEFAULT NULL,
  PRIMARY KEY (`review_id`)
) ENGINE=MyISAM DEFAULT CHARSET=latin1;

--
-- Dumping data for table `idx_review`
--


--
-- Table structure for table `idx_searchlog`
--

CREATE TABLE `idx_searchlog` (
  `keyword` varchar(100) NOT NULL DEFAULT '',
  `time` datetime NOT NULL DEFAULT '0000-00-00 00:00:00',
  `result` mediumint(9) unsigned DEFAULT NULL,
  `ip` varchar(100) DEFAULT NULL
) ENGINE=MyISAM DEFAULT CHARSET=latin1;

--
-- Dumping data for table `idx_searchlog`
--


--
-- Table structure for table `idx_set_hook_place`
--

CREATE TABLE `idx_set_hook_place` (
  `set_hook_place_id` int(11) NOT NULL AUTO_INCREMENT,
  `plugin` varchar(255) DEFAULT NULL,
  `set_hook_place` text,
  PRIMARY KEY (`set_hook_place_id`)
) ENGINE=MyISAM DEFAULT CHARSET=latin1;

--
-- Dumping data for table `idx_set_hook_place`
--


--
-- Table structure for table `idx_setting`
--

CREATE TABLE `idx_setting` (
  `setting_id` int(11) NOT NULL AUTO_INCREMENT,
  `setting_name` varchar(255) DEFAULT NULL,
  `setting_value` text,
  PRIMARY KEY (`setting_id`)
) ENGINE=MyISAM AUTO_INCREMENT=55 DEFAULT CHARSET=latin1;

--
-- Dumping data for table `idx_setting`
--

INSERT INTO `idx_setting` VALUES (4,'site_name','xclusivesites.net'),(5,'site_url','http://xclusivesites.net'),(6,'email_address','alisa.hormann@gmail.com'),(7,'language_code','en_US'),(8,'theme_path','/home/xclusi/public_html/themes/'),(9,'admin_template_path','/home/xclusi/public_html/admin_tpl/'),(10,'plugin_path','/home/xclusi/public_html/plugin/'),(12,'active_theme','_xclusivesites'),(14,'spam_proof','1'),(15,'enable_user_validation','1'),(16,'allowed_file_extension','gif,jpg,png,pdf,zip,doc'),(17,'yahoo_appid',''),(18,'whosonline','600'),(19,'reciprocal_check','0'),(20,'urlcheck_limit','1'),(21,'pagerank_cache','30'),(22,'max_image_width','1024'),(23,'max_image_height','756'),(24,'max_file_size','500'),(25,'only_registered_can_add_link','0'),(26,'only_registered_can_add_review','0'),(27,'db_use_persistent','0'),(28,'paid_link_day_period','30,60,90,180'),(29,'paid_link_price_factor','1,1.5,2,3'),(30,'enable_html_tag','1'),(31,'allowed_html_tag','<b>,<strong>,<i>,<em>,<u>,<pre>,<blockquote>,<ol>,<ul>,<li>,<p>,<span>,<div>,<table>,<tr>,<td>'),(32,'enable_page_compression','0'),(33,'enable_category_ajax','1'),(34,'require_visit_category','0'),(35,'additional_category_price','0.5'),(36,'enable_rating_ajax','1'),(37,'service_nicecoder_avail','1'),(38,'enable_recaptcha','0'),(39,'recaptcha_publickey',''),(40,'recaptcha_privatekey',''),(41,'enable_bidding','0'),(42,'minimum_bid','5'),(43,'bid_increament','1'),(44,'charset','utf-8'),(45,'mailer','mail'),(46,'smtp_auth','0'),(47,'smtp_host',''),(48,'smtp_username',''),(49,'smtp_password',''),(50,'smtp_port','25'),(51,'emailbody_as_html','0'),(52,'indexu_version','2.4'),(53,'tos',''),(54,'submission_guidelines','');

--
-- Table structure for table `idx_tags`
--

CREATE TABLE `idx_tags` (
  `tag` varchar(64) NOT NULL DEFAULT '',
  `category_id` mediumint(8) unsigned NOT NULL DEFAULT '0',
  `total` int(11) NOT NULL DEFAULT '0',
  `tag_path` varchar(64) NOT NULL,
  PRIMARY KEY (`tag`,`category_id`)
) ENGINE=MyISAM DEFAULT CHARSET=latin1;

--
-- Dumping data for table `idx_tags`
--


--
-- Table structure for table `idx_unavailable`
--

CREATE TABLE `idx_unavailable` (
  `idx_unavailable` int(11) NOT NULL AUTO_INCREMENT,
  `link_id` int(11) DEFAULT NULL,
  `url` varchar(255) DEFAULT NULL,
  `who_is` varchar(255) DEFAULT NULL,
  `note` text,
  `date` datetime DEFAULT NULL,
  PRIMARY KEY (`idx_unavailable`)
) ENGINE=MyISAM DEFAULT CHARSET=latin1;

--
-- Dumping data for table `idx_unavailable`
--


--
-- Table structure for table `idx_unavailable_latest`
--

CREATE TABLE `idx_unavailable_latest` (
  `idx_link` int(11) DEFAULT NULL,
  `record_execution` int(11) DEFAULT NULL
) ENGINE=MyISAM DEFAULT CHARSET=latin1;

--
-- Dumping data for table `idx_unavailable_latest`
--


--
-- Table structure for table `idx_votes`
--

CREATE TABLE `idx_votes` (
  `link_id` mediumint(9) NOT NULL DEFAULT '0',
  `ip` varchar(100) DEFAULT NULL,
  `value` tinyint(4) DEFAULT NULL
) ENGINE=MyISAM DEFAULT CHARSET=latin1;

--
-- Dumping data for table `idx_votes`
--



