--
-- Host: a-zrealestatedirectory.com    Database: azreales_indexu
-- ------------------------------------------------------


--
-- Not dumping tablespaces as no INFORMATION_SCHEMA.FILES table on this server
--

--
-- Table structure for table `directory_save_data`
--

CREATE TABLE `directory_save_data` (
  `id` bigint(100) NOT NULL auto_increment,
  `schedule_id` bigint(100) NOT NULL,
  `project_id` bigint(100) NOT NULL,
  `link_id` bigint(100) NOT NULL,
  `confirm_link` text NOT NULL,
  `category_id` int(10) NOT NULL,
  `category_name` varchar(150) NOT NULL,
  PRIMARY KEY  (`id`)
) ENGINE=MyISAM DEFAULT CHARSET=latin1;

--
-- Dumping data for table `directory_save_data`
--


--
-- Table structure for table `idx_admin_menu`
--

CREATE TABLE `idx_admin_menu` (
  `menu_id` int(11) NOT NULL auto_increment,
  `parent_id` int(11) default NULL,
  `menu_title` varchar(255) default NULL,
  `menu_url` varchar(255) default NULL,
  `order_number` int(11) default NULL,
  PRIMARY KEY  (`menu_id`)
) ENGINE=MyISAM AUTO_INCREMENT=85 DEFAULT CHARSET=latin1;

--
-- Dumping data for table `idx_admin_menu`
--

INSERT INTO `idx_admin_menu` VALUES (1,0,'Dashboard','summary.php',0),(3,0,'Categories','cat_view.php',0),(4,3,'View/ Edit/ Delete','cat_view.php',1),(5,3,'Add New Category','cat_add.php',2),(2,1,'Summary','summary.php',1),(7,3,'Check Category Structure','cat_struc.php',4),(8,3,'Update Category Path','cat_path_update.php',5),(6,3,'Pending Category','cat_pending_suggestion.php',3),(9,3,'Set Default Price','cat_set_default_price.php',6),(10,3,'Hidden Category','cat_view_hidden.php',7),(11,3,'Registered Users Only','cat_view_registered_only.php',8),(12,3,'Search Category','cat_search.php',9),(13,0,'Links','link_search.php',0),(14,13,'Search/ Edit/ Delete','link_search.php',1),(15,13,'Add New Link','link_add.php',2),(16,13,'Validate Link','link_validate.php',3),(17,13,'Premium Listing','link_premium_listing.php',4),(18,13,'Sponsored Listing','link_sponsored_listing.php',5),(19,13,'Suspended Listing','link_suspended_listing.php',6),(20,13,'Spam Links','link_validate.php?spam=1',7),(22,13,'Update Number of Links','app_update_nol.php',9),(23,13,'Update Tag Clouds','tag_cloud_update.php',10),(21,13,'Editor Pick Links','link_editor_pick.php',8),(25,13,'Validate Reviews','review_validate.php',11),(26,13,'Discount Coupon','coupon.php',12),(27,13,'Default Field','link_default_field.php',13),(28,13,'Custom Field','link_custom_field.php',14),(29,0,'Users','user_active.php',0),(30,29,'View All','user_active.php',1),(31,29,'Add New User','user_add.php',2),(32,29,'View Suspend','user_suspend.php',3),(33,29,'View Unactive','user_active.php?pflag=Unactive',4),(34,29,'Search User','user_search.php',5),(35,0,'Editors','editor_add.php',0),(36,35,'Add New Editor','editor_add.php',1),(37,35,'Validate Editors','editor_validate.php',2),(38,0,'Invoices','inv_config.php',0),(39,38,'Configure','inv_config.php',1),(40,38,'Create An Invoice','inv_create.php',2),(41,38,'Paid Invoice','inv_paid.php',3),(42,38,'Unpaid Invoice','inv_unpaid.php',4),(43,38,'Overdue Invoice','inv_overdue.php',5),(44,38,'Payment History','pay_history.php',6),(45,0,'Mailling Systems','message_view.php',0),(46,45,'Send/ Edit/ Delete','message_view.php',1),(47,45,'Create Template','message_create.php',2),(48,45,'Mailing List Subscribers','message_subscriber.php',3),(49,0,'Templates','template_manager.php',0),(50,49,'Site Templates Manager','template_manager.php',1),(51,49,'Import Site Template','template_import.php',2),(52,49,'Export Site Template','template_export.php',3),(53,49,'Email Templates','email_template.php',4),(54,49,'Export Email Template','email_template_export.php',5),(55,49,'Import Email Template','email_template_import.php',6),(56,0,'Tools','link_duplicate.php',0),(57,56,'Find Duplicate Link','link_duplicate.php',1),(58,56,'Broken Link Report','link_bad.php',2),(59,56,'Spider Link CheckUrl','checkurl_web.php',3),(60,56,'Block Name server Domain','blocked_domain_list.php',4),(61,56,'Add Block Name server Domain','add_blocked_domain.php',5),(62,56,'Unavailable domain listing','unavailable_link_list.php',6),(63,56,'Clear Template Cache','clear_templates_c.php',7),(64,56,'PHP Configuration','phpinfo.php',8),(65,56,'Sitemap Generator','sitemap.php',9),(66,56,'Cronjobs','cronjobs.php',10),(67,56,'Fetch Meta','fetch_meta.php',11),(68,56,'Hook Place','hook_place.php',12),(69,56,'CheckUrl Result','link_checkurl.php',13),(70,56,'View Search Log','log_search.php',14),(71,56,'Bad Words Filter','badword_filter.php',15),(72,0,'Options','app_setup.php',0),(73,72,'Setup','app_setup.php',1),(74,72,'Page Caching','app_page_caching.php',2),(75,72,'Mod-rewrite','app_mod_rewrite.php',3),(76,72,'Change Password','app_change_pwd.php',4),(77,0,'Database','db_import.php',0),(78,77,'Import','db_import.php',1),(79,77,'Export','db_export.php',2),(80,77,'Backup','db_backup.php',3),(81,77,'Query','db_query.php',4),(82,77,'Find Replace','db_find_replace.php',5),(83,0,'Plugins','plugin_listing.php',0),(84,83,'View All','plugin_listing.php',1);

--
-- Table structure for table `idx_bad_link`
--

CREATE TABLE `idx_bad_link` (
  `bad_link_id` mediumint(9) unsigned NOT NULL auto_increment,
  `link_id` mediumint(9) unsigned NOT NULL default '0',
  `name` varchar(50) NOT NULL default '',
  `email` varchar(50) NOT NULL default '',
  `type` tinyint(3) unsigned NOT NULL default '0',
  `date` date NOT NULL default '0000-00-00',
  PRIMARY KEY  (`bad_link_id`)
) ENGINE=MyISAM DEFAULT CHARSET=latin1;

--
-- Dumping data for table `idx_bad_link`
--


--
-- Table structure for table `idx_badwords`
--

CREATE TABLE `idx_badwords` (
  `word` varchar(100) NOT NULL default ''
) ENGINE=MyISAM DEFAULT CHARSET=latin1;

--
-- Dumping data for table `idx_badwords`
--


--
-- Table structure for table `idx_blocked_domain`
--

CREATE TABLE `idx_blocked_domain` (
  `blocked_id` int(11) NOT NULL auto_increment,
  `blocked` varchar(255) default NULL,
  `type` enum('domain','ip') default NULL,
  PRIMARY KEY  (`blocked_id`)
) ENGINE=MyISAM AUTO_INCREMENT=6 DEFAULT CHARSET=latin1;

--
-- Dumping data for table `idx_blocked_domain`
--

INSERT INTO `idx_blocked_domain` VALUES (1,'buydomains.com','domain'),(2,'this-domain-for-sale.com ','domain'),(3,'oversee.net','domain'),(4,'eNom','domain'),(5,'sedoparking.com','domain');

--
-- Table structure for table `idx_category`
--

CREATE TABLE `idx_category` (
  `category_id` mediumint(9) unsigned NOT NULL auto_increment,
  `parent_id` mediumint(9) unsigned NOT NULL default '0',
  `name` varchar(100) NOT NULL default '',
  `description` text NOT NULL,
  `image` varchar(100) default NULL,
  `content` text,
  `visible` char(1) default NULL,
  `links` mediumint(9) default NULL,
  `meta_keyword` text,
  `meta_description` text,
  `permission` char(2) default NULL,
  `registered_only` char(1) default NULL,
  `header` text NOT NULL,
  `footer` text NOT NULL,
  `related` mediumint(6) NOT NULL default '0',
  `page_title` varchar(200) NOT NULL default '',
  `hits` int(11) NOT NULL default '0',
  `order_num` smallint(6) NOT NULL default '0',
  `basic_price` double unsigned NOT NULL default '0',
  `premium_price` double unsigned NOT NULL default '0',
  `sponsored_price` double unsigned NOT NULL default '0',
  PRIMARY KEY  (`category_id`)
) ENGINE=MyISAM AUTO_INCREMENT=30 DEFAULT CHARSET=latin1;

--
-- Dumping data for table `idx_category`
--

INSERT INTO `idx_category` VALUES (1,0,'Apartments ','','folder.gif','','1',0,'','','0','0','','',0,'',0,0,0,0,0),(2,0,'Appraisers','','folder.gif','','1',0,'','','0','0','','',0,'',0,0,0,0,0),(3,0,'Commercial Real Estate Agents','','folder.gif','','1',0,'','','0','0','','',0,'',0,0,0,0,0),(4,0,'Commercialreal Estate Brokers','','folder.gif','','1',0,'','','0','0','','',0,'',0,0,0,0,0),(5,0,'Constructions','','folder.gif','','1',0,'','','0','0','','',0,'',0,0,0,0,0),(6,0,'Education','','folder.gif','','1',0,'','','0','0','','',0,'',0,0,0,0,0),(7,0,'For Sale','','folder.gif','','1',0,'','','0','0','','',0,'',0,0,0,0,0),(8,0,'Foreclosure Real Estate Agents','','folder.gif','','1',0,'','','0','0','','',0,'',0,0,0,0,0),(9,0,'Home Inspection Agents','','folder.gif','','1',0,'','','0','0','','',0,'',0,0,0,0,0),(10,0,'Home Remodeling','','folder.gif','','1',0,'','','0','0','','',0,'',0,0,0,0,0),(11,0,'Homes For Students','','folder.gif','','1',0,'','','0','0','','',0,'',0,0,0,0,0),(12,0,'International ','','folder.gif','','1',0,'','','0','0','','',0,'',0,0,0,0,0),(13,0,'Luxury Real Estate Services','','folder.gif','','1',0,'','','0','0','','',0,'',0,0,0,0,0),(14,0,'Moving Services','','folder.gif','','1',0,'','','0','0','','',0,'',0,0,0,0,0),(15,0,'Property Listing Agents','','folder.gif','','1',0,'','','0','0','','',0,'',0,0,0,0,0),(16,0,'Property Management Services','','folder.gif','','1',0,'','','0','0','','',0,'',0,0,0,0,0),(17,0,'Real Estate & Property','','folder.gif','','1',0,'','','0','0','','',0,'',0,0,0,0,0),(18,0,'Real Estate Agents','','folder.gif','','1',0,'','','0','0','','',0,'',0,0,0,0,0),(19,0,'Real Estate Directory Listing','','folder.gif','','1',0,'','','0','0','','',0,'',0,0,0,0,0),(20,0,'Real Estate Finance','','folder.gif','','1',0,'','','0','0','','',0,'',1,0,0,0,0),(21,0,'Real Estate For Sale','','folder.gif','','1',0,'','','0','0','','',0,'',0,0,0,0,0),(22,0,'Real Estate Investment','','folder.gif','','1',0,'','','0','0','','',0,'',0,0,0,0,0),(23,0,'Real Estate Marketers','','folder.gif','','1',0,'','','0','0','','',0,'',0,0,0,0,0),(24,0,'Real Estate Search','','folder.gif','','1',0,'','','0','0','','',0,'',0,0,0,0,0),(25,0,'Removal Real Estate','','folder.gif','','1',0,'','','0','0','','',0,'',0,0,0,0,0),(26,0,'Rental Property Services','','folder.gif','','1',0,'','','0','0','','',0,'',0,0,0,0,0),(27,0,'Rental Real Estate','','folder.gif','','1',0,'','','0','0','','',0,'',0,0,0,0,0),(28,0,'Residential Properties','','folder.gif','','1',0,'','','0','0','','',0,'',0,0,0,0,0),(29,0,'Vacation Real Estate','','folder.gif','','1',0,'','','0','0','','',0,'',0,0,0,0,0);

--
-- Table structure for table `idx_category_path`
--

CREATE TABLE `idx_category_path` (
  `category_id` mediumint(9) NOT NULL default '0',
  `path` text,
  `path_with_url` text,
  `parents` text,
  PRIMARY KEY  (`category_id`)
) ENGINE=MyISAM DEFAULT CHARSET=latin1;

--
-- Dumping data for table `idx_category_path`
--

INSERT INTO `idx_category_path` VALUES (1,'Apartments ','<a href=\"http://a-zrealestatedirectory.com/apartments/\" name=\"cat_1\" style=\"\">Apartments </a>',';0;'),(2,'Appraisers','<a href=\"http://a-zrealestatedirectory.com/appraisers/\" name=\"cat_2\" style=\"\">Appraisers</a>',';0;'),(3,'Commercial Real Estate Agents','<a href=\"http://a-zrealestatedirectory.com/commercial-real-estate-agents/\" name=\"cat_3\" style=\"\">Commercial Real Estate Agents</a>',';0;'),(4,'Commercialreal Estate Brokers','<a href=\"http://a-zrealestatedirectory.com/commercialreal-estate-brokers/\" name=\"cat_4\" style=\"\">Commercialreal Estate Brokers</a>',';0;'),(5,'Constructions','<a href=\"http://a-zrealestatedirectory.com/constructions/\" name=\"cat_5\" style=\"\">Constructions</a>',';0;'),(6,'Education','<a href=\"http://a-zrealestatedirectory.com/education/\" name=\"cat_6\" style=\"\">Education</a>',';0;'),(7,'For Sale','<a href=\"http://a-zrealestatedirectory.com/for-sale/\" name=\"cat_7\" style=\"\">For Sale</a>',';0;'),(8,'Foreclosure Real Estate Agents','<a href=\"http://a-zrealestatedirectory.com/foreclosure-real-estate-agents/\" name=\"cat_8\" style=\"\">Foreclosure Real Estate Agents</a>',';0;'),(9,'Home Inspection Agents','<a href=\"http://a-zrealestatedirectory.com/home-inspection-agents/\" name=\"cat_9\" style=\"\">Home Inspection Agents</a>',';0;'),(10,'Home Remodeling','<a href=\"http://a-zrealestatedirectory.com/home-remodeling/\" name=\"cat_10\" style=\"\">Home Remodeling</a>',';0;'),(11,'Homes For Students','<a href=\"http://a-zrealestatedirectory.com/homes-for-students/\" name=\"cat_11\" style=\"\">Homes For Students</a>',';0;'),(12,'International ','<a href=\"http://a-zrealestatedirectory.com/international/\" name=\"cat_12\" style=\"\">International </a>',';0;'),(13,'Luxury Real Estate Services','<a href=\"http://a-zrealestatedirectory.com/luxury-real-estate-services/\" name=\"cat_13\" style=\"\">Luxury Real Estate Services</a>',';0;'),(14,'Moving Services','<a href=\"http://a-zrealestatedirectory.com/moving-services/\" name=\"cat_14\" style=\"\">Moving Services</a>',';0;'),(15,'Property Listing Agents','<a href=\"http://a-zrealestatedirectory.com/property-listing-agents/\" name=\"cat_15\" style=\"\">Property Listing Agents</a>',';0;'),(16,'Property Management Services','<a href=\"http://a-zrealestatedirectory.com/property-management-services/\" name=\"cat_16\" style=\"\">Property Management Services</a>',';0;'),(17,'Real Estate & Property','<a href=\"http://a-zrealestatedirectory.com/real-estate-property/\" name=\"cat_17\" style=\"\">Real Estate & Property</a>',';0;'),(18,'Real Estate Agents','<a href=\"http://a-zrealestatedirectory.com/real-estate-agents/\" name=\"cat_18\" style=\"\">Real Estate Agents</a>',';0;'),(19,'Real Estate Directory Listing','<a href=\"http://a-zrealestatedirectory.com/real-estate-directory-listing/\" name=\"cat_19\" style=\"\">Real Estate Directory Listing</a>',';0;'),(20,'Real Estate Finance','<a href=\"http://a-zrealestatedirectory.com/real-estate-finance/\" name=\"cat_20\" style=\"\">Real Estate Finance</a>',';0;'),(21,'Real Estate For Sale','<a href=\"http://a-zrealestatedirectory.com/real-estate-for-sale/\" name=\"cat_21\" style=\"\">Real Estate For Sale</a>',';0;'),(22,'Real Estate Investment','<a href=\"http://a-zrealestatedirectory.com/real-estate-investment/\" name=\"cat_22\" style=\"\">Real Estate Investment</a>',';0;'),(23,'Real Estate Marketers','<a href=\"http://a-zrealestatedirectory.com/real-estate-marketers/\" name=\"cat_23\" style=\"\">Real Estate Marketers</a>',';0;'),(24,'Real Estate Search','<a href=\"http://a-zrealestatedirectory.com/real-estate-search/\" name=\"cat_24\" style=\"\">Real Estate Search</a>',';0;'),(25,'Removal Real Estate','<a href=\"http://a-zrealestatedirectory.com/removal-real-estate/\" name=\"cat_25\" style=\"\">Removal Real Estate</a>',';0;'),(26,'Rental Property Services','<a href=\"http://a-zrealestatedirectory.com/rental-property-services/\" name=\"cat_26\" style=\"\">Rental Property Services</a>',';0;'),(27,'Rental Real Estate','<a href=\"http://a-zrealestatedirectory.com/rental-real-estate/\" name=\"cat_27\" style=\"\">Rental Real Estate</a>',';0;'),(28,'Residential Properties','<a href=\"http://a-zrealestatedirectory.com/residential-properties/\" name=\"cat_28\" style=\"\">Residential Properties</a>',';0;'),(29,'Vacation Real Estate','<a href=\"http://a-zrealestatedirectory.com/vacation-real-estate/\" name=\"cat_29\" style=\"\">Vacation Real Estate</a>',';0;');

--
-- Table structure for table `idx_category_suggession`
--

CREATE TABLE `idx_category_suggession` (
  `id_cat_suggession` int(11) NOT NULL auto_increment,
  `parent_id` int(11) default NULL,
  `name` varchar(255) default NULL,
  `category_description` text,
  `date` datetime default NULL,
  PRIMARY KEY  (`id_cat_suggession`)
) ENGINE=MyISAM DEFAULT CHARSET=latin1;

--
-- Dumping data for table `idx_category_suggession`
--


--
-- Table structure for table `idx_checkurl`
--

CREATE TABLE `idx_checkurl` (
  `link_id` mediumint(9) NOT NULL default '0',
  `date` date NOT NULL default '0000-00-00',
  `live` char(1) NOT NULL default '',
  `reciprocal_found` char(1) NOT NULL default '',
  PRIMARY KEY  (`link_id`)
) ENGINE=MyISAM DEFAULT CHARSET=latin1;

--
-- Dumping data for table `idx_checkurl`
--


--
-- Table structure for table `idx_cronjobs`
--

CREATE TABLE `idx_cronjobs` (
  `cronjobs_id` int(11) NOT NULL auto_increment,
  `cronjobs_name` varchar(255) default NULL,
  `filename` varchar(255) NOT NULL,
  `schedule` varchar(255) NOT NULL,
  `time` datetime NOT NULL,
  `execution` varchar(1) NOT NULL,
  PRIMARY KEY  (`cronjobs_id`)
) ENGINE=MyISAM AUTO_INCREMENT=4 DEFAULT CHARSET=latin1;

--
-- Dumping data for table `idx_cronjobs`
--

INSERT INTO `idx_cronjobs` VALUES (1,NULL,'clear_templates_c.php','1,*,*,*,*','0000-00-00 00:00:00',''),(2,NULL,'update_tag_cloud.php','*,24,*,*,*','0000-00-00 00:00:00',''),(3,NULL,'clear_rss_cache.php','*,24,*,*,*','0000-00-00 00:00:00','');

--
-- Table structure for table `idx_custom_field`
--

CREATE TABLE `idx_custom_field` (
  `field_name` varchar(32) NOT NULL default '',
  `field_text` varchar(64) NOT NULL default '',
  `field_type` enum('TEXT','TEXTAREA','SELECT','MULTISELECT','CHECKBOX','RADIO','FILE','IMAGE','DATE','DATETIME','RICHEDITOR') NOT NULL default 'TEXT',
  `field_option` text NOT NULL,
  `field_img_width` int(10) unsigned NOT NULL default '0',
  `field_img_height` int(10) unsigned NOT NULL default '0',
  `field_file_size` int(10) unsigned NOT NULL default '0',
  `field_file_extension` varchar(64) NOT NULL default '',
  `required` char(1) NOT NULL default '0',
  `searchable` char(1) NOT NULL default '1',
  `permission` char(1) NOT NULL default '0'
) ENGINE=MyISAM DEFAULT CHARSET=latin1;

--
-- Dumping data for table `idx_custom_field`
--

INSERT INTO `idx_custom_field` VALUES ('image','Image','IMAGE','',0,0,0,'','0','0','2'),('address','Address','TEXT','',0,0,0,'','0','0','0'),('city','City','TEXT','',0,0,0,'','0','0','0'),('state','State','TEXT','',0,0,0,'','0','0','0'),('country','Country','TEXT','',0,0,0,'','0','0','0'),('zip','Zip','TEXT','',0,0,0,'','0','0','0'),('phone','Phone','TEXT','',0,0,0,'','0','0','0'),('fax','Fax','TEXT','',0,0,0,'','0','0','0');

--
-- Table structure for table `idx_default_field`
--

CREATE TABLE `idx_default_field` (
  `field_name` varchar(64) NOT NULL,
  `required` char(1) NOT NULL,
  `visible` char(1) NOT NULL default '1',
  `searchable` char(1) NOT NULL default '1'
) ENGINE=MyISAM DEFAULT CHARSET=latin1;

--
-- Dumping data for table `idx_default_field`
--

INSERT INTO `idx_default_field` VALUES ('title','1','1','1'),('url','1','1','1'),('description','1','1','1'),('keywords','1','1','0'),('contact_name','1','1','1'),('email','1','1','1'),('reciprocal_url','0','0','1');

--
-- Table structure for table `idx_discount_coupon`
--

CREATE TABLE `idx_discount_coupon` (
  `coupon_id` int(11) NOT NULL auto_increment,
  `coupon_code` varchar(255) default NULL,
  `coupon_value` varchar(50) default NULL,
  `link_type` varchar(255) default NULL,
  `start_date` date default NULL,
  `expired_date` date default NULL,
  `expired_usage` int(11) default NULL,
  `usage_count` int(11) default NULL,
  PRIMARY KEY  (`coupon_id`)
) ENGINE=MyISAM DEFAULT CHARSET=latin1;

--
-- Dumping data for table `idx_discount_coupon`
--


--
-- Table structure for table `idx_editor`
--

CREATE TABLE `idx_editor` (
  `username` varchar(20) default NULL,
  `category_id` mediumint(9) default NULL,
  `category` char(1) default NULL,
  `link` char(1) default NULL,
  `review` char(1) default NULL,
  `pick` char(1) default NULL,
  `status` char(1) default NULL,
  `date` date default NULL
) ENGINE=MyISAM DEFAULT CHARSET=latin1;

--
-- Dumping data for table `idx_editor`
--


--
-- Table structure for table `idx_email_template`
--

CREATE TABLE `idx_email_template` (
  `email_template_id` int(10) unsigned NOT NULL auto_increment,
  `name` varchar(255) default NULL,
  `subject` varchar(255) default NULL,
  `body` text,
  `altbody` text,
  PRIMARY KEY  (`email_template_id`)
) ENGINE=MyISAM AUTO_INCREMENT=37 DEFAULT CHARSET=latin1;

--
-- Dumping data for table `idx_email_template`
--

INSERT INTO `idx_email_template` VALUES (1,'add_ok','Resource Added','<div style=\"font-weight:bold;\">Thank you for your submission to <%$site_name%></div>\r\n<p>\r\n<div style=\"float:left;width:200px;\">Resource ID</div>\r\n<div style=\"float:left;width:10px;\"> : </div>\r\n<div style=\"float:left;width:200px;\"><%$link_id%></div>\r\n<div style=\"float:left;width:200px;\">Title</div>\r\n<div style=\"float:left;width:10px;\"> : </div>\r\n<div style=\"float:left;width:200px;\"><%$title%></div>\r\n<div style=\"float:left;width:200px;\">Url</div>\r\n<div style=\"float:left;width:10px;\">  : </div>\r\n<div style=\"float:left;width:200px;\"><%$url%></div>\r\n<div style=\"float:left;width:200px;\">Description </div>\r\n<div style=\"float:left;width:10px;\"> : </div>\r\n<div style=\"float:left;width:200px;\"><%$description%></div>\r\n<div style=\"float:left;width:200px;\">Category </div>\r\n<div style=\"float:left;width:10px;\"> : </div>\r\n<div style=\"float:left;width:200px;\"><%$category%></div>\r\n<div style=\"float:left;width:200px;\">Contact name</div>\r\n<div style=\"float:left;width:10px;\"> : </div>\r\n<div style=\"float:left;width:200px;\"><%$contact_name%></div>\r\n<div style=\"float:left;width:200px;\">Email</div>\r\n<div style=\"float:left;width:10px;\">  : </div>\r\n<div style=\"float:left;width:200px;\"><%$email%></div>\r\n<div style=\"float:left;width:200px;\">Password </div>\r\n<div style=\"float:left;width:10px;\"> : </div>\r\n<div style=\"float:left;width:200px;\"><%$password%></div>\r\n<p>\r\nYour link has been added.\r\n<p>\r\n<p>\r\nRegards,\r\n<p>\r\n<%$site_name%> Team\r\n','Thank you for your submission to <%$site_name%>\r\nResource ID  : <%$link_id%>\r\nTitle        : <%$title%>\r\nUrl          : <%$url%>\r\nDescription  : <%$description%>\r\nCategory     : <%$category%>\r\nContact name : <%$contact_name%>\r\nEmail        : <%$email%>\r\nPassword     : <%$password%>\r\nYour link has been added.\r\nRegards,\r\n<%$site_name%> Team'),(2,'add_ok_editor','Resource Added','<div style=\"font-family:arial;font-size:12px;\">\r\nThere\'s a new submission to <b><%$site_name%></b>.\r\n<p>\r\n<p>\r\n<table cellspacing=0 cellpadding=0>\r\n<tr><td style=\"width:100px;\">Resource ID</td><td style=\"width:10px;\">:</td><td ><%$link_id%></td></tr>\r\n<tr><td style=\"width:100px;\">Title</td><td style=\"width:10px;\">:</td><td ><%$title%></td></tr>\r\n<tr><td style=\"width:100px;\">Url</td><td style=\"width:10px;\">:</td><td ><%$url%></td></tr>\r\n<tr><td style=\"width:100px;\">Description</td><td style=\"width:10px;\">:</td><td ><%$description%></td></tr>\r\n<tr><td style=\"width:100px;\">Category</td><td style=\"width:10px;\">:</td><td ><%$category%></td></tr>\r\n<tr><td style=\"width:100px;\">Contact name</td><td style=\"width:10px;\">:</td><td ><%$contact_name%></td></tr>\r\n<tr><td style=\"width:100px;\">Email/td><td style=\"width:10px;\">:</td><td ><%$email%></td></tr>\r\n</table>\r\n<p>\r\nThe category permissions allow webmasters to add/modify links without needing approval.\r\nThe link has been added.\r\n<p>\r\n<p>\r\nRegards,\r\n<p>\r\n<%$site_name%> Team\r\n</div>','There\'s a new submission to <%$site_name%>.\r\nResource ID  : <%$link_id%>\r\nTitle        : <%$title%>\r\nUrl          : <%$url%>\r\nDescription  : <%$description%>\r\nCategory     : <%$category%>\r\nContact name : <%$contact_name%>\r\nEmail        : <%$email%>\r\nThe category permissions allow webmasters to add/modify links without needing approval.\r\nThe link has beed added.\r\nRegards,\r\n<%$site_name%> Team\r\n'),(3,'add_ok_subscriber','Resource Added','<div style=\"font-family:arial;font-size:12px;\">\r\nYou are receiving this email because you have a subscription for update notifications in <b><%$category%></b> category.\r\n<p>\r\nThere\'s a new submission to <b><%$site_name%><b>.\r\n<p>\r\n<table cellspacing=0 cellpadding=0>\r\n<tr><td style=\"width:100px;\">Resource ID</td><td style=\"width:10px;\">:</td><td ><%$link_id%></td></tr>\r\n<tr><td style=\"width:100px;\">Title</td><td style=\"width:10px;\">:</td><td ><%$title%></td></tr>\r\n<tr><td style=\"width:100px;\">Url</td><td style=\"width:10px;\">:</td><td ><%$url%></td></tr>\r\n<tr><td style=\"width:100px;\">Description</td><td style=\"width:10px;\">:</td><td ><%$description%></td></tr>\r\n<tr><td style=\"width:100px;\">Category</td><td style=\"width:10px;\">:</td><td ><%$category%></td></tr>\r\n<tr><td style=\"width:100px;\">Contact name</td><td style=\"width:10px;\">:</td><td ><%$contact_name%></td></tr>\r\n</table>\r\n<p>\r\n<p>\r\nRegards,\r\n<p>\r\n<b><%$site_name%></b> Team\r\n</div>','You are receiving this email because you have a subscription for update notifications in <%$category%> category.\r\nThere\'s a new submission to <%$site_name%>.\r\nResource ID  : <%$link_id%>\r\nTitle        : <%$title%>\r\nUrl          : <%$url%>\r\nDescription  : <%$description%>\r\nCategory     : <%$category%>\r\nContact name : <%$contact_name%>\r\nRegards,\r\n<%$site_name%> Team\r\n'),(4,'add_pending','Pending Resource','<div style=\"font-family:arial;font-size:12px;\">\r\nThank you for your submission to <b><%$site_name%></b>.\r\n<p>\r\n<table cellspacing=0 cellpadding=0>\r\n<tr><td style=\"width:100px;\">Title</td><td style=\"width:10px;\">:</td><td ><%$title%></td></tr>\r\n<tr><td style=\"width:100px;\">Url</td><td style=\"width:10px;\">:</td><td ><%$url%></td></tr>\r\n<tr><td style=\"width:100px;\">Description</td><td style=\"width:10px;\">:</td><td ><%$description%></td></tr>\r\n<tr><td style=\"width:100px;\">Category</td><td style=\"width:10px;\">:</td><td ><%$category%></td></tr>\r\n<tr><td style=\"width:100px;\">Contact name</td><td style=\"width:10px;\">:</td><td ><%$contact_name%></td></tr>\r\n<tr><td style=\"width:100px;\">Email</td><td style=\"width:10px;\">:</td><td ><%$email%></td></tr>\r\n</table>\r\n<p>\r\n<p>\r\nYour link will be reviewed by our team. We will contact you as soon <br>\r\nas we have reviewed your link.\r\n<p>\r\n<p>\r\nRegards,\r\n<p>\r\n<b><%$site_name%></b> Team\r\n</div>','Thank you for your submission to <%$site_name%>.\r\nTitle        : <%$title%>\r\nUrl          : <%$url%>\r\nDescription  : <%$description%>\r\nCategory     : <%$category%>\r\nContact name : <%$contact_name%>\r\nEmail        : <%$email%>\r\nYour link will be reviewed by our team. We will contact you as soon \r\nas we have reviewed your link.\r\nRegards,\r\n<%$site_name%> Team\r\n'),(5,'add_pending_editor','Pending Resource','<div style=\"font-family:arial;font-size:12px;\">\r\nThere\'s a new submission to <b><%$site_name%></b>.\r\n<p>\r\n<table cellspacing=0 cellpadding=0>\r\n<tr><td style=\"width:100px;\">Title</td><td style=\"width:10px;\">:</td><td ><%$title%></td></tr>\r\n<tr><td style=\"width:100px;\">Url</td><td style=\"width:10px;\">:</td><td ><%$url%></td></tr>\r\n<tr><td style=\"width:100px;\">Description</td><td style=\"width:10px;\">:</td><td ><%$description%></td></tr>\r\n<tr><td style=\"width:100px;\">Category</td><td style=\"width:10px;\">:</td><td ><%$category%></td></tr>\r\n<tr><td style=\"width:100px;\">Contact name</td><td style=\"width:10px;\">:</td><td ><%$contact_name%></td></tr>\r\n<tr><td style=\"width:100px;\">Email</td><td style=\"width:10px;\">:</td><td ><%$email%></td></tr>\r\n</table>\r\n<p>\r\n<p>\r\nYou need to review this link here:<br>\r\n<label style=\"margin-left:10px;\"><a href=\"<%$site_url%>/cp/editor_link_validate.php\"><%$site_url%>/cp/editor_link_validate.php</a></label><br>\r\nYou can approve this submission by clicking here:<br>\r\n<label style=\"margin-left:10px;\"><a href=\"<%$approve_notice%>\"><%$approve_notice%></a></label><br>\r\nYou can reject this submission by clicking here:<br>\r\n<label style=\"margin-left:10px;\"><a href=\"<%$reject_notice%>\"><%$reject_notice%></a></label><br>\r\nSilent reject here:<br>\r\n<label style=\"margin-left:10px;\"><a href=\"<%$reject_silent%>\"><%$reject_silent%></a></label><br>\r\n\r\n<p>\r\n<p>\r\nRegards,\r\n<p>\r\n<b><%$site_name%></b> Team\r\n</div>\r\n','There\'s a new submission to <%$site_name%>.\r\nTitle        : <%$title%>\r\nUrl          : <%$url%>\r\nDescription  : <%$description%>\r\nCategory     : <%$category%>\r\nContact name : <%$contact_name%>\r\nEmail        : <%$email%>\r\nYou need to review this link here:\r\n<%$site_url%>/cp/editor_link_validate.php\r\nYou can approve this submission by clicking here:\r\n<%$approve_notice%>\r\nYou can reject this submission by clicking here:\r\n<%$reject_notice%>\r\nSilent reject here:\r\n<%$reject_silent%>\r\n\r\nRegards,\r\n<%$site_name%> Team\r\n'),(6,'approved','Editor Approved.','<div style=\"font-family:arial;font-size:12px;\">\r\nYour submission at <b><%$site_name%></b> has been approved.\r\n<p>\r\n<table cellspacing=0 cellpadding=0>\r\n<tr><td style=\"width:100px;\">Resource ID</td><td style=\"width:10px;\">:</td><td ><%$link_id%></td></tr>\r\n<tr><td style=\"width:100px;\">Title</td><td style=\"width:10px;\">:</td><td ><%$title%></td></tr>\r\n<tr><td style=\"width:100px;\">Url</td><td style=\"width:10px;\">:</td><td ><%$url%></td></tr>\r\n<tr><td style=\"width:100px;\">Description</td><td style=\"width:10px;\">:</td><td ><%$description%></td></tr>\r\n<tr><td style=\"width:100px;\">Category</td><td style=\"width:10px;\">:</td><td ><%$category%></td></tr>\r\n<tr><td style=\"width:100px;\">Contact name</td><td style=\"width:10px;\">:</td><td ><%$contact_name%></td></tr>\r\n<tr><td style=\"width:100px;\">Email</td><td style=\"width:10px;\">:</td><td ><%$email%></td></tr>\r\n<tr><td style=\"width:100px;\">Password </td><td style=\"width:10px;\">:</td><td ><%$password%></td></tr>\r\n</table>\r\n<p>\r\n<p>\r\nRegards,\r\n<p>\r\n<b><%$site_name%></b> Team\r\n</div>','Your submission at <%$site_name%> has been approved.\r\nResource ID  : <%$link_id%>\r\nTitle        : <%$title%>\r\nUrl          : <%$url%>\r\nDescription  : <%$description%>\r\nCategory     : <%$category%>\r\nContact name : <%$contact_name%>\r\nEmail        : <%$email%>\r\nPassword     : <%$password%>\r\nRegards,\r\n<%$site_name%> Team\r\n'),(7,'approved_editor','Link approved','<div style=\"font-family:arial;font-size:12px;\">\r\nThe following submission has been approved.\r\n<p>\r\n<table cellspacing=0 cellpadding=0>\r\n<tr><td style=\"width:100px;\">Resource ID</td><td style=\"width:10px;\">:</td><td ><%$link_id%></td></tr>\r\n<tr><td style=\"width:100px;\">Title</td><td style=\"width:10px;\">:</td><td ><%$title%></td></tr>\r\n<tr><td style=\"width:100px;\">Url</td><td style=\"width:10px;\">:</td><td ><%$url%></td></tr>\r\n<tr><td style=\"width:100px;\">Description</td><td style=\"width:10px;\">:</td><td ><%$description%></td></tr>\r\n<tr><td style=\"width:100px;\">Category</td><td style=\"width:10px;\">:</td><td ><%$category%></td></tr>\r\n<tr><td style=\"width:100px;\">Contact name</td><td style=\"width:10px;\">:</td><td ><%$contact_name%></td></tr>\r\n<tr><td style=\"width:100px;\">Email</td><td style=\"width:10px;\">:</td><td ><%$email%></td></tr>\r\n</table>\r\n<p>\r\n<p>\r\nRegards,\r\n<p>\r\n<b><%$site_name%></b> Team\r\n</div>','The following submission has been approved.\r\nResource ID  : <%$link_id%>\r\nTitle        : <%$title%>\r\nUrl          : <%$url%>\r\nDescription  : <%$description%>\r\nCategory     : <%$category%>\r\nContact name : <%$contact_name%>\r\nEmail        : <%$email%>\r\nRegards,\r\n<%$site_name%> Team\r\n'),(8,'approved_subscriber','link_approved','<div style=\"font-family:arial;font-size:12px;\">\r\nYou are receiving this email because you have a subscription for update notifications in <b><%$category%></b> category.\r\n<p>\r\nThe following submission has been approved.\r\n<p>\r\n<table cellspacing=0 cellpadding=0>\r\n<tr><td style=\"width:100px;\">Resource ID</td><td style=\"width:10px;\">:</td><td ><%$link_id%></td></tr>\r\n<tr><td style=\"width:100px;\">Title</td><td style=\"width:10px;\">:</td><td ><%$title%></td></tr>\r\n<tr><td style=\"width:100px;\">Url</td><td style=\"width:10px;\">:</td><td ><%$url%></td></tr>\r\n<tr><td style=\"width:100px;\">Description</td><td style=\"width:10px;\">:</td><td ><%$description%></td></tr>\r\n<tr><td style=\"width:100px;\">Category</td><td style=\"width:10px;\">:</td><td ><%$category%></td></tr>\r\n<tr><td style=\"width:100px;\">Contact name</td><td style=\"width:10px;\">:</td><td ><%$contact_name%></td></tr>\r\n</table>\r\n<p>\r\n<p>\r\nRegards,\r\n<p>\r\n<b><%$site_name%></b> Team\r\n</div>','You are receiving this email because you have a subscription for update notifications in <%$category%> category.\r\nThe following submission has been approved.\r\nResource ID  : <%$link_id%>\r\nTitle        : <%$title%>\r\nUrl          : <%$url%>\r\nDescription  : <%$description%>\r\nCategory     : <%$category%>\r\nContact name : <%$contact_name%>\r\nRegards,\r\n<%$site_name%> Team\r\n'),(9,'bad_link_editor','Broken link report','<div style=\"font-family:arial;font-size:12px;\">\r\nThere\'s a new bad link report submission to <b><%$site_name%></b>.\r\n<p>\r\n<table cellspacing=0 cellpadding=0>\r\n<tr><td style=\"width:100px;\">Title</td><td style=\"width:10px;\">:</td><td ><%$title%></td></tr>\r\n<tr><td style=\"width:100px;\">Url</td><td style=\"width:10px;\">:</td><td ><%$url%></td></tr>\r\n<tr><td style=\"width:100px;\">Description</td><td style=\"width:10px;\">:</td><td ><%$description%></td></tr>\r\n<tr><td style=\"width:100px;\">Category</td><td style=\"width:10px;\">:</td><td ><%$category%></td></tr>\r\n<tr><td style=\"width:100px;\">Name</td><td style=\"width:10px;\">:</td><td ><%$r_name%></td></tr>\r\n<tr><td style=\"width:100px;\">Email</td><td style=\"width:10px;\">:</td><td ><%$email%></td></tr>\r\n<tr><td style=\"width:100px;\">Error type</td><td style=\"width:10px;\">:</td><td ><%$type_val%></td></tr>\r\n</table>\r\n<p>\r\nThis report has been added in your administrator area.<br>\r\nPlease review this report here:<br>\r\n<a href=\"<%$site_url%>/admin/link_bad.php\"><%$site_url%>/admin/link_bad.php</a>\r\n<p>\r\n<p>\r\nRegards,\r\n<p>\r\n<b><%$site_name%></b> Team\r\n</div>','There\'s a new bad link report submission to <%$site_name%>.\r\nTitle       : <%$title%>\r\nUrl         : <%$url%>\r\nDescription : <%$description%>\r\nCategory    : <%$category%>\r\nName        : <%$r_name%>\r\nEmail       : <%$r_email%>\r\nError type  : <%$type_val%>\r\nThis report has been added in your administrator area.\r\nPlease review this report here:\r\n<%$site_url%>/admin/link_bad.php\r\nRegards,\r\n<%$site_name%> Team\r\n'),(10,'become_editor_approved','Editor Approved.','<div style=\"font-family:arial;font-size:12px;\">\r\nYour request to become an editor at <b><%$site_name%></b> has been approved.\r\n<p>\r\n<table cellspacing=0 cellpadding=0>\r\n<tr><td style=\"width:100px;\">Username</td><td style=\"width:10px;\">:</td><td ><%$username%></td></tr>\r\n<tr><td style=\"width:100px;\">Name </td><td style=\"width:10px;\">:</td><td ><%$name%></td></tr>\r\n<tr><td style=\"width:100px;\">Email</td><td style=\"width:10px;\">:</td><td ><%$email%></td></tr>\r\n<tr><td style=\"width:100px;\">Category </td><td style=\"width:10px;\">:</td><td ><%$category%></td></tr>\r\n</table>\r\n<p>\r\n<p>\r\nRegards,\r\n<p>\r\n<b><%$site_name%></b> Team\r\n</div>','Your request to become an editor at <%$site_name%> has been approved.\r\nUsername  : <%$username%>\r\nName      : <%$name%>\r\nEmail     : <%$email%>\r\nCategory  : <%$category%>\r\nRegards,\r\n<%$site_name%> Team\r\n'),(11,'become_editor_pending','Request to become an editor','<div style=\"font-family:arial;font-size:12px;\">\r\nThank you for your request to become an editor at <b><%$site_name%></b>.\r\n<p>\r\n<table cellspacing=0 cellpadding=0>\r\n<tr><td style=\"width:100px;\">Username</td><td style=\"width:10px;\">:</td><td ><%$username%></td></tr>\r\n<tr><td style=\"width:100px;\">Name </td><td style=\"width:10px;\">:</td><td ><%$name%></td></tr>\r\n<tr><td style=\"width:100px;\">Email</td><td style=\"width:10px;\">:</td><td ><%$email%></td></tr>\r\n<tr><td style=\"width:100px;\">Category </td><td style=\"width:10px;\">:</td><td ><%$category%></td></tr>\r\n</table>\r\n<p>\r\nYour request will be processed soon.\r\n<p>\r\n<p>\r\nRegards,\r\n<p>\r\n<b><%$site_name%></b> Team\r\n</div>','Thank you for your request to become an editor at <%$site_name%>.\r\nUsername  : <%$username%>\r\nName      : <%$name%>\r\nEmail     : <%$email%>\r\nCategory  : <%$category%>\r\nYour request will be processed soon.\r\nRegards,\r\n<%$site_name%> Team\r\n'),(12,'become_editor_pending_admin','Request to become an editor','<div style=\"font-family:arial;font-size:12px;\">\r\nThere\'s a new request to become an editor at <b><%$site_name%></b>.\r\n<p>\r\n<table cellspacing=0 cellpadding=0>\r\n<tr><td style=\"width:100px;\">Username</td><td style=\"width:10px;\">:</td><td ><%$username%></td></tr>\r\n<tr><td style=\"width:100px;\">Name </td><td style=\"width:10px;\">:</td><td ><%$name%></td></tr>\r\n<tr><td style=\"width:100px;\">Email</td><td style=\"width:10px;\">:</td><td ><%$email%></td></tr>\r\n<tr><td style=\"width:100px;\">Category </td><td style=\"width:10px;\">:</td><td ><%$category%></td></tr>\r\n</table>\r\n<p>\r\nPlease review editor request here:\r\n  <label style=\"margin-left:10px;\"><a href=\"<%$site_url%>/admin/index.php\"><%$site_url%>/admin/index.php</a></label>\r\n<p>\r\n<p>\r\nRegards,\r\n<p>\r\n<b><%$site_name%></b> Team\r\n</div>','There\'s a new request to become an editor at <%$site_name%>.\r\nUsername  : <%$username%>\r\nName      : <%$name%>\r\nEmail     : <%$email%>\r\nCategory  : <%$category%>\r\nPlease review editor requests here:\r\n<%$site_url%>/admin/index.php\r\nRegards,\r\n<%$site_name%> Team\r\n'),(13,'become_editor_rejected','Editor Rejected.','<div style=\"font-family:arial;font-size:12px;\">\r\nYour request to become an editor at <b><%$site_name%></b> has been rejected.\r\n<p>\r\n<table cellspacing=0 cellpadding=0>\r\n<tr><td style=\"width:100px;\">Username</td><td style=\"width:10px;\">:</td><td ><%$username%></td></tr>\r\n<tr><td style=\"width:100px;\">Name </td><td style=\"width:10px;\">:</td><td ><%$name%></td></tr>\r\n<tr><td style=\"width:100px;\">Email</td><td style=\"width:10px;\">:</td><td ><%$email%></td></tr>\r\n<tr><td style=\"width:100px;\">Category </td><td style=\"width:10px;\">:</td><td ><%$category%></td></tr>\r\n</table>\r\n<p>\r\n<p>\r\nRegards,\r\n<p>\r\n<b><%$site_name%></b> Team\r\n</div>','Your request to become an editor at <%$site_name%> has been rejected.\r\nUsername  : <%$username%>\r\nName      : <%$name%>\r\nEmail     : <%$email%>\r\nCategory  : <%$category%>\r\nRegards,\r\n<%$site_name%> Team\r\n'),(14,'inv_ask_payment','<%$company%>, Invoice #<%$invoice_id%>','<div style=\"font-family:arial;font-size:12px;\">\r\nAn invoice has been created, and is available for viewing at the following URL:<br>\r\n<label><a href=\"<%$site_url%>/invoice.php?id=<%$invoice_id%>\"><%$site_url%>/invoice.php?id=<%$invoice_id%></a></label>\r\n<p>\r\nIf you should have any questions, please do not hesitate to contact us.<br>\r\nThank you for your business.\r\n<p>\r\n<p>\r\nRegards,\r\n<p>\r\n<b><%$site_name%></b> Team\r\n</div>','An invoice has been created, and is available for viewing at the following URL:\r\n<%$site_url%>/invoice.php?id=<%$invoice_id%>\r\nIf you should have any questions, please do not hesitate to contact us.\r\nThank you for your business.\r\nRegards,\r\n<%$site_name%> Team\r\n'),(15,'mailing_list_sub','Mailing list subscription','<div style=\"font-family:arial;font-size:12px;\">\r\nThank you. Your email address, <b><%$email%></b> has been added to our mailing list.\r\n<p>\r\n<p>\r\nRegards,\r\n<p>\r\n<%$site_name%> Team\r\n</div>','Thank you. Your email address, <%$email%> has been added to our mailing list.\r\nRegards,\r\n<%$site_name%> Team\r\n'),(16,'mailing_list_sub_confirm','Mailing list validation code','<div style=\"font-family:arial;font-size:12px;\">\r\nWe received your subscription request onto our mailing list.<br>\r\nPlease confirm your subscription here:<br>\r\n<label style=\"margin-left:50px;\"><a href=\"<%$confirm_url%>\"><%$confirm_url%></a></label>\r\n<p>\r\n<p>\r\nRegards,\r\n<p>\r\n<b><%$site_name%></b> Team\r\n</div>','We received your subscription request onto our mailing list.\r\nPlease confirm your subscription here:\r\n<%$confirm_url%>\r\nRegards,\r\n<%$site_name%> Team\r\n'),(17,'modify_ok','Resource Modified','<div style=\"font-family:arial;font-size:12px;\">\r\nThank you for your submission to <b><%$site_name%></b>.\r\n<table cellspacing=0 cellpadding=0>\r\n<tr><td style=\"width:100px;\">Title</td><td style=\"width:10px;\">:</td><td ><%$title%></td></tr>\r\n<tr><td style=\"width:100px;\">Url</td><td style=\"width:10px;\">:</td><td ><%$url%></td></tr>\r\n<tr><td style=\"width:100px;\">Description</td><td style=\"width:10px;\">:</td><td ><%$description%></td></tr>\r\n<tr><td style=\"width:100px;\">Category</td><td style=\"width:10px;\">:</td><td ><%$category%></td></tr>\r\n<tr><td style=\"width:100px;\">Contact name</td><td style=\"width:10px;\">:</td><td ><%$contact_name%></td></tr>\r\n<tr><td style=\"width:100px;\">Email/td><td style=\"width:10px;\">:</td><td ><%$email%></td></tr>\r\n</table>\r\n<p>\r\nYour link has been changed.\r\n<p>\r\n<p>\r\nRegards,\r\n<p>\r\n<b><%$site_name%></b> Team\r\n</div>','Thank you for your submission to <%$site_name%>.\r\nTitle        : <%$title%>\r\nUrl          : <%$url%>\r\nDescription  : <%$description%>\r\nCategory     : <%$category%>\r\nContact name : <%$contact_name%>\r\nEmail        : <%$email%>\r\nYour link has been changed.\r\nRegards,\r\n<%$site_name%> Team\r\n'),(18,'modify_ok_editor','Resource Modified','<div style=\"font-family:arial;font-size:12px;\">\r\nThere\'s a new submission to <%$site_name%>.\r\nTitle        : <%$title%>\r\nUrl          : <%$url%>\r\nDescription  : <%$description%>\r\nCategory     : <%$category%>\r\nContact name : <%$contact_name%>\r\nEmail        : <%$email%>\r\nThe category permissions allow webmasters to add/modify links without approval.\r\nThe link has been modified.\r\n<p>\r\n<p>\r\nRegards,\r\n<p>\r\n<b><%$site_name%></b> Team\r\n</div>','There\'s a new submission to <%$site_name%>.\r\nTitle        : <%$title%>\r\nUrl          : <%$url%>\r\nDescription  : <%$description%>\r\nCategory     : <%$category%>\r\nContact name : <%$contact_name%>\r\nEmail        : <%$email%>\r\nThe category permissions allow webmasters to add/modify links without approval.\r\nThe link has been modified.\r\nRegards,\r\n<%$site_name%> Team\r\n'),(19,'modify_ok_subscriber','Resource Modified','<div style=\"font-family:arial;font-size:12px;\">\r\nYou are receiving this email because you have a subscription for update notifications in <b><%$category%></b> category.\r\n<p>\r\nThere\'s a new submission to <b><%$site_name%></b>.\r\n<p>\r\n<table cellspacing=0 cellpadding=0>\r\n<tr><td style=\"width:100px;\">Title</td><td style=\"width:10px;\">:</td><td ><%$title%></td></tr>\r\n<tr><td style=\"width:100px;\">Url</td><td style=\"width:10px;\">:</td><td ><%$url%></td></tr>\r\n<tr><td style=\"width:100px;\">Description</td><td style=\"width:10px;\">:</td><td ><%$description%></td></tr>\r\n<tr><td style=\"width:100px;\">Category</td><td style=\"width:10px;\">:</td><td ><%$category%></td></tr>\r\n<tr><td style=\"width:100px;\">Contact name</td><td style=\"width:10px;\">:</td><td ><%$contact_name%></td></tr>\r\n</table>\r\n<p>\r\n<p>\r\nRegards,\r\n<p>\r\n<b><%$site_name%></b> Team\r\n</div>','You are receiving this email because you have a subscription for update notifications in <%$category%> category.\r\nThere\'s a new submission to <%$site_name%>.\r\nTitle        : <%$title%>\r\nUrl          : <%$url%>\r\nDescription  : <%$description%>\r\nCategory     : <%$category%>\r\nContact name : <%$contact_name%>\r\nRegards,\r\n<%$site_name%> Team\r\n'),(20,'modify_pending','Resource Modified','<div style=\"font-family:arial;font-size:12px;\">\r\nThank you for your submission to <b><%$site_name%><b>.\r\n<p>\r\n<table cellspacing=0 cellpadding=0>\r\n<tr><td style=\"width:100px;\">Title</td><td style=\"width:10px;\">:</td><td ><%$title%></td></tr>\r\n<tr><td style=\"width:100px;\">Url</td><td style=\"width:10px;\">:</td><td ><%$url%></td></tr>\r\n<tr><td style=\"width:100px;\">Description</td><td style=\"width:10px;\">:</td><td ><%$description%></td></tr>\r\n<tr><td style=\"width:100px;\">Category</td><td style=\"width:10px;\">:</td><td ><%$category%></td></tr>\r\n<tr><td style=\"width:100px;\">Contact name</td><td style=\"width:10px;\">:</td><td ><%$contact_name%></td></tr>\r\n<tr><td style=\"width:100px;\">Email</td><td style=\"width:10px;\">:</td><td ><%$email%></td></tr>\r\n</table>\r\n<p>\r\nYour link will be reviewed by our team. We will contact you as soon <br>\r\nas we have reviewed your link.\r\n<p>\r\n<p>\r\nRegards,\r\n<p>\r\n<b><%$site_name%></b> Team\r\n</div>','Thank you for your submission to <%$site_name%>.\r\nTitle        : <%$title%>\r\nUrl          : <%$url%>\r\nDescription  : <%$description%>\r\nCategory     : <%$category%>\r\nContact name : <%$contact_name%>\r\nEmail        : <%$email%>\r\nYour link will be reviewed by our team. We will contact you as soon \r\nas we have reviewed your link.\r\nRegards,\r\n<%$site_name%> Team\r\n'),(21,'modify_pending_editor','Resource Modified','<div style=\"font-family:arial;font-size:12px;\">\r\nThere\'s a new submission to <b><%$site_name%></b>.\r\n<p>\r\n<table cellspacing=0 cellpadding=0>\r\n<tr><td style=\"width:100px;\">Title</td><td style=\"width:10px;\">:</td><td ><%$title%></td></tr>\r\n<tr><td style=\"width:100px;\">Url</td><td style=\"width:10px;\">:</td><td ><%$url%></td></tr>\r\n<tr><td style=\"width:100px;\">Description</td><td style=\"width:10px;\">:</td><td ><%$description%></td></tr>\r\n<tr><td style=\"width:100px;\">Category</td><td style=\"width:10px;\">:</td><td ><%$category%></td></tr>\r\n<tr><td style=\"width:100px;\">Contact name</td><td style=\"width:10px;\">:</td><td ><%$contact_name%></td></tr>\r\n<tr><td style=\"width:100px;\">Email</td><td style=\"width:10px;\">:</td><td ><%$email%></td></tr>\r\n</table>\r\n<p>\r\n<p>\r\nYou need to review this link here:<br>\r\n<label style=\"margin-left:10px;\"><a href=\"<%$site_url%>/cp/editor_link_validate.php\"><%$site_url%>/cp/editor_link_validate.php</a></label>\r\n<p>\r\n<p>\r\nRegards,\r\n<p>\r\n<b><%$site_name%></b> Team\r\n</div>\r\n','There\'s a new submission to <%$site_name%>.\r\nTitle        : <%$title%>\r\nUrl          : <%$url%>\r\nDescription  : <%$description%>\r\nCategory     : <%$category%>\r\nContact name : <%$contact_name%>\r\nEmail        : <%$email%>\r\nYou need to review this link here:\r\n<%$site_url%>/cp/editor_link_validate.php\r\nRegards,\r\n<%$site_name%> Team\r\n'),(22,'register_confirm','Registration','<div style=\"font-family:arial;font-size:12px;\">\r\nThanks for joining <b><%$site_name%><b>.\r\n<p>\r\n<table cellspacing=0 cellpadding=0>\r\n<tr><td style=\"width:100px;\">Username</td><td style=\"width:10px;\">:</td><td ><%$username%></td></tr>\r\n<tr><td style=\"width:100px;\">Password</td><td style=\"width:10px;\">:</td><td ><%$password%></td></tr>\r\n</table>\r\n<p>\r\n<p>\r\nPlease confirm your registration here:<br>\r\n<label style=\"margin-left:10px;\"><A href=\"<%$site_url%>/register.php?u=<%$username%>&v=<%$vcode%>&pflag=cf\"><%$site_url%>/register.php?u=<%$username%>&v=<%$vcode%>&pflag=cf</a></label>\r\n<p>\r\n<p>\r\nSincerely,\r\n<p>\r\n<b><%$site_name%></b> Team\r\n</div>','Thanks for joining <%$site_name%>.\r\nUsername : <%$username%>\r\nPassword : <%$password%>\r\nPlease confirm your registration here:\r\n<%$site_url%>/register.php?u=<%$username%>&v=<%$vcode%>&pflag=cf\r\nSincerely,\r\n<%$site_name%> Team\r\n'),(23,'register_ok','Registration','<div style=\"font-family:arial;font-size:12px;\">\r\nThanks for joining <b><%$site_name%></b>.\r\n<p>\r\n<table cellspacing=0 cellpadding=0>\r\n<tr><td style=\"width:100px;\">Username</td><td style=\"width:10px;\">:</td><td ><%$username%></td></tr>\r\n<tr><td style=\"width:100px;\">Password</td><td style=\"width:10px;\">:</td><td ><%$password%></td></tr>\r\n</table>\r\n<p>\r\nSincerely,\r\n<p>\r\n<p>\r\n<b><%$site_name%></b> Team\r\n</div>','Thanks for joining <%$site_name%>.\r\nUsername : <%$username%>\r\nPassword : <%$password%>\r\nSincerely,\r\n<%$site_name%> Team\r\n'),(24,'rejected','Your submission has been rejected','<div style=\"font-family:arial;font-size:12px;\">\r\nYour submission has been rejected.<br>\r\nThis may be caused by one of the following reason:\r\n<p>\r\n<ul>\r\n<li>adult material</li>\r\n<li>the site is under construction</li>\r\n<li>the topic is not related with our directory</li>\r\n</ul>\r\n</p>\r\n<table cellspacing=0 cellpadding=0>\r\n<tr><td style=\"width:100px;\">Title</td><td style=\"width:10px;\">:</td><td ><%$title%></td></tr>\r\n<tr><td style=\"width:100px;\">Url</td><td style=\"width:10px;\">:</td><td ><%$url%></td></tr>\r\n<tr><td style=\"width:100px;\">Description</td><td style=\"width:10px;\">:</td><td ><%$description%></td></tr>\r\n<tr><td style=\"width:100px;\">Category</td><td style=\"width:10px;\">:</td><td ><%$category%></td></tr>\r\n<tr><td style=\"width:100px;\">Contact name</td><td style=\"width:10px;\">:</td><td ><%$contact_name%></td></tr>\r\n<tr><td style=\"width:100px;\">Email/td><td style=\"width:10px;\">:</td><td ><%$email%></td></tr>\r\n</table>\r\n<p>\r\n<p>\r\nRegards,\r\n<p>\r\n<b><%$site_name%></b> Team\r\n</div>','Your submission has been rejected.\r\nThis may caused by one of the following reasons:\r\n- adult material\r\n- the site is under construction\r\n- the topic is not related with our directory\r\nTitle        : <%$title%>\r\nUrl          : <%$url%>\r\nDescription  : <%$description%>\r\nCategory     : <%$category%>\r\nContact name : <%$contact_name%>\r\nEmail        : <%$email%>\r\nRegards,\r\n<%$site_name%> Team\r\n'),(25,'rejected_editor','Link rejected','<div style=\"font-family:arial;font-size:12px;\">\r\nThe following submission has been rejected.\r\n<p>\r\n<table cellspacing=0 cellpadding=0>\r\n<tr><td style=\"width:100px;\">Title</td><td style=\"width:10px;\">:</td><td ><%$title%></td></tr>\r\n<tr><td style=\"width:100px;\">Url</td><td style=\"width:10px;\">:</td><td ><%$url%></td></tr>\r\n<tr><td style=\"width:100px;\">Description</td><td style=\"width:10px;\">:</td><td ><%$description%></td></tr>\r\n<tr><td style=\"width:100px;\">Category</td><td style=\"width:10px;\">:</td><td ><%$category%></td></tr>\r\n<tr><td style=\"width:100px;\">Contact name</td><td style=\"width:10px;\">:</td><td ><%$contact_name%></td></tr>\r\n<tr><td style=\"width:100px;\">Email</td><td style=\"width:10px;\">:</td><td ><%$email%></td></tr>\r\n</table>\r\n<p>\r\n<p>\r\nRegards,\r\n<p>\r\n<b><%$site_name%></b> Team\r\n</div>\r\n','The following submission has been rejected.\r\nTitle        : <%$title%>\r\nUrl          : <%$url%>\r\nDescription  : <%$description%>\r\nCategory     : <%$category%>\r\nContact name : <%$contact_name%>\r\nEmail        : <%$email%>\r\nRegards,\r\n<%$site_name%> Team\r\n'),(26,'review_pending_editor','Pending Review','<div style=\"font-family:arial;font-size:12px;\">\r\nThere\'s a new review to <b><%$site_name%></b>.\r\n<p>\r\n<table cellspacing=0 cellpadding=0>\r\n<tr><td style=\"width:100px;\">Title</td><td style=\"width:10px;\">:</td><td ><%$title%></td></tr>\r\n<tr><td style=\"width:100px;\">Url</td><td style=\"width:10px;\">:</td><td ><%$url%></td></tr>\r\n<tr><td style=\"width:100px;\">Description</td><td style=\"width:10px;\">:</td><td ><%$description%></td></tr>\r\n<tr><td style=\"width:100px;\">Category</td><td style=\"width:10px;\">:</td><td ><%$category%></td></tr>\r\n</table>\r\n<p>\r\n<table cellspacing=0 cellpadding=0>\r\n<tr><td style=\"width:100px;\">Username</td><td style=\"width:10px;\">:</td><td ><%$username%></td></tr>\r\n<tr><td style=\"width:100px;\">Subject</td><td style=\"width:10px;\">:</td><td ><%$rev_subject%></td></tr>\r\n<tr><td style=\"width:100px;\">Rating</td><td style=\"width:10px;\">:</td><td ><%$rev_rating%></td></tr>\r\n<tr><td style=\"width:100px;\">Review</td><td style=\"width:10px;\">:</td><td ><%$rev_review%></td></tr>\r\n</table>\r\n<p>\r\n<p>\r\nPlease review it here:<br>\r\n<label style=\"margin-left:10px;\"><a href=\"<%$site_url%>/cp/\"><%$site_url%>/cp/</a></label>\r\n<p>\r\n<p>\r\nRegards,\r\n<p>\r\n<b><%$site_name%></b> Team\r\n</div>\r\n','There\'s new review to <%$site_name%>.\r\nTitle       : <%$title%>\r\nUrl         : <%$url%>\r\nDescription : <%$description%>\r\nCategory    : <%$category%>\r\nUsername    : <%$username%>\r\nSubject     : <%$rev_subject%>\r\nRating      : <%$rev_rating%>\r\nReview      : <%$rev_review%>\r\nPlease review it here:\r\n<%$site_url%>/cp/\r\nRegards,\r\n<%$site_name%> Team\r\n'),(27,'send_pwd_link','Your resource password','<div style=\"font-family:arial;font-size:12px;\">\r\nHere is your password for <b><%$title%></b> (<a href=\"<%$url%>\"><%$url%></a>)\r\n<p>\r\nPassword : <%$password%>\r\n<p>\r\n<p>\r\nRegards,\r\n<p>\r\n<b><%$site_name%></b> Team\r\n</div>','Here is your password for <%$title%> (<%$url%>)\r\nPassword : <%$password%>\r\nRegards,\r\n<%$site_name%> Team\r\n'),(28,'send_pwd_login','Your login password','<div style=\"font-family:arial;font-size:12px;\">\r\nHere is your username and password:\r\n<p>\r\n<table cellspacing=0 cellpadding=0>\r\n<tr><td style=\"width:100px;\">Username</td><td style=\"width:10px;\">:</td><td ><%$username%></td></tr>\r\n<tr><td style=\"width:100px;\">Password</td><td style=\"width:10px;\">:</td><td ><%$password%></td></tr>\r\n</table>\r\n<p>\r\n<p>\r\nRegards,\r\n<p>\r\n<b><%$site_name%></b> Team\r\n</div>','Here is your username and password:\r\nUsername : <%$username%>\r\nPassword : <%$password%>\r\nRegards,\r\n<%$site_name%> Team\r\n'),(29,'send_pwd_reset','Password reset request','<div style=\"font-family:arial;font-size:12px;\">\r\nWe received a request to reset your password.<br>\r\nPlease visit this URL to proceed:<br>\r\n<label style=\"margin-left:10px;\"><a href=\"<%$site_url%>/reset_pwd.php?u=<%$username%>&hash=<%$hash%>\"><%$site_url%>/reset_pwd.php?u=<%$username%>&hash=<%$hash%></a></label>\r\n<p>\r\n<p>\r\nRegards,\r\n<p>\r\n<b><%$site_name%></b> Team\r\n</div>','We received a request to reset your password.\r\nPlease visit this URL to proceed:\r\n<%$site_url%>/reset_pwd.php?u=<%$username%>&hash=<%$hash%>\r\nRegards,\r\n<%$site_name%> Team\r\n'),(30,'suggest_category','Category suggestion','<div style=\"font-family:arial;font-size:12px;\">\r\nCategory suggestion for <b><%$site_name%></b>.\r\n<p>\r\nParent               : <%$parent%>\r\nCategory Name        : <%$cat_name%>\r\nCategory Description : <%$cat_desc%>\r\n<p>\r\n<p>\r\nRegards,\r\n<p>\r\n<b><%$site_name%></b> Team\r\n</div>','Category suggestion for <%$site_name%>.\r\nParent               : <%$parent%>\r\nCategory Name        : <%$cat_name%>\r\nCategory Description : <%$cat_desc%>\r\nRegards,\r\n<%$site_name%> Team\r\n'),(31,'tell_friend_favorite','Your friend has shared his/her favorite listing','<div style=\"font-family:arial;font-size:12px;\">\r\nHi <%$friend_name%>,\r\n<p>\r\nI\'d like to share my favorite listing at <b><%$site_name%></b> (<a href=\"<%$site_url%>\"><%$site_url%></a>).<br>\r\nI hope you like them and find them useful.\r\n<p>\r\n<p>\r\n<%$fav_item%>\r\n<p>\r\n<p>\r\nSincerely,\r\n<p>\r\n<p>\r\n<%$my_name%> <<%$my_email%>>\r\n</div>','Hi <%$friend_name%>,\r\nI\'d like to share my favorite listings at <%$site_name%> (<%$site_url%>).\r\nI hope you like them and find them useful.\r\n<%$fav_item%>\r\nSincerely,\r\n<%$my_name%> <<%$my_email%>>\r\n'),(32,'tell_friend_favorite_rows',NULL,'<div style=\"font-family:arial;font-size:12px;\">\r\n<table cellspacing=0 cellpadding=0>\r\n<tr><td style=\"width:100px;\">Title</td><td style=\"width:10px;\">:</td><td ><%$title%></td></tr>\r\n<tr><td style=\"width:100px;\">Url</td><td style=\"width:10px;\">:</td><td ><%$url%></td></tr>\r\n<tr><td style=\"width:100px;\">Description</td><td style=\"width:10px;\">:</td><td ><%$description%></td></tr>\r\n</table>\r\n</div>\r\n','Title       : <%$title%>\r\nUrl         : <%$url%>\r\nDescription : <%$description%>\r\n'),(33,'tell_friend_link','Your friend recommended a link','<div style=\"font-family:arial;font-size:12px;\">\r\nHi <b><%$friend_name%></b>,\r\n<p>\r\nI found a good website that you may find interesting.\r\n<p>\r\n<div>\r\n<label style=\"float:left;width:100px;\">Website</label><label style=\"float:left;\"> : <b><%$title%></b></label>\r\n</div>\r\n<div style=\"clear:both;\">\r\n<label style=\"clear:both;float:left;width:100px;\">Url </label><label style=\"float:left;\"> : <a href=\"<%$url%>\"><%$url%></a></label>\r\n</div>\r\n<p style=\"clear:both;\">\r\nI found this website from <%$site_name%> (<a href=\"<%$site_url%>\"><%$site_url%></a>).\r\n<p>\r\n<p>\r\nSincerely,\r\n<p>\r\n<%$my_name%> <<%$my_email%>>\r\n</div>\r\n','Hi <%$friend_name%>,\r\nI found a good website that you may find interesting.\r\nWebsite : <%$title%>\r\nUrl     : <%$url%>\r\nI found this website from <%$site_name%> (<%$site_url%>).\r\nSincerely,\r\n<%$my_name%> <<%$my_email%>>\r\n'),(34,'tell_friend_website','hi <%$friend_name%>, I found a good website that you may find interesting','<div style=\"font-family:arial;font-size:12px;\">\r\nHi <b><%$friend_name%></b>,\r\n<p>\r\nI found good website that you may find interesting. The website is <b><%$site_name%></b> (<a href=\"<%$site_url%>\"><%$site_url%></a>).\r\n<p>\r\n<p>\r\nSincerely,\r\n<p>\r\n<%$my_name%> <<%$my_email%>>\r\n</div>','Hi <%$friend_name%>,\r\nI found a good website that you may find interesting. The website is <%$site_name%> (<%$site_url%>).\r\nSincerely,\r\n<%$my_name%> <<%$my_email%>>\r\n'),(35,'send_activation_link','Your activation link','<div style=\"font-family:arial;font-size:12px;\">\r\nHere is your activation link\r\n<p>\r\nActivation Link  : <A href=\"<%$activation_link%>\"><%$activation_link%></a>\r\n<p>\r\n<p>\r\nRegards,\r\n<p>\r\n<b><%$site_name%></b> Team\r\n</div>','Here is your activation link\r\nActivation Link  : <%$activation_link%>\r\nRegards,\r\n<%$site_name%> Team\r\n'),(36,'send_activated_account','Your account had been activated','<div style=\"font-family:arial;font-size:12px;\">\r\nYour account had been activated. Now you can login.\r\n<p>\r\nRegards,\r\n<p>\r\n<b><%$site_name%></b> Team\r\n</div>','Your account had been activated. Now you can login.\r\n\r\nRegards,\r\n<%$site_name%> Team\r\n');

--
-- Table structure for table `idx_favorites`
--

CREATE TABLE `idx_favorites` (
  `favorite_id` int(11) NOT NULL auto_increment,
  `username` varchar(20) default NULL,
  `date` date default NULL,
  `title` varchar(100) default NULL,
  `description` text,
  PRIMARY KEY  (`favorite_id`)
) ENGINE=MyISAM AUTO_INCREMENT=4 DEFAULT CHARSET=latin1;

--
-- Dumping data for table `idx_favorites`
--

INSERT INTO `idx_favorites` VALUES (1,'idsgroup','2012-03-08','My Favorites',NULL),(2,'aangeliascott','2012-03-13','',NULL),(3,'1simonpeterson1','2012-03-13','',NULL);

--
-- Table structure for table `idx_favorites_detail`
--

CREATE TABLE `idx_favorites_detail` (
  `favorite_id` int(11) default NULL,
  `link_id` mediumint(9) default NULL
) ENGINE=MyISAM DEFAULT CHARSET=latin1;

--
-- Dumping data for table `idx_favorites_detail`
--


--
-- Table structure for table `idx_hook_place`
--

CREATE TABLE `idx_hook_place` (
  `hook_place_id` int(11) NOT NULL auto_increment,
  `filename` varchar(255) default NULL,
  `hookname` varchar(255) default NULL,
  PRIMARY KEY  (`hook_place_id`)
) ENGINE=MyISAM DEFAULT CHARSET=latin1;

--
-- Dumping data for table `idx_hook_place`
--


--
-- Table structure for table `idx_invoice`
--

CREATE TABLE `idx_invoice` (
  `invoice_id` varchar(10) NOT NULL default '',
  `invoice_date` date default NULL,
  `due_date` date default NULL,
  `invoiced_to` text,
  `service` varchar(255) default NULL,
  `description` text,
  `total` double(8,2) default NULL,
  `comment` text,
  `paid` char(1) default NULL,
  `paid_date` date default NULL,
  `email` varchar(255) default NULL,
  PRIMARY KEY  (`invoice_id`)
) ENGINE=MyISAM DEFAULT CHARSET=latin1;

--
-- Dumping data for table `idx_invoice`
--


--
-- Table structure for table `idx_invoice_config`
--

CREATE TABLE `idx_invoice_config` (
  `company` varchar(255) default NULL,
  `contact` varchar(255) default NULL,
  `address` text,
  `phone` varchar(255) default NULL,
  `email` varchar(255) default NULL,
  `currency_symbol` varchar(255) default '$',
  `currency_code` varchar(255) default 'USD'
) ENGINE=MyISAM DEFAULT CHARSET=latin1;

--
-- Dumping data for table `idx_invoice_config`
--

INSERT INTO `idx_invoice_config` VALUES ('Your website / Company','Billing Department','Your address','Your phone #','Billing<name@yourdomain.com>','$','USD');

--
-- Table structure for table `idx_link`
--

CREATE TABLE `idx_link` (
  `link_id` mediumint(9) unsigned NOT NULL auto_increment,
  `category_id` mediumint(9) unsigned NOT NULL default '0',
  `title` varchar(100) NOT NULL default '',
  `url` text NOT NULL,
  `description` text NOT NULL,
  `contact_name` varchar(100) NOT NULL default '',
  `email` varchar(100) NOT NULL default '',
  `hits` mediumint(9) NOT NULL default '0',
  `votes` smallint(6) NOT NULL default '0',
  `rating` float(4,2) NOT NULL default '0.00',
  `date` datetime NOT NULL default '0000-00-00 00:00:00',
  `bid` smallint(6) NOT NULL default '0',
  `new` char(1) default NULL,
  `hot` char(1) default NULL,
  `top_rated` char(1) default NULL,
  `pick` char(1) default NULL,
  `password` varchar(20) default NULL,
  `updated` char(1) default NULL,
  `reviews` smallint(6) default NULL,
  `avg_review` float(4,2) default NULL,
  `last_updated` datetime default NULL,
  `official_review` text,
  `keywords` varchar(255) default NULL,
  `cat1` mediumint(6) NOT NULL default '0',
  `cat2` mediumint(6) NOT NULL default '0',
  `suspended` char(1) NOT NULL default '0',
  `reciprocal_url` varchar(255) default NULL,
  `address` varchar(255) default NULL,
  `city` varchar(255) default NULL,
  `state` varchar(255) default NULL,
  `country` varchar(255) default NULL,
  `zip` varchar(255) default NULL,
  `image` varchar(255) default NULL,
  `phone` varchar(255) default NULL,
  `fax` varchar(255) default NULL,
  PRIMARY KEY  (`link_id`)
) ENGINE=MyISAM DEFAULT CHARSET=latin1;

--
-- Dumping data for table `idx_link`
--


--
-- Table structure for table `idx_link_temp`
--

CREATE TABLE `idx_link_temp` (
  `vid` mediumint(9) unsigned NOT NULL auto_increment,
  `spam` char(1) NOT NULL default '0',
  `link_id` mediumint(9) default NULL,
  `category_id` mediumint(9) unsigned NOT NULL default '0',
  `title` varchar(100) NOT NULL default '',
  `url` text NOT NULL,
  `description` text NOT NULL,
  `contact_name` varchar(100) NOT NULL default '',
  `email` varchar(100) NOT NULL default '',
  `hits` mediumint(9) default NULL,
  `votes` smallint(6) default NULL,
  `rating` float(4,2) default NULL,
  `date` datetime NOT NULL default '0000-00-00 00:00:00',
  `bid` smallint(6) NOT NULL default '0',
  `new` char(1) default NULL,
  `hot` char(1) default NULL,
  `top_rated` char(1) default NULL,
  `pick` char(1) default NULL,
  `password` varchar(20) default NULL,
  `updated` char(1) default NULL,
  `reviews` smallint(6) default NULL,
  `avg_review` float(4,2) default NULL,
  `last_updated` datetime default NULL,
  `official_review` text,
  `keywords` varchar(255) default NULL,
  `cat1` mediumint(6) NOT NULL default '0',
  `cat2` mediumint(6) NOT NULL default '0',
  `suspended` char(1) NOT NULL default '0',
  `reciprocal_url` varchar(255) default NULL,
  `address` varchar(255) default NULL,
  `city` varchar(255) default NULL,
  `state` varchar(255) default NULL,
  `country` varchar(255) default NULL,
  `zip` varchar(255) default NULL,
  `image` varchar(255) default NULL,
  `phone` varchar(255) default NULL,
  `fax` varchar(255) default NULL,
  PRIMARY KEY  (`vid`)
) ENGINE=MyISAM DEFAULT CHARSET=latin1;

--
-- Dumping data for table `idx_link_temp`
--


--
-- Table structure for table `idx_link_temp_user`
--

CREATE TABLE `idx_link_temp_user` (
  `vid` mediumint(9) unsigned NOT NULL default '0',
  `username` varchar(20) NOT NULL default '',
  PRIMARY KEY  (`vid`)
) ENGINE=MyISAM DEFAULT CHARSET=latin1;

--
-- Dumping data for table `idx_link_temp_user`
--


--
-- Table structure for table `idx_link_user`
--

CREATE TABLE `idx_link_user` (
  `link_id` mediumint(9) unsigned NOT NULL default '0',
  `username` varchar(20) NOT NULL default '',
  PRIMARY KEY  (`link_id`)
) ENGINE=MyISAM DEFAULT CHARSET=latin1;

--
-- Dumping data for table `idx_link_user`
--


--
-- Table structure for table `idx_mailing_list`
--

CREATE TABLE `idx_mailing_list` (
  `email` varchar(50) NOT NULL default '',
  `code` varchar(4) default NULL,
  `status` char(1) default NULL,
  PRIMARY KEY  (`email`)
) ENGINE=MyISAM DEFAULT CHARSET=latin1;

--
-- Dumping data for table `idx_mailing_list`
--


--
-- Table structure for table `idx_message`
--

CREATE TABLE `idx_message` (
  `message_id` smallint(6) NOT NULL auto_increment,
  `date` date default NULL,
  `body` text,
  `subject` varchar(100) default NULL,
  PRIMARY KEY  (`message_id`)
) ENGINE=MyISAM DEFAULT CHARSET=latin1;

--
-- Dumping data for table `idx_message`
--


--
-- Table structure for table `idx_notification`
--

CREATE TABLE `idx_notification` (
  `username` varchar(20) NOT NULL default '',
  `category_id` mediumint(9) NOT NULL default '0'
) ENGINE=MyISAM DEFAULT CHARSET=latin1;

--
-- Dumping data for table `idx_notification`
--


--
-- Table structure for table `idx_pagerank`
--

CREATE TABLE `idx_pagerank` (
  `link_id` mediumint(8) unsigned NOT NULL default '0',
  `engine` char(1) NOT NULL default '',
  `rank` tinyint(4) NOT NULL default '0',
  `last_update` date NOT NULL default '0000-00-00',
  PRIMARY KEY  (`link_id`,`engine`)
) ENGINE=MyISAM DEFAULT CHARSET=latin1;

--
-- Dumping data for table `idx_pagerank`
--


--
-- Table structure for table `idx_paid_listing`
--

CREATE TABLE `idx_paid_listing` (
  `link_id` mediumint(9) unsigned NOT NULL default '0',
  `premium` char(1) default NULL,
  `sponsored` char(1) default NULL,
  `expire` datetime default NULL,
  `paid` char(1) default NULL,
  PRIMARY KEY  (`link_id`)
) ENGINE=MyISAM DEFAULT CHARSET=latin1;

--
-- Dumping data for table `idx_paid_listing`
--


--
-- Table structure for table `idx_payment_gateway`
--

CREATE TABLE `idx_payment_gateway` (
  `payment_gateway_id` int(11) NOT NULL auto_increment,
  `name` varchar(100) default NULL,
  `enable` char(1) default NULL,
  `setting` text,
  `invoice_html` text,
  PRIMARY KEY  (`payment_gateway_id`)
) ENGINE=MyISAM AUTO_INCREMENT=9 DEFAULT CHARSET=latin1;

--
-- Dumping data for table `idx_payment_gateway`
--

INSERT INTO `idx_payment_gateway` VALUES (1,'paypal','1','a:2:{s:13:\"payment_email\";s:0:\"\";s:21:\"enable_paypal_sandbox\";s:1:\"0\";}','<p> \r\n	<a href=\'paynow.php?id={$invoice_id}&m=paypal\'><img src=\'http://www.paypal.com/images/x-click-but02.gif\' border=\'0\' alt=\'Make payments with PayPal - it is fast, free and secure!\' /></a> \r\n</p>\r\n'),(2,'2co','0','a:6:{s:6:\"co_sid\";s:5:\"84932\";s:9:\"co_secret\";s:5:\"tango\";s:12:\"co_recurring\";s:1:\"0\";s:9:\"co_prod_1\";s:6:\"100.00\";s:9:\"co_prod_2\";s:6:\"250.00\";s:9:\"co_prod_3\";s:6:\"400.00\";}','<p>\r\n<a href=\'paynow.php?id={$invoice_id}&m=2co\'><img src=\'http://www.2checkout.com/images/overview/btns/25.jpg\' alt=\'Pay Now with 2checkout...\' border=\'0\' /></a> \r\n</p>'),(3,'authorizenet','0','a:2:{s:21:\"authorizenet_login_id\";s:0:\"\";s:21:\"authorizenet_tran_key\";s:0:\"\";}','<p> \r\n<a href=\'paynow.php?id={$invoice_id}&m=authorizenet\'><img src=\'http://www.authorize.net/upload/images/Images/Header/authorizenet_logo.gif\' alt=\'Pay Now with Authorize.Net...\' width=\'99\' height=\'39\' style=\'{border : 1px solid #c0c0c0;}\' /></a>\r\n</p>'),(4,'egold','0','a:2:{s:19:\"egold_payee_account\";s:0:\"\";s:16:\"egold_payee_name\";s:0:\"\";}','<p> \r\n<a href=\'paynow.php?id={$invoice_id}&m=egold\'>\r\n<img src=\'http://www.e-gold.com/gif/paywith.gif\' border=\'0\' alt=\'Pay Now with e-gold...\' />\r\n</a>\r\n</p>'),(5,'moneybookers','0','a:1:{s:18:\"moneybookers_email\";s:0:\"\";}','<p> \r\n<a href=\'paynow.php?id={$invoice_id}&m=paypal\'><img src=\'http://www.moneybookers.com/images/banners/88_en_mb.gif\' border=\'0\' alt=\'Make payments with Moneybookers - it is fast, free and secure!\' /></a> \r\n</p>'),(6,'paypal-subscriptions','0','a:2:{s:13:\"payment_email\";s:0:\"\";s:21:\"enable_paypal_sandbox\";s:1:\"0\";}','<p> \r\n<a href=\'paynow.php?id={$invoice_id}&m=paypal\'><img src=\'https://www.paypal.com/en_US/i/btn/x-click-but20.gif\' border=\'0\' alt=\'Make payments with PayPal - it is fast, free and secure!\' /></a> \r\n</p>'),(7,'alertpay','0','a:2:{s:14:\"alertpay_email\";s:0:\"\";s:23:\"enable_alertpay_sandbox\";s:1:\"0\";}','<p> \r\n<a href=\'paynow.php?id={$invoice_id}&m=alertpay\'>\r\n<img src=\'https://www.alertpay.com/Images/BuyNow/pay_now_3.gif\' border=\'0\' alt=\'Make payments with PayPal - it is fast, free and secure!\' /></a> \r\n</p>'),(8,'alertpay-subcriptions','0','a:2:{s:14:\"alertpay_email\";s:0:\"\";s:23:\"enable_alertpay_sandbox\";s:1:\"0\";}','<p>\r\n<a href=\'paynow.php?id={$invoice_id}&m=alertpay-subcriptions\'>\r\n<img src=\'https://www.alertpay.com/Images/BuyNow/subscribe_now_15.gif\' border=\'0\' alt=\'Make payments with Alert Pay - it is fast, free and secure!\' /></a> \r\n</p>');

--
-- Table structure for table `idx_payment_history`
--

CREATE TABLE `idx_payment_history` (
  `payment_id` int(10) unsigned NOT NULL auto_increment,
  `contact_name` varchar(255) default NULL,
  `email` varchar(255) default NULL,
  `type` varchar(255) default NULL,
  `detail` text,
  `amount` double default NULL,
  `time` datetime default NULL,
  `invoice_id` varchar(10) default NULL,
  PRIMARY KEY  (`payment_id`)
) ENGINE=MyISAM DEFAULT CHARSET=latin1;

--
-- Dumping data for table `idx_payment_history`
--


--
-- Table structure for table `idx_pl_sociable`
--

CREATE TABLE `idx_pl_sociable` (
  `sb_id` int(11) NOT NULL auto_increment,
  `sb_name` varchar(255) character set utf8 default NULL,
  `sb_url` varchar(255) character set utf8 default NULL,
  `sb_icon` varchar(255) character set utf8 default NULL,
  `sb_enable` char(1) character set utf8 default '0',
  PRIMARY KEY  (`sb_id`)
) ENGINE=MyISAM AUTO_INCREMENT=90 DEFAULT CHARSET=latin1;

--
-- Dumping data for table `idx_pl_sociable`
--

INSERT INTO `idx_pl_sociable` VALUES (1,'BarraPunto','http://barrapunto.com/submit.pl?subj=TITLE&amp;story=PERMALINK','barrapunto.png','0'),(2,'Bitacoras.com','http://bitacoras.com/anotaciones/PERMALINK','bitacoras.png','0'),(3,'BlinkList','http://www.blinklist.com/index.php?Action=Blink/addblink.php&amp;Url=PERMALINK&amp;Title=TITLE','blinklist.png','0'),(4,'blogmarks','http://blogmarks.net/my/new.php?mini=1&amp;simple=1&amp;url=PERMALINK&amp;title=TITLE','blogmarks.png','0'),(5,'Blogosphere News','http://www.blogospherenews.com/submit.php?url=PERMALINK&amp;title=TITLE','blogospherenews.png','0'),(6,'blogtercimlap','http://cimlap.blogter.hu/index.php?action=suggest_link&amp;title=TITLE&amp;url=PERMALINK','blogter.png','0'),(7,'Faves','http://faves.com/Authoring.aspx?u=PERMALINK&amp;title=TITLE','bluedot.png','0'),(8,'connotea','http://www.connotea.org/addpopup?continue=confirm&amp;uri=PERMALINK&amp;title=TITLE&amp;description=EXCERPT','connotea.png','0'),(9,'Current','http://current.com/clipper.htm?url=PERMALINK&amp;title=TITLE','current.png','0'),(10,'del.icio.us','http://delicious.com/post?url=PERMALINK&amp;title=TITLE&amp;notes=EXCERPT','delicious.png','0'),(11,'Digg','http://digg.com/submit?phase=2&amp;url=PERMALINK&amp;title=TITLE&amp;bodytext=EXCERPT','digg.png','1'),(12,'Diigo','http://www.diigo.com/post?url=PERMALINK&amp;title=TITLE','diigo.png','0'),(13,'DotNetKicks','http://www.dotnetkicks.com/kick/?url=PERMALINK&amp;title=TITLE','dotnetkicks.png','0'),(14,'DZone','http://www.dzone.com/links/add.html?url=PERMALINK&amp;title=TITLE','dzone.png','0'),(15,'eKudos','http://www.ekudos.nl/artikel/nieuw?url=PERMALINK&amp;title=TITLE&amp;desc=EXCERPT','ekudos.png','0'),(16,'email','mailto:?subject=TITLE&amp;body=PERMALINK','email_link.png','0'),(17,'Facebook','http://www.facebook.com/share.php?u=PERMALINK&amp;t=TITLE','facebook.png','1'),(18,'Fark','http://cgi.fark.com/cgi/fark/farkit.pl?h=TITLE&amp;u=PERMALINK','fark.png','0'),(19,'Fleck','http://beta3.fleck.com/bookmarklet.php?url=PERMALINK&amp;title=TITLE','fleck.png','0'),(20,'FriendFeed','http://www.friendfeed.com/share?title=TITLE&amp;link=PERMALINK','friendfeed.png','0'),(21,'FSDaily','http://www.fsdaily.com/submit?url=PERMALINK&amp;title=TITLE','fsdaily.png','0'),(22,'Global Grind','http://globalgrind.com/submission/submit.aspx?url=PERMALINK&amp;type=Article&amp;title=TITLE','globalgrind.png','0'),(23,'Google','http://www.google.com/bookmarks/mark?op=edit&amp;bkmk=PERMALINK&amp;title=TITLE&amp;annotation=EXCERPT','googlebookmark.png','0'),(24,'Gwar','http://www.gwar.pl/DodajGwar.html?u=PERMALINK','gwar.png','0'),(25,'HackerNews','http://news.ycombinator.com/submitlink?u=PERMALINK&amp;t=TITLE','hackernews.png','0'),(26,'Haohao','http://www.haohaoreport.com/submit.php?url=PERMALINK&amp;title=TITLE','haohao.png','0'),(27,'HealthRanker','http://healthranker.com/submit.php?url=PERMALINK&amp;title=TITLE','healthranker.png','0'),(28,'HelloTxt','http://hellotxt.com/?status=TITLE+PERMALINK','hellotxt.png','0'),(29,'Hemidemi','http://www.hemidemi.com/user_bookmark/new?title=TITLE&amp;url=PERMALINK','hemidemi.png','0'),(30,'Hyves','http://www.hyves.nl/profilemanage/add/tips/?name=TITLE&amp;text=EXCERPT+PERMALINK&amp;rating=5','hyves.png','0'),(31,'Identi.ca','http://identi.ca/notice/new?status_textarea=PERMALINK','identica.png','0'),(32,'IndianPad','http://www.indianpad.com/submit.php?url=PERMALINK','indianpad.png','0'),(33,'Internetmedia','http://internetmedia.hu/submit.php?url=PERMALINK','im.png','0'),(34,'Kirtsy','http://www.kirtsy.com/submit.php?url=PERMALINK&amp;title=TITLE','kirtsy.png','0'),(35,'laaik.it','http://laaik.it/NewStoryCompact.aspx?uri=PERMALINK&amp;headline=TITLE&amp;cat=5e082fcc-8a3b-47e2-acec-fdf64ff19d12','laaikit.png','0'),(36,'LinkArena','http://linkarena.com/bookmarks/addlink/?url=PERMALINK&amp;title=TITLE','linkarena.png','0'),(37,'LinkaGoGo','http://www.linkagogo.com/go/AddNoPopup?url=PERMALINK&amp;title=TITLE','linkagogo.png','0'),(38,'LinkedIn','http://www.linkedin.com/shareArticle?mini=true&amp;url=PERMALINK&amp;title=TITLE&amp;source=BLOGNAME&amp;summary=EXCERPT','linkedin.png','0'),(39,'Linkter','http://www.linkter.hu/index.php?action=suggest_link&amp;url=PERMALINK&amp;title=TITLE','linkter.png','0'),(40,'Live','https://favorites.live.com/quickadd.aspx?marklet=1&amp;url=PERMALINK&amp;title=TITLE','live.png','0'),(41,'Meneame','http://meneame.net/submit.php?url=PERMALINK','meneame.png','0'),(42,'MisterWong','http://www.mister-wong.com/addurl/?bm_url=PERMALINK&amp;bm_description=TITLE&amp;plugin=soc','misterwong.png','0'),(43,'MisterWong.DE','http://www.mister-wong.de/addurl/?bm_url=PERMALINK&amp;bm_description=TITLE&amp;plugin=soc','misterwong.png','0'),(44,'Mixx','http://www.mixx.com/submit?page_url=PERMALINK&amp;title=TITLE','mixx.png','0'),(45,'muti','http://www.muti.co.za/submit?url=PERMALINK&amp;title=TITLE','muti.png','0'),(46,'MyShare','http://myshare.url.com.tw/index.php?func=newurl&amp;url=PERMALINK&amp;desc=TITLE','myshare.png','0'),(47,'MySpace','http://www.myspace.com/Modules/PostTo/Pages/?u=PERMALINK&amp;t=TITLE','myspace.png','0'),(48,'MSNReporter','http://reporter.nl.msn.com/?fn=contribute&amp;Title=TITLE&amp;URL=PERMALINK&amp;cat_id=6&amp;tag_id=31&amp;Remark=EXCERPT','msnreporter.png','0'),(49,'N4G','http://www.n4g.com/tips.aspx?url=PERMALINK&amp;title=TITLE','n4g.png','0'),(50,'Netvibes','http://www.netvibes.com/share?title=TITLE&amp;url=PERMALINK','netvibes.png','0'),(51,'NewsVine','http://www.newsvine.com/_tools/seed&amp;save?u=PERMALINK&amp;h=TITLE','newsvine.png','0'),(52,'Netvouz','http://www.netvouz.com/action/submitBookmark?url=PERMALINK&amp;title=TITLE&amp;popup=no','netvouz.png','0'),(53,'NuJIJ','http://nujij.nl/jij.lynkx?t=TITLE&amp;u=PERMALINK&amp;b=EXCERPT','nujij.png','0'),(54,'Ping.fm','http://ping.fm/ref/?link=PERMALINK&amp;title=TITLE&amp;body=EXCERPT','ping.png','0'),(55,'Posterous','http://posterous.com/share?linkto=PERMALINK&amp;title=TITLE&amp;selection=EXCERPT','posterous.png','0'),(56,'PDF','http://www.printfriendly.com/print?url=PERMALINK&amp;partner=sociable','pdf.png','0'),(57,'Print','http://www.printfriendly.com/print?url=PERMALINK&amp;partner=sociable','printfriendly.png','0'),(58,'Propeller','http://www.propeller.com/submit/?url=PERMALINK','propeller.png','0'),(59,'Ratimarks','http://ratimarks.org/bookmarks.php/?action=add&address=PERMALINK&amp;title=TITLE','ratimarks.png','0'),(60,'Rec6','http://rec6.via6.com/link.php?url=PERMALINK&amp;=TITLE','rec6.png','0'),(61,'Reddit','http://reddit.com/submit?url=PERMALINK&amp;title=TITLE','reddit.png','0'),(62,'RSS','FEEDLINK','rss.png','0'),(63,'Scoopeo','http://www.scoopeo.com/scoop/new?newurl=PERMALINK&amp;title=TITLE','scoopeo.png','0'),(64,'Segnalo','http://segnalo.alice.it/post.html.php?url=PERMALINK&amp;title=TITLE','segnalo.png','0'),(65,'Simpy','http://www.simpy.com/simpy/LinkAdd.do?href=PERMALINK&amp;title=TITLE','simpy.png','0'),(66,'Slashdot','http://slashdot.org/bookmark.pl?title=TITLE&amp;url=PERMALINK','slashdot.png','0'),(67,'Socialogs','http://socialogs.com/add_story.php?story_url=PERMALINK&amp;story_title=TITLE','socialogs.png','0'),(68,'SphereIt','http://www.sphere.com/search?q=sphereit:PERMALINK&amp;title=TITLE','sphere.png','0'),(69,'Sphinn','http://sphinn.com/index.php?c=post&amp;m=submit&amp;link=PERMALINK','sphinn.png','0'),(70,'StumbleUpon','http://www.stumbleupon.com/submit?url=PERMALINK&amp;title=TITLE','stumbleupon.png','0'),(71,'Techmeme','http://twitter.com/home/?status=tip%20@Techmeme%20PERMALINK%20TITLE','techmeme.png','0'),(72,'Technorati','http://technorati.com/faves?add=PERMALINK','technorati.png','1'),(73,'ThisNext','http://www.thisnext.com/pick/new/submit/sociable/?url=PERMALINK&amp;name=TITLE','thisnext.png','0'),(74,'Tipd','http://tipd.com/submit.php?url=PERMALINK','tipd.png','0'),(75,'Tumblr','http://www.tumblr.com/share?v=3&amp;u=PERMALINK&amp;t=TITLE&amp;s=EXCERPT','tumblr.png','0'),(76,'Twitter','http://twitter.com/home?status=TITLE%20-%20PERMALINK','twitter.png','1'),(77,'Upnews','http://www.upnews.it/submit?url=PERMALINK&amp;title=TITLE','upnews.png','0'),(78,'Webnews.de','http://www.webnews.de/einstellen?url=PERMALINK&amp;title=TITLE','webnews.png','0'),(79,'Webride','http://webride.org/discuss/split.php?uri=PERMALINK&amp;title=TITLE','webride.png','0'),(80,'Wikio','http://www.wikio.com/vote?url=PERMALINK','wikio.png','0'),(81,'Wikio FR','http://www.wikio.fr/vote?url=PERMALINK','wikio.png','0'),(82,'Wikio IT','http://www.wikio.it/vote?url=PERMALINK','wikio.png','0'),(83,'Wists','http://wists.com/s.php?c=&amp;r=PERMALINK&amp;title=TITLE','wists.png','0'),(84,'Wykop','http://www.wykop.pl/dodaj?url=PERMALINK','wykop.png','0'),(85,'Xerpi','http://www.xerpi.com/block/add_link_from_extension?url=PERMALINK&amp;title=TITLE','xerpi.png','0'),(86,'YahooBuzz','http://buzz.yahoo.com/submit/?submitUrl=PERMALINK&amp;submitHeadline=TITLE&amp;submitSummary=EXCERPT&amp;submitCategory=science&amp;submitAssetType=text','yahoobuzz.png','0'),(87,'Yahoo! Bookmarks','http://bookmarks.yahoo.com/toolbar/savebm?u=PERMALINK&amp;t=TITLE&opener=bm&amp;ei=UTF-8&amp;d=EXCERPT','yahoomyweb.png','0'),(88,'Yigg','http://yigg.de/neu?exturl=PERMALINK&amp;exttitle=TITLE','yiggit.png','0'),(89,'Blogplay','http://blogplay.com','blogplay.png','0');

--
-- Table structure for table `idx_plugin`
--

CREATE TABLE `idx_plugin` (
  `plugin_id` int(11) NOT NULL auto_increment,
  `name` varchar(255) default NULL,
  `plugin_file` varchar(255) default NULL,
  `status` enum('0','1') default NULL,
  `option_plugin` text,
  PRIMARY KEY  (`plugin_id`)
) ENGINE=MyISAM AUTO_INCREMENT=2 DEFAULT CHARSET=latin1;

--
-- Dumping data for table `idx_plugin`
--

INSERT INTO `idx_plugin` VALUES (1,'Sociable','sociable/sociable.php','1',NULL);

--
-- Table structure for table `idx_review`
--

CREATE TABLE `idx_review` (
  `review_id` mediumint(9) unsigned NOT NULL auto_increment,
  `link_id` mediumint(9) unsigned NOT NULL default '0',
  `review` text NOT NULL,
  `rating` tinyint(3) unsigned NOT NULL default '0',
  `date` date NOT NULL default '0000-00-00',
  `subject` varchar(100) default NULL,
  `status` char(1) default NULL,
  `username` varchar(20) default NULL,
  `name` varchar(20) default NULL,
  `email` varchar(100) default NULL,
  PRIMARY KEY  (`review_id`)
) ENGINE=MyISAM DEFAULT CHARSET=latin1;

--
-- Dumping data for table `idx_review`
--


--
-- Table structure for table `idx_searchlog`
--

CREATE TABLE `idx_searchlog` (
  `keyword` varchar(100) NOT NULL default '',
  `time` datetime NOT NULL default '0000-00-00 00:00:00',
  `result` mediumint(9) unsigned default NULL,
  `ip` varchar(100) default NULL
) ENGINE=MyISAM DEFAULT CHARSET=latin1;

--
-- Dumping data for table `idx_searchlog`
--


--
-- Table structure for table `idx_sessions`
--

CREATE TABLE `idx_sessions` (
  `SESSKEY` varchar(32) NOT NULL default '',
  `EXPIRY` int(11) unsigned NOT NULL default '0',
  `EXPIREREF` varchar(64) default NULL,
  `DATA` text NOT NULL,
  PRIMARY KEY  (`SESSKEY`)
) ENGINE=MyISAM DEFAULT CHARSET=latin1;

--
-- Dumping data for table `idx_sessions`
--

INSERT INTO `idx_sessions` VALUES ('247e6cc87624273c32eb69d118dd1995',1331635228,NULL,'1AhQhjjw-fjkb0qgBqkRvEOrqRbq7VEU1qV33pswmPnKpyAAc4AkfqGUhloinGOenO2RizB4LN060zxkdPDTdJej-AKjyHP5p6rDhFeKgH_bYxJZ2HGvr5HOU7yprQu39nomyqHa4FHDxVAYvsj3n4NwQ2zeh4xJaFhuLCJie9DF1_wsmZwNemVKe2Yi_r7a'),('6887b2a4a37808db8985f3fee1dd2e98',1331635229,NULL,'1AhQhjjw-fjkb0qgBqkRvEOrqRbq7VEU1qV33pswmPnKpyAAc4AkfqGUhloinGOenO2RizB4LN060zxkdPDTdJej-AKjyHP5p6rDhFeKgH_bYxJZ2HGvr5HOU7yprQu39nomyqHa4FHDxVAYvsj3n4NwQ2zeh4xJaFhuLCJie9DF1_wsmZwNemVKe2Yi_r7a'),('8d154105e9a2a0a1e05b6d5569df5551',1331635272,NULL,'0IugMDyG0EGgrcEYpOVCMUAzr6Xmx-c6LIMvWqn_xtVZH4gWXismvgOyZYKulS6cjVp2r25hYY7tL4AemV34hParRJ6Cyyk_sSJW45r7WpmHB7eVP6kLm8gBvsgQkz41vIM_ubYdSy5JoBu1JVcjeWmslFtOHKiVezC_NKun-3K9gOm25wHzDHaC8YZQpdvI'),('d4b3e29fa6e976ca08c34334b396afaf',1331635358,NULL,'1AhQhjjw-fjkb0qgBqkRvEOrqRbq7VEU1qV33pswmPnKpyAAc4AkfqGUhloinGOenO2RizB4LN060zxkdPDTdJej-AKjyHP5p6rDhFeKgH_bYxJZ2HGvr5HOU7yprQu39nomyqHa4FHDxVAYvsj3n4NwQ2zeh4xJaFhuLCJie9DF1_wsmZwNemVKe2Yi_r7a'),('fb0c9b93805041cea37d34d0239cd275',1331635359,NULL,'0IugMDyG0EGgrcEYpOVCMUAzr6Xmx-c6LIMvWqn_xtVZH4gWXismvgOyZYKulS6cjVp2r25hYY7tL4AemV34hParRJ6Cyyk_sSJW45r7WpmHB7eVP6kLm8gBvsgQkz41vIM_ubYdSy5JoBu1JVcjeWmslFtOHKiVezC_NKun-3K9gOm25wHzDHaC8YZQpdvI'),('db612372ac1bbcc5d76be22dc4f30b94',1331635361,NULL,'1AhQhjjw-fjkb0qgBqkRvEOrqRbq7VEU1qV33pswmPnKpyAAc4AkfqGUhloinGOenO2RizB4LN060zxkdPDTdJej-AKjyHP5p6rDhFeKgH_bYxJZ2HGvr5HOU7yprQu39nomyqHa4FHDxVAYvsj3n4NwQ2zeh4xJaFhuLCJie9DF1_wsmZwNemVKe2Yi_r7a'),('a1f4493033efdb1bd34081d59d0c20c9',1331635362,NULL,'1AhQhjjw-fjkb0qgBqkRvEOrqRbq7VEU1qV33pswmPnKpyAAc4AkfqGUhloinGOenO2RizB4LN060zxkdPDTdJej-AKjyHP5p6rDhFeKgH_bYxJZ2HGvr5HOU7yprQu39nomyqHa4FHDxVAYvsj3n4NwQ2zeh4xJaFhuLCJie9DF1_wsmZwNemVKe2Yi_r7a'),('4cfa7ffc3718a7cf59c37ffce33ef7f5',1331635363,NULL,'2w8Y7oxUof0v-55ptLViyIL9W3q3T203rI3jQLCE38RJPd4491yFOz_UpGNxAxHsihKlvswVwqZ2Xh3yvZbemWgRP42NI9frxEotrLr61lQlNh4eO3QUHSjphE2zVc97SFVaQ9RPyaSfgZFzjMlXA8BZH5E_pgg49p1Ta6mZ9l8y9qo72doB_UaYyzOckBsA'),('63b7fe8dc9f1e7eea9cf6c8ef1668dfc',1331635364,NULL,'1AhQhjjw-fjkb0qgBqkRvEOrqRbq7VEU1qV33pswmPnKpyAAc4AkfqGUhloinGOenO2RizB4LN060zxkdPDTdJej-AKjyHP5p6rDhFeKgH_bYxJZ2HGvr5HOU7yprQu39nomyqHa4FHDxVAYvsj3n4NwQ2zeh4xJaFhuLCJie9DF1_wsmZwNemVKe2Yi_r7a'),('9ce8332bfead6207564eb5699bc2f376',1331635365,NULL,'0IugMDyG0EGgrcEYpOVCMUAzr6Xmx-c6LIMvWqn_xtVZH4gWXismvgOyZYKulS6cjVp2r25hYY7tL4AemV34hParRJ6Cyyk_sSJW45r7WpmHB7eVP6kLm8gBvsgQkz41vIM_ubYdSy5JoBu1JVcjeWmslFtOHKiVezC_NKun-3K9gOm25wHzDHaC8YZQpdvI'),('07750fc37d7625a9518c877fa9954b46',1331635366,NULL,'43Etz-7jHTPb3yNCVFKz25P5Ep175oMYFj_OM6ocmpUzJKGx3GoIRX5IPyfYlbXnenBqDHHHYIK_E2cHo42jwEFTU333WHn75GzNJjnIYzA-QQ4e9FmJPIZlZ2nVBUVe8PiWdoceFQ2eiedPJzZ2tIr_a8t3ELe9JxmGMUaAhyf2tIs5-UZM_siP4vwteVxL'),('80d1b04228ce3ef19b4fa04cb94caac7',1331635377,NULL,'1AhQhjjw-fjkb0qgBqkRvEOrqRbq7VEU1qV33pswmPnKpyAAc4AkfqGUhloinGOenO2RizB4LN060zxkdPDTdJej-AKjyHP5p6rDhFeKgH_bYxJZ2HGvr5HOU7yprQu39nomyqHa4FHDxVAYvsj3n4NwQ2zeh4xJaFhuLCJie9DF1_wsmZwNemVKe2Yi_r7a'),('130ec6ad7a239c0eb331cb89a8aaa35d',1331635388,NULL,'2w8Y7oxUof0v-55ptLViyIL9W3q3T203rI3jQLCE38RJPd4491yFOz_UpGNxAxHsihKlvswVwqZ2Xh3yvZbemWgRP42NI9frxEotrLr61lQlNh4eO3QUHSjphE2zVc97SFVaQ9RPyaSfgZFzjMlXA8BZH5E_pgg49p1Ta6mZ9l8y9qo72doB_UaYyzOckBsA'),('3a154d61d661244806d4c0f39f076ebc',1331635434,NULL,'nC877CxGSHLKfvljmmDcCJu1rZce-WhUWtr8lFeJPkSA2d40usu3SW142obZo8HpXRxQDPuKmRTduNLZaG_MkGMbqJ671w6Ao8mdd173piJmBtilp3W1hdMpw-5yV-TLgLEWneRPeUdM6CEfCyP0QVx3H2HqAN_JZDpxLnw1DaoqwdDkD4ursZCDH3sOz73u'),('7561605d31a01e3627a70f5d0b06dfe7',1331635436,NULL,'43Etz-7jHTPb3yNCVFKz25P5Ep175oMYFj_OM6ocmpUzJKGx3GoIRX5IPyfYlbXnenBqDHHHYIK_E2cHo42jwEFTU333WHn75GzNJjnIYzA-QQ4e9FmJPIZlZ2nVBUVe8PiWdoceFQ2eiedPJzZ2tIr_a8t3ELe9JxmGMUaAhyf2tIs5-UZM_siP4vwteVxL'),('bc742ef6994245e093dfc9fd70698e55',1331635546,NULL,'43Etz-7jHTPb3yNCVFKz25P5Ep175oMYFj_OM6ocmpUzJKGx3GoIRX5IPyfYlbXnenBqDHHHYIK_E2cHo42jwEFTU333WHn75GzNJjnIYzA-QQ4e9FmJPIZlZ2nVBUVe8PiWdoceFQ2eiedPJzZ2tIr_a8t3ELe9JxmGMUaAhyf2tIs5-UZM_siP4vwteVxL'),('94901560552bc02ffe01de7ed74499dc',1331635551,NULL,'0IugMDyG0EGgrcEYpOVCMUAzr6Xmx-c6LIMvWqn_xtVZH4gWXismvgOyZYKulS6cjVp2r25hYY7tL4AemV34hParRJ6Cyyk_sSJW45r7WpmHB7eVP6kLm8gBvsgQkz41vIM_ubYdSy5JoBu1JVcjeWmslFtOHKiVezC_NKun-3K9gOm25wHzDHaC8YZQpdvI'),('c047d649ed742be01380a39d84ab7735',1331635553,NULL,'yM8-zyVlVvLFDDYqxZhZPP1to23C74-AaYgQKHdiUeg0unnDVGTkg1S3Jm3IyWm5jRGXioXCu6VMQ7oFs7MrfHp7e55-tpcVac1irOE29T5v1dh0fs-KUokaMIkpHW_XoUZTdad9DW1koG0bD1kDfHBjW4yG4rvF62Ch5D80UNi36Xd3UUfKH394rVKnXxhy'),('e75a4d9ed64964a482e34c14294fbf28',1331635554,NULL,'1AhQhjjw-fjkb0qgBqkRvEOrqRbq7VEU1qV33pswmPnKpyAAc4AkfqGUhloinGOenO2RizB4LN060zxkdPDTdJej-AKjyHP5p6rDhFeKgH_bYxJZ2HGvr5HOU7yprQu39nomyqHa4FHDxVAYvsj3n4NwQ2zeh4xJaFhuLCJie9DF1_wsmZwNemVKe2Yi_r7a'),('d962fd92e8665d3cdee04e69628862b3',1331635582,NULL,'Itx6ODVygqLNMdOYOHYZDbip5QxPv_TpsqW14u5j946mOC5ECezOS_Oj-RVGaeZKxlWZVO81K4YAIEAbWhOHJMGJ8vFmQPvRIOiAyV8aMKZcsVL-AKc_ioSJAQOlLUCFSiTejm1_LPqO4dKG6yOe2ySdxzmDYMB5eVjLQIB8P2A1AGx3cTL84mx3cLgX3SSs'),('01620c453c5455197eb4395ef29838ac',1331635652,NULL,'pIClYcVkJyO_afL-Vg0UELrfX7SyaMIiMlW92GRy9lx4lAYDnErVi-tcIg9MGNFclY0gmYg9jwku1RBx2gUQEmSyTQZVjAzH1f2Nolt5Q0q74zFSmffjphX30_w2yHMMt19kV1nTlYOBvUjYNKIH4mxJDrEXXiAfK6SUrCFXigc.'),('13a7394306eafe8de6b3adf187a05e4a',1331637283,NULL,'AdHnSklfcflsO4sp9X5WjQ87hZlV8llzrD9xXXDVcqdgwvpi7cu1SUxV02fkeiXrVPVZFHy8CqDd9V_fP2j0_63s8x4ljoVqyPK0c7yfx9VO2I_8GQ0ijU6H9k3IlX1kdESVux5_DtFE2NfNN1gWS2KcPgt2Mzg9uafeZgq_Qm8WWU_eOInXj63MiMm7PYGxkqQf2iiAEUr1p_ubnNDzmA..'),('f7d858acd94d736128007466c0f8002e',1331637399,NULL,'uKF26lcCTYB-NV1uOUmCItpkENFsTfuz4RqPsbAeBG8O71QAiT5NdNO6tef7DZmuEt6t7O0UZYWjci5MBBTDm0hLE5Dq2lQ7HSeSwEjCtRMsWm3b4YOF7HF9m-o-rXAUFYmWLFtXV56QMs-nL7_QPg..'),('a4233d13e666cc398523dcc18d8e3014',1331640663,NULL,'leDOsBO_HGuOr8X44yz-0RZl0HoOJh5VzoPkjHUpda55TtIgGvUHH5h0Bksjux6ZEYROuuuDUEsXZctSu46HOpFbbk8D5deYKKCl2JS5jA52QdtJhkaxX4Snq3a75sfkNVvn4SQcCCagDFHmV5jXobrSwAgnxsb-H3ZsBYpoAFw7_lS4M_kxJwGJML5SoVT0'),('081e70e9a0b0cb372d8664c5d4331c89',1331641133,NULL,'MjCBJbESnUEMdgpScl1uMLeljfGWc3l3MWPscDLoWy13i2J9-oY2-Ijn2Yh87MrKSjVqKCD1Ir3b9llvzhQ0VUvC1N2E_n7lDtOAme9sZSuehtQslo7RDMpVykyfLoJmkae8q0GJTcwVRTPMZu5WV5DqhmN8F7IffEvmm_5Rrlm9Qzd5v_5Qv3YPGFjfm0QX'),('a63d6b9c1f6b9d20ee8acd26c3c34543',1331644605,NULL,'5boN23DKgPbLH8F0aIz_J6I3vleVS37EJMtvSKeteyQFW9ywJcaQ4Cfi2EAn5GVeltarEbUaHD2-FCVIzCkq7LL_3Zp9R-XEWEyWVyvoidiGjmbuOarb88yVn0loMTmSrxSbn-A2V-R8_e3eW0u7S2a1pL7OkRv5w6_b99KEqShBWuP6mDVDPp-KKuozQYie'),('e8c3831fb8813f8d1b45ee95e662f0b2',1331651739,NULL,'tz_GI6HqQqldZAyocWKSSbmMZcaLyd2jo71s3jrIp0b9BI0HbekxiKoabn84_tbXjFzSWH8D8q1LLcPiuU1mU-h4Y63OhNQZiZC9i5A3eT1d-elEbO2FOInQ5WvqgeME95roz0xSQexQPyl_E3bVjw..'),('f9ab6d61d31bde5ed1caa42df6c3989a',1331653098,NULL,'9Yu8uNtTrPTFdF2U563SU5_2TK2MzdDI8urKbaiLYdOI5Lx4YPo2jMfQtizs29MiXeifWp7ZUh6nUeBppFsFKH1LYYD6NoGJsjmBeMeCcw3w0E1qv0fkk51Ww4bD3CoaBDuacgS46ob3fg6sd_45EQ..'),('e7ac8b545aa859a9006048354bea9ddd',1331653330,NULL,'BS7Gm92Mc_370GNQhJiGfVMbGxSsf1zoDKjQqCnUGiehMPTFEEWmDK2I_jlKNYdjYsaFRLoSOWDNnUQt4KehEN_guEETszicL68IkN3MqIjj-MltK6LQwt0s-saGeK3_mNP6BUoc7q9Uc8s7oE6x_QJJidFebbYTDJLxCZBtaoA.'),('798a0325d8bec5787a8e34a0669e9555',1331658966,NULL,'B8Rl-Fzy7_G2UTmNAeJ07WiN5h_rDefohQnE6F62vPIzQUrb8PfFhX-E3Dx-fq8gzHMwziffPFljyP6Ps2K8s5vEQp7fuGbwDhhCJdhKHgSiUTQpONFS1AtPsc27JLq1LvtEGKNXtuFyM9kAWRPGYw..'),('00f0ebb820b1e322106a2b184e24b837',1331660472,NULL,'JUrsfl0CxYUYtISNcJGfsIjKF71-2yRW8ZUhSQ60fHkmK0mEAe3JGTzmnrPKGMF_OGbC0NKhwpX9KZLtrWHoRQWzAzvey353Um7YSkTizRz9V5TwqLVFPZVF-8ES_rna6Tie0cgxbS9DGI59PosNzWzGUoA4mg5MJxhYo8JGqd2KKB7PmimNIjTr-OfNSKbfonm2FEv_Sb9SuYSEgqgFvoeeW99j2pEF2eysbu7p8Ig.'),('2b8009b8e02d8100bb3e3690a743d25c',1331661597,NULL,'LUE-9PW0udApWriZ6asjkqhPWkZqh2G8wZIJ0xk7TPBQnCcU3_-Cm_bGpvIlrmYdxXH1eZ94jAI6FfH1wODByTE1N31kvkDEUIGavKZc5iJjq51-rjDfl2QSyn2ZzaRz1fKa66ICh4j3_dUvHxl2j4EIgJusQyeijXjG7nArKsM.'),('a1c978a555c12200cf0ba5b9afb8b324',1331666173,NULL,'VTcSihnTCl4sy3LU9BCdCfpu4oZgZIlqrMtMAgVGxeE23CLb2Te8Wndky844DWtWmNfT4YLyTvajnCT_t4Uov8k_A3hhxQQSRkz6D5MS-cP93JbXbcHfUn_S00Nxlm9Vbiry9zhExl85jd6JDjtDlw..'),('92e90bcc503dda567f27df04d433598f',1331670222,NULL,'T3ZMWPHsPzNlvGhQ3KhBhl8pnaudZ2T3iFnzx_TUxq1qXiZGfCmBLyE76eNxpNrRTGtdZ7YobFnBezjmqgTVaz3AJcLM1oZYgJKFJ3J110qHEdehcHJJXytJAhG3yeUO1Od8l_SX8Q_JPKPGyZIRBEdIsengK-AblYXvg7F0pmc.'),('250937276e78380615cf2dfe7d179424',1331673199,NULL,'ZHevvt6bN2I4CGyUwU_b3sfOrI470yHRU19BUl_T5bjvAvK23_m947Wlp5R7bRVAn-c8kTIs5Gi68SJ3o9Bn1yfgYxBKd3os-nWMf_tQmCWWTDcfvejpElhYlnfM1AzK15DiwC3dV40n2ZEO9DNvIR3ud-6DA8rM88IP8ZB66sM.'),('7cb82a1f0f68205fca41c05e107be6cc',1331673401,NULL,'N8-pM8lsBdkU4hw9x52HmUzGEtAswsSf4otf8BJca7vYxrZqrtFPG46Su17ltp8goLsKY1evFcyISJo861fk8x6FvYLMkV4hzQg2J5IQCZ7CcVwxjAnQusjPHjZ_OqQSkmU2QKp8Ck8l3lVu4tOzQA..'),('ae82dc261cd01737568bdf42022dec33',1331680568,NULL,'WzgXvucJMguVxdslHioqSsgcJdzIgpGD2hiUcb4Y1nMIUFRy_Q5ZCnzI84O4gRvz886OtLV95SCn7fVrc8sNmmNhqaOk5FZk-31xiU8rCivv1H3bPrN9W3f41zXw4xgH8aQoi9Goap01p1F-rfKgDg..'),('86de08d9cac0c08f4285f599f340df75',1331686678,NULL,'mRmOSJPJ6CuEZNjE_LSNPqjaBqYrzQ9H8474irscXhgWc4QHkMhjXzkqPOSnasA-4Z6sP-SI0RssF4IfBY6FdYd7i2g5LOIPTVjNji_-03p9HshCWI-BOEETPmZRc-9ViyZ85mSwPMJIlMusmet8UdJCFy0cBYUdLm37f6rPQ-g.'),('79411eb63921f5f0f6f16b6f58752acc',1331687444,NULL,'mM48sjIZ2C7XtqnLyBamQTl34LJ2WaU3UGVLsvH2EuZaRkL9aGzXEwEhb7RqqSW50ctan15j4jLss5KqRFCbAiphu9jy1GltGma8CsrA8RdHUgJ_i5_ATnAazHkQS5AkICdrAsMsH2ZniqgYq01pMLm8Dm_tCTsH5gJ3eWnO4C0.'),('91d9d6bf9435958d3686ba0ffc2e7950',1331687796,NULL,'2-AN6dhthNYVay-ASTpnH5dbiDslX1IF443I7Ji6shsqplzY6vVyxlgHQLA_61FV_uO3LhDqTnzzH9hEWN1qlWwJto22O91qU21wJB2wKgzjMlHSYtzcP4BYHmrIq_ZvHiHjpc4UA8_SP5q6rtXJoA..'),('6f64fb0271bbd86d6aa935f4f6f90ef7',1331689176,NULL,'ghvw1q2z-UGydBvdV1oXi6vniTi4DlE33unaCjd4M2L-kggUkNtI8qVymNErs9vORqEK89hFfamgcfo03MHhoAzjZ_PA7vzO6rtPPvMcyVl5qmfKke0Hwvn0lyKpoeKbmur7h0XKjx4DTqJC_-qGdFzjv3Xqtacenm34wc4mw2njq9w06Q4YsJQmJKu6vM9t'),('e3b7cf46d7327efe40af9609c778bcc6',1331691096,NULL,'OBKLh54GTaqq0_Wxo-pkQoxxPMwU-Zj7-SZKyJ7Y6IuLbac6BanDqg2SPyDvLGnqLWGGvjEpiqasB1nkGeFK3QZQBDU96DhCkXjXOqJD7FEUOM7J-EUk3cAnoWCJfZLNa2vw6bObkT2yP_dRE3OTdAmv8OSuj3wJFiaJeGh2gI_8bqjsQwewaokFu245qAsh'),('aa3e8a105bc86bd14085a821e12c7ae7',1331695016,NULL,'d_4oa2KV9WIrQy0I48x3lkOcr_ML6eTcJst-a-ok7kq1Md_zQVEW_qyU53geWtHQ0n1hs_XX7pzz_e5XD1_KPhspM2tRRtIoVCGGSuNMp1S2RBH-s7S1x1o2VKn4RmvQOZ4hHnNzwZ2KH6ze9vvtKA..'),('ca99cccc7c6eb2f5add3a6abe7ccf39c',1331697737,NULL,'WEdC0TjiJC4UwzVSE73M9qoalCisJvj-BMfOR84KqUhD0GxtGC9SHTdT7VzBVzsmWefPtuVeQg0DXgsvquwdaWUrAooe6S7sUhdTQW9hfwwZm6vknZb3tYUf2-oVWl8Bq0RGhXXtHtNwraRVMBcKI_CN_YcyuOGPXRR0Kpnw9ySrk0LFwmZchFf3WhQSgIa5'),('da05f5011549ace6277861085ec222c6',1331697969,NULL,'gklaC7rOZ_foi2z4ufu3eHc_ghkKi_yy9rwgr2Xjm9ahf_JqW4wc2DqK-WBeezpDPnCHh3KKRqOooXZPrEP5vXbfdZnM377jGrz7GsSkvItvpO3lHMRANJz7i3S6YcTKxamUTdbTkKutGdMn6BHZOWUzDKlNBXuatMSQx7wBsQzDvnnQ1ps8nmC48bxHG4VB'),('ce5fd788e85d80c98fc0564aff80ce53',1331702171,NULL,'Dh_q9Q7Hqa-iEkH-clVk5erv95L0PC2UPEPcq91KkAfs62eBVh-tljtFAn5lWZaHv-r8zPvu8kpyDh1PO8SftiIgOlZaSPoLSV8ok3Oq4uvIziAHVTZC3sX2dvqjxXQr2AYnxgs4hH4_4pEXgM70Hg..'),('d6ca9a9ea567973d1c4d42086e72b34d',1331704821,NULL,'OoRXt1Zk5jsQvd0npdY4RXdRT4R3eubI-1fNvUjTwZvzQytMEnDmcHbGE_6NOGiINnmCf6CSGIidr1HXRWaRXbCzUPkuw7wTHBk9vw7NWaoDAG3RHn6WLoKLe_xySz28Wmt78Ui5rA9I-xJ7EBEuKHXPJSD0AE6Ghg4vFtDOF5Ftd3CWzXueKrvU8ox7GTW3'),('165c9e4d874e179fdb1585cb3bd3754c',1331704826,NULL,'8z6u9eFLYLkMIx_6wjJZmBOwnD_rI0XotjaxX4S2zkMjpCUAHbkLCdoUrwNh8BcWedZ5X9CH8SRU_T2HpoHNzw3aDrfwhLW-I7sa0Z5hlQACV58F0JH7O-U7FEoajGlEATo4s0wXuPSL0SRXOI2PxtZs3nWrVOODIVLostIenlyAjN0ejnAUODnhyP_Gl2FK'),('642a219053663289958ffbef17265538',1331704856,NULL,'8z6u9eFLYLkMIx_6wjJZmBOwnD_rI0XotjaxX4S2zkMjpCUAHbkLCdoUrwNh8BcWedZ5X9CH8SRU_T2HpoHNzw3aDrfwhLW-I7sa0Z5hlQACV58F0JH7O-U7FEoajGlEATo4s0wXuPSL0SRXOI2PxtZs3nWrVOODIVLostIenlyAjN0ejnAUODnhyP_Gl2FK'),('5aff90770b065bfb8f9befd954a96e40',1331704860,NULL,'sV_MUlVqfVYHplUsXt7qY_6gBoAJ5OEw9seN6G8qu7XwDEIXDIHSFb0eU3X9xR0Lvkoow1v3ZK_I_0kDCfspNU2uN0o2gxwmw08ucCqazT6SShoTjpO2NcMq5YXq1vOU4OL9Icit1qkrAf99QGlRmd8i0K2KtmmqmvfmWK5RIhKb39u-vnRUOajhYVCrID98'),('2e98485e7cd1a6ab50d5dbd39845a4d5',1331704862,NULL,'M8VBLsNZkhcOyRj7136ajDnCxFhUDNOV9PEdGYUcuGNjmfxAqRgH6-92-wFW2PrMA7m5iHa0jZZaepKBd_PV1eHFmE1gyPMUHh-_7iT7TclKeT4pupYTqliqBk9mQjjnxFfbBk1D1MxPH6XJPnYHUWX2LVpwZmaics6fATfDsSMV-NRVJvXQ11vS4JQ_z70I'),('8092e6398d82b222788ee408ea9506c2',1331704870,NULL,'iOC6m8amhmP13zlnWkwFVRQIYTNtuYTXc2TZ4e1KgAQlsbD1V4BMCU954MPJG4_yyh14ESqAZrciIVQoAVQuipgI6cZihcgH-ZiMs8WScNcSJQ5r8LZCYc-XGpu1vuQO4TttwmlJlVmwl-eaCPwTxX9RsUgz5K4LO96_3-RN0VmIWXH1CaYqZ8mQdcfZxpVd'),('2db05cf6e87d67d78bce738a6337edd1',1331704879,NULL,'KQEmCAy9cVr_wYH1v88MI5csbo1FBMjGTPr3aYlkO8al60DRQ_S2avej68DGy0uTpRKf-BVXdhk-rQaFHLEwa0dMv5uoCqXnVjxj1eoCRKgjCIXSuZ5s6ilhVTQqbRyJyRKTV4WG1_55MhUqTx63xky1EB8NnDnqxCc0zxkVXv2wJNDvu9pv8W-oHnHZsFSr'),('d999b1bd862aef4f72aee114796f22f9',1331704904,NULL,'sV_MUlVqfVYHplUsXt7qY_6gBoAJ5OEw9seN6G8qu7XwDEIXDIHSFb0eU3X9xR0Lvkoow1v3ZK_I_0kDCfspNU2uN0o2gxwmw08ucCqazT6SShoTjpO2NcMq5YXq1vOU4OL9Icit1qkrAf99QGlRmd8i0K2KtmmqmvfmWK5RIhKb39u-vnRUOajhYVCrID98'),('f6dce53b0986f0b9b0ea9babcfb9fb91',1331704905,NULL,'D_x7iRtyyX0YyvDsh34reTFBGiaSsW4xOIQ7VDPIrCMU5Hq3VDSi0sNuDTuoMZKHzjmRk3owPseOCUD9nwXXMEgMdKnJbnawQAvsiVpqnvKhCvqwtPUrg8hun3Se3FgEa7C7LuCA3LRNfkix23c22wo1lq6diJG73KY7QcCfBekDk4l-HdbFp5-rWuLZ2Qgn'),('567c88d8ef07a209626655a1e50f078b',1331704919,NULL,'8z6u9eFLYLkMIx_6wjJZmBOwnD_rI0XotjaxX4S2zkMjpCUAHbkLCdoUrwNh8BcWedZ5X9CH8SRU_T2HpoHNzw3aDrfwhLW-I7sa0Z5hlQACV58F0JH7O-U7FEoajGlEATo4s0wXuPSL0SRXOI2PxtZs3nWrVOODIVLostIenlyAjN0ejnAUODnhyP_Gl2FK'),('acc3931569a507cb40ae8ab091568e94',1331704922,NULL,'SiEfKkihJ0AsZOEqn5g8NT754k2PDSeeStsjggz0nBovBpmes_xyjbOXHJCiLpTOsIebsPQU35S_MFA30AS3_HMJDvHUqds3vuKmCQp7MslUWfcZldyJVnHBkli6GhR1EYCVyHLk3Gxo0sozR4IEtDTM9yfetZbcvVg8W5RprCoYp0qJOFQtchaeLR6dXEII'),('a64f0ebfa2c7546504cc79bc3ff192b4',1331704926,NULL,'l-ouWaG4GAK0qhj8_S_qw1wchyGJYWENUlOYROsOFI5oWLcmerXVw_UO_2C51Dbin1xhet40Rm0kLJ9fh8c6QpBzU1GiC_fLi7ml6nsfO7utC6Mk9pRb7vuIlRduhzt1uxGORzSOOD1-mCZitOJfdYSaR1tEwhGsy1-YIYgaa9hHyOrpymiIOYCmK2HlPF5y'),('0b0a901d5e93b1e458c9ea29ca633deb',1331704932,NULL,'M8VBLsNZkhcOyRj7136ajDnCxFhUDNOV9PEdGYUcuGNjmfxAqRgH6-92-wFW2PrMA7m5iHa0jZZaepKBd_PV1eHFmE1gyPMUHh-_7iT7TclKeT4pupYTqliqBk9mQjjnxFfbBk1D1MxPH6XJPnYHUWX2LVpwZmaics6fATfDsSMV-NRVJvXQ11vS4JQ_z70I'),('706074ccf1bde21492461873ce1e82c4',1331704943,NULL,'4ssLlfu4LyTHALQw25oFvhcgKnbasdQrsn7O2AH6VzFkh_Z44aERgAw4oO4Eg_AOgdqORrpqC1LlD0HJx-lF6PNeQmOUPlQCwWnB8iFZXmGSCakirvMTuIaanEKa_rPjWb6ei_xDaN7jtPNL0a244h8fXsPrGPGtyIJQ0NPuYPq7sUUn_yPUeRpl1EkXTU2O'),('32f1570dd457bbe44ba27ba91ede8d8a',1331704945,NULL,'v2IlTuMvv5avRCIJhfkLvrOl-chjDBWXYJZOjWdbnbqFcLNZqbfnG6eJKY5y_fdQ20oDThM95Si0LUN_tfYqrx1Ib2Hi17hMQ04DaGS0Aw90QNVqfllig6RFiOMlYrGZ4J5nwjMWxVR15q1eVTHSwdHe1TCxF6x24-7yka0luK4tijcXMqP1lDID4DP3x3nn'),('db0660844703c4a807410c6d1b29f918',1331704952,NULL,'jZFMY4UpJLjyC8fbGjmw4UdBBHPOT6TNkRAI_z1hAeYOuO5pFWxzN2TydjSV6yjl8dwbmlD2gmf5ZKYUaFH_0GF0OkiZPnOVtV_T34tP1dy1GKrz52bDdumNZATz0Eteaf7U9Z0uSknj1sfPwwzyv5ZOyYV1sIcut7lmV7fbojXfaQ0brV9H9cZPGGEZnKSi'),('8131df3ead246b0abb2599e3c257b47f',1331705008,NULL,'9STp3FHA1IRWDpITLisnbJ3Bx2xf2EAc1UMQOq9k5hlUCIFTNevzAZFIpRu39jqbJMnACeaKdnLOHvDJd01YR37ldH_jjWcZDt1nfzescbvZoYnE0rptVWiSt2vkURnR1NIVnk0Pr8J1a0SxkElgIC4XIHnn1SqoEV0yssKn1x9xVZNuD7p7FrVWPtHevofU'),('38a5a1ddeb50d19a2f9fec1632caa7c1',1331705052,NULL,'8z6u9eFLYLkMIx_6wjJZmBOwnD_rI0XotjaxX4S2zkMjpCUAHbkLCdoUrwNh8BcWedZ5X9CH8SRU_T2HpoHNzw3aDrfwhLW-I7sa0Z5hlQACV58F0JH7O-U7FEoajGlEATo4s0wXuPSL0SRXOI2PxtZs3nWrVOODIVLostIenlyAjN0ejnAUODnhyP_Gl2FK'),('8a8728af834dfdefbfc9d38f33c24922',1331705054,NULL,'O2boi-B8Yqh1_MfdaoNT6alZmv3wko82FruBABsEngRROHNiz_2OOx2MdqjNfDraWlq8I71ThRTHORsnyzzeoT5CNqxxMUjwbzZVrYtVRbHzFJK7sba7zmbUbMCHp3sS0FydmUQEY-unxgBHFwMdKFMyi0cn2i7PnebklBEO36fj2dFFqhGnFOKY_1kF3vOI'),('b61c099a06c2cbd928c856502e1b996d',1331705058,NULL,'vyFM7skE_Z7jHXrMOVbGdjVPuUtVmIt4QKDbLtVLpisb8OyjEUCqOuXzDZ3zhDVaI_tgFqCUk_hAnV61eLlYR5DdEnUtbBQc51TFKq7pq1DUmrzIhuzI9rDZ9aZOIuWAnnFunNeUU-wMAX8uiTkElvpgtAQz6ry8PqzHLxpqsFjma3fQdq5pt7qddeIEYOj4'),('816c5609c45ee994713a93be28fb9b5a',1331705095,NULL,'LuW2IkAzKqCygEG3HhEBlmM_-nqv_Ncs39TjtgzsJ7Dt0nKRg-iZfkk6AAV74wYcdsUYPT2kU3WrTEqQIkjTUJDMWrjSKA1uoq8Bd8R5VI14N9KiNH0H1CBPc5SHtz4YTjJioflfrsVSbO_W5lHhHg..'),('2dccfd4e523ab29bb7c2523f3be258ab',1331706435,NULL,'yeLNCHw9CnroB5Jz6RiPvNZNn4PIwZAd20gSl7DCebaej2n0fvZLfRiwWgLzPqxGE7IjBWHRZ4QeyL9e8lKdqE5K2_VjMx1h3R25sGF6sZ89NxaWX1Ann-TI4bm5zl845JZyNnyNHHb9Xc61S4Or-8Kek6J1SxLkndqr3wgYJ0R4O4FUuTe0JQ3qCg6_2P0pRq7V-22eP8gERDlXszzXmg..'),('a2fc66365bc26d65fafe8b729f953a0a',1331709377,NULL,'6R7iYNh23uvaRAo6fjfWXh6TiV0NDaub-lguIKJI3ZDhd8PhDkFYB8zoVNcNvO6QRPBUgbjeSGJ7jSa3CHJKSQUIa6-WNsEbQmA7fO-b6zD1fNmpj-k4-wHEdfrmjRFPnUruXw5YzYHVl81TdCJErw..'),('866e9eb0e5b752e15ca3585bb7e81947',1331712689,NULL,'_suPpyvQqowADPdtYSLQzAJy9VleP0CnEzRwc_n706iG8OzwmE6noptVEFa-r4PiMF_9Nyytrcet1UZp7H-yaScCuzvEYXrPgfFwWh67T2GCyYwr2FIldKD18oyKggDP0IYuQdrYTfLoqveQfxgQRiWD_BMydsDPsFnFmCxeEaI.'),('07e81c6f325ca914dffb2c930c052cfb',1331712689,NULL,'_suPpyvQqowADPdtYSLQzAJy9VleP0CnEzRwc_n706iG8OzwmE6noptVEFa-r4PiMF_9Nyytrcet1UZp7H-yaScCuzvEYXrPgfFwWh67T2GCyYwr2FIldKD18oyKggDP0IYuQdrYTfLoqveQfxgQRiWD_BMydsDPsFnFmCxeEaI.'),('6bb2475bb3b513ae5a3247282d0372d7',1331712690,NULL,'_suPpyvQqowADPdtYSLQzAJy9VleP0CnEzRwc_n706iG8OzwmE6noptVEFa-r4PiMF_9Nyytrcet1UZp7H-yaScCuzvEYXrPgfFwWh67T2GCyYwr2FIldKD18oyKggDP0IYuQdrYTfLoqveQfxgQRiWD_BMydsDPsFnFmCxeEaI.'),('f781f6c3003df46d19696ed75088c775',1331712690,NULL,'_suPpyvQqowADPdtYSLQzAJy9VleP0CnEzRwc_n706iG8OzwmE6noptVEFa-r4PiMF_9Nyytrcet1UZp7H-yaScCuzvEYXrPgfFwWh67T2GCyYwr2FIldKD18oyKggDP0IYuQdrYTfLoqveQfxgQRiWD_BMydsDPsFnFmCxeEaI.'),('e664c3441b38d1fef496bb295ec1c402',1331716604,NULL,'thbV-bwRMe63asWTo3sVagJDoppXpwYFWt9STJYbE5S35VUPbEUcwJUNaLl0eM67ksiO6I4JgZoZReZFaVv_5pf4FJgu6I1IUWVfe0CUN4WwQpOZkUpV4MsjnVFJs1GqsDxoaUtv8E_oSlOtbJWc1A..'),('3764186a0b411a7cdd4d1cdef6348fc3',1331714944,NULL,'N0NOv32u51JIwvmUERIaPMjm1MvqcpaOTswdvgDIWJQQGxqxNfOseOwPsEWLax83VSoNxLmYBVGFxMLkzWW4fF4ymwTOq7aD6RUn0mf6fNVh4nVWsk1oiOsxX23nBq1yaYmQhKqmTHfb5326tFYLs4Ic4jNZ69ZVDA0vBHJPbGh4niH7H-osNl3-dQfpj-gs'),('17b5ddec23d49ab179c98aa54920bdc0',1331716986,NULL,'osyP1oUwADCLWLycBSQPPZwIMztzU581sk53wb59blqW9bARe0MulusNLg1dnCC0WuajEXlCkLMFyiUwPbLoA-NkEgwSUupt-jxGFfdZXwiA9igb0BW-A5L60S8PcDKld6K5RIqs4AwRt3zOEcVH3o5UZYl8sfgM9E4TcYnuDuc.'),('f6711f964570abc20cfd804c5eb43ca9',1331717037,NULL,'pa_SKQ5olJJ0aFr-mKCOS_mteI8qk5nmrfqSuw-Qch4qk4_muFpNkIT1VKxXQbOHB2sVp9KqIF_3agPUOpUKaSeT89Enb24thLadj7La6QAHuYJMw5nLI8vlFYtWhS5fvtsXTtOe4Plr6tPEn1CKN2YiVwISBRua6nYrZS59F8ap7NThxUfCS9KEwh9CoR_gAK6xnUsYXkFDJ6POSOdsgcieAofItFKcx8vItLNdmoQ.'),('e0632bfe8a200c941a206ff5e84c40e5',1331718648,NULL,'J8KsuHGZBgqN2i5BL982uCi2lHWBMurUwucPEQPXEx_rrShMFQX708UtbB7TIpIEzDBNDjt9WY2nzpCjVJrH5e_k45XJxZVpo7X2vZc0C2pDibMOpETad4xu_uBtul31JTXX1h4XpxDz-qPkrQlEFsgrlvQkKXNho_dJt-Sd1gk.'),('af601bf4e9e5606c6c60a04a80595845',1331723775,NULL,'ZNn-vLVunQcEJ0e98L_rwX6OkzrfU1rYtuhbDivo575Fq9tApVGtbS3_n-18oA-ba-RIE2gSTIRYTcW_afTjEsK8sqjde10s-0T8xBLVBJYtyw2pPRJ1VoRfuqvSB4oZtx95dspHcZGA3sFkDW0cCg..'),('74c9727fc3f57b872c67e9b85250fe2e',1331724100,NULL,'pa_SKQ5olJJ0aFr-mKCOS_mteI8qk5nmrfqSuw-Qch4qk4_muFpNkIT1VKxXQbOHB2sVp9KqIF_3agPUOpUKaSeT89Enb24thLadj7La6QAHuYJMw5nLI8vlFYtWhS5fvtsXTtOe4Plr6tPEn1CKN2YiVwISBRua6nYrZS59F8ap7NThxUfCS9KEwh9CoR_gAK6xnUsYXkFDJ6POSOdsgcieAofItFKcx8vItLNdmoQ.'),('bea96f5ea92ef499a359eae71575caf1',1331730967,NULL,'6EguTyNgl1cqMA_hu-qDOA_3XU42x1J4C8fajiz9qgFRf7cL5UGlviwqaWJdXoxzX62PLV_AD5OEPpjBoDHS7d7IoXAKRD71nhy8XqavAhyZv9A3oA6o5sMrgFha7A8wkeh25Jq88OB-nYgXbPWFHA..'),('6b5161ca323cec91f9f92c4f7f670c76',1331732157,NULL,'SsvOfomxgwf9FckO-eBDTKaDT1lxBgTj6Jo7kVZTz2arQeuLDk52VLn0D0KTgxMN-ZTC8XJWOqxno4oPWVtXWauIOsnKE1iwvOycIU65dSoVlhKmkNU90a-Bs4cu_cXjR6UKR2OR6eyjjGk3T436AKchcWLc68j4_1C_z_5AC9jM8Xkqy0WobeKJKdmKYZQz'),('d693b2c9150f2323c3d38f881920214f',1331734967,NULL,'Sd98thXPokW8GUpsyJunRipJ1DxAd_TGK4Q6UT26pF7q9mCBWKMwHt-eSQB7KZZqrm-BWgHBQ2nWpD0OvvmVMTJQKf9Ly2IxRPSqSU9NFB7PQd9uqpePNne3wuJ5Te2-O7Ne4JpK0LQB2sLIkDWrIUdKHE2m9LK2sKLbBh8ce7E.'),('d52da339a5d31f816c249bb3a51dcdad',1331737666,NULL,'zVVREm8WTCpwlJlwpJv0ltHGUO7vkhJ6btQQWbkN1kcwomLhAVGHxONHwIpSubHkCNu4upUGuZElrEePtSrJpOtSsM7N41lqr51OrsCUZz-Nh7f0y7M9B1YAGJClYFu74YMqVaDMaDRg8Yk9QZ5ATg..'),('10e98644e92b412c512360b6677f70d5',1331737946,NULL,'FxBOvl6oCDNmAb8xIOOVZFHOS47DtvMdWchcU1lroQgyg6hsRQJjQY0SoaBcNM3_6PJK02koqmT2a6Zg62zvfHYIf2XugDVPTyimcOWMpyB8aW5nS68Kx1GidiQ7G22oj31wttPZgfes78GnVi23bBRYw0hd8ra38ZCutd1zh27pix-eEl2Q7nwN6dCnaYqq07vjej4vA_d0rRr2y0vCWgNoe9ZtSiMDiNyLrw-075THgB0wkpES6SvrJksdCEr1LUeUZl1XQ-nX5QtYAujw2lyg5dTZxmj0yqoik2r5HV-F4MHf1jdzloDlyilfe642gUWSaGoIeJjdI_x5DAUaaHFUwCrRBYwy71rpTxjgGiw.'),('94603ccf36bfa410762f4101a4a776ca',1331738131,NULL,'zPFARjDeOy28j3uKXS85hlYVLkZxlTIIDAwa4Neto4OPirOiA2QLQkVM9_M8SqOqubRs7t7chdoVDWTwwec61KhimzouMi9-J2wldRqwP_78SsYPLtXVrwMG51Oj_iQKwvHpi_qpcOOnhOyrN6v6lQ..'),('64599a8f6fb214a1bb61145b435edda1',1331742704,NULL,'nYnTw3o1CHmKCuJrcQeUXri72n9veht2PTjzwcQDUXqJyMhSe5iN3XhY2F0JFfiVNiVPFtr35rCWcCmf6M407NGqiCFx_dapvtGefCn0QrpLOOseSojI3nMSwvD5WkWgYEQJegj1BXvxXBMcl1bRYY5kXl6K5GHKBIifTF__jjQ.'),('e21cd6f34be131e786f9183dcaaf91a8',1331745365,NULL,'mAZew7gehPl1zrIqW7P-1i8OgMRVfsk7nBkT_K-iG9TP2t8WX2_hoBlyMeAJPv9pGXgTc3H6rmvO71TBm9vX8h3bSTt--byRMJQcQKA2APSVMmtXD8bF-tFWuoR45_o6f3d-d8tv-aJrI2S70KRuPQ..'),('6d738d86f5bf66fd06a5503482276d5b',1331748203,NULL,'Y9qbDXg5ZOD_zFbtkgV7AFNDr2EAGYCLIbMOVJn3r8ElwymM4gwYYMv1iYzDWypBSERrJl8icLh_eUjNgdWUj_W2gqBHqS9Y0DhveOuO_JbaKqSyCJJEFkUGBgvIuUBs26oom652J-jlWWTuhRtl-1wzqnaxJu4PfcPji4Ih99g.'),('1bbbaec05539f29764d59d44d857dfe8',1331748409,NULL,'RYqASQMNmKJSYvX7ZK-56zWScIVDz_FCUOTLPXKI0edtR0PUXtwkZjP7E6IveSvDRIjrMNBb9om7A1L0bieJE7oA6Beut8o02BGIvtSH0IY_wABIPEvspGmey3C3VBZFUfYo2ECN4uWRmlJCUnLrTw..'),('f31707fd6986b2be0ff88dbf60b6cc62',1331752540,NULL,'uDsUmymb9m3pBQ-P2OO8JJJSGAVxix1vGgja6MBlgJv3V-GV4IW85sGe2GNDHDnugOvv4YhHMDzpil0-4rUoJrjpJcshhhd51j5onLhjEwnGI4PM-_GbfZRLFAo_E0DQpR8p2Oj5kRyql09goxYBlA..'),('bb2e9aafae3dbcf516b073ae0ed3f6e9',1331753418,NULL,'LSW_IDrnOon71ud7u5nMIyN21DWok9m0dkBA_tCoPle-MT9ab-vnH4NI1oh4qcWlLdtfgfPRX2lvY0PGUnerQnRu6Fy2ZSteT4igRXZG5hsa4N2mvUtY5dRJbQpxK8HU2UGcfoD08OGVA2mxWf1cX6QjvZPLpBEOxJ8aKP1L4C8.'),('3ccd42145bf4255ad33328d9eab9a87b',1331759084,NULL,'XlLj_2FVSwvFG9-W1V2_o3VpRXvdtzFZ-wZDDgiLNGfaXm1LEqxmkn0881bJ6zf4IQ-38zceSWOTkPJAqnbTsO4rvKc8q3EOV0qyqrc45atkHzJCacFG8GNnVNQj4KRmQmF4D7XWdaJyIAHRI5XabvUQ_GzF4LJOXEtRfPeGp_E.'),('9a2b998da13cc64a2880feda4437419e',1331759734,NULL,'VZR8_5ImYkT12DY1DvpeGkLlH_DCFBqJSySyCI4hGJM33vfNUfgjlQbjMg8duypYpTyAGyebzLHDDDnt6ljaVgdGy-3-oeQOeS76qLfITF05yyFEX9fXWTXiPrItN22Tnm5e3Lv1ZgDEsS5PNUP1ug..'),('be11e8e4edef44274057705f9f04a93f',1331760206,NULL,'miL9_H4fCTd75lYorZhioYNLTzGK1ROkJYQkNmNN9LYg-LVwglQflTmMGAIPBwyqXoED0gMGjRT_ShwjVugohAblJTf8mtxK4vAIxyGWxOwUsja9ckBVQaK6NBh3krr4NkrRYkJsgrowAAnCZlzklmz2zSJbMZ1q7P03t4qhfDY.'),('c38a64a5c3de0bffd7157eb36aa9aff6',1331762269,NULL,'gR4b4FqQghnRVeMaBmCpc0keO7zOL87UtK6vwyT00OL2M3bveXisjid3T_o7c3Zw2JGKPBTDy3Z0dCzxjO7wEqIEJOCQ69reWz3TCHPBlWR7Pf6jtnhfTJjcGB4Cy0iURCf5VV9vMyLaUHk7jAcXJOUdZGFpYxZ8T8Pb-XAm7lk.'),('2ceb78d7f83cb022e3a9a9857ffcc03a',1331764313,NULL,'b2-eL2iPpF2en569MEIZuN0nowNiw2UjLq78SkwKxkx2hexZr4wgD7o3HwHTfA5K_XDZ3vkMRmpy_7nLE3EwrvUjLiZj9qyx1W189k51Pc6H7c0GhCoyCWeDyZEkhcc05HZzgcGZk2aZHW2FPftZ3GAoRsTRU79fKbLaSTbdZqI.'),('2972217ad98591ed998ee95520800881',1331766933,NULL,'KFqi8G4FI8Uscm1220gf_dzepvzCfVS-UZ1dHMjFJdztDsdjnwcwDeIIKE9jY6ZGXh0Kh9aUzQQ4gJNuNWTPB0TI2AgtuEUsIyUh8XZ2kOAjQRb3vJroG1-lSoc1ixMO6n9Ys4LPKRSoRDaBE01pzQ..'),('92c1e64e4e04e75ec94fc78fc7a00b06',1331766937,NULL,'cmOY1SHJdUdVTlGx0K5cNyNpqXKAtjTwvHFL0CKgMbaOv2LsMRxh3iBp-w6hgH7_E2lfCpIwVPVmIWWDY86Qzx3khG_LhDxPM_437Z3JfrCJTIF7WMYxIjCm_Sivqkk2bU5PViwETkTc0IwOSiDkEHp0Fb8frU1o_wLAGyRDVkg.'),('dcc1d324341ac384c72229ecf3579ba6',1331769734,NULL,'sakzhLAjJLQ2ULbY-Hg90xyc6KCv1nz5Pp0orKvX0bryz_sbh-c2E2k4RQZvs-RfuW4tpw2so_XnXnB_nd5Q_sEAIzGM6qq2n9MIoaoDifp9vA1WLZ2ARipQe-nQ5WBqiIHVxcJVUsyH_u8tIAOYZ_q5NCZf6Q3H68X873cGkCI.'),('64cef7a6d3066e845482d16dd3758143',1331769997,NULL,'fqTNIk-XY6KO4eU7rfgGmQX_zlFqAEElzC8PkN8dkm3_sHTlPwvMq3uG3MVHRVjqWHELe3S5bVP-uLToA8vTFDynyt8Z4Zs3UODZNa16bTokkbpK73gBufE3u2WejlGlFc1eE_h6WX-bQTPvgTDuRWPajMgn3IscesxSHVDnB1FR-jIQn0gdYHiW93u62zHUZNNtD90cTabgBvcq3gZUtg..'),('a17884803952fecc53ff4b9f0ec9be9c',1331772242,NULL,'5Pm1JLxlFdi19vRJG9__b0bGH5UTyWLnlF13xn3n2TmPaUEdsREGzgvRl1E1ELWW_Uy4NX114i5_UbWEapfHN9pyUD4db_xTwpzCyv9kdUnF7kVl9UoNK1dqQaGT-GW0wRhCQxg2vMFHtTmj2w9Pb-Yvrd6r2PpTjs6KsJ8hPmM.'),('0fcf035fe989a5078c28bdc8c48ffee8',1331774154,NULL,'obCmqw9TdfyFcd7l7IjgNnsjDC53AvQ17e9Y312i_2R_l8Cnlf9qAE7ZevelQw7HWf0Hkazbosa-puSzgL9TeWb89dlqREVR1OguzqKQ7vNHzFuagh2KtQ5Xtoeb86TnUGjlBCiu42bIQwO-22Ilwg..'),('d0e11c7fc8946194cd181d31c478037e',1331775216,NULL,'u-bGpn6GLGN5MpgsPr6t40aZgUkhE5GAhwuuj0s1a2_HgXnh1ija7FOHIzvykeEG0hjJnSSiPWCFAcQ8RtR-_Si1-wAyYotEA8Rklxme4ag-fxgtJz0Av0ft71lV8tK__yt3ZO50lG5_d464Jjbqpi3_GRMkT1q127DVmpFvI_s.'),('f6250bcb51cf879acfba8602fedda0aa',1331781370,NULL,'NOcNWlFbZES0HHM_ONTLqET1oGIpuuIr0YVlYMQFv4yKyogFNaS8uLkgxFZxcb0a1juWk9dByzwIBdH7tdjx8JhhjzEO0A_Sa3Fb6GTQzZ5ESV9nFKD_SKpEfyc54bWFtXLNmvFfz0jOnw0aCd1vvA..'),('d634cd6a85f7840666d5ef0967ae268a',1331782945,NULL,'x3oBzjJTUJi0FtqScthrkQmtNPhzVF282LbqD_EKsBXHE_pWPbpTpOEBqgfrMBUS0bkI1CW62xL-m-ldT8lK4N8Dm-KBez7HZ8MVT3yY_4eAyTT1gjpW3b43zkdeLmD5_GIPMi-6LgCUhca_T-SYZoL5vwe8dpLFTDXBt6JTdETY9J1BkGNGLvt5M_55RKxASY3VouuVUXwM_yxZTYNcDQ..'),('4eb36d355dc5fa75372db171128048d4',1331783176,NULL,'ExbnZykZidmgHtYOhdfyfqwZWbdpQVlxTYBVt06TgkACkeGfWx_RdQlZ0SOxga70g4RdtYaoGERIQC-NqUCl5naElP-QYlAlPf9bwJQK1IfQ4bPtMi_SIOj6MpAop1UcYHvw6m90zQes_Ls4HYm9F3UPAuW4cg9NneyZqAqvNaw.'),('b734d8579c2dfd413603c116e4f64fee',1331786532,NULL,'b89Vmba5AqWIpdaacJ5EmGXl7NpwzTWaVNMupdb8_IxQVxT0GYOy3UD4JLWt7FGoSAEAIQDmBlRZy7hxKIxvjfki6rq-Z38iOxhrozBzgUrKPH8kwKyZTy9OcCFiNTPVPxw-JYUhv12ha3qP2oO58v5DQoHppYURMUeEtcRSn44.'),('53c016d7fd2ef005821db95489ab8c1c',1331788537,NULL,'TwPEzV2yGghEld19AkQ3v2QNdAyXbQyY2BCfvMFki7imXV0U2UtZeTXaAKoOdB1YwG2v1N7-qWJ3XoPjcFOILXCOTytKjzjfv8dc-QLdhLWUw4S_26vehitzUOAbaS4Ih1E9VuTJphVxIz0O_3IoZg..'),('02e0c132e11b4b9e038d0d73aab81888',1331791020,NULL,'ug-KuBLIVxZVjPvO581M5b4ujhhuygq6cpRqUIlUONfH-0dFhfKHbjx8nSKcjvmySheg3AWtO76Ruhp5JnB5RPS7VOe_2KrDCLIBk3jq1-cr89Xu-02R9o1OgpeVufqnrYN4ICJqzVmf4NM_4sTwKFyeeGEgKpoJnHOzUH8Uh1s.'),('477348c09d0c6e18dfe81f228f2a2939',1331793705,NULL,'iU6XPzgxqMmDOhBJ344eDJsmukq5flANA5nVB1qfTPabslVosx9Hgf2TnACmlytdaP0JINZ_VgBmdcgWz13HUHHtRGneeSzqzMmsneSw_yxaoMhU4GbZCwqVd2hvP8rS8pX6sMKQGxTqczYoj6Fi6NVjP6y56Qph0b2WOb_UVK0.'),('46f4e45581248ba64287f359ce92e6a8',1331795509,NULL,'hvDkZy2fTRVZmlziLgFN9wYrlAPZ0MPC3pOHmlyIhYC10UqAA1-BIJtlzkWsWhJRLVeM9RygsErfSrCokJ-zGSw8zamsU7s9jHanbriS2lFdQhnH-QesfdIStaa9giGPmbvaNp1QheoXq4kD-52kvSYLs7wU30mkiJSFXNaCXDSyJPo_Vsy431tZMVr_iNa5'),('72db0436c323fda990bd7d76ed813729',1331795769,NULL,'eN15SoDCkZAtDs0nVdkBb5hHnRHxe6a0473rXAXcYtGUttnuHug7lx_bwdtXCnAyqM82Ne2HNiCJDPorXhSudw-5NJcheHUHJuP1GiSJ3STO97p4GEc23JB4VLaT4EIW3Zz3e45gUGulfUodjxkVuQ..'),('c36de05ba3f8ee08566e4f07e4b92442',1331796932,NULL,'ZHevvt6bN2I4CGyUwU_b3sfOrI470yHRU19BUl_T5bjvAvK23_m947Wlp5R7bRVAn-c8kTIs5Gi68SJ3o9Bn1yfgYxBKd3os-nWMf_tQmCWWTDcfvejpElhYlnfM1AzK15DiwC3dV40n2ZEO9DNvIR3ud-6DA8rM88IP8ZB66sM.'),('325c16d2fff83d4786e73343cdaa78f6',1331799996,NULL,'mugVdXKT5iKur1JXSIV-lDbSFY3KQLsa2vtWVR9lTRTpTsJbQg3lS9ygOQmfNBPH3Ly8rY1kXt-RBTiTOD8lfdyWsdzNXY65wwTVKeO4lNnjfmag2KjBncgmpRTKMztHn2ZTmrE1YIOIE0Zb4wZqek02gVdGNiBBmv1LEcszjF1AEnYnC-s96M7zRQmjacXw'),('f6af1e0eac3d75e56a1de10cc8244a29',1331802820,NULL,'Q9quwnBy4uXmq9BHcZK-bepO5vJODDyK9jwX8MTfGTuRkoyIH1I0Wi-GQuPiL4sEXKis0MOxemhH1u97HaiGHxwsMTu6baAEfnDme8taAHSuiZ48qxmIJRqXHRYhk9XYKfXOwPqi3foBTHwQsWQaa0T29_mX7TzKLhYVucx24da_WI1z6pL5xNex7j1fxCx4'),('47852c9d999ef412cb298eea6ee5e07d',1331802937,NULL,'32rwW4n3pSv3_0qDYtzERdvt_RjvZN60zJyOJpZ_pUeLwu7q4ne3MvXaDtYkOnnd8Q94EaDrXrFhiAH68PcmKtKaPC9wYoAluCj3E5TVp16W4IitVZBnqX1A0h7PbFl2Iubk4tFm101jZJa9zAecbA..'),('cf1b6256603f4e9726f701aa31a22fa5',1331804485,NULL,'Te4q8KHtgPnAEVi1h4fkdRmALrEd6BGoKbF__4yWbRdz6hm8xNyMGeX96NLsytt9ZxZSepLjZe6DQTbD4eGaj17fSHx3BkKlvdRiGiAXVS69iLJZo5YKCbyIkm7V8R6Xt_gkqjOphfCqlm5pTHnm_xmdC_PtpDL8i82AfKbbMc-1A3gk14EMoCf52sunhZzS'),('5c6c78a7bb40bc04911d206f2f23d1d4',1331808973,NULL,'FzUPAq4TczP2ihKZOg0O2av_yytjgqZb0hCSZJrDQHqcqWX2gf7glVSmP5UStpFUaA-znIJm4VfP5HcDoLPlIQhI6aRkL5KcSZomS1kvn1F_qw7xnCNRq8J43jOZruOAJDD7IIuTMUhHZiYCla6BeBD5h7w_1elRJC4qXd04idA.'),('205409a5ba0789d1ddd16005a07b64f6',1331809101,NULL,'9xuQZtCG2Q1ecSLBT1BVgW0XT91LgjIPzhIoqFFdlaEsP2YI_G0Sb_ik_azGRgYvor4byRLHMttraPM7jYUEaq8DjheQ68-Q_RO1FzfasiepH0_f0YkVo9JUW2Xr2GFd8YP-IQ_auqatS4hispqLnQAmtEr2ftbgUBdhw2lhcjE.'),('7b7f25cfffbfd6621ff2cd4c4ed5428c',1331810142,NULL,'ZNn-vLVunQcEJ0e98L_rwX6OkzrfU1rYtuhbDivo575Fq9tApVGtbS3_n-18oA-ba-RIE2gSTIRYTcW_afTjEsK8sqjde10s-0T8xBLVBJYtyw2pPRJ1VoRfuqvSB4oZtx95dspHcZGA3sFkDW0cCg..'),('4b644b29629062956233b36875a5a698',1331813459,NULL,'kAyMpHPe86rWPKGuc6wOVBHutjG4i7ggMY208XD-b2V39hG0Uq4ivu0LwPt9S7NGpzKcMQefOfemEm4087OYxLaX5y1cE4jg0x_n2OzfRggROiVVGiQFjbIU0z_3OPOJYmULPnFYQaijEpWZrD3f4f9Iqq1mpl2761iIRjJ50mqcLgTIrO5dleEQHalA_wTK'),('4ecabd85be887cf51610c96496be91bb',1331815286,NULL,'-I_V_p0rsz66_81SHnauVQDHeFGN4Jqz_5vJrBKILZeHtHdNKEcND6YDKm5H2hXE6Y5DPFJpnTG48LeSvpxkJ_hzE3F6_9Oc9pqp6OLvBOTP0mdIc2P4pj4e70bkqZyYtsaP48sbvQg7wa-Dutjp2rKG5JPodaeyTjUMweR_FF8.'),('d0a44b5221093ff7d347bdc943261000',1331817335,NULL,'9xwZ9CdXWig8NETYTvxfhVFo7de0EhfYB8nEEn5syc1vgKPu0U-0v24Cn-UULmva81uQwqAIoNGJeAYRDcW9FWx54NFtaUZZlYeWZhU4TE1cMmC9Rqntre4O18IbQtlkUOjgqxhB312YY2bNCDusfQ..'),('e627051b48ba0f2eabab765172f30447',1331817945,NULL,'clAHK45jUG0sM934nHnuMbvFtEqSyhdKh-ISFYRVyul57rE1vRWs78hZFKVbrAOZ1f6dgheR01b8xXTrZVvUEW2JML0gwC8k6Ld_WVbrDD1-0KIt9VKQ5FGbipU2pNI1raiBjV-r28svJeI5hk59isD9kBx5yHjCyJaUbJXe0zm9udAFYTdum3ZJ7Lw7Z5GY'),('7f8a6d6a6b950aff69baec8a7631688c',1331822437,NULL,'g4Rby1P4Rn2CCd_Wu4BmyHzzacxiqyYFg52v5njQb35yk2Ho-Ywm1UXu7_bZZXo37D95uUr6BxHE8DSpvNzK3OKxTKm1d0rdJLfovurhK9D1KkSbY9SnJ0WEegR3-ixogW_ZvDAZGkBmQYqCOPZ7VYqH6w_jh_EqbCy5zxJF_9k.'),('b07161ad02d000dbc963b4c26c5befee',1331824496,NULL,'ZNn-vLVunQcEJ0e98L_rwX6OkzrfU1rYtuhbDivo575Fq9tApVGtbS3_n-18oA-ba-RIE2gSTIRYTcW_afTjEsK8sqjde10s-0T8xBLVBJYtyw2pPRJ1VoRfuqvSB4oZtx95dspHcZGA3sFkDW0cCg..'),('b00c30f786474a7e5ea6a8ba471cfb18',1331824838,NULL,'iHeYoWa3gMB3QZP7A5zG_svg8k6LMxfw43mAMpbN2btDa2X6nmFEFma5TUaQU5lZXXr2ImOEnNVCxgCZdzCdnFWsD9TJrApb7elkdVeKaOG6buvsjE2AaoXkyThlCjxwND_z0ODELCVwoZN4dsNVNQ..'),('18cbb582cc780d9eb0a859ac1d25e63b',1331825072,NULL,'7vqnyVO-rPfxOYAQaOlUAyu7Jw6-N7eTqjjjpzquroAnyJeBsQjhYh1E5j29WXNSW-u-Ku8F4n_kon-iWfvK082GKAae59Sui3vtB6zWYjR3ny1BHKwakCQs1Mmv5e5LbRq4Sa_Qsg4pth9V-EvTX8dvgaBPedOHU_nXryOQdDgW84p3CSjRERoypOSUe1ishY59PinvjqPJqMfFiezwdA..'),('1b796bcaffca9d7b000ec4e9e14cd616',1331826920,NULL,'wpZjWyf83MdPinZdXW545x9ADNfS2IzAxiUAhBgVPPCdWa5Xu2ujb_NutrvL-Qy5sAvoBlkmxK6y7Gq_kJLcukXE0bD0sXkkPwJLDKU3wDgKwr4yA-5haZHtF1MVRKNR1mdxKFiOeSy2GNMLbCiPu3pzy0Q5CXbYaUSJF8d98GpEkeS4-qB1VHHbd9p9vdb8'),('cc5c44f0a64dd85c4feac756f74aae28',1331831706,NULL,'AbXSAMVwFA0SfYKZRk4AFEsrpZldZlMKGxmzYhL55LGAtN2AKyt1NLQLHjkj-eEJkUyRutZLO15f_Vvp3wKSOelcWTfDIU1W5PTf_Dxg8WVdDZQV2gW4VpgCA9aIXE1LaIS0t4AiS_hb7ZTk9bN618pKVlYHGVmnCyrUZsnsUuaIH4bjEunXX85qtMieutkK'),('9f55d6bbd5ed1621c9a16365721fa232',1331831706,NULL,'EBcgvDj9eV7cNu3iMBy_-uhLP8KBLiiSKZbGm3JYELjsmcUePt8U0NgliwyBfzMuwvxwxSm-VnpAVfA6G7izECbwWKjIuAs7CIqWypmSvt-HB-y9Vmyez17OfHR4N4lFKoyPlJcgYbnB9tLizj85hQ..'),('ab437bc9e5531ada1f0ff35bbd62fb13',1331832028,NULL,'EpkAiXNlOCQOhw-jOKKup5ruJWZwXosKVU2uVqEhYSyFjtK8Jghaduc6wXWMsq2-Nn07Nr2IurQIaZT7OYYc5_cqMleLlOB1J5pWmAywYHY87Tq9mV4vpIIjkK1jXzMqwGoQWqi36jZ-JMTBeIdq02v_Nulx7_DuR6IeT528rAI.'),('e738a29e744586cc1904754cd0d8cdcd',1331833530,NULL,'SAY66devHRl7lFCDLxy_WDg9RClRBh5wo5uWAiUfJ3jiiIlZjZiCV1iO01CJuYlV8PivP0o2LXmKqvNODdml47JjPtCxXq6FVtwI2lfoqmcKnF9Pr-rB40qAkm-11-GGCjHfz906fR9j_eZ_iYl3e_FHMxPNqdjDnXahRy6yi5X5ooArsi3mTFGwSbUpJ7pZ'),('9fb76e682cf7cda8a13171330f749518',1331837692,NULL,'_suPpyvQqowADPdtYSLQzAJy9VleP0CnEzRwc_n706iG8OzwmE6noptVEFa-r4PiMF_9Nyytrcet1UZp7H-yaScCuzvEYXrPgfFwWh67T2GCyYwr2FIldKD18oyKggDP0IYuQdrYTfLoqveQfxgQRiWD_BMydsDPsFnFmCxeEaI.'),('362b4f59e80ea4904ecc8736db575c30',1331837692,NULL,'_suPpyvQqowADPdtYSLQzAJy9VleP0CnEzRwc_n706iG8OzwmE6noptVEFa-r4PiMF_9Nyytrcet1UZp7H-yaScCuzvEYXrPgfFwWh67T2GCyYwr2FIldKD18oyKggDP0IYuQdrYTfLoqveQfxgQRiWD_BMydsDPsFnFmCxeEaI.'),('0c98727622c60fc56105bb6773926fc2',1331837693,NULL,'_suPpyvQqowADPdtYSLQzAJy9VleP0CnEzRwc_n706iG8OzwmE6noptVEFa-r4PiMF_9Nyytrcet1UZp7H-yaScCuzvEYXrPgfFwWh67T2GCyYwr2FIldKD18oyKggDP0IYuQdrYTfLoqveQfxgQRiWD_BMydsDPsFnFmCxeEaI.'),('f2c68a447ebdfaef9b2c866765af8733',1331837693,NULL,'_suPpyvQqowADPdtYSLQzAJy9VleP0CnEzRwc_n706iG8OzwmE6noptVEFa-r4PiMF_9Nyytrcet1UZp7H-yaScCuzvEYXrPgfFwWh67T2GCyYwr2FIldKD18oyKggDP0IYuQdrYTfLoqveQfxgQRiWD_BMydsDPsFnFmCxeEaI.'),('410db2f8de4cd97f7957e854690a019a',1331838912,NULL,'6EguTyNgl1cqMA_hu-qDOA_3XU42x1J4C8fajiz9qgFRf7cL5UGlviwqaWJdXoxzX62PLV_AD5OEPpjBoDHS7d7IoXAKRD71nhy8XqavAhyZv9A3oA6o5sMrgFha7A8wkeh25Jq88OB-nYgXbPWFHA..'),('23219846e2fd9156f83604c46d84829a',1331839040,NULL,'rx9chB_juLtWg0WfWlT15XvirVUDHEo51X0wycI4GlDK8eT56yYfz7eAJMmc7aB0islQ784gS6O9vtux4xhbcZfG-z0Q7udMBsQWNE6CY7b7ljwHM2yHY_pGExaxkWOU4kTiR-YukaVwvDfLJO4O-MCI34S6t3nGEuNMxWF8Go9x8s4ZOohK011LreooRYoN'),('ca104142fc885aef3a75adc0de29eb34',1331846101,NULL,'894w86B5l-2PNcupM60nh7IgRdjlGXsyApQ4OhrLglVblmpBomDdzuSAzQO_1YhzLAfjNF_YKhVBFd8WPyWYdjZMsRjMIztIUo8Qyv2lHTekZDGI2clf_OhHTyww0t_wkbY-9_0lr3KDG96BL5ylyg..'),('16902bfab33942ed27a920921f0437cd',1331846444,NULL,'8kJnKCtaLCHq_xAwLzisV6SbQehGwYwa0p4sDI3BuH1OELw_n5L1ESDQ6DWVzuqN47Z1LBAtzmpku1jqEgqJAkbHJKc5bLbDtmX5M3YNvpD2NhUjkY2Y3Bg9BXMsHWAPz0F7RWXpUqiP2YQHJFcgcp5dHVzN2e4ziZNbk8MzHO8.'),('986f4f13d590eb2829470276f8ce96a4',1331853299,NULL,'nt9XeJOGI3_AFHOnCesV1c_Fj-axu4oGdRmqrwIzG47BMEqXSmUXQlDcTaqwBeuuw0mPFnXRpjJ1Nrhvu8THPJFvgVTQn_5qlSwYXzD7VyVzBWNrh3o6a-xgT2s174tafheM3s8jm0r_CioGqpYjIg..'),('d23de00aacf1ec9f011d7bd212df7400',1331860515,NULL,'eN15SoDCkZAtDs0nVdkBb5hHnRHxe6a0473rXAXcYtGUttnuHug7lx_bwdtXCnAyqM82Ne2HNiCJDPorXhSudw-5NJcheHUHJuP1GiSJ3STO97p4GEc23JB4VLaT4EIW3Zz3e45gUGulfUodjxkVuQ..'),('95d7fe95e58bdea33f127762dd7ce246',1331860551,NULL,'zmVIs6VXjkPZnJ23WhOMPPBcCsFgtqroH_vC_H591c332-VQYIjeOdiI6XayD_6-cuj1anlKE62wUfuioRI0iZp20rHqkXN2G9soRoXjo70rw92urFhdW8Tc4yOlUS7bBbnYCG9NMQwOdJRzkHU8KYix3oMLSeIP35xv8Y-CeaQ.'),('2b597b20a44f9862ab66e36bfe172db7',1331867711,NULL,'iZJ8B20E4CyYXb8tuc3LG_U67oK85jSU1kdQc-_AltQDwBdJTTLJZ6CAj190vepUD-8EdzdnHHV__kZSL--06kWgqFHjeTGcbikTyn8HpnDA2dv8SnzApyW3PADcuETEdbCmRTxRLzDvw9RnlkB_mQ..'),('fad52f9dd1eaec10d44619b20e512944',1331870080,NULL,'-5X4Ljm8THQwIIHhmOwp0cUmEkSlOsfuAknpPC78FDvHiaROF4QT6eyiNQYzxa5rXC5z68-H3CJ8n4_LjWrvRoRzib6Wic8EXTrTK6enmpAMfqYb2IxoCBTAk_AiX06SBnwJNzMdEFEHfwsGZ5ZQgxiPDbdOsyIipA0q6iTNapRylS1NawPki4cudG1QO6HP'),('101dac97115e9c99506607c5bb2b33f2',1331870312,NULL,'TvxLjo-AvEYThDT667up1cKqgXVonJAgDxt8HFbHxoaUpohlcHsi6poDNxjlnypBQ52K0RJnowpLLl_C2aM_1aFaRr5jlxlwIZlYwjrrsQQsyjh7mlxnB19PJYKh5Wn27hjC-vsz3_MVJ2An2VLa08vZ17nw83P6JgZepKyEp3UySjTfhNBTJb8wfwgN58j2EBza7ZVSEhJWqdZpTuzETw..'),('b8b136bdecf1af7deca1ff4e05fcfe32',1331873500,NULL,'SdmMuEbcoeWL7kELXrI7uVjMqjLeCHifSOKcVyEIB-CVXZY5YIwNQH52RI_pw16kdxy9ZiC8nP0xzz5h5Nzr3T__2j7krZPG6Go0PVSKatTKTqrtBAVHKWLvtdOjSv7EStDCPsmdyPYbMPBfP7PwHp41Zo9sjHl34JZztVv2QbuBRrf2Itv6C2xWdhfM3xE4'),('8976a35030f83efc8130376ebeb46fd5',1331874910,NULL,'mGyyAbYn-pEg0IFAojUBfW1cSWfU19goDpRz5zYnWZCvYaOrdpSFd3c7W6sLVwQWXz7uxO4xYoV2bjmkU2fzyMo5-4Q7rheUHXRB56v5wm0DXKgZp-UHMdDX9RGovafqL9m8lQ7tMBD048us2qGw4g..'),('afa22b79f42ed435c872c5047918667e',1331878176,NULL,'q6xp1lRoTlyWro5_ALLTOpUe6icEyASJEUh2bDbevOb_uArUJGIw3qT6w0Tw3tdR76uObj7HAffYFOjvoQGzjFvAtEejHJnnNKEgmNu6HYq6RbdoEqZJoSaw0unYBBPFT6AijfXhkIYqz49njS1YD14zz2E2oqu5pGJdLSZirk0.'),('49177b5e59e0c506dfbf8d91cd75661c',1331880866,NULL,'AJF1cIxxlzj5Mpmf2NA0p-PCnvVeUgtPELxRTqbM-yfo2I1GZY0W9Z_BV05xcyomNSLMbrBSJuiJjX6ldFJkco-t-DKL6NmOgUlMRw2dgOt32wwFRho5FibIIILYxeuv-SDzpRJi5wETLYhk2h0dnaw7H-2Vf-Y2y5f_Uqht8jI.'),('cb3252bd94ef8da8f00ed83d33ecc96f',1331881574,NULL,'osyP1oUwADCLWLycBSQPPZwIMztzU581sk53wb59blqW9bARe0MulusNLg1dnCC0WuajEXlCkLMFyiUwPbLoA-NkEgwSUupt-jxGFfdZXwiA9igb0BW-A5L60S8PcDKld6K5RIqs4AwRt3zOEcVH3o5UZYl8sfgM9E4TcYnuDuc.'),('d51a53a811b4b5586adba71d3c373045',1331882112,NULL,'VTcSihnTCl4sy3LU9BCdCfpu4oZgZIlqrMtMAgVGxeE23CLb2Te8Wndky844DWtWmNfT4YLyTvajnCT_t4Uov8k_A3hhxQQSRkz6D5MS-cP93JbXbcHfUn_S00Nxlm9Vbiry9zhExl85jd6JDjtDlw..'),('5fe6aea35f7d32025ee8d274c0d0c2e1',1331884502,NULL,'HdEteBzzPNkzmsP7Iw9rZNdPkcVAVSdrf4v23IH_qjk_wCsIieP90pBqX2y6g0v-bT4auoV1ZC9l8UysDEisXkreq1d09Q1eFVQGltp8UL17xj3-3suFO-ER6iMbHhesMrHPalmhd49AcjcsKLX09KVkgNXEy543UFpXVLddaaU.'),('ed47b46923be5dc41c600444879cad64',1331887953,NULL,'Vm5IZJQJittmm7cw-NmBY943mXKikfuFY_QNdTJ8oJDeJnGg-p6wyvDwcBUPiOhGY_XxaSzSktwI4LQlYIWznLuF2iE3KZNTdJkGm35jwUsAKH8Nr7mAurz5C75sXwM_k22JlvKkHX06oU9wPInk6JduVp3k7SggyM51Ngiu7R4.'),('7f49f936b6dba6d71f9d73691089c813',1331889321,NULL,'kY4TippFZwn-8f5h-IsRwLb_WhVIjbPMW2Xrwlw6-2Ks7601iJHcI_6Y6ykV0j74DyEh10FSm4Pdl3XIz2bfxOF5DqnKNanq8Zuw__z4I5HapzHdwVHXRFmrznF1NNnpstTRaAyZTlYgXk6z505dhA..'),('0ef859c53b2c8af4550e647b4decad89',1331891272,NULL,'w1f3hZKFg4nj5ShvFz4mc5hkZ2s6CHzk3LVgQfpfD-Ra0g1D6koEbXq26dT5WtXFrTanJk03iNKMbOUu_PHTdonfTk0-epYp1ZdgIOxtuJ-x1Kr5Tmg884rQQFP2jcFrqIvyl-pepEf4EO24yefzRNvYZPz4MkrLjiIc3aGQbgY.'),('fe81abe17f7053e60d578b7c7cbc3ade',1331891670,NULL,'BOPvfdsFY88rFyut0nbkzpJHjnLYs9fAwVY2nzi1MmE5sGCNHGjIJhy8iaE-rv73Y2wsGtnw1fArZeJhMAUMo0wcPx0tD9W9RpDa9xvejV449vWWIy3aj8j4ZFoQrAQoBtYF9ZQcPRC4rCfT3jNHih9CseoLbd_D3RuRUaIUSMAJJwc9B3M1URTc1TWCTtTZeRmXaEvvqmw23x3w3_ZpSw..'),('d4119e1b1eb6f11c78d37e721d4e4d48',1331895167,NULL,'AfmNeZ7NSLLKNU6ec4W3M_z8EGiJBI_l-69g21jIu_17U87dbQfLLArytYh3RUZnM7LT99og3W2qGNnT4vIa_8Ay8Zr1m5RBMsinu0I388fB7CYEq2-eRh86YFfOSGb7swEU4blbdiCnRximDk9UYHgu1TnFasKCDhglH-NIK7s.'),('9d9eeb5e0b9ce6687b5d4d965edbb7c8',1331896549,NULL,'VTcSihnTCl4sy3LU9BCdCfpu4oZgZIlqrMtMAgVGxeE23CLb2Te8Wndky844DWtWmNfT4YLyTvajnCT_t4Uov8k_A3hhxQQSRkz6D5MS-cP93JbXbcHfUn_S00Nxlm9Vbiry9zhExl85jd6JDjtDlw..'),('98e2c0258409eea08a10e79ace2797b8',1331898650,NULL,'J5KlAOcyiBUD0vafEpDLgN3q4fJtitKpcrgPsdLHLWQpd8o_GmH5EckH2HujFfhgnmBSn_ay8gVil17f2PF6n0H3SkZDIAPCs6o7cAt5dPWqqWWrmzNo8s2bIGODitSS_ehJHK-sZofqomX3mrszjhZA99v4-73wTp75I-TJ_Lc.'),('27e0a1c919bfb6f703cb5f84ad5b81f1',1331902600,NULL,'d-hjROicWpTDYp9nG164E33SE6DkLZAl576s6fTH_Lzt6Ouzzh5SSldst1q40uPav8plnZwnN860-N0dseXEPqisNzq1G4xJs7vrGfcbbByB4x5DAoyN6uPS8DKp4PTScYkYaPdl3DZCEFpuP1-zF8Mx7Bgfz94Ee518NK2fKTAGanpGGxkQne0nIoFIiWtgKAdv--Wya_ZAzFBQ8zkQyg..'),('68ca2172e9f6ac1a25f01c5d3fae1738',1331902859,NULL,'5gPxGDqfmXX1TndyQAraizF2VvqRUjvRmGYN69HF9H30K4g0bdfzphhpG9xjP5VREC1RIKu_LOVigXMIGGzd9afvB2c5C1FvtUoJFkuXJtSnRzEeMPJUPW6C5Vcr0CpIYRy388K9ZA6xUDc3X760YEfkNJAPwHIxRkowdKbs8-dw0FeD8ziYKVFZXG6rzu_1'),('a19aa7de34353dcb20fe8a13172bb103',1331902920,NULL,'Wx4xjSECbl1MatKZGhKC3J1J27s34j58Bk7AGvMW8ucAO7IgxGJQ5T29iIOzaHcW6iHMvWXrEMEee6GU9P24gVE_ENjJZVa6VB9MiyEQExQQvTEDAuw_DY5Xby5Qvb0J2VkAsvnsxACHMyPHhlBZXCnItYVIXan7JmKbtXuqnD3ENS2DHbkVTKws-XQ2uY4S'),('65a79bd115641c2072701a49342ca78e',1331903051,NULL,'uhndbs5hB92hCudnrxkp2_M_ZGdrW3XG-rMozJgmmaPaYkOot8ayhWLI9Pgry6iXARc0KaPLi2AqKTexcWTjfu2erJscavl3a75ZaN7CjTbtlgn-pN6ANggMbypQYadF3f6lLSgb5qlA-5k_MqarHK0TskeM9X33iWG_GGCa2oWH_t2txQr-tGrc6ngLfPLj'),('8e58208854ef6a4fcc746ae0f52dd4e5',1331903068,NULL,'s4Qs8IPZ9GB9PvBL-o_tw269k7NflLfhhpYw7YIjmKi0-JRbARoFVvymTdpAN9z5RN30yHesxBW2HhzBE5MIFaa_VzXpJ9-SPAiChDQx52Gnu50wi22KY9Fre17sZQeNyQtMzI4hwxfuu96YMCCPw3wl-o8t3DUuB5_pHb3rce4oZhmsYNJjxoFulIWozqgW'),('6809586dc905619da66303763ed6eda8',1331903084,NULL,'hzrmqTz1WscttyBLaESJP6Ru-4OrtNYA4Q1CDFqBystPS1osrBMYp1GafKZ9V9XDQANur6qZkbWmTXn6APGQWVADDOl33iUGxdOTR2PS3qMOIYIhZE9W6IMIx-9RwN3vhon_SDjhb5YKIiWPrc1Z4JwQTpspxsM15xA5KgfjIP1ey4MPGWcWnAoLCd_THVZI'),('ac879702a2e2d392228398c9e72f2d83',1331903158,NULL,'xkZ0bn6bPtP3d0FloCnzxjo3erLmPsvzwpc-mqLeoQbpTOBCp9ayq2kcLJ-AojGnzOaO1MV5aSeRFoa2XdpbqSIxr27P3NuGanVbh5vI5bXmBG9b21USaRpqEexqt-Q_6IUxvcWb2eIAf-1BXRRFdOjcOs9SDU9O6aSsb3KNFDSiODdUqMYVGABYarUmNb7r'),('839b61119c367b543f9d05f066ebad14',1331903189,NULL,'ILS8vhSA_Lm4QAzX-woreMq-Tocer68lkRnguiE_ghOSR7HAgqhYGv007SXf5ou_38aOFb312Yt8YwJq39pidyZH29sj4y0RtArzGu6uuKBH55DMUQRBzX4TNsLVAAZDZCwATWNxOUWorgF7oDlzM7GQ6hpK4umcHrJ3LCHVQUCGJBOYf9ABVHI-nCPLZiBB'),('8895d80281d0446e7cfea19765e90638',1331903333,NULL,'AmmVe8Tj6C9oq_PbyrgkYdsjYSFIqagKv_1z4wOujJTX2bt9S6QPDKQX2eyaZ9HBGG2sIYMwb-Do-NtWRBJQqhCuIsAnwgQnrjViErj7ozQref-VdZNW4eXBGBYz-aAz5EvLMThmRhYyLu0Oj1kEstOhR2L5E94F8qdNt0JQXgQOrL6cJwkzKUdq-ai69PPQ'),('f849fdff2c33bef5adedde51a4763ee5',1331903439,NULL,'Cshd9O26DLZLST9uXrg1BZQOx__DKcQLsGQQfqYoIHhd9ZkmCq4jVs0lZTBbEsKIxTauVw46HtnEqEDbfOgaYuRwPasVuu6hddHvJ4A4BFjnvbDu5D9AQCUwCG5uwr9GyealeRBiGPdhIOpYulacj793JIk7iGgo4SwlM2cxG_Vw_WJx4VheAugqeJDFrYu-'),('7a4c9fb122fa147d8837bafd622b94ff',1331903538,NULL,'birbb4t6t6-d8Zl4W-2TcJjGMqtRFrAi7EzAo8sYNdzac27MVm4xGpViA6RQ9ltHsgeOvP4AoRZLRqXO0pYxysj8DH8vUIriwBkSDgUQS8LYfuJ02elcZojawYJaWDJn6N9-4_cEDTgaOXPh3AEpyrmMHnYeCQ37y-4UAgwF2OGY4lKSTVvDXlJoih4aaket'),('8bda3b09c36a8529f771456cd29e62af',1331903711,NULL,'mGyyAbYn-pEg0IFAojUBfW1cSWfU19goDpRz5zYnWZCvYaOrdpSFd3c7W6sLVwQWXz7uxO4xYoV2bjmkU2fzyMo5-4Q7rheUHXRB56v5wm0DXKgZp-UHMdDX9RGovafqL9m8lQ7tMBD048us2qGw4g..'),('9c73ea777fc9fa41d6abc84cb8c34951',1331909324,NULL,'xNqUFJEYMxwIICzSyEb3PqnSNxYHxRvWlfNzmSfLtNbdl0pn83VQkoZfKanohHnYv-zmOdYH8zyI_J8zqSSLrmd1GfPWfX0V1xEfCojmjfr09hgUnqNAo_qvzx4UCxRgJkugfJDV1JKA0OSR3C50uaQUaToE-tqLYVNRX5ExExM.'),('302836fbd294d561da7f596925f17c7d',1331909335,NULL,'uKF26lcCTYB-NV1uOUmCItpkENFsTfuz4RqPsbAeBG8O71QAiT5NdNO6tef7DZmuEt6t7O0UZYWjci5MBBTDm0hLE5Dq2lQ7HSeSwEjCtRMsWm3b4YOF7HF9m-o-rXAUFYmWLFtXV56QMs-nL7_QPg..'),('8b5df2849a889ab5fee01f2d61769f0e',1331909366,NULL,'uKF26lcCTYB-NV1uOUmCItpkENFsTfuz4RqPsbAeBG8O71QAiT5NdNO6tef7DZmuEt6t7O0UZYWjci5MBBTDm0hLE5Dq2lQ7HSeSwEjCtRMsWm3b4YOF7HF9m-o-rXAUFYmWLFtXV56QMs-nL7_QPg..'),('1b6a37e77647ba31f45bc18e58be7c6a',1331909440,NULL,'sRclV-AYzroH-FmvAKK-wJieUmIMp5WpcaIqzzRXeRGBx08fFKdiba1z8s6jFp45ZGWeZHhV51_r_8Vvnw0GsSAgWI-pDBp9qQ-o9uLyjbiiccysB2XgsSAm61L8bvV2SNdSz-tYHOOjthr0G0xGdW7PCVax0RRwJtc_hEn4kqc.'),('9e352e7cffbacde2202232d5343fd85a',1331910906,NULL,'bny9YN9a0dFwZn5jNK4yCvsBZ5eIgbYtF-ftMLzwIC0vEdQnBjsXedO6JydmgKEs2rY55IysVDxldMu5X9P1ZeolRIGfvB_t_KrFwQJfqjzW_Qr02YwhpCaCMMb2Dnxw_XeqIiXnB1c9F7RUDNl7tg..'),('f07b0d1573cb826b15a6b1965d9e4936',1331910937,NULL,'COefWxuFHwbklHGmcOT3O_SyWrQLsUR4zexaG6jFNM06cs5vbS6_c2uzDqAel8zUzynXN8prBd35cC-gXC1X51eXyqUQ-XEeBNxAxu4c7EGJ8SVylKiOkynTh7jKcKxpvtF4Ri31GRIHN6C5JPV4h6OQvpikKPlQGeW_aNtsZ7fMUHWZadOv1wKx5DHMsLIc'),('d5d4e594720744dfd58b4beab016de06',1331913985,NULL,'gfA2jYu6z5Djt7uP1Sl_PlnwQJXFLl--NNLytNY19ANAwtjUWMolrK-ezjYbzdBZYYPR8SoOHIfxSA66ZegelEwpnuZ2YDU73qIOtgpePfs7avTrMtcpi8k7ZmG2s9BYgNQOQEp-PQxkcfJysVWR2Vtyn89Oo3Q8vEnHrRU_PbI.'),('af33b916b0df7cea106588906739060e',1331918426,NULL,'vV8iU-YsjmSbydC7ORQj-l8Wx3N5uc-HfSHHJPgS1B-y3NLbk6Tt8GJzsjfU7wAfy2R8TTRAy7CGYXQTsdSqoi070pMVE-4dODEiM9KdVbawO22QVXdVo64elnJ6QT6DfF6NiAPLF6Dt9kwrzHa1xg..'),('4e9b339097db0b6580d3d347c1b08aa6',1331919888,NULL,'cIeoMYYQZSsYS7v_NgqIr_jDXbbCYbkrup5N9j8vnsFGiSSh2mxsFOyrOURjJMhpQKPJC8PYaUP09CyGP-oqYwnNK8HfDrmYqqcZcJNEl_XGuid3ftdx9pO78wE17GJBO6oM4ZbZ6_9KqIFM9k2FFLAxUFrqXXzoJHAptOKglZk.'),('2c9e545a613b19ef1dbca16e1094c225',1331925299,NULL,'QfrZpL-uI8td9KuZR4pSTdL5kV9Fqvdky3yOY023oTIVGg5WazZ9xWq5CURZipxXo_Lx1XE-2EfhUDB3Xwww-6sSyBTZa92EM41lgZrS0Wzpv5dRCaCXo6BUa1xWmd41oZRRjRtjW9hTWJRLaeOMfQ..'),('14cdd8567ddfb0c754107c9aff3aa8de',1331925832,NULL,'rKL4_8B5mK0IWiRZMWnrD02pKUdxlvskmTy_0Jng_WXu4sF5w7ovPowZQ0v1ip7nVU2Se0zcM-WopFf7a6RoRA9BuWPGV-kVOOifP6L0NdmtNG_Joqq2dbhhHCr0Cl7tjaqUf5ZNGPknUegD2-wkv0-ljGHWVaA0Bw7wNJIXkXQ.'),('eb76d4fa19c0b3b6ffa1bf330d40ffd9',1331928244,NULL,'BYAK-O1n8GLUhJ9VE_IQSAL_2rNDJCADVFQWxwTyTtWcchmsKI0UFIThH0d2X7FZcKykWsayGIi067OXTw1-HzG-cXDQ9G2SN2IidEPChIJaJ6WDN33E5wnguUBphnOUl5giMqADEfvNSo-ZPosfB8azk_0Y9xRagPyikc-y_t4.'),('45e314b5263c3a63c27275d9abd77e46',1331931357,NULL,'32rwW4n3pSv3_0qDYtzERdvt_RjvZN60zJyOJpZ_pUeLwu7q4ne3MvXaDtYkOnnd8Q94EaDrXrFhiAH68PcmKtKaPC9wYoAluCj3E5TVp16W4IitVZBnqX1A0h7PbFl2Iubk4tFm101jZJa9zAecbA..'),('237cb8a12b20040a0ea7417cdeee9fa4',1331932501,NULL,'iFcYa3mVch4uKuxKTUQiiyolIJRwoaQBJaaYkgf6ZWQI2BterTbwZ5JbCRmVae7K5LWTANL8vgs8hvjOHf5ZOSVnXiMgUIRwFpmoaABF8f4j9kuaVMO8PiWMOZS72FkluzzlscKq5JdV4fTRkuVI7g..'),('f0c661c739a8d395b11e6f8e6b459ed3',1331934354,NULL,'ENe6fiWpIsKbstTPuhLnemwtZWyEd4pHAx37m3suvi1-1RDjXU6LkJCN8JcKJQsNOqleHhb4_AlFkNokyI1fQsF1PS0KzlAG3GvItu9EV__uNBXqh2Imq_EEWmOJnkmdaq8TpSJOzBcttkSRtIiiFlSly4M2HNsdLupZ5W39mrQBgGOxiMxBbko6Idtbvpjm'),('2f97f1ac874c93f415246df195225b56',1331936985,NULL,'xLwSd2TpUlwwmqYvzEj--DHOFru6gcVIem2XMDfWR17padYRsk9lb7VEstOJPhoMZQoOXOiul-dQ1lZbwoPb82m1KoOdS9NE2w-zHySypxPpjm-wdi0JkXzqu8SBoYSc5MQJIKytn55zbpSLMUcxAawSa7bX4XvZooL1iJhOz2A.'),('aa4e258e4596112697ffa3bb004f284a',1331939720,NULL,'ZNn-vLVunQcEJ0e98L_rwX6OkzrfU1rYtuhbDivo575Fq9tApVGtbS3_n-18oA-ba-RIE2gSTIRYTcW_afTjEsK8sqjde10s-0T8xBLVBJYtyw2pPRJ1VoRfuqvSB4oZtx95dspHcZGA3sFkDW0cCg..'),('b9d99d89c7a359fe38a9f26ec879648f',1331940049,NULL,'0qc8BDY1Bvz5NNy4aaPG-XZZ9NgLCgttwwqDYAfybc75xA-Ut2G4ZXLUeZqtHW6iS-_2jqpLals9Jz7q3IE7ZenyTB8gGbiW5CcXsFBUc1zBQ9n-J7QJ8bAxW5NaIdxKbFH5rPQqrA6F4K5yjciMhnxDqBrdg0BB_L3t0xDMmj-fX5GYGDRYd5VuKiurVgUw'),('ca0f3f98403bb74f851b238838a192d4',1331942858,NULL,'P6x6CadP7EC7O77QX3Utf-oLsmYLt8-PbkrCtu4qs_W5pfugBPFyNL8lGEWsEoqgEnv9nEQjBl2Ld0WHHdu-GpD309L7fJjNZdFa17w7kh1vTCtyGWvXy4n8xfFm3Lx9_ovRI8hVyJrURpoh7Yu7L28DlMre8R5yeuIhnneuiPc.'),('9cf77ab6dac4d1abbfc83e56d11fab88',1331945619,NULL,'6uXZf5TJbUYCWTiBAZoewyHezE2Q_1439b3tL72Jd6PLP9liD1DPFBQvI9txgll3bbV0bnVPZbddlPF-d1UOe2TsyJ9gItwHgZAxI1u9hE6u8dDdMCBHfob3Ffu7VLMiph-nOxjzpXgIN_aNGkyh1OuGm9lA_pxeYmFoezgTUlgZ-FibBk9tpuLsN-9ex4RO'),('aba97678bc31f3d6db8e7cab4f01560b',1331946956,NULL,'bny9YN9a0dFwZn5jNK4yCvsBZ5eIgbYtF-ftMLzwIC0vEdQnBjsXedO6JydmgKEs2rY55IysVDxldMu5X9P1ZeolRIGfvB_t_KrFwQJfqjzW_Qr02YwhpCaCMMb2Dnxw_XeqIiXnB1c9F7RUDNl7tg..'),('884d15cb2ffce12747d6e88e86d74100',1331948261,NULL,'EBm_ZHCaamzKtpVnUBFiilRya0akr3XebC7TNiymFLn0KnICAHJymnAkhI5uwgIZtqy8IUU-ur_B_xeh9PdddyQeA0Sl0_lFceGTrdEJ8rtZXPQW_YeM7aq9Xl9l8OvfUKWf_GzAF7XXrZQ2q7e53OJ1Q6rISoKJFXWmbkOKPRstQBR_cCDg7fNOJBrQcx3I'),('13e8368ba4ebab2700faef3baed34339',1331948579,NULL,'UJQjd7YGOuR5rlbnkTqpVc-sOwa6GxjzPrBOq-CzFjfIzo8-xjg--r9PKd4vowsz8wMwp3izFFYBzl3MR1U4tz5yNIxll_fWcXa3WTreUl6qaKzGuFs_aPNUHgiEeFdwIdY_AR9OGvu1iiQvt1-zp8I2bk72lPyleEqjjNBZiOUGqnuhchkq98KwNm3Q8uj2'),('df982767f86fe5c506118d85566f8c87',1331953284,NULL,'JubkX-OJwwxK1EJ183G46dGhpplYOatM-g8-AvaxsoPZXeYcGvYQ3hka1pGhaJhMCWccEiRXghPAQILlI_2r90GDo7Im-9QaQp8Cjwil8rOY3fCymPiP13bUX4sQgwXQ1DpQcGZFF7qjH7XrCEfQo1w4Kc63otaGvHtC7vxA-zI.'),('fb5e9fd25979777710d4fe98286b124e',1331953507,NULL,'EcozAuivuUUuR3YlnaSpFTYyaq_DnJFUZWoSvZO391zOwGmjnGRlOwH5FqUcN3WWrGSj7X5ccVEmUvmsMDKmpXENuUC9Ug3UX-KtL8V5jEmHzLR8uP8N2cFKqqiuphQYJ1y-74CHuWQtma_xnazG_2Q4vGc0VjWA4fzkKgR9yw4.'),('94741eed9ca5fe4e50eca480b643d36d',1331954110,NULL,'oJD9vR4vzl1o-yn-2Yu8KPc16_YLp3aI632CKhKTglAjCpTgvIDt18vUYZX_X6LuAgYWmwGIND161yF2M5vlbPNO0QdtIHBmAm49NFkmCq_4CHSXMXjzaoXkvxyMqHrUufmfK2P_q_-0gSvtd7DSMA..'),('153cd33ae98cf283c5d44de56c8c5dc0',1331961316,NULL,'CI_FWii57gkDKWlo9CiTog5NCl2BZyur1ynMCgukJxyZicWi70B3QXQbT7mw0PyOZbxmI9ffh3WpkVU8QFBEsPVPT1Tx_bNsD_1DZOLlFbWlENp-xQ50Gj-ndqTTHDTcwHGQ9IUqJfdVaBTWc00FXA..'),('b74c90db68d5383bc81e7628330aff47',1331961958,NULL,'dQ_XD2PV4rTrZ6z4uSSM3DKBo3C1SEAEV0WquSxJK1rqEKTVQzi7FzHXpgPHvL4nT4Ygdj6ZArPd8VTn8l3K_DMc5KIRfi_tHMBdKTD7wp6hk0uVQYGYRJeJRzS3hhFFJt7fHustmk7itnGA96mgST7cvv1QFKPGBeavCM7Odls.'),('97b7cf29856142a8c316a6b3467cc2d6',1331965184,NULL,'CBLcDvuFPj5mXq_jYvrpIM2PXYhZd8qFwLSEcuqgryZ9RCrwIgW8g-lrrPyF1d-7pA05GgU60EBzF7lYMxuq9jerFWvNmZZQoa93v208K_GQGMm9D-qTphUFJSLpYeUJKDTDWAz8xmGvr5OvUYNGpZCagObUPZQsG8neVTNAjW4.'),('1545740d24b4c3db567d3ce8771604e0',1331968515,NULL,'nkyso5IDfn58Kev_kEyfYZw7VO8HQ3QjjkqzGClknTBrS1D9O7kTK4Xu_PXVQgo35pDbZIqS1TNYb8wJod-zd3JecXFHuRRJZlNc_977fE237zPYtTtMxxjbzAV-s7q7IHqM82sWC9siuW1MXiVj4Q..'),('9f5ec39f72d788e15baaf45fc9cafc00',1331968747,NULL,'wpZjWyf83MdPinZdXW545x9ADNfS2IzAxiUAhBgVPPCdWa5Xu2ujb_NutrvL-Qy5sAvoBlkmxK6y7Gq_kJLcukXE0bD0sXkkPwJLDKU3wDgKwr4yA-5haZHtF1MVRKNR1mdxKFiOeSy2GNMLbCiPu3pzy0Q5CXbYaUSJF8d98GpEkeS4-qB1VHHbd9p9vdb8'),('3e6bab38e13d20c89f1ac5704b6b3c76',1331970346,NULL,'hvDkZy2fTRVZmlziLgFN9wYrlAPZ0MPC3pOHmlyIhYC10UqAA1-BIJtlzkWsWhJRLVeM9RygsErfSrCokJ-zGSw8zamsU7s9jHanbriS2lFdQhnH-QesfdIStaa9giGPmbvaNp1QheoXq4kD-52kvSYLs7wU30mkiJSFXNaCXDSyJPo_Vsy431tZMVr_iNa5'),('046fd057af24ebaa810a247dd42a2acc',1331970607,NULL,'bNJXKWCOy9YDdTdYJlD5Z9G2jJhqPfOD-zvL40JBVXgPp4KFtfbA8ww2M-36pV0jvcbJ3Q6UlOFSOf3zXgVFPPVPB_VCXH-Sb9hlumTzifE_8X1QUe7erxqWce2Jd1XFwpEjkfrC6zs7JUSHCxE2C6Hu0vZOQmjQEVOlqo2YSKssU98VNgNR8XDdFYQ5UCcd');

--
-- Table structure for table `idx_set_hook_place`
--

CREATE TABLE `idx_set_hook_place` (
  `set_hook_place_id` int(11) NOT NULL auto_increment,
  `plugin` varchar(255) default NULL,
  `set_hook_place` text,
  PRIMARY KEY  (`set_hook_place_id`)
) ENGINE=MyISAM DEFAULT CHARSET=latin1;

--
-- Dumping data for table `idx_set_hook_place`
--


--
-- Table structure for table `idx_setting`
--

CREATE TABLE `idx_setting` (
  `setting_id` int(11) NOT NULL auto_increment,
  `setting_name` varchar(255) default NULL,
  `setting_value` text,
  PRIMARY KEY  (`setting_id`)
) ENGINE=MyISAM AUTO_INCREMENT=55 DEFAULT CHARSET=latin1;

--
-- Dumping data for table `idx_setting`
--

INSERT INTO `idx_setting` VALUES (4,'site_name','a-zrealestatedirectory.com'),(5,'site_url','http://a-zrealestatedirectory.com'),(6,'email_address','kristina.spearing@gmail.com'),(7,'language_code','en_US'),(8,'theme_path','/home/azreales/public_html/themes/'),(9,'admin_template_path','/home/azreales/public_html/admin_tpl/'),(10,'plugin_path','/home/azreales/public_html/plugin/'),(12,'active_theme','_A-zrealestatedirectory'),(14,'spam_proof','1'),(15,'enable_user_validation','1'),(16,'allowed_file_extension','gif,jpg,png,pdf,zip,doc'),(17,'yahoo_appid',''),(18,'whosonline','600'),(19,'reciprocal_check','0'),(20,'urlcheck_limit','1'),(21,'pagerank_cache','30'),(22,'max_image_width','1024'),(23,'max_image_height','756'),(24,'max_file_size','500'),(25,'only_registered_can_add_link','0'),(26,'only_registered_can_add_review','0'),(27,'db_use_persistent','0'),(28,'paid_link_day_period','30,60,90,180'),(29,'paid_link_price_factor','1,1.5,2,3'),(30,'enable_html_tag','1'),(31,'allowed_html_tag','<b>,<strong>,<i>,<em>,<u>,<pre>,<blockquote>,<ol>,<ul>,<li>,<p>,<span>,<div>,<table>,<tr>,<td>'),(32,'enable_page_compression','0'),(33,'enable_category_ajax','1'),(34,'require_visit_category','0'),(35,'additional_category_price','0.5'),(36,'enable_rating_ajax','1'),(37,'service_nicecoder_avail','1'),(38,'enable_recaptcha','0'),(39,'recaptcha_publickey',''),(40,'recaptcha_privatekey',''),(41,'enable_bidding','0'),(42,'minimum_bid','5'),(43,'bid_increament','1'),(44,'charset','utf-8'),(45,'mailer','mail'),(46,'smtp_auth','0'),(47,'smtp_host',''),(48,'smtp_username',''),(49,'smtp_password',''),(50,'smtp_port','25'),(51,'emailbody_as_html','0'),(52,'indexu_version','2.4'),(53,'tos',''),(54,'submission_guidelines','');

--
-- Table structure for table `idx_tags`
--

CREATE TABLE `idx_tags` (
  `tag` varchar(64) NOT NULL default '',
  `category_id` mediumint(8) unsigned NOT NULL default '0',
  `total` int(11) NOT NULL default '0',
  `tag_path` varchar(64) NOT NULL,
  PRIMARY KEY  (`tag`,`category_id`)
) ENGINE=MyISAM DEFAULT CHARSET=latin1;

--
-- Dumping data for table `idx_tags`
--


--
-- Table structure for table `idx_unavailable`
--

CREATE TABLE `idx_unavailable` (
  `idx_unavailable` int(11) NOT NULL auto_increment,
  `link_id` int(11) default NULL,
  `url` varchar(255) default NULL,
  `who_is` varchar(255) default NULL,
  `note` text,
  `date` datetime default NULL,
  PRIMARY KEY  (`idx_unavailable`)
) ENGINE=MyISAM DEFAULT CHARSET=latin1;

--
-- Dumping data for table `idx_unavailable`
--


--
-- Table structure for table `idx_unavailable_latest`
--

CREATE TABLE `idx_unavailable_latest` (
  `idx_link` int(11) default NULL,
  `record_execution` int(11) default NULL
) ENGINE=MyISAM DEFAULT CHARSET=latin1;

--
-- Dumping data for table `idx_unavailable_latest`
--


--
-- Table structure for table `idx_users`
--

CREATE TABLE `idx_users` (
  `username` varchar(20) NOT NULL default '',
  `password` varchar(50) NOT NULL,
  `name` varchar(50) default NULL,
  `email` varchar(50) default NULL,
  `date` date default NULL,
  `status` char(1) default NULL,
  `vcode` varchar(4) default NULL,
  `group_id` tinyint(4) default NULL,
  `homepage` varchar(100) default NULL,
  `icq` varchar(20) default NULL,
  `aol` varchar(20) default NULL,
  `yahoo` varchar(20) default NULL,
  `biography` text,
  `location` varchar(50) default NULL,
  `interest` varchar(50) default NULL,
  `occupation` varchar(50) default NULL,
  PRIMARY KEY  (`username`)
) ENGINE=MyISAM DEFAULT CHARSET=latin1;

--
-- Dumping data for table `idx_users`
--

INSERT INTO `idx_users` VALUES ('admin','5debb55cf92b1ab6cdaae52f1f92f913','Administrator','kristina.spearing@gmail.com','2012-01-25','1','',0,'','','','','','','',''),('idsgroup','5d0403ae7d5b14db50983de7891e0e54',NULL,'admin@idsgroup.kz','2012-03-08','0','8636',2,NULL,NULL,NULL,NULL,NULL,NULL,NULL,NULL),('aangeliascott','ed65879477403baad10748a88a17326b','','aangeliascott@gmail.com','2012-03-13','1','9568',2,'http://','','','','','','',''),('1simonpeterson1','56fa861e6605dd8f0116fe66ac20705b','','1simonpeterson1@gmail.com','2012-03-13','1','2386',2,'http://','','','','','','','');

--
-- Table structure for table `idx_votes`
--

CREATE TABLE `idx_votes` (
  `link_id` mediumint(9) NOT NULL default '0',
  `ip` varchar(100) default NULL,
  `value` tinyint(4) default NULL
) ENGINE=MyISAM DEFAULT CHARSET=latin1;

--
-- Dumping data for table `idx_votes`
--



