--
-- Host: findlawyersonline.net    Database: findlawy_indexu
-- ------------------------------------------------------


--
-- Not dumping tablespaces as no INFORMATION_SCHEMA.FILES table on this server
--

--
-- Table structure for table `directory_save_data`
--

CREATE TABLE `directory_save_data` (
  `id` bigint(100) NOT NULL auto_increment,
  `schedule_id` bigint(100) NOT NULL,
  `project_id` bigint(100) NOT NULL,
  `link_id` bigint(100) NOT NULL,
  `confirm_link` text NOT NULL,
  `category_id` int(10) NOT NULL,
  `category_name` varchar(150) NOT NULL,
  PRIMARY KEY  (`id`)
) ENGINE=InnoDB DEFAULT CHARSET=latin1;

--
-- Dumping data for table `directory_save_data`
--


--
-- Table structure for table `idx_admin_menu`
--

CREATE TABLE `idx_admin_menu` (
  `menu_id` int(11) NOT NULL auto_increment,
  `parent_id` int(11) default NULL,
  `menu_title` varchar(255) default NULL,
  `menu_url` varchar(255) default NULL,
  `order_number` int(11) default NULL,
  PRIMARY KEY  (`menu_id`)
) ENGINE=MyISAM AUTO_INCREMENT=85 DEFAULT CHARSET=latin1;

--
-- Dumping data for table `idx_admin_menu`
--

INSERT INTO `idx_admin_menu` VALUES (1,0,'Dashboard','summary.php',0),(3,0,'Categories','cat_view.php',0),(4,3,'View/ Edit/ Delete','cat_view.php',1),(5,3,'Add New Category','cat_add.php',2),(2,1,'Summary','summary.php',1),(7,3,'Check Category Structure','cat_struc.php',4),(8,3,'Update Category Path','cat_path_update.php',5),(6,3,'Pending Category','cat_pending_suggestion.php',3),(9,3,'Set Default Price','cat_set_default_price.php',6),(10,3,'Hidden Category','cat_view_hidden.php',7),(11,3,'Registered Users Only','cat_view_registered_only.php',8),(12,3,'Search Category','cat_search.php',9),(13,0,'Links','link_search.php',0),(14,13,'Search/ Edit/ Delete','link_search.php',1),(15,13,'Add New Link','link_add.php',2),(16,13,'Validate Link','link_validate.php',3),(17,13,'Premium Listing','link_premium_listing.php',4),(18,13,'Sponsored Listing','link_sponsored_listing.php',5),(19,13,'Suspended Listing','link_suspended_listing.php',6),(20,13,'Spam Links','link_validate.php?spam=1',7),(22,13,'Update Number of Links','app_update_nol.php',9),(23,13,'Update Tag Clouds','tag_cloud_update.php',10),(21,13,'Editor Pick Links','link_editor_pick.php',8),(25,13,'Validate Reviews','review_validate.php',11),(26,13,'Discount Coupon','coupon.php',12),(27,13,'Default Field','link_default_field.php',13),(28,13,'Custom Field','link_custom_field.php',14),(29,0,'Users','user_active.php',0),(30,29,'View All','user_active.php',1),(31,29,'Add New User','user_add.php',2),(32,29,'View Suspend','user_suspend.php',3),(33,29,'View Unactive','user_active.php?pflag=Unactive',4),(34,29,'Search User','user_search.php',5),(35,0,'Editors','editor_add.php',0),(36,35,'Add New Editor','editor_add.php',1),(37,35,'Validate Editors','editor_validate.php',2),(38,0,'Invoices','inv_config.php',0),(39,38,'Configure','inv_config.php',1),(40,38,'Create An Invoice','inv_create.php',2),(41,38,'Paid Invoice','inv_paid.php',3),(42,38,'Unpaid Invoice','inv_unpaid.php',4),(43,38,'Overdue Invoice','inv_overdue.php',5),(44,38,'Payment History','pay_history.php',6),(45,0,'Mailling Systems','message_view.php',0),(46,45,'Send/ Edit/ Delete','message_view.php',1),(47,45,'Create Template','message_create.php',2),(48,45,'Mailing List Subscribers','message_subscriber.php',3),(49,0,'Templates','template_manager.php',0),(50,49,'Site Templates Manager','template_manager.php',1),(51,49,'Import Site Template','template_import.php',2),(52,49,'Export Site Template','template_export.php',3),(53,49,'Email Templates','email_template.php',4),(54,49,'Export Email Template','email_template_export.php',5),(55,49,'Import Email Template','email_template_import.php',6),(56,0,'Tools','link_duplicate.php',0),(57,56,'Find Duplicate Link','link_duplicate.php',1),(58,56,'Broken Link Report','link_bad.php',2),(59,56,'Spider Link CheckUrl','checkurl_web.php',3),(60,56,'Block Name server Domain','blocked_domain_list.php',4),(61,56,'Add Block Name server Domain','add_blocked_domain.php',5),(62,56,'Unavailable domain listing','unavailable_link_list.php',6),(63,56,'Clear Template Cache','clear_templates_c.php',7),(64,56,'PHP Configuration','phpinfo.php',8),(65,56,'Sitemap Generator','sitemap.php',9),(66,56,'Cronjobs','cronjobs.php',10),(67,56,'Fetch Meta','fetch_meta.php',11),(68,56,'Hook Place','hook_place.php',12),(69,56,'CheckUrl Result','link_checkurl.php',13),(70,56,'View Search Log','log_search.php',14),(71,56,'Bad Words Filter','badword_filter.php',15),(72,0,'Options','app_setup.php',0),(73,72,'Setup','app_setup.php',1),(74,72,'Page Caching','app_page_caching.php',2),(75,72,'Mod-rewrite','app_mod_rewrite.php',3),(76,72,'Change Password','app_change_pwd.php',4),(77,0,'Database','db_import.php',0),(78,77,'Import','db_import.php',1),(79,77,'Export','db_export.php',2),(80,77,'Backup','db_backup.php',3),(81,77,'Query','db_query.php',4),(82,77,'Find Replace','db_find_replace.php',5),(83,0,'Plugins','plugin_listing.php',0),(84,83,'View All','plugin_listing.php',1);

--
-- Table structure for table `idx_bad_link`
--

CREATE TABLE `idx_bad_link` (
  `bad_link_id` mediumint(9) unsigned NOT NULL auto_increment,
  `link_id` mediumint(9) unsigned NOT NULL default '0',
  `name` varchar(50) NOT NULL default '',
  `email` varchar(50) NOT NULL default '',
  `type` tinyint(3) unsigned NOT NULL default '0',
  `date` date NOT NULL default '0000-00-00',
  PRIMARY KEY  (`bad_link_id`)
) ENGINE=MyISAM DEFAULT CHARSET=latin1;

--
-- Dumping data for table `idx_bad_link`
--


--
-- Table structure for table `idx_badwords`
--

CREATE TABLE `idx_badwords` (
  `word` varchar(100) NOT NULL default ''
) ENGINE=MyISAM DEFAULT CHARSET=latin1;

--
-- Dumping data for table `idx_badwords`
--


--
-- Table structure for table `idx_blocked_domain`
--

CREATE TABLE `idx_blocked_domain` (
  `blocked_id` int(11) NOT NULL auto_increment,
  `blocked` varchar(255) default NULL,
  `type` enum('domain','ip') default NULL,
  PRIMARY KEY  (`blocked_id`)
) ENGINE=MyISAM AUTO_INCREMENT=6 DEFAULT CHARSET=latin1;

--
-- Dumping data for table `idx_blocked_domain`
--

INSERT INTO `idx_blocked_domain` VALUES (1,'buydomains.com','domain'),(2,'this-domain-for-sale.com ','domain'),(3,'oversee.net','domain'),(4,'eNom','domain'),(5,'sedoparking.com','domain');

--
-- Table structure for table `idx_category`
--

CREATE TABLE `idx_category` (
  `category_id` mediumint(9) unsigned NOT NULL auto_increment,
  `parent_id` mediumint(9) unsigned NOT NULL default '0',
  `name` varchar(100) NOT NULL default '',
  `description` text NOT NULL,
  `image` varchar(100) default NULL,
  `content` text,
  `visible` char(1) default NULL,
  `links` mediumint(9) default NULL,
  `meta_keyword` text,
  `meta_description` text,
  `permission` char(2) default NULL,
  `registered_only` char(1) default NULL,
  `header` text NOT NULL,
  `footer` text NOT NULL,
  `related` mediumint(6) NOT NULL default '0',
  `page_title` varchar(200) NOT NULL default '',
  `hits` int(11) NOT NULL default '0',
  `order_num` smallint(6) NOT NULL default '0',
  `basic_price` double unsigned NOT NULL default '0',
  `premium_price` double unsigned NOT NULL default '0',
  `sponsored_price` double unsigned NOT NULL default '0',
  PRIMARY KEY  (`category_id`)
) ENGINE=MyISAM AUTO_INCREMENT=34 DEFAULT CHARSET=latin1;

--
-- Dumping data for table `idx_category`
--

INSERT INTO `idx_category` VALUES (1,0,'Bankruptcy','','folder.gif','','1',0,'','','0','0','','',0,'',0,0,0,0,0),(2,0,'Constitutional','','folder.gif','','1',0,'','','0','0','','',0,'',0,0,0,0,0),(3,0,'Corporate Law ','','folder.gif','','1',0,'','','0','0','','',0,'',0,0,0,0,0),(4,0,'Courts & Commerce','','folder.gif','','1',0,'','','0','0','','',0,'',0,0,0,0,0),(5,0,'Criminal Lawyer','','folder.gif','','1',0,'','','0','0','','',0,'',0,0,0,0,0),(6,0,'Defense Law','','folder.gif','','1',0,'','','0','0','','',0,'',0,0,0,0,0),(7,0,'Disabilities Law Services','','folder.gif','','1',0,'','','0','0','','',0,'',0,0,0,0,0),(8,0,'Drunk Driving Attorneys','','folder.gif','','1',0,'','','0','0','','',0,'',0,0,0,0,0),(9,0,'Enforcement','','folder.gif','','1',0,'','','0','0','','',0,'',0,0,0,0,0),(10,0,'Environmental','','folder.gif','','1',0,'','','0','0','','',0,'',0,0,0,0,0),(11,0,'Estate Planning Lawyers','','folder.gif','','1',0,'','','0','0','','',0,'',0,0,0,0,0),(12,0,'Family Lawyer','','folder.gif','','1',0,'','','0','0','','',0,'',0,0,0,0,0),(13,0,'Federal Administrative Law','','folder.gif','','1',0,'','','0','0','','',0,'',0,0,0,0,0),(14,0,'General Law','','folder.gif','','1',0,'','','0','0','','',0,'',0,0,0,0,0),(15,0,'Immigration Law','','folder.gif','','1',0,'','','0','0','','',0,'',0,0,0,0,0),(16,0,'Indigenous Peoples Lawyer','','folder.gif','','1',0,'','','0','0','','',0,'',0,0,0,0,0),(17,0,'Insurance ','','folder.gif','','1',0,'','','0','0','','',0,'',0,0,0,0,0),(18,0,'Intellectual Property Law ','','folder.gif','','1',0,'','','0','0','','',0,'',0,0,0,0,0),(19,0,'Labor and Employment ','','folder.gif','','1',0,'','','0','0','','',0,'',0,0,0,0,0),(20,0,'Law Education','','folder.gif','','1',0,'','','0','0','','',0,'',1,0,0,0,0),(21,0,'Law Organizations ','','folder.gif','','1',0,'','','0','0','','',0,'',0,0,0,0,0),(22,0,'Lawyers','','folder.gif','','1',0,'','','0','0','','',0,'',0,0,0,0,0),(23,0,'Legal Information','','folder.gif','','1',0,'','','0','0','','',0,'',0,0,0,0,0),(24,0,'Legal Services','','folder.gif','','1',0,'','','0','0','','',0,'',0,0,0,0,0),(25,0,'Libraries ','','folder.gif','','1',0,'','','0','0','','',0,'',0,0,0,0,0),(26,0,'Malpractice Law','','folder.gif','','1',0,'','','0','0','','',0,'',0,0,0,0,0),(27,0,'Maritime and Admiralty ','','folder.gif','','1',0,'','','0','0','','',0,'',0,0,0,0,0),(28,0,'Military','','folder.gif','','1',0,'','','0','0','','',0,'',0,0,0,0,0),(29,0,'Personal Injury Lawyer','','folder.gif','','1',0,'','','0','0','','',0,'',0,0,0,0,0),(30,0,'Property Law','','folder.gif','','1',0,'','','0','0','','',0,'',0,0,0,0,0),(31,0,'Prosecuting Attorneys','','folder.gif','','1',0,'','','0','0','','',0,'',0,0,0,0,0),(32,0,'Taxation','','folder.gif','','1',0,'','','0','0','','',0,'',0,0,0,0,0),(33,0,'Workers Compensation Law','','folder.gif','','1',0,'','','0','0','','',0,'',0,0,0,0,0);

--
-- Table structure for table `idx_category_path`
--

CREATE TABLE `idx_category_path` (
  `category_id` mediumint(9) NOT NULL default '0',
  `path` text,
  `path_with_url` text,
  `parents` text,
  PRIMARY KEY  (`category_id`)
) ENGINE=MyISAM DEFAULT CHARSET=latin1;

--
-- Dumping data for table `idx_category_path`
--

INSERT INTO `idx_category_path` VALUES (1,'Bankruptcy','<a href=\"http://findlawyersonline.net/bankruptcy/\" name=\"cat_1\" style=\"\">Bankruptcy</a>',';0;'),(2,'Constitutional','<a href=\"http://findlawyersonline.net/constitutional/\" name=\"cat_2\" style=\"\">Constitutional</a>',';0;'),(3,'Corporate Law ','<a href=\"http://findlawyersonline.net/corporate-law/\" name=\"cat_3\" style=\"\">Corporate Law </a>',';0;'),(4,'Courts & Commerce','<a href=\"http://findlawyersonline.net/courts-commerce/\" name=\"cat_4\" style=\"\">Courts & Commerce</a>',';0;'),(5,'Criminal Lawyer','<a href=\"http://findlawyersonline.net/criminal-lawyer/\" name=\"cat_5\" style=\"\">Criminal Lawyer</a>',';0;'),(6,'Defense Law','<a href=\"http://findlawyersonline.net/defense-law/\" name=\"cat_6\" style=\"\">Defense Law</a>',';0;'),(7,'Disabilities Law Services','<a href=\"http://findlawyersonline.net/disabilities-law-services/\" name=\"cat_7\" style=\"\">Disabilities Law Services</a>',';0;'),(8,'Drunk Driving Attorneys','<a href=\"http://findlawyersonline.net/drunk-driving-attorneys/\" name=\"cat_8\" style=\"\">Drunk Driving Attorneys</a>',';0;'),(9,'Enforcement','<a href=\"http://findlawyersonline.net/enforcement/\" name=\"cat_9\" style=\"\">Enforcement</a>',';0;'),(10,'Environmental','<a href=\"http://findlawyersonline.net/environmental/\" name=\"cat_10\" style=\"\">Environmental</a>',';0;'),(11,'Estate Planning Lawyers','<a href=\"http://findlawyersonline.net/estate-planning-lawyers/\" name=\"cat_11\" style=\"\">Estate Planning Lawyers</a>',';0;'),(12,'Family Lawyer','<a href=\"http://findlawyersonline.net/family-lawyer/\" name=\"cat_12\" style=\"\">Family Lawyer</a>',';0;'),(13,'Federal Administrative Law','<a href=\"http://findlawyersonline.net/federal-administrative-law/\" name=\"cat_13\" style=\"\">Federal Administrative Law</a>',';0;'),(14,'General Law','<a href=\"http://findlawyersonline.net/general-law/\" name=\"cat_14\" style=\"\">General Law</a>',';0;'),(15,'Immigration Law','<a href=\"http://findlawyersonline.net/immigration-law/\" name=\"cat_15\" style=\"\">Immigration Law</a>',';0;'),(16,'Indigenous Peoples Lawyer','<a href=\"http://findlawyersonline.net/indigenous-peoples-lawyer/\" name=\"cat_16\" style=\"\">Indigenous Peoples Lawyer</a>',';0;'),(17,'Insurance ','<a href=\"http://findlawyersonline.net/insurance/\" name=\"cat_17\" style=\"\">Insurance </a>',';0;'),(18,'Intellectual Property Law ','<a href=\"http://findlawyersonline.net/intellectual-property-law/\" name=\"cat_18\" style=\"\">Intellectual Property Law </a>',';0;'),(19,'Labor and Employment ','<a href=\"http://findlawyersonline.net/labor-and-employment/\" name=\"cat_19\" style=\"\">Labor and Employment </a>',';0;'),(20,'Law Education','<a href=\"http://findlawyersonline.net/law-education/\" name=\"cat_20\" style=\"\">Law Education</a>',';0;'),(21,'Law Organizations ','<a href=\"http://findlawyersonline.net/law-organizations/\" name=\"cat_21\" style=\"\">Law Organizations </a>',';0;'),(22,'Lawyers','<a href=\"http://findlawyersonline.net/lawyers/\" name=\"cat_22\" style=\"\">Lawyers</a>',';0;'),(23,'Legal Information','<a href=\"http://findlawyersonline.net/legal-information/\" name=\"cat_23\" style=\"\">Legal Information</a>',';0;'),(24,'Legal Services','<a href=\"http://findlawyersonline.net/legal-services/\" name=\"cat_24\" style=\"\">Legal Services</a>',';0;'),(25,'Libraries ','<a href=\"http://findlawyersonline.net/libraries/\" name=\"cat_25\" style=\"\">Libraries </a>',';0;'),(26,'Malpractice Law','<a href=\"http://findlawyersonline.net/malpractice-law/\" name=\"cat_26\" style=\"\">Malpractice Law</a>',';0;'),(27,'Maritime and Admiralty ','<a href=\"http://findlawyersonline.net/maritime-and-admiralty/\" name=\"cat_27\" style=\"\">Maritime and Admiralty </a>',';0;'),(28,'Military','<a href=\"http://findlawyersonline.net/military/\" name=\"cat_28\" style=\"\">Military</a>',';0;'),(29,'Personal Injury Lawyer','<a href=\"http://findlawyersonline.net/personal-injury-lawyer/\" name=\"cat_29\" style=\"\">Personal Injury Lawyer</a>',';0;'),(30,'Property Law','<a href=\"http://findlawyersonline.net/property-law/\" name=\"cat_30\" style=\"\">Property Law</a>',';0;'),(31,'Prosecuting Attorneys','<a href=\"http://findlawyersonline.net/prosecuting-attorneys/\" name=\"cat_31\" style=\"\">Prosecuting Attorneys</a>',';0;'),(32,'Taxation','<a href=\"http://findlawyersonline.net/taxation/\" name=\"cat_32\" style=\"\">Taxation</a>',';0;'),(33,'Workers Compensation Law','<a href=\"http://findlawyersonline.net/workers-compensation-law/\" name=\"cat_33\" style=\"\">Workers Compensation Law</a>',';0;');

--
-- Table structure for table `idx_category_suggession`
--

CREATE TABLE `idx_category_suggession` (
  `id_cat_suggession` int(11) NOT NULL auto_increment,
  `parent_id` int(11) default NULL,
  `name` varchar(255) default NULL,
  `category_description` text,
  `date` datetime default NULL,
  PRIMARY KEY  (`id_cat_suggession`)
) ENGINE=MyISAM DEFAULT CHARSET=latin1;

--
-- Dumping data for table `idx_category_suggession`
--


--
-- Table structure for table `idx_checkurl`
--

CREATE TABLE `idx_checkurl` (
  `link_id` mediumint(9) NOT NULL default '0',
  `date` date NOT NULL default '0000-00-00',
  `live` char(1) NOT NULL default '',
  `reciprocal_found` char(1) NOT NULL default '',
  PRIMARY KEY  (`link_id`)
) ENGINE=MyISAM DEFAULT CHARSET=latin1;

--
-- Dumping data for table `idx_checkurl`
--


--
-- Table structure for table `idx_cronjobs`
--

CREATE TABLE `idx_cronjobs` (
  `cronjobs_id` int(11) NOT NULL auto_increment,
  `cronjobs_name` varchar(255) default NULL,
  `filename` varchar(255) NOT NULL,
  `schedule` varchar(255) NOT NULL,
  `time` datetime NOT NULL,
  `execution` varchar(1) NOT NULL,
  PRIMARY KEY  (`cronjobs_id`)
) ENGINE=MyISAM AUTO_INCREMENT=4 DEFAULT CHARSET=latin1;

--
-- Dumping data for table `idx_cronjobs`
--

INSERT INTO `idx_cronjobs` VALUES (1,NULL,'clear_templates_c.php','1,*,*,*,*','0000-00-00 00:00:00',''),(2,NULL,'update_tag_cloud.php','*,24,*,*,*','0000-00-00 00:00:00',''),(3,NULL,'clear_rss_cache.php','*,24,*,*,*','0000-00-00 00:00:00','');

--
-- Table structure for table `idx_custom_field`
--

CREATE TABLE `idx_custom_field` (
  `field_name` varchar(32) NOT NULL default '',
  `field_text` varchar(64) NOT NULL default '',
  `field_type` enum('TEXT','TEXTAREA','SELECT','MULTISELECT','CHECKBOX','RADIO','FILE','IMAGE','DATE','DATETIME','RICHEDITOR') NOT NULL default 'TEXT',
  `field_option` text NOT NULL,
  `field_img_width` int(10) unsigned NOT NULL default '0',
  `field_img_height` int(10) unsigned NOT NULL default '0',
  `field_file_size` int(10) unsigned NOT NULL default '0',
  `field_file_extension` varchar(64) NOT NULL default '',
  `required` char(1) NOT NULL default '0',
  `searchable` char(1) NOT NULL default '1',
  `permission` char(1) NOT NULL default '0'
) ENGINE=MyISAM DEFAULT CHARSET=latin1;

--
-- Dumping data for table `idx_custom_field`
--

INSERT INTO `idx_custom_field` VALUES ('image','Image','IMAGE','',0,0,0,'','0','0','2'),('address','Address','TEXT','',0,0,0,'','0','0','0'),('city','City','TEXT','',0,0,0,'','0','0','0'),('state','State','TEXT','',0,0,0,'','0','0','0'),('country','Country','TEXT','',0,0,0,'','0','0','0'),('zip','Zip','TEXT','',0,0,0,'','0','0','0'),('phone','Phone','TEXT','',0,0,0,'','0','0','0'),('fax','Fax','TEXT','',0,0,0,'','0','0','0');

--
-- Table structure for table `idx_default_field`
--

CREATE TABLE `idx_default_field` (
  `field_name` varchar(64) NOT NULL,
  `required` char(1) NOT NULL,
  `visible` char(1) NOT NULL default '1',
  `searchable` char(1) NOT NULL default '1'
) ENGINE=MyISAM DEFAULT CHARSET=latin1;

--
-- Dumping data for table `idx_default_field`
--

INSERT INTO `idx_default_field` VALUES ('title','1','1','1'),('url','1','1','1'),('description','1','1','1'),('keywords','1','1','0'),('contact_name','1','1','1'),('email','1','1','1'),('reciprocal_url','0','0','1');

--
-- Table structure for table `idx_discount_coupon`
--

CREATE TABLE `idx_discount_coupon` (
  `coupon_id` int(11) NOT NULL auto_increment,
  `coupon_code` varchar(255) default NULL,
  `coupon_value` varchar(50) default NULL,
  `link_type` varchar(255) default NULL,
  `start_date` date default NULL,
  `expired_date` date default NULL,
  `expired_usage` int(11) default NULL,
  `usage_count` int(11) default NULL,
  PRIMARY KEY  (`coupon_id`)
) ENGINE=MyISAM DEFAULT CHARSET=latin1;

--
-- Dumping data for table `idx_discount_coupon`
--


--
-- Table structure for table `idx_editor`
--

CREATE TABLE `idx_editor` (
  `username` varchar(20) default NULL,
  `category_id` mediumint(9) default NULL,
  `category` char(1) default NULL,
  `link` char(1) default NULL,
  `review` char(1) default NULL,
  `pick` char(1) default NULL,
  `status` char(1) default NULL,
  `date` date default NULL
) ENGINE=MyISAM DEFAULT CHARSET=latin1;

--
-- Dumping data for table `idx_editor`
--


--
-- Table structure for table `idx_email_template`
--

CREATE TABLE `idx_email_template` (
  `email_template_id` int(10) unsigned NOT NULL auto_increment,
  `name` varchar(255) default NULL,
  `subject` varchar(255) default NULL,
  `body` text,
  `altbody` text,
  PRIMARY KEY  (`email_template_id`)
) ENGINE=MyISAM AUTO_INCREMENT=37 DEFAULT CHARSET=latin1;

--
-- Dumping data for table `idx_email_template`
--

INSERT INTO `idx_email_template` VALUES (1,'add_ok','Resource Added','<div style=\"font-weight:bold;\">Thank you for your submission to <%$site_name%></div>\r\n<p>\r\n<div style=\"float:left;width:200px;\">Resource ID</div>\r\n<div style=\"float:left;width:10px;\"> : </div>\r\n<div style=\"float:left;width:200px;\"><%$link_id%></div>\r\n<div style=\"float:left;width:200px;\">Title</div>\r\n<div style=\"float:left;width:10px;\"> : </div>\r\n<div style=\"float:left;width:200px;\"><%$title%></div>\r\n<div style=\"float:left;width:200px;\">Url</div>\r\n<div style=\"float:left;width:10px;\">  : </div>\r\n<div style=\"float:left;width:200px;\"><%$url%></div>\r\n<div style=\"float:left;width:200px;\">Description </div>\r\n<div style=\"float:left;width:10px;\"> : </div>\r\n<div style=\"float:left;width:200px;\"><%$description%></div>\r\n<div style=\"float:left;width:200px;\">Category </div>\r\n<div style=\"float:left;width:10px;\"> : </div>\r\n<div style=\"float:left;width:200px;\"><%$category%></div>\r\n<div style=\"float:left;width:200px;\">Contact name</div>\r\n<div style=\"float:left;width:10px;\"> : </div>\r\n<div style=\"float:left;width:200px;\"><%$contact_name%></div>\r\n<div style=\"float:left;width:200px;\">Email</div>\r\n<div style=\"float:left;width:10px;\">  : </div>\r\n<div style=\"float:left;width:200px;\"><%$email%></div>\r\n<div style=\"float:left;width:200px;\">Password </div>\r\n<div style=\"float:left;width:10px;\"> : </div>\r\n<div style=\"float:left;width:200px;\"><%$password%></div>\r\n<p>\r\nYour link has been added.\r\n<p>\r\n<p>\r\nRegards,\r\n<p>\r\n<%$site_name%> Team\r\n','Thank you for your submission to <%$site_name%>\r\nResource ID  : <%$link_id%>\r\nTitle        : <%$title%>\r\nUrl          : <%$url%>\r\nDescription  : <%$description%>\r\nCategory     : <%$category%>\r\nContact name : <%$contact_name%>\r\nEmail        : <%$email%>\r\nPassword     : <%$password%>\r\nYour link has been added.\r\nRegards,\r\n<%$site_name%> Team'),(2,'add_ok_editor','Resource Added','<div style=\"font-family:arial;font-size:12px;\">\r\nThere\'s a new submission to <b><%$site_name%></b>.\r\n<p>\r\n<p>\r\n<table cellspacing=0 cellpadding=0>\r\n<tr><td style=\"width:100px;\">Resource ID</td><td style=\"width:10px;\">:</td><td ><%$link_id%></td></tr>\r\n<tr><td style=\"width:100px;\">Title</td><td style=\"width:10px;\">:</td><td ><%$title%></td></tr>\r\n<tr><td style=\"width:100px;\">Url</td><td style=\"width:10px;\">:</td><td ><%$url%></td></tr>\r\n<tr><td style=\"width:100px;\">Description</td><td style=\"width:10px;\">:</td><td ><%$description%></td></tr>\r\n<tr><td style=\"width:100px;\">Category</td><td style=\"width:10px;\">:</td><td ><%$category%></td></tr>\r\n<tr><td style=\"width:100px;\">Contact name</td><td style=\"width:10px;\">:</td><td ><%$contact_name%></td></tr>\r\n<tr><td style=\"width:100px;\">Email/td><td style=\"width:10px;\">:</td><td ><%$email%></td></tr>\r\n</table>\r\n<p>\r\nThe category permissions allow webmasters to add/modify links without needing approval.\r\nThe link has been added.\r\n<p>\r\n<p>\r\nRegards,\r\n<p>\r\n<%$site_name%> Team\r\n</div>','There\'s a new submission to <%$site_name%>.\r\nResource ID  : <%$link_id%>\r\nTitle        : <%$title%>\r\nUrl          : <%$url%>\r\nDescription  : <%$description%>\r\nCategory     : <%$category%>\r\nContact name : <%$contact_name%>\r\nEmail        : <%$email%>\r\nThe category permissions allow webmasters to add/modify links without needing approval.\r\nThe link has beed added.\r\nRegards,\r\n<%$site_name%> Team\r\n'),(3,'add_ok_subscriber','Resource Added','<div style=\"font-family:arial;font-size:12px;\">\r\nYou are receiving this email because you have a subscription for update notifications in <b><%$category%></b> category.\r\n<p>\r\nThere\'s a new submission to <b><%$site_name%><b>.\r\n<p>\r\n<table cellspacing=0 cellpadding=0>\r\n<tr><td style=\"width:100px;\">Resource ID</td><td style=\"width:10px;\">:</td><td ><%$link_id%></td></tr>\r\n<tr><td style=\"width:100px;\">Title</td><td style=\"width:10px;\">:</td><td ><%$title%></td></tr>\r\n<tr><td style=\"width:100px;\">Url</td><td style=\"width:10px;\">:</td><td ><%$url%></td></tr>\r\n<tr><td style=\"width:100px;\">Description</td><td style=\"width:10px;\">:</td><td ><%$description%></td></tr>\r\n<tr><td style=\"width:100px;\">Category</td><td style=\"width:10px;\">:</td><td ><%$category%></td></tr>\r\n<tr><td style=\"width:100px;\">Contact name</td><td style=\"width:10px;\">:</td><td ><%$contact_name%></td></tr>\r\n</table>\r\n<p>\r\n<p>\r\nRegards,\r\n<p>\r\n<b><%$site_name%></b> Team\r\n</div>','You are receiving this email because you have a subscription for update notifications in <%$category%> category.\r\nThere\'s a new submission to <%$site_name%>.\r\nResource ID  : <%$link_id%>\r\nTitle        : <%$title%>\r\nUrl          : <%$url%>\r\nDescription  : <%$description%>\r\nCategory     : <%$category%>\r\nContact name : <%$contact_name%>\r\nRegards,\r\n<%$site_name%> Team\r\n'),(4,'add_pending','Pending Resource','<div style=\"font-family:arial;font-size:12px;\">\r\nThank you for your submission to <b><%$site_name%></b>.\r\n<p>\r\n<table cellspacing=0 cellpadding=0>\r\n<tr><td style=\"width:100px;\">Title</td><td style=\"width:10px;\">:</td><td ><%$title%></td></tr>\r\n<tr><td style=\"width:100px;\">Url</td><td style=\"width:10px;\">:</td><td ><%$url%></td></tr>\r\n<tr><td style=\"width:100px;\">Description</td><td style=\"width:10px;\">:</td><td ><%$description%></td></tr>\r\n<tr><td style=\"width:100px;\">Category</td><td style=\"width:10px;\">:</td><td ><%$category%></td></tr>\r\n<tr><td style=\"width:100px;\">Contact name</td><td style=\"width:10px;\">:</td><td ><%$contact_name%></td></tr>\r\n<tr><td style=\"width:100px;\">Email</td><td style=\"width:10px;\">:</td><td ><%$email%></td></tr>\r\n</table>\r\n<p>\r\n<p>\r\nYour link will be reviewed by our team. We will contact you as soon <br>\r\nas we have reviewed your link.\r\n<p>\r\n<p>\r\nRegards,\r\n<p>\r\n<b><%$site_name%></b> Team\r\n</div>','Thank you for your submission to <%$site_name%>.\r\nTitle        : <%$title%>\r\nUrl          : <%$url%>\r\nDescription  : <%$description%>\r\nCategory     : <%$category%>\r\nContact name : <%$contact_name%>\r\nEmail        : <%$email%>\r\nYour link will be reviewed by our team. We will contact you as soon \r\nas we have reviewed your link.\r\nRegards,\r\n<%$site_name%> Team\r\n'),(5,'add_pending_editor','Pending Resource','<div style=\"font-family:arial;font-size:12px;\">\r\nThere\'s a new submission to <b><%$site_name%></b>.\r\n<p>\r\n<table cellspacing=0 cellpadding=0>\r\n<tr><td style=\"width:100px;\">Title</td><td style=\"width:10px;\">:</td><td ><%$title%></td></tr>\r\n<tr><td style=\"width:100px;\">Url</td><td style=\"width:10px;\">:</td><td ><%$url%></td></tr>\r\n<tr><td style=\"width:100px;\">Description</td><td style=\"width:10px;\">:</td><td ><%$description%></td></tr>\r\n<tr><td style=\"width:100px;\">Category</td><td style=\"width:10px;\">:</td><td ><%$category%></td></tr>\r\n<tr><td style=\"width:100px;\">Contact name</td><td style=\"width:10px;\">:</td><td ><%$contact_name%></td></tr>\r\n<tr><td style=\"width:100px;\">Email</td><td style=\"width:10px;\">:</td><td ><%$email%></td></tr>\r\n</table>\r\n<p>\r\n<p>\r\nYou need to review this link here:<br>\r\n<label style=\"margin-left:10px;\"><a href=\"<%$site_url%>/cp/editor_link_validate.php\"><%$site_url%>/cp/editor_link_validate.php</a></label><br>\r\nYou can approve this submission by clicking here:<br>\r\n<label style=\"margin-left:10px;\"><a href=\"<%$approve_notice%>\"><%$approve_notice%></a></label><br>\r\nYou can reject this submission by clicking here:<br>\r\n<label style=\"margin-left:10px;\"><a href=\"<%$reject_notice%>\"><%$reject_notice%></a></label><br>\r\nSilent reject here:<br>\r\n<label style=\"margin-left:10px;\"><a href=\"<%$reject_silent%>\"><%$reject_silent%></a></label><br>\r\n\r\n<p>\r\n<p>\r\nRegards,\r\n<p>\r\n<b><%$site_name%></b> Team\r\n</div>\r\n','There\'s a new submission to <%$site_name%>.\r\nTitle        : <%$title%>\r\nUrl          : <%$url%>\r\nDescription  : <%$description%>\r\nCategory     : <%$category%>\r\nContact name : <%$contact_name%>\r\nEmail        : <%$email%>\r\nYou need to review this link here:\r\n<%$site_url%>/cp/editor_link_validate.php\r\nYou can approve this submission by clicking here:\r\n<%$approve_notice%>\r\nYou can reject this submission by clicking here:\r\n<%$reject_notice%>\r\nSilent reject here:\r\n<%$reject_silent%>\r\n\r\nRegards,\r\n<%$site_name%> Team\r\n'),(6,'approved','Editor Approved.','<div style=\"font-family:arial;font-size:12px;\">\r\nYour submission at <b><%$site_name%></b> has been approved.\r\n<p>\r\n<table cellspacing=0 cellpadding=0>\r\n<tr><td style=\"width:100px;\">Resource ID</td><td style=\"width:10px;\">:</td><td ><%$link_id%></td></tr>\r\n<tr><td style=\"width:100px;\">Title</td><td style=\"width:10px;\">:</td><td ><%$title%></td></tr>\r\n<tr><td style=\"width:100px;\">Url</td><td style=\"width:10px;\">:</td><td ><%$url%></td></tr>\r\n<tr><td style=\"width:100px;\">Description</td><td style=\"width:10px;\">:</td><td ><%$description%></td></tr>\r\n<tr><td style=\"width:100px;\">Category</td><td style=\"width:10px;\">:</td><td ><%$category%></td></tr>\r\n<tr><td style=\"width:100px;\">Contact name</td><td style=\"width:10px;\">:</td><td ><%$contact_name%></td></tr>\r\n<tr><td style=\"width:100px;\">Email</td><td style=\"width:10px;\">:</td><td ><%$email%></td></tr>\r\n<tr><td style=\"width:100px;\">Password </td><td style=\"width:10px;\">:</td><td ><%$password%></td></tr>\r\n</table>\r\n<p>\r\n<p>\r\nRegards,\r\n<p>\r\n<b><%$site_name%></b> Team\r\n</div>','Your submission at <%$site_name%> has been approved.\r\nResource ID  : <%$link_id%>\r\nTitle        : <%$title%>\r\nUrl          : <%$url%>\r\nDescription  : <%$description%>\r\nCategory     : <%$category%>\r\nContact name : <%$contact_name%>\r\nEmail        : <%$email%>\r\nPassword     : <%$password%>\r\nRegards,\r\n<%$site_name%> Team\r\n'),(7,'approved_editor','Link approved','<div style=\"font-family:arial;font-size:12px;\">\r\nThe following submission has been approved.\r\n<p>\r\n<table cellspacing=0 cellpadding=0>\r\n<tr><td style=\"width:100px;\">Resource ID</td><td style=\"width:10px;\">:</td><td ><%$link_id%></td></tr>\r\n<tr><td style=\"width:100px;\">Title</td><td style=\"width:10px;\">:</td><td ><%$title%></td></tr>\r\n<tr><td style=\"width:100px;\">Url</td><td style=\"width:10px;\">:</td><td ><%$url%></td></tr>\r\n<tr><td style=\"width:100px;\">Description</td><td style=\"width:10px;\">:</td><td ><%$description%></td></tr>\r\n<tr><td style=\"width:100px;\">Category</td><td style=\"width:10px;\">:</td><td ><%$category%></td></tr>\r\n<tr><td style=\"width:100px;\">Contact name</td><td style=\"width:10px;\">:</td><td ><%$contact_name%></td></tr>\r\n<tr><td style=\"width:100px;\">Email</td><td style=\"width:10px;\">:</td><td ><%$email%></td></tr>\r\n</table>\r\n<p>\r\n<p>\r\nRegards,\r\n<p>\r\n<b><%$site_name%></b> Team\r\n</div>','The following submission has been approved.\r\nResource ID  : <%$link_id%>\r\nTitle        : <%$title%>\r\nUrl          : <%$url%>\r\nDescription  : <%$description%>\r\nCategory     : <%$category%>\r\nContact name : <%$contact_name%>\r\nEmail        : <%$email%>\r\nRegards,\r\n<%$site_name%> Team\r\n'),(8,'approved_subscriber','link_approved','<div style=\"font-family:arial;font-size:12px;\">\r\nYou are receiving this email because you have a subscription for update notifications in <b><%$category%></b> category.\r\n<p>\r\nThe following submission has been approved.\r\n<p>\r\n<table cellspacing=0 cellpadding=0>\r\n<tr><td style=\"width:100px;\">Resource ID</td><td style=\"width:10px;\">:</td><td ><%$link_id%></td></tr>\r\n<tr><td style=\"width:100px;\">Title</td><td style=\"width:10px;\">:</td><td ><%$title%></td></tr>\r\n<tr><td style=\"width:100px;\">Url</td><td style=\"width:10px;\">:</td><td ><%$url%></td></tr>\r\n<tr><td style=\"width:100px;\">Description</td><td style=\"width:10px;\">:</td><td ><%$description%></td></tr>\r\n<tr><td style=\"width:100px;\">Category</td><td style=\"width:10px;\">:</td><td ><%$category%></td></tr>\r\n<tr><td style=\"width:100px;\">Contact name</td><td style=\"width:10px;\">:</td><td ><%$contact_name%></td></tr>\r\n</table>\r\n<p>\r\n<p>\r\nRegards,\r\n<p>\r\n<b><%$site_name%></b> Team\r\n</div>','You are receiving this email because you have a subscription for update notifications in <%$category%> category.\r\nThe following submission has been approved.\r\nResource ID  : <%$link_id%>\r\nTitle        : <%$title%>\r\nUrl          : <%$url%>\r\nDescription  : <%$description%>\r\nCategory     : <%$category%>\r\nContact name : <%$contact_name%>\r\nRegards,\r\n<%$site_name%> Team\r\n'),(9,'bad_link_editor','Broken link report','<div style=\"font-family:arial;font-size:12px;\">\r\nThere\'s a new bad link report submission to <b><%$site_name%></b>.\r\n<p>\r\n<table cellspacing=0 cellpadding=0>\r\n<tr><td style=\"width:100px;\">Title</td><td style=\"width:10px;\">:</td><td ><%$title%></td></tr>\r\n<tr><td style=\"width:100px;\">Url</td><td style=\"width:10px;\">:</td><td ><%$url%></td></tr>\r\n<tr><td style=\"width:100px;\">Description</td><td style=\"width:10px;\">:</td><td ><%$description%></td></tr>\r\n<tr><td style=\"width:100px;\">Category</td><td style=\"width:10px;\">:</td><td ><%$category%></td></tr>\r\n<tr><td style=\"width:100px;\">Name</td><td style=\"width:10px;\">:</td><td ><%$r_name%></td></tr>\r\n<tr><td style=\"width:100px;\">Email</td><td style=\"width:10px;\">:</td><td ><%$email%></td></tr>\r\n<tr><td style=\"width:100px;\">Error type</td><td style=\"width:10px;\">:</td><td ><%$type_val%></td></tr>\r\n</table>\r\n<p>\r\nThis report has been added in your administrator area.<br>\r\nPlease review this report here:<br>\r\n<a href=\"<%$site_url%>/admin/link_bad.php\"><%$site_url%>/admin/link_bad.php</a>\r\n<p>\r\n<p>\r\nRegards,\r\n<p>\r\n<b><%$site_name%></b> Team\r\n</div>','There\'s a new bad link report submission to <%$site_name%>.\r\nTitle       : <%$title%>\r\nUrl         : <%$url%>\r\nDescription : <%$description%>\r\nCategory    : <%$category%>\r\nName        : <%$r_name%>\r\nEmail       : <%$r_email%>\r\nError type  : <%$type_val%>\r\nThis report has been added in your administrator area.\r\nPlease review this report here:\r\n<%$site_url%>/admin/link_bad.php\r\nRegards,\r\n<%$site_name%> Team\r\n'),(10,'become_editor_approved','Editor Approved.','<div style=\"font-family:arial;font-size:12px;\">\r\nYour request to become an editor at <b><%$site_name%></b> has been approved.\r\n<p>\r\n<table cellspacing=0 cellpadding=0>\r\n<tr><td style=\"width:100px;\">Username</td><td style=\"width:10px;\">:</td><td ><%$username%></td></tr>\r\n<tr><td style=\"width:100px;\">Name </td><td style=\"width:10px;\">:</td><td ><%$name%></td></tr>\r\n<tr><td style=\"width:100px;\">Email</td><td style=\"width:10px;\">:</td><td ><%$email%></td></tr>\r\n<tr><td style=\"width:100px;\">Category </td><td style=\"width:10px;\">:</td><td ><%$category%></td></tr>\r\n</table>\r\n<p>\r\n<p>\r\nRegards,\r\n<p>\r\n<b><%$site_name%></b> Team\r\n</div>','Your request to become an editor at <%$site_name%> has been approved.\r\nUsername  : <%$username%>\r\nName      : <%$name%>\r\nEmail     : <%$email%>\r\nCategory  : <%$category%>\r\nRegards,\r\n<%$site_name%> Team\r\n'),(11,'become_editor_pending','Request to become an editor','<div style=\"font-family:arial;font-size:12px;\">\r\nThank you for your request to become an editor at <b><%$site_name%></b>.\r\n<p>\r\n<table cellspacing=0 cellpadding=0>\r\n<tr><td style=\"width:100px;\">Username</td><td style=\"width:10px;\">:</td><td ><%$username%></td></tr>\r\n<tr><td style=\"width:100px;\">Name </td><td style=\"width:10px;\">:</td><td ><%$name%></td></tr>\r\n<tr><td style=\"width:100px;\">Email</td><td style=\"width:10px;\">:</td><td ><%$email%></td></tr>\r\n<tr><td style=\"width:100px;\">Category </td><td style=\"width:10px;\">:</td><td ><%$category%></td></tr>\r\n</table>\r\n<p>\r\nYour request will be processed soon.\r\n<p>\r\n<p>\r\nRegards,\r\n<p>\r\n<b><%$site_name%></b> Team\r\n</div>','Thank you for your request to become an editor at <%$site_name%>.\r\nUsername  : <%$username%>\r\nName      : <%$name%>\r\nEmail     : <%$email%>\r\nCategory  : <%$category%>\r\nYour request will be processed soon.\r\nRegards,\r\n<%$site_name%> Team\r\n'),(12,'become_editor_pending_admin','Request to become an editor','<div style=\"font-family:arial;font-size:12px;\">\r\nThere\'s a new request to become an editor at <b><%$site_name%></b>.\r\n<p>\r\n<table cellspacing=0 cellpadding=0>\r\n<tr><td style=\"width:100px;\">Username</td><td style=\"width:10px;\">:</td><td ><%$username%></td></tr>\r\n<tr><td style=\"width:100px;\">Name </td><td style=\"width:10px;\">:</td><td ><%$name%></td></tr>\r\n<tr><td style=\"width:100px;\">Email</td><td style=\"width:10px;\">:</td><td ><%$email%></td></tr>\r\n<tr><td style=\"width:100px;\">Category </td><td style=\"width:10px;\">:</td><td ><%$category%></td></tr>\r\n</table>\r\n<p>\r\nPlease review editor request here:\r\n  <label style=\"margin-left:10px;\"><a href=\"<%$site_url%>/admin/index.php\"><%$site_url%>/admin/index.php</a></label>\r\n<p>\r\n<p>\r\nRegards,\r\n<p>\r\n<b><%$site_name%></b> Team\r\n</div>','There\'s a new request to become an editor at <%$site_name%>.\r\nUsername  : <%$username%>\r\nName      : <%$name%>\r\nEmail     : <%$email%>\r\nCategory  : <%$category%>\r\nPlease review editor requests here:\r\n<%$site_url%>/admin/index.php\r\nRegards,\r\n<%$site_name%> Team\r\n'),(13,'become_editor_rejected','Editor Rejected.','<div style=\"font-family:arial;font-size:12px;\">\r\nYour request to become an editor at <b><%$site_name%></b> has been rejected.\r\n<p>\r\n<table cellspacing=0 cellpadding=0>\r\n<tr><td style=\"width:100px;\">Username</td><td style=\"width:10px;\">:</td><td ><%$username%></td></tr>\r\n<tr><td style=\"width:100px;\">Name </td><td style=\"width:10px;\">:</td><td ><%$name%></td></tr>\r\n<tr><td style=\"width:100px;\">Email</td><td style=\"width:10px;\">:</td><td ><%$email%></td></tr>\r\n<tr><td style=\"width:100px;\">Category </td><td style=\"width:10px;\">:</td><td ><%$category%></td></tr>\r\n</table>\r\n<p>\r\n<p>\r\nRegards,\r\n<p>\r\n<b><%$site_name%></b> Team\r\n</div>','Your request to become an editor at <%$site_name%> has been rejected.\r\nUsername  : <%$username%>\r\nName      : <%$name%>\r\nEmail     : <%$email%>\r\nCategory  : <%$category%>\r\nRegards,\r\n<%$site_name%> Team\r\n'),(14,'inv_ask_payment','<%$company%>, Invoice #<%$invoice_id%>','<div style=\"font-family:arial;font-size:12px;\">\r\nAn invoice has been created, and is available for viewing at the following URL:<br>\r\n<label><a href=\"<%$site_url%>/invoice.php?id=<%$invoice_id%>\"><%$site_url%>/invoice.php?id=<%$invoice_id%></a></label>\r\n<p>\r\nIf you should have any questions, please do not hesitate to contact us.<br>\r\nThank you for your business.\r\n<p>\r\n<p>\r\nRegards,\r\n<p>\r\n<b><%$site_name%></b> Team\r\n</div>','An invoice has been created, and is available for viewing at the following URL:\r\n<%$site_url%>/invoice.php?id=<%$invoice_id%>\r\nIf you should have any questions, please do not hesitate to contact us.\r\nThank you for your business.\r\nRegards,\r\n<%$site_name%> Team\r\n'),(15,'mailing_list_sub','Mailing list subscription','<div style=\"font-family:arial;font-size:12px;\">\r\nThank you. Your email address, <b><%$email%></b> has been added to our mailing list.\r\n<p>\r\n<p>\r\nRegards,\r\n<p>\r\n<%$site_name%> Team\r\n</div>','Thank you. Your email address, <%$email%> has been added to our mailing list.\r\nRegards,\r\n<%$site_name%> Team\r\n'),(16,'mailing_list_sub_confirm','Mailing list validation code','<div style=\"font-family:arial;font-size:12px;\">\r\nWe received your subscription request onto our mailing list.<br>\r\nPlease confirm your subscription here:<br>\r\n<label style=\"margin-left:50px;\"><a href=\"<%$confirm_url%>\"><%$confirm_url%></a></label>\r\n<p>\r\n<p>\r\nRegards,\r\n<p>\r\n<b><%$site_name%></b> Team\r\n</div>','We received your subscription request onto our mailing list.\r\nPlease confirm your subscription here:\r\n<%$confirm_url%>\r\nRegards,\r\n<%$site_name%> Team\r\n'),(17,'modify_ok','Resource Modified','<div style=\"font-family:arial;font-size:12px;\">\r\nThank you for your submission to <b><%$site_name%></b>.\r\n<table cellspacing=0 cellpadding=0>\r\n<tr><td style=\"width:100px;\">Title</td><td style=\"width:10px;\">:</td><td ><%$title%></td></tr>\r\n<tr><td style=\"width:100px;\">Url</td><td style=\"width:10px;\">:</td><td ><%$url%></td></tr>\r\n<tr><td style=\"width:100px;\">Description</td><td style=\"width:10px;\">:</td><td ><%$description%></td></tr>\r\n<tr><td style=\"width:100px;\">Category</td><td style=\"width:10px;\">:</td><td ><%$category%></td></tr>\r\n<tr><td style=\"width:100px;\">Contact name</td><td style=\"width:10px;\">:</td><td ><%$contact_name%></td></tr>\r\n<tr><td style=\"width:100px;\">Email/td><td style=\"width:10px;\">:</td><td ><%$email%></td></tr>\r\n</table>\r\n<p>\r\nYour link has been changed.\r\n<p>\r\n<p>\r\nRegards,\r\n<p>\r\n<b><%$site_name%></b> Team\r\n</div>','Thank you for your submission to <%$site_name%>.\r\nTitle        : <%$title%>\r\nUrl          : <%$url%>\r\nDescription  : <%$description%>\r\nCategory     : <%$category%>\r\nContact name : <%$contact_name%>\r\nEmail        : <%$email%>\r\nYour link has been changed.\r\nRegards,\r\n<%$site_name%> Team\r\n'),(18,'modify_ok_editor','Resource Modified','<div style=\"font-family:arial;font-size:12px;\">\r\nThere\'s a new submission to <%$site_name%>.\r\nTitle        : <%$title%>\r\nUrl          : <%$url%>\r\nDescription  : <%$description%>\r\nCategory     : <%$category%>\r\nContact name : <%$contact_name%>\r\nEmail        : <%$email%>\r\nThe category permissions allow webmasters to add/modify links without approval.\r\nThe link has been modified.\r\n<p>\r\n<p>\r\nRegards,\r\n<p>\r\n<b><%$site_name%></b> Team\r\n</div>','There\'s a new submission to <%$site_name%>.\r\nTitle        : <%$title%>\r\nUrl          : <%$url%>\r\nDescription  : <%$description%>\r\nCategory     : <%$category%>\r\nContact name : <%$contact_name%>\r\nEmail        : <%$email%>\r\nThe category permissions allow webmasters to add/modify links without approval.\r\nThe link has been modified.\r\nRegards,\r\n<%$site_name%> Team\r\n'),(19,'modify_ok_subscriber','Resource Modified','<div style=\"font-family:arial;font-size:12px;\">\r\nYou are receiving this email because you have a subscription for update notifications in <b><%$category%></b> category.\r\n<p>\r\nThere\'s a new submission to <b><%$site_name%></b>.\r\n<p>\r\n<table cellspacing=0 cellpadding=0>\r\n<tr><td style=\"width:100px;\">Title</td><td style=\"width:10px;\">:</td><td ><%$title%></td></tr>\r\n<tr><td style=\"width:100px;\">Url</td><td style=\"width:10px;\">:</td><td ><%$url%></td></tr>\r\n<tr><td style=\"width:100px;\">Description</td><td style=\"width:10px;\">:</td><td ><%$description%></td></tr>\r\n<tr><td style=\"width:100px;\">Category</td><td style=\"width:10px;\">:</td><td ><%$category%></td></tr>\r\n<tr><td style=\"width:100px;\">Contact name</td><td style=\"width:10px;\">:</td><td ><%$contact_name%></td></tr>\r\n</table>\r\n<p>\r\n<p>\r\nRegards,\r\n<p>\r\n<b><%$site_name%></b> Team\r\n</div>','You are receiving this email because you have a subscription for update notifications in <%$category%> category.\r\nThere\'s a new submission to <%$site_name%>.\r\nTitle        : <%$title%>\r\nUrl          : <%$url%>\r\nDescription  : <%$description%>\r\nCategory     : <%$category%>\r\nContact name : <%$contact_name%>\r\nRegards,\r\n<%$site_name%> Team\r\n'),(20,'modify_pending','Resource Modified','<div style=\"font-family:arial;font-size:12px;\">\r\nThank you for your submission to <b><%$site_name%><b>.\r\n<p>\r\n<table cellspacing=0 cellpadding=0>\r\n<tr><td style=\"width:100px;\">Title</td><td style=\"width:10px;\">:</td><td ><%$title%></td></tr>\r\n<tr><td style=\"width:100px;\">Url</td><td style=\"width:10px;\">:</td><td ><%$url%></td></tr>\r\n<tr><td style=\"width:100px;\">Description</td><td style=\"width:10px;\">:</td><td ><%$description%></td></tr>\r\n<tr><td style=\"width:100px;\">Category</td><td style=\"width:10px;\">:</td><td ><%$category%></td></tr>\r\n<tr><td style=\"width:100px;\">Contact name</td><td style=\"width:10px;\">:</td><td ><%$contact_name%></td></tr>\r\n<tr><td style=\"width:100px;\">Email</td><td style=\"width:10px;\">:</td><td ><%$email%></td></tr>\r\n</table>\r\n<p>\r\nYour link will be reviewed by our team. We will contact you as soon <br>\r\nas we have reviewed your link.\r\n<p>\r\n<p>\r\nRegards,\r\n<p>\r\n<b><%$site_name%></b> Team\r\n</div>','Thank you for your submission to <%$site_name%>.\r\nTitle        : <%$title%>\r\nUrl          : <%$url%>\r\nDescription  : <%$description%>\r\nCategory     : <%$category%>\r\nContact name : <%$contact_name%>\r\nEmail        : <%$email%>\r\nYour link will be reviewed by our team. We will contact you as soon \r\nas we have reviewed your link.\r\nRegards,\r\n<%$site_name%> Team\r\n'),(21,'modify_pending_editor','Resource Modified','<div style=\"font-family:arial;font-size:12px;\">\r\nThere\'s a new submission to <b><%$site_name%></b>.\r\n<p>\r\n<table cellspacing=0 cellpadding=0>\r\n<tr><td style=\"width:100px;\">Title</td><td style=\"width:10px;\">:</td><td ><%$title%></td></tr>\r\n<tr><td style=\"width:100px;\">Url</td><td style=\"width:10px;\">:</td><td ><%$url%></td></tr>\r\n<tr><td style=\"width:100px;\">Description</td><td style=\"width:10px;\">:</td><td ><%$description%></td></tr>\r\n<tr><td style=\"width:100px;\">Category</td><td style=\"width:10px;\">:</td><td ><%$category%></td></tr>\r\n<tr><td style=\"width:100px;\">Contact name</td><td style=\"width:10px;\">:</td><td ><%$contact_name%></td></tr>\r\n<tr><td style=\"width:100px;\">Email</td><td style=\"width:10px;\">:</td><td ><%$email%></td></tr>\r\n</table>\r\n<p>\r\n<p>\r\nYou need to review this link here:<br>\r\n<label style=\"margin-left:10px;\"><a href=\"<%$site_url%>/cp/editor_link_validate.php\"><%$site_url%>/cp/editor_link_validate.php</a></label>\r\n<p>\r\n<p>\r\nRegards,\r\n<p>\r\n<b><%$site_name%></b> Team\r\n</div>\r\n','There\'s a new submission to <%$site_name%>.\r\nTitle        : <%$title%>\r\nUrl          : <%$url%>\r\nDescription  : <%$description%>\r\nCategory     : <%$category%>\r\nContact name : <%$contact_name%>\r\nEmail        : <%$email%>\r\nYou need to review this link here:\r\n<%$site_url%>/cp/editor_link_validate.php\r\nRegards,\r\n<%$site_name%> Team\r\n'),(22,'register_confirm','Registration','<div style=\"font-family:arial;font-size:12px;\">\r\nThanks for joining <b><%$site_name%><b>.\r\n<p>\r\n<table cellspacing=0 cellpadding=0>\r\n<tr><td style=\"width:100px;\">Username</td><td style=\"width:10px;\">:</td><td ><%$username%></td></tr>\r\n<tr><td style=\"width:100px;\">Password</td><td style=\"width:10px;\">:</td><td ><%$password%></td></tr>\r\n</table>\r\n<p>\r\n<p>\r\nPlease confirm your registration here:<br>\r\n<label style=\"margin-left:10px;\"><A href=\"<%$site_url%>/register.php?u=<%$username%>&v=<%$vcode%>&pflag=cf\"><%$site_url%>/register.php?u=<%$username%>&v=<%$vcode%>&pflag=cf</a></label>\r\n<p>\r\n<p>\r\nSincerely,\r\n<p>\r\n<b><%$site_name%></b> Team\r\n</div>','Thanks for joining <%$site_name%>.\r\nUsername : <%$username%>\r\nPassword : <%$password%>\r\nPlease confirm your registration here:\r\n<%$site_url%>/register.php?u=<%$username%>&v=<%$vcode%>&pflag=cf\r\nSincerely,\r\n<%$site_name%> Team\r\n'),(23,'register_ok','Registration','<div style=\"font-family:arial;font-size:12px;\">\r\nThanks for joining <b><%$site_name%></b>.\r\n<p>\r\n<table cellspacing=0 cellpadding=0>\r\n<tr><td style=\"width:100px;\">Username</td><td style=\"width:10px;\">:</td><td ><%$username%></td></tr>\r\n<tr><td style=\"width:100px;\">Password</td><td style=\"width:10px;\">:</td><td ><%$password%></td></tr>\r\n</table>\r\n<p>\r\nSincerely,\r\n<p>\r\n<p>\r\n<b><%$site_name%></b> Team\r\n</div>','Thanks for joining <%$site_name%>.\r\nUsername : <%$username%>\r\nPassword : <%$password%>\r\nSincerely,\r\n<%$site_name%> Team\r\n'),(24,'rejected','Your submission has been rejected','<div style=\"font-family:arial;font-size:12px;\">\r\nYour submission has been rejected.<br>\r\nThis may be caused by one of the following reason:\r\n<p>\r\n<ul>\r\n<li>adult material</li>\r\n<li>the site is under construction</li>\r\n<li>the topic is not related with our directory</li>\r\n</ul>\r\n</p>\r\n<table cellspacing=0 cellpadding=0>\r\n<tr><td style=\"width:100px;\">Title</td><td style=\"width:10px;\">:</td><td ><%$title%></td></tr>\r\n<tr><td style=\"width:100px;\">Url</td><td style=\"width:10px;\">:</td><td ><%$url%></td></tr>\r\n<tr><td style=\"width:100px;\">Description</td><td style=\"width:10px;\">:</td><td ><%$description%></td></tr>\r\n<tr><td style=\"width:100px;\">Category</td><td style=\"width:10px;\">:</td><td ><%$category%></td></tr>\r\n<tr><td style=\"width:100px;\">Contact name</td><td style=\"width:10px;\">:</td><td ><%$contact_name%></td></tr>\r\n<tr><td style=\"width:100px;\">Email/td><td style=\"width:10px;\">:</td><td ><%$email%></td></tr>\r\n</table>\r\n<p>\r\n<p>\r\nRegards,\r\n<p>\r\n<b><%$site_name%></b> Team\r\n</div>','Your submission has been rejected.\r\nThis may caused by one of the following reasons:\r\n- adult material\r\n- the site is under construction\r\n- the topic is not related with our directory\r\nTitle        : <%$title%>\r\nUrl          : <%$url%>\r\nDescription  : <%$description%>\r\nCategory     : <%$category%>\r\nContact name : <%$contact_name%>\r\nEmail        : <%$email%>\r\nRegards,\r\n<%$site_name%> Team\r\n'),(25,'rejected_editor','Link rejected','<div style=\"font-family:arial;font-size:12px;\">\r\nThe following submission has been rejected.\r\n<p>\r\n<table cellspacing=0 cellpadding=0>\r\n<tr><td style=\"width:100px;\">Title</td><td style=\"width:10px;\">:</td><td ><%$title%></td></tr>\r\n<tr><td style=\"width:100px;\">Url</td><td style=\"width:10px;\">:</td><td ><%$url%></td></tr>\r\n<tr><td style=\"width:100px;\">Description</td><td style=\"width:10px;\">:</td><td ><%$description%></td></tr>\r\n<tr><td style=\"width:100px;\">Category</td><td style=\"width:10px;\">:</td><td ><%$category%></td></tr>\r\n<tr><td style=\"width:100px;\">Contact name</td><td style=\"width:10px;\">:</td><td ><%$contact_name%></td></tr>\r\n<tr><td style=\"width:100px;\">Email</td><td style=\"width:10px;\">:</td><td ><%$email%></td></tr>\r\n</table>\r\n<p>\r\n<p>\r\nRegards,\r\n<p>\r\n<b><%$site_name%></b> Team\r\n</div>\r\n','The following submission has been rejected.\r\nTitle        : <%$title%>\r\nUrl          : <%$url%>\r\nDescription  : <%$description%>\r\nCategory     : <%$category%>\r\nContact name : <%$contact_name%>\r\nEmail        : <%$email%>\r\nRegards,\r\n<%$site_name%> Team\r\n'),(26,'review_pending_editor','Pending Review','<div style=\"font-family:arial;font-size:12px;\">\r\nThere\'s a new review to <b><%$site_name%></b>.\r\n<p>\r\n<table cellspacing=0 cellpadding=0>\r\n<tr><td style=\"width:100px;\">Title</td><td style=\"width:10px;\">:</td><td ><%$title%></td></tr>\r\n<tr><td style=\"width:100px;\">Url</td><td style=\"width:10px;\">:</td><td ><%$url%></td></tr>\r\n<tr><td style=\"width:100px;\">Description</td><td style=\"width:10px;\">:</td><td ><%$description%></td></tr>\r\n<tr><td style=\"width:100px;\">Category</td><td style=\"width:10px;\">:</td><td ><%$category%></td></tr>\r\n</table>\r\n<p>\r\n<table cellspacing=0 cellpadding=0>\r\n<tr><td style=\"width:100px;\">Username</td><td style=\"width:10px;\">:</td><td ><%$username%></td></tr>\r\n<tr><td style=\"width:100px;\">Subject</td><td style=\"width:10px;\">:</td><td ><%$rev_subject%></td></tr>\r\n<tr><td style=\"width:100px;\">Rating</td><td style=\"width:10px;\">:</td><td ><%$rev_rating%></td></tr>\r\n<tr><td style=\"width:100px;\">Review</td><td style=\"width:10px;\">:</td><td ><%$rev_review%></td></tr>\r\n</table>\r\n<p>\r\n<p>\r\nPlease review it here:<br>\r\n<label style=\"margin-left:10px;\"><a href=\"<%$site_url%>/cp/\"><%$site_url%>/cp/</a></label>\r\n<p>\r\n<p>\r\nRegards,\r\n<p>\r\n<b><%$site_name%></b> Team\r\n</div>\r\n','There\'s new review to <%$site_name%>.\r\nTitle       : <%$title%>\r\nUrl         : <%$url%>\r\nDescription : <%$description%>\r\nCategory    : <%$category%>\r\nUsername    : <%$username%>\r\nSubject     : <%$rev_subject%>\r\nRating      : <%$rev_rating%>\r\nReview      : <%$rev_review%>\r\nPlease review it here:\r\n<%$site_url%>/cp/\r\nRegards,\r\n<%$site_name%> Team\r\n'),(27,'send_pwd_link','Your resource password','<div style=\"font-family:arial;font-size:12px;\">\r\nHere is your password for <b><%$title%></b> (<a href=\"<%$url%>\"><%$url%></a>)\r\n<p>\r\nPassword : <%$password%>\r\n<p>\r\n<p>\r\nRegards,\r\n<p>\r\n<b><%$site_name%></b> Team\r\n</div>','Here is your password for <%$title%> (<%$url%>)\r\nPassword : <%$password%>\r\nRegards,\r\n<%$site_name%> Team\r\n'),(28,'send_pwd_login','Your login password','<div style=\"font-family:arial;font-size:12px;\">\r\nHere is your username and password:\r\n<p>\r\n<table cellspacing=0 cellpadding=0>\r\n<tr><td style=\"width:100px;\">Username</td><td style=\"width:10px;\">:</td><td ><%$username%></td></tr>\r\n<tr><td style=\"width:100px;\">Password</td><td style=\"width:10px;\">:</td><td ><%$password%></td></tr>\r\n</table>\r\n<p>\r\n<p>\r\nRegards,\r\n<p>\r\n<b><%$site_name%></b> Team\r\n</div>','Here is your username and password:\r\nUsername : <%$username%>\r\nPassword : <%$password%>\r\nRegards,\r\n<%$site_name%> Team\r\n'),(29,'send_pwd_reset','Password reset request','<div style=\"font-family:arial;font-size:12px;\">\r\nWe received a request to reset your password.<br>\r\nPlease visit this URL to proceed:<br>\r\n<label style=\"margin-left:10px;\"><a href=\"<%$site_url%>/reset_pwd.php?u=<%$username%>&hash=<%$hash%>\"><%$site_url%>/reset_pwd.php?u=<%$username%>&hash=<%$hash%></a></label>\r\n<p>\r\n<p>\r\nRegards,\r\n<p>\r\n<b><%$site_name%></b> Team\r\n</div>','We received a request to reset your password.\r\nPlease visit this URL to proceed:\r\n<%$site_url%>/reset_pwd.php?u=<%$username%>&hash=<%$hash%>\r\nRegards,\r\n<%$site_name%> Team\r\n'),(30,'suggest_category','Category suggestion','<div style=\"font-family:arial;font-size:12px;\">\r\nCategory suggestion for <b><%$site_name%></b>.\r\n<p>\r\nParent               : <%$parent%>\r\nCategory Name        : <%$cat_name%>\r\nCategory Description : <%$cat_desc%>\r\n<p>\r\n<p>\r\nRegards,\r\n<p>\r\n<b><%$site_name%></b> Team\r\n</div>','Category suggestion for <%$site_name%>.\r\nParent               : <%$parent%>\r\nCategory Name        : <%$cat_name%>\r\nCategory Description : <%$cat_desc%>\r\nRegards,\r\n<%$site_name%> Team\r\n'),(31,'tell_friend_favorite','Your friend has shared his/her favorite listing','<div style=\"font-family:arial;font-size:12px;\">\r\nHi <%$friend_name%>,\r\n<p>\r\nI\'d like to share my favorite listing at <b><%$site_name%></b> (<a href=\"<%$site_url%>\"><%$site_url%></a>).<br>\r\nI hope you like them and find them useful.\r\n<p>\r\n<p>\r\n<%$fav_item%>\r\n<p>\r\n<p>\r\nSincerely,\r\n<p>\r\n<p>\r\n<%$my_name%> <<%$my_email%>>\r\n</div>','Hi <%$friend_name%>,\r\nI\'d like to share my favorite listings at <%$site_name%> (<%$site_url%>).\r\nI hope you like them and find them useful.\r\n<%$fav_item%>\r\nSincerely,\r\n<%$my_name%> <<%$my_email%>>\r\n'),(32,'tell_friend_favorite_rows',NULL,'<div style=\"font-family:arial;font-size:12px;\">\r\n<table cellspacing=0 cellpadding=0>\r\n<tr><td style=\"width:100px;\">Title</td><td style=\"width:10px;\">:</td><td ><%$title%></td></tr>\r\n<tr><td style=\"width:100px;\">Url</td><td style=\"width:10px;\">:</td><td ><%$url%></td></tr>\r\n<tr><td style=\"width:100px;\">Description</td><td style=\"width:10px;\">:</td><td ><%$description%></td></tr>\r\n</table>\r\n</div>\r\n','Title       : <%$title%>\r\nUrl         : <%$url%>\r\nDescription : <%$description%>\r\n'),(33,'tell_friend_link','Your friend recommended a link','<div style=\"font-family:arial;font-size:12px;\">\r\nHi <b><%$friend_name%></b>,\r\n<p>\r\nI found a good website that you may find interesting.\r\n<p>\r\n<div>\r\n<label style=\"float:left;width:100px;\">Website</label><label style=\"float:left;\"> : <b><%$title%></b></label>\r\n</div>\r\n<div style=\"clear:both;\">\r\n<label style=\"clear:both;float:left;width:100px;\">Url </label><label style=\"float:left;\"> : <a href=\"<%$url%>\"><%$url%></a></label>\r\n</div>\r\n<p style=\"clear:both;\">\r\nI found this website from <%$site_name%> (<a href=\"<%$site_url%>\"><%$site_url%></a>).\r\n<p>\r\n<p>\r\nSincerely,\r\n<p>\r\n<%$my_name%> <<%$my_email%>>\r\n</div>\r\n','Hi <%$friend_name%>,\r\nI found a good website that you may find interesting.\r\nWebsite : <%$title%>\r\nUrl     : <%$url%>\r\nI found this website from <%$site_name%> (<%$site_url%>).\r\nSincerely,\r\n<%$my_name%> <<%$my_email%>>\r\n'),(34,'tell_friend_website','hi <%$friend_name%>, I found a good website that you may find interesting','<div style=\"font-family:arial;font-size:12px;\">\r\nHi <b><%$friend_name%></b>,\r\n<p>\r\nI found good website that you may find interesting. The website is <b><%$site_name%></b> (<a href=\"<%$site_url%>\"><%$site_url%></a>).\r\n<p>\r\n<p>\r\nSincerely,\r\n<p>\r\n<%$my_name%> <<%$my_email%>>\r\n</div>','Hi <%$friend_name%>,\r\nI found a good website that you may find interesting. The website is <%$site_name%> (<%$site_url%>).\r\nSincerely,\r\n<%$my_name%> <<%$my_email%>>\r\n'),(35,'send_activation_link','Your activation link','<div style=\"font-family:arial;font-size:12px;\">\r\nHere is your activation link\r\n<p>\r\nActivation Link  : <A href=\"<%$activation_link%>\"><%$activation_link%></a>\r\n<p>\r\n<p>\r\nRegards,\r\n<p>\r\n<b><%$site_name%></b> Team\r\n</div>','Here is your activation link\r\nActivation Link  : <%$activation_link%>\r\nRegards,\r\n<%$site_name%> Team\r\n'),(36,'send_activated_account','Your account had been activated','<div style=\"font-family:arial;font-size:12px;\">\r\nYour account had been activated. Now you can login.\r\n<p>\r\nRegards,\r\n<p>\r\n<b><%$site_name%></b> Team\r\n</div>','Your account had been activated. Now you can login.\r\n\r\nRegards,\r\n<%$site_name%> Team\r\n');

--
-- Table structure for table `idx_favorites`
--

CREATE TABLE `idx_favorites` (
  `favorite_id` int(11) NOT NULL auto_increment,
  `username` varchar(20) default NULL,
  `date` date default NULL,
  `title` varchar(100) default NULL,
  `description` text,
  PRIMARY KEY  (`favorite_id`)
) ENGINE=MyISAM AUTO_INCREMENT=6 DEFAULT CHARSET=latin1;

--
-- Dumping data for table `idx_favorites`
--

INSERT INTO `idx_favorites` VALUES (4,'aangeliascott','2012-03-13','',NULL),(5,'1simonpeterson1','2012-03-13','',NULL);

--
-- Table structure for table `idx_favorites_detail`
--

CREATE TABLE `idx_favorites_detail` (
  `favorite_id` int(11) default NULL,
  `link_id` mediumint(9) default NULL
) ENGINE=MyISAM DEFAULT CHARSET=latin1;

--
-- Dumping data for table `idx_favorites_detail`
--


--
-- Table structure for table `idx_hook_place`
--

CREATE TABLE `idx_hook_place` (
  `hook_place_id` int(11) NOT NULL auto_increment,
  `filename` varchar(255) default NULL,
  `hookname` varchar(255) default NULL,
  PRIMARY KEY  (`hook_place_id`)
) ENGINE=MyISAM DEFAULT CHARSET=latin1;

--
-- Dumping data for table `idx_hook_place`
--


--
-- Table structure for table `idx_invoice`
--

CREATE TABLE `idx_invoice` (
  `invoice_id` varchar(10) NOT NULL default '',
  `invoice_date` date default NULL,
  `due_date` date default NULL,
  `invoiced_to` text,
  `service` varchar(255) default NULL,
  `description` text,
  `total` double(8,2) default NULL,
  `comment` text,
  `paid` char(1) default NULL,
  `paid_date` date default NULL,
  `email` varchar(255) default NULL,
  PRIMARY KEY  (`invoice_id`)
) ENGINE=MyISAM DEFAULT CHARSET=latin1;

--
-- Dumping data for table `idx_invoice`
--


--
-- Table structure for table `idx_invoice_config`
--

CREATE TABLE `idx_invoice_config` (
  `company` varchar(255) default NULL,
  `contact` varchar(255) default NULL,
  `address` text,
  `phone` varchar(255) default NULL,
  `email` varchar(255) default NULL,
  `currency_symbol` varchar(255) default '$',
  `currency_code` varchar(255) default 'USD'
) ENGINE=MyISAM DEFAULT CHARSET=latin1;

--
-- Dumping data for table `idx_invoice_config`
--

INSERT INTO `idx_invoice_config` VALUES ('Your website / Company','Billing Department','Your address','Your phone #','Billing<name@yourdomain.com>','$','USD');

--
-- Table structure for table `idx_link`
--

CREATE TABLE `idx_link` (
  `link_id` mediumint(9) unsigned NOT NULL auto_increment,
  `category_id` mediumint(9) unsigned NOT NULL default '0',
  `title` varchar(100) NOT NULL default '',
  `url` text NOT NULL,
  `description` text NOT NULL,
  `contact_name` varchar(100) NOT NULL default '',
  `email` varchar(100) NOT NULL default '',
  `hits` mediumint(9) NOT NULL default '0',
  `votes` smallint(6) NOT NULL default '0',
  `rating` float(4,2) NOT NULL default '0.00',
  `date` datetime NOT NULL default '0000-00-00 00:00:00',
  `bid` smallint(6) NOT NULL default '0',
  `new` char(1) default NULL,
  `hot` char(1) default NULL,
  `top_rated` char(1) default NULL,
  `pick` char(1) default NULL,
  `password` varchar(20) default NULL,
  `updated` char(1) default NULL,
  `reviews` smallint(6) default NULL,
  `avg_review` float(4,2) default NULL,
  `last_updated` datetime default NULL,
  `official_review` text,
  `keywords` varchar(255) default NULL,
  `cat1` mediumint(6) NOT NULL default '0',
  `cat2` mediumint(6) NOT NULL default '0',
  `suspended` char(1) NOT NULL default '0',
  `reciprocal_url` varchar(255) default NULL,
  `address` varchar(255) default NULL,
  `city` varchar(255) default NULL,
  `state` varchar(255) default NULL,
  `country` varchar(255) default NULL,
  `zip` varchar(255) default NULL,
  `image` varchar(255) default NULL,
  `phone` varchar(255) default NULL,
  `fax` varchar(255) default NULL,
  PRIMARY KEY  (`link_id`)
) ENGINE=MyISAM DEFAULT CHARSET=latin1;

--
-- Dumping data for table `idx_link`
--


--
-- Table structure for table `idx_link_temp`
--

CREATE TABLE `idx_link_temp` (
  `vid` mediumint(9) unsigned NOT NULL auto_increment,
  `spam` char(1) NOT NULL default '0',
  `link_id` mediumint(9) default NULL,
  `category_id` mediumint(9) unsigned NOT NULL default '0',
  `title` varchar(100) NOT NULL default '',
  `url` text NOT NULL,
  `description` text NOT NULL,
  `contact_name` varchar(100) NOT NULL default '',
  `email` varchar(100) NOT NULL default '',
  `hits` mediumint(9) default NULL,
  `votes` smallint(6) default NULL,
  `rating` float(4,2) default NULL,
  `date` datetime NOT NULL default '0000-00-00 00:00:00',
  `bid` smallint(6) NOT NULL default '0',
  `new` char(1) default NULL,
  `hot` char(1) default NULL,
  `top_rated` char(1) default NULL,
  `pick` char(1) default NULL,
  `password` varchar(20) default NULL,
  `updated` char(1) default NULL,
  `reviews` smallint(6) default NULL,
  `avg_review` float(4,2) default NULL,
  `last_updated` datetime default NULL,
  `official_review` text,
  `keywords` varchar(255) default NULL,
  `cat1` mediumint(6) NOT NULL default '0',
  `cat2` mediumint(6) NOT NULL default '0',
  `suspended` char(1) NOT NULL default '0',
  `reciprocal_url` varchar(255) default NULL,
  `address` varchar(255) default NULL,
  `city` varchar(255) default NULL,
  `state` varchar(255) default NULL,
  `country` varchar(255) default NULL,
  `zip` varchar(255) default NULL,
  `image` varchar(255) default NULL,
  `phone` varchar(255) default NULL,
  `fax` varchar(255) default NULL,
  PRIMARY KEY  (`vid`)
) ENGINE=MyISAM DEFAULT CHARSET=latin1;

--
-- Dumping data for table `idx_link_temp`
--


--
-- Table structure for table `idx_link_temp_user`
--

CREATE TABLE `idx_link_temp_user` (
  `vid` mediumint(9) unsigned NOT NULL default '0',
  `username` varchar(20) NOT NULL default '',
  PRIMARY KEY  (`vid`)
) ENGINE=MyISAM DEFAULT CHARSET=latin1;

--
-- Dumping data for table `idx_link_temp_user`
--


--
-- Table structure for table `idx_link_user`
--

CREATE TABLE `idx_link_user` (
  `link_id` mediumint(9) unsigned NOT NULL default '0',
  `username` varchar(20) NOT NULL default '',
  PRIMARY KEY  (`link_id`)
) ENGINE=MyISAM DEFAULT CHARSET=latin1;

--
-- Dumping data for table `idx_link_user`
--


--
-- Table structure for table `idx_mailing_list`
--

CREATE TABLE `idx_mailing_list` (
  `email` varchar(50) NOT NULL default '',
  `code` varchar(4) default NULL,
  `status` char(1) default NULL,
  PRIMARY KEY  (`email`)
) ENGINE=MyISAM DEFAULT CHARSET=latin1;

--
-- Dumping data for table `idx_mailing_list`
--


--
-- Table structure for table `idx_message`
--

CREATE TABLE `idx_message` (
  `message_id` smallint(6) NOT NULL auto_increment,
  `date` date default NULL,
  `body` text,
  `subject` varchar(100) default NULL,
  PRIMARY KEY  (`message_id`)
) ENGINE=MyISAM DEFAULT CHARSET=latin1;

--
-- Dumping data for table `idx_message`
--


--
-- Table structure for table `idx_notification`
--

CREATE TABLE `idx_notification` (
  `username` varchar(20) NOT NULL default '',
  `category_id` mediumint(9) NOT NULL default '0'
) ENGINE=MyISAM DEFAULT CHARSET=latin1;

--
-- Dumping data for table `idx_notification`
--


--
-- Table structure for table `idx_pagerank`
--

CREATE TABLE `idx_pagerank` (
  `link_id` mediumint(8) unsigned NOT NULL default '0',
  `engine` char(1) NOT NULL default '',
  `rank` tinyint(4) NOT NULL default '0',
  `last_update` date NOT NULL default '0000-00-00',
  PRIMARY KEY  (`link_id`,`engine`)
) ENGINE=MyISAM DEFAULT CHARSET=latin1;

--
-- Dumping data for table `idx_pagerank`
--


--
-- Table structure for table `idx_paid_listing`
--

CREATE TABLE `idx_paid_listing` (
  `link_id` mediumint(9) unsigned NOT NULL default '0',
  `premium` char(1) default NULL,
  `sponsored` char(1) default NULL,
  `expire` datetime default NULL,
  `paid` char(1) default NULL,
  PRIMARY KEY  (`link_id`)
) ENGINE=MyISAM DEFAULT CHARSET=latin1;

--
-- Dumping data for table `idx_paid_listing`
--


--
-- Table structure for table `idx_payment_gateway`
--

CREATE TABLE `idx_payment_gateway` (
  `payment_gateway_id` int(11) NOT NULL auto_increment,
  `name` varchar(100) default NULL,
  `enable` char(1) default NULL,
  `setting` text,
  `invoice_html` text,
  PRIMARY KEY  (`payment_gateway_id`)
) ENGINE=MyISAM AUTO_INCREMENT=9 DEFAULT CHARSET=latin1;

--
-- Dumping data for table `idx_payment_gateway`
--

INSERT INTO `idx_payment_gateway` VALUES (1,'paypal','1','a:2:{s:13:\"payment_email\";s:0:\"\";s:21:\"enable_paypal_sandbox\";s:1:\"0\";}','<p> \r\n	<a href=\'paynow.php?id={$invoice_id}&m=paypal\'><img src=\'http://www.paypal.com/images/x-click-but02.gif\' border=\'0\' alt=\'Make payments with PayPal - it is fast, free and secure!\' /></a> \r\n</p>\r\n'),(2,'2co','0','a:6:{s:6:\"co_sid\";s:5:\"84932\";s:9:\"co_secret\";s:5:\"tango\";s:12:\"co_recurring\";s:1:\"0\";s:9:\"co_prod_1\";s:6:\"100.00\";s:9:\"co_prod_2\";s:6:\"250.00\";s:9:\"co_prod_3\";s:6:\"400.00\";}','<p>\r\n<a href=\'paynow.php?id={$invoice_id}&m=2co\'><img src=\'http://www.2checkout.com/images/overview/btns/25.jpg\' alt=\'Pay Now with 2checkout...\' border=\'0\' /></a> \r\n</p>'),(3,'authorizenet','0','a:2:{s:21:\"authorizenet_login_id\";s:0:\"\";s:21:\"authorizenet_tran_key\";s:0:\"\";}','<p> \r\n<a href=\'paynow.php?id={$invoice_id}&m=authorizenet\'><img src=\'http://www.authorize.net/upload/images/Images/Header/authorizenet_logo.gif\' alt=\'Pay Now with Authorize.Net...\' width=\'99\' height=\'39\' style=\'{border : 1px solid #c0c0c0;}\' /></a>\r\n</p>'),(4,'egold','0','a:2:{s:19:\"egold_payee_account\";s:0:\"\";s:16:\"egold_payee_name\";s:0:\"\";}','<p> \r\n<a href=\'paynow.php?id={$invoice_id}&m=egold\'>\r\n<img src=\'http://www.e-gold.com/gif/paywith.gif\' border=\'0\' alt=\'Pay Now with e-gold...\' />\r\n</a>\r\n</p>'),(5,'moneybookers','0','a:1:{s:18:\"moneybookers_email\";s:0:\"\";}','<p> \r\n<a href=\'paynow.php?id={$invoice_id}&m=paypal\'><img src=\'http://www.moneybookers.com/images/banners/88_en_mb.gif\' border=\'0\' alt=\'Make payments with Moneybookers - it is fast, free and secure!\' /></a> \r\n</p>'),(6,'paypal-subscriptions','0','a:2:{s:13:\"payment_email\";s:0:\"\";s:21:\"enable_paypal_sandbox\";s:1:\"0\";}','<p> \r\n<a href=\'paynow.php?id={$invoice_id}&m=paypal\'><img src=\'https://www.paypal.com/en_US/i/btn/x-click-but20.gif\' border=\'0\' alt=\'Make payments with PayPal - it is fast, free and secure!\' /></a> \r\n</p>'),(7,'alertpay','0','a:2:{s:14:\"alertpay_email\";s:0:\"\";s:23:\"enable_alertpay_sandbox\";s:1:\"0\";}','<p> \r\n<a href=\'paynow.php?id={$invoice_id}&m=alertpay\'>\r\n<img src=\'https://www.alertpay.com/Images/BuyNow/pay_now_3.gif\' border=\'0\' alt=\'Make payments with PayPal - it is fast, free and secure!\' /></a> \r\n</p>'),(8,'alertpay-subcriptions','0','a:2:{s:14:\"alertpay_email\";s:0:\"\";s:23:\"enable_alertpay_sandbox\";s:1:\"0\";}','<p>\r\n<a href=\'paynow.php?id={$invoice_id}&m=alertpay-subcriptions\'>\r\n<img src=\'https://www.alertpay.com/Images/BuyNow/subscribe_now_15.gif\' border=\'0\' alt=\'Make payments with Alert Pay - it is fast, free and secure!\' /></a> \r\n</p>');

--
-- Table structure for table `idx_payment_history`
--

CREATE TABLE `idx_payment_history` (
  `payment_id` int(10) unsigned NOT NULL auto_increment,
  `contact_name` varchar(255) default NULL,
  `email` varchar(255) default NULL,
  `type` varchar(255) default NULL,
  `detail` text,
  `amount` double default NULL,
  `time` datetime default NULL,
  `invoice_id` varchar(10) default NULL,
  PRIMARY KEY  (`payment_id`)
) ENGINE=MyISAM DEFAULT CHARSET=latin1;

--
-- Dumping data for table `idx_payment_history`
--


--
-- Table structure for table `idx_pl_sociable`
--

CREATE TABLE `idx_pl_sociable` (
  `sb_id` int(11) NOT NULL auto_increment,
  `sb_name` varchar(255) character set utf8 default NULL,
  `sb_url` varchar(255) character set utf8 default NULL,
  `sb_icon` varchar(255) character set utf8 default NULL,
  `sb_enable` char(1) character set utf8 default '0',
  PRIMARY KEY  (`sb_id`)
) ENGINE=MyISAM AUTO_INCREMENT=90 DEFAULT CHARSET=latin1;

--
-- Dumping data for table `idx_pl_sociable`
--

INSERT INTO `idx_pl_sociable` VALUES (1,'BarraPunto','http://barrapunto.com/submit.pl?subj=TITLE&amp;story=PERMALINK','barrapunto.png','0'),(2,'Bitacoras.com','http://bitacoras.com/anotaciones/PERMALINK','bitacoras.png','0'),(3,'BlinkList','http://www.blinklist.com/index.php?Action=Blink/addblink.php&amp;Url=PERMALINK&amp;Title=TITLE','blinklist.png','0'),(4,'blogmarks','http://blogmarks.net/my/new.php?mini=1&amp;simple=1&amp;url=PERMALINK&amp;title=TITLE','blogmarks.png','0'),(5,'Blogosphere News','http://www.blogospherenews.com/submit.php?url=PERMALINK&amp;title=TITLE','blogospherenews.png','0'),(6,'blogtercimlap','http://cimlap.blogter.hu/index.php?action=suggest_link&amp;title=TITLE&amp;url=PERMALINK','blogter.png','0'),(7,'Faves','http://faves.com/Authoring.aspx?u=PERMALINK&amp;title=TITLE','bluedot.png','0'),(8,'connotea','http://www.connotea.org/addpopup?continue=confirm&amp;uri=PERMALINK&amp;title=TITLE&amp;description=EXCERPT','connotea.png','0'),(9,'Current','http://current.com/clipper.htm?url=PERMALINK&amp;title=TITLE','current.png','0'),(10,'del.icio.us','http://delicious.com/post?url=PERMALINK&amp;title=TITLE&amp;notes=EXCERPT','delicious.png','0'),(11,'Digg','http://digg.com/submit?phase=2&amp;url=PERMALINK&amp;title=TITLE&amp;bodytext=EXCERPT','digg.png','1'),(12,'Diigo','http://www.diigo.com/post?url=PERMALINK&amp;title=TITLE','diigo.png','0'),(13,'DotNetKicks','http://www.dotnetkicks.com/kick/?url=PERMALINK&amp;title=TITLE','dotnetkicks.png','0'),(14,'DZone','http://www.dzone.com/links/add.html?url=PERMALINK&amp;title=TITLE','dzone.png','0'),(15,'eKudos','http://www.ekudos.nl/artikel/nieuw?url=PERMALINK&amp;title=TITLE&amp;desc=EXCERPT','ekudos.png','0'),(16,'email','mailto:?subject=TITLE&amp;body=PERMALINK','email_link.png','0'),(17,'Facebook','http://www.facebook.com/share.php?u=PERMALINK&amp;t=TITLE','facebook.png','1'),(18,'Fark','http://cgi.fark.com/cgi/fark/farkit.pl?h=TITLE&amp;u=PERMALINK','fark.png','0'),(19,'Fleck','http://beta3.fleck.com/bookmarklet.php?url=PERMALINK&amp;title=TITLE','fleck.png','0'),(20,'FriendFeed','http://www.friendfeed.com/share?title=TITLE&amp;link=PERMALINK','friendfeed.png','0'),(21,'FSDaily','http://www.fsdaily.com/submit?url=PERMALINK&amp;title=TITLE','fsdaily.png','0'),(22,'Global Grind','http://globalgrind.com/submission/submit.aspx?url=PERMALINK&amp;type=Article&amp;title=TITLE','globalgrind.png','0'),(23,'Google','http://www.google.com/bookmarks/mark?op=edit&amp;bkmk=PERMALINK&amp;title=TITLE&amp;annotation=EXCERPT','googlebookmark.png','0'),(24,'Gwar','http://www.gwar.pl/DodajGwar.html?u=PERMALINK','gwar.png','0'),(25,'HackerNews','http://news.ycombinator.com/submitlink?u=PERMALINK&amp;t=TITLE','hackernews.png','0'),(26,'Haohao','http://www.haohaoreport.com/submit.php?url=PERMALINK&amp;title=TITLE','haohao.png','0'),(27,'HealthRanker','http://healthranker.com/submit.php?url=PERMALINK&amp;title=TITLE','healthranker.png','0'),(28,'HelloTxt','http://hellotxt.com/?status=TITLE+PERMALINK','hellotxt.png','0'),(29,'Hemidemi','http://www.hemidemi.com/user_bookmark/new?title=TITLE&amp;url=PERMALINK','hemidemi.png','0'),(30,'Hyves','http://www.hyves.nl/profilemanage/add/tips/?name=TITLE&amp;text=EXCERPT+PERMALINK&amp;rating=5','hyves.png','0'),(31,'Identi.ca','http://identi.ca/notice/new?status_textarea=PERMALINK','identica.png','0'),(32,'IndianPad','http://www.indianpad.com/submit.php?url=PERMALINK','indianpad.png','0'),(33,'Internetmedia','http://internetmedia.hu/submit.php?url=PERMALINK','im.png','0'),(34,'Kirtsy','http://www.kirtsy.com/submit.php?url=PERMALINK&amp;title=TITLE','kirtsy.png','0'),(35,'laaik.it','http://laaik.it/NewStoryCompact.aspx?uri=PERMALINK&amp;headline=TITLE&amp;cat=5e082fcc-8a3b-47e2-acec-fdf64ff19d12','laaikit.png','0'),(36,'LinkArena','http://linkarena.com/bookmarks/addlink/?url=PERMALINK&amp;title=TITLE','linkarena.png','0'),(37,'LinkaGoGo','http://www.linkagogo.com/go/AddNoPopup?url=PERMALINK&amp;title=TITLE','linkagogo.png','0'),(38,'LinkedIn','http://www.linkedin.com/shareArticle?mini=true&amp;url=PERMALINK&amp;title=TITLE&amp;source=BLOGNAME&amp;summary=EXCERPT','linkedin.png','0'),(39,'Linkter','http://www.linkter.hu/index.php?action=suggest_link&amp;url=PERMALINK&amp;title=TITLE','linkter.png','0'),(40,'Live','https://favorites.live.com/quickadd.aspx?marklet=1&amp;url=PERMALINK&amp;title=TITLE','live.png','0'),(41,'Meneame','http://meneame.net/submit.php?url=PERMALINK','meneame.png','0'),(42,'MisterWong','http://www.mister-wong.com/addurl/?bm_url=PERMALINK&amp;bm_description=TITLE&amp;plugin=soc','misterwong.png','0'),(43,'MisterWong.DE','http://www.mister-wong.de/addurl/?bm_url=PERMALINK&amp;bm_description=TITLE&amp;plugin=soc','misterwong.png','0'),(44,'Mixx','http://www.mixx.com/submit?page_url=PERMALINK&amp;title=TITLE','mixx.png','0'),(45,'muti','http://www.muti.co.za/submit?url=PERMALINK&amp;title=TITLE','muti.png','0'),(46,'MyShare','http://myshare.url.com.tw/index.php?func=newurl&amp;url=PERMALINK&amp;desc=TITLE','myshare.png','0'),(47,'MySpace','http://www.myspace.com/Modules/PostTo/Pages/?u=PERMALINK&amp;t=TITLE','myspace.png','0'),(48,'MSNReporter','http://reporter.nl.msn.com/?fn=contribute&amp;Title=TITLE&amp;URL=PERMALINK&amp;cat_id=6&amp;tag_id=31&amp;Remark=EXCERPT','msnreporter.png','0'),(49,'N4G','http://www.n4g.com/tips.aspx?url=PERMALINK&amp;title=TITLE','n4g.png','0'),(50,'Netvibes','http://www.netvibes.com/share?title=TITLE&amp;url=PERMALINK','netvibes.png','0'),(51,'NewsVine','http://www.newsvine.com/_tools/seed&amp;save?u=PERMALINK&amp;h=TITLE','newsvine.png','0'),(52,'Netvouz','http://www.netvouz.com/action/submitBookmark?url=PERMALINK&amp;title=TITLE&amp;popup=no','netvouz.png','0'),(53,'NuJIJ','http://nujij.nl/jij.lynkx?t=TITLE&amp;u=PERMALINK&amp;b=EXCERPT','nujij.png','0'),(54,'Ping.fm','http://ping.fm/ref/?link=PERMALINK&amp;title=TITLE&amp;body=EXCERPT','ping.png','0'),(55,'Posterous','http://posterous.com/share?linkto=PERMALINK&amp;title=TITLE&amp;selection=EXCERPT','posterous.png','0'),(56,'PDF','http://www.printfriendly.com/print?url=PERMALINK&amp;partner=sociable','pdf.png','0'),(57,'Print','http://www.printfriendly.com/print?url=PERMALINK&amp;partner=sociable','printfriendly.png','0'),(58,'Propeller','http://www.propeller.com/submit/?url=PERMALINK','propeller.png','0'),(59,'Ratimarks','http://ratimarks.org/bookmarks.php/?action=add&address=PERMALINK&amp;title=TITLE','ratimarks.png','0'),(60,'Rec6','http://rec6.via6.com/link.php?url=PERMALINK&amp;=TITLE','rec6.png','0'),(61,'Reddit','http://reddit.com/submit?url=PERMALINK&amp;title=TITLE','reddit.png','0'),(62,'RSS','FEEDLINK','rss.png','0'),(63,'Scoopeo','http://www.scoopeo.com/scoop/new?newurl=PERMALINK&amp;title=TITLE','scoopeo.png','0'),(64,'Segnalo','http://segnalo.alice.it/post.html.php?url=PERMALINK&amp;title=TITLE','segnalo.png','0'),(65,'Simpy','http://www.simpy.com/simpy/LinkAdd.do?href=PERMALINK&amp;title=TITLE','simpy.png','0'),(66,'Slashdot','http://slashdot.org/bookmark.pl?title=TITLE&amp;url=PERMALINK','slashdot.png','0'),(67,'Socialogs','http://socialogs.com/add_story.php?story_url=PERMALINK&amp;story_title=TITLE','socialogs.png','0'),(68,'SphereIt','http://www.sphere.com/search?q=sphereit:PERMALINK&amp;title=TITLE','sphere.png','0'),(69,'Sphinn','http://sphinn.com/index.php?c=post&amp;m=submit&amp;link=PERMALINK','sphinn.png','0'),(70,'StumbleUpon','http://www.stumbleupon.com/submit?url=PERMALINK&amp;title=TITLE','stumbleupon.png','0'),(71,'Techmeme','http://twitter.com/home/?status=tip%20@Techmeme%20PERMALINK%20TITLE','techmeme.png','0'),(72,'Technorati','http://technorati.com/faves?add=PERMALINK','technorati.png','1'),(73,'ThisNext','http://www.thisnext.com/pick/new/submit/sociable/?url=PERMALINK&amp;name=TITLE','thisnext.png','0'),(74,'Tipd','http://tipd.com/submit.php?url=PERMALINK','tipd.png','0'),(75,'Tumblr','http://www.tumblr.com/share?v=3&amp;u=PERMALINK&amp;t=TITLE&amp;s=EXCERPT','tumblr.png','0'),(76,'Twitter','http://twitter.com/home?status=TITLE%20-%20PERMALINK','twitter.png','1'),(77,'Upnews','http://www.upnews.it/submit?url=PERMALINK&amp;title=TITLE','upnews.png','0'),(78,'Webnews.de','http://www.webnews.de/einstellen?url=PERMALINK&amp;title=TITLE','webnews.png','0'),(79,'Webride','http://webride.org/discuss/split.php?uri=PERMALINK&amp;title=TITLE','webride.png','0'),(80,'Wikio','http://www.wikio.com/vote?url=PERMALINK','wikio.png','0'),(81,'Wikio FR','http://www.wikio.fr/vote?url=PERMALINK','wikio.png','0'),(82,'Wikio IT','http://www.wikio.it/vote?url=PERMALINK','wikio.png','0'),(83,'Wists','http://wists.com/s.php?c=&amp;r=PERMALINK&amp;title=TITLE','wists.png','0'),(84,'Wykop','http://www.wykop.pl/dodaj?url=PERMALINK','wykop.png','0'),(85,'Xerpi','http://www.xerpi.com/block/add_link_from_extension?url=PERMALINK&amp;title=TITLE','xerpi.png','0'),(86,'YahooBuzz','http://buzz.yahoo.com/submit/?submitUrl=PERMALINK&amp;submitHeadline=TITLE&amp;submitSummary=EXCERPT&amp;submitCategory=science&amp;submitAssetType=text','yahoobuzz.png','0'),(87,'Yahoo! Bookmarks','http://bookmarks.yahoo.com/toolbar/savebm?u=PERMALINK&amp;t=TITLE&opener=bm&amp;ei=UTF-8&amp;d=EXCERPT','yahoomyweb.png','0'),(88,'Yigg','http://yigg.de/neu?exturl=PERMALINK&amp;exttitle=TITLE','yiggit.png','0'),(89,'Blogplay','http://blogplay.com','blogplay.png','0');

--
-- Table structure for table `idx_plugin`
--

CREATE TABLE `idx_plugin` (
  `plugin_id` int(11) NOT NULL auto_increment,
  `name` varchar(255) default NULL,
  `plugin_file` varchar(255) default NULL,
  `status` enum('0','1') default NULL,
  `option_plugin` text,
  PRIMARY KEY  (`plugin_id`)
) ENGINE=MyISAM AUTO_INCREMENT=2 DEFAULT CHARSET=latin1;

--
-- Dumping data for table `idx_plugin`
--

INSERT INTO `idx_plugin` VALUES (1,'Sociable','sociable/sociable.php','1',NULL);

--
-- Table structure for table `idx_review`
--

CREATE TABLE `idx_review` (
  `review_id` mediumint(9) unsigned NOT NULL auto_increment,
  `link_id` mediumint(9) unsigned NOT NULL default '0',
  `review` text NOT NULL,
  `rating` tinyint(3) unsigned NOT NULL default '0',
  `date` date NOT NULL default '0000-00-00',
  `subject` varchar(100) default NULL,
  `status` char(1) default NULL,
  `username` varchar(20) default NULL,
  `name` varchar(20) default NULL,
  `email` varchar(100) default NULL,
  PRIMARY KEY  (`review_id`)
) ENGINE=MyISAM DEFAULT CHARSET=latin1;

--
-- Dumping data for table `idx_review`
--


--
-- Table structure for table `idx_searchlog`
--

CREATE TABLE `idx_searchlog` (
  `keyword` varchar(100) NOT NULL default '',
  `time` datetime NOT NULL default '0000-00-00 00:00:00',
  `result` mediumint(9) unsigned default NULL,
  `ip` varchar(100) default NULL
) ENGINE=MyISAM DEFAULT CHARSET=latin1;

--
-- Dumping data for table `idx_searchlog`
--


--
-- Table structure for table `idx_sessions`
--

CREATE TABLE `idx_sessions` (
  `SESSKEY` varchar(32) NOT NULL default '',
  `EXPIRY` int(11) unsigned NOT NULL default '0',
  `EXPIREREF` varchar(64) default NULL,
  `DATA` text NOT NULL,
  PRIMARY KEY  (`SESSKEY`)
) ENGINE=MyISAM DEFAULT CHARSET=latin1;

--
-- Dumping data for table `idx_sessions`
--

INSERT INTO `idx_sessions` VALUES ('b3c0e4c8ec5fce3c158b4d8cfb33ff1e',1331931787,NULL,'P9IbQU8cLoLhWE_Za1l-ocJmKNj-e9sP_5fnMwi_bjTbZfKD6Trb0WfdMtcbw8CpyYROwCr6VnnCGpXf1dMm8xr7L8oHm5FHknFZNYi09xsjSdkRc-v5-XIHdc_8nmNCJLsm-RZe4jzR2J0bg8Jf4Q..'),('9a90b8f33a2cc7c9ac6df66ca4b59ae3',1331938974,NULL,'rOca1dil94VdD2IjOl3lMYrNz_6pdnrSzTsRVMbvdugTyaJRbEFomLubqbc7rWEWQzetIy0IqL6eYvp935TykP2wgXwbXxUHsS00jxU2Nm0TQqT4F6ROU4MsGV_e6RnstnXtHDoPCorDcU_2aWut9w..'),('34c152ab8020587e914a4cdec429ef22',1331943709,NULL,'0HRF2ZW4n-4d7fYwm_IwaityjHFlZciuwS8D1AyzfKvAq5XMqN9n14EZY3RDCWugc2abE5BDMnqOdvtHgYfEl0OLIZYZUkMQQ-uCeTBpeZ9aWc0xn799D4RQbk2yhU6e1vovGpFwRYwZAJkMJhbNWCx9ewTsb4dQPVa1hJlSYeQX_9wUsD4ndUYvf3cSoRTYSyX8kHUDq1mdNLvKJrZtCiTYUw6B0u7Pk7URLfIe8EkbBDkJ5MLuzP9evVHz4qfr'),('800f8e5c68307f8985faced0339a2bb5',1331943710,NULL,'NgajuB6kWK5vitrBnsme3I_sQ_cF80NBhpiV4nRH1avhrZMNX20nxEGlwHoJAbGAG6oXv8UDiXTeyu1DBp7jCAeKdEhpckrTyVAR1tgLENlrbn4VWfRPoEwMvtn1qiYeuUYZc8B67hpCtGdxAEdbuCtBxnm7hdpVsxSdUTWPdizXwQNnxYsAXMFpdSJAnziK'),('493ba39874d4b86a86518dfc923ce328',1331943710,NULL,'NgajuB6kWK5vitrBnsme3I_sQ_cF80NBhpiV4nRH1avhrZMNX20nxEGlwHoJAbGAG6oXv8UDiXTeyu1DBp7jCAeKdEhpckrTyVAR1tgLENlrbn4VWfRPoEwMvtn1qiYeuUYZc8B67hpCtGdxAEdbuCtBxnm7hdpVsxSdUTWPdizXwQNnxYsAXMFpdSJAnziK'),('7b48bc004f1e6d5fb2c5a0bc4075168b',1331943711,NULL,'w_Setmsr7AyxYKIj7IrogkXwL0ZXFn2DC_SWpdIjB_XjEFjuiQ9z0YgRAmhPl3lli_kcjG2aKcU20ScK0Q0vXTvXPu00vGrJgbAv4lpuAHdi2goX7863WuwnazOS37ZPZmBrO5eWqJbztzj4xY54MQlgd2c9ZLNQaM5Q9nkYbXQ5SoNbN1v5dkEcvRSBRp_BdSoAadL4ZvPYj-uN8D6HbcqhmMjLMy58_O875erNTzm3kf2Y7Qlv3x_k1DHaG4bmeZPOsji8KKstTkEi_Zr-ZQ..'),('703a1a14a143b6ee0320101d1c90de68',1331943712,NULL,'NgajuB6kWK5vitrBnsme3I_sQ_cF80NBhpiV4nRH1avhrZMNX20nxEGlwHoJAbGAG6oXv8UDiXTeyu1DBp7jCAeKdEhpckrTyVAR1tgLENlrbn4VWfRPoEwMvtn1qiYeuUYZc8B67hpCtGdxAEdbuCtBxnm7hdpVsxSdUTWPdizXwQNnxYsAXMFpdSJAnziK'),('ce2a05f3a59778e782211cc3bb145947',1331943712,NULL,'kGOjcGdsXG7WpvK7P6NBANgyEu3arPd2B9jeScTTmttZkRUxtL9yEvgG_LRG9nhgCNjGA07OHHUJx4KABxsMVYVG_wNZFSCdoUAeSXcN4V6gKG-asWJ5_O8UhUAHXKhlKY4hJKnMwFzS1innKdsPl1nQRlZ5tmrRNHvhf6CdJAX8O4ETGDELC_DPnTq34FKIUxWx27J7IbaowHQv5wMZithjI_7FEwsPOE7_ortUytxTqP40-jGSf_FBK-Qfl5OM'),('8a7c40b02ebdd2b388d3685e558c1608',1331943712,NULL,'8nQtYN13xtKdVBu9Lss5iODE-6frc2NEgIMAOhO_1Kd6x6ZqggcI_8UvN5O_cWCs_GOh62PlHsOC3icwuCTm-JmduoDpyV-Vumx9EuGsN1qJk-fl3HPuqdCsk8uG69fwnoJTopi__F2JacS1XsplgzV91x1P2vD0ZLbIZmZxyPk5awJYz3lsJLQbRUptxE9R_K7VSmjkrd8b4R1HinSeykhbDqi58h3CsemVNerXUFQtv1NnUai5BQw53ZJoI-X_xJa3YUSgqsIgoSvOWl6sYJCPcHHsQS0UlZ0PwMekIqE.'),('fd3c54191794ffe3afb62ca727a051cf',1331943713,NULL,'eVofCRaOEesgVrrZGoIfJ_H_72Nq7per-Efdv5oSDf5Mt6IcZ3HXXATVqSVS5bRW4hA16QUyZP7Fj93kG0EcUy5DPunHweUqchDFVbrrZSyjWaAlLT-Agugs81neVdJUJ7xxbh9z5qAFZyYnNUt2qNa5HBpduiWvj6Z4fqFYBYrRaPnPx3LIEhhWB4wvwCLN07oNyUF1hdtr4PhtxY5ZmFOALfWFlV6ktxXk0RDj1s32qJs9jww9XwgwXDT_nuZRjFhDBo34Hb6qqTy-yPEF7A..'),('fab27c98f1fa7a8ac7eb4b4dee7b353f',1331943713,NULL,'osknqfSZhaZXfue3QoSAEa7sKMueVEWUyQ9DkcjGSIxl8PV5nO1lbj9XOcblG6AAhZuYz-dZxIL9i6sA4G2JR0xm4i07jUK4O557nrhIf8W29t8RK8qaOVBQf1K8JMHxPlkN7MVNdv_xOCYREQDXRO6YU23JgqFmT_uwF0Q8FFQuqyF-wDUB2wm-72RdbS1O4-BqH1VTZdj6u1kHOozY8d3UfSmKM2vg7yhCZBi4qcluJFN7UgAiiapg4Zx--Fq2'),('7c56475a2aa15ddf70746c123b34730c',1331943714,NULL,'p5l4xCZ9i2azH1XbSNrqpk1-NYX9P0V30zlq0qWy5uNpPGW1jzy6DCi81w3n5LpNscT7uIiaUJiAFjuqx_0Y-25qYjJxuL9EApfvA9MT1bosKdhVTyoVIgMXecS9DO9spnsKWagyMBP41MoGPIm4X_BfNYsymR6aVjbJJX0ImUfyFmN8OOP_JpRpfSENES_mYv2GsQfKG9SaaU79_DzImi9KN-wC290WCln_Q0UwyPGFdHoGmZT8IqYuE9koi0USDsZ55giJG4_8-LzymKpjfHWtxDvL2-E1mM9JbXXlAv4.'),('eb653ef4cd73e4469e911c7f61efd622',1331943714,NULL,'BCwrSg217hOeUTVqw-iyiSzQUY623aQOrlywFvLS-Ahl6MbTEGL1NQl2sBhfL9oG0OUZEuTlzF-ZBmSZR83xZ83y7voM4XPKh6b2aa5Mhgxb2kTFMZNQIj2L560o_ToewSYj3rpzoVtszhvF0qLYNwUD4KwdIa2wUYey1f3W4KaRKKLjqZbkRPWMNkbpUxKc9s6edo3InSrdbv__0BQwzKl9G_Qy7v-T8fk2kQs-lyhOdIncaChXRSTQ5JQT5dpNep5DxSq6fuiwstvQNXQi4A..'),('4fea745c0402943e182e625953a70a7c',1331943715,NULL,'DI73HBHGkrdYWTtO9G-7k4hGG8nZQQAHxZ50FILXrRkvC9GPEokVzUANzxZ27hR0R-LbtgdonOx4DRxnvlgT0yuvc8fSFZ8v0hgllegLPcBO8gBM_XdxTlcOko__-JS7ZkEqwhozEZ34EEqPA14tV5VqJRBoI0CnFK7gFC6-DoBs7qt31dqlTqax4Avx-rBAhPllNvzVnO5vejX_1VKoxgc1pUrTxe1YVBr8uaYUBDK0gD2U1lzKz0y5pMD2_zMv'),('f3366343572ddad95c53fff2b5783400',1331943716,NULL,'AIRDp-gqTIzSbll7Vy5DXv4j0RkBje1uVVacT3vDYrgi_LnAce5G0E8hhVqcAyyVmD6uuWl0Re0nnaPIgX-kmqR0fwCEHeGhzLpjdPyWZdE9JZKmdLzS1Z92hJDNMKxfgk79LzMzTv2xMIT9Ju_GX740beLgFw02dezRVQYw4td1u60DU86vi34OGmeZJv4S1WcGEpZJE061dY2vLbgbPmeHJuVX5ZvVn8tZcVHiV-Nau3V9cW2xBeMYkm1Xy0Xi'),('508b6a8adf63016f220f7af6ce75b835',1331943716,NULL,'nTQXZMxbbQieW98n4N_-bJPuH_Ul1bVL1Nz1p4B2dpAgM5mqO4L1pR3Hoq-XdOAELnK6IOb9kdRnSyzyOtY6KQsAvRw3OURTwLPDU8xWi89gnQvZ4NxHRF9wqZH7iBbCZHiyjQwfJpLn2tIbCYkpn6MzOAEbkuk1E34EK-G2TY0dGt32ibA2U8Iw_lPXJyBC42plexUsN0o-lNDqHCW5Hi3c2C57-dt3GiIsTSFjlzoAWEUkHMHhaLjacbvcl1jNCHizv1mpKMuBWTc-fTFciA..'),('75197233d83cc54e65604cfdf8a251ce',1331943717,NULL,'CGFIQdwsCivQTQA4GiwKP2uzKfD7YLSxOhkGrblONUXROMzz50A8d44koOyg0DVtW3hVesVz2V2A_yYMbe7GINDCiZEQurSgTnicdm6b1a1eobCblePwYtuUJxIyetQ-WhUPIuprdxTyuAqr-SFfSIlRb5i2gB4_k0XHzNRR3vFJ2t_9cd81opkWF6gtyR3_UaOOmCPqhY5aMoWI2_Bnnw1J18PwuwIFfPM6Mj4vwD6iI7fYQaiAaHsbXZtuQgH6uLqPvKf8aIJb_uzihfOOjT33jEZ1bwvvaXGaJ8lLSZ0.'),('55fda15c71242750524573c66c952a4d',1331943718,NULL,'ByZeTiIAUytT6EcgaqYWC_LLxlsKsSoZoEZE2wtpU8NfE_DexIqCZ-U_9voTxhAQNAJXqCrIu5MVXEWh_uMdlsMTXmwyJB3gLjJnmXGg1nNgw_veAyVZdpBrXS7KVXpxkLwWdZjSk0hGBY-SkHNPgWwmpVTKxSBGJ1VIlPyxxulCngEpPU7ZKfg-7Rtw2k_rGCLPc02pqdXrPZU5HhnkbcrpP8s87ryj0CdnQm71FpEiGbhKfKUF5mZflvAqAbcr'),('ed75dfa2f926a5b1dad2571d67cf236d',1331943718,NULL,'NgajuB6kWK5vitrBnsme3I_sQ_cF80NBhpiV4nRH1avhrZMNX20nxEGlwHoJAbGAG6oXv8UDiXTeyu1DBp7jCAeKdEhpckrTyVAR1tgLENlrbn4VWfRPoEwMvtn1qiYeuUYZc8B67hpCtGdxAEdbuCtBxnm7hdpVsxSdUTWPdizXwQNnxYsAXMFpdSJAnziK'),('afeb4abebdc6ac20cfb4fa6a60ded574',1331943718,NULL,'S_gIAoLm0wHhAuEZ5iQewNZP9jfn763PL2xsua8gZQkYh-FRyML2bWbWWNc2K6I5fhUt3NKL-W1HGmxjMsnAdpqUhSq5cjpFyDntzdajTQYElEtUWQ6sRojciUYLz7NxvbaYmL8nzsLc5llHykQ_OQoP2Kyc4WC60ub96Gvs-xx00t4--fMQOjeCZfLTSt-f-kUc0NNTOuBPYWa7-g1wGNImA39cdDsa3QmzrQm7UAPAk77Tq7YUbG-CzfuX_o7G'),('4f65b9cf3441256b33743a0afe8ce04d',1331943719,NULL,'fUHCLeNvqpnOnPu-bA_j81ew8zmINzvvxiW5srB-e5oNlq2c1RCYLVcmtWI_XpGf21tm9M7J0M_YMf-Gqa09NMfbcskYkHg4eFYu1vIlgqOrBDCkM1-7TKXQ_gk1nbRfvQw25MJyaU3ZichDi6TLSYYjQ9Ca0QI8N10hfwtgjtXE14JfllsLmpjqpUspUmr5epHYz0zVUamw5dMWAA1WHKaGL9OrW8lavxOp-jbzkFmxgM6WTYxvDCe6vDP-ErLtpb-41zGrjZF5L-h1kuNNmg..'),('2bf7bf0bc967a4258339c4d160a1b269',1331943719,NULL,'tszlviMr_4oT8bFdb4yNsVlOrcDuQfnLM7NzJgmNoZjo9vI4fu2Xp7GE9xGuf4HVdiS9kk_coumz7oLyqDnZPVu4sspGkm3zrNaYU6mxPtgARLEd9KLIbpuyvo2BMrYuOj4qooQJVtE-LZBeTso38pSIjOJMHUmk2G6XAlKTxslSOHcBE1HQ75-JIcE2VihU_DVE3JM1R3ncf0o7bX-9PbVlE6hPyWRe3m-UQ69Y7afIcuDbecS2Nsg0qHwjwUxgwWudioJ3-41ri7KVdrMBsrfPW7RKFEqqYPerWtOXq74.'),('01bffb90603ae07260c6d193888155cc',1331944486,NULL,'D3chU2E2QFT-BHpbU--6SJsgxxMPWNQbo88VKAtumz-KO6HrmHqSR8B8SCkjcCHCTyy7hyXAYVIuWd0Xu6wvTF3kI8cN4sv6Owr0ew3FKUEqL-Q5Zk3eHyFgYnGC7KMYiJcDGcdrzb9usyzNiUSzLjfb83CAl5TURxwoL2_7G_0.'),('356b59960e00ccdd2a2fa9cdb3b7da32',1331945641,NULL,'OElaYRBwfq5-opTziCStnBN1_quKGmXWdZlMoStDMxR688y4UQ6vRnpvDhU9_nSCm2WMyGl-2A5YYKjt8PfmOBI--2Kp6XFakv4C0gwi2igOVsHQPgXDv_ohe4CJcWhlOJTPXqn9icL1T1rDiKPFIs5Qis87Ln2vXSmd0JqgW16fmmwkfJCPEFyGoEKCrIl2arhcHSOUBnM5b8h_dH1-VeTpvUTxpgyRsYGWE1CrYLcG7pBlnl-b6bhje0vO7-sFGpzlcCRYHN_AGCl8C5rW8siuSdh8jaKFz7k_5EJ4QBo.'),('dd9b792ff8952cc72abee5caf68b3358',1331946276,NULL,'Hnikv7kGpUlLHd64saVVO4a6AuO6mNohYfLc3OqiYb9E0_kqxekgqALj9-YLPoJP4A1enZjZYml6Bw2Pw75Qfh38SYNRufFjaedj7IIkhDKfAAqSr7v9ZJeVJ6sjWjd_zRYlX68DmCU0Fbwd9D2_Xg..'),('e5ed369cd7fd3076670f7dc59abc9834',1331952044,NULL,'uRHk0ThSZRL_8zUDWGfoHykSO2-B3SpP5vPJagmQCwaMx7R6QWruvzu0pG0W0qkjOig67pADiFL-RiJFiJN4cjfJNm1WSkDpu6ERN2xVr4-n3SHHBxPzl-D2ygrQaZ1byzImxxmUiWjVbVFTXaHvQLoV-hdJCYwyTkoytzPFoFwPSVhR3ZcE5c-lJgwR400_'),('b93f6cd8c38c2c1d3990cb233239b073',1331953273,NULL,'_auriSAcwXZMXmdEjOKCnvEruyFZ_rycQo7HvDkemdJs1BGD4sWvxb7hES2sT_TPAXuEPD-Mn4Vd18Mt05ET3NMOi6zv5a0anLrw89HoFVd3Q2n2hi73Ne-6yaClJLnrop3UAYpv8YAutq5VXfkaUA..'),('818b7a058d4a97413a095856cafdd62c',1331960691,NULL,'daBxjvQxtFEDbu8r-BheAWMePN_EAbWt_a_LUwEUphjP0jQIibmDmcxL1Q-faC_jL6c8OkSZz7SIYM8DmhgeG4-dW4INWkTcGvkB3g3R1EVheiZAcG__EO67F45yNh9n6orpssBlDVwWRQPIXQZVAw..'),('ae5e7ca8f7dee69b3cf8f8b25e8ee5be',1331960760,NULL,'_8KL8Rl1UfovFZPLeQ28qFXnWihMbrItDYgu3bb9TPkihcVC11WmAH9yvO-Ro8okeSCVm-wA0pL2urn29V5_dv6v6GfSH9FsrV50ngNRkERmwLwke-svNDhDo7Yh2Z19y1Gkonl4FrLryzonbavp4b0v0xLOMvF4MXhUeoOcj18.'),('c34b6d70b5f787d530d1940544fafbc7',1331964286,NULL,'3G4H6nj6fKf_k8lkoedR3Dn296fDAxFUfoJudtQ6AkjsnZmitzZbBUdHEq64F5UGVxJCJYU7uzFuysfEIeXOURv-yKUaxWn3MD0o-h3vr33GbpH8XUHvn-_tPQFPjDnH8qAl0q6oVTBtL8SOl1hOggP8FjAVJOCKc0sUBFWJh2o.'),('4133c357ef4522f5e2b67fefe791425b',1331967851,NULL,'zXXVIlmJcDTR6arRzGPzqydUEaN5FcCHJ74yXAcROAyoXMFTG3GDps-rP_RX-z7CzsyGkc2ksp2CamWEXOMSnyRId5nMemtszU2Q7_E-G_6azecJgu3RvaCdxdusuJZKYRpz_hV0d6TOywWtQvIsvg..'),('c6fb0a00c1eae8a488b52fe1344a8dd6',1331969186,NULL,'ASaZ9CmKJXbAgqJUF6gMqUR7E_jHZp0PsgEixpSYZJUN2dJw2lkc7cCpZ34tL6RdhaA8FpJzqkEz1HqKk5EviKBgEh-sfYscjIZheOaUgvnGgNmDFFgF3mzyhGJ4YKzYFyWfOU5rTe7zt2v-Xw8yIvDu7jkPNL1O3AiOUCDz69Y.');

--
-- Table structure for table `idx_set_hook_place`
--

CREATE TABLE `idx_set_hook_place` (
  `set_hook_place_id` int(11) NOT NULL auto_increment,
  `plugin` varchar(255) default NULL,
  `set_hook_place` text,
  PRIMARY KEY  (`set_hook_place_id`)
) ENGINE=MyISAM DEFAULT CHARSET=latin1;

--
-- Dumping data for table `idx_set_hook_place`
--


--
-- Table structure for table `idx_setting`
--

CREATE TABLE `idx_setting` (
  `setting_id` int(11) NOT NULL auto_increment,
  `setting_name` varchar(255) default NULL,
  `setting_value` text,
  PRIMARY KEY  (`setting_id`)
) ENGINE=MyISAM AUTO_INCREMENT=55 DEFAULT CHARSET=latin1;

--
-- Dumping data for table `idx_setting`
--

INSERT INTO `idx_setting` VALUES (4,'site_name','findlawyersonline.net'),(5,'site_url','http://findlawyersonline.net'),(6,'email_address','hayes.hayesdario.dario@gmail.com'),(7,'language_code','en_US'),(8,'theme_path','/home/findlawy/public_html/themes/'),(9,'admin_template_path','/home/findlawy/public_html/admin_tpl/'),(10,'plugin_path','/home/findlawy/public_html/plugin/'),(12,'active_theme','_Findlawyersonline'),(14,'spam_proof','1'),(15,'enable_user_validation','1'),(16,'allowed_file_extension','gif,jpg,png,pdf,zip,doc'),(17,'yahoo_appid',''),(18,'whosonline','600'),(19,'reciprocal_check','0'),(20,'urlcheck_limit','1'),(21,'pagerank_cache','30'),(22,'max_image_width','1024'),(23,'max_image_height','756'),(24,'max_file_size','500'),(25,'only_registered_can_add_link','0'),(26,'only_registered_can_add_review','0'),(27,'db_use_persistent','0'),(28,'paid_link_day_period','30,60,90,180'),(29,'paid_link_price_factor','1,1.5,2,3'),(30,'enable_html_tag','1'),(31,'allowed_html_tag','<b>,<strong>,<i>,<em>,<u>,<pre>,<blockquote>,<ol>,<ul>,<li>,<p>,<span>,<div>,<table>,<tr>,<td>'),(32,'enable_page_compression','0'),(33,'enable_category_ajax','1'),(34,'require_visit_category','0'),(35,'additional_category_price','0.5'),(36,'enable_rating_ajax','1'),(37,'service_nicecoder_avail','1'),(38,'enable_recaptcha','0'),(39,'recaptcha_publickey',''),(40,'recaptcha_privatekey',''),(41,'enable_bidding','0'),(42,'minimum_bid','5'),(43,'bid_increament','1'),(44,'charset','utf-8'),(45,'mailer','mail'),(46,'smtp_auth','0'),(47,'smtp_host',''),(48,'smtp_username',''),(49,'smtp_password',''),(50,'smtp_port','25'),(51,'emailbody_as_html','0'),(52,'indexu_version','2.4'),(53,'tos',''),(54,'submission_guidelines','');

--
-- Table structure for table `idx_tags`
--

CREATE TABLE `idx_tags` (
  `tag` varchar(64) NOT NULL default '',
  `category_id` mediumint(8) unsigned NOT NULL default '0',
  `total` int(11) NOT NULL default '0',
  `tag_path` varchar(64) NOT NULL,
  PRIMARY KEY  (`tag`,`category_id`)
) ENGINE=MyISAM DEFAULT CHARSET=latin1;

--
-- Dumping data for table `idx_tags`
--


--
-- Table structure for table `idx_unavailable`
--

CREATE TABLE `idx_unavailable` (
  `idx_unavailable` int(11) NOT NULL auto_increment,
  `link_id` int(11) default NULL,
  `url` varchar(255) default NULL,
  `who_is` varchar(255) default NULL,
  `note` text,
  `date` datetime default NULL,
  PRIMARY KEY  (`idx_unavailable`)
) ENGINE=MyISAM DEFAULT CHARSET=latin1;

--
-- Dumping data for table `idx_unavailable`
--


--
-- Table structure for table `idx_unavailable_latest`
--

CREATE TABLE `idx_unavailable_latest` (
  `idx_link` int(11) default NULL,
  `record_execution` int(11) default NULL
) ENGINE=MyISAM DEFAULT CHARSET=latin1;

--
-- Dumping data for table `idx_unavailable_latest`
--


--
-- Table structure for table `idx_users`
--

CREATE TABLE `idx_users` (
  `username` varchar(20) NOT NULL default '',
  `password` varchar(50) NOT NULL,
  `name` varchar(50) default NULL,
  `email` varchar(50) default NULL,
  `date` date default NULL,
  `status` char(1) default NULL,
  `vcode` varchar(4) default NULL,
  `group_id` tinyint(4) default NULL,
  `homepage` varchar(100) default NULL,
  `icq` varchar(20) default NULL,
  `aol` varchar(20) default NULL,
  `yahoo` varchar(20) default NULL,
  `biography` text,
  `location` varchar(50) default NULL,
  `interest` varchar(50) default NULL,
  `occupation` varchar(50) default NULL,
  PRIMARY KEY  (`username`)
) ENGINE=MyISAM DEFAULT CHARSET=latin1;

--
-- Dumping data for table `idx_users`
--

INSERT INTO `idx_users` VALUES ('admin','5584d8de0d46cfec0290504251f94479','Administrator','hayes.hayesdario.dario@gmail.com','2012-01-18','1','',0,'','','','','','','',''),('aangeliascott','ed65879477403baad10748a88a17326b','','aangeliascott@gmail.com','2012-03-13','1','4365',2,'http://','','','','','','',''),('1simonpeterson1','56fa861e6605dd8f0116fe66ac20705b','','1simonpeterson1@gmail.com','2012-03-13','1','1579',2,'http://','','','','','','','');

--
-- Table structure for table `idx_votes`
--

CREATE TABLE `idx_votes` (
  `link_id` mediumint(9) NOT NULL default '0',
  `ip` varchar(100) default NULL,
  `value` tinyint(4) default NULL
) ENGINE=MyISAM DEFAULT CHARSET=latin1;

--
-- Dumping data for table `idx_votes`
--



